-- MariaDB dump 10.18  Distrib 10.5.8-MariaDB, for Linux (x86_64)
--
-- Host: lautre-database    Database: bookshelf
-- ------------------------------------------------------
-- Server version	8.0.31

/*!40101 SET @OLD_CHARACTER_SET_CLIENT=@@CHARACTER_SET_CLIENT */;
/*!40101 SET @OLD_CHARACTER_SET_RESULTS=@@CHARACTER_SET_RESULTS */;
/*!40101 SET @OLD_COLLATION_CONNECTION=@@COLLATION_CONNECTION */;
/*!40101 SET NAMES utf8mb4 */;
/*!40103 SET @OLD_TIME_ZONE=@@TIME_ZONE */;
/*!40103 SET TIME_ZONE='+00:00' */;
/*!40014 SET @OLD_UNIQUE_CHECKS=@@UNIQUE_CHECKS, UNIQUE_CHECKS=0 */;
/*!40014 SET @OLD_FOREIGN_KEY_CHECKS=@@FOREIGN_KEY_CHECKS, FOREIGN_KEY_CHECKS=0 */;
/*!40101 SET @OLD_SQL_MODE=@@SQL_MODE, SQL_MODE='NO_AUTO_VALUE_ON_ZERO' */;
/*!40111 SET @OLD_SQL_NOTES=@@SQL_NOTES, SQL_NOTES=0 */;

--
-- Table structure for table `DATABASECHANGELOG`
--

DROP TABLE IF EXISTS `DATABASECHANGELOG`;
/*!40101 SET @saved_cs_client     = @@character_set_client */;
/*!40101 SET character_set_client = utf8 */;
CREATE TABLE `DATABASECHANGELOG` (
  `ID` varchar(255) NOT NULL,
  `AUTHOR` varchar(255) NOT NULL,
  `FILENAME` varchar(255) NOT NULL,
  `DATEEXECUTED` datetime NOT NULL,
  `ORDEREXECUTED` int NOT NULL,
  `EXECTYPE` varchar(10) NOT NULL,
  `MD5SUM` varchar(35) DEFAULT NULL,
  `DESCRIPTION` varchar(255) DEFAULT NULL,
  `COMMENTS` varchar(255) DEFAULT NULL,
  `TAG` varchar(255) DEFAULT NULL,
  `LIQUIBASE` varchar(20) DEFAULT NULL,
  `CONTEXTS` varchar(255) DEFAULT NULL,
  `LABELS` varchar(255) DEFAULT NULL,
  `DEPLOYMENT_ID` varchar(10) DEFAULT NULL
) ENGINE=InnoDB DEFAULT CHARSET=utf8mb4 COLLATE=utf8mb4_0900_ai_ci;
/*!40101 SET character_set_client = @saved_cs_client */;

--
-- Dumping data for table `DATABASECHANGELOG`
--

LOCK TABLES `DATABASECHANGELOG` WRITE;
/*!40000 ALTER TABLE `DATABASECHANGELOG` DISABLE KEYS */;
INSERT INTO `DATABASECHANGELOG` VALUES ('1608423557688-1','gesti (generated)','db/changelog/db.changeLog-1.0.0.yaml','2021-02-11 23:20:08',1,'EXECUTED','8:91b7a42e52018844ea456b131652a47d','createTable tableName=account','',NULL,'4.2.2',NULL,NULL,'3085608315'),('1608423557688-2','gesti (generated)','db/changelog/db.changeLog-1.0.0.yaml','2021-02-11 23:20:09',2,'EXECUTED','8:da8da37fcb220d73f5e340f285910dfd','createTable tableName=author','',NULL,'4.2.2',NULL,NULL,'3085608315'),('1608423557688-3','gesti (generated)','db/changelog/db.changeLog-1.0.0.yaml','2021-02-11 23:20:09',3,'EXECUTED','8:a1d0e780d5b7d84cd15f3c227759b540','createTable tableName=book','',NULL,'4.2.2',NULL,NULL,'3085608315'),('1608423557688-4','gesti (generated)','db/changelog/db.changeLog-1.0.0.yaml','2021-02-11 23:20:09',4,'EXECUTED','8:f4b536fcfa4e0e540a2fda70d4e29fae','createTable tableName=book_author_role','',NULL,'4.2.2',NULL,NULL,'3085608315'),('1608423557688-5','gesti (generated)','db/changelog/db.changeLog-1.0.0.yaml','2021-02-11 23:20:09',5,'EXECUTED','8:7cb718c86c7c066cf00989da876daca1','createTable tableName=book_author_role_role_list','',NULL,'4.2.2',NULL,NULL,'3085608315'),('1608423557688-6','gesti (generated)','db/changelog/db.changeLog-1.0.0.yaml','2021-02-11 23:20:09',6,'EXECUTED','8:7379327af04f1a08998fcb3114ee80cc','createTable tableName=book_type','',NULL,'4.2.2',NULL,NULL,'3085608315'),('1608423557688-7','gesti (generated)','db/changelog/db.changeLog-1.0.0.yaml','2021-02-11 23:20:10',7,'EXECUTED','8:76c062acc6ff28649d68b3c6522e3c41','createTable tableName=editor','',NULL,'4.2.2',NULL,NULL,'3085608315'),('1608423557688-8','gesti (generated)','db/changelog/db.changeLog-1.0.0.yaml','2021-02-11 23:20:11',8,'EXECUTED','8:4299e4cbb8a353e9ff413adbf0a18d41','createTable tableName=role_list','',NULL,'4.2.2',NULL,NULL,'3085608315'),('1608423557688-9','gesti (generated)','db/changelog/db.changeLog-1.0.0.yaml','2021-02-11 23:20:12',9,'EXECUTED','8:5bc7eb7dc7ace591b688326f01efbe51','createTable tableName=series','',NULL,'4.2.2',NULL,NULL,'3085608315'),('1608423557688-10','gesti (generated)','db/changelog/db.changeLog-1.0.0.yaml','2021-02-11 23:20:12',10,'EXECUTED','8:7c67f60230419c24794f5b44dd42dcd8','addForeignKeyConstraint baseTableName=book, constraintName=FK560l33961sgrup678f7yxsxja, referencedTableName=book_type','',NULL,'4.2.2',NULL,NULL,'3085608315'),('1608423557688-11','gesti (generated)','db/changelog/db.changeLog-1.0.0.yaml','2021-02-11 23:20:12',11,'EXECUTED','8:032491e51f409b712ee4074705191fc8','addForeignKeyConstraint baseTableName=series, constraintName=FKahwkcptd7y39jl3qaf278ejr9, referencedTableName=editor','',NULL,'4.2.2',NULL,NULL,'3085608315'),('1608423557688-12','gesti (generated)','db/changelog/db.changeLog-1.0.0.yaml','2021-02-11 23:20:13',12,'EXECUTED','8:2f403e5fceae4b7114f739d47cafa5e2','addForeignKeyConstraint baseTableName=book_author_role, constraintName=FKemh77s2f4ehi7fawed2g80fkr, referencedTableName=author','',NULL,'4.2.2',NULL,NULL,'3085608315'),('1608423557688-13','gesti (generated)','db/changelog/db.changeLog-1.0.0.yaml','2021-02-11 23:20:13',13,'EXECUTED','8:922ad81120a02d38fcf39b3b9181c5e8','addForeignKeyConstraint baseTableName=book_author_role, constraintName=FKgefyvh3b7pd3smyp281dcuwhq, referencedTableName=book','',NULL,'4.2.2',NULL,NULL,'3085608315'),('1608423557688-14','gesti (generated)','db/changelog/db.changeLog-1.0.0.yaml','2021-02-11 23:20:14',14,'EXECUTED','8:e563a227d24e8dd0b62cc7e99ca34876','addForeignKeyConstraint baseTableName=book_author_role_role_list, constraintName=FKkqqnrkej97f24h7vf1wypj132, referencedTableName=role_list','',NULL,'4.2.2',NULL,NULL,'3085608315'),('1608423557688-15','gesti (generated)','db/changelog/db.changeLog-1.0.0.yaml','2021-02-11 23:20:15',15,'EXECUTED','8:b4ec726ad18177a10f8bb271761e75b6','addForeignKeyConstraint baseTableName=book_author_role_role_list, constraintName=FKow20jtil7s3pexud2ruj04nrf, referencedTableName=book_author_role','',NULL,'4.2.2',NULL,NULL,'3085608315'),('1608423557688-16','gesti (generated)','db/changelog/db.changeLog-1.0.0.yaml','2021-02-11 23:20:15',16,'EXECUTED','8:63d9b31d67d47c672dea6ac637d5c494','addForeignKeyConstraint baseTableName=book, constraintName=FKqup0ss2jvfddhq6mt3mjm55t9, referencedTableName=series','',NULL,'4.2.2',NULL,NULL,'3085608315'),('1611216448640-1','gesti (generated)','db/changelog/db.changeLog-1.0.0.yaml','2021-02-11 23:20:15',17,'EXECUTED','8:766f796075025d8b313563cf1cce9579','sqlFile','',NULL,'4.2.2',NULL,NULL,'3085608315'),('1612825931179-9','gesti (generated)','db/changelog/db.changeLog-1.0.1.yaml','2021-02-11 23:20:15',18,'EXECUTED','8:3416080966c32de274147036d74f26ef','dropForeignKeyConstraint baseTableName=book_author_role_role_list, constraintName=FKow20jtil7s3pexud2ruj04nrf','',NULL,'4.2.2',NULL,NULL,'3085608315'),('1612825931179-10','gesti (generated)','db/changelog/db.changeLog-1.0.1.yaml','2021-02-11 23:20:16',19,'EXECUTED','8:734e2e30770b49f4b9812573ce52c851','dropColumn columnName=book_author_roles_author_id, tableName=book_author_role_role_list','',NULL,'4.2.2',NULL,NULL,'3085608315'),('1612825931179-11','gesti (generated)','db/changelog/db.changeLog-1.0.1.yaml','2021-02-11 23:20:17',20,'EXECUTED','8:bfc9614c13577118c1cd48b6e49c115b','dropColumn columnName=book_author_roles_book_id, tableName=book_author_role_role_list','',NULL,'4.2.2',NULL,NULL,'3085608315'),('1612825931179-12','gesti','db/changelog/db.changeLog-1.0.1.yaml','2021-02-11 23:20:17',21,'EXECUTED','8:41547e9fee8a80f9acfb56d757368d49','dropForeignKeyConstraint baseTableName=book_author_role, constraintName=FKgefyvh3b7pd3smyp281dcuwhq','',NULL,'4.2.2',NULL,NULL,'3085608315'),('1612825931179-13','gesti','db/changelog/db.changeLog-1.0.1.yaml','2021-02-11 23:20:17',22,'EXECUTED','8:6a04203dd15f08fae79a931db61dde6f','dropForeignKeyConstraint baseTableName=book_author_role, constraintName=FKemh77s2f4ehi7fawed2g80fkr','',NULL,'4.2.2',NULL,NULL,'3085608315'),('1612825931179-3','gesti (generated)','db/changelog/db.changeLog-1.0.1.yaml','2021-02-11 23:20:17',23,'EXECUTED','8:ddeae5c28eb00eb6f79fa964e9c43440','dropPrimaryKey tableName=book_author_role','',NULL,'4.2.2',NULL,NULL,'3085608315'),('1612825931179-1','gesti (generated)','db/changelog/db.changeLog-1.0.1.yaml','2021-02-11 23:20:17',24,'EXECUTED','8:6952c421f6d6d966050e782ed88e00e6','dropNotNullConstraint columnName=author_id, tableName=book_author_role','',NULL,'4.2.2',NULL,NULL,'3085608315'),('1612825931179-2','gesti (generated)','db/changelog/db.changeLog-1.0.1.yaml','2021-02-11 23:20:18',25,'EXECUTED','8:ca95a9159f6cd760bdf83997429f0cfd','dropNotNullConstraint columnName=book_id, tableName=book_author_role','',NULL,'4.2.2',NULL,NULL,'3085608315'),('1612825931179-6','gesti (generated)','db/changelog/db.changeLog-1.0.1.yaml','2021-02-11 23:20:19',26,'EXECUTED','8:f86799f54ef4e03307d4c64bf573dd24','addColumn tableName=book_author_role','',NULL,'4.2.2',NULL,NULL,'3085608315'),('1612825931179-5','gesti (generated)','db/changelog/db.changeLog-1.0.1.yaml','2021-02-11 23:20:19',27,'EXECUTED','8:13ac5dd48cfe32bcd238503699a4be21','addColumn tableName=book_author_role_role_list','',NULL,'4.2.2',NULL,NULL,'3085608315'),('1612825931179-7','gesti (generated)','db/changelog/db.changeLog-1.0.1.yaml','2021-02-11 23:20:19',28,'EXECUTED','8:5dad63880b855d4b31bc8d60b7402e46','createIndex indexName=IX_book_author_rolePK, tableName=book_author_role','',NULL,'4.2.2',NULL,NULL,'3085608315'),('1612825931179-8','gesti (generated)','db/changelog/db.changeLog-1.0.1.yaml','2021-02-11 23:20:19',29,'EXECUTED','8:34382b3ec3dc352c165549ddf49cf29a','addForeignKeyConstraint baseTableName=book_author_role_role_list, constraintName=FKgwqns3gsuy376h2rh3rw1g65, referencedTableName=book_author_role','',NULL,'4.2.2',NULL,NULL,'3085608315'),('1612825931179-14','gesti (generated)','db/changelog/db.changeLog-1.0.1.yaml','2021-02-11 23:20:20',30,'EXECUTED','8:922ad81120a02d38fcf39b3b9181c5e8','addForeignKeyConstraint baseTableName=book_author_role, constraintName=FKgefyvh3b7pd3smyp281dcuwhq, referencedTableName=book','',NULL,'4.2.2',NULL,NULL,'3085608315'),('1612825931179-15','gesti (generated)','db/changelog/db.changeLog-1.0.1.yaml','2021-02-11 23:20:20',31,'EXECUTED','8:2f403e5fceae4b7114f739d47cafa5e2','addForeignKeyConstraint baseTableName=book_author_role, constraintName=FKemh77s2f4ehi7fawed2g80fkr, referencedTableName=author','',NULL,'4.2.2',NULL,NULL,'3085608315'),('1613692639489-1','gesti','db/changelog/db.changeLog-1.1.0.yaml','2021-03-09 18:12:44',32,'EXECUTED','8:a9977f0e9b4d9438d5d9f7e97bffd780','renameTable newTableName=artist, oldTableName=author','',NULL,'4.2.2',NULL,NULL,'5313562012'),('1613692639489-2','gesti','db/changelog/db.changeLog-1.1.0.yaml','2021-03-09 18:12:44',33,'EXECUTED','8:01e0848fc4b3278795c078fe69989b61','renameTable newTableName=book_artist_role, oldTableName=book_author_role','',NULL,'4.2.2',NULL,NULL,'5313562012'),('1613692639489-5','gesti','db/changelog/db.changeLog-1.1.0.yaml','2021-03-09 18:12:45',34,'EXECUTED','8:6e1c1f0b7a040d714ef8b21aa68c5b79','renameTable newTableName=book_artist_role_role_list, oldTableName=book_author_role_role_list','',NULL,'4.2.2',NULL,NULL,'5313562012'),('1613692639489-3','gesti','db/changelog/db.changeLog-1.1.0.yaml','2021-03-09 18:12:45',35,'EXECUTED','8:e1b9f8e8073b11c9f7dcc5103ce736f4','renameColumn newColumnName=artist_id, oldColumnName=author_id, tableName=book_artist_role','',NULL,'4.2.2',NULL,NULL,'5313562012'),('1613692639489-4','gesti','db/changelog/db.changeLog-1.1.0.yaml','2021-03-09 18:12:45',36,'EXECUTED','8:2ffe2e10e091bd82b560f67b4946f577','renameColumn newColumnName=book_artist_roles_id, oldColumnName=book_author_roles_id, tableName=book_artist_role_role_list','',NULL,'4.2.2',NULL,NULL,'5313562012'),('1613693450337-1','gesti','db/changelog/db.changeLog-1.1.0.yaml','2021-03-09 18:12:46',37,'EXECUTED','8:3e331d8af48eca4086f5ac4192f388f6','renameTable newTableName=role, oldTableName=role_list','',NULL,'4.2.2',NULL,NULL,'5313562012'),('1613814392744-1','gesti (generated)','db/changelog/db.changeLog-1.1.0.yaml','2021-03-09 18:12:46',38,'EXECUTED','8:5f619cbce59335145203048dc313e256','createTable tableName=contract','',NULL,'4.2.2',NULL,NULL,'5313562012'),('1613814392744-2','gesti (generated)','db/changelog/db.changeLog-1.1.0.yaml','2021-03-09 18:12:46',39,'EXECUTED','8:9a018f051199053dbd22c07430eb31e6','createTable tableName=contract_artists','',NULL,'4.2.2',NULL,NULL,'5313562012'),('1613814392744-4','gesti (generated)','db/changelog/db.changeLog-1.1.0.yaml','2021-03-09 18:12:46',40,'EXECUTED','8:9666533112142f110c057edb13a4c1c7','addUniqueConstraint constraintName=UC_ARTISTNAME_COL, tableName=artist','',NULL,'4.2.2',NULL,NULL,'5313562012'),('1613814392744-5','gesti (generated)','db/changelog/db.changeLog-1.1.0.yaml','2021-03-09 18:12:46',41,'EXECUTED','8:9df30fd3eb256ff119e947e887311701','addUniqueConstraint constraintName=UC_BOOK_TYPENAME_COL, tableName=book_type','',NULL,'4.2.2',NULL,NULL,'5313562012'),('1613814392744-6','gesti (generated)','db/changelog/db.changeLog-1.1.0.yaml','2021-03-09 18:12:46',42,'EXECUTED','8:b613c9787d71ca9ee4c88e5652548c25','addUniqueConstraint constraintName=UC_EDITORNAME_COL, tableName=editor','',NULL,'4.2.2',NULL,NULL,'5313562012'),('1613814392744-7','gesti (generated)','db/changelog/db.changeLog-1.1.0.yaml','2021-03-09 18:12:47',43,'EXECUTED','8:f15eafa0b4f54586f0e3f9efbdd7b2cd','addUniqueConstraint constraintName=UC_ROLENAME_COL, tableName=role','',NULL,'4.2.2',NULL,NULL,'5313562012'),('1613814392744-8','gesti (generated)','db/changelog/db.changeLog-1.1.0.yaml','2021-03-09 18:12:47',44,'EXECUTED','8:69bd011d1ea540e2869dc98d33c1fa03','addUniqueConstraint constraintName=UC_SERIESNAME_COL, tableName=series','',NULL,'4.2.2',NULL,NULL,'5313562012'),('1613814392744-9','gesti (generated)','db/changelog/db.changeLog-1.1.0.yaml','2021-03-09 18:12:47',45,'EXECUTED','8:0e452fb677b24f81b8410cab45c37d16','addForeignKeyConstraint baseTableName=contract_artists, constraintName=FK3uv5r6g8g6vybu436j1suv5rw, referencedTableName=contract','',NULL,'4.2.2',NULL,NULL,'5313562012'),('1613814392744-10','gesti (generated)','db/changelog/db.changeLog-1.1.0.yaml','2021-03-09 18:12:47',46,'EXECUTED','8:8e6ea8fa2377b26dda52450043d80a0b','addForeignKeyConstraint baseTableName=contract, constraintName=FK9vycm2117lupddk5vmm3saj0j, referencedTableName=book','',NULL,'4.2.2',NULL,NULL,'5313562012'),('1613814392744-11','gesti (generated)','db/changelog/db.changeLog-1.1.0.yaml','2021-03-09 18:12:48',47,'EXECUTED','8:bdbf1a7154fbdd3375c145d43115647b','addForeignKeyConstraint baseTableName=contract, constraintName=FKgk3p6n5hi5sryxx9mfl1u4opl, referencedTableName=role','',NULL,'4.2.2',NULL,NULL,'5313562012'),('1613814392744-12','gesti (generated)','db/changelog/db.changeLog-1.1.0.yaml','2021-03-09 18:12:48',48,'EXECUTED','8:02ecff550e112572171a069f7e0d0d03','addForeignKeyConstraint baseTableName=contract_artists, constraintName=FKp7sqcx201vehihopflrlnt8qe, referencedTableName=artist','',NULL,'4.2.2',NULL,NULL,'5313562012'),('1613814392744-13','gesti (generated)','db/changelog/db.changeLog-1.1.0.yaml','2021-03-09 18:12:48',49,'EXECUTED','8:3a7441fe696e118b7ea00e92d5b33ac9','dropForeignKeyConstraint baseTableName=book_artist_role, constraintName=FKemh77s2f4ehi7fawed2g80fkr','',NULL,'4.2.2',NULL,NULL,'5313562012'),('1613814392744-14','gesti (generated)','db/changelog/db.changeLog-1.1.0.yaml','2021-03-09 18:12:48',50,'EXECUTED','8:842388b20fb50d313c3810c78de0f154','dropForeignKeyConstraint baseTableName=book_artist_role, constraintName=FKgefyvh3b7pd3smyp281dcuwhq','',NULL,'4.2.2',NULL,NULL,'5313562012'),('1613814392744-15','gesti (generated)','db/changelog/db.changeLog-1.1.0.yaml','2021-03-09 18:12:48',51,'EXECUTED','8:82856d987da1d33a95075d680eaeb71a','dropForeignKeyConstraint baseTableName=book_artist_role_role_list, constraintName=FKgwqns3gsuy376h2rh3rw1g65','',NULL,'4.2.2',NULL,NULL,'5313562012'),('1613814392744-16','gesti (generated)','db/changelog/db.changeLog-1.1.0.yaml','2021-03-09 18:12:48',52,'EXECUTED','8:1f56c91cad2660f20360dbbf45306424','dropForeignKeyConstraint baseTableName=book_artist_role_role_list, constraintName=FKkqqnrkej97f24h7vf1wypj132','',NULL,'4.2.2',NULL,NULL,'5313562012'),('1613814392744-17','gesti (generated)','db/changelog/db.changeLog-1.1.0.yaml','2021-03-09 18:12:49',53,'EXECUTED','8:00af0daba3d2d25c5ac359a6f8c4fb51','dropUniqueConstraint constraintName=IX_book_author_rolePK, tableName=book_artist_role','',NULL,'4.2.2',NULL,NULL,'5313562012'),('1613814392744-20','gesti','db/changelog/db.changeLog-1.1.0.yaml','2021-03-09 18:12:51',54,'EXECUTED','8:1321be511480643000e171c6acb62cfa','customChange','',NULL,'4.2.2',NULL,NULL,'5313562012'),('1613814392744-18','gesti (generated)','db/changelog/db.changeLog-1.1.0.yaml','2021-03-09 18:12:51',55,'EXECUTED','8:bc01f1292e3030f39fe066082f7d41c5','dropTable tableName=book_artist_role','',NULL,'4.2.2',NULL,NULL,'5313562012'),('1613814392744-19','gesti (generated)','db/changelog/db.changeLog-1.1.0.yaml','2021-03-09 18:12:51',56,'EXECUTED','8:ad17225ecd073100f3a349b25e22b044','dropTable tableName=book_artist_role_role_list','',NULL,'4.2.2',NULL,NULL,'5313562012'),('1621782260627-1','gesti (generated)','db/changelog/db.changeLog-1.2.0.yaml','2021-11-04 17:18:26',57,'EXECUTED','8:04f8bb9c9a0c7e636f7e8f6962f9b8cf','createTable tableName=web_links','',NULL,'4.4.3',NULL,NULL,'6046305127'),('1621782260627-2','gesti (generated)','db/changelog/db.changeLog-1.2.0.yaml','2021-11-04 17:18:27',58,'EXECUTED','8:0ca16290da70f3762a50d55b958dd5d6','addForeignKeyConstraint baseTableName=web_links, constraintName=FKdwp2thgwruplrkdlqodldn93l, referencedTableName=artist','',NULL,'4.4.3',NULL,NULL,'6046305127'),('1622068107091-1','gesti (generated)','db/changelog/db.changeLog-1.2.0.yaml','2021-11-04 17:18:27',59,'EXECUTED','8:520cd263abe857e43e834cf5251e2109','addNotNullConstraint columnName=isbn, tableName=book','',NULL,'4.4.3',NULL,NULL,'6046305127'),('1622068107091-2','gesti (generated)','db/changelog/db.changeLog-1.2.0.yaml','2021-11-04 17:18:27',60,'EXECUTED','8:afc1741da5e41cc8254287232a3d2538','addColumn tableName=contract','',NULL,'4.4.3',NULL,NULL,'6046305127'),('1622068107091-3','gesti','db/changelog/db.changeLog-1.2.0.yaml','2021-11-04 17:18:27',61,'EXECUTED','8:343d2daa5512170d10b4b0e1fa3db5f3','sql','',NULL,'4.4.3',NULL,NULL,'6046305127'),('1622068107091-4','gesti (generated)','db/changelog/db.changeLog-1.2.0.yaml','2021-11-04 17:18:28',62,'EXECUTED','8:22a1a1533a5cf214c3c42d991008fab2','addColumn tableName=contract_artists','',NULL,'4.4.3',NULL,NULL,'6046305127'),('1622068107091-5','gesti','db/changelog/db.changeLog-1.2.0.yaml','2021-11-04 17:18:28',63,'EXECUTED','8:67c454919a74377fb795298e2260da29','sql','',NULL,'4.4.3',NULL,NULL,'6046305127'),('1622068107091-6','gesti (generated)','db/changelog/db.changeLog-1.2.0.yaml','2021-11-04 17:18:28',64,'EXECUTED','8:62b00be7d04e74725c06f2fc0cecc7bc','dropForeignKeyConstraint baseTableName=contract, constraintName=FK9vycm2117lupddk5vmm3saj0j','',NULL,'4.4.3',NULL,NULL,'6046305127'),('1622068107091-7','gesti','db/changelog/db.changeLog-1.2.0.yaml','2021-11-04 17:18:29',65,'EXECUTED','8:50abe19d1b0a3631aeb95d078bfe2b5c','modifyDataType columnName=id, tableName=book; dropPrimaryKey tableName=book','',NULL,'4.4.3',NULL,NULL,'6046305127'),('1622068107091-8','gesti (generated)','db/changelog/db.changeLog-1.2.0.yaml','2021-11-04 17:18:29',66,'EXECUTED','8:c728cafd67f6caa02da8b4043be783a0','addPrimaryKey constraintName=bookPK, tableName=book','',NULL,'4.4.3',NULL,NULL,'6046305127'),('1622068107091-9','gesti (generated)','db/changelog/db.changeLog-1.2.0.yaml','2021-11-04 17:18:29',67,'EXECUTED','8:dc52ed1f0f5440abb2a921891ede785f','addForeignKeyConstraint baseTableName=contract, constraintName=FK9y3mmc2d2ungrxgeq85rkccmk, referencedTableName=book','',NULL,'4.4.3',NULL,NULL,'6046305127'),('1622068107091-10','gesti (generated)','db/changelog/db.changeLog-1.2.0.yaml','2021-11-04 17:18:29',68,'EXECUTED','8:34f0fafd763215c6c879bdf6faab7653','dropForeignKeyConstraint baseTableName=contract_artists, constraintName=FK3uv5r6g8g6vybu436j1suv5rw','',NULL,'4.4.3',NULL,NULL,'6046305127'),('1622068107091-11','gesti (generated)','db/changelog/db.changeLog-1.2.0.yaml','2021-11-04 17:18:30',69,'EXECUTED','8:3056608ea0156584be78d8aa330a312b','dropPrimaryKey tableName=contract','',NULL,'4.4.3',NULL,NULL,'6046305127'),('1622068107091-12','gesti (generated)','db/changelog/db.changeLog-1.2.0.yaml','2021-11-04 17:18:30',70,'EXECUTED','8:dd51ad25539ecd2c106842d8ed01836e','addPrimaryKey constraintName=contractPK, tableName=contract','',NULL,'4.4.3',NULL,NULL,'6046305127'),('1622068107091-13','gesti (generated)','db/changelog/db.changeLog-1.2.0.yaml','2021-11-04 17:18:31',71,'EXECUTED','8:8a254daaa1a430024eadc2aa08e2b50a','addForeignKeyConstraint baseTableName=contract_artists, constraintName=FK1bm732ldmjsiwiyw3jcynfgbr, referencedTableName=contract','',NULL,'4.4.3',NULL,NULL,'6046305127'),('1622068107091-14','gesti (generated)','db/changelog/db.changeLog-1.2.0.yaml','2021-11-04 17:18:31',72,'EXECUTED','8:1d7b053ef5a5180d6af52114e065bec7','dropColumn columnName=book_id, tableName=contract','',NULL,'4.4.3',NULL,NULL,'6046305127'),('1622068107091-15','gesti (generated)','db/changelog/db.changeLog-1.2.0.yaml','2021-11-04 17:18:32',73,'EXECUTED','8:40660911de3aec7aceec6467759eef85','dropColumn columnName=id, tableName=book','',NULL,'4.4.3',NULL,NULL,'6046305127'),('1622068107091-16','gesti (generated)','db/changelog/db.changeLog-1.2.0.yaml','2021-11-04 17:18:32',74,'EXECUTED','8:3c4b2966ab7017b11d3cbdbb5f3909f6','dropColumn columnName=contracts_book_id, tableName=contract_artists','',NULL,'4.4.3',NULL,NULL,'6046305127'),('1632829098985-1','Lautre (generated)','db/changelog/db.changeLog-1.2.0.yaml','2021-11-04 17:18:32',75,'EXECUTED','8:f8f9a20082404f859e996d8a439aa742','createTable tableName=task','',NULL,'4.4.3',NULL,NULL,'6046305127'),('1632829098985-2','Lautre (generated)','db/changelog/db.changeLog-1.2.0.yaml','2021-11-04 17:18:33',76,'EXECUTED','8:e880779baff6aa47b7a4204a968ff276','addUniqueConstraint constraintName=UC_TASKEXTRA_COL, tableName=task','',NULL,'4.4.3',NULL,NULL,'6046305127'),('1635595719019-1','Lautre (generated)','db/changelog/db.changeLog-1.2.0.yaml','2021-11-04 17:18:33',77,'EXECUTED','8:396776cabb831fc6a9318fd06bf6908f','dropUniqueConstraint constraintName=UC_SERIESNAME_COL, tableName=series','',NULL,'4.4.3',NULL,NULL,'6046305127'),('1635595719019-2','Lautre (generated)','db/changelog/db.changeLog-1.2.0.yaml','2021-11-04 17:18:33',78,'EXECUTED','8:df4151b5911900881f5858ebb075c56b','addColumn tableName=series','',NULL,'4.4.3',NULL,NULL,'6046305127'),('1635595719019-3','Lautre (generated)','db/changelog/db.changeLog-1.2.0.yaml','2021-11-04 17:18:33',79,'EXECUTED','8:1c1c9d9aa6f1b29d95f1ff856741e543','addForeignKeyConstraint baseTableName=series, constraintName=FKa808bmokjtth7w04yuxb5afjr, referencedTableName=book_type','',NULL,'4.4.3',NULL,NULL,'6046305127'),('1635595719019-5','Lautre (generated)','db/changelog/db.changeLog-1.2.0.yaml','2021-11-04 17:18:33',80,'EXECUTED','8:1e4e7ebb0a4b20234ffbca97f090fad5','dropForeignKeyConstraint baseTableName=book, constraintName=FK560l33961sgrup678f7yxsxja','',NULL,'4.4.3',NULL,NULL,'6046305127'),('1635595719019-4','Lautre','db/changelog/db.changeLog-1.2.0.yaml','2021-11-04 21:28:17',81,'EXECUTED','8:7ec698bff2823ba3fbdf9623ee06feb0','customChange','',NULL,'4.4.3',NULL,NULL,'6061292620'),('1635595719019-6','Lautre (generated)','db/changelog/db.changeLog-1.2.0.yaml','2021-11-04 21:29:13',82,'EXECUTED','8:5e0539e8310220393bf7fc73debdc767','dropColumn columnName=book_type_id, tableName=book','',NULL,'4.4.3',NULL,NULL,'6061352519'),('1635595719019-7','Lautre (generated)','db/changelog/db.changeLog-1.2.0.yaml','2021-11-04 21:29:13',83,'EXECUTED','8:de69e4f1cfd69bf1bc83e734fa29f737','addColumn tableName=series','',NULL,'4.4.3',NULL,NULL,'6061352519'),('1635595719019-8','Lautre','db/changelog/db.changeLog-1.2.0.yaml','2021-11-04 21:29:14',84,'EXECUTED','8:ba1aa53b38ae30403dd8f1c211ff42fd','customChange','',NULL,'4.4.3',NULL,NULL,'6061352519'),('1641420428734-1','gesti','db/changelog/db.changeLog-1.3.0.yaml','2022-04-03 02:11:57',85,'EXECUTED','8:3b15509e1840409da8ed50821a10b2cf','modifyDataType columnName=tome, tableName=book','',NULL,'4.4.3',NULL,NULL,'8951914169'),('1642290115436-1','gesti (generated)','db/changelog/db.changeLog-1.3.0.yaml','2022-04-03 02:11:57',86,'EXECUTED','8:46358a62312416fcdf2846bc8d0fa2ed','createTable tableName=borrower','',NULL,'4.4.3',NULL,NULL,'8951914169'),('1642290115436-2','gesti (generated)','db/changelog/db.changeLog-1.3.0.yaml','2022-04-03 02:11:57',87,'EXECUTED','8:3b6889438b2f61b394c86b3c7b161c2f','createTable tableName=loan','',NULL,'4.4.3',NULL,NULL,'8951914169'),('1642290115436-3','gesti (generated)','db/changelog/db.changeLog-1.3.0.yaml','2022-04-03 02:11:57',88,'EXECUTED','8:dbb1d3b8300bd106eae838f109d70b44','addColumn tableName=book','',NULL,'4.4.3',NULL,NULL,'8951914169'),('1642290115436-4','gesti (generated)','db/changelog/db.changeLog-1.3.0.yaml','2022-04-03 02:11:57',89,'EXECUTED','8:9ac3ff45d056c2d6c5de972df07d18b5','addUniqueConstraint constraintName=UC_BORROWERNAME_COL, tableName=borrower','',NULL,'4.4.3',NULL,NULL,'8951914169'),('1642290115436-6','gesti (generated)','db/changelog/db.changeLog-1.3.0.yaml','2022-04-03 02:11:58',90,'EXECUTED','8:dada270c938db3acc8219799e0778ca2','addForeignKeyConstraint baseTableName=book, constraintName=FK7e1jgwg2wwf1lpbdlf4199k0g, referencedTableName=loan','',NULL,'4.4.3',NULL,NULL,'8951914169'),('1642290115436-7','gesti (generated)','db/changelog/db.changeLog-1.3.0.yaml','2022-04-03 02:11:58',91,'EXECUTED','8:73c6d7f8d2d76764fbd97a8ae89ffcc6','addForeignKeyConstraint baseTableName=loan, constraintName=FK972ia7yp702345o228ul5mmjw, referencedTableName=book','',NULL,'4.4.3',NULL,NULL,'8951914169'),('1642290115436-8','gesti (generated)','db/changelog/db.changeLog-1.3.0.yaml','2022-04-03 02:11:59',92,'EXECUTED','8:8d7c36c638a74a0088844df554550059','addForeignKeyConstraint baseTableName=loan, constraintName=FKmqvl07d9oiopviqb7lx2jqnw7, referencedTableName=borrower','',NULL,'4.4.3',NULL,NULL,'8951914169'),('1647083711000-1','Lautre (manual)','db/changelog/db.changeLog-1.3.0.yaml','2022-04-03 02:11:59',93,'EXECUTED','8:c4e272bd391dbac9192b7b854834baad','createView viewName=v_artist_series_role_count','',NULL,'4.4.3',NULL,NULL,'8951914169'),('1647473609238-1','gesti (generated)','db/changelog/db.changeLog-1.3.0.yaml','2022-04-03 02:11:59',94,'EXECUTED','8:5629bee9c8460ee147f65977d1a5f773','createTable tableName=book_metadata','',NULL,'4.4.3',NULL,NULL,'8951914169'),('1647473609238-2','gesti (generated)','db/changelog/db.changeLog-1.3.0.yaml','2022-04-03 02:11:59',95,'EXECUTED','8:7085035a84a3975485d8c508b200a597','addForeignKeyConstraint baseTableName=book_metadata, constraintName=FK4dr2r5b8thyvp2xd64druecug, referencedTableName=book','',NULL,'4.4.3',NULL,NULL,'8951914169'),('1652723521851-1','gesti (generated)','db/changelog/db.changeLog-1.4.0.yaml','2022-10-08 17:11:38',96,'EXECUTED','8:494e3447b60dd6a6af376af46411a897','createTable tableName=book_series','',NULL,'4.13.0',NULL,NULL,'5249097890'),('1652723521851-2','gesti (generated)','db/changelog/db.changeLog-1.4.0.yaml','2022-10-08 17:11:38',97,'EXECUTED','8:98cd0befd679fe0a43c230d29e58e31b','createTable tableName=series_cycle','',NULL,'4.13.0',NULL,NULL,'5249097890'),('1652723521851-3','gesti (generated)','db/changelog/db.changeLog-1.4.0.yaml','2022-10-08 17:11:39',98,'EXECUTED','8:c98bcedc03f124cde23616b6645fa52a','addForeignKeyConstraint baseTableName=book_series, constraintName=FK73aq03ujbhi89cv91lpr7ov8v, referencedTableName=series_cycle','',NULL,'4.13.0',NULL,NULL,'5249097890'),('1652723521851-4','gesti (generated)','db/changelog/db.changeLog-1.4.0.yaml','2022-10-08 17:11:39',99,'EXECUTED','8:d958a7feddadaf695537f7454f1bb9f1','addForeignKeyConstraint baseTableName=book_series, constraintName=FKfe8pbrjx4fmad2668r5k88744, referencedTableName=series','',NULL,'4.13.0',NULL,NULL,'5249097890'),('1652723521851-5','gesti (generated)','db/changelog/db.changeLog-1.4.0.yaml','2022-10-08 17:11:39',100,'EXECUTED','8:f14f209c973b36e4256f49e097b39646','addForeignKeyConstraint baseTableName=book_series, constraintName=FKh47hpefsa3g26on4cul1l89f2, referencedTableName=book','',NULL,'4.13.0',NULL,NULL,'5249097890'),('1652723521851-6','gesti (generated)','db/changelog/db.changeLog-1.4.0.yaml','2022-10-08 17:11:40',101,'EXECUTED','8:e155dcc6a0c10ea0e82bc27b5578f158','addForeignKeyConstraint baseTableName=series_cycle, constraintName=FKirm6nw923aq9sd2emgafw53xf, referencedTableName=series','',NULL,'4.13.0',NULL,NULL,'5249097890'),('1652723521851-7','gesti (generated)','db/changelog/db.changeLog-1.4.0.yaml','2022-10-08 17:11:40',102,'EXECUTED','8:e42037129cd5291733afbcdd5d7d4291','dropForeignKeyConstraint baseTableName=book, constraintName=FKqup0ss2jvfddhq6mt3mjm55t9','',NULL,'4.13.0',NULL,NULL,'5249097890'),('1652723521851-8','gesti (generated)','db/changelog/db.changeLog-1.4.0.yaml','2022-10-08 17:11:40',103,'EXECUTED','8:869b51843e8ef26c1fc1bad47b616f48','dropView viewName=v_artist_series_role_count','',NULL,'4.13.0',NULL,NULL,'5249097890'),('1659039522000-1','Lautre (manual)','db/changelog/db.changeLog-1.4.0.yaml','2022-10-08 17:11:41',104,'EXECUTED','8:082403928457e221bec60ea2b64d4faf','customChange','',NULL,'4.13.0',NULL,NULL,'5249097890'),('1652723521851-9','gesti (generated)','db/changelog/db.changeLog-1.4.0.yaml','2022-10-08 17:11:41',105,'EXECUTED','8:0eef9898fb06b08e21e62f4747842222','dropColumn columnName=series_id, tableName=book','',NULL,'4.13.0',NULL,NULL,'5249097890'),('1652723521851-10','gesti (generated)','db/changelog/db.changeLog-1.4.0.yaml','2022-10-08 17:11:41',106,'EXECUTED','8:854ba345a2120e2f4473eb23e9df517c','dropColumn columnName=tome, tableName=book','',NULL,'4.13.0',NULL,NULL,'5249097890'),('1652392433000-1','Lautre (manual)','db/changelog/db.changeLog-1.4.0.yaml','2022-10-08 17:11:41',107,'EXECUTED','8:fda979fc9ec8e3fd4ec028de5739c1e5','createView viewName=v_artist_series_role_count','',NULL,'4.13.0',NULL,NULL,'5249097890'),('1652649916000-1','Lautre (manual)','db/changelog/db.changeLog-1.4.0.yaml','2022-10-08 17:11:41',108,'EXECUTED','8:4ae65f7b92fe88b76dad47dbaf1b3ab8','sql','',NULL,'4.13.0',NULL,NULL,'5249097890'),('1652649916000-2','Lautre (manual)','db/changelog/db.changeLog-1.4.0.yaml','2022-10-08 17:11:41',109,'EXECUTED','8:1e57f50ee305738fb90f5fde7c29e540','sqlFile','',NULL,'4.13.0',NULL,NULL,'5249097890'),('1658526651000-1','gesti (manual)','db/changelog/db.changeLog-1.4.0.yaml','2022-10-08 17:11:42',110,'EXECUTED','8:749fb06026f63d6947c4d2710dd36ccb','dropUniqueConstraint constraintName=UC_TASKEXTRA_COL, tableName=task','',NULL,'4.13.0',NULL,NULL,'5249097890'),('1659039522000-2','Lautre (manual)','db/changelog/db.changeLog-1.4.0.yaml','2022-10-08 17:11:42',111,'EXECUTED','8:6087e6ac2371f5b69eb8b34ad5aa27f9','addColumn tableName=book','',NULL,'4.13.0',NULL,NULL,'5249097890'),('1659039522000-3','Lautre (manual)','db/changelog/db.changeLog-1.4.0.yaml','2022-10-08 17:11:42',112,'EXECUTED','8:b3e69c821d861eccf7bf17653124cd68','sql','',NULL,'4.13.0',NULL,NULL,'5249097890'),('1659039522000-4','Lautre (manual)','db/changelog/db.changeLog-1.4.0.yaml','2022-10-08 17:11:42',113,'EXECUTED','8:0e07bebda43ef4eb411813d6fb768042','addNotNullConstraint columnName=status, constraintName=NN_CONSTRAINT_BOOK_STATUS, tableName=book','',NULL,'4.13.0',NULL,NULL,'5249097890'),('1660480240000-1','Lautre (manual)','db/changelog/db.changeLog-1.4.0.yaml','2022-10-08 17:11:43',114,'EXECUTED','8:f86412e6b4657345e01eda8a24126480','modifyDataType columnName=original_release_date, tableName=book_metadata','',NULL,'4.13.0',NULL,NULL,'5249097890'),('1660480240000-2','Lautre (manual)','db/changelog/db.changeLog-1.4.0.yaml','2022-10-08 17:11:43',115,'EXECUTED','8:7b282a0da2bc4fdf1a2ea538a73cf8b8','modifyDataType columnName=acquisition_date, tableName=book_metadata','',NULL,'4.13.0',NULL,NULL,'5249097890'),('1660480240000-3','Lautre (manual)','db/changelog/db.changeLog-1.4.0.yaml','2022-10-08 17:11:43',116,'EXECUTED','8:b173f4515e5116bf78ad9c386a268ea7','dropNotNullConstraint columnName=page_count, tableName=book_metadata','',NULL,'4.13.0',NULL,NULL,'5249097890'),('1667167380000-1','Lautre (manual)','db/changelog/db.changeLog-1.4.0.yaml','2022-11-19 21:47:59',117,'EXECUTED','8:1062f8049a9aa48eb9b7ffb3ac0373fd','dropForeignKeyConstraint baseTableName=book_metadata, constraintName=FK4dr2r5b8thyvp2xd64druecug; dropForeignKeyConstraint baseTableName=book_series, constraintName=FKh47hpefsa3g26on4cul1l89f2; dropForeignKeyConstraint baseTableName=contract, cons...','',NULL,'4.13.0',NULL,NULL,'8894478418'),('1667167380000-2','Lautre (manual)','db/changelog/db.changeLog-1.4.0.yaml','2022-11-19 21:48:03',118,'EXECUTED','8:ae9bd78dc6360be289d251bf5471eb83','modifyDataType columnName=isbn, tableName=book; modifyDataType columnName=book_isbn, tableName=book_metadata; modifyDataType columnName=book_isbn, tableName=book_series; modifyDataType columnName=book_isbn, tableName=contract; modifyDataType colum...','',NULL,'4.13.0',NULL,NULL,'8894478418'),('1667167380000-3','Lautre (manual)','db/changelog/db.changeLog-1.4.0.yaml','2022-11-19 21:48:05',119,'EXECUTED','8:cb9cc920c66eb1e5b3efebb1062c8d4e','addColumn tableName=book; dropNotNullConstraint columnName=status, tableName=book; dropNotNullConstraint columnName=possession_status, tableName=book','',NULL,'4.13.0',NULL,NULL,'8894478418'),('1667167380000-4','Lautre (manual)','db/changelog/db.changeLog-1.4.0.yaml','2022-11-19 21:48:08',120,'EXECUTED','8:54d0b8a1d5f3cd53d967f327e9a2f28e','addForeignKeyConstraint baseTableName=book_metadata, constraintName=FK4dr2r5b8thyvp2xd64druecug, referencedTableName=book; addForeignKeyConstraint baseTableName=book_series, constraintName=FKh47hpefsa3g26on4cul1l89f2, referencedTableName=book; add...','',NULL,'4.13.0',NULL,NULL,'8894478418'),('1667167380000-5','Lautre (manual)','db/changelog/db.changeLog-1.4.0.yaml','2022-11-19 21:48:08',121,'EXECUTED','8:d41d8cd98f00b204e9800998ecf8427e','empty','',NULL,'4.13.0',NULL,NULL,'8894478418'),('1668812400000-1','Lautre (manual)','db/changelog/db.changeLog-1.4.1.yaml','2022-11-19 23:22:30',122,'EXECUTED','8:0eba68886ad2669f636a8a1586d9dd0e','update tableName=book','',NULL,'4.13.0',NULL,NULL,'8900149708');
/*!40000 ALTER TABLE `DATABASECHANGELOG` ENABLE KEYS */;
UNLOCK TABLES;

--
-- Table structure for table `DATABASECHANGELOGLOCK`
--

DROP TABLE IF EXISTS `DATABASECHANGELOGLOCK`;
/*!40101 SET @saved_cs_client     = @@character_set_client */;
/*!40101 SET character_set_client = utf8 */;
CREATE TABLE `DATABASECHANGELOGLOCK` (
  `ID` int NOT NULL,
  `LOCKED` bit(1) NOT NULL,
  `LOCKGRANTED` datetime DEFAULT NULL,
  `LOCKEDBY` varchar(255) DEFAULT NULL,
  PRIMARY KEY (`ID`)
) ENGINE=InnoDB DEFAULT CHARSET=utf8mb4 COLLATE=utf8mb4_0900_ai_ci;
/*!40101 SET character_set_client = @saved_cs_client */;

--
-- Dumping data for table `DATABASECHANGELOGLOCK`
--

LOCK TABLES `DATABASECHANGELOGLOCK` WRITE;
/*!40000 ALTER TABLE `DATABASECHANGELOGLOCK` DISABLE KEYS */;
INSERT INTO `DATABASECHANGELOGLOCK` VALUES (1,'\0',NULL,NULL);
/*!40000 ALTER TABLE `DATABASECHANGELOGLOCK` ENABLE KEYS */;
UNLOCK TABLES;

--
-- Table structure for table `account`
--

DROP TABLE IF EXISTS `account`;
/*!40101 SET @saved_cs_client     = @@character_set_client */;
/*!40101 SET character_set_client = utf8 */;
CREATE TABLE `account` (
  `email` varchar(100) NOT NULL,
  `role` varchar(10) NOT NULL,
  PRIMARY KEY (`email`)
) ENGINE=InnoDB DEFAULT CHARSET=utf8mb4 COLLATE=utf8mb4_0900_ai_ci;
/*!40101 SET character_set_client = @saved_cs_client */;

--
-- Dumping data for table `account`
--

LOCK TABLES `account` WRITE;
/*!40000 ALTER TABLE `account` DISABLE KEYS */;
INSERT INTO `account` VALUES ('gestin.gweltaz@protonmail.com','ROLE_ADMIN');
/*!40000 ALTER TABLE `account` ENABLE KEYS */;
UNLOCK TABLES;

--
-- Table structure for table `artist`
--

DROP TABLE IF EXISTS `artist`;
/*!40101 SET @saved_cs_client     = @@character_set_client */;
/*!40101 SET character_set_client = utf8 */;
CREATE TABLE `artist` (
  `id` bigint NOT NULL AUTO_INCREMENT,
  `name` varchar(255) DEFAULT NULL,
  PRIMARY KEY (`id`),
  UNIQUE KEY `UC_ARTISTNAME_COL` (`name`)
) ENGINE=InnoDB AUTO_INCREMENT=977 DEFAULT CHARSET=utf8mb4 COLLATE=utf8mb4_0900_ai_ci;
/*!40101 SET character_set_client = @saved_cs_client */;

--
-- Dumping data for table `artist`
--

LOCK TABLES `artist` WRITE;
/*!40000 ALTER TABLE `artist` DISABLE KEYS */;
INSERT INTO `artist` VALUES (92,'Aaron Caldwell'),(697,'Aaron Lopresti'),(952,'Abel'),(813,'Abigail Larson'),(800,'Aco'),(746,'Adam Brown'),(65,'Adam T. Hughes'),(686,'Adreinne Roy'),(887,'Adriano Di Benedetto'),(150,'Adriano Lucas'),(8,'Adrien Floch'),(333,'Afua Richardson'),(711,'Airi Kamiyama'),(756,'Al Barrionuevo'),(271,'Al Ewing'),(319,'Al Gordon'),(175,'Alain Mauricet'),(682,'Alan Brennert'),(228,'Alan Moore'),(760,'Alberto Ponticelli'),(190,'Alejandro Sanchez'),(500,'Alessandra Gozzi'),(277,'Alessandro Benedetti'),(802,'Alessandro Vitti'),(922,'Alessio Lapo'),(657,'Alex Lei'),(24,'Alex Maleev'),(276,'Alex Nikolavitch'),(515,'Alex Ross'),(76,'Alex Sinclair'),(79,'Alex Sollazzo'),(444,'Alexandre Astier'),(471,'Alexandre Dayet'),(442,'Alexis Sentenac'),(975,'Alison Sampson'),(189,'Alisson Borges'),(538,'Alitha Martinez'),(761,'Allan Goldman'),(639,'Allan Heinberg'),(893,'Allen martinez'),(714,'Allen Passalaqua'),(719,'Allison Borges'),(2,'Alvaro Iglesias'),(918,'Alvaro Lopez'),(45,'Alvaro Martinez'),(56,'Amanda Conner'),(532,'Ande Parks'),(571,'Andie Tong'),(545,'Andoryss'),(778,'Andrea Mutti'),(762,'Andrea Sorrentino'),(547,'Andrew Constant'),(616,'Andrew Dalhouse'),(118,'Andrew Hennessy'),(320,'Andrew Pepoy'),(470,'Andrzej Sapkowski'),(18,'Andy Clarke'),(23,'Andy Kubert'),(600,'Andy Lanning'),(925,'Andy MacDonald'),(503,'Andy McDonald'),(883,'Andy Owens'),(710,'Andy Smith'),(567,'Aneke'),(351,'Angiolini'),(912,'Anthony Piper'),(329,'Antonio Fabela'),(716,'Ardian Syaf'),(568,'Arif Prianto'),(66,'Art Baltazar'),(409,'Art Lyon'),(206,'Art Thibert'),(700,'Aspen MLT\'S John Starr'),(498,'Astrate Design'),(454,'Audrand'),(291,'Avalon Studios'),(726,'Barbara Ciardo'),(970,'Barbara Stavel'),(406,'Barry Kitson'),(108,'Batt'),(17,'Becky Cloonan'),(157,'Belardino Brabo'),(82,'Ben Cadwell'),(559,'Ben Oliver'),(748,'Ben Percy'),(586,'Bengal'),(165,'Benjamin Percy'),(907,'Benjamin Riviere'),(543,'Benjamin Viette'),(447,'Benoît Bekaert'),(949,'Benoit Dahan'),(905,'Bernard Chang'),(123,'Beth Sothelo'),(963,'Bidybop'),(932,'Bill Crabtree'),(160,'Bill Sienkiewicz'),(391,'Bill Willingham'),(489,'Bill Wray'),(193,'Bilquis Evely'),(288,'BIT'),(715,'Blond'),(661,'Bob Petrecca'),(656,'Bob Wiack'),(113,'Brad Anderson'),(512,'Brad Meltzer'),(130,'Brad Walker'),(580,'Brandon Easton'),(522,'Brandon Thomas'),(587,'Brandon Vietti'),(95,'Brandt Peters'),(741,'Brent Peeples'),(98,'Bret Blevins'),(90,'Brett Smith'),(35,'Brian Azzarello'),(670,'Brian Bolland'),(604,'Brian Buccellato'),(296,'Brian Haberlin'),(270,'Brian Michael Bendis'),(632,'Brian Miller (Hi-Fi)'),(353,'Brian Reber'),(365,'Brian Stelfreeze'),(63,'Bruce W. Timm'),(668,'Bruno Redondo'),(752,'Bryan Hill'),(356,'Bryan Hitch'),(287,'Bryan Reber'),(429,'Bryan Talbot'),(886,'Bryan Valenza'),(917,'Butch Guice '),(723,'Cafu'),(638,'Cam Smith'),(482,'Cameron Stewart'),(154,'Carlo Pagulayan'),(220,'Carlos D\'anda'),(272,'Carlos Ezquerra'),(959,'Carlos Lopez'),(170,'Carlos Rodriguez'),(764,'Carmen Carnero'),(48,'Carmine Di Giandomenico'),(472,'Caroline Raszka-dewez'),(158,'Cary Nord'),(241,'Ceyles'),(71,'Chad Hardin'),(230,'Charles Vess'),(64,'Charlie Adlard'),(890,'Charlie Huston'),(675,'Cheryl Lynn Eaton'),(492,'Chip Zdarsky'),(642,'Chris Batista'),(645,'Chris Chuckry'),(361,'Chris Garcia'),(857,'Chris Mooneyham'),(843,'Chris O\'Halloran'),(889,'Chris Shehan'),(55,'Chris Sotomayor'),(316,'Chris Sprouse'),(403,'Chrissie Zullo'),(596,'Christian Alamy'),(51,'Christian Duce'),(221,'Christian Ward'),(7,'Christophe Arleston'),(294,'Christophe Semal'),(533,'Christopher Mitten'),(153,'Christopher Priest'),(943,'Cian Tormey'),(244,'Ciro Tota'),(10,'Claude Guth'),(480,'Claudia Sartoretti'),(672,'Clay Mann'),(873,'Clay McLeod Chapman'),(927,'Clayton Henry'),(653,'Cliff Richards'),(784,'Colin Kelly'),(870,'Colleen Doran'),(47,'Collin Kelly'),(440,'Cordeyran'),(417,'Craig Hamilton'),(933,'Craig Tailefer'),(9,'Crazytoons'),(894,'Crimelab Studio'),(703,'Cullen Bunn'),(357,'Cully Hamner'),(950,'Cyril Lieron'),(439,'Cyril Vincent'),(422,'D\'israeli'),(513,'Dale Eaglesham'),(86,'Damion Scott'),(129,'Dan Abnett'),(469,'Dan Brown'),(394,'Dan Green'),(610,'Dan Jurgens'),(290,'Dan Kemp'),(552,'Dan Mora'),(60,'Dan Panosian'),(524,'Dan Watters'),(349,'Dani'),(591,'Danial Sanpere'),(404,'Daniel Green'),(701,'Daniel H. Wilson'),(944,'Daniel HDR'),(147,'Daniel Henriques'),(367,'Daniel Kibblesmith'),(754,'Daniel Sampere'),(337,'Daniel Vozzo'),(731,'Daniel Warren Johnson'),(926,'Daniele Di Nicuolo'),(109,'Danny miki'),(259,'Darick Robertson'),(70,'Darwyn Cooke'),(254,'Dave Gibbons'),(68,'Dave Johnson'),(91,'Dave McCaig'),(141,'Dave Stewart'),(362,'David Baron'),(4,'David Chauvel'),(908,'David Curiel'),(104,'David Finch'),(420,'David Hahn'),(575,'David Lafuente'),(416,'David Lapham'),(382,'David Lloyd'),(652,'David Lopez'),(968,'David Mack'),(372,'David Mandel'),(537,'David Marquez'),(815,'David Mazzucchelli'),(795,'David Messina'),(974,'David Romero'),(78,'David Stewart'),(798,'Davide Furnò'),(898,'Davide Gianfelice'),(880,'Davide Tinto'),(226,'Dean V. White'),(750,'Dean White'),(266,'Declan Shalvey'),(269,'DELF'),(738,'Dennis Hopeless Hallum'),(159,'Denys B. Cowan'),(654,'Derec Aucoin'),(774,'Derek Fridolfs'),(542,'Dexter Soy'),(122,'Dexter Vines'),(766,'Diana Comesa'),(124,'Diana Egea'),(380,'Dick Giordano'),(300,'Didier Poli'),(247,'Didier Tarquin'),(923,'Digikore Studios'),(231,'Digital Chameleon'),(960,'Dijjo Lima'),(5,'Dimitris martinos'),(164,'Diogenes Neves'),(441,'Djillali Defali'),(811,'Dominike \"Domo\" Stanton'),(876,'Dono Sanchez-Almara'),(485,'Doug Headline'),(595,'Doug Mahnke'),(519,'Drew Geraci'),(624,'Duncan Rouleau'),(33,'Dustin Nguyen'),(508,'Dylan Todd'),(209,'Eber Ferreira'),(517,'Ed Benes'),(785,'Ed Brisson'),(481,'Ed Brubaker'),(625,'Ed McGuinness'),(225,'Eddy Barrows'),(606,'Edgard Salazar'),(939,'Edmond Tourriol'),(590,'Eduardo Pansica'),(669,'Eduardo Risso'),(184,'Elena Casagrande'),(171,'Eleonora Carlini'),(685,'Elizabeth Breitweiser'),(895,'Elleti'),(218,'Elmer Santos'),(971,'Elsa Charretier'),(770,'Emanuel Simeoni'),(204,'Emanuela Lupacchino'),(530,'Emilio Lopez'),(350,'Enrica Eren'),(805,'Enrico Marini'),(363,'Eric Guerrero'),(292,'Eric Montésinos'),(819,'Eric Nguyen'),(934,'Eric Powell'),(317,'Eric Shanower'),(347,'Erica Henderson'),(915,'Erick Arciniega'),(698,'Ethan Van Sciver'),(176,'Eva de la Cruz'),(937,'Evan \"Doc\" Shaner'),(954,'Evan Narcisse'),(462,'Fabio Ciacci'),(553,'FCO Plascencia'),(879,'Federico Blee'),(911,'Federico Sabbatini'),(914,'Felipe Sobreiro'),(779,'Felix Ruiz'),(877,'Fer Sifuentes-Sujo'),(53,'Fernandez'),(181,'Fernando Blanco'),(514,'Fernando Pasarin'),(942,'Filipe Andrade'),(279,'Fiona Kai Avery'),(52,'Flaviano'),(100,'Flaviano Armentaro'),(335,'Francesco Francavilla'),(223,'Francesco Mattina'),(825,'Francesco Mobili'),(901,'Francesco Mortarino'),(602,'Francis Manapul'),(436,'Francois Lapierre'),(665,'Frank Miller'),(256,'Frank Quitely'),(172,'Frank Tieri'),(249,'Fred Besson'),(740,'Freddie E. Williams II'),(252,'Frédéric Vigneau'),(788,'Gabe Eltaeb'),(136,'Gabriel A. Eltaeb'),(308,'Gabriel Rodriguez'),(796,'Gaetano Carlucci'),(618,'Gail Simone'),(797,'Garry Brown'),(258,'Garth Ennis'),(460,'Gary Caldwell'),(407,'Gary Erskin'),(213,'Gary Frank'),(408,'Gene Ha'),(554,'Gene Luen Yang'),(969,'Geneviève Coulomb'),(783,'Genevieve Valentine'),(340,'Geoff Johns'),(527,'Geoffrey Thorne'),(684,'George Freeman'),(619,'George Perez'),(871,'George Pratt'),(358,'Georges Jeanty'),(50,'Geraldo Borges'),(297,'Gerard Way '),(841,'Germán García'),(22,'Gerry Duggan'),(844,'Gianluca Pini'),(551,'Giannis Milonogiannis'),(906,'Giovanna Niro'),(691,'Giulia Brusco'),(582,'Gleb Melnikov'),(105,'Goran Sudžuka'),(433,'Gousalle'),(30,'Graham Nolan'),(390,'Grant Goleash'),(744,'Grant Morrison'),(13,'Greg Capullo'),(191,'Greg Rucka'),(352,'Greg Smallwood'),(570,'Guillem March'),(42,'Guillermo Ortego'),(958,'Guillermo Sanna'),(222,'Guiseppe Camuncoli'),(169,'Gus Vasquez'),(630,'Guy Major'),(432,'Guy Mathias'),(935,'Harold Schechter'),(275,'Hector Ezquerra'),(246,'Hérenguel'),(96,'Hi-fi'),(622,'Howard Chaykin'),(152,'Howard Porter'),(185,'Hugo Petrus'),(299,'I.N.J Culbard'),(794,'Ian Bertram'),(115,'Ian Churchill'),(792,'Igor Vitorino'),(174,'Inaki Miranda'),(584,'Ivan Plascencia'),(212,'Ivan Reis'),(114,'Ive Svorcina'),(490,'J. Bone'),(229,'J. H. Williams III'),(278,'J. Michael Straczynski'),(257,'Jacen Burrows'),(550,'Jack Herbert'),(648,'Jack Jadson'),(46,'Jackson Lanzing'),(400,'Jae Lee'),(456,'Jahan'),(285,'Jaime Mendoza'),(540,'Jamal Igle'),(202,'James Robinson'),(388,'James Sinclair'),(576,'James Stokoe'),(19,'James Tynion'),(14,'James Tynion IV'),(28,'James TynionIV'),(718,'Jan Duursema'),(940,'Janolle'),(16,'Jason Fabok'),(156,'Jason Paz'),(721,'Jason Wright'),(824,'Java Tartaglia'),(801,'Javi Fernandez'),(791,'Javi Piña'),(660,'Javier Bergantino'),(688,'Javier Fernandez'),(85,'Javier Garron'),(787,'Javier Pina'),(346,'Javier Rodriguez'),(309,'Jay Fotos'),(607,'Jay Leisten'),(250,'JBX'),(97,'Jed Dougherty'),(913,'Jed MacKay'),(694,'Jeff King'),(743,'Jeff Lemire'),(315,'Jennifer T. Lange'),(488,'Jeph Loeb'),(227,'Jeremiah Skipper'),(579,'Jeremy Adams'),(198,'Jeremy Colwell'),(521,'Jérémy Manesse'),(69,'Jeremy Roberts'),(267,'Jérôme FELIX'),(377,'Jerome K. Moore'),(3,'Jérôme Lereculey'),(491,'Jérôme Wicky'),(44,'Jeromy Cox'),(620,'Jerry Ordway'),(690,'Jessica Kholine'),(536,'Jesus Merino'),(621,'Jesus Saiz'),(427,'Jill Thompson'),(413,'Jim Fern'),(62,'Jim Lee'),(425,'Jim Rugg'),(961,'Jim Zub'),(57,'Jimmy Palmiotti'),(415,'Joao Ruas'),(20,'Jock'),(146,'Joe Bennett'),(307,'Joe Hill'),(617,'Joe Kelly'),(284,'Joe Pimentel'),(598,'Joe Prado'),(81,'Joe Quinones'),(683,'Joe Staton'),(717,'Joe Weems'),(180,'Joëlle Jones'),(953,'John'),(646,'John Byrne'),(496,'John D\'armata'),(494,'John Dell'),(261,'John Higgins'),(973,'John J. Pearson'),(426,'John K. Snyder III'),(74,'John Kalisz'),(775,'John Kalisz Blond'),(448,'John Lang'),(767,'John Layman'),(643,'John Livesay'),(31,'John McCREA'),(219,'John Ostrander'),(342,'John Paul Leon'),(722,'John Rauch'),(556,'John Ridley'),(280,'John Romita'),(224,'John Romita Jr.'),(295,'John Romita Sr.'),(80,'John Timms'),(111,'Johnny Desjardins'),(107,'Jonathan Glapion'),(262,'Jonathan Hickman'),(148,'Jordi Tarragona'),(179,'Jordie Bellaire'),(673,'Jorge Fornés'),(188,'Jorge Jimenez'),(771,'Jorge Lucas'),(681,'Jose Fornes'),(145,'José Luis'),(629,'Jose Marzan'),(395,'José Marzan JR.'),(322,'José Villarrubia'),(965,'Joshua Hixson'),(423,'Joshua Middleton'),(151,'Joshua Williamson'),(860,'Jp Mayer'),(781,'Jr. Blond'),(126,'Juan Albarran'),(510,'Juan Alvares'),(43,'Juan Castro'),(234,'Juan Díaz Canales'),(167,'Juan E. Ferreyra'),(773,'Juan Ferreyra'),(753,'Juan Gedeon'),(709,'Juan Jose Ryp'),(235,'Juanjo Guarnido'),(640,'Judd Winick'),(593,'Julio Ferreira'),(724,'Julius Gopez'),(405,'June Chung'),(635,'Justiniano'),(623,'Karl Kerschl'),(321,'Karl Story'),(809,'Kat Howard'),(345,'Katana Collins'),(414,'Kate McElroy'),(327,'Keiron Gillen'),(376,'Keith Aiken'),(757,'Keith Giffen'),(29,'Kelley Jones'),(803,'Kelsey Shannon'),(354,'Kevin Altieri'),(608,'Kevin Maguire'),(745,'Kevin Nowlan'),(822,'Khaled Tadil'),(734,'Khary Randoplh'),(274,'Kieth Burns'),(597,'Kieth Champagne'),(378,'Kim DeMulder'),(343,'Klaus Janson'),(341,'Kurt Busiek'),(769,'Kyle Higgins'),(820,'Kyle Hotz'),(588,'L. L. McKinney'),(823,'Lalit Kumar Sharma'),(435,'Lamirand'),(428,'Lan Medina'),(155,'Larry Stucker'),(182,'Laura Allred'),(563,'Laura Braga'),(360,'Laura Depuy'),(197,'Laura Martin'),(306,'Laurence Belingard'),(473,'Laurence Dyévre'),(293,'Laurence Hingray'),(929,'Laurent Queyssi'),(478,'Le Beau Underwood'),(251,'Le Fab'),(438,'Le tendre'),(344,'Lee Bermejo'),(475,'Lee Garbett'),(77,'Lee Loughridge'),(678,'Lee Weeks'),(332,'Leila Del Luca'),(692,'Leomacs'),(6,'Lewelyn'),(195,'Liam Sharp'),(371,'Liz Erickson'),(437,'Loisel'),(882,'Lorenzo Ruggiero'),(452,'Lorien'),(75,'Lovern Kindzierski'),(957,'Luciano Vecchio'),(936,'Lucille Calame'),(736,'Luis Gerrero'),(474,'Lydia Walertyszak'),(666,'Lynn Varley'),(920,'Lyse Tarquin'),(424,'M. K. Perker'),(463,'Makma'),(869,'Malcolm Jones III'),(955,'Manu Larcenet'),(856,'Manuel Garcia'),(301,'Manuel Gutierrez'),(511,'Manuel J. Rodriguez'),(626,'Marc Campos'),(614,'Marc Deering'),(458,'Marcelo Frusin'),(217,'Marcelo Maiolo'),(862,'Marcio Menys'),(592,'Marcio Takara'),(821,'Marco Checchetto'),(83,'Marco Failla'),(720,'Marcus To'),(21,'Marguerite Bennett'),(348,'Marguerite Sauvage'),(628,'Mariah Benes'),(549,'Mariko Tamaki'),(449,'Marion Poinsot'),(528,'Marisa Louise'),(493,'Mark Bagley'),(282,'Mark Brooks'),(392,'Mark Buckingham'),(644,'Mark Farmer'),(119,'Mark Irwin'),(253,'Mark Millar'),(134,'Mark Morales'),(659,'Mark Propst '),(578,'Mark Russell'),(650,'Mark Verheiden'),(636,'Marlo Alquiza'),(476,'Martin Simmonds'),(431,'Martino'),(634,'Marv Wolfman'),(54,'Mat Lopez'),(237,'Mateus Santolouco'),(938,'Matheus Lopes '),(464,'Mathieu Auverdin'),(331,'Matias Bergara'),(518,'Matt Banning'),(948,'Matt Herms'),(304,'Matt Hollingsworth'),(613,'Matt Kindt'),(286,'Matt Milla'),(780,'Matt Ryan'),(742,'Matt Santorelli'),(680,'Matt Wagner'),(677,'Matt Wilson'),(713,'Matt Yackey'),(26,'Matteo Scalera'),(904,'Matthew Dow Smith'),(548,'Matthew Rosenberg'),(396,'Matthew Sturges'),(196,'Matthew Vaughn'),(837,'Mattia Iacono'),(818,'Mattson Tomlin'),(94,'Mauricet'),(138,'Max Fiumara'),(509,'Maxime Le Dain'),(557,'Meghan Fitzmartin'),(776,'Meghan Hetrick'),(245,'Melanÿn'),(103,'Meredith Finch'),(418,'Michael Allred'),(730,'Michael Atiyeh'),(583,'Michael Avon Oeming'),(655,'Michael Blair'),(897,'Michael Garland'),(664,'Michael Gaydos'),(466,'Michael Kelleher'),(765,'Michael McMillian'),(268,'Michaël MINERBE'),(501,'Michael W. Conrad'),(364,'Michel Garcia'),(89,'Michelle Madsen'),(208,'Mick Gray'),(891,'Mico Suayan'),(116,'Miguel Mendonça'),(483,'Mike Allred'),(594,'Mike Atiyeh'),(281,'Mike Deodato'),(338,'Mike Dringenberg'),(855,'Mike Hawthorne'),(263,'Mike Huddleston'),(702,'Mike Johnson'),(102,'Mike Manley'),(178,'Mike Norton'),(930,'Mike Perkins'),(735,'Mike Spicer'),(40,'Mikel Janin'),(687,'Minkyu Jung'),(807,'Miquel Muerto'),(201,'Mirka Andolfo'),(902,'Miroslav Mrva'),(177,'Mitch Gerads'),(662,'Moose Baumann'),(99,'Moritat'),(810,'Nalo Hopkinson'),(49,'Natasha Alterici'),(381,'Nathan Eyring'),(679,'Nathan Fairbairn'),(817,'Neil Edwards'),(312,'Neil Gaiman'),(627,'Nelson'),(233,'Nick Bell'),(562,'Nick Derington'),(507,'Nick Filardi'),(916,'Nick Pitarra'),(755,'Nick Virella'),(909,'Nico Leon'),(192,'Nicola Scott'),(238,'Nicolas Petrimaux'),(497,'Nicole Duclos'),(421,'Niko Henrichon'),(397,'Nimit Malavia'),(964,'Noël Chanat'),(826,'Nolan Woodard'),(162,'Norm Rapmund'),(216,'Oclair Albert'),(574,'Olivier Coipel'),(924,'Olivier Héban'),(248,'Olivier Vatine'),(453,'OPH'),(133,'Oscar Jiménez'),(1,'Oscar Martín'),(166,'Otto Schmidt'),(313,'P. Craig Russell'),(314,'P. Graig Russell'),(386,'Pamela Rambo'),(799,'Paolo Armitano'),(708,'Pascal Alixe'),(495,'Pasqual Ferry'),(101,'Pasquale Qualano'),(956,'Patrice Larcenet'),(330,'Patricia Mulvihill'),(808,'Patrick Marcel'),(369,'Patrick Schumacker'),(758,'Patrick Zircher'),(373,'Paul Dini'),(487,'Paul Grist'),(355,'Paul Jenkins'),(72,'Paul Mounts'),(359,'Paul Neary'),(535,'Paul Pelletier'),(84,'Paul Pope'),(555,'Paula Sevenbergen'),(704,'Paulo Siqueira'),(434,'Pellet'),(419,'Peter Gross'),(187,'Peter J. Tomasi'),(712,'Peter Pantazis'),(260,'Peter Snejbjerg'),(112,'Peter Steigerwald'),(265,'Phil Hester'),(609,'Phil Jimenez'),(878,'Phil Noto'),(526,'Philip Kennedy Johnson'),(210,'Philip Tan'),(132,'Philippe Briones'),(504,'Phill Thompson'),(137,'Phillip Kennedy Johnson'),(446,'Picksel'),(451,'Pierre Leoni'),(520,'Prentis Rollins'),(875,'Protobunker\'s'),(814,'Quinton Winter'),(772,'R. M. Guera'),(706,'R.B. Silva'),(303,'Rachel Dodson'),(827,'Rachelle Rosenberg'),(539,'Rafa Sandoval'),(15,'Rafael Albuquerque'),(881,'Rafael de Latorre'),(479,'Rafael Fonteriz'),(671,'Rafael Grampá'),(651,'Rags Morales'),(749,'Rain Beredo'),(183,'Ram V'),(411,'Ramon Bachs'),(467,'Ramone'),(443,'Raphael Hedon'),(200,'Raul Fernandez'),(768,'Ray Fawkes'),(379,'Ray Kryssing'),(207,'Ray McCarthy'),(199,'Renato Guedes'),(336,'Ricardo Lopez Ortiz'),(325,'Riccardo Burchielli'),(139,'Riccardo Federici'),(693,'Riccardo la Bella'),(389,'Richard Case '),(106,'Richard Friend'),(615,'Richard Horie'),(816,'Richmond Lewis'),(117,'Rick Bryant'),(899,'Rick Burchett'),(140,'Rick Leonardi'),(866,'Rick Magyar'),(318,'Rick Veitch'),(88,'Rico Rensi'),(37,'Riley Rossmo'),(931,'Rio Youers'),(561,'Rob Haynes'),(599,'Rob Hunter'),(658,'Rob Lea'),(612,'Rob Leigh'),(699,'Rob Roslan'),(633,'Rob Schwager'),(143,'Rob Williams'),(966,'Robbi Rodriguez'),(867,'Robbie Busch'),(310,'Robbie Robins'),(87,'Roberr Campanella'),(667,'Robert Venditti'),(161,'Roberto J. Viacava'),(842,'Roberto Poggi'),(144,'Robson Rocha'),(601,'Rod Reis'),(962,'Rodney Barnes'),(375,'Rodney Ramos'),(34,'Roge Antonio'),(324,'Roger Cruz'),(790,'Roger Robinson'),(461,'Roma'),(967,'Roman Stevens'),(976,'Roman Titov'),(194,'Romulo Fajardo Jr.'),(412,'Ron Randall'),(641,'Ron Wagner'),(786,'Ronan Cliquet'),(947,'Ruairi Coleman'),(402,'Russell Braun'),(477,'Ruy José'),(585,'Ryan Benjamin'),(840,'Ryan Bodenheim'),(729,'Ryann Winn'),(951,'S/Z'),(366,'Saladin Ahmed'),(370,'Sam Humphries'),(573,'Sam Johns'),(32,'Sam Kieth'),(689,'Sami Basri'),(215,'Sandra Hope'),(789,'Sandra Molina'),(125,'Sandu Florea'),(544,'Sarah Grassart'),(945,'Sarah Stern'),(131,'Scot Eaton'),(707,'Scott Cohn'),(186,'Scott Godlewski'),(311,'Scott Hampton'),(121,'Scott Hanna'),(283,'Scott Koblish'),(611,'Scott Kolins'),(695,'Scott Lobdell'),(560,'Scott McDaniel'),(12,'Scott Snyder'),(214,'Scott Williams'),(211,'Sean \"Cheeks\" Galloway'),(577,'Sean Lewis'),(27,'Sean Murphy'),(728,'Sean Parsons'),(163,'Sean Pearson'),(812,'Sebastian Fiumara'),(919,'Sébastien Lamirand'),(203,'Sergio Davila'),(674,'Seth Mann'),(516,'Shane Davis'),(298,'Shaun Simon'),(326,'Shawn Aldridge'),(399,'Shawn McManus'),(430,'Sherilyn Van Valkenburgh'),(777,'Simon Coleby'),(255,'Simon Fraser'),(368,'Simon Spurrier'),(564,'Simone Dimeo'),(737,'Sina Grace'),(383,'Siobhan Dodds'),(581,'Siya Oum'),(649,'Sno-cone'),(110,'Sonia Oback'),(289,'Sophie Watine-Vievard'),(885,'Stefano Landini'),(696,'Stephan Segovia'),(59,'Stephane Roux'),(499,'Stéphane Sarrazin'),(523,'Stephanie Phillips'),(168,'Stephen Byrne'),(127,'Stephen Downer'),(236,'Stephen King'),(41,'Stephen Mooney'),(205,'Stephen Segovia'),(759,'Stephen Thompson'),(605,'Sterling Gates'),(928,'Steve Buccellato'),(385,'Steve Dillon'),(663,'Steve Firchlow'),(393,'Steve Leialoha'),(457,'Steve Niles'),(868,'Steve Oliff'),(782,'Steve Orlando'),(387,'Steve Pugh'),(384,'Steve Whitaker'),(445,'Steven Dupré'),(11,'Štjepan Sejić'),(339,'Stuart Immonen'),(305,'Studio Ram'),(566,'Sumit Kumar'),(142,'Sunny Gho'),(921,'Sylvain Cordurié'),(450,'Sylvie Sabater'),(328,'Szymon Kudranski'),(323,'Tad Ehrlich'),(506,'Tamra Bonvillain'),(631,'Tanya Horie'),(888,'Tate Brombal'),(302,'Terry Dodson'),(401,'Terry Moore'),(459,'Thomas Davier'),(93,'Thony Silas'),(484,'Tim Sale'),(38,'Tim Seeley'),(525,'Tim Sheridan'),(865,'Tim Townsend'),(946,'Tini Howard'),(541,'Todd Nauck'),(173,'Tom Derenick'),(374,'Tom Fowler'),(39,'Tom King'),(465,'Tom Palmer'),(468,'Tom Palmer, SR.'),(763,'Tom Raney'),(845,'Tom Reilly'),(676,'Tom Taylor'),(727,'Tomas Giorello'),(73,'Tomeu Morey'),(892,'Tomm Coker'),(903,'Tommy Lee Edwards'),(565,'Toni Infante'),(398,'Tony Akins'),(273,'Tony Aviña'),(733,'Tony Daniel'),(603,'Tony Kordos'),(751,'Tony Patrick'),(58,'Tony Salvador Daniel'),(242,'Torta'),(240,'Totra'),(67,'Tradd Moore'),(502,'Travis Moore'),(793,'Trevor Mccarthy'),(120,'Trevor scott'),(529,'Triona Tree farrell'),(569,'Trish Mulvihill'),(334,'Tula Lotay'),(900,'Ty Templeton'),(972,'Tyler Boss'),(705,'Tyler Kirkham'),(128,'Ulisses Arreola'),(239,'Ulriq Godderidge'),(647,'Val Semeiks'),(531,'Valentine De Landro'),(872,'Vianney Jalin'),(149,'Vicente Cifuentes'),(572,'Victor Ibanez'),(884,'Victor Nava'),(804,'Victor Oblazaba'),(859,'Victor Olazaba'),(243,'Vincent'),(732,'Vita Alaya'),(558,'Vita Ayala'),(505,'Wade Von Grawbadger'),(637,'Walden Wong'),(61,'Walter Simonson'),(264,'Warren Ellis'),(135,'Wayne Faucher'),(806,'Werther Dell\'edera'),(25,'Wes Craig'),(747,'Wil Quintana'),(232,'Wildstorm FX'),(896,'Wilfredo Torres'),(589,'Will Conrad'),(546,'Wong'),(534,'Xermanico'),(36,'Yanick Paquette'),(486,'Yann Graf'),(725,'Yildiray Cinar'),(941,'Yves Lencot'),(874,'Zac Thompson'),(410,'Zander Cannon'),(455,'ZAZ'),(910,'Zé Carlos'),(739,'Zoë Quinn');
/*!40000 ALTER TABLE `artist` ENABLE KEYS */;
UNLOCK TABLES;

--
-- Table structure for table `book`
--

DROP TABLE IF EXISTS `book`;
/*!40101 SET @saved_cs_client     = @@character_set_client */;
/*!40101 SET character_set_client = utf8 */;
CREATE TABLE `book` (
  `ark_id` varchar(255) DEFAULT NULL,
  `collection` varchar(255) DEFAULT NULL,
  `cover` varchar(255) DEFAULT NULL,
  `creation_date` datetime DEFAULT NULL,
  `isbn` varchar(13) NOT NULL,
  `status` varchar(7) DEFAULT NULL,
  `title` varchar(255) DEFAULT NULL,
  `year` varchar(255) DEFAULT NULL,
  `last_update_date` datetime DEFAULT NULL,
  `current_loan_id` bigint DEFAULT NULL,
  `possession_status` varchar(9) DEFAULT NULL,
  `list_type` varchar(8) DEFAULT NULL,
  PRIMARY KEY (`isbn`),
  KEY `FK7e1jgwg2wwf1lpbdlf4199k0g` (`current_loan_id`),
  CONSTRAINT `FK7e1jgwg2wwf1lpbdlf4199k0g` FOREIGN KEY (`current_loan_id`) REFERENCES `loan` (`id`)
) ENGINE=InnoDB DEFAULT CHARSET=utf8mb4 COLLATE=utf8mb4_0900_ai_ci;
/*!40101 SET character_set_client = @saved_cs_client */;

--
-- Dumping data for table `book`
--

LOCK TABLES `book` WRITE;
/*!40000 ALTER TABLE `book` DISABLE KEYS */;
INSERT INTO `book` VALUES ('ark:/12148/cb40967051v',NULL,'2203370157.jpg','2021-12-30 12:57:51','2203370157','READ','L\'armée du Nécromant','DL 2006','2021-12-30 13:06:11',NULL,'POSSESSED','LIBRARY'),('ark:/12148/cb41174723s',NULL,'9782203008175.jpg','2021-12-30 12:57:15','9782203008175','READ','Les sièges de transport','DL 2007','2021-12-30 12:59:45',NULL,'POSSESSED','LIBRARY'),('ark:/12148/cb414718006',NULL,'9782203012882.jpg','2021-12-30 12:56:47','9782203012882','READ','L\'énigme du coffre','DL 2008','2021-12-30 12:59:45',NULL,'POSSESSED','LIBRARY'),('ark:/12148/cb421134108',NULL,'9782203024809.jpg','2021-12-30 12:56:17','9782203024809','READ','Perceval et le dragon d\'airain','impr. 2009','2021-12-30 12:59:45',NULL,'POSSESSED','LIBRARY'),('ark:/12148/cb42349202h',NULL,'9782203034877.jpg','2021-12-30 12:55:42','9782203034877','READ','Le serpent géant du lac de l\'ombre','impr. 2009','2021-12-30 12:59:46',NULL,'POSSESSED','LIBRARY'),('ark:/12148/cb42577457t',NULL,'9782203038271.jpg','2021-12-30 12:55:15','9782203038271','READ','Le duel des mages','impr. 2011','2021-12-30 12:59:47',NULL,'POSSESSED','LIBRARY'),('ark:/12148/cb43627733x',NULL,'9782203061927.jpg','2021-12-30 12:52:30','9782203061927','READ','Contre-attaque en Carmélide','impr. 2013','2021-12-30 12:59:47',NULL,'POSSESSED','LIBRARY'),('ark:/12148/cb454496475',NULL,'9782203063716.jpg','2021-12-30 12:51:39','9782203063716','UNREAD','L\'antre du basilic','DL 2018','2021-12-30 12:52:05',NULL,'POSSESSED','LIBRARY'),('manual',NULL,'9782203085053.jpg','2021-12-30 12:51:08','9782203085053','UNREAD','Les Renforts Maléfiques','DL 2020','2021-12-30 12:51:08',NULL,'POSSESSED','LIBRARY'),('manual',NULL,'9782205048001.jpg','2021-12-30 01:07:03','9782205048001','UNREAD','La Conque de Ramor','DL 1999','2021-12-30 01:07:03',NULL,'POSSESSED','LIBRARY'),('manual',NULL,'9782205054255.jpg','2022-12-13 11:40:23','9782205054255','UNREAD','Tome 1','DL 2003','2022-12-13 11:40:23',NULL,'POSSESSED','LIBRARY'),('ark:/12148/cb442318849',NULL,'9782205073980.jpg','2021-03-03 12:48:23','9782205073980','READ','Blacksad','DL 2014','2021-05-19 21:43:07',NULL,'POSSESSED','LIBRARY'),('ark:/12148/cb46882810b',NULL,'9782205078046.jpg','2021-12-30 00:15:09','9782205078046','UNREAD','Alors, tout tombe - Première Partie','DL 2021','2021-12-30 16:25:01',NULL,'POSSESSED','LIBRARY'),('ark:/12148/cb43469921f',NULL,'9782302000018.jpg','2021-02-12 07:31:22','9782302000018','READ','L\'ultime arcane','2007','2021-02-12 07:39:58',NULL,'POSSESSED','LIBRARY'),('ark:/12148/cb43469895q',NULL,'9782302000315.jpg','2021-05-19 20:17:34','9782302000315','READ','Le secret des Dolphantes','2007','2021-05-19 20:18:57',NULL,'POSSESSED','LIBRARY'),('ark:/12148/cb41376512d',NULL,'9782302002098.jpg','2021-05-19 19:42:23','9782302002098','READ','Eckmül le bûcheron','2008','2021-05-19 19:51:02',NULL,'POSSESSED','LIBRARY'),('ark:/12148/cb434724160',NULL,'9782302002623.jpg','2021-05-19 20:12:35','9782302002623','READ','Un, deux... Troy','2008','2021-05-19 20:18:57',NULL,'POSSESSED','LIBRARY'),('ark:/12148/cb41346872g',NULL,'9782302002937.jpg','2021-02-12 07:31:51','9782302002937','READ','La révolte des pions','2008','2021-02-12 07:39:58',NULL,'POSSESSED','LIBRARY'),('ark:/12148/cb43473739q',NULL,'9782302003828.jpg','2021-05-19 20:18:41','9782302003828','READ','Le sang des comètes','2008','2021-05-19 20:18:57',NULL,'POSSESSED','LIBRARY'),('ark:/12148/cb42100453m',NULL,'9782302005563.jpg','2021-12-30 00:42:32','9782302005563','READ','Le sortilège du pontife','DL 2009','2021-12-30 01:01:47',NULL,'POSSESSED','LIBRARY'),('ark:/12148/cb43474614b','Soleil celtic','9782302006256.jpg','2022-10-28 00:00:00','9782302006256','READ','Le sang du Loonois','2009','2022-10-28 00:00:00',NULL,'POSSESSED','LIBRARY'),('ark:/12148/cb420703392',NULL,'9782302007369.jpg','2021-02-12 07:33:23','9782302007369','READ','La marque des Ythes','2009','2021-02-12 07:39:58',NULL,'POSSESSED','LIBRARY'),('ark:/12148/cb42127152j',NULL,'9782302008786.jpg','2021-05-19 20:07:57','9782302008786','READ','Le secret de Cixi','2009','2021-05-19 20:10:49',NULL,'POSSESSED','LIBRARY'),('ark:/12148/cb42168548g',NULL,'9782302010222.jpg','2021-05-19 19:50:49','9782302010222','READ','Albumen l\'éthéré','2010','2021-05-19 19:50:57',NULL,'POSSESSED','LIBRARY'),('ark:/12148/cb42215251z',NULL,'9782302010796.jpg','2021-05-19 19:22:59','9782302010796','READ','Les arches de sang','2010','2021-05-19 19:37:18',NULL,'POSSESSED','LIBRARY'),('ark:/12148/cb42446486c','Soleil celtic','9782302011281.jpg','2022-10-28 00:00:00','9782302011281','READ','La filleule des fées','DL 2011','2022-10-28 00:00:00',NULL,'POSSESSED','LIBRARY'),('ark:/12148/cb434766693',NULL,'9782302011465.jpg','2021-05-19 19:03:20','9782302011465','READ','L\'île oubliée','2010','2021-05-19 19:04:17',NULL,'POSSESSED','LIBRARY'),('ark:/12148/cb43476671n',NULL,'9782302011489.jpg','2021-05-19 19:20:55','9782302011489','READ','Le monde blanc','2010','2021-05-19 19:37:18',NULL,'POSSESSED','LIBRARY'),('ark:/12148/cb423208973',NULL,'9782302012271.jpg','2021-02-12 07:33:46','9782302012271','READ','Le miroir des mensonges','2010','2021-02-12 07:39:58',NULL,'POSSESSED','LIBRARY'),('ark:/12148/cb42279209c',NULL,'9782302012516.jpg','2021-05-19 20:02:40','9782302012516','READ','L\'énigme Or-Azur','2010','2021-05-19 20:06:35',NULL,'POSSESSED','LIBRARY'),('ark:/12148/cb42348398d',NULL,'9782302013827.jpg','2021-05-19 20:08:56','9782302013827','READ','Le secret de Cixi','DL 2010','2021-05-19 20:10:49',NULL,'POSSESSED','LIBRARY'),('ark:/12148/cb42331485f',NULL,'9782302014510.jpg','2021-05-19 20:02:12','9782302014510','READ','L\'énigme Or-Azur','2010','2021-05-19 20:06:35',NULL,'POSSESSED','LIBRARY'),('manual',NULL,'9782302015890.jpg','2022-10-28 00:00:00','9782302015890','READ','La bataille de Port Fleuri','DL 2011','2022-10-28 00:00:00',NULL,'POSSESSED','LIBRARY'),('ark:/12148/cb43479471t',NULL,'9782302015937.jpg','2022-10-28 00:00:00','9782302015937','READ','Le paladin d\'Eckmul','2011','2022-10-28 00:00:00',NULL,'POSSESSED','LIBRARY'),('ark:/12148/cb434794725',NULL,'9782302015944.jpg','2022-10-28 00:00:00','9782302015944','READ','Le frisson de l\'Haruspice','2011','2022-10-28 00:00:00',NULL,'POSSESSED','LIBRARY'),('ark:/12148/cb43479474v',NULL,'9782302015968.jpg','2022-10-28 00:00:00','9782302015968','READ','Les Pétaures se cachent pour mourir','2011','2022-10-28 00:00:00',NULL,'POSSESSED','LIBRARY'),('ark:/12148/cb42525196c',NULL,'9782302016101.jpg','2021-02-12 07:34:17','9782302016101','READ','L\'impossible vérité','2011','2021-02-12 07:39:58',NULL,'POSSESSED','LIBRARY'),('ark:/12148/cb42467079n',NULL,'9782302016125.jpg','2021-05-19 19:27:18','9782302016125','READ','L\'éveil','2011','2021-05-19 19:37:18',NULL,'POSSESSED','LIBRARY'),('ark:/12148/cb42562834v',NULL,'9782302018556.jpg','2021-05-19 20:03:10','9782302018556','READ','Le banni d\'Eckmül','2011','2021-05-19 20:06:35',NULL,'POSSESSED','LIBRARY'),('ark:/12148/cb42571077w',NULL,'9782302018709.jpg','2021-12-30 00:43:38','9782302018709','READ','Les dents de pierre','DL 2011','2021-12-30 01:01:47',NULL,'POSSESSED','LIBRARY'),('ark:/12148/cb42562830g',NULL,'9782302018716.jpg','2021-05-19 20:10:44','9782302018716','READ','Le secret de Cixi','2011','2021-05-19 20:10:49',NULL,'POSSESSED','LIBRARY'),('ark:/12148/cb42743937b',NULL,'9782302022652.jpg','2021-05-19 19:28:54','9782302022652','READ','Les méandres','2012','2021-05-19 19:37:18',NULL,'POSSESSED','LIBRARY'),('ark:/12148/cb42775949f',NULL,'9782302022805.jpg','2021-02-12 07:34:36','9782302022805','READ','Nehorf-Capitol transit','2012','2021-02-12 07:39:57',NULL,'POSSESSED','LIBRARY'),('ark:/12148/cb435010438',NULL,'9782302024243.jpg','2021-05-19 20:03:45','9782302024243','READ','La grande traque','2012','2021-05-19 20:06:36',NULL,'POSSESSED','LIBRARY'),('ark:/12148/cb436360705',NULL,'9782302025523.jpg','2021-05-19 19:29:58','9782302025523','READ','L\'autre rive','2013','2021-05-19 19:37:18',NULL,'POSSESSED','LIBRARY'),('ark:/12148/cb43682458g',NULL,'9782302030794.jpg','2021-02-12 07:34:59','9782302030794','READ','L\'haleine de l\'ogre','2013','2021-02-12 07:39:57',NULL,'POSSESSED','LIBRARY'),('ark:/12148/cb43702091q',NULL,'9782302031005.jpg','2021-12-30 00:49:45','9782302031005','READ','Les hordes de la nuit','DL 2013','2021-12-30 01:01:47',NULL,'POSSESSED','LIBRARY'),('ark:/12148/cb437221279',NULL,'9782302036314.jpg','2021-05-19 20:04:09','9782302036314','READ','Le piège des sables','2013','2021-05-19 20:06:35',NULL,'POSSESSED','LIBRARY'),('ark:/12148/cb442121726',NULL,'9782302036758.jpg','2021-05-19 19:44:29','9782302036758','READ','Le mont Rapace','2014','2021-05-19 19:51:02',NULL,'POSSESSED','LIBRARY'),('ark:/12148/cb438750703',NULL,'9782302038363.jpg','2021-05-19 19:32:58','9782302038363','READ','L\'épingle des éphémères','2014','2021-05-19 19:37:18',NULL,'POSSESSED','LIBRARY'),('ark:/12148/cb442122269',NULL,'9782302042476.jpg','2021-02-12 07:37:03','9782302042476','READ','Les clefs du néant','2014','2021-02-12 07:39:57',NULL,'POSSESSED','LIBRARY'),('ark:/12148/cb44244689d',NULL,'9782302042667.jpg','2021-05-19 20:04:50','9782302042667','READ','Le delta bilieux','2014','2021-05-19 20:06:35',NULL,'POSSESSED','LIBRARY'),('ark:/12148/cb443661177',NULL,'9782302046535.jpg','2021-05-19 19:34:05','9782302046535','UNREAD','Les deux Roynes','2015','2021-05-19 19:34:05',NULL,'POSSESSED','LIBRARY'),('ark:/12148/cb44454603d',NULL,'9782302047662.jpg','2021-02-12 07:37:38','9782302047662','READ','Glèbe la singulière','2015','2021-02-12 07:39:57',NULL,'POSSESSED','LIBRARY'),('ark:/12148/cb444546293',NULL,'9782302048515.jpg','2021-05-19 20:05:13','9782302048515','READ','La méphitique armada','DL 2015','2021-05-19 20:06:35',NULL,'POSSESSED','LIBRARY'),('ark:/12148/cb444655774',NULL,'9782302048577.jpg','2021-12-30 00:50:30','9782302048577','UNREAD','Un flot de lumière','DL 2015','2021-12-30 00:50:30',NULL,'POSSESSED','LIBRARY'),('ark:/12148/cb45106913m',NULL,'9782302052055.jpg','2021-05-19 19:35:57','9782302052055','UNREAD','Le dernier gardien','2016','2021-05-19 19:35:57',NULL,'POSSESSED','LIBRARY'),('ark:/12148/cb45166197h',NULL,'9782302053700.jpg','2021-02-12 07:38:04','9782302053700','READ','Le joyau du génie','2016','2021-02-12 07:39:57',NULL,'POSSESSED','LIBRARY'),('ark:/12148/cb45166243v',NULL,'9782302055926.jpg','2021-05-19 20:05:37','9782302055926','READ','Tseu-Hi la gardienne','2016','2021-05-19 20:06:35',NULL,'POSSESSED','LIBRARY'),('ark:/12148/cb454034925',NULL,'9782302062917.jpg','2021-05-19 20:06:03','9782302062917','READ','Le stratège ingénu','2017','2021-05-19 20:06:35',NULL,'POSSESSED','LIBRARY'),('ark:/12148/cb45693513h',NULL,'9782302062948.jpg','2021-02-12 07:38:26','9782302062948','READ','Imperator-express','2018','2021-02-12 07:39:57',NULL,'POSSESSED','LIBRARY'),('ark:/12148/cb45399096k',NULL,'9782302063051.jpg','2021-12-30 00:40:43','9782302063051','UNREAD','Le destin du jongleur','DL 2017','2021-12-30 00:47:43',NULL,'POSSESSED','LIBRARY'),('ark:/12148/cb45357529h',NULL,'9782302063778.jpg','2021-12-30 12:58:57','9782302063778','UNREAD','Cellule de crise','DL 2017','2021-12-30 12:58:57',NULL,'POSSESSED','LIBRARY'),('ark:/12148/cb45630056f',NULL,'9782302072794.jpg','2021-05-19 20:06:27','9782302072794','READ','Un destin karaxastin','2018','2021-05-19 20:06:35',NULL,'POSSESSED','LIBRARY'),('ark:/12148/cb45806910s',NULL,'9782302077683.jpg','2021-02-12 07:38:47','9782302077683','READ','Les assiégés de Glèbe','2019','2021-02-12 07:39:57',NULL,'POSSESSED','LIBRARY'),('ark:/12148/cb466765687',NULL,'9782302089716.jpg','2021-02-12 07:39:47','9782302089716','READ','La grotte des faces','2020','2021-02-12 07:39:57',NULL,'POSSESSED','LIBRARY'),('ark:/12148/cb46677246b',NULL,'9782302090804.jpg','2021-12-30 00:46:10','9782302090804','UNREAD','L\'Étincel courroucé','DL 2020','2021-12-30 00:48:37',NULL,'POSSESSED','LIBRARY'),('ark:/12148/cb469126068',NULL,'9782302092037.jpg','2022-10-28 00:00:00','9782302092037','READ','La forêt noiseuse','DL 2021','2022-10-28 00:00:00',NULL,'POSSESSED','LIBRARY'),('ark:/12148/cb455161944','Glénat comics (Grenoble)','9782344011881.jpg','2021-05-19 18:59:02','9782344011881','READ','Il faut flinguer Ramirez','2018','2021-05-19 18:59:08',NULL,'POSSESSED','LIBRARY'),('ark:/12148/cb46665107g','Glénat comics (Grenoble)','9782344018743.jpg','2021-12-29 15:23:59','9782344018743','READ','Il faut flinguer Ramirez','DL 2020','2021-12-29 15:38:13',NULL,'POSSESSED','LIBRARY'),('ark:/12148/cb411646599','Sortilèges (Allauch)','9782353250332.jpg','2021-12-30 00:00:00','9782353250332','READ','Deuxième saison, partie 2','DL 2007','2021-12-30 00:00:00',NULL,'SOLD','LIBRARY'),('ark:/12148/cb41240561c','Sortilèges (Allauch)','9782353250424.jpg','2021-12-30 13:26:13','9782353250424','READ','Bière, monstre et bière','DL 2008','2021-12-30 17:06:14',NULL,'POSSESSED','LIBRARY'),('ark:/12148/cb41386695d','Sortilèges (Allauch)','9782353250851.jpg','2021-12-30 00:00:00','9782353250851','READ','Deuxième saison, partie 3','DL 2008','2021-12-30 00:00:00',NULL,'SOLD','LIBRARY'),('ark:/12148/cb41462303w','Sortilèges (Allauch)','9782353250974.jpg','2021-12-30 13:24:56','9782353250974','READ','Des boudins et des elfes','DL 2009','2021-12-30 17:06:14',NULL,'POSSESSED','LIBRARY'),('ark:/12148/cb421150668','Sortilèges (Allauch)','9782353251704.jpg','2021-12-30 00:00:00','9782353251704','READ','Deuxième saison, partie 4','DL 2009','2021-12-30 00:00:00',NULL,'SOLD','LIBRARY'),('ark:/12148/cb421838893','Sortilèges (Allauch)','9782353251940.jpg','2021-12-30 13:23:51','9782353251940','READ','La vie d\'aventurier','DL 2010','2021-12-30 17:06:14',NULL,'POSSESSED','LIBRARY'),('ark:/12148/cb42346904d','Sortilèges (Allauch)','9782353252800.jpg','2021-12-30 00:00:00','9782353252800','READ','Troisième saison, partie 1','DL 2010','2021-12-30 00:00:00',NULL,'SOLD','LIBRARY'),('ark:/12148/cb42348498p','Sortilèges (Allauch)','9782353252831.jpg','2021-05-19 20:29:06','9782353252831','READ','La quête sans nom','2010','2021-05-19 20:35:25',NULL,'POSSESSED','LIBRARY'),('ark:/12148/cb42429676x','Sortilèges (Allauch)','9782353252985.jpg','2021-12-30 00:00:00','9782353252985','READ','Troisième saison, partie 2','DL 2011','2021-12-30 00:00:00',NULL,'SOLD','LIBRARY'),('ark:/12148/cb42590478h','Sortilèges (Allauch)','9782353253593.jpg','2021-05-19 20:30:33','9782353253593','READ','Quintette en sols quinteux !','2011','2021-05-19 20:35:25',NULL,'POSSESSED','LIBRARY'),('ark:/12148/cb425944654','Sortilèges (Allauch)','9782353253746.jpg','2021-12-30 00:00:00','9782353253746','READ','Troisième saison, partie 3','DL 2011','2021-12-30 00:00:00',NULL,'SOLD','LIBRARY'),('ark:/12148/cb42627333p','Sortilèges (Allauch)','9782353254064.jpg','2021-12-30 00:00:00','9782353254064','READ','Quatrième saison, partie 1','DL 2012','2022-01-20 00:00:00',NULL,'SOLD','LIBRARY'),('ark:/12148/cb42701229g','Sortilèges (Allauch)','9782353254217.jpg','2021-05-19 20:32:31','9782353254217','READ','Pérambulation ascensionnelle','2012','2021-05-19 20:35:25',NULL,'POSSESSED','LIBRARY'),('ark:/12148/cb42796812g','Sortilèges (Allauch)','9782353254668.jpg','2021-05-19 20:35:13','9782353254668','READ','Horizons & dragon','DL 2012','2021-05-19 20:35:25',NULL,'POSSESSED','LIBRARY'),('ark:/12148/cb428051071',NULL,'9782353254804.jpg','2021-12-30 00:00:00','9782353254804','UNREAD','Quatrième saison, partie 2','DL 2012','2021-12-30 00:00:00',NULL,'SOLD','LIBRARY'),('ark:/12148/cb43588088k','Sortilèges (Allauch)','9782353255207.jpg','2021-12-30 00:00:00','9782353255207','UNREAD','Quatrième saison, partie 3','DL 2013','2021-12-30 00:00:00',NULL,'SOLD','LIBRARY'),('ark:/12148/cb43708011p','Sortilèges (Allauch)','9782353255740.jpg','2021-12-30 00:00:00','9782353255740','UNREAD','Quatrième saison, partie 4','DL 2013','2021-12-30 00:00:00',NULL,'SOLD','LIBRARY'),('ark:/12148/cb438290585','Sortilèges (Allauch)','9782353256235.jpg','2021-12-30 00:00:00','9782353256235','UNREAD','Cinquième saison, partie 1','DL 2014','2021-12-30 00:00:00',NULL,'SOLD','LIBRARY'),('ark:/12148/cb45154347t','Sortilèges (Allauch)','9782353257713.jpg','2021-12-30 00:00:00','9782353257713','UNREAD','Sixième saison, partie 1','DL 2016','2021-12-30 00:00:00',NULL,'SOLD','LIBRARY'),('ark:/12148/cb456683397',NULL,'9782360140602.jpg','2021-05-19 21:24:50','9782360140602','UNREAD','Shipwreck','2019','2021-05-19 21:24:50',NULL,'POSSESSED','LIBRARY'),('ark:/12148/cb42642697z','Collection Vertigo classiques','9782365770255.jpg','2021-12-30 00:22:10','9782365770255','READ','Légendes en exil','impr. 2012','2021-12-30 00:22:33',NULL,'POSSESSED','LIBRARY'),('ark:/12148/cb426424126','Collection Vertigo classiques','9782365770262.jpg','2021-12-30 00:20:37','9782365770262','READ','La ferme des animaux','impr. 2012','2021-12-30 00:22:33',NULL,'POSSESSED','LIBRARY'),('ark:/12148/cb426849137','DC renaissance','9782365770415.jpg','2021-02-12 07:47:21','9782365770415','READ','La cour des hiboux','impr. 2012','2021-02-12 08:05:55',NULL,'POSSESSED','LIBRARY'),('ark:/12148/cb427400583','Collection Vertigo classiques','9782365770644.jpg','2021-12-30 00:19:45','9782365770644','READ','Romance','impr. 2012','2021-12-30 00:22:33',NULL,'POSSESSED','LIBRARY'),('ark:/12148/cb42738182z','Collection Vertigo classiques','9782365770651.jpg','2021-12-30 00:18:57','9782365770651','READ','Le dernier bastion','impr. 2012','2021-12-30 00:22:33',NULL,'POSSESSED','LIBRARY'),('ark:/12148/cb42806178s','Collection Vertigo classiques','9782365770996.jpg','2021-12-30 00:17:36','9782365770996','READ','La marche des soldats de bois','impr. 2012','2021-12-30 00:22:33',NULL,'POSSESSED','LIBRARY'),('ark:/12148/cb42805953d','Collection Vertigo classiques','9782365771009.jpg','2021-12-30 00:16:36','9782365771009','READ','Cruelles saisons','impr. 2012','2021-12-30 00:22:33',NULL,'POSSESSED','LIBRARY'),('ark:/12148/cb427914752','Collection Vertigo essentiels','9782365771221.jpg','2021-12-29 16:09:13','9782365771221','READ','Sandman','impr. 2012','2021-12-29 16:09:37',NULL,'POSSESSED','LIBRARY'),('ark:/12148/cb435216947','Collection DC essentiels','9782365771788.jpg','2022-03-28 11:58:13','9782365771788','READ','Un long Halloween','DL 2012','2022-03-28 12:20:26',NULL,'POSSESSED','LIBRARY'),('ark:/12148/cb43563447g','DC renaissance','9782365772068.jpg','2021-02-12 07:49:42','9782365772068','READ','La nuit des hiboux','2013','2021-02-12 08:05:55',NULL,'POSSESSED','LIBRARY'),('ark:/12148/cb43588625b','Collection Vertigo classiques','9782365772112.jpg','2021-12-30 00:10:49','9782365772112','READ','Les royaumes','impr. 2013','2021-12-30 00:22:33',NULL,'POSSESSED','LIBRARY'),('ark:/12148/cb43588620m','Collection Vertigo classiques','9782365772129.jpg','2021-12-30 00:09:50','9782365772129','READ','Les mille et une nuits (et jours)','impr. 2013','2021-12-30 00:22:33',NULL,'POSSESSED','LIBRARY'),('ark:/12148/cb43686936h','Collection Vertigo classiques','9782365772457.jpg','2021-12-30 00:04:06','9782365772457','READ','Les fils de l\'Empire','impr. 2013','2021-12-30 00:06:37',NULL,'POSSESSED','LIBRARY'),('ark:/12148/cb43686903j','Collection Vertigo classiques','9782365772471.jpg','2021-12-30 00:08:36','9782365772471','READ','Les loups','impr. 2013','2021-12-30 00:22:33',NULL,'POSSESSED','LIBRARY'),('ark:/12148/cb43607180c','Collection Vertigo essentiels','9782365772723.jpg','2022-10-08 00:00:00','9782365772723','READ','Sandman','DL 2013','2022-10-08 00:00:00',NULL,'POSSESSED','LIBRARY'),('ark:/12148/cb43719749r','Collection Vertigo classiques','9782365772808.jpg','2021-12-30 00:00:21','9782365772808','READ','Le bon prince','impr. 2013','2021-12-30 00:06:37',NULL,'POSSESSED','LIBRARY'),('ark:/12148/cb43719843z','Collection Vertigo classiques','9782365772815.jpg','2021-12-29 23:59:11','9782365772815','READ','La guerre des nerfs','impr. 2013','2021-12-30 00:06:37',NULL,'POSSESSED','LIBRARY'),('ark:/12148/cb43562894v','Collection DC essentiels','9782365772914.jpg','2022-02-01 00:00:00','9782365772914','UNREAD','Batman The Dark Knight Returns','DL 2012','2022-02-01 00:00:00',NULL,'SOLD','LIBRARY'),(NULL,NULL,'9782365773140.jpg',NULL,'9782365773140',NULL,'Sandman',NULL,NULL,NULL,NULL,'WISHLIST'),('ark:/12148/cb437700058','Collection DC deluxe','9782365773478.jpg','2022-02-01 00:00:00','9782365773478','UNREAD','Batman: Killing joke','DL 2014','2022-02-01 00:00:00',NULL,'POSSESSED','LIBRARY'),('ark:/12148/cb43769960v','DC renaissance','9782365773560.jpg','2021-02-12 07:50:27','9782365773560','READ','Le deuil de la famille','impr. 2014','2021-02-12 08:05:55',NULL,'POSSESSED','LIBRARY'),('ark:/12148/cb43815866t','Collection Vertigo classiques','9782365773799.jpg','2021-12-29 23:57:44','9782365773799','READ','L\'âge des ténèbres','impr. 2014','2021-12-30 00:06:37',NULL,'POSSESSED','LIBRARY'),('ark:/12148/cb43815872r','Collection Vertigo classiques','9782365773805.jpg','2021-12-29 23:56:31','9782365773805','READ','La grande alliance','impr. 2014','2021-12-30 00:06:37',NULL,'POSSESSED','LIBRARY'),(NULL,NULL,'9782365773898.jpg',NULL,'9782365773898',NULL,'Sandman',NULL,NULL,NULL,NULL,'WISHLIST'),('ark:/12148/cb437539606','Collection Vertigo essentiels','9782365773904.jpg','2021-12-29 17:08:11','9782365773904','READ','Transmetropolitan','impr. 2014','2021-12-29 17:28:54',NULL,'POSSESSED','LIBRARY'),('ark:/12148/cb43872648v','Collection Vertigo essentiels','9782365773997.jpg','2021-12-29 17:09:57','9782365773997','UNREAD','Transmetropolitan','impr. 2014','2021-12-29 17:09:57',NULL,'POSSESSED','LIBRARY'),('ark:/12148/cb439019872','Collection Vertigo classiques','9782365774079.jpg','2021-12-29 00:00:00','9782365774079','READ','Sorcières','impr. 2014','2022-04-07 00:00:00',NULL,'POSSESSED','LIBRARY'),('ark:/12148/cb439049822','Collection Vertigo classiques','9782365774086.jpg','2021-12-29 00:00:00','9782365774086','READ','Rose Rouge','impr. 2014','2022-08-01 00:00:00',NULL,'POSSESSED','LIBRARY'),('ark:/12148/cb44231368p','DC renaissance','9782365774253.jpg','2021-02-12 07:51:31','9782365774253','READ','L\'an zéro 1er Partie','2014','2021-11-12 23:18:51',NULL,'POSSESSED','LIBRARY'),('ark:/12148/cb44278183j','Collection Vertigo essentiels','9782365774406.jpg','2021-12-29 17:09:07','9782365774406','UNREAD','Transmetropolitan','DL 2015','2021-12-29 17:09:07',NULL,'POSSESSED','LIBRARY'),('ark:/12148/cb43910208z','Collection Vertigo classiques','9782365774444.jpg','2021-12-29 23:51:32','9782365774444','UNREAD','Super team','impr. 2014','2021-12-29 23:51:32',NULL,'POSSESSED','LIBRARY'),('ark:/12148/cb44279002p','Collection Vertigo classiques','9782365774451.jpg','2021-12-29 23:50:04','9782365774451','UNREAD','L\'héritier du vent','DL 2014','2021-12-29 23:50:04',NULL,'POSSESSED','LIBRARY'),(NULL,NULL,'9782365774482.jpg',NULL,'9782365774482',NULL,'Sandman',NULL,NULL,NULL,NULL,'WISHLIST'),('ark:/12148/cb43499701w','DC classiques','9782365775083.jpg','2022-02-01 22:25:51','9782365775083','READ','Le projet OMAC','DL 2014','2022-02-01 23:38:01',NULL,'POSSESSED','LIBRARY'),('ark:/12148/cb44294705v','DC classiques','9782365775090.jpg','2022-02-01 22:18:15','9782365775090','READ','Unis pour le pire','DL 2015','2022-02-01 23:38:01',NULL,'POSSESSED','LIBRARY'),('ark:/12148/cb443915330','DC classiques','9782365775106.jpg','2022-02-01 22:14:35','9782365775106','READ','Jour de vengeance','DL 2015','2022-02-01 23:38:01',NULL,'POSSESSED','LIBRARY'),('ark:/12148/cb44481625m','DC classiques','9782365775113.jpg','2022-02-01 22:10:47','9782365775113','READ','Les survivants','DL 2015','2022-02-01 23:38:01',NULL,'POSSESSED','LIBRARY'),('ark:/12148/cb45026684j','DC classiques','9782365775120.jpg','2022-02-01 22:06:45','9782365775120','READ','Crise infinie','DL 2016','2022-02-01 23:38:01',NULL,'POSSESSED','LIBRARY'),('ark:/12148/cb44278415w','Collection Vertigo classiques','9782365775755.jpg','2021-12-29 23:47:20','9782365775755','UNREAD','Au pays des jouets','DL 2015','2021-12-29 23:47:20',NULL,'POSSESSED','LIBRARY'),('ark:/12148/cb442881812','Collection Vertigo essentiels','9782365775823.jpg','2021-12-29 17:17:36','9782365775823','READ','Preacher','DL 2015','2021-12-29 17:28:48',NULL,'POSSESSED','LIBRARY'),('ark:/12148/cb44231302r','DC renaissance','9782365776004.jpg','2022-02-01 21:48:02','9782365776004','READ','Le règne du mal','DL 2014','2022-02-01 23:37:12',NULL,'POSSESSED','LIBRARY'),('ark:/12148/cb442821521','DC renaissance','9782365776011.jpg','2022-02-01 21:41:39','9782365776011','READ','Le règne du mal','DL 2015','2022-02-01 23:37:12',NULL,'POSSESSED','LIBRARY'),(NULL,NULL,'9782365776059.jpg',NULL,'9782365776059',NULL,'Tome 1',NULL,NULL,NULL,NULL,'WISHLIST'),('ark:/12148/cb44278189m','DC renaissance','9782365776165.jpg','2021-02-12 07:52:02','9782365776165','READ','L\'an zéro 2e Partie','2015','2021-11-12 23:19:49',NULL,'POSSESSED','LIBRARY'),('ark:/12148/cb442946821','DC renaissance','9782365776202.jpg','2022-02-02 18:30:23','9782365776202','READ','Batman eternal','DL 2015','2022-02-02 18:43:34',NULL,'POSSESSED','LIBRARY'),('ark:/12148/cb44324840c','Collection Vertigo classiques','9782365776417.jpg','2021-12-29 23:45:35','9782365776417','UNREAD','Blanche Neige','DL 2015','2021-12-29 23:45:35',NULL,'POSSESSED','LIBRARY'),('ark:/12148/cb44324636k','Collection Vertigo classiques','9782365776424.jpg','2021-12-29 23:43:20','9782365776424','UNREAD','Camelot','DL 2015','2021-12-29 23:43:20',NULL,'POSSESSED','LIBRARY'),('ark:/12148/cb443843914','DC renaissance','9782365776455.jpg','2022-02-02 12:39:47','9782365776455','READ','Futures end','DL 2015','2022-02-02 13:00:24',NULL,'POSSESSED','LIBRARY'),('ark:/12148/cb443269555','DC renaissance','9782365776486.jpg','2022-02-01 21:55:47','9782365776486','READ','Aux origines','DL 2015','2022-02-01 23:37:12',NULL,'POSSESSED','LIBRARY'),(NULL,NULL,'9782365776509.jpg',NULL,'9782365776509',NULL,'Sandman',NULL,NULL,NULL,NULL,'WISHLIST'),('ark:/12148/cb44391427s','DC renaissance','9782365776554.jpg','2022-02-02 18:05:26','9782365776554','READ','Batman eternal','DL 2015','2022-02-02 18:43:34',NULL,'POSSESSED','LIBRARY'),('ark:/12148/cb44454910h','DC renaissance','9782365776561.jpg','2022-02-02 18:08:36','9782365776561','READ','Batman eternal','DL 2015','2022-02-02 18:43:34',NULL,'POSSESSED','LIBRARY'),('ark:/12148/cb443914164','Collection Vertigo essentiels','9782365776622.jpg','2021-12-29 17:12:57','9782365776622','UNREAD','Transmetropolitan','DL 2015','2021-12-29 17:12:57',NULL,'POSSESSED','LIBRARY'),('ark:/12148/cb444543623','Collection Vertigo essentiels','9782365776639.jpg','2021-12-29 17:11:49','9782365776639','UNREAD','Transmetropolitan','DL 2015','2021-12-29 17:11:49',NULL,'POSSESSED','LIBRARY'),('ark:/12148/cb44454841h','DC renaissance','9782365776677.jpg','2022-02-01 21:53:16','9782365776677','READ','La ligue d\'injustice','DL 2015','2022-02-01 23:37:12',NULL,'POSSESSED','LIBRARY'),('ark:/12148/cb44454854v','DC renaissance','9782365776776.jpg','2022-02-02 12:53:08','9782365776776','READ','Futures end','DL 2015','2022-02-02 13:00:24',NULL,'POSSESSED','LIBRARY'),('ark:/12148/cb44408247v','Collection Vertigo essentiels','9782365776820.jpg','2021-12-29 17:19:26','9782365776820','READ','Preacher','DL 2015','2021-12-29 17:28:48',NULL,'POSSESSED','LIBRARY'),('ark:/12148/cb445200934','DC renaissance','9782365776912.jpg','2022-02-02 12:55:51','9782365776912','READ','Futures end','DL 2016','2022-02-02 13:00:24',NULL,'POSSESSED','LIBRARY'),('ark:/12148/cb44383694r','DC renaissance','9782365776998.jpg','2021-02-12 07:54:56','9782365776998','READ','Passé, présent, futur','2015','2021-02-12 08:05:55',NULL,'POSSESSED','LIBRARY'),('ark:/12148/cb444543565','Collection Vertigo classiques','9782365777032.jpg','2021-12-29 23:41:20','9782365777032','UNREAD','Et ils vécurent heureux','DL 2015','2021-12-29 23:41:20',NULL,'POSSESSED','LIBRARY'),(NULL,NULL,'9782365777124.jpg',NULL,'9782365777124',NULL,'Sandman',NULL,NULL,NULL,NULL,'WISHLIST'),('ark:/12148/cb443246268','DC renaissance','9782365777612.jpg','2022-02-02 11:40:02','9782365777612','READ','Rassemblement','DL 2015','2022-02-02 11:42:11',NULL,'POSSESSED','LIBRARY'),('ark:/12148/cb44384398j','DC renaissance','9782365777681.jpg','2021-02-12 11:33:59','9782365777681','READ','Complètement marteau','2015','2021-02-12 12:03:39',NULL,'POSSESSED','LIBRARY'),('ark:/12148/cb44384399w','DC renaissance','9782365777704.jpg','2022-02-02 11:37:17','9782365777704','READ','Secrets et origines','DL 2015','2022-02-02 11:42:11',NULL,'POSSESSED','LIBRARY'),('ark:/12148/cb444549068','DC renaissance','9782365777742.jpg','2022-02-02 18:33:55','9782365777742','READ','Reine du crime','DL 2015','2022-02-02 18:43:43',NULL,'POSSESSED','LIBRARY'),('ark:/12148/cb44454865h','DC renaissance','9782365777971.jpg','2021-02-12 08:08:33','9782365777971','READ','Agent de Spyral','2015','2021-02-12 08:14:20',NULL,'POSSESSED','LIBRARY'),('ark:/12148/cb44454860s','DC renaissance','9782365778015.jpg','2021-02-12 07:57:16','9782365778015','READ','Mascarade','2015','2021-02-12 08:05:55',NULL,'POSSESSED','LIBRARY'),('ark:/12148/cb44520095t','DC renaissance','9782365778114.jpg','2022-02-02 18:40:32','9782365778114','READ','Batman eternal','DL 2016','2022-02-02 18:43:34',NULL,'POSSESSED','LIBRARY'),('ark:/12148/cb44520257t','Collection Vertigo classiques','9782365778121.jpg','2021-12-29 23:37:20','9782365778121','UNREAD','Adieu','DL 2016','2021-12-29 23:37:20',NULL,'POSSESSED','LIBRARY'),('ark:/12148/cb44520704m','DC renaissance','9782365778152.jpg','2021-02-12 11:54:29','9782365778152','READ','Insurrection','2016','2021-02-12 12:02:25',NULL,'POSSESSED','LIBRARY'),('ark:/12148/cb44520738x','DC renaissance','9782365778176.jpg','2022-02-02 11:41:45','9782365778176','READ','L\'ère des ténèbres','DL 2016','2022-02-02 11:42:11',NULL,'POSSESSED','LIBRARY'),('ark:/12148/cb445200903','DC renaissance','9782365778404.jpg','2021-02-12 11:41:25','9782365778404','READ','Folle à lier','2016','2021-02-12 12:03:39',NULL,'POSSESSED','LIBRARY'),('ark:/12148/cb450275835','Collection DC essentiels','9782365778459.jpg','2022-02-01 00:00:00','9782365778459','UNREAD','Tome 1','DL 2016','2022-02-01 00:00:00',NULL,'SOLD','LIBRARY'),('ark:/12148/cb45026712z','Collection Vertigo essentiels','9782365778503.jpg','2021-12-29 17:18:54','9782365778503','READ','Preacher','DL 2016','2021-12-29 17:28:48',NULL,'POSSESSED','LIBRARY'),('ark:/12148/cb451111273','DC renaissance','9782365778572.jpg','2022-02-02 18:33:09','9782365778572','READ','Héritage','DL 2016','2022-02-02 18:43:43',NULL,'POSSESSED','LIBRARY'),('ark:/12148/cb451111095','DC renaissance','9782365778657.jpg','2022-02-02 18:16:25','9782365778657','READ','Tome 1','DL 2016','2022-02-02 18:43:23',NULL,'POSSESSED','LIBRARY'),('ark:/12148/cb45027619b','DC renaissance','9782365778671.jpg','2022-02-02 11:35:30','9782365778671','READ','La fin d\'un monde','DL 2016','2022-02-02 11:42:11',NULL,'POSSESSED','LIBRARY'),(NULL,NULL,'9782365778749.jpg',NULL,'9782365778749',NULL,'Sandman : Ouverture',NULL,NULL,NULL,NULL,'WISHLIST'),('ark:/12148/cb45112248k','DC renaissance','9782365778770.jpg','2022-02-02 11:28:33','9782365778770','READ','La fin d\'un monde','DL 2016','2022-02-02 11:42:11',NULL,'POSSESSED','LIBRARY'),('ark:/12148/cb45111098b','DC renaissance','9782365778787.jpg','2022-02-01 21:50:00','9782365778787','READ','La guerre de Darkseid','DL 2016','2022-02-01 23:37:12',NULL,'POSSESSED','LIBRARY'),('ark:/12148/cb45111171k','DC renaissance','9782365778794.jpg','2021-02-12 08:09:20','9782365778794','READ','Nemesis','2016','2021-02-12 08:14:20',NULL,'POSSESSED','LIBRARY'),('ark:/12148/cb45155830q','DC renaissance','9782365778916.jpg','2022-02-02 11:18:55','9782365778916','READ','Convergence','DL 2016','2022-02-02 11:42:11',NULL,'POSSESSED','LIBRARY'),('manual','DC renaissance','9782365778947.jpg','2022-02-02 18:25:04','9782365778947','READ','Tome 2','DL 2016','2022-02-02 18:42:57',NULL,'POSSESSED','LIBRARY'),('ark:/12148/cb45111014g','DC renaissance','9782365778985.jpg','2021-02-12 11:46:00','9782365778985','UNREAD','Dingue de toi','2016','2021-02-12 11:46:00',NULL,'POSSESSED','LIBRARY'),('ark:/12148/cb45111258n','DC renaissance','9782365779005.jpg','2021-02-12 11:57:41','9782365779005','READ','Coup du sort','2016','2021-02-12 12:02:25',NULL,'POSSESSED','LIBRARY'),('ark:/12148/cb45111151z','DC renaissance','9782365779081.jpg','2021-02-12 07:58:12','9782365779081','READ','La relève 1er Partie','2016','2021-02-12 08:06:23',NULL,'POSSESSED','LIBRARY'),('ark:/12148/cb451558223','DC renaissance','9782365779166.jpg','2022-02-01 21:44:12','9782365779166','READ','La guerre de Darkseid','DL 2016','2022-02-01 23:37:12',NULL,'POSSESSED','LIBRARY'),('ark:/12148/cb45112197h','Collection Vertigo essentiels','9782365779234.jpg','2021-12-29 17:28:19','9782365779234','READ','Preacher','DL 2016','2022-03-27 22:35:49',NULL,'POSSESSED','LIBRARY'),('ark:/12148/cb45532606v','Collection DC essentiels','9782365779494.jpg','2022-02-01 00:00:00','9782365779494','UNREAD','Batman The Dark Knight Strikes Again','DL 2013','2022-02-01 00:00:00',NULL,'SOLD','LIBRARY'),('ark:/12148/cb451112428','DC renaissance','9782365779746.jpg','2022-02-02 12:47:42','9782365779746','READ','Futures end','DL 2016','2022-02-02 13:00:24',NULL,'POSSESSED','LIBRARY'),('ark:/12148/cb45113695f','Collection DC essentiels','9782365779838.jpg','2022-02-01 00:00:00','9782365779838','UNREAD','Tome 2','DL 2016','2022-02-01 00:00:00',NULL,'SOLD','LIBRARY'),('ark:/12148/cb46886274w',NULL,'9782378871642.jpg','2021-12-29 14:48:56','9782378871642','READ','Locke & Key','2021','2021-12-29 15:35:39',NULL,'POSSESSED','LIBRARY'),('manual',NULL,'9782378872090.jpg','2022-10-28 00:00:00','9782378872090','UNREAD','Lock & key : L\'âge d\'or','DL 2021','2022-10-28 00:00:00',NULL,'POSSESSED','LIBRARY'),('manual',NULL,'9782378872540.jpg','2022-10-28 00:00:00','9782378872540','UNREAD','Lock & Key : Une vie de chien',NULL,'2022-10-28 00:00:00',NULL,'POSSESSED','LIBRARY'),('ark:/12148/cb453804055',NULL,'9782413001560.jpg','2022-10-28 00:00:00','9782413001560','READ','Le monde cannibale','2017','2022-10-28 00:00:00',NULL,'POSSESSED','LIBRARY'),('ark:/12148/cb458126497',NULL,'9782413002284.jpg','2022-10-08 00:00:00','9782413002284','READ','De toutes mes forces','2019','2022-10-08 00:00:00',NULL,'POSSESSED','LIBRARY'),('ark:/12148/cb45869272c',NULL,'9782413007937.jpg','2022-10-08 00:00:00','9782413007937','READ','Quelqu\'un de vivant','2020','2022-10-08 00:00:00',NULL,'POSSESSED','LIBRARY'),('ark:/12148/cb456582430',NULL,'9782413009214.jpg','2022-10-28 00:00:00','9782413009214','READ','Legatus','2019','2022-10-28 00:00:00',NULL,'POSSESSED','LIBRARY'),('ark:/12148/cb465589358',NULL,'9782413010739.jpg','2022-10-08 00:00:00','9782413010739','READ','L\'amour d\'un imbécile','2020','2022-10-08 00:00:00',NULL,'POSSESSED','LIBRARY'),('ark:/12148/cb45696433k',NULL,'9782413016205.jpg','2021-02-11 23:40:21','9782413016205','READ','Fortuna','2019','2022-01-31 21:39:46',NULL,'POSSESSED','LIBRARY'),('ark:/12148/cb46635918q',NULL,'9782413016731.jpg','2022-10-08 00:00:00','9782413016731','READ','La même férocité','2020','2022-10-08 00:00:00',NULL,'POSSESSED','LIBRARY'),('ark:/12148/cb46693044j',NULL,'9782413019336.jpg','2022-10-08 00:00:00','9782413019336','READ','L\'objet de votre haine','2021','2022-10-08 00:00:00',NULL,'POSSESSED','LIBRARY'),('ark:/12148/cb46813568m',NULL,'9782413019343.jpg','2022-10-08 00:00:00','9782413019343','READ','Pas la force','DL 2021','2022-10-08 00:00:00',NULL,'POSSESSED','LIBRARY'),('ark:/12148/cb466979789',NULL,'9782413022695.jpg','2022-10-28 00:00:00','9782413022695','READ','Marcher sans soulever de poussière','2021','2022-10-28 00:00:00',NULL,'POSSESSED','LIBRARY'),('ark:/12148/cb46932598w',NULL,'9782413040620.jpg','2022-10-08 00:00:00','9782413040620','READ','L\'heure du cadeau','2021','2022-10-08 00:00:00',NULL,'POSSESSED','LIBRARY'),('ark:/12148/cb46863211v',NULL,'9782413041870.jpg','2021-12-29 13:06:55','9782413041870','READ','Tu pues la mort !','2021','2022-02-13 17:15:35',NULL,'POSSESSED','LIBRARY'),('manual',NULL,'9782413043065.jpg','2022-12-02 07:41:56','9782413043065','READ','Plus morte que morte','DL 2022','2022-12-04 15:39:07',NULL,'POSSESSED','LIBRARY'),('manual',NULL,'9782413043072.jpg','2022-10-28 00:00:00','9782413043072','READ','Ton rire intérieur','DL 2022','2022-12-04 15:40:45',NULL,'POSSESSED','LIBRARY'),('manual',NULL,'9782413044574.jpg','2022-12-30 17:03:03','9782413044574','UNREAD','Le manoir','DL 2022','2022-12-30 17:03:03',NULL,'POSSESSED','LIBRARY'),('manual',NULL,'9782413044925.jpg','2022-01-28 13:05:18','9782413044925','READ','Solo - Alpha','2022','2022-02-01 09:27:21',NULL,'POSSESSED','LIBRARY'),('ark:/12148/cb47020726g',NULL,'9782413046424.jpg','2022-10-28 00:00:00','9782413046424','UNREAD','Ed Gein : Autopsie d\'un Tueur en série','2022','2022-10-28 00:00:00',NULL,'POSSESSED','LIBRARY'),('manual',NULL,'9782505071211.jpg','2022-03-28 11:43:53','9782505071211','READ','The dark prince charming','DL 2018','2022-03-28 12:18:52',NULL,'POSSESSED','LIBRARY'),('ark:/12148/cb455455562',NULL,'9782505071389.jpg','2022-03-28 11:41:24','9782505071389','READ','The dark prince charming','2018','2022-03-28 12:18:52',NULL,'POSSESSED','LIBRARY'),('ark:/12148/cb43497728f',NULL,'9782756041704.jpg','2022-10-28 00:00:00','9782756041704','READ','Les survivants du chaos','2014','2022-10-28 00:00:00',NULL,'POSSESSED','LIBRARY'),('ark:/12148/cb44488166h',NULL,'9782756071923.jpg','2022-10-28 00:00:00','9782756071923','READ','Le coeur et le sang','2016','2022-10-28 00:00:00',NULL,'POSSESSED','LIBRARY'),('ark:/12148/cb42173939m',NULL,'9782809409994.jpg','2022-01-08 18:47:04','9782809409994','READ','Le premier vrai super-héros','DL 2010','2022-01-08 18:56:26',NULL,'POSSESSED','LIBRARY'),('ark:/12148/cb42224518x',NULL,'9782809415605.jpg','2022-01-08 18:49:25','9782809415605','READ','Brume rouge','DL 2010','2022-01-08 18:55:36',NULL,'POSSESSED','LIBRARY'),('ark:/12148/cb42699895j','100 % fusion comics','9782809424874.jpg','2022-01-08 18:50:56','9782809424874','READ','Restez groupés !','DL 2012','2022-01-08 18:55:36',NULL,'POSSESSED','LIBRARY'),('ark:/12148/cb427939799','100 % fusion comics','9782809427370.jpg','2022-01-08 18:54:57','9782809427370','READ','Shoot de rue','DL 2012','2022-01-08 18:55:35',NULL,'POSSESSED','LIBRARY'),('ark:/12148/cb43614584b','100 % fusion comics','9782809431476.jpg','2022-01-08 18:42:47','9782809431476','READ','Hit-Girl','DL 2013','2022-01-08 18:55:35',NULL,'POSSESSED','LIBRARY'),('ark:/12148/cb43825528n','100 % fusion comics','9782809436372.jpg','2022-01-08 18:41:03','9782809436372','READ','Civil war','DL 2014','2022-01-08 18:55:31',NULL,'POSSESSED','LIBRARY'),('ark:/12148/cb43815905w','Marvel icons (Collection)','9782809438611.jpg','2021-12-29 12:59:19','9782809438611','READ','Spider-Man','DL 2014','2021-12-29 13:01:48',NULL,'POSSESSED','LIBRARY'),('ark:/12148/cb439111125','100 % fusion comics','9782809441536.jpg','2022-01-08 18:52:51','9782809441536','READ','Le début de la fin','DL 2014','2022-01-08 18:55:31',NULL,'POSSESSED','LIBRARY'),('ark:/12148/cb44231659j','Marvel icons (Collection)','9782809444087.jpg','2021-12-29 13:01:34','9782809444087','READ','Spider-Man','DL 2014','2022-01-09 14:24:07',NULL,'POSSESSED','LIBRARY'),('ark:/12148/cb44397548g','','9782809444230.jpg','2021-02-12 07:41:33','9782809444230','READ','Sunstone','2015','2021-02-12 07:44:09',NULL,'POSSESSED','LIBRARY'),('ark:/12148/cb444234437','Select fusion comics','9782809450415.jpg','2021-05-19 21:19:40','9782809450415','READ','Ça va faire très mal !','2015','2021-05-19 21:20:43',NULL,'POSSESSED','LIBRARY'),('ark:/12148/cb44433858k','Marvel icons (Collection)','9782809450637.jpg','2021-12-29 12:50:56','9782809450637','UNREAD','Spider-Man','DL 2015','2021-12-29 12:53:56',NULL,'POSSESSED','LIBRARY'),('ark:/12148/cb444909649','Select fusion comics','9782809453201.jpg','2021-05-19 00:00:00','9782809453201','READ','Ça va saigner !','2016','2022-04-26 00:00:00',NULL,'POSSESSED','LIBRARY'),('ark:/12148/cb445049904','Best of fusion comics','9782809453454.jpg','2021-05-19 20:47:04','9782809453454','READ','Lutte de pouvoirs','2016','2021-05-19 22:00:25',NULL,'POSSESSED','LIBRARY'),('ark:/12148/cb45038453d','Select fusion comics','9782809455397.jpg','2021-12-29 12:45:15','9782809455397','UNREAD','Dit comme ça','DL 2016','2021-12-29 12:45:15',NULL,'POSSESSED','LIBRARY'),('ark:/12148/cb45004200p','Best of fusion comics','9782809456196.jpg','2021-02-12 07:42:58','9782809456196','READ','Sunstone','2016','2022-01-16 21:51:53',NULL,'POSSESSED','LIBRARY'),('ark:/12148/cb45130188g',NULL,'9782809457698.jpg','2021-02-12 07:43:55','9782809457698','READ','Sunstone','2016','2022-01-16 21:51:53',NULL,'POSSESSED','LIBRARY'),('manual',NULL,'9782809460490.jpg','2022-11-19 23:46:44','9782809460490','UNREAD','Le prends pas mal','2020','2022-11-19 23:46:44',NULL,'POSSESSED','LIBRARY'),('ark:/12148/cb45219363m',NULL,'9782809460896.jpg','2022-01-22 14:41:22','9782809460896','UNREAD','Sunstone','DL 2017','2022-01-22 14:55:22',NULL,'POSSESSED','LIBRARY'),('manual',NULL,'9782809463880.jpg','2022-11-19 23:49:56','9782809463880','UNREAD','Les fils du boulanger','2020','2022-11-19 23:49:56',NULL,'POSSESSED','LIBRARY'),('ark:/12148/cb453432672',NULL,'9782809465204.jpg','2022-04-09 00:00:00','9782809465204','UNREAD','Sunstone','DL 2017','2022-04-09 00:00:00',NULL,'POSSESSED','LIBRARY'),('ark:/12148/cb45481571n',NULL,'9782809468403.jpg','2021-05-19 20:48:24','9782809468403','READ','Soulèvement','2018','2021-11-12 23:21:06',NULL,'POSSESSED','LIBRARY'),('ark:/12148/cb45605601d',NULL,'9782809474190.jpg','2022-01-08 18:20:48','9782809474190','READ','Zéro patience','DL 2018','2022-01-08 18:31:37',NULL,'POSSESSED','LIBRARY'),('ark:/12148/cb45755247t',NULL,'9782809476828.jpg','2022-01-08 18:24:50','9782809476828','READ','Perdre patience','DL 2019','2022-01-08 18:31:37',NULL,'POSSESSED','LIBRARY'),('ark:/12148/cb45727337n',NULL,'9782809477153.jpg','2022-03-28 11:38:44','9782809477153','READ','The magic order','DL 2019','2022-03-28 12:20:19',NULL,'POSSESSED','LIBRARY'),('ark:/12148/cb466370537',NULL,'9782809477757.jpg','2022-01-08 18:22:42','9782809477757','READ','Le diamant rouge','DL 2020','2022-01-16 21:51:37',NULL,'POSSESSED','LIBRARY'),('ark:/12148/cb45780501r',NULL,'9782809478099.jpg','2022-10-28 00:00:00','9782809478099','READ','Jupiter\'s Circle','DL 2019','2022-10-28 00:00:00',NULL,'POSSESSED','LIBRARY'),('ark:/12148/cb458701844',NULL,'9782809478693.jpg','2022-01-08 18:24:06','9782809478693','READ','La patience est la vertu des forts','DL 2020','2022-01-08 18:31:37',NULL,'POSSESSED','LIBRARY'),('ark:/12148/cb458624789',NULL,'9782809479478.jpg','2022-10-08 00:00:00','9782809479478','UNREAD','House of M','DL 2019','2022-10-08 00:00:00',NULL,'POSSESSED','LIBRARY'),('manual',NULL,'9782809480078.jpg','2022-12-02 07:20:47','9782809480078','UNREAD','Sunstone Mercy','DL 2019','2022-12-02 07:20:47',NULL,'POSSESSED','LIBRARY'),('ark:/12148/cb45694297s','Collection 100 % Marvel','9782809480511.jpg','2021-12-29 12:38:33','9782809480511','READ','Ou est-il les deux ?','DL 2019','2022-01-07 12:48:24',NULL,'POSSESSED','LIBRARY'),('ark:/12148/cb45841799f',NULL,'9782809481013.jpg','2022-01-08 18:18:24','9782809481013','READ','La Terre maléfique','DL 2019','2022-01-08 18:31:44',NULL,'POSSESSED','LIBRARY'),('ark:/12148/cb458583966',NULL,'9782809481211.jpg','2021-05-19 21:16:23','9782809481211','READ','Neonomicon','2019','2021-05-19 21:22:56',NULL,'POSSESSED','LIBRARY'),('ark:/12148/cb45772050v','Collection 100 % Marvel','9782809481266.jpg','2022-01-19 12:50:36','9782809481266','READ','La porte verte','DL 2019','2022-01-22 21:46:49',NULL,'POSSESSED','LIBRARY'),('ark:/12148/cb465010561','Collection 100 % Marvel','9782809483505.jpg','2022-03-28 12:09:58','9782809483505','READ','Ce monde, notre enfer','DL 2020','2022-03-28 12:33:35',NULL,'POSSESSED','LIBRARY'),('ark:/12148/cb46514771s',NULL,'9782809483819.jpg','2022-01-22 14:50:20','9782809483819','READ','Spider-man - L\'histoire d\'une vie','DL 2020','2022-01-22 16:42:28',NULL,'POSSESSED','LIBRARY'),('ark:/12148/cb46648072z',NULL,'9782809483970.jpg','2021-05-19 20:41:53','9782809483970','READ','Services secrets','2020','2022-01-16 21:51:37',NULL,'POSSESSED','LIBRARY'),('ark:/12148/cb46572509k',NULL,'9782809487381.jpg','2022-03-28 12:14:20','9782809487381','READ','Connaître la peur','DL 2020','2022-03-28 12:19:25',NULL,'POSSESSED','LIBRARY'),('ark:/12148/cb46592496g','Collection 100 % Marvel','9782809487664.jpg','2022-03-28 13:04:45','9782809487664','READ','Abomination','DL 2020','2022-03-28 13:05:03',NULL,'POSSESSED','LIBRARY'),('ark:/12148/cb466467476',NULL,'9782809489248.jpg','2022-03-28 12:16:14','9782809489248','READ','Aucun diable, juste un dieu','DL 2020','2022-03-28 12:19:25',NULL,'POSSESSED','LIBRARY'),('ark:/12148/cb469149324',NULL,'9782809491562.jpg','2022-01-08 15:43:38','9782809491562','READ','Patience Zéro','2021','2022-01-12 21:41:18',NULL,'POSSESSED','LIBRARY'),('ark:/12148/cb46658605p',NULL,'9782809491722.jpg','2022-04-09 00:00:00','9782809491722','READ','Briseur de mondes','DL 2020','2022-04-16 00:00:00',NULL,'POSSESSED','LIBRARY'),('ark:/12148/cb46717734n',NULL,'9782809494020.jpg','2022-03-28 12:18:31','9782809494020','READ','L\'enfer','DL 2021','2022-03-28 12:19:25',NULL,'POSSESSED','LIBRARY'),('manual',NULL,'9782809494228.jpg','2022-12-02 07:22:54','9782809494228','UNREAD','Sunstone Mercy','DL 2022','2022-12-02 07:22:54',NULL,'POSSESSED','LIBRARY'),('ark:/12148/cb46718307w',NULL,'9782809495256.jpg','2022-04-27 00:00:00','9782809495256','READ','L\'heure est venue','DL 2021','2022-12-04 22:11:40',NULL,'POSSESSED','LIBRARY'),('ark:/12148/cb468631169','Marvel Deluxe','9782809496390.jpg','2021-11-14 01:00:28','9782809496390','READ','Underboss','2021','2021-12-29 23:35:22',NULL,'POSSESSED','LIBRARY'),('ark:/12148/cb468539138',NULL,'9782809496406.jpg','2023-01-14 14:49:42','9782809496406','UNREAD','Alias investigations','DL 2021','2023-01-14 14:49:42',NULL,'POSSESSED','LIBRARY'),('ark:/12148/cb468585857',NULL,'9782809497915.jpg','2022-10-28 00:00:00','9782809497915','READ','Hulk est Hulk','DL 2021','2022-12-04 23:14:08',NULL,'POSSESSED','LIBRARY'),('ark:/12148/cb468718833',NULL,'9782809498257.jpg','2022-04-16 00:00:00','9782809498257','READ','Au bout de l\'enfer','DL 2021','2022-04-16 00:00:00',NULL,'POSSESSED','LIBRARY'),(NULL,NULL,'9782809499841.jpg',NULL,'9782809499841',NULL,'Les origines secrètes de Jessica Jones',NULL,NULL,NULL,NULL,'WISHLIST'),('ark:/12148/cb46934634d',NULL,'9782809499872.jpg','2021-12-29 13:16:42','9782809499872','READ','Le petit maître','2021','2022-01-02 23:33:30',NULL,'POSSESSED','LIBRARY'),('manual',NULL,'9782818990629.jpg','2021-08-12 18:24:56','9782818990629','UNREAD','L\'aiguille creuse','DL 2021','2021-08-12 18:24:56',NULL,'POSSESSED','LIBRARY'),('ark:/12148/cb470602754',NULL,'9782818993965.jpg','2022-10-28 00:00:00','9782818993965','UNREAD','Arsène Lupin contre Sherlock Holmes 1ère partie','DL 2022','2022-10-28 00:00:00',NULL,'POSSESSED','LIBRARY'),('manual',NULL,'9782845651340.jpg','2021-12-30 00:58:09','9782845651340','READ','L\'Envers du grimoire','DL 2001','2021-12-30 01:01:47',NULL,'POSSESSED','LIBRARY'),('manual',NULL,'9782845653832.jpg','2021-12-30 00:56:38','9782845653832','READ','La Cicatrice verte','DL 2003','2021-12-30 01:01:47',NULL,'POSSESSED','LIBRARY'),('manual',NULL,'9782845654051.jpg','2022-10-28 00:00:00','9782845654051','READ','Les Tours de Meirrion','DL 2003','2022-10-28 00:00:00',NULL,'POSSESSED','LIBRARY'),('manual',NULL,'9782845654082.jpg','2022-10-28 00:00:00','9782845654082','READ','Jardin de Sangali',NULL,'2022-10-28 00:00:00',NULL,'POSSESSED','LIBRARY'),('manual',NULL,'9782845656833.jpg','2022-10-28 00:00:00','9782845656833','READ','Les sables d\'Abraxar','DL 2003','2022-10-28 00:00:00',NULL,'POSSESSED','LIBRARY'),('manual',NULL,'9782845656864.jpg','2022-10-28 00:00:00','9782845656864','READ','Exil à Port-Fleuri','DL 2005','2022-10-28 00:00:00',NULL,'POSSESSED','LIBRARY'),('manual',NULL,'9782845658295.jpg','2021-12-30 01:01:07','9782845658295','READ','Le Bracelet de Cohars','DL 2001','2021-12-30 01:01:47',NULL,'POSSESSED','LIBRARY'),('manual',NULL,'9782845658981.jpg','2021-12-30 00:55:02','9782845658981','READ','Les Geôles de Nénuphe','DL 2005','2021-12-30 01:01:47',NULL,'POSSESSED','LIBRARY'),('manual',NULL,'9782845659001.jpg','2022-10-28 00:00:00','9782845659001','READ','Les Buveurs de mondes','DL 2004','2022-10-28 00:00:00',NULL,'POSSESSED','LIBRARY'),('ark:/12148/cb442932413',NULL,'9782845659025.jpg','2021-02-12 07:01:46','9782845659025','READ','Terra incognita','2015','2021-02-12 07:39:57',NULL,'POSSESSED','LIBRARY'),('manual',NULL,'9782845659919.jpg','2021-02-12 07:22:25','9782845659919','READ','Ophyde la Geminée','2005','2021-02-12 07:39:58',NULL,'POSSESSED','LIBRARY'),('manual',NULL,'9782849463185.jpg','2022-10-28 00:00:00','9782849463185','READ','La Chevauchée des bactéries','DL 2005','2022-10-28 00:00:00',NULL,'POSSESSED','LIBRARY'),('manual',NULL,'9782849464939.jpg','2021-02-12 07:30:12','9782849464939','READ',' Le Soupir des étoiles','2006','2021-02-12 07:39:58',NULL,'POSSESSED','LIBRARY'),('manual',NULL,'9782849466414.jpg','2022-10-28 00:00:00','9782849466414','READ','Le Râle du flibustier','DL 2006','2022-10-28 00:00:00',NULL,'POSSESSED','LIBRARY'),('ark:/12148/cb41042774d',NULL,'9782849466445.jpg','2021-12-30 00:51:58','9782849466445','READ','Onze racines','DL 2007','2021-12-30 01:01:47',NULL,'POSSESSED','LIBRARY'),('ark:/12148/cb410648690',NULL,'9782849468494.jpg','2021-02-12 07:30:50','9782849468494','READ','L\'ombre de Khengis','2007','2021-02-12 07:39:58',NULL,'POSSESSED','LIBRARY'),('manual',NULL,'9782877642576.jpg','2022-10-28 00:00:00','9782877642576','READ','L\'ivoire du Magohamoth','DL 1996','2022-10-28 00:00:00',NULL,'POSSESSED','LIBRARY'),('manual',NULL,'9782877643061.jpg','2022-10-28 00:00:00','9782877643061','READ','Thanos l\'incongru','DL 1996','2022-10-28 00:00:00',NULL,'POSSESSED','LIBRARY'),('manual',NULL,'9782913714670.jpg','2021-12-30 00:00:00','9782913714670','READ','Première saison, partie 1','DL 2005','2021-12-30 00:00:00',NULL,'SOLD','LIBRARY'),('manual',NULL,'9782913714816.jpg','2021-12-30 00:00:00','9782913714816','READ','Première saison, partie 2','DL 2005','2021-12-30 00:00:00',NULL,'SOLD','LIBRARY'),('manual',NULL,'9782913714922.jpg','2021-12-30 00:00:00','9782913714922','READ','Première saison, partie 3','DL 2006','2021-12-30 00:00:00',NULL,'SOLD','LIBRARY'),('ark:/12148/cb42104005m',NULL,'9782918771005.jpg','2021-12-30 12:44:32','9782918771005','READ','Desmond','DL 2009','2021-12-30 13:06:34',NULL,'POSSESSED','LIBRARY'),('manual',NULL,'9782918771012.jpg','2021-12-30 12:42:52','9782918771012','READ','Aquilus','DL 2010','2021-12-30 13:06:34',NULL,'POSSESSED','LIBRARY'),('ark:/12148/cb425468661',NULL,'9782918771036.jpg','2021-12-30 12:40:34','9782918771036','READ','Accipiter','DL 2011','2021-12-30 13:06:34',NULL,'POSSESSED','LIBRARY'),('ark:/12148/cb437178513',NULL,'9782918771074.jpg','2021-12-30 12:39:42','9782918771074','READ','Hawk','DL 2012','2021-12-30 13:06:34',NULL,'POSSESSED','LIBRARY'),('ark:/12148/cb43767037c',NULL,'9782918771111.jpg','2021-12-30 12:38:37','9782918771111','READ','El Cakr','DL 2013','2021-12-30 13:06:34',NULL,'POSSESSED','LIBRARY'),('ark:/12148/cb45218632x','Urban indies','9791026810674.jpg','2021-05-19 21:26:17','9791026810674','READ','Injection','2017','2021-05-19 21:28:48',NULL,'POSSESSED','LIBRARY'),('manual',NULL,'9791026810704.jpg','2021-02-12 08:05:37','9791026810704','READ','La relève 2e Partie','2016','2021-02-12 08:05:55',NULL,'POSSESSED','LIBRARY'),('ark:/12148/cb452185528','Collection DC essentiels','9791026810827.jpg','2022-02-01 22:52:53','9791026810827','UNREAD','Dark Knight The Last Crusade','DL 2017','2022-02-01 22:52:53',NULL,'POSSESSED','LIBRARY'),('ark:/12148/cb452185826','DC renaissance','9791026810834.jpg','2021-02-12 12:01:17','9791026810834','READ','Résurrection','2017','2021-02-12 12:02:25',NULL,'POSSESSED','LIBRARY'),('ark:/12148/cb45218592h','DC renaissance','9791026810841.jpg','2021-02-12 11:49:02','9791026810841','UNREAD','Le gang des Harley','2017','2021-02-12 11:49:02',NULL,'POSSESSED','LIBRARY'),('ark:/12148/cb452383435','Collection Vertigo essentiels','9791026811169.jpg','2021-12-29 17:20:36','9791026811169','UNREAD','Preacher','DL 2017','2021-12-29 17:25:50',NULL,'POSSESSED','LIBRARY'),('ark:/12148/cb45289575m','Collection DC rebirth','9791026811336.jpg','2021-02-12 13:22:57','9791026811336','READ','Année un','2017','2021-02-12 13:39:58',NULL,'POSSESSED','LIBRARY'),('ark:/12148/cb45296889m','DC renaissance','9791026811350.jpg','2021-02-12 08:14:11','9791026811350','READ','La fin de Spyral','2017','2021-02-12 08:14:20',NULL,'POSSESSED','LIBRARY'),('ark:/12148/cb45312475c','Collection DC rebirth','9791026811428.jpg','2022-02-02 12:36:01','9791026811428','READ','La colonie','DL 2017','2022-02-11 20:57:15',NULL,'POSSESSED','LIBRARY'),('ark:/12148/cb45318066r','Collection DC essentiels','9791026811435.jpg','2021-12-29 16:53:06','9791026811435','READ','The Authority','DL 2017','2022-01-16 21:52:07',NULL,'POSSESSED','LIBRARY'),('ark:/12148/cb452896407','Collection DC rebirth','9791026811503.jpg','2021-02-12 17:34:59','9791026811503','READ','La chambre noire','2017','2021-02-12 17:50:41',NULL,'POSSESSED','LIBRARY'),('ark:/12148/cb45359309t','Collection DC rebirth','9791026811541.jpg','2022-02-02 17:49:09','9791026811541','READ','Plus fort que Batman','DL 2017','2022-02-02 17:54:54',NULL,'POSSESSED','LIBRARY'),('ark:/12148/cb45378458g','Urban indies','9791026811732.jpg','2021-05-19 21:27:01','9791026811732','READ','Injection','2017','2021-05-19 21:28:48',NULL,'POSSESSED','LIBRARY'),('ark:/12148/cb454480656','Collection Vertigo essentiels','9791026811824.jpg','2021-12-29 17:16:59','9791026811824','UNREAD','Preacher','DL 2018','2021-12-29 17:16:59',NULL,'POSSESSED','LIBRARY'),('ark:/12148/cb45430115s','Collection DC rebirth','9791026812630.jpg','2021-02-12 12:10:27','9791026812630','READ','Inondation','2018','2021-02-12 12:24:05',NULL,'POSSESSED','LIBRARY'),('ark:/12148/cb453331965','Collection DC rebirth','9791026812654.jpg','2022-02-01 00:00:00','9791026812654','READ','Mon nom est Gotham','DL 2017','2022-02-01 00:00:00',NULL,'SOLD','LIBRARY'),('ark:/12148/cb453834961','Collection DC rebirth','9791026812821.jpg','2022-10-28 00:00:00','9791026812821','READ','Batman : La nuit des monstres','DL 2017','2022-10-28 00:00:00',NULL,'POSSESSED','LIBRARY'),('ark:/12148/cb45409545c','Collection DC rebirth','9791026812869.jpg','2021-02-12 17:41:04','9791026812869','READ','Sains d\'esprit','2017','2021-02-12 17:50:41',NULL,'POSSESSED','LIBRARY'),('ark:/12148/cb45378470b','Collection DC rebirth','9791026812876.jpg','2021-02-12 12:45:27','9791026812876','READ','Vie et mort d\'Oliver Queen','2017','2021-02-12 12:48:43',NULL,'POSSESSED','LIBRARY'),('manual',NULL,'9791026812890.jpg','2023-01-14 14:57:42','9791026812890','UNREAD','Tome 3','DL 2023','2023-01-14 14:57:42',NULL,'POSSESSED','LIBRARY'),('ark:/12148/cb45609686k','Urban graphic','9791026813101.jpg','2021-12-29 15:25:39','9791026813101','READING','American gods','DL 2018','2022-12-02 14:35:32',NULL,'POSSESSED','LIBRARY'),('ark:/12148/cb454013556','Collection DC rebirth','9791026813163.jpg','2021-02-12 13:24:55','9791026813163','READ','Mensonges','2017','2021-02-12 13:39:58',NULL,'POSSESSED','LIBRARY'),('ark:/12148/cb453996758','Collection DC rebirth','9791026813187.jpg','2022-02-01 23:32:40','9791026813187','READ','Mon nom est Suicide','DL 2017','2022-02-01 23:36:22',NULL,'POSSESSED','LIBRARY'),('ark:/12148/cb454457286','Collection DC rebirth','9791026813347.jpg','2022-02-02 17:54:28','9791026813347','READ','Blüdhaven','DL 2018','2022-02-02 17:54:54',NULL,'POSSESSED','LIBRARY'),('manual','Collection DC rebirth','9791026813361.jpg','2021-02-12 17:49:44','9791026813361','UNREAD','Incendies','2018','2021-02-12 17:49:44',NULL,'POSSESSED','LIBRARY'),('ark:/12148/cb45545539g','Collection DC rebirth','9791026813422.jpg','2021-02-12 12:14:44','9791026813422','READ','Le déluge','2018','2021-02-12 12:24:05',NULL,'POSSESSED','LIBRARY'),('ark:/12148/cb45465831s','Collection DC rebirth','9791026813439.jpg','2021-02-12 12:44:31','9791026813439','READ','L\'île aux cicatrices','2018','2021-02-12 12:48:43',NULL,'POSSESSED','LIBRARY'),('ark:/12148/cb455718405','Collection DC rebirth','9791026813460.jpg','2021-02-12 12:17:04','9791026813460','READ','Underworld','2018','2021-02-12 12:24:06',NULL,'POSSESSED','LIBRARY'),('ark:/12148/cb454625886','Collection DC rebirth','9791026813507.jpg','2022-02-01 23:31:31','9791026813507','READ','Mon nom est Bane','DL 2018','2022-02-01 23:36:22',NULL,'POSSESSED','LIBRARY'),('ark:/12148/cb455181729','Collection DC rebirth','9791026813514.jpg','2022-02-01 23:29:58','9791026813514','READ','La guerre des rires et des énigmes','DL 2018','2022-02-01 23:36:22',NULL,'POSSESSED','LIBRARY'),('ark:/12148/cb45485175w','Collection DC rebirth','9791026813545.jpg','2021-02-12 13:26:59','9791026813545','READ','La vérité','2018','2021-02-12 13:39:58',NULL,'POSSESSED','LIBRARY'),('ark:/12148/cb455529241','Collection DC rebirth','9791026813552.jpg','2021-02-12 13:31:03','9791026813552','READ','La vérité','2018','2021-02-12 13:39:58',NULL,'POSSESSED','LIBRARY'),('ark:/12148/cb455391990','Collection DC rebirth','9791026813576.jpg','2022-02-02 17:51:54','9791026813576','READ','Nightwing doit mourir','DL 2018','2022-02-02 17:54:54',NULL,'POSSESSED','LIBRARY'),('ark:/12148/cb45589887z','Collection DC rebirth','9791026813637.jpg','2022-02-02 17:53:24','9791026813637','READ','Blockbuster','DL 2018','2022-02-02 17:54:54',NULL,'POSSESSED','LIBRARY'),('ark:/12148/cb45578142m','Collection DC rebirth','9791026813668.jpg','2021-02-12 12:48:34','9791026813668','UNREAD','Hors-la-loi','2018','2021-02-12 12:48:34',NULL,'POSSESSED','LIBRARY'),('ark:/12148/cb45634895h','Collection DC rebirth','9791026813712.jpg','2021-02-12 12:19:29','9791026813712','READ','Détrôné','2018','2021-02-12 12:24:06',NULL,'POSSESSED','LIBRARY'),('ark:/12148/cb45490950r','Collection DC rebirth','9791026813750.jpg','2022-02-01 22:41:22','9791026813750','UNREAD','DC Univers rebirth : Le Badge','DL 2018','2022-02-01 22:41:22',NULL,'POSSESSED','LIBRARY'),('ark:/12148/cb45465869g','Collection DC rebirth','9791026813767.jpg','2021-02-12 12:31:04','9791026813767','READ','Le professionnel','2018','2021-02-12 12:40:20',NULL,'POSSESSED','LIBRARY'),('ark:/12148/cb454909455','Collection DC rebirth','9791026813774.jpg','2021-02-12 13:08:38','9791026813774','UNREAD','Quand je serai grand','2018','2021-02-12 13:09:46',NULL,'POSSESSED','LIBRARY'),('ark:/12148/cb455181849','Collection DC rebirth','9791026813781.jpg','2022-02-02 00:00:00','9791026813781','READ','La forge','DL 2018','2022-02-02 00:00:00',NULL,'SOLD','LIBRARY'),('ark:/12148/cb45578145n','Collection DC rebirth','9791026813798.jpg','2021-02-12 12:34:18','9791026813798','READ','Le credo de Slade','2018','2021-02-12 12:40:20',NULL,'POSSESSED','LIBRARY'),('ark:/12148/cb455898889','Collection DC rebirth','9791026813828.jpg','2022-02-01 23:28:35','9791026813828','READ','En amour comme à la guerre','DL 2018','2022-02-01 23:36:22',NULL,'POSSESSED','LIBRARY'),('ark:/12148/cb45634983s','Collection DC rebirth','9791026813842.jpg','2021-02-12 12:36:14','9791026813842','READ','Ténèbres','2018','2021-02-12 12:40:20',NULL,'POSSESSED','LIBRARY'),('ark:/12148/cb456352864','Collection DC rebirth','9791026813859.jpg','2021-02-12 17:28:09','9791026813859','UNREAD','Enfants des dieux','2018','2021-02-12 17:28:09',NULL,'POSSESSED','LIBRARY'),('ark:/12148/cb45552532j','Collection DC rebirth','9791026813873.jpg','2022-02-02 00:00:00','9791026813873','READ','Les chevaliers noirs','DL 2018','2022-02-02 00:00:00',NULL,'SOLD','LIBRARY'),('ark:/12148/cb456080364','Collection DC black label','9791026814368.jpg','2021-12-29 16:22:52','9791026814368','READ','Batman White Knight','DL 2018','2021-12-29 17:04:58',NULL,'POSSESSED','LIBRARY'),('ark:/12148/cb45490952f','Urban indies','9791026814559.jpg','2021-05-19 21:28:00','9791026814559','READ','Injection','2018','2021-05-19 21:28:48',NULL,'POSSESSED','LIBRARY'),('ark:/12148/cb45744632f','Collection DC deluxe','9791026815167.jpg','2022-02-01 22:39:32','9791026815167','UNREAD','Mister Miracle','DL 2019','2022-02-01 22:39:32',NULL,'POSSESSED','LIBRARY'),('ark:/12148/cb46579427x','Collection DC black label','9791026815594.jpg','2021-12-29 17:14:38','9791026815594','UNREAD','V pour Vendetta','2020','2021-12-29 17:14:38',NULL,'POSSESSED','LIBRARY'),('ark:/12148/cb45834022f','Collection DC rebirth','9791026815709.jpg','2021-02-12 12:51:08','9791026815709','READING','Old lady Harley','2019','2021-02-12 12:52:39',NULL,'POSSESSED','LIBRARY'),('ark:/12148/cb456624977','Collection DC rebirth','9791026815730.jpg','2022-02-01 23:27:22','9791026815730','READ','Tout le monde aime Ivy','DL 2019','2022-02-01 23:36:22',NULL,'POSSESSED','LIBRARY'),('ark:/12148/cb45667987h','Collection DC rebirth','9791026815846.jpg','2022-02-02 17:50:54','9791026815846','READ','La revanche de Raptor','DL 2019','2022-02-02 17:54:54',NULL,'POSSESSED','LIBRARY'),('ark:/12148/cb457042106','Collection DC rebirth','9791026816034.jpg','2022-02-02 11:57:57','9791026816034','READ','Justice league, no justice','DL 2019','2022-02-02 12:29:11',NULL,'POSSESSED','LIBRARY'),('ark:/12148/cb465779285','Collection DC black label','9791026816065.jpg','2021-12-29 16:34:50','9791026816065','READ','Harleen','2020','2021-12-29 17:05:11',NULL,'POSSESSED','LIBRARY'),('ark:/12148/cb45704173t','Collection DC rebirth','9791026816102.jpg','2021-02-12 12:23:58','9791026816102','READ','Régicide','2019','2021-02-12 12:24:06',NULL,'POSSESSED','LIBRARY'),('ark:/12148/cb46749232p','Collection DC black label','9791026816201.jpg','2021-12-29 16:27:56','9791026816201','UNREAD','Joker','DL 2020','2021-12-29 16:27:56',NULL,'POSSESSED','LIBRARY'),('ark:/12148/cb457511138','Collection DC rebirth','9791026816263.jpg','2021-02-12 13:00:41','9791026816263','READ','Pâles copies','2019','2021-02-12 13:10:03',NULL,'POSSESSED','LIBRARY'),('manual','Collection Urban Cult','9791026816355.jpg','2021-02-12 18:04:07','9791026816355','READ','Livre Premier','2021','2022-01-30 13:40:34',NULL,'POSSESSED','LIBRARY'),('ark:/12148/cb46549254n','Collection DC black label','9791026816539.jpg','2021-05-19 18:45:58','9791026816539','READ','1588-1925','2020','2021-05-19 18:51:26',NULL,'POSSESSED','LIBRARY'),('ark:/12148/cb46976457t',NULL,'9791026816546.jpg','2022-03-28 11:52:27','9791026816546','READ','The house of slaughter','DL 2022','2022-03-28 12:20:08',NULL,'POSSESSED','LIBRARY'),('ark:/12148/cb45835935h','Urban graphic','9791026816560.jpg','2021-12-29 15:27:56','9791026816560','UNREAD','American gods','2019','2021-12-29 15:27:56',NULL,'POSSESSED','LIBRARY'),('ark:/12148/cb45773151q','Collection DC rebirth','9791026816584.jpg','2022-02-01 23:21:56','9791026816584','READ','Noces noires','DL 2019','2022-02-01 23:36:24',NULL,'POSSESSED','LIBRARY'),('ark:/12148/cb457603818','Collection DC rebirth','9791026816621.jpg','2021-02-12 12:38:21','9791026816621','READ','Défiance','2019','2021-02-12 12:40:20',NULL,'POSSESSED','LIBRARY'),(NULL,NULL,'9791026816713.jpg',NULL,'9791026816713',NULL,'Le tournois des amazones',NULL,NULL,NULL,NULL,'WISHLIST'),(NULL,NULL,'9791026816836.jpg',NULL,'9791026816836',NULL,'Kingdom Come',NULL,NULL,NULL,NULL,'WISHLIST'),('ark:/12148/cb45704184g','Collection DC rebirth','9791026816881.jpg','2022-02-01 23:25:15','9791026816881','READ','Sur la route de l\'autel','DL 2019','2022-02-01 23:36:22',NULL,'POSSESSED','LIBRARY'),('ark:/12148/cb46968264t','Collection DC black label','9791026816935.jpg','2022-03-28 11:56:56','9791026816935','UNREAD','Sandman','DL 2022','2022-03-28 11:56:56',NULL,'POSSESSED','LIBRARY'),('ark:/12148/cb46564568c','Collection DC originals','9791026816973.jpg','2021-12-29 15:15:51','9791026816973','UNREAD','Watchmen','2020','2021-12-29 15:15:51',NULL,'POSSESSED','LIBRARY'),('ark:/12148/cb46594273r',NULL,'9791026817093.jpg','2021-12-29 15:18:58','9791026817093','UNREAD','Watchmen','2020','2021-12-29 15:18:58',NULL,'POSSESSED','LIBRARY'),('ark:/12148/cb46630592t','Collection DC rebirth','9791026817123.jpg','2022-02-01 08:22:30','9791026817123','READ','Batman, Joker war','2020','2022-02-01 08:28:19',NULL,'POSSESSED','LIBRARY'),('ark:/12148/cb466143428','Collection DC black label','9791026817178.jpg','2021-12-29 16:17:00','9791026817178','READ','Batman, créature de la nuit','2020','2021-12-29 17:05:04',NULL,'POSSESSED','LIBRARY'),('ark:/12148/cb46837218m','Collection Urban cult','9791026817215.jpg','2021-12-29 15:50:33','9791026817215','UNREAD','Livre Deuxième','DL 2021','2021-12-29 15:50:33',NULL,'POSSESSED','LIBRARY'),('ark:/12148/cb46558836b','Collection DC black label','9791026817284.jpg','2022-03-28 11:59:42','9791026817284','READ','Batman Année Un','DL 2020','2022-03-28 12:18:46',NULL,'POSSESSED','LIBRARY'),(NULL,NULL,'9791026817321.jpg',NULL,'9791026817321',NULL,'Intégrale 2',NULL,NULL,NULL,NULL,'WISHLIST'),('ark:/12148/cb46583470t','Collection DC originals','9791026817369.jpg','2021-12-29 15:20:18','9791026817369','UNREAD','Watchmen','2020','2021-12-29 15:20:18',NULL,'POSSESSED','LIBRARY'),(NULL,NULL,'9791026817390.jpg',NULL,'9791026817390',NULL,'Intégrale 3',NULL,NULL,NULL,NULL,'WISHLIST'),('ark:/12148/cb46564193g','Collection DC originals','9791026817543.jpg','2021-12-29 15:18:00','9791026817543','UNREAD','Watchmen','2020','2021-12-29 15:18:00',NULL,'POSSESSED','LIBRARY'),('ark:/12148/cb465645718','Collection DC originals','9791026817734.jpg','2021-12-29 15:22:05','9791026817734','READ','Watchmen','2020','2021-12-29 15:36:08',NULL,'POSSESSED','LIBRARY'),(NULL,NULL,'9791026817772.jpg',NULL,'9791026817772',NULL,'L\'ascension du warworld',NULL,NULL,NULL,NULL,'WISHLIST'),('ark:/12148/cb465779432','Collection DC deluxe','9791026817789.jpg','2022-02-01 00:00:00','9791026817789','UNREAD','Batman universe','2020','2022-02-01 00:00:00',NULL,'POSSESSED','LIBRARY'),('ark:/12148/cb46712680b','Collection DC black label','9791026817857.jpg','2022-04-03 00:00:00','9791026817857','READ','Wonder Woman Dead Earth','2020','2022-04-03 00:00:00',NULL,'POSSESSED','LIBRARY'),('ark:/12148/cb46538983q',NULL,'9791026817918.jpg','2021-12-29 15:19:50','9791026817918','READ','Watchmen','DL 2020','2021-12-29 15:36:08',NULL,'POSSESSED','LIBRARY'),('ark:/12148/cb465942654',NULL,'9791026817925.jpg','2021-12-29 15:21:40','9791026817925','UNREAD','Watchmen','2020','2021-12-29 15:21:40',NULL,'POSSESSED','LIBRARY'),('ark:/12148/cb458436164','Collection DC rebirth','9791026817994.jpg','2022-02-01 23:16:05','9791026817994','READ','Cauchemars','DL 2019','2022-02-01 23:36:22',NULL,'POSSESSED','LIBRARY'),('ark:/12148/cb46538988f','Collection DC originals','9791026818007.jpg','2021-12-29 15:20:46','9791026818007','READ','Watchmen','2020','2021-12-29 15:36:08',NULL,'POSSESSED','LIBRARY'),('ark:/12148/cb465645640','Collection DC originals','9791026818212.jpg','2021-12-29 15:16:44','9791026818212','UNREAD','Watchmen','2020','2021-12-29 15:16:44',NULL,'POSSESSED','LIBRARY'),('ark:/12148/cb46564561z','Collection DC originals','9791026818236.jpg','2021-12-29 15:17:30','9791026818236','UNREAD','Watchmen','2020','2021-12-29 15:17:30',NULL,'POSSESSED','LIBRARY'),('ark:/12148/cb46923443c','Collection DC black label','9791026818359.jpg','2021-12-29 00:00:00','9791026818359','UNREAD','Batman: Trois jokers','DL 2021','2021-12-29 00:00:00',NULL,'POSSESSED','LIBRARY'),('ark:/12148/cb46564570x','Collection DC originals','9791026818366.jpg','2021-12-29 15:21:01','9791026818366','UNREAD','Watchmen','2020','2021-12-29 15:21:01',NULL,'POSSESSED','LIBRARY'),('ark:/12148/cb45794287n','Collection DC rebirth','9791026818373.jpg','2021-02-12 12:40:05','9791026818373','READ','La chute de Slade','2019','2021-02-12 12:40:20',NULL,'POSSESSED','LIBRARY'),('ark:/12148/cb46583472h','Collection DC originals','9791026818441.jpg','2021-12-29 15:22:22','9791026818441','UNREAD','Watchmen','2020','2021-12-29 15:22:22',NULL,'POSSESSED','LIBRARY'),('ark:/12148/cb46576701b','Collection DC rebirth','9791026818656.jpg','2021-02-12 13:04:10','9791026818656','READ','Loin de Gotham','2020','2022-02-01 23:45:55',NULL,'POSSESSED','LIBRARY'),('ark:/12148/cb46563691x','Collection DC rebirth','9791026818694.jpg','2022-02-01 23:12:19','9791026818694','READ','La chute et les déchus','DL 2020','2022-02-01 23:36:22',NULL,'POSSESSED','LIBRARY'),('ark:/12148/cb45856784t','Collection DC rebirth','9791026818786.jpg','2022-02-02 12:09:27','9791026818786','READ','Le Batman qui rit','DL 2019','2022-03-31 16:19:25',NULL,'POSSESSED','LIBRARY'),('ark:/12148/cb46602318q','Collection DC rebirth','9791026818861.jpg','2022-02-01 23:09:02','9791026818861','READ','La cité de Bane','2020','2022-02-01 23:36:22',NULL,'POSSESSED','LIBRARY'),('ark:/12148/cb470295608',NULL,'9791026818991.jpg','2022-10-28 00:00:00','9791026818991','READ','L\'éveil à la sève','DL 2022','2022-10-28 00:00:00',NULL,'POSSESSED','LIBRARY'),('manual','Urban Graphic','9791026819165.jpg','2021-12-29 15:34:50','9791026819165','UNREAD','American gods','2021','2021-12-29 15:34:50',NULL,'POSSESSED','LIBRARY'),(NULL,NULL,'9791026819172.jpg',NULL,'9791026819172',NULL,'La saga du warworld',NULL,NULL,NULL,NULL,'WISHLIST'),(NULL,NULL,'9791026819196.jpg',NULL,'9791026819196',NULL,'Sandman',NULL,NULL,NULL,NULL,'WISHLIST'),('ark:/12148/cb470234418',NULL,'9791026819271.jpg','2022-10-28 00:00:00','9791026819271','UNREAD','La vérité, la justice, et un monde meilleur','DL 2022','2022-10-28 00:00:00',NULL,'POSSESSED','LIBRARY'),('manual','DC Rebirth','9791026819332.jpg','2022-02-01 08:26:54','9791026819332','READ','Batman, Joker war','DL 2021','2022-02-09 11:50:49',NULL,'POSSESSED','LIBRARY'),('ark:/12148/cb466266523','Collection DC black label','9791026819479.jpg','2022-02-01 00:00:00','9791026819479','UNREAD','Batman the Dark Knight Returns : The golden Child','DL 2020','2022-02-01 00:00:00',NULL,'SOLD','LIBRARY'),('ark:/12148/cb46984774z',NULL,'9791026819707.jpg','2022-03-28 12:04:00','9791026819707','READ','Le saut dans la lumière','DL 2022','2023-01-15 14:25:22',NULL,'POSSESSED','LIBRARY'),('manual','Collection DC rebirth','9791026819714.jpg','2022-02-02 12:26:42','9791026819714','UNREAD','Tome 2','DL 2020','2022-02-02 12:26:42',NULL,'POSSESSED','LIBRARY'),('ark:/12148/cb46625939g','Collection DC black label','9791026819752.jpg','2021-12-29 16:20:24','9791026819752','READ','Batman Curse of the White Knight','2020','2021-12-29 17:04:55',NULL,'POSSESSED','LIBRARY'),('ark:/12148/cb469332044','Collection Urban cult','9791026819844.jpg','2021-12-29 15:48:16','9791026819844','UNREAD','Livre Troisième','2021','2021-12-29 15:48:16',NULL,'POSSESSED','LIBRARY'),('ark:/12148/cb45826256k','Collection DC rebirth','9791026819967.jpg','2022-02-01 23:18:35','9791026819967','READ','L\'aile meurtrière','DL 2019','2022-02-01 23:36:22',NULL,'POSSESSED','LIBRARY'),('ark:/12148/cb46810126v','Collection DC black label','9791026820147.jpg','2021-12-29 15:57:19','9791026820147','READ','1954-1959','2021','2021-12-29 16:09:55',NULL,'POSSESSED','LIBRARY'),('ark:/12148/cb47023439q','Collection DC black label','9791026820178.jpg','2022-10-28 00:00:00','9791026820178','READ','Strange adventures','DL 2022','2022-10-28 00:00:00',NULL,'POSSESSED','LIBRARY'),('ark:/12148/cb468439012','Collection DC rebirth','9791026820369.jpg','2022-02-01 23:45:35','9791026820369','READ','Entre deux vies','DL 2021','2022-02-01 23:45:55',NULL,'POSSESSED','LIBRARY'),('ark:/12148/cb466031261','Collection DC deluxe','9791026820406.jpg','2022-02-01 22:37:23','9791026820406','UNREAD','Multiversity présente Terre-X','DL 2020','2022-02-01 22:37:23',NULL,'POSSESSED','LIBRARY'),('manual','DC Infinite','9791026820437.jpg','2022-01-28 12:55:10','9791026820437','READING','Les mondes au-delà','DL 2022','2023-01-15 14:25:37',NULL,'POSSESSED','LIBRARY'),('ark:/12148/cb469244997','Collection DC black label','9791026820611.jpg','2021-12-29 16:30:51','9791026820611','READ','Batman white knight Harley Quinn','DL 2021','2021-12-29 17:05:01',NULL,'POSSESSED','LIBRARY'),('ark:/12148/cb46984748d','Collection DC black label','9791026820673.jpg','2022-03-28 12:07:24','9791026820673','READ','Batman imposter','DL 2022','2022-03-28 12:19:03',NULL,'POSSESSED','LIBRARY'),(NULL,NULL,'9791026820789.jpg',NULL,'9791026820789',NULL,'Intégrale 1',NULL,NULL,NULL,NULL,'WISHLIST'),('ark:/12148/cb46923411r','Collection DC rebirth','9791026820925.jpg','2022-02-01 12:25:32','9791026820925','UNREAD','2050-3000','DL 2021','2022-02-01 12:25:32',NULL,'POSSESSED','LIBRARY'),('ark:/12148/cb46882753b','Collection DC rebirth','9791026821038.jpg','2022-02-01 12:35:31','9791026821038','UNREAD','2027-2030','DL 2021','2022-02-01 12:35:31',NULL,'POSSESSED','LIBRARY'),('ark:/12148/cb47056576j','Collection DC black label','9791026821045.jpg','2022-10-28 00:00:00','9791026821045','UNREAD','Rorschach','DL 2022','2022-10-28 00:00:00',NULL,'POSSESSED','LIBRARY'),('ark:/12148/cb46759754k','Collection DC black label','9791026821168.jpg','2022-02-01 23:41:12','9791026821168','READ','Basketful of heads','DL 2021','2022-02-01 23:45:44',NULL,'POSSESSED','LIBRARY'),('manual','Infinite','9791026821236.jpg','2022-12-30 17:19:18','9791026821236','UNREAD','Du clown au menu','DL 2022','2022-12-30 17:19:18',NULL,'POSSESSED','LIBRARY'),('ark:/12148/cb466122802','Collection DC black label','9791026821250.jpg','2021-12-29 16:28:58','9791026821250','READ','Superman Idendité Secrète','2020','2021-12-29 17:05:35',NULL,'POSSESSED','LIBRARY'),('ark:/12148/cb46839003h','Collection DC deluxe','9791026821304.jpg','2021-12-29 16:50:29','9791026821304','UNREAD','Harley Quinn Black + White + Red','DL 2021','2021-12-29 16:58:46',NULL,'POSSESSED','LIBRARY'),('ark:/12148/cb470113926',NULL,'9791026821373.jpg','2022-10-28 00:00:00','9791026821373','UNREAD','Decorum (2)','DL 2022','2022-10-28 00:00:00',NULL,'POSSESSED','LIBRARY'),('ark:/12148/cb46882759d','Collection DC rebirth','9791026821502.jpg','2022-02-01 08:17:04','9791026821502','UNREAD','2024-2025','DL 2021','2022-02-01 08:17:04',NULL,'POSSESSED','LIBRARY'),('ark:/12148/cb467342417','Collection DC black label','9791026821519.jpg','2021-05-19 18:56:03','9791026821519','READ','Le dernier des dieux','2021','2021-05-19 21:23:17',NULL,'POSSESSED','LIBRARY'),('ark:/12148/cb467083697','Collection Batman day collector','9791026821557.jpg','2022-02-01 23:00:37','9791026821557','READ','Batman terminal','DL 2020','2022-02-14 14:46:12',NULL,'POSSESSED','LIBRARY'),('manual','DC Black Label','9791026821564.jpg','2022-01-19 13:18:04','9791026821564','READ','Batman: Ego','DL 2022','2022-01-30 13:40:10',NULL,'POSSESSED','LIBRARY'),('ark:/12148/cb467342479',NULL,'9791026821601.jpg','2021-05-19 00:00:00','9791026821601','READ','Decorum (1)','2021','2022-05-08 00:00:00',NULL,'POSSESSED','LIBRARY'),('ark:/12148/cb46854133x','Collection DC black label','9791026821694.jpg','2021-12-29 16:06:24','9791026821694','READ','1970-1976','2021','2022-03-27 22:35:38',NULL,'POSSESSED','LIBRARY'),('manual','DC infinite','9791026821731.jpg','2022-01-28 13:09:34','9791026821731','UNREAD','Lâches par essence','DL 2022','2022-01-28 13:09:34',NULL,'POSSESSED','LIBRARY'),('ark:/12148/cb471223590',NULL,'9791026821922.jpg','2023-01-14 14:53:31','9791026821922','UNREAD','Le faiseur de monstres','DL 2022','2023-01-14 14:53:31',NULL,'POSSESSED','LIBRARY'),('ark:/12148/cb46828510q','Collection DC rebirth','9791026821953.jpg','2022-02-01 12:29:20','9791026821953','READ','Batman, Joker war','DL 2021','2022-02-11 20:57:23',NULL,'POSSESSED','LIBRARY'),('ark:/12148/cb46773238x','Collection DC black label','9791026821977.jpg','2022-10-28 00:00:00','9791026821977','READ','The Batman\'s grave','DL 2021','2022-10-28 00:00:00',NULL,'POSSESSED','LIBRARY'),('manual','Collection DC rebirth','9791026822042.jpg','2022-02-02 13:00:08','9791026822042','READ','Le syndicat des victimes','DL 2018','2022-02-13 00:37:53',NULL,'POSSESSED','LIBRARY'),('manual','Collection DC Infinite','9791026822097.jpg','2022-12-02 07:15:02','9791026822097','UNREAD','Armageddon','DL 2022','2022-12-02 07:15:02',NULL,'POSSESSED','LIBRARY'),('manual','Infinite','9791026822110.jpg','2022-12-30 17:11:47','9791026822110','UNREAD','Etat de terreur','DL 2022','2022-12-30 17:11:47',NULL,'POSSESSED','LIBRARY'),(NULL,NULL,'9791026822141.jpg',NULL,'9791026822141',NULL,'Contre le monde !',NULL,NULL,NULL,NULL,'WISHLIST'),('manual',NULL,'9791026822165.jpg','2023-01-27 15:23:43','9791026822165','UNREAD','Tome 4','DL 2023','2023-01-27 15:23:43',NULL,'POSSESSED','LIBRARY'),('manual','Collection Urban Games','9791026822196.jpg','2022-12-02 07:34:35','9791026822196','UNREAD','Tome 1','DL 2022','2022-12-02 07:34:35',NULL,'POSSESSED','LIBRARY'),('ark:/12148/cb46549257p','Collection DC black label','9791026822493.jpg','2021-05-19 18:48:16','9791026822493','READ','1936-1943','2020','2021-05-19 18:51:26',NULL,'POSSESSED','LIBRARY'),(NULL,NULL,'9791026822523.jpg',NULL,'9791026822523',NULL,'Batman Shadow War',NULL,NULL,NULL,NULL,'WISHLIST'),('ark:/12148/cb46668637h','Collection DC rebirth','9791026822547.jpg','2022-02-02 00:00:00','9791026822547','UNREAD','Tome 1','DL 2020','2022-08-01 00:00:00',NULL,'POSSESSED','LIBRARY'),('manual','Collection Urban Games','9791026822608.jpg','2022-12-02 07:33:14','9791026822608','UNREAD','Tome 2','DL 2022','2022-12-02 07:33:14',NULL,'POSSESSED','LIBRARY'),('ark:/12148/cb470234340',NULL,'9791026823032.jpg','2022-10-29 00:00:00','9791026823032','READ','Toutes les morts de Laila Starr','DL 2022','2022-12-04 15:38:34',NULL,'POSSESSED','LIBRARY'),('manual','Urban indies','9791026823636.jpg','2022-01-28 13:01:18','9791026823636','READ','Au bord du monde','DL 2022','2022-02-13 00:38:26',NULL,'POSSESSED','LIBRARY'),(NULL,NULL,'9791026823742.jpg',NULL,'9791026823742',NULL,'Superman Red Son',NULL,NULL,NULL,NULL,'WISHLIST'),('manual',NULL,'9791026823872.jpg','2023-01-27 13:27:35','9791026823872','UNREAD','The Road to Tribulation','DL 2023','2023-01-27 13:27:35',NULL,'POSSESSED','LIBRARY'),('manual',NULL,'9791026823926.jpg','2022-10-08 00:00:00','9791026823926','UNREAD','La cité sur la colline','DL 2022','2022-10-08 00:00:00',NULL,'POSSESSED','LIBRARY'),('ark:/12148/cb45635227m','Collection DC rebirth','9791026824107.jpg','2022-02-02 00:00:00','9791026824107','READ','Matière hurlante','DL 2018','2022-02-02 00:00:00',NULL,'SOLD','LIBRARY'),('manual',NULL,'9791026824213.jpg','2023-01-27 15:22:08','9791026824213','UNREAD','Monde Libre','DL 2023','2023-01-27 15:22:08',NULL,'POSSESSED','LIBRARY'),('manual',NULL,'9791026824251.jpg','2022-12-29 11:31:07','9791026824251','UNREAD','Le dernier des dieux','DL 2021','2022-12-29 11:31:07',NULL,'POSSESSED','LIBRARY'),(NULL,NULL,'9791026824503.jpg',NULL,'9791026824503',NULL,'Animal man : volume deux',NULL,NULL,NULL,NULL,'WISHLIST'),('manual',NULL,'9791026824718.jpg','2022-11-09 00:00:00','9791026824718','READ','Cible: Grayson','DL 2022','2023-01-15 14:25:22',NULL,'POSSESSED','LIBRARY'),('manual',NULL,'9791026824749.jpg','2022-11-09 00:00:00','9791026824749','UNREAD','Le droit chemin','DL 2022','2022-11-09 00:00:00',NULL,'POSSESSED','LIBRARY'),('manual','Collection DC black label','9791026824886.jpg','2022-01-28 00:00:00','9791026824886','UNREAD','Catwoman : à Rome','DL 2022','2022-01-28 00:00:00',NULL,'POSSESSED','LIBRARY'),('ark:/12148/cb467339877','Collection DC black label','9791026824916.jpg','2021-12-29 16:02:49','9791026824916','READ','1963-1967','2021','2021-12-29 16:09:55',NULL,'POSSESSED','LIBRARY'),(NULL,NULL,'9791026825296.jpg',NULL,'9791026825296',NULL,'A travers le miroir',NULL,NULL,NULL,NULL,'WISHLIST'),('ark:/12148/cb469847608',NULL,'9791026825395.jpg','2022-03-28 11:47:07','9791026825395','UNREAD','La Chasse au Clown','DL 2022','2022-03-28 11:47:07',NULL,'POSSESSED','LIBRARY'),('manual','DC Black Label','9791026825531.jpg','2022-01-19 00:00:00','9791026825531','UNREAD','Catwoman : Le dernier braquage','DL 2022','2022-01-19 00:00:00',NULL,'POSSESSED','LIBRARY'),(NULL,NULL,'9791026825562.jpg',NULL,'9791026825562',NULL,'Le demon intérieur',NULL,NULL,NULL,NULL,'WISHLIST'),('manual','Collection DC black label','9791026825647.jpg','2022-10-28 00:00:00','9791026825647','UNREAD','Refrigerators full of heads','DL 2022','2022-10-28 00:00:00',NULL,'POSSESSED','LIBRARY'),('ark:/12148/cb46956020z','DC infinite','9791026826163.jpg','2022-01-31 20:32:44','9791026826163','UNREAD','DC infinite frontier','DL 2022','2022-01-31 20:32:44',NULL,'POSSESSED','LIBRARY'),('manual','Urban indies','9791026826194.jpg','2022-10-28 00:00:00','9791026826194','READ','La marque du boucher','DL 2022','2022-10-28 00:00:00',NULL,'POSSESSED','LIBRARY'),(NULL,NULL,'9791026826392.jpg',NULL,'9791026826392',NULL,'Animal man : Volume un',NULL,NULL,NULL,NULL,'WISHLIST'),('ark:/12148/cb47057627v','Collection DC deluxe','9791026826644.jpg','2022-10-28 00:00:00','9791026826644','READ','Supergirl','DL 2022','2022-10-28 00:00:00',NULL,'POSSESSED','LIBRARY'),('manual','DC Classiques','9791026826729.jpg','2022-01-28 12:57:08','9791026826729','UNREAD','Le nouvel âge','DL 2022','2022-01-28 14:10:52',NULL,'POSSESSED','LIBRARY'),('ark:/12148/cb46583926q','Collection DC rebirth','9791026826743.jpg','2022-02-02 00:00:00','9791026826743','READ','Le batman qui rit - Les infectés','2020','2022-04-03 00:00:00',NULL,'POSSESSED','LIBRARY'),('manual','Black Label','9791026826958.jpg','2022-10-28 00:00:00','9791026826958','UNREAD','Batman: One Dark Knight','DL 2022','2022-10-28 00:00:00',NULL,'POSSESSED','LIBRARY'),(NULL,NULL,'9791026827047.jpg',NULL,'9791026827047',NULL,'Superman & the Authority',NULL,NULL,NULL,NULL,'WISHLIST'),(NULL,NULL,'9791026827214.jpg',NULL,'9791026827214',NULL,'Etat de terreur : 2nd partie',NULL,NULL,NULL,NULL,'WISHLIST'),(NULL,NULL,'9791026827221.jpg',NULL,'9791026827221',NULL,'Abyss',NULL,NULL,NULL,NULL,'WISHLIST'),(NULL,NULL,'9791026827740.jpg',NULL,'9791026827740',NULL,'Sandman – The Dreaming : Waking Hours',NULL,NULL,NULL,NULL,'WISHLIST'),('ark:/12148/cb46927550w','Collection DC rebirth','9791026827917.jpg','2022-02-01 08:11:19','9791026827917','UNREAD','2025-2027','DL 2021','2022-02-01 08:11:19',NULL,'POSSESSED','LIBRARY'),('ark:/12148/cb467880096','Collection DC black label','9791026828389.jpg','2021-12-29 16:15:12','9791026828389','READING','Plunge','DL 2021','2022-01-08 18:31:53',NULL,'POSSESSED','LIBRARY'),('ark:/12148/cb46978468z',NULL,'9791026828563.jpg','2022-03-28 12:11:43','9791026828563','READ','The game of nothing','DL 2022','2022-03-28 12:20:08',NULL,'POSSESSED','LIBRARY'),('manual',NULL,'9791026829317.jpg','2022-10-28 00:00:00','9791026829317','READ','Me and my Monster','DL 2022','2022-10-28 00:00:00',NULL,'POSSESSED','LIBRARY'),(NULL,NULL,'9791026829454.jpg',NULL,'9791026829454',NULL,'Le nouvel âge',NULL,NULL,NULL,NULL,'WISHLIST'),('ark:/12148/cb46981268x',NULL,'9791026829744.jpg','2022-03-28 12:01:19','9791026829744','READ','The angel of archer\'s peak','DL 2022','2022-03-28 12:20:08',NULL,'POSSESSED','LIBRARY'),('ark:/12148/cb45845805h',NULL,'9791028102623.jpg','2022-01-08 19:27:02','9791028102623','READ','La dame du lac','DL 2019','2022-01-08 19:28:05',NULL,'POSSESSED','LIBRARY'),('ark:/12148/cb45774168p',NULL,'9791028103248.jpg','2022-01-08 19:23:46','9791028103248','READ','Le temps du mépris','DL 2019','2022-01-08 19:29:20',NULL,'POSSESSED','LIBRARY'),('ark:/12148/cb45655716r',NULL,'9791028103477.jpg','2022-01-08 19:23:04','9791028103477','READ','L\'épée de la providence','DL 2019','2022-01-08 19:31:23',NULL,'POSSESSED','LIBRARY'),('ark:/12148/cb45789560f',NULL,'9791028103972.jpg','2022-01-08 19:25:30','9791028103972','READ','Le baptême du feu','DL 2019','2022-01-08 19:34:07',NULL,'POSSESSED','LIBRARY'),('ark:/12148/cb45833744f',NULL,'9791028106836.jpg','2022-01-08 19:26:01','9791028106836','READ','La tour de l\'hirondelle','DL 2019','2022-01-08 19:28:05',NULL,'POSSESSED','LIBRARY'),('ark:/12148/cb45694302j',NULL,'9791028109301.jpg','2022-01-08 19:27:42','9791028109301','READ','La saison des orages','DL 2019','2022-01-08 19:28:05',NULL,'POSSESSED','LIBRARY'),('ark:/12148/cb45652522d',NULL,'9791028111571.jpg','2022-01-08 19:22:05','9791028111571','READ','Le dernier voeu','DL 2019','2022-01-08 19:33:17',NULL,'POSSESSED','LIBRARY'),('ark:/12148/cb457342475',NULL,'9791028111717.jpg','2022-01-08 19:23:24','9791028111717','READ','Le sang des elfes','DL 2019','2022-01-08 19:33:49',NULL,'POSSESSED','LIBRARY'),('manual',NULL,'9791033509721.jpg','2022-11-19 23:34:43','9791033509721','READ','L\'affaire du ticket scandaleux','DL 2019','2022-11-19 23:34:43',NULL,'POSSESSED','LIBRARY'),('manual',NULL,'9791033512547.jpg','2022-11-14 00:00:00','9791033512547','UNREAD','L\'Affaire du ticket scandaleux','DL 2021','2022-11-14 00:00:00',NULL,'POSSESSED','LIBRARY'),('manual',NULL,'9791039100908.jpg','2022-12-29 11:36:48','9791039100908','UNREAD','Le gardien de la porte','DL 2021','2022-12-29 11:36:48',NULL,'POSSESSED','LIBRARY'),('ark:/12148/cb46931851t',NULL,'9791039102063.jpg','2022-01-22 14:48:03','9791039102063','READ','Spider-Man - L\'ombre du Symbiote','2021','2022-01-22 21:27:14',NULL,'POSSESSED','LIBRARY'),('ark:/12148/cb46931726b',NULL,'9791039104302.jpg','2022-01-22 14:45:27','9791039104302','READ','Spider-Man - L\'histoire d\'une vie : Toile','2021','2022-01-22 21:27:16',NULL,'POSSESSED','LIBRARY'),('ark:/12148/cb47003046g',NULL,'9791039104838.jpg','2022-08-14 00:00:00','9791039104838','READ','Action ou vérité','2022','2022-08-14 00:00:00',NULL,'POSSESSED','LIBRARY'),('ark:/12148/cb47056341b',NULL,'9791039105422.jpg','2022-10-28 00:00:00','9791039105422','UNREAD','Jupiter\'s requiem (I)','2022','2022-10-28 00:00:00',NULL,'POSSESSED','LIBRARY'),('ark:/12148/cb47035175f','Marvel Deluxe','9791039106757.jpg','2022-10-28 00:00:00','9791039106757','READ','Moon knight : Le Fond','DL 2022','2022-10-28 00:00:00',NULL,'POSSESSED','LIBRARY'),('manual',NULL,'9791039107358.jpg','2022-10-08 00:00:00','9791039107358','READ','Le roi de Hell\'s Kitchen','DL 2022','2022-10-08 00:00:00',NULL,'POSSESSED','LIBRARY'),('manual',NULL,'9791039107617.jpg','2023-01-27 15:33:34','9791039107617','UNREAD','Le rapport Murdock','DL 2022','2023-01-27 15:33:34',NULL,'POSSESSED','LIBRARY'),('ark:/12148/cb47046165k',NULL,'9791039107761.jpg','2022-10-28 00:00:00','9791039107761','READ','En taule','2022','2022-10-28 00:00:00',NULL,'POSSESSED','LIBRARY'),('ark:/12148/cb47025871s',NULL,'9791039109000.jpg','2022-10-28 00:00:00','9791039109000','READ','Moon knight : Lunatique','DL 2022','2022-10-28 00:00:00',NULL,'POSSESSED','LIBRARY'),('ark:/12148/cb471060707',NULL,'9791039109215.jpg','2022-10-28 00:00:00','9791039109215','UNREAD','The magic order','2022','2022-10-28 00:00:00',NULL,'POSSESSED','LIBRARY'),('manual',NULL,'9791039110488.jpg','2022-10-08 00:00:00','9791039110488','READ','Confinement','DL 2022','2022-10-08 00:00:00',NULL,'POSSESSED','LIBRARY'),('manual',NULL,'9791039110501.jpg','2022-10-08 00:00:00','9791039110501','READ','Devil\'s Reign','DL 2022','2022-10-08 00:00:00',NULL,'POSSESSED','LIBRARY'),('manual',NULL,'9791039111393.jpg','2022-10-28 00:00:00','9791039111393','READ','Devil\'s Reign','DL 2022','2022-12-04 17:29:35',NULL,'POSSESSED','LIBRARY'),('manual',NULL,'9791039111584.jpg','2022-12-13 11:50:39','9791039111584','UNREAD','Devil\'s Reign','DL 2022','2022-12-13 11:50:39',NULL,'POSSESSED','LIBRARY');
/*!40000 ALTER TABLE `book` ENABLE KEYS */;
UNLOCK TABLES;
/*!50003 SET @saved_cs_client      = @@character_set_client */ ;
/*!50003 SET @saved_cs_results     = @@character_set_results */ ;
/*!50003 SET @saved_col_connection = @@collation_connection */ ;
/*!50003 SET character_set_client  = utf8mb4 */ ;
/*!50003 SET character_set_results = utf8mb4 */ ;
/*!50003 SET collation_connection  = utf8mb4_0900_ai_ci */ ;
/*!50003 SET @saved_sql_mode       = @@sql_mode */ ;
/*!50003 SET sql_mode              = 'ONLY_FULL_GROUP_BY,STRICT_TRANS_TABLES,NO_ZERO_IN_DATE,NO_ZERO_DATE,ERROR_FOR_DIVISION_BY_ZERO,NO_ENGINE_SUBSTITUTION' */ ;
DELIMITER ;;
/*!50003 CREATE*/ /*!50017 DEFINER=`lautre`@`%`*/ /*!50003 TRIGGER `series_update` AFTER UPDATE ON `book` FOR EACH ROW BEGIN
    IF (OLD.status != 'READ' AND NEW.status = 'READ') THEN
        UPDATE series s
        INNER JOIN book_series bs on NEW.isbn = bs.book_isbn
        SET s.last_read_book_date = NEW.last_update_date
        WHERE s.id = bs.series_id;
    END IF;
END */;;
DELIMITER ;
/*!50003 SET sql_mode              = @saved_sql_mode */ ;
/*!50003 SET character_set_client  = @saved_cs_client */ ;
/*!50003 SET character_set_results = @saved_cs_results */ ;
/*!50003 SET collation_connection  = @saved_col_connection */ ;

--
-- Table structure for table `book_metadata`
--

DROP TABLE IF EXISTS `book_metadata`;
/*!40101 SET @saved_cs_client     = @@character_set_client */;
/*!40101 SET character_set_client = utf8 */;
CREATE TABLE `book_metadata` (
  `book_isbn` varchar(13) NOT NULL,
  `acquisition_date` varchar(10) DEFAULT NULL,
  `offered` bit(1) NOT NULL,
  `original_release_date` varchar(7) DEFAULT NULL,
  `page_count` bigint DEFAULT NULL,
  `price` decimal(10,2) DEFAULT NULL,
  `price_currency` varchar(255) DEFAULT NULL,
  PRIMARY KEY (`book_isbn`),
  CONSTRAINT `FK4dr2r5b8thyvp2xd64druecug` FOREIGN KEY (`book_isbn`) REFERENCES `book` (`isbn`)
) ENGINE=InnoDB DEFAULT CHARSET=utf8mb4 COLLATE=utf8mb4_0900_ai_ci;
/*!40101 SET character_set_client = @saved_cs_client */;

--
-- Dumping data for table `book_metadata`
--

LOCK TABLES `book_metadata` WRITE;
/*!40000 ALTER TABLE `book_metadata` DISABLE KEYS */;
INSERT INTO `book_metadata` VALUES ('9782205054255','2022/12/11','',NULL,NULL,NULL,NULL),('9782302006256',NULL,'\0',NULL,NULL,NULL,NULL),('9782302011281',NULL,'\0',NULL,NULL,NULL,NULL),('9782302015890',NULL,'\0',NULL,NULL,NULL,NULL),('9782302015937',NULL,'\0',NULL,NULL,NULL,NULL),('9782302015944',NULL,'\0',NULL,NULL,NULL,NULL),('9782302015968',NULL,'\0',NULL,NULL,NULL,NULL),('9782302092037',NULL,'\0',NULL,NULL,NULL,NULL),('9782365772723','2022/10/01','\0','2013/05',NULL,33.25,'EUR'),('9782378872090',NULL,'\0',NULL,NULL,NULL,NULL),('9782378872540',NULL,'\0',NULL,NULL,NULL,NULL),('9782413001560',NULL,'\0',NULL,NULL,NULL,NULL),('9782413002284',NULL,'\0',NULL,NULL,NULL,NULL),('9782413007937',NULL,'\0',NULL,NULL,NULL,NULL),('9782413009214',NULL,'\0',NULL,NULL,NULL,NULL),('9782413010739',NULL,'\0',NULL,NULL,NULL,NULL),('9782413016731',NULL,'\0',NULL,NULL,NULL,NULL),('9782413019336',NULL,'\0',NULL,NULL,NULL,NULL),('9782413019343',NULL,'\0',NULL,NULL,NULL,NULL),('9782413022695',NULL,'\0',NULL,NULL,NULL,NULL),('9782413040620',NULL,'\0',NULL,NULL,NULL,NULL),('9782413043065',NULL,'\0',NULL,NULL,NULL,NULL),('9782413043072','2022/10/28','\0',NULL,NULL,NULL,NULL),('9782413044574','2022/12/29','','2022/10',NULL,NULL,NULL),('9782413046424',NULL,'\0',NULL,NULL,NULL,NULL),('9782756041704',NULL,'\0',NULL,NULL,NULL,NULL),('9782756071923',NULL,'\0',NULL,NULL,NULL,NULL),('9782809460490','2022/11/19','\0','2017/01',NULL,22.80,'EUR'),('9782809463880','2022/11/19','\0','2017/06',NULL,22.80,'EUR'),('9782809465204',NULL,'\0',NULL,0,NULL,NULL),('9782809478099',NULL,'\0',NULL,NULL,NULL,NULL),('9782809479478','2022/10/06','\0',NULL,NULL,NULL,NULL),('9782809480078','2022/12/01','\0',NULL,NULL,NULL,NULL),('9782809491722',NULL,'\0',NULL,0,NULL,NULL),('9782809494228',NULL,'\0',NULL,NULL,NULL,NULL),('9782809495256',NULL,'\0',NULL,0,NULL,NULL),('9782809496406','2023/01/13','\0',NULL,NULL,NULL,'EUR'),('9782809497915',NULL,'\0',NULL,NULL,NULL,NULL),('9782809498257',NULL,'\0',NULL,0,NULL,NULL),('9782818993965',NULL,'\0',NULL,NULL,NULL,NULL),('9782845654051',NULL,'\0',NULL,NULL,NULL,NULL),('9782845654082',NULL,'\0',NULL,NULL,NULL,NULL),('9782845656833',NULL,'\0',NULL,NULL,NULL,NULL),('9782845656864',NULL,'\0',NULL,NULL,NULL,NULL),('9782845659001',NULL,'\0',NULL,NULL,NULL,NULL),('9782849463185',NULL,'\0',NULL,NULL,NULL,NULL),('9782849466414',NULL,'\0',NULL,NULL,NULL,NULL),('9782877642576',NULL,'\0',NULL,NULL,NULL,NULL),('9782877643061',NULL,'\0',NULL,NULL,NULL,NULL),('9791026812821',NULL,'\0',NULL,NULL,NULL,NULL),('9791026812890','2023/01/13','\0',NULL,NULL,NULL,'EUR'),('9791026817857',NULL,'\0',NULL,0,NULL,NULL),('9791026818991',NULL,'\0',NULL,NULL,NULL,NULL),('9791026819271',NULL,'\0',NULL,NULL,NULL,NULL),('9791026820178',NULL,'\0',NULL,NULL,NULL,NULL),('9791026821045','2022/08/23','\0',NULL,NULL,28.50,'EUR'),('9791026821236','2022/12/29','','2022/09',NULL,NULL,NULL),('9791026821373',NULL,'\0',NULL,NULL,NULL,NULL),('9791026821922','2023/01/13','\0',NULL,NULL,NULL,'EUR'),('9791026821977',NULL,'\0',NULL,NULL,NULL,NULL),('9791026822097','2022/12/01','\0',NULL,NULL,16.15,'EUR'),('9791026822110','2022/12/29','','2022/03',NULL,NULL,NULL),('9791026822165','2023/01/27','\0',NULL,NULL,NULL,'EUR'),('9791026822196',NULL,'\0',NULL,NULL,NULL,NULL),('9791026822608',NULL,'\0',NULL,NULL,NULL,NULL),('9791026823032',NULL,'\0',NULL,NULL,NULL,NULL),('9791026823872',NULL,'\0',NULL,NULL,NULL,NULL),('9791026823926',NULL,'\0',NULL,NULL,NULL,NULL),('9791026824213',NULL,'\0',NULL,NULL,NULL,NULL),('9791026824251','2022/12/24','',NULL,NULL,NULL,NULL),('9791026824718',NULL,'\0','2022/09',NULL,NULL,NULL),('9791026824749',NULL,'\0','2022/10',NULL,NULL,NULL),('9791026825647',NULL,'\0',NULL,NULL,NULL,NULL),('9791026826194',NULL,'\0',NULL,NULL,NULL,NULL),('9791026826644',NULL,'\0',NULL,NULL,NULL,NULL),('9791026826958','2022/10/28','\0',NULL,NULL,NULL,NULL),('9791026829317',NULL,'\0',NULL,NULL,NULL,NULL),('9791033509721',NULL,'\0','2019/05',48,NULL,NULL),('9791033512547',NULL,'\0','2021/09',48,NULL,NULL),('9791039100908',NULL,'\0',NULL,NULL,NULL,NULL),('9791039104838',NULL,'\0',NULL,0,NULL,NULL),('9791039105422',NULL,'\0',NULL,NULL,NULL,NULL),('9791039106757',NULL,'\0',NULL,NULL,NULL,NULL),('9791039107358',NULL,'\0',NULL,NULL,NULL,NULL),('9791039107617','2023/01/27','\0',NULL,NULL,NULL,'EUR'),('9791039107761',NULL,'\0',NULL,NULL,NULL,NULL),('9791039109000',NULL,'\0',NULL,NULL,NULL,NULL),('9791039109215','2022/08/23','\0',NULL,NULL,20.90,'EUR'),('9791039110488',NULL,'\0',NULL,NULL,NULL,NULL),('9791039110501',NULL,'\0',NULL,NULL,NULL,NULL),('9791039111393',NULL,'\0',NULL,NULL,NULL,NULL),('9791039111584',NULL,'\0',NULL,NULL,NULL,NULL);
/*!40000 ALTER TABLE `book_metadata` ENABLE KEYS */;
UNLOCK TABLES;

--
-- Table structure for table `book_series`
--

DROP TABLE IF EXISTS `book_series`;
/*!40101 SET @saved_cs_client     = @@character_set_client */;
/*!40101 SET character_set_client = utf8 */;
CREATE TABLE `book_series` (
  `book_isbn` varchar(13) NOT NULL,
  `cycle_tome` int DEFAULT NULL,
  `series_tome` int DEFAULT NULL,
  `series_id` bigint DEFAULT NULL,
  `series_cycle_id` bigint DEFAULT NULL,
  PRIMARY KEY (`book_isbn`),
  KEY `FK73aq03ujbhi89cv91lpr7ov8v` (`series_cycle_id`),
  KEY `FKfe8pbrjx4fmad2668r5k88744` (`series_id`),
  CONSTRAINT `FK73aq03ujbhi89cv91lpr7ov8v` FOREIGN KEY (`series_cycle_id`) REFERENCES `series_cycle` (`id`),
  CONSTRAINT `FKfe8pbrjx4fmad2668r5k88744` FOREIGN KEY (`series_id`) REFERENCES `series` (`id`),
  CONSTRAINT `FKh47hpefsa3g26on4cul1l89f2` FOREIGN KEY (`book_isbn`) REFERENCES `book` (`isbn`)
) ENGINE=InnoDB DEFAULT CHARSET=utf8mb4 COLLATE=utf8mb4_0900_ai_ci;
/*!40101 SET character_set_client = @saved_cs_client */;

--
-- Dumping data for table `book_series`
--

LOCK TABLES `book_series` WRITE;
/*!40000 ALTER TABLE `book_series` DISABLE KEYS */;
INSERT INTO `book_series` VALUES ('2203370157',NULL,1,76,NULL),('9782203008175',NULL,2,76,NULL),('9782203012882',NULL,3,76,NULL),('9782203024809',NULL,4,76,NULL),('9782203034877',NULL,5,76,NULL),('9782203038271',NULL,6,76,NULL),('9782203061927',NULL,7,76,NULL),('9782203063716',NULL,8,76,NULL),('9782203085053',NULL,9,76,NULL),('9782205048001',NULL,1,74,NULL),('9782205054255',NULL,1,178,NULL),('9782205073980',NULL,0,23,NULL),('9782205078046',NULL,6,23,NULL),('9782302000018',NULL,5,5,NULL),('9782302000315',NULL,7,33,NULL),('9782302002098',NULL,2,29,NULL),('9782302002623',NULL,1,33,NULL),('9782302002937',NULL,6,5,NULL),('9782302003828',NULL,8,33,NULL),('9782302005563',NULL,6,73,NULL),('9782302006256',NULL,1,156,NULL),('9782302007369',NULL,7,5,NULL),('9782302008786',NULL,1,32,NULL),('9782302010222',NULL,1,30,NULL),('9782302010796',NULL,4,27,NULL),('9782302011281',NULL,2,156,NULL),('9782302011465',NULL,1,27,NULL),('9782302011489',NULL,3,27,NULL),('9782302012271',NULL,8,5,NULL),('9782302012516',NULL,2,31,NULL),('9782302013827',NULL,2,32,NULL),('9782302014510',NULL,1,31,NULL),('9782302015890',NULL,3,29,NULL),('9782302015937',NULL,4,155,NULL),('9782302015944',NULL,5,155,NULL),('9782302015968',NULL,7,155,NULL),('9782302016101',NULL,9,5,NULL),('9782302016125',NULL,5,27,NULL),('9782302018556',NULL,3,31,NULL),('9782302018709',NULL,7,73,NULL),('9782302018716',NULL,3,32,NULL),('9782302022652',NULL,6,27,NULL),('9782302022805',NULL,10,5,NULL),('9782302024243',NULL,4,31,NULL),('9782302025523',NULL,7,27,NULL),('9782302030794',NULL,11,5,NULL),('9782302031005',NULL,8,73,NULL),('9782302036314',NULL,5,31,NULL),('9782302036758',NULL,4,29,NULL),('9782302038363',NULL,8,27,NULL),('9782302042476',NULL,12,5,NULL),('9782302042667',NULL,6,31,NULL),('9782302046535',NULL,9,27,NULL),('9782302047662',NULL,13,5,NULL),('9782302048515',NULL,7,31,NULL),('9782302048577',NULL,9,73,NULL),('9782302052055',NULL,10,27,NULL),('9782302053700',NULL,14,5,NULL),('9782302055926',NULL,8,31,NULL),('9782302062917',NULL,9,31,NULL),('9782302062948',NULL,15,5,NULL),('9782302063051',NULL,10,73,NULL),('9782302063778',NULL,11,27,NULL),('9782302072794',NULL,10,31,NULL),('9782302077683',NULL,16,5,NULL),('9782302089716',NULL,17,5,NULL),('9782302090804',NULL,12,73,NULL),('9782302092037',NULL,9,155,NULL),('9782344011881',NULL,1,26,NULL),('9782344018743',NULL,2,26,NULL),('9782353250332',NULL,4,77,NULL),('9782353250424',NULL,1,78,NULL),('9782353250851',NULL,5,77,NULL),('9782353250974',NULL,2,78,NULL),('9782353251704',NULL,6,77,NULL),('9782353251940',NULL,3,78,NULL),('9782353252800',NULL,7,77,NULL),('9782353252831',NULL,1,34,NULL),('9782353252985',NULL,8,77,NULL),('9782353253593',NULL,2,34,NULL),('9782353253746',NULL,9,77,NULL),('9782353254064',NULL,10,77,NULL),('9782353254217',NULL,3,34,NULL),('9782353254668',NULL,4,34,NULL),('9782353254804',NULL,11,77,NULL),('9782353255207',NULL,12,77,NULL),('9782353255740',NULL,13,77,NULL),('9782353256235',NULL,14,77,NULL),('9782353257713',NULL,19,77,NULL),('9782360140602',NULL,0,42,NULL),('9782365770255',NULL,1,71,NULL),('9782365770262',NULL,2,71,NULL),('9782365770415',NULL,1,7,NULL),('9782365770644',NULL,3,71,NULL),('9782365770651',NULL,4,71,NULL),('9782365770996',NULL,5,71,NULL),('9782365771009',NULL,6,71,NULL),('9782365771221',NULL,1,56,NULL),('9782365771788',NULL,0,133,NULL),('9782365772068',NULL,2,7,NULL),('9782365772112',NULL,7,71,NULL),('9782365772129',NULL,8,71,NULL),('9782365772457',NULL,10,71,NULL),('9782365772471',NULL,9,71,NULL),('9782365772723',NULL,2,56,NULL),('9782365772808',NULL,11,71,NULL),('9782365772815',NULL,12,71,NULL),('9782365772914',NULL,0,105,NULL),('9782365773140',NULL,3,56,NULL),('9782365773478',NULL,0,109,NULL),('9782365773560',NULL,3,7,NULL),('9782365773799',NULL,13,71,NULL),('9782365773805',NULL,14,71,NULL),('9782365773898',NULL,4,56,NULL),('9782365773904',NULL,1,68,NULL),('9782365773997',NULL,2,68,NULL),('9782365774079',NULL,15,71,NULL),('9782365774086',NULL,16,71,NULL),('9782365774253',NULL,4,7,NULL),('9782365774406',NULL,3,68,NULL),('9782365774444',NULL,17,71,NULL),('9782365774451',NULL,18,71,NULL),('9782365774482',NULL,5,56,NULL),('9782365775083',NULL,1,103,NULL),('9782365775090',NULL,2,103,NULL),('9782365775106',NULL,3,103,NULL),('9782365775113',NULL,4,103,NULL),('9782365775120',NULL,5,103,NULL),('9782365775755',NULL,19,71,NULL),('9782365775823',NULL,1,70,NULL),('9782365776004',NULL,6,102,NULL),('9782365776011',NULL,7,102,NULL),('9782365776059',NULL,1,179,NULL),('9782365776165',NULL,5,7,NULL),('9782365776202',NULL,1,125,NULL),('9782365776417',NULL,20,71,NULL),('9782365776424',NULL,21,71,NULL),('9782365776455',NULL,1,123,NULL),('9782365776486',NULL,1,102,NULL),('9782365776509',NULL,6,56,NULL),('9782365776554',NULL,2,125,NULL),('9782365776561',NULL,3,125,NULL),('9782365776622',NULL,4,68,NULL),('9782365776639',NULL,5,68,NULL),('9782365776677',NULL,8,102,NULL),('9782365776776',NULL,2,123,NULL),('9782365776820',NULL,2,70,NULL),('9782365776912',NULL,3,123,NULL),('9782365776998',NULL,6,7,NULL),('9782365777032',NULL,22,71,NULL),('9782365777124',NULL,7,56,NULL),('9782365777612',NULL,1,116,NULL),('9782365777681',NULL,1,9,NULL),('9782365777704',NULL,2,116,NULL),('9782365777742',NULL,1,127,NULL),('9782365777971',NULL,1,8,NULL),('9782365778015',NULL,7,7,NULL),('9782365778114',NULL,4,125,NULL),('9782365778121',NULL,23,71,NULL),('9782365778152',NULL,1,10,NULL),('9782365778176',NULL,3,116,NULL),('9782365778404',NULL,2,9,NULL),('9782365778459',NULL,1,108,NULL),('9782365778503',NULL,3,70,NULL),('9782365778572',NULL,2,127,NULL),('9782365778657',NULL,1,126,NULL),('9782365778671',NULL,4,116,NULL),('9782365778749',NULL,0,56,NULL),('9782365778770',NULL,5,116,NULL),('9782365778787',NULL,9,102,NULL),('9782365778794',NULL,2,8,NULL),('9782365778916',NULL,6,116,NULL),('9782365778947',NULL,2,126,NULL),('9782365778985',NULL,3,9,NULL),('9782365779005',NULL,2,10,NULL),('9782365779081',NULL,8,7,NULL),('9782365779166',NULL,10,102,NULL),('9782365779234',NULL,4,70,NULL),('9782365779494',NULL,0,110,NULL),('9782365779746',NULL,4,123,NULL),('9782365779838',NULL,2,108,NULL),('9782378871642',NULL,0,53,NULL),('9782378872090',NULL,NULL,151,NULL),('9782378872540',NULL,NULL,150,NULL),('9782413001560',3,3,1,4),('9782413002284',1,1,4,1),('9782413007937',2,2,4,1),('9782413009214',1,4,1,5),('9782413010739',3,3,4,1),('9782413016205',NULL,1,3,NULL),('9782413016731',4,4,4,1),('9782413019336',5,5,4,1),('9782413019343',6,6,4,1),('9782413022695',2,5,1,5),('9782413040620',1,7,4,2),('9782413041870',NULL,0,51,NULL),('9782413043065',2,8,4,2),('9782413043072',3,9,4,2),('9782413044574',NULL,1,180,NULL),('9782413044925',NULL,0,95,NULL),('9782413046424',NULL,NULL,161,NULL),('9782505071211',NULL,1,129,NULL),('9782505071389',NULL,2,129,NULL),('9782756041704',1,1,1,4),('9782756071923',2,2,1,4),('9782809409994',NULL,1,83,NULL),('9782809415605',NULL,2,83,NULL),('9782809424874',NULL,1,84,NULL),('9782809427370',NULL,2,84,NULL),('9782809431476',NULL,0,82,NULL),('9782809436372',NULL,1,81,NULL),('9782809438611',NULL,1,50,NULL),('9782809441536',NULL,2,81,NULL),('9782809444087',NULL,2,50,NULL),('9782809444230',NULL,1,6,NULL),('9782809450415',NULL,1,40,NULL),('9782809450637',NULL,3,50,NULL),('9782809453201',NULL,2,40,NULL),('9782809453454',NULL,1,38,NULL),('9782809455397',NULL,3,40,NULL),('9782809456196',NULL,2,6,NULL),('9782809457698',NULL,3,6,NULL),('9782809460490',NULL,4,40,NULL),('9782809460896',NULL,4,6,NULL),('9782809463880',NULL,5,40,NULL),('9782809465204',NULL,5,6,NULL),('9782809468403',NULL,2,38,NULL),('9782809474190',NULL,1,79,NULL),('9782809476828',NULL,2,79,NULL),('9782809477153',NULL,1,128,NULL),('9782809477757',NULL,0,47,NULL),('9782809478099',NULL,NULL,154,NULL),('9782809478693',NULL,3,79,NULL),('9782809479478',NULL,NULL,146,NULL),('9782809480078',1,6,6,6),('9782809480511',NULL,1,49,NULL),('9782809481013',NULL,0,80,NULL),('9782809481211',NULL,0,39,NULL),('9782809481266',NULL,2,49,NULL),('9782809483505',NULL,3,49,NULL),('9782809483819',NULL,0,90,NULL),('9782809483970',NULL,1,47,NULL),('9782809487381',NULL,1,137,NULL),('9782809487664',NULL,4,49,NULL),('9782809489248',NULL,2,137,NULL),('9782809491562',NULL,4,79,NULL),('9782809491722',NULL,5,49,NULL),('9782809494020',NULL,3,137,NULL),('9782809494228',2,7,6,6),('9782809495256',NULL,6,49,NULL),('9782809496390',NULL,1,48,NULL),('9782809496406',NULL,1,176,NULL),('9782809497915',NULL,7,49,NULL),('9782809498257',NULL,4,137,NULL),('9782809499841',NULL,2,176,NULL),('9782809499872',NULL,2,48,NULL),('9782818990629',NULL,1,44,NULL),('9782818993965',NULL,2,44,NULL),('9782845651340',NULL,2,73,NULL),('9782845653832',NULL,3,73,NULL),('9782845654051',NULL,2,33,NULL),('9782845654082',NULL,2,27,NULL),('9782845656833',NULL,3,33,NULL),('9782845656864',NULL,1,29,NULL),('9782845658295',NULL,1,73,NULL),('9782845658981',NULL,4,73,NULL),('9782845659001',NULL,4,33,NULL),('9782845659025',NULL,1,5,NULL),('9782845659919',NULL,2,5,NULL),('9782849463185',NULL,5,33,NULL),('9782849464939',NULL,3,5,NULL),('9782849466414',NULL,6,33,NULL),('9782849466445',NULL,5,73,NULL),('9782849468494',NULL,4,5,NULL),('9782877642576',NULL,1,155,NULL),('9782877643061',NULL,2,155,NULL),('9782913714670',NULL,1,77,NULL),('9782913714816',NULL,2,77,NULL),('9782913714922',NULL,3,77,NULL),('9782918771005',NULL,1,75,NULL),('9782918771012',NULL,2,75,NULL),('9782918771036',NULL,3,75,NULL),('9782918771074',NULL,4,75,NULL),('9782918771111',NULL,5,75,NULL),('9791026810674',NULL,1,43,NULL),('9791026810704',NULL,9,7,NULL),('9791026810827',NULL,0,112,NULL),('9791026810834',NULL,3,10,NULL),('9791026810841',NULL,4,9,NULL),('9791026811169',NULL,5,70,NULL),('9791026811336',NULL,1,20,NULL),('9791026811350',NULL,3,8,NULL),('9791026811428',NULL,1,122,NULL),('9791026811435',NULL,1,67,NULL),('9791026811503',NULL,1,21,NULL),('9791026811541',NULL,1,124,NULL),('9791026811732',NULL,2,43,NULL),('9791026811824',NULL,6,70,NULL),('9791026812630',NULL,1,11,NULL),('9791026812654',NULL,1,114,NULL),('9791026812821',NULL,NULL,157,NULL),('9791026812869',NULL,2,21,NULL),('9791026812876',NULL,1,15,NULL),('9791026812890',NULL,3,177,NULL),('9791026813101',NULL,1,55,NULL),('9791026813163',NULL,2,20,NULL),('9791026813187',NULL,2,114,NULL),('9791026813347',NULL,2,124,NULL),('9791026813361',NULL,3,21,NULL),('9791026813422',NULL,2,11,NULL),('9791026813439',NULL,2,15,NULL),('9791026813460',NULL,3,11,NULL),('9791026813507',NULL,3,114,NULL),('9791026813514',NULL,4,114,NULL),('9791026813545',NULL,3,20,NULL),('9791026813552',NULL,4,20,NULL),('9791026813576',NULL,3,124,NULL),('9791026813637',NULL,4,124,NULL),('9791026813668',NULL,3,15,NULL),('9791026813712',NULL,4,11,NULL),('9791026813750',NULL,0,107,NULL),('9791026813767',NULL,1,14,NULL),('9791026813774',NULL,1,19,NULL),('9791026813781',NULL,1,120,NULL),('9791026813798',NULL,2,14,NULL),('9791026813828',NULL,5,114,NULL),('9791026813842',NULL,3,14,NULL),('9791026813859',NULL,5,20,NULL),('9791026813873',NULL,2,120,NULL),('9791026814368',NULL,0,61,NULL),('9791026814559',NULL,3,43,NULL),('9791026815167',NULL,0,45,NULL),('9791026815594',NULL,0,69,NULL),('9791026815709',NULL,0,16,NULL),('9791026815730',NULL,6,114,NULL),('9791026815846',NULL,5,124,NULL),('9791026816034',NULL,0,118,NULL),('9791026816065',NULL,0,65,NULL),('9791026816102',NULL,5,11,NULL),('9791026816201',NULL,0,62,NULL),('9791026816263',NULL,1,18,NULL),('9791026816355',NULL,1,22,NULL),('9791026816539',NULL,1,24,NULL),('9791026816546',NULL,2,131,NULL),('9791026816560',NULL,2,55,NULL),('9791026816584',NULL,8,114,NULL),('9791026816621',NULL,4,14,NULL),('9791026816713',NULL,3,92,NULL),('9791026816836',NULL,NULL,174,NULL),('9791026816881',NULL,7,114,NULL),('9791026816935',NULL,1,132,NULL),('9791026816973',NULL,7,54,NULL),('9791026817093',NULL,12,54,NULL),('9791026817123',NULL,1,99,NULL),('9791026817178',NULL,0,59,NULL),('9791026817215',NULL,2,22,NULL),('9791026817284',NULL,0,134,NULL),('9791026817321',NULL,2,175,NULL),('9791026817369',NULL,9,54,NULL),('9791026817390',NULL,3,175,NULL),('9791026817543',NULL,6,54,NULL),('9791026817734',NULL,3,54,NULL),('9791026817772',NULL,1,170,NULL),('9791026817789',NULL,0,104,NULL),('9791026817857',NULL,0,141,NULL),('9791026817918',NULL,1,54,NULL),('9791026817925',NULL,11,54,NULL),('9791026817994',NULL,10,114,NULL),('9791026818007',NULL,2,54,NULL),('9791026818212',NULL,5,54,NULL),('9791026818236',NULL,4,54,NULL),('9791026818359',NULL,0,58,NULL),('9791026818366',NULL,8,54,NULL),('9791026818373',NULL,5,14,NULL),('9791026818441',NULL,10,54,NULL),('9791026818656',NULL,2,18,NULL),('9791026818694',NULL,11,114,NULL),('9791026818786',NULL,0,121,NULL),('9791026818861',NULL,12,114,NULL),('9791026818991',NULL,1,159,NULL),('9791026819165',NULL,3,55,NULL),('9791026819172',NULL,3,170,NULL),('9791026819196',NULL,2,132,NULL),('9791026819271',NULL,1,158,NULL),('9791026819332',NULL,2,99,NULL),('9791026819479',NULL,0,111,NULL),('9791026819707',NULL,1,135,NULL),('9791026819714',NULL,2,117,NULL),('9791026819752',NULL,0,60,NULL),('9791026819844',NULL,3,22,NULL),('9791026819967',NULL,9,114,NULL),('9791026820147',NULL,3,24,NULL),('9791026820178',NULL,NULL,163,NULL),('9791026820369',NULL,3,18,NULL),('9791026820406',NULL,0,106,NULL),('9791026820437',NULL,1,92,NULL),('9791026820611',NULL,0,64,NULL),('9791026820673',NULL,0,136,NULL),('9791026820789',NULL,1,175,NULL),('9791026820925',NULL,0,100,NULL),('9791026821038',NULL,1,101,NULL),('9791026821045',NULL,NULL,165,NULL),('9791026821168',NULL,0,115,NULL),('9791026821236',NULL,3,130,NULL),('9791026821250',NULL,0,63,NULL),('9791026821304',NULL,0,66,NULL),('9791026821373',NULL,2,41,NULL),('9791026821502',NULL,1,98,NULL),('9791026821519',NULL,1,25,NULL),('9791026821557',NULL,0,113,NULL),('9791026821564',NULL,0,87,NULL),('9791026821601',NULL,1,41,NULL),('9791026821694',NULL,5,24,NULL),('9791026821731',NULL,1,96,NULL),('9791026821922',NULL,2,130,NULL),('9791026821953',NULL,3,99,NULL),('9791026821977',NULL,NULL,162,NULL),('9791026822042',NULL,2,122,NULL),('9791026822097',NULL,2,159,NULL),('9791026822110',NULL,2,96,NULL),('9791026822141',NULL,1,169,NULL),('9791026822165',NULL,4,177,NULL),('9791026822196',NULL,1,177,NULL),('9791026822493',NULL,2,24,NULL),('9791026822523',NULL,1,172,NULL),('9791026822547',NULL,1,117,NULL),('9791026822608',NULL,2,177,NULL),('9791026823032',NULL,NULL,166,NULL),('9791026823636',NULL,1,94,NULL),('9791026823742',NULL,NULL,173,NULL),('9791026823872',NULL,5,131,NULL),('9791026823926',NULL,2,94,NULL),('9791026824107',NULL,3,120,NULL),('9791026824213',NULL,3,94,NULL),('9791026824251',NULL,2,25,NULL),('9791026824503',NULL,2,168,NULL),('9791026824718',NULL,2,135,NULL),('9791026824749',NULL,2,158,NULL),('9791026824886',NULL,0,91,NULL),('9791026824916',NULL,4,24,NULL),('9791026825296',NULL,2,92,NULL),('9791026825395',NULL,1,130,NULL),('9791026825531',NULL,0,86,NULL),('9791026825562',NULL,2,169,NULL),('9791026825647',NULL,0,160,NULL),('9791026826163',NULL,0,97,NULL),('9791026826194',NULL,1,149,NULL),('9791026826392',NULL,1,168,NULL),('9791026826644',NULL,NULL,164,NULL),('9791026826729',NULL,1,93,NULL),('9791026826743',NULL,0,119,NULL),('9791026826958',NULL,0,148,NULL),('9791026827047',NULL,2,170,NULL),('9791026827214',NULL,3,96,NULL),('9791026827221',NULL,4,96,NULL),('9791026827740',NULL,NULL,171,NULL),('9791026827917',NULL,2,98,NULL),('9791026828389',NULL,0,57,NULL),('9791026828563',NULL,3,131,NULL),('9791026829317',NULL,4,131,NULL),('9791026829454',NULL,2,93,NULL),('9791026829744',NULL,1,131,NULL),('9791028102623',NULL,7,85,NULL),('9791028103248',NULL,4,85,NULL),('9791028103477',NULL,2,85,NULL),('9791028103972',NULL,5,85,NULL),('9791028106836',NULL,6,85,NULL),('9791028109301',NULL,0,85,NULL),('9791028111571',NULL,1,85,NULL),('9791028111717',NULL,3,85,NULL),('9791033509721',NULL,1,167,NULL),('9791033512547',NULL,2,167,NULL),('9791039100908',NULL,8,49,NULL),('9791039102063',NULL,0,89,NULL),('9791039104302',NULL,0,88,NULL),('9791039104838',NULL,5,137,NULL),('9791039105422',NULL,3,38,NULL),('9791039106757',NULL,NULL,152,NULL),('9791039107358',NULL,3,48,NULL),('9791039107617',NULL,4,48,NULL),('9791039107761',NULL,6,137,NULL),('9791039109000',NULL,NULL,153,NULL),('9791039109215',NULL,2,128,NULL),('9791039110488',NULL,7,137,NULL),('9791039110501',NULL,1,147,NULL),('9791039111393',NULL,2,147,NULL),('9791039111584',NULL,3,147,NULL);
/*!40000 ALTER TABLE `book_series` ENABLE KEYS */;
UNLOCK TABLES;

--
-- Table structure for table `book_type`
--

DROP TABLE IF EXISTS `book_type`;
/*!40101 SET @saved_cs_client     = @@character_set_client */;
/*!40101 SET character_set_client = utf8 */;
CREATE TABLE `book_type` (
  `id` bigint NOT NULL AUTO_INCREMENT,
  `name` varchar(255) DEFAULT NULL,
  PRIMARY KEY (`id`),
  UNIQUE KEY `UC_BOOK_TYPENAME_COL` (`name`)
) ENGINE=InnoDB AUTO_INCREMENT=6 DEFAULT CHARSET=utf8mb4 COLLATE=utf8mb4_0900_ai_ci;
/*!40101 SET character_set_client = @saved_cs_client */;

--
-- Dumping data for table `book_type`
--

LOCK TABLES `book_type` WRITE;
/*!40000 ALTER TABLE `book_type` DISABLE KEYS */;
INSERT INTO `book_type` VALUES (1,'BD'),(3,'Comics'),(4,'Roman');
/*!40000 ALTER TABLE `book_type` ENABLE KEYS */;
UNLOCK TABLES;

--
-- Table structure for table `borrower`
--

DROP TABLE IF EXISTS `borrower`;
/*!40101 SET @saved_cs_client     = @@character_set_client */;
/*!40101 SET character_set_client = utf8 */;
CREATE TABLE `borrower` (
  `id` bigint NOT NULL AUTO_INCREMENT,
  `name` varchar(255) DEFAULT NULL,
  PRIMARY KEY (`id`),
  UNIQUE KEY `UC_BORROWERNAME_COL` (`name`)
) ENGINE=InnoDB AUTO_INCREMENT=4 DEFAULT CHARSET=utf8mb4 COLLATE=utf8mb4_0900_ai_ci;
/*!40101 SET character_set_client = @saved_cs_client */;

--
-- Dumping data for table `borrower`
--

LOCK TABLES `borrower` WRITE;
/*!40000 ALTER TABLE `borrower` DISABLE KEYS */;
INSERT INTO `borrower` VALUES (2,'Mareva'),(3,'Yoann');
/*!40000 ALTER TABLE `borrower` ENABLE KEYS */;
UNLOCK TABLES;

--
-- Table structure for table `contract`
--

DROP TABLE IF EXISTS `contract`;
/*!40101 SET @saved_cs_client     = @@character_set_client */;
/*!40101 SET character_set_client = utf8 */;
CREATE TABLE `contract` (
  `role_id` bigint NOT NULL,
  `book_isbn` varchar(13) NOT NULL,
  PRIMARY KEY (`book_isbn`,`role_id`),
  KEY `FKgk3p6n5hi5sryxx9mfl1u4opl` (`role_id`),
  CONSTRAINT `FK9y3mmc2d2ungrxgeq85rkccmk` FOREIGN KEY (`book_isbn`) REFERENCES `book` (`isbn`),
  CONSTRAINT `FKgk3p6n5hi5sryxx9mfl1u4opl` FOREIGN KEY (`role_id`) REFERENCES `role` (`id`)
) ENGINE=InnoDB DEFAULT CHARSET=utf8mb4 COLLATE=utf8mb4_0900_ai_ci;
/*!40101 SET character_set_client = @saved_cs_client */;

--
-- Dumping data for table `contract`
--

LOCK TABLES `contract` WRITE;
/*!40000 ALTER TABLE `contract` DISABLE KEYS */;
INSERT INTO `contract` VALUES (1,'2203370157'),(1,'9782203008175'),(1,'9782203012882'),(1,'9782203024809'),(1,'9782203034877'),(1,'9782203038271'),(1,'9782203061927'),(1,'9782203063716'),(1,'9782203085053'),(1,'9782205048001'),(1,'9782205054255'),(1,'9782205073980'),(1,'9782205078046'),(1,'9782302000018'),(1,'9782302000315'),(1,'9782302002098'),(1,'9782302002623'),(1,'9782302002937'),(1,'9782302003828'),(1,'9782302005563'),(1,'9782302006256'),(1,'9782302007369'),(1,'9782302008786'),(1,'9782302010222'),(1,'9782302010796'),(1,'9782302011281'),(1,'9782302011465'),(1,'9782302011489'),(1,'9782302012271'),(1,'9782302012516'),(1,'9782302013827'),(1,'9782302014510'),(1,'9782302015890'),(1,'9782302015937'),(1,'9782302015944'),(1,'9782302015968'),(1,'9782302016101'),(1,'9782302016125'),(1,'9782302018556'),(1,'9782302018709'),(1,'9782302018716'),(1,'9782302022652'),(1,'9782302022805'),(1,'9782302024243'),(1,'9782302025523'),(1,'9782302030794'),(1,'9782302031005'),(1,'9782302036314'),(1,'9782302036758'),(1,'9782302038363'),(1,'9782302042476'),(1,'9782302042667'),(1,'9782302046535'),(1,'9782302047662'),(1,'9782302048515'),(1,'9782302048577'),(1,'9782302052055'),(1,'9782302053700'),(1,'9782302055926'),(1,'9782302062917'),(1,'9782302062948'),(1,'9782302063051'),(1,'9782302063778'),(1,'9782302072794'),(1,'9782302077683'),(1,'9782302089716'),(1,'9782302090804'),(1,'9782302092037'),(1,'9782344011881'),(1,'9782344018743'),(1,'9782353250332'),(1,'9782353250424'),(1,'9782353250851'),(1,'9782353250974'),(1,'9782353251704'),(1,'9782353251940'),(1,'9782353252800'),(1,'9782353252831'),(1,'9782353252985'),(1,'9782353253593'),(1,'9782353253746'),(1,'9782353254064'),(1,'9782353254217'),(1,'9782353254668'),(1,'9782353254804'),(1,'9782353255207'),(1,'9782353255740'),(1,'9782353256235'),(1,'9782353257713'),(1,'9782360140602'),(1,'9782365770255'),(1,'9782365770262'),(1,'9782365770415'),(1,'9782365770644'),(1,'9782365770651'),(1,'9782365770996'),(1,'9782365771009'),(1,'9782365771221'),(1,'9782365771788'),(1,'9782365772068'),(1,'9782365772112'),(1,'9782365772129'),(1,'9782365772457'),(1,'9782365772471'),(1,'9782365772723'),(1,'9782365772808'),(1,'9782365772815'),(1,'9782365772914'),(1,'9782365773478'),(1,'9782365773560'),(1,'9782365773799'),(1,'9782365773805'),(1,'9782365773904'),(1,'9782365773997'),(1,'9782365774079'),(1,'9782365774086'),(1,'9782365774253'),(1,'9782365774406'),(1,'9782365774444'),(1,'9782365774451'),(1,'9782365775083'),(1,'9782365775090'),(1,'9782365775106'),(1,'9782365775113'),(1,'9782365775120'),(1,'9782365775755'),(1,'9782365775823'),(1,'9782365776004'),(1,'9782365776011'),(1,'9782365776165'),(1,'9782365776202'),(1,'9782365776417'),(1,'9782365776424'),(1,'9782365776455'),(1,'9782365776486'),(1,'9782365776554'),(1,'9782365776561'),(1,'9782365776622'),(1,'9782365776639'),(1,'9782365776677'),(1,'9782365776776'),(1,'9782365776820'),(1,'9782365776912'),(1,'9782365776998'),(1,'9782365777032'),(1,'9782365777612'),(1,'9782365777681'),(1,'9782365777704'),(1,'9782365777742'),(1,'9782365777971'),(1,'9782365778015'),(1,'9782365778114'),(1,'9782365778121'),(1,'9782365778152'),(1,'9782365778176'),(1,'9782365778404'),(1,'9782365778459'),(1,'9782365778503'),(1,'9782365778572'),(1,'9782365778657'),(1,'9782365778671'),(1,'9782365778770'),(1,'9782365778787'),(1,'9782365778794'),(1,'9782365778916'),(1,'9782365778947'),(1,'9782365778985'),(1,'9782365779005'),(1,'9782365779081'),(1,'9782365779166'),(1,'9782365779234'),(1,'9782365779494'),(1,'9782365779746'),(1,'9782365779838'),(1,'9782378871642'),(1,'9782378872090'),(1,'9782378872540'),(1,'9782413001560'),(1,'9782413002284'),(1,'9782413007937'),(1,'9782413009214'),(1,'9782413010739'),(1,'9782413016205'),(1,'9782413016731'),(1,'9782413019336'),(1,'9782413019343'),(1,'9782413022695'),(1,'9782413040620'),(1,'9782413041870'),(1,'9782413043065'),(1,'9782413043072'),(1,'9782413044574'),(1,'9782413044925'),(1,'9782413046424'),(1,'9782505071211'),(1,'9782505071389'),(1,'9782756041704'),(1,'9782756071923'),(1,'9782809409994'),(1,'9782809415605'),(1,'9782809424874'),(1,'9782809427370'),(1,'9782809431476'),(1,'9782809436372'),(1,'9782809438611'),(1,'9782809441536'),(1,'9782809444087'),(1,'9782809444230'),(1,'9782809450415'),(1,'9782809450637'),(1,'9782809453201'),(1,'9782809453454'),(1,'9782809455397'),(1,'9782809456196'),(1,'9782809457698'),(1,'9782809460490'),(1,'9782809460896'),(1,'9782809463880'),(1,'9782809465204'),(1,'9782809468403'),(1,'9782809474190'),(1,'9782809476828'),(1,'9782809477153'),(1,'9782809477757'),(1,'9782809478099'),(1,'9782809478693'),(1,'9782809479478'),(1,'9782809480078'),(1,'9782809480511'),(1,'9782809481013'),(1,'9782809481211'),(1,'9782809481266'),(1,'9782809483505'),(1,'9782809483819'),(1,'9782809483970'),(1,'9782809487381'),(1,'9782809487664'),(1,'9782809489248'),(1,'9782809491562'),(1,'9782809491722'),(1,'9782809494020'),(1,'9782809494228'),(1,'9782809495256'),(1,'9782809496390'),(1,'9782809497915'),(1,'9782809498257'),(1,'9782809499872'),(1,'9782818990629'),(1,'9782818993965'),(1,'9782845651340'),(1,'9782845653832'),(1,'9782845654051'),(1,'9782845654082'),(1,'9782845656833'),(1,'9782845656864'),(1,'9782845658295'),(1,'9782845658981'),(1,'9782845659001'),(1,'9782845659025'),(1,'9782845659919'),(1,'9782849463185'),(1,'9782849464939'),(1,'9782849466414'),(1,'9782849466445'),(1,'9782849468494'),(1,'9782877642576'),(1,'9782877643061'),(1,'9782913714670'),(1,'9782913714816'),(1,'9782913714922'),(1,'9782918771005'),(1,'9782918771012'),(1,'9782918771036'),(1,'9782918771074'),(1,'9782918771111'),(1,'9791026810674'),(1,'9791026810704'),(1,'9791026810827'),(1,'9791026810834'),(1,'9791026810841'),(1,'9791026811169'),(1,'9791026811336'),(1,'9791026811350'),(1,'9791026811428'),(1,'9791026811435'),(1,'9791026811503'),(1,'9791026811541'),(1,'9791026811732'),(1,'9791026811824'),(1,'9791026812630'),(1,'9791026812654'),(1,'9791026812821'),(1,'9791026812869'),(1,'9791026812876'),(1,'9791026812890'),(1,'9791026813101'),(1,'9791026813163'),(1,'9791026813187'),(1,'9791026813347'),(1,'9791026813361'),(1,'9791026813422'),(1,'9791026813439'),(1,'9791026813460'),(1,'9791026813507'),(1,'9791026813514'),(1,'9791026813545'),(1,'9791026813552'),(1,'9791026813576'),(1,'9791026813637'),(1,'9791026813668'),(1,'9791026813712'),(1,'9791026813750'),(1,'9791026813767'),(1,'9791026813774'),(1,'9791026813781'),(1,'9791026813798'),(1,'9791026813828'),(1,'9791026813842'),(1,'9791026813859'),(1,'9791026813873'),(1,'9791026814368'),(1,'9791026814559'),(1,'9791026815167'),(1,'9791026815594'),(1,'9791026815709'),(1,'9791026815730'),(1,'9791026815846'),(1,'9791026816034'),(1,'9791026816065'),(1,'9791026816102'),(1,'9791026816201'),(1,'9791026816263'),(1,'9791026816355'),(1,'9791026816539'),(1,'9791026816546'),(1,'9791026816560'),(1,'9791026816584'),(1,'9791026816621'),(1,'9791026816881'),(1,'9791026816935'),(1,'9791026816973'),(1,'9791026817093'),(1,'9791026817123'),(1,'9791026817178'),(1,'9791026817215'),(1,'9791026817284'),(1,'9791026817369'),(1,'9791026817543'),(1,'9791026817734'),(1,'9791026817789'),(1,'9791026817857'),(1,'9791026817918'),(1,'9791026817925'),(1,'9791026817994'),(1,'9791026818007'),(1,'9791026818212'),(1,'9791026818236'),(1,'9791026818359'),(1,'9791026818366'),(1,'9791026818373'),(1,'9791026818441'),(1,'9791026818656'),(1,'9791026818694'),(1,'9791026818786'),(1,'9791026818861'),(1,'9791026818991'),(1,'9791026819165'),(1,'9791026819271'),(1,'9791026819332'),(1,'9791026819479'),(1,'9791026819707'),(1,'9791026819714'),(1,'9791026819752'),(1,'9791026819844'),(1,'9791026819967'),(1,'9791026820147'),(1,'9791026820178'),(1,'9791026820369'),(1,'9791026820406'),(1,'9791026820437'),(1,'9791026820611'),(1,'9791026820673'),(1,'9791026820925'),(1,'9791026821038'),(1,'9791026821045'),(1,'9791026821168'),(1,'9791026821236'),(1,'9791026821250'),(1,'9791026821304'),(1,'9791026821373'),(1,'9791026821502'),(1,'9791026821519'),(1,'9791026821557'),(1,'9791026821564'),(1,'9791026821601'),(1,'9791026821731'),(1,'9791026821922'),(1,'9791026821953'),(1,'9791026821977'),(1,'9791026822042'),(1,'9791026822097'),(1,'9791026822110'),(1,'9791026822165'),(1,'9791026822196'),(1,'9791026822493'),(1,'9791026822547'),(1,'9791026822608'),(1,'9791026823032'),(1,'9791026823636'),(1,'9791026823872'),(1,'9791026823926'),(1,'9791026824107'),(1,'9791026824213'),(1,'9791026824251'),(1,'9791026824718'),(1,'9791026824749'),(1,'9791026824886'),(1,'9791026824916'),(1,'9791026825395'),(1,'9791026825531'),(1,'9791026825647'),(1,'9791026826163'),(1,'9791026826194'),(1,'9791026826644'),(1,'9791026826729'),(1,'9791026826743'),(1,'9791026826958'),(1,'9791026827917'),(1,'9791026828389'),(1,'9791026828563'),(1,'9791026829317'),(1,'9791026829744'),(1,'9791033509721'),(1,'9791033512547'),(1,'9791039100908'),(1,'9791039102063'),(1,'9791039104302'),(1,'9791039104838'),(1,'9791039105422'),(1,'9791039106757'),(1,'9791039107358'),(1,'9791039107617'),(1,'9791039107761'),(1,'9791039109000'),(1,'9791039109215'),(1,'9791039110488'),(1,'9791039110501'),(1,'9791039111393'),(1,'9791039111584'),(2,'2203370157'),(2,'9782203008175'),(2,'9782203012882'),(2,'9782203024809'),(2,'9782203034877'),(2,'9782203038271'),(2,'9782203061927'),(2,'9782203063716'),(2,'9782203085053'),(2,'9782205048001'),(2,'9782205054255'),(2,'9782205073980'),(2,'9782302000018'),(2,'9782302000315'),(2,'9782302002098'),(2,'9782302002623'),(2,'9782302002937'),(2,'9782302003828'),(2,'9782302005563'),(2,'9782302006256'),(2,'9782302007369'),(2,'9782302008786'),(2,'9782302010222'),(2,'9782302010796'),(2,'9782302011281'),(2,'9782302011465'),(2,'9782302011489'),(2,'9782302012271'),(2,'9782302012516'),(2,'9782302013827'),(2,'9782302014510'),(2,'9782302015890'),(2,'9782302016101'),(2,'9782302016125'),(2,'9782302018556'),(2,'9782302018709'),(2,'9782302018716'),(2,'9782302022652'),(2,'9782302022805'),(2,'9782302024243'),(2,'9782302025523'),(2,'9782302030794'),(2,'9782302031005'),(2,'9782302036314'),(2,'9782302036758'),(2,'9782302038363'),(2,'9782302042476'),(2,'9782302042667'),(2,'9782302046535'),(2,'9782302047662'),(2,'9782302048515'),(2,'9782302048577'),(2,'9782302052055'),(2,'9782302053700'),(2,'9782302055926'),(2,'9782302062917'),(2,'9782302062948'),(2,'9782302063051'),(2,'9782302063778'),(2,'9782302072794'),(2,'9782302077683'),(2,'9782302089716'),(2,'9782302090804'),(2,'9782302092037'),(2,'9782344011881'),(2,'9782344018743'),(2,'9782353252831'),(2,'9782353253593'),(2,'9782353254217'),(2,'9782353254668'),(2,'9782360140602'),(2,'9782365770255'),(2,'9782365770262'),(2,'9782365770415'),(2,'9782365770644'),(2,'9782365770651'),(2,'9782365770996'),(2,'9782365771009'),(2,'9782365771221'),(2,'9782365771788'),(2,'9782365772068'),(2,'9782365772112'),(2,'9782365772129'),(2,'9782365772457'),(2,'9782365772471'),(2,'9782365772723'),(2,'9782365772808'),(2,'9782365772815'),(2,'9782365772914'),(2,'9782365773478'),(2,'9782365773560'),(2,'9782365773799'),(2,'9782365773805'),(2,'9782365773904'),(2,'9782365773997'),(2,'9782365774079'),(2,'9782365774086'),(2,'9782365774253'),(2,'9782365774406'),(2,'9782365774444'),(2,'9782365774451'),(2,'9782365775083'),(2,'9782365775090'),(2,'9782365775106'),(2,'9782365775113'),(2,'9782365775120'),(2,'9782365775755'),(2,'9782365775823'),(2,'9782365776004'),(2,'9782365776011'),(2,'9782365776165'),(2,'9782365776202'),(2,'9782365776417'),(2,'9782365776424'),(2,'9782365776455'),(2,'9782365776486'),(2,'9782365776554'),(2,'9782365776561'),(2,'9782365776622'),(2,'9782365776639'),(2,'9782365776677'),(2,'9782365776776'),(2,'9782365776820'),(2,'9782365776912'),(2,'9782365776998'),(2,'9782365777032'),(2,'9782365777612'),(2,'9782365777681'),(2,'9782365777704'),(2,'9782365777742'),(2,'9782365777971'),(2,'9782365778015'),(2,'9782365778114'),(2,'9782365778121'),(2,'9782365778152'),(2,'9782365778176'),(2,'9782365778404'),(2,'9782365778459'),(2,'9782365778503'),(2,'9782365778572'),(2,'9782365778657'),(2,'9782365778671'),(2,'9782365778770'),(2,'9782365778787'),(2,'9782365778794'),(2,'9782365778916'),(2,'9782365778947'),(2,'9782365778985'),(2,'9782365779005'),(2,'9782365779081'),(2,'9782365779166'),(2,'9782365779234'),(2,'9782365779494'),(2,'9782365779746'),(2,'9782365779838'),(2,'9782378871642'),(2,'9782378872090'),(2,'9782413001560'),(2,'9782413002284'),(2,'9782413007937'),(2,'9782413009214'),(2,'9782413010739'),(2,'9782413016205'),(2,'9782413016731'),(2,'9782413019336'),(2,'9782413019343'),(2,'9782413022695'),(2,'9782413040620'),(2,'9782413041870'),(2,'9782413043065'),(2,'9782413043072'),(2,'9782413044574'),(2,'9782413044925'),(2,'9782413046424'),(2,'9782505071211'),(2,'9782505071389'),(2,'9782756041704'),(2,'9782756071923'),(2,'9782809409994'),(2,'9782809415605'),(2,'9782809424874'),(2,'9782809427370'),(2,'9782809431476'),(2,'9782809436372'),(2,'9782809438611'),(2,'9782809441536'),(2,'9782809444087'),(2,'9782809444230'),(2,'9782809450415'),(2,'9782809450637'),(2,'9782809453201'),(2,'9782809453454'),(2,'9782809455397'),(2,'9782809456196'),(2,'9782809457698'),(2,'9782809460490'),(2,'9782809463880'),(2,'9782809465204'),(2,'9782809468403'),(2,'9782809474190'),(2,'9782809476828'),(2,'9782809477153'),(2,'9782809477757'),(2,'9782809478099'),(2,'9782809478693'),(2,'9782809479478'),(2,'9782809480078'),(2,'9782809480511'),(2,'9782809481013'),(2,'9782809481211'),(2,'9782809481266'),(2,'9782809483505'),(2,'9782809483819'),(2,'9782809483970'),(2,'9782809487381'),(2,'9782809487664'),(2,'9782809489248'),(2,'9782809491562'),(2,'9782809491722'),(2,'9782809494020'),(2,'9782809494228'),(2,'9782809495256'),(2,'9782809496390'),(2,'9782809496406'),(2,'9782809497915'),(2,'9782809498257'),(2,'9782809499872'),(2,'9782818990629'),(2,'9782818993965'),(2,'9782845651340'),(2,'9782845653832'),(2,'9782845654051'),(2,'9782845654082'),(2,'9782845656833'),(2,'9782845656864'),(2,'9782845658295'),(2,'9782845658981'),(2,'9782845659001'),(2,'9782845659025'),(2,'9782845659919'),(2,'9782849463185'),(2,'9782849464939'),(2,'9782849466414'),(2,'9782849466445'),(2,'9782849468494'),(2,'9782877642576'),(2,'9782877643061'),(2,'9782913714670'),(2,'9782913714816'),(2,'9782913714922'),(2,'9782918771005'),(2,'9782918771012'),(2,'9782918771036'),(2,'9782918771074'),(2,'9782918771111'),(2,'9791026810674'),(2,'9791026810704'),(2,'9791026810827'),(2,'9791026810834'),(2,'9791026810841'),(2,'9791026811169'),(2,'9791026811336'),(2,'9791026811350'),(2,'9791026811428'),(2,'9791026811435'),(2,'9791026811503'),(2,'9791026811541'),(2,'9791026811732'),(2,'9791026811824'),(2,'9791026812630'),(2,'9791026812654'),(2,'9791026812821'),(2,'9791026812869'),(2,'9791026812876'),(2,'9791026812890'),(2,'9791026813101'),(2,'9791026813163'),(2,'9791026813187'),(2,'9791026813347'),(2,'9791026813361'),(2,'9791026813422'),(2,'9791026813439'),(2,'9791026813460'),(2,'9791026813507'),(2,'9791026813514'),(2,'9791026813545'),(2,'9791026813552'),(2,'9791026813576'),(2,'9791026813637'),(2,'9791026813668'),(2,'9791026813712'),(2,'9791026813750'),(2,'9791026813767'),(2,'9791026813774'),(2,'9791026813781'),(2,'9791026813798'),(2,'9791026813828'),(2,'9791026813842'),(2,'9791026813859'),(2,'9791026813873'),(2,'9791026814368'),(2,'9791026814559'),(2,'9791026815167'),(2,'9791026815594'),(2,'9791026815709'),(2,'9791026815730'),(2,'9791026815846'),(2,'9791026816034'),(2,'9791026816065'),(2,'9791026816102'),(2,'9791026816201'),(2,'9791026816263'),(2,'9791026816355'),(2,'9791026816546'),(2,'9791026816560'),(2,'9791026816584'),(2,'9791026816621'),(2,'9791026816881'),(2,'9791026816935'),(2,'9791026816973'),(2,'9791026817093'),(2,'9791026817123'),(2,'9791026817178'),(2,'9791026817284'),(2,'9791026817369'),(2,'9791026817543'),(2,'9791026817734'),(2,'9791026817789'),(2,'9791026817857'),(2,'9791026817918'),(2,'9791026817925'),(2,'9791026817994'),(2,'9791026818007'),(2,'9791026818212'),(2,'9791026818236'),(2,'9791026818359'),(2,'9791026818366'),(2,'9791026818373'),(2,'9791026818441'),(2,'9791026818656'),(2,'9791026818694'),(2,'9791026818786'),(2,'9791026818861'),(2,'9791026818991'),(2,'9791026819165'),(2,'9791026819271'),(2,'9791026819332'),(2,'9791026819479'),(2,'9791026819707'),(2,'9791026819714'),(2,'9791026819752'),(2,'9791026819844'),(2,'9791026819967'),(2,'9791026820178'),(2,'9791026820369'),(2,'9791026820406'),(2,'9791026820437'),(2,'9791026820611'),(2,'9791026820673'),(2,'9791026820925'),(2,'9791026821038'),(2,'9791026821045'),(2,'9791026821168'),(2,'9791026821236'),(2,'9791026821250'),(2,'9791026821304'),(2,'9791026821373'),(2,'9791026821502'),(2,'9791026821519'),(2,'9791026821557'),(2,'9791026821564'),(2,'9791026821601'),(2,'9791026821731'),(2,'9791026821922'),(2,'9791026821953'),(2,'9791026821977'),(2,'9791026822042'),(2,'9791026822097'),(2,'9791026822110'),(2,'9791026822165'),(2,'9791026822196'),(2,'9791026822547'),(2,'9791026822608'),(2,'9791026823032'),(2,'9791026823636'),(2,'9791026823872'),(2,'9791026823926'),(2,'9791026824107'),(2,'9791026824213'),(2,'9791026824251'),(2,'9791026824718'),(2,'9791026824749'),(2,'9791026824886'),(2,'9791026825395'),(2,'9791026825531'),(2,'9791026825647'),(2,'9791026826163'),(2,'9791026826194'),(2,'9791026826644'),(2,'9791026826729'),(2,'9791026826743'),(2,'9791026826958'),(2,'9791026827917'),(2,'9791026828389'),(2,'9791026828563'),(2,'9791026829317'),(2,'9791026829744'),(2,'9791033509721'),(2,'9791033512547'),(2,'9791039100908'),(2,'9791039102063'),(2,'9791039104302'),(2,'9791039104838'),(2,'9791039105422'),(2,'9791039106757'),(2,'9791039107358'),(2,'9791039107617'),(2,'9791039107761'),(2,'9791039109000'),(2,'9791039109215'),(2,'9791039110488'),(2,'9791039110501'),(2,'9791039111393'),(2,'9791039111584'),(3,'2203370157'),(3,'9782203008175'),(3,'9782203012882'),(3,'9782203024809'),(3,'9782203034877'),(3,'9782203038271'),(3,'9782203061927'),(3,'9782203063716'),(3,'9782203085053'),(3,'9782205048001'),(3,'9782205054255'),(3,'9782205073980'),(3,'9782205078046'),(3,'9782302005563'),(3,'9782302006256'),(3,'9782302010222'),(3,'9782302010796'),(3,'9782302011465'),(3,'9782302011489'),(3,'9782302013827'),(3,'9782302015890'),(3,'9782302016125'),(3,'9782302018709'),(3,'9782302018716'),(3,'9782302022652'),(3,'9782302025523'),(3,'9782302031005'),(3,'9782302038363'),(3,'9782302046535'),(3,'9782302048577'),(3,'9782302052055'),(3,'9782302063051'),(3,'9782302063778'),(3,'9782302089716'),(3,'9782302090804'),(3,'9782302092037'),(3,'9782353250332'),(3,'9782353250424'),(3,'9782353250974'),(3,'9782353251704'),(3,'9782353251940'),(3,'9782353252800'),(3,'9782353252985'),(3,'9782353253746'),(3,'9782353254064'),(3,'9782353254804'),(3,'9782353255207'),(3,'9782353255740'),(3,'9782353256235'),(3,'9782353257713'),(3,'9782365770255'),(3,'9782365770262'),(3,'9782365770644'),(3,'9782365770651'),(3,'9782365770996'),(3,'9782365771009'),(3,'9782365771221'),(3,'9782365772112'),(3,'9782365772129'),(3,'9782365772457'),(3,'9782365772471'),(3,'9782365772808'),(3,'9782365772815'),(3,'9782365772914'),(3,'9782365773478'),(3,'9782365773799'),(3,'9782365773805'),(3,'9782365773904'),(3,'9782365773997'),(3,'9782365774079'),(3,'9782365774086'),(3,'9782365774406'),(3,'9782365774444'),(3,'9782365774451'),(3,'9782365775083'),(3,'9782365775090'),(3,'9782365775106'),(3,'9782365775113'),(3,'9782365775120'),(3,'9782365775755'),(3,'9782365775823'),(3,'9782365776004'),(3,'9782365776011'),(3,'9782365776202'),(3,'9782365776417'),(3,'9782365776424'),(3,'9782365776455'),(3,'9782365776486'),(3,'9782365776554'),(3,'9782365776561'),(3,'9782365776622'),(3,'9782365776639'),(3,'9782365776677'),(3,'9782365776776'),(3,'9782365776820'),(3,'9782365776912'),(3,'9782365777032'),(3,'9782365777612'),(3,'9782365777681'),(3,'9782365777704'),(3,'9782365777742'),(3,'9782365777971'),(3,'9782365778114'),(3,'9782365778121'),(3,'9782365778152'),(3,'9782365778176'),(3,'9782365778404'),(3,'9782365778459'),(3,'9782365778503'),(3,'9782365778572'),(3,'9782365778657'),(3,'9782365778671'),(3,'9782365778770'),(3,'9782365778787'),(3,'9782365778794'),(3,'9782365778916'),(3,'9782365778947'),(3,'9782365778985'),(3,'9782365779005'),(3,'9782365779166'),(3,'9782365779494'),(3,'9782365779746'),(3,'9782365779838'),(3,'9782378872540'),(3,'9782413002284'),(3,'9782413007937'),(3,'9782413010739'),(3,'9782413016205'),(3,'9782413016731'),(3,'9782413019336'),(3,'9782413019343'),(3,'9782413040620'),(3,'9782413043065'),(3,'9782413043072'),(3,'9782413044574'),(3,'9782413044925'),(3,'9782809444230'),(3,'9782809455397'),(3,'9782809456196'),(3,'9782809457698'),(3,'9782809460490'),(3,'9782809463880'),(3,'9782809478099'),(3,'9782809481013'),(3,'9782809481266'),(3,'9782809483505'),(3,'9782809483819'),(3,'9782809487381'),(3,'9782809487664'),(3,'9782809489248'),(3,'9782809491722'),(3,'9782809494020'),(3,'9782809495256'),(3,'9782809496390'),(3,'9782809496406'),(3,'9782809497915'),(3,'9782809498257'),(3,'9782818990629'),(3,'9782818993965'),(3,'9782845651340'),(3,'9782845653832'),(3,'9782845654051'),(3,'9782845654082'),(3,'9782845656833'),(3,'9782845656864'),(3,'9782845658295'),(3,'9782845658981'),(3,'9782845659001'),(3,'9782845659025'),(3,'9782849463185'),(3,'9782849466414'),(3,'9782849466445'),(3,'9782877642576'),(3,'9782877643061'),(3,'9782913714670'),(3,'9782913714816'),(3,'9782913714922'),(3,'9782918771005'),(3,'9782918771012'),(3,'9782918771036'),(3,'9782918771074'),(3,'9782918771111'),(3,'9791026810827'),(3,'9791026810834'),(3,'9791026810841'),(3,'9791026811169'),(3,'9791026811336'),(3,'9791026811350'),(3,'9791026811428'),(3,'9791026811435'),(3,'9791026811503'),(3,'9791026811541'),(3,'9791026811824'),(3,'9791026812630'),(3,'9791026812654'),(3,'9791026812821'),(3,'9791026812876'),(3,'9791026812890'),(3,'9791026813163'),(3,'9791026813187'),(3,'9791026813347'),(3,'9791026813361'),(3,'9791026813422'),(3,'9791026813439'),(3,'9791026813460'),(3,'9791026813507'),(3,'9791026813545'),(3,'9791026813552'),(3,'9791026813576'),(3,'9791026813637'),(3,'9791026813668'),(3,'9791026813712'),(3,'9791026813750'),(3,'9791026813767'),(3,'9791026813774'),(3,'9791026813781'),(3,'9791026813798'),(3,'9791026813828'),(3,'9791026813842'),(3,'9791026813859'),(3,'9791026813873'),(3,'9791026814368'),(3,'9791026815167'),(3,'9791026815594'),(3,'9791026815709'),(3,'9791026815730'),(3,'9791026815846'),(3,'9791026816065'),(3,'9791026816102'),(3,'9791026816263'),(3,'9791026816355'),(3,'9791026816546'),(3,'9791026816560'),(3,'9791026816584'),(3,'9791026816621'),(3,'9791026816881'),(3,'9791026816973'),(3,'9791026817123'),(3,'9791026817215'),(3,'9791026817284'),(3,'9791026817857'),(3,'9791026817994'),(3,'9791026818212'),(3,'9791026818236'),(3,'9791026818359'),(3,'9791026818656'),(3,'9791026818694'),(3,'9791026818786'),(3,'9791026818861'),(3,'9791026818991'),(3,'9791026819271'),(3,'9791026819332'),(3,'9791026819479'),(3,'9791026819707'),(3,'9791026819714'),(3,'9791026819752'),(3,'9791026819844'),(3,'9791026819967'),(3,'9791026820147'),(3,'9791026820178'),(3,'9791026820369'),(3,'9791026820406'),(3,'9791026820611'),(3,'9791026820673'),(3,'9791026820925'),(3,'9791026821038'),(3,'9791026821045'),(3,'9791026821168'),(3,'9791026821236'),(3,'9791026821304'),(3,'9791026821373'),(3,'9791026821502'),(3,'9791026821564'),(3,'9791026821694'),(3,'9791026821731'),(3,'9791026821922'),(3,'9791026821953'),(3,'9791026821977'),(3,'9791026822042'),(3,'9791026822097'),(3,'9791026822110'),(3,'9791026822165'),(3,'9791026822196'),(3,'9791026822547'),(3,'9791026822608'),(3,'9791026823032'),(3,'9791026823872'),(3,'9791026824107'),(3,'9791026824213'),(3,'9791026824251'),(3,'9791026824718'),(3,'9791026824749'),(3,'9791026824916'),(3,'9791026825531'),(3,'9791026825647'),(3,'9791026826163'),(3,'9791026826194'),(3,'9791026826644'),(3,'9791026826729'),(3,'9791026826743'),(3,'9791026827917'),(3,'9791026828389'),(3,'9791026828563'),(3,'9791026829317'),(3,'9791026829744'),(3,'9791033509721'),(3,'9791033512547'),(3,'9791039100908'),(3,'9791039102063'),(3,'9791039104302'),(3,'9791039104838'),(3,'9791039105422'),(3,'9791039106757'),(3,'9791039107617'),(3,'9791039107761'),(3,'9791039109000'),(3,'9791039109215'),(3,'9791039111393'),(3,'9791039111584'),(4,'9782365770255'),(4,'9782365770262'),(4,'9782365770644'),(4,'9782365770651'),(4,'9782365770996'),(4,'9782365771009'),(4,'9782365772112'),(4,'9782365772129'),(4,'9782365772471'),(4,'9782365772808'),(4,'9782365772815'),(4,'9782365772914'),(4,'9782365773799'),(4,'9782365773805'),(4,'9782365773904'),(4,'9782365773997'),(4,'9782365774079'),(4,'9782365774406'),(4,'9782365774451'),(4,'9782365775083'),(4,'9782365775090'),(4,'9782365775106'),(4,'9782365775113'),(4,'9782365775120'),(4,'9782365775755'),(4,'9782365776004'),(4,'9782365776011'),(4,'9782365776202'),(4,'9782365776417'),(4,'9782365776424'),(4,'9782365776455'),(4,'9782365776486'),(4,'9782365776554'),(4,'9782365776561'),(4,'9782365776622'),(4,'9782365776639'),(4,'9782365776677'),(4,'9782365776776'),(4,'9782365776912'),(4,'9782365777032'),(4,'9782365777612'),(4,'9782365777704'),(4,'9782365778114'),(4,'9782365778121'),(4,'9782365778152'),(4,'9782365778176'),(4,'9782365778459'),(4,'9782365778572'),(4,'9782365778657'),(4,'9782365778787'),(4,'9782365778916'),(4,'9782365778947'),(4,'9782365779005'),(4,'9782365779166'),(4,'9782365779234'),(4,'9782365779746'),(4,'9782365779838'),(4,'9782809409994'),(4,'9782809415605'),(4,'9782809424874'),(4,'9782809427370'),(4,'9782809431476'),(4,'9782809436372'),(4,'9782809438611'),(4,'9782809441536'),(4,'9782809450637'),(4,'9782809455397'),(4,'9782809460490'),(4,'9782809463880'),(4,'9782809478099'),(4,'9782809479478'),(4,'9782809481266'),(4,'9782809483505'),(4,'9782809483819'),(4,'9782809487664'),(4,'9782809489248'),(4,'9782809491722'),(4,'9782809494020'),(4,'9782809495256'),(4,'9782809497915'),(4,'9782809498257'),(4,'9791026810827'),(4,'9791026810834'),(4,'9791026810841'),(4,'9791026811336'),(4,'9791026811428'),(4,'9791026811435'),(4,'9791026811503'),(4,'9791026812630'),(4,'9791026812654'),(4,'9791026812876'),(4,'9791026813163'),(4,'9791026813187'),(4,'9791026813361'),(4,'9791026813422'),(4,'9791026813439'),(4,'9791026813460'),(4,'9791026813507'),(4,'9791026813514'),(4,'9791026813545'),(4,'9791026813552'),(4,'9791026813637'),(4,'9791026813668'),(4,'9791026813712'),(4,'9791026813750'),(4,'9791026813767'),(4,'9791026813774'),(4,'9791026813781'),(4,'9791026813798'),(4,'9791026813828'),(4,'9791026813842'),(4,'9791026813859'),(4,'9791026813873'),(4,'9791026815709'),(4,'9791026815730'),(4,'9791026815846'),(4,'9791026816034'),(4,'9791026816102'),(4,'9791026816201'),(4,'9791026816263'),(4,'9791026816355'),(4,'9791026816621'),(4,'9791026816881'),(4,'9791026817123'),(4,'9791026817215'),(4,'9791026817994'),(4,'9791026818373'),(4,'9791026818656'),(4,'9791026818694'),(4,'9791026818786'),(4,'9791026818861'),(4,'9791026818991'),(4,'9791026819332'),(4,'9791026819707'),(4,'9791026819714'),(4,'9791026819844'),(4,'9791026819967'),(4,'9791026820369'),(4,'9791026820406'),(4,'9791026820437'),(4,'9791026820925'),(4,'9791026821038'),(4,'9791026821045'),(4,'9791026821168'),(4,'9791026821236'),(4,'9791026821502'),(4,'9791026821557'),(4,'9791026821564'),(4,'9791026821731'),(4,'9791026821922'),(4,'9791026821953'),(4,'9791026821977'),(4,'9791026822042'),(4,'9791026822097'),(4,'9791026822110'),(4,'9791026822196'),(4,'9791026822547'),(4,'9791026822608'),(4,'9791026824107'),(4,'9791026824718'),(4,'9791026824749'),(4,'9791026824886'),(4,'9791026825647'),(4,'9791026826163'),(4,'9791026826729'),(4,'9791026826743'),(4,'9791039100908'),(4,'9791039104302'),(4,'9791039104838'),(4,'9791039106757'),(4,'9791039107761'),(4,'9791039110488'),(4,'9791039110501'),(4,'9791039111584'),(5,'9782365778671'),(5,'9782365778770'),(5,'9791026813712'),(5,'9791026813798'),(5,'9791026816621'),(5,'9791026818373'),(6,'9782302018716'),(6,'9791026815709'),(7,'9782809455397'),(7,'9791026816539'),(7,'9791026820147'),(7,'9791026821694'),(7,'9791026822493'),(7,'9791026824916'),(8,'9782302000315'),(8,'9782302002623'),(8,'9782302003828'),(8,'9782302008786'),(8,'9782302011281'),(8,'9782302015937'),(8,'9782302015944'),(8,'9782302015968'),(8,'9782353252831'),(8,'9782353253593'),(8,'9782353254217'),(8,'9782353254668'),(8,'9782365771788'),(8,'9782365772723'),(8,'9782378871642'),(8,'9782809409994'),(8,'9782809415605'),(8,'9782809424874'),(8,'9782809427370'),(8,'9782809431476'),(8,'9782809436372'),(8,'9782809438611'),(8,'9782809441536'),(8,'9782809444087'),(8,'9782809450637'),(8,'9782809474190'),(8,'9782809476828'),(8,'9782809477153'),(8,'9782809477757'),(8,'9782809478693'),(8,'9782809479478'),(8,'9782809491562'),(8,'9782809499872'),(8,'9791026810674'),(8,'9791026811732'),(8,'9791026813101'),(8,'9791026814559'),(8,'9791026816935'),(8,'9791026817093'),(8,'9791026817369'),(8,'9791026817543'),(8,'9791026817734'),(8,'9791026817789'),(8,'9791026817918'),(8,'9791026817925'),(8,'9791026818007'),(8,'9791026818366'),(8,'9791026818441'),(8,'9791026819165'),(8,'9791026820437'),(8,'9791026824886'),(8,'9791026825395'),(8,'9791039107358'),(8,'9791039110488'),(8,'9791039110501'),(9,'9782365772723'),(9,'9782378872090'),(9,'9782413046424'),(9,'9782809409994'),(9,'9782809415605'),(9,'9782809424874'),(9,'9782809427370'),(9,'9782809431476'),(9,'9782809436372'),(9,'9782809438611'),(9,'9782809441536'),(9,'9782809444087'),(9,'9782809450637'),(9,'9782809455397'),(9,'9782809460490'),(9,'9782809460896'),(9,'9782809463880'),(9,'9782809465204'),(9,'9782809474190'),(9,'9782809476828'),(9,'9782809477153'),(9,'9782809477757'),(9,'9782809478693'),(9,'9782809479478'),(9,'9782809480078'),(9,'9782809481013'),(9,'9782809481266'),(9,'9782809483505'),(9,'9782809483819'),(9,'9782809487381'),(9,'9782809487664'),(9,'9782809489248'),(9,'9782809491562'),(9,'9782809491722'),(9,'9782809494020'),(9,'9782809494228'),(9,'9782809495256'),(9,'9782809496390'),(9,'9782809496406'),(9,'9782809497915'),(9,'9782809498257'),(9,'9782809499872'),(9,'9791026812890'),(9,'9791026816546'),(9,'9791026816935'),(9,'9791026818991'),(9,'9791026819271'),(9,'9791026819707'),(9,'9791026820178'),(9,'9791026820673'),(9,'9791026821045'),(9,'9791026821564'),(9,'9791026821731'),(9,'9791026821922'),(9,'9791026822097'),(9,'9791026822110'),(9,'9791026822165'),(9,'9791026822196'),(9,'9791026822608'),(9,'9791026823636'),(9,'9791026823926'),(9,'9791026824213'),(9,'9791026824886'),(9,'9791026825395'),(9,'9791026825531'),(9,'9791026826163'),(9,'9791026826644'),(9,'9791026826729'),(9,'9791026826958'),(9,'9791026828563'),(9,'9791026829744'),(9,'9791028102623'),(9,'9791028103248'),(9,'9791028103477'),(9,'9791028103972'),(9,'9791028106836'),(9,'9791028109301'),(9,'9791028111571'),(9,'9791028111717'),(9,'9791039100908'),(9,'9791039102063'),(9,'9791039104302'),(9,'9791039104838'),(9,'9791039105422'),(9,'9791039106757'),(9,'9791039107358'),(9,'9791039107617'),(9,'9791039107761'),(9,'9791039109000'),(9,'9791039110488'),(9,'9791039110501'),(9,'9791039111393'),(9,'9791039111584'),(10,'9782302005563'),(10,'9782302018709'),(10,'9782302063051'),(10,'9782302090804'),(10,'9782353250974'),(10,'9782353251940'),(10,'9782378871642'),(10,'9782809409994'),(10,'9782809415605'),(10,'9782809424874'),(10,'9782809431476'),(10,'9782809438611'),(10,'9782809441536'),(10,'9782809444087'),(10,'9782809450637'),(10,'9782809455397'),(10,'9782809460490'),(10,'9782809460896'),(10,'9782809463880'),(10,'9782809465204'),(10,'9782809474190'),(10,'9782809476828'),(10,'9782809477153'),(10,'9782809477757'),(10,'9782809478099'),(10,'9782809478693'),(10,'9782809479478'),(10,'9782809480078'),(10,'9782809481013'),(10,'9782809481266'),(10,'9782809483505'),(10,'9782809483819'),(10,'9782809487381'),(10,'9782809487664'),(10,'9782809489248'),(10,'9782809491562'),(10,'9782809491722'),(10,'9782809494020'),(10,'9782809494228'),(10,'9782809495256'),(10,'9782809496390'),(10,'9782809496406'),(10,'9782809497915'),(10,'9782809498257'),(10,'9782809499872'),(10,'9782849466445'),(10,'9782913714670'),(10,'9782913714816'),(10,'9782913714922'),(10,'9791039100908'),(10,'9791039102063'),(10,'9791039104302'),(10,'9791039104838'),(10,'9791039105422'),(10,'9791039106757'),(10,'9791039107358'),(10,'9791039107617'),(10,'9791039107761'),(10,'9791039109000'),(10,'9791039110488'),(10,'9791039110501'),(10,'9791039111393'),(10,'9791039111584'),(11,'9782413040620'),(11,'9782413043065'),(11,'9782413043072'),(11,'9791026816935'),(12,'9782413040620'),(13,'9791026813101'),(13,'9791026816560'),(13,'9791026819165'),(14,'9791026817215'),(15,'9782365776202'),(15,'9782365776561'),(15,'9782365778114'),(15,'9782365778657'),(15,'9782365778947'),(15,'9791026820611'),(16,'9782205078046'),(16,'9782302015937'),(16,'9782302015944'),(16,'9782302015968'),(16,'9782353250332'),(16,'9782353250424'),(16,'9782353250851'),(16,'9782353250974'),(16,'9782353251704'),(16,'9782353251940'),(16,'9782353252800'),(16,'9782353252985'),(16,'9782353253746'),(16,'9782353254064'),(16,'9782353254804'),(16,'9782353255207'),(16,'9782353255740'),(16,'9782353256235'),(16,'9782353257713'),(17,'9791028102623'),(17,'9791028103248'),(17,'9791028103477'),(17,'9791028103972'),(17,'9791028106836'),(17,'9791028109301'),(17,'9791028111571'),(17,'9791028111717'),(18,'9791026823636'),(18,'9791026823926'),(19,'9791026812821'),(20,'9782845659001'),(20,'9782849463185'),(20,'9782849466414');
/*!40000 ALTER TABLE `contract` ENABLE KEYS */;
UNLOCK TABLES;

--
-- Table structure for table `contract_artists`
--

DROP TABLE IF EXISTS `contract_artists`;
/*!40101 SET @saved_cs_client     = @@character_set_client */;
/*!40101 SET character_set_client = utf8 */;
CREATE TABLE `contract_artists` (
  `contracts_role_id` bigint NOT NULL,
  `artists_id` bigint NOT NULL,
  `contracts_book_isbn` varchar(13) DEFAULT NULL,
  KEY `FK3uv5r6g8g6vybu436j1suv5rw` (`contracts_role_id`),
  KEY `FKp7sqcx201vehihopflrlnt8qe` (`artists_id`),
  KEY `FK1bm732ldmjsiwiyw3jcynfgbr` (`contracts_book_isbn`,`contracts_role_id`),
  CONSTRAINT `FK1bm732ldmjsiwiyw3jcynfgbr` FOREIGN KEY (`contracts_book_isbn`, `contracts_role_id`) REFERENCES `contract` (`book_isbn`, `role_id`),
  CONSTRAINT `FKp7sqcx201vehihopflrlnt8qe` FOREIGN KEY (`artists_id`) REFERENCES `artist` (`id`)
) ENGINE=InnoDB DEFAULT CHARSET=utf8mb4 COLLATE=utf8mb4_0900_ai_ci;
/*!40101 SET character_set_client = @saved_cs_client */;

--
-- Dumping data for table `contract_artists`
--

LOCK TABLES `contract_artists` WRITE;
/*!40000 ALTER TABLE `contract_artists` DISABLE KEYS */;
INSERT INTO `contract_artists` VALUES (1,14,'9782365772068'),(1,12,'9782365772068'),(2,18,'9782365772068'),(2,13,'9782365772068'),(2,16,'9782365772068'),(2,17,'9782365772068'),(2,15,'9782365772068'),(1,103,'9791026810834'),(1,7,'9782302002937'),(2,104,'9791026810834'),(2,111,'9791026810834'),(2,116,'9791026810834'),(2,8,'9782302002937'),(3,127,'9791026810834'),(3,113,'9791026810834'),(3,128,'9791026810834'),(4,122,'9791026810834'),(4,121,'9791026810834'),(4,104,'9791026810834'),(4,124,'9791026810834'),(4,125,'9791026810834'),(4,126,'9791026810834'),(1,180,'9791026816263'),(1,12,'9782365773560'),(1,19,'9782365773560'),(2,180,'9791026816263'),(2,181,'9791026816263'),(2,13,'9782365773560'),(2,20,'9782365773560'),(3,182,'9791026816263'),(3,74,'9791026816263'),(4,180,'9791026816263'),(4,181,'9791026816263'),(1,129,'9791026812630'),(1,7,'9782302007369'),(2,132,'9791026812630'),(2,131,'9791026812630'),(2,130,'9791026812630'),(2,133,'9791026812630'),(2,8,'9782302007369'),(3,136,'9791026812630'),(4,118,'9791026812630'),(4,134,'9791026812630'),(4,135,'9791026812630'),(4,133,'9791026812630'),(1,129,'9791026813422'),(1,7,'9782302012271'),(2,132,'9791026813422'),(2,130,'9791026813422'),(2,131,'9791026813422'),(2,8,'9782302012271'),(3,136,'9791026813422'),(4,118,'9791026813422'),(4,132,'9791026813422'),(4,121,'9791026813422'),(4,135,'9791026813422'),(1,187,'9791026813774'),(2,189,'9791026813774'),(2,188,'9791026813774'),(3,96,'9791026813774'),(3,190,'9791026813774'),(4,189,'9791026813774'),(4,188,'9791026813774'),(1,129,'9791026813460'),(1,7,'9782302016101'),(2,11,'9791026813460'),(2,8,'9782302016101'),(3,11,'9791026813460'),(4,11,'9791026813460'),(1,191,'9791026811336'),(1,14,'9782365776998'),(1,12,'9782365776998'),(1,22,'9782365776998'),(1,21,'9782365776998'),(2,193,'9791026811336'),(2,192,'9791026811336'),(2,24,'9782365776998'),(2,23,'9782365776998'),(2,13,'9782365776998'),(2,26,'9782365776998'),(2,25,'9782365776998'),(2,27,'9782365776998'),(3,194,'9791026811336'),(4,193,'9791026811336'),(4,192,'9791026811336'),(1,129,'9791026813712'),(1,137,'9791026813712'),(1,7,'9782302022805'),(2,139,'9791026813712'),(2,138,'9791026813712'),(2,8,'9782302022805'),(3,141,'9791026813712'),(3,142,'9791026813712'),(4,139,'9791026813712'),(4,138,'9791026813712'),(5,140,'9791026813712'),(1,191,'9791026813163'),(1,12,'9782365778015'),(1,28,'9782365778015'),(2,195,'9791026813163'),(2,196,'9791026813163'),(2,33,'9782365778015'),(2,30,'9782365778015'),(2,34,'9782365778015'),(2,31,'9782365778015'),(2,29,'9782365778015'),(2,32,'9782365778015'),(2,13,'9782365778015'),(3,198,'9791026813163'),(3,197,'9791026813163'),(4,163,'9791026813163'),(4,195,'9791026813163'),(1,143,'9791026816102'),(1,129,'9791026816102'),(1,7,'9782302030794'),(2,146,'9791026816102'),(2,29,'9791026816102'),(2,145,'9791026816102'),(2,139,'9791026816102'),(2,144,'9791026816102'),(2,8,'9782302030794'),(3,150,'9791026816102'),(3,89,'9791026816102'),(3,142,'9791026816102'),(4,109,'9791026816102'),(4,148,'9791026816102'),(4,29,'9791026816102'),(4,147,'9791026816102'),(4,149,'9791026816102'),(4,139,'9791026816102'),(1,191,'9791026813545'),(1,195,'9791026813545'),(1,14,'9782365779081'),(1,35,'9782365779081'),(1,12,'9782365779081'),(2,193,'9791026813545'),(2,199,'9791026813545'),(2,195,'9791026813545'),(2,34,'9782365779081'),(2,13,'9782365779081'),(2,20,'9782365779081'),(3,194,'9791026813545'),(3,197,'9791026813545'),(4,134,'9791026813545'),(4,200,'9791026813545'),(4,118,'9791026813545'),(4,121,'9791026813545'),(1,7,'9782302042476'),(2,8,'9782302042476'),(1,191,'9791026813552'),(1,12,'9791026810704'),(1,14,'9791026810704'),(2,193,'9791026813552'),(2,192,'9791026813552'),(2,195,'9791026813552'),(2,201,'9791026813552'),(2,37,'9791026810704'),(2,13,'9791026810704'),(2,36,'9791026810704'),(3,96,'9791026813552'),(3,194,'9791026813552'),(3,197,'9791026813552'),(4,193,'9791026813552'),(4,192,'9791026813552'),(4,195,'9791026813552'),(4,201,'9791026813552'),(1,153,'9791026813767'),(1,7,'9782302047662'),(2,146,'9791026813767'),(2,155,'9791026813767'),(2,154,'9791026813767'),(2,8,'9782302047662'),(3,44,'9791026813767'),(4,156,'9791026813767'),(4,157,'9791026813767'),(4,134,'9791026813767'),(1,202,'9791026813859'),(1,38,'9782365777971'),(1,39,'9782365777971'),(2,205,'9791026813859'),(2,203,'9791026813859'),(2,204,'9791026813859'),(2,154,'9791026813859'),(2,41,'9782365777971'),(2,40,'9782365777971'),(2,42,'9782365777971'),(2,43,'9782365777971'),(3,194,'9791026813859'),(3,44,'9782365777971'),(4,121,'9791026813859'),(4,208,'9791026813859'),(4,156,'9791026813859'),(4,200,'9791026813859'),(4,209,'9791026813859'),(4,206,'9791026813859'),(4,134,'9791026813859'),(4,207,'9791026813859'),(4,163,'9791026813859'),(1,153,'9791026813798'),(1,7,'9782302053700'),(2,159,'9791026813798'),(2,154,'9791026813798'),(2,158,'9791026813798'),(2,8,'9782302053700'),(3,44,'9791026813798'),(4,158,'9791026813798'),(4,156,'9791026813798'),(4,160,'9791026813798'),(5,155,'9791026813798'),(1,143,'9791026811503'),(1,39,'9782365778794'),(1,38,'9782365778794'),(2,62,'9791026811503'),(2,212,'9791026811503'),(2,213,'9791026811503'),(2,210,'9791026811503'),(2,16,'9791026811503'),(2,211,'9791026811503'),(2,40,'9782365778794'),(2,41,'9782365778794'),(2,45,'9782365778794'),(3,76,'9791026811503'),(3,217,'9791026811503'),(3,96,'9791026811503'),(3,218,'9791026811503'),(3,113,'9791026811503'),(3,211,'9791026811503'),(3,44,'9782365778794'),(4,214,'9791026811503'),(4,107,'9791026811503'),(4,215,'9791026811503'),(4,216,'9791026811503'),(4,106,'9791026811503'),(4,121,'9791026811503'),(4,125,'9791026811503'),(1,153,'9791026813842'),(1,7,'9782302062948'),(2,146,'9791026813842'),(2,154,'9791026813842'),(2,161,'9791026813842'),(2,8,'9782302062948'),(3,44,'9791026813842'),(4,156,'9791026813842'),(4,163,'9791026813842'),(4,134,'9791026813842'),(4,162,'9791026813842'),(1,219,'9791026812869'),(1,143,'9791026812869'),(1,47,'9791026811350'),(1,38,'9791026811350'),(1,39,'9791026811350'),(1,46,'9791026811350'),(2,62,'9791026812869'),(2,170,'9791026812869'),(2,220,'9791026812869'),(2,223,'9791026812869'),(2,222,'9791026812869'),(2,169,'9791026812869'),(2,168,'9791026812869'),(2,221,'9791026812869'),(2,41,'9791026811350'),(2,52,'9791026811350'),(2,50,'9791026811350'),(2,53,'9791026811350'),(2,40,'9791026811350'),(2,51,'9791026811350'),(2,48,'9791026811350'),(2,49,'9791026811350'),(2,34,'9791026811350'),(3,54,'9791026811350'),(3,55,'9791026811350'),(3,44,'9791026811350'),(3,49,'9791026811350'),(1,153,'9791026816621'),(1,7,'9782302077683'),(2,164,'9791026816621'),(2,154,'9791026816621'),(2,8,'9782302077683'),(3,44,'9791026816621'),(4,156,'9791026816621'),(4,162,'9791026816621'),(4,163,'9791026816621'),(4,120,'9791026816621'),(5,155,'9791026816621'),(1,143,'9791026813361'),(1,57,'9782365777681'),(1,56,'9782365777681'),(2,225,'9791026813361'),(2,224,'9791026813361'),(2,64,'9782365777681'),(2,66,'9782365777681'),(2,63,'9782365777681'),(2,62,'9782365777681'),(2,70,'9782365777681'),(2,17,'9782365777681'),(2,59,'9782365777681'),(2,65,'9782365777681'),(2,60,'9782365777681'),(2,68,'9782365777681'),(2,71,'9782365777681'),(2,67,'9782365777681'),(2,69,'9782365777681'),(2,32,'9782365777681'),(2,58,'9782365777681'),(2,61,'9782365777681'),(3,150,'9791026813361'),(3,226,'9791026813361'),(3,227,'9791026813361'),(3,78,'9782365777681'),(3,72,'9782365777681'),(3,76,'9782365777681'),(3,77,'9782365777681'),(3,74,'9782365777681'),(3,73,'9782365777681'),(3,75,'9782365777681'),(3,79,'9782365777681'),(4,209,'9791026813361'),(4,106,'9791026813361'),(1,153,'9791026818373'),(1,7,'9782302089716'),(2,159,'9791026818373'),(2,164,'9791026818373'),(2,8,'9782302089716'),(3,10,'9782302089716'),(4,120,'9791026818373'),(4,156,'9791026818373'),(4,160,'9791026818373'),(5,155,'9791026818373'),(1,56,'9782365778404'),(1,57,'9782365778404'),(1,7,'9782845659025'),(2,72,'9782365778404'),(2,68,'9782365778404'),(2,82,'9782365778404'),(2,59,'9782365778404'),(2,85,'9782365778404'),(2,29,'9782365778404'),(2,84,'9782365778404'),(2,81,'9782365778404'),(2,76,'9782365778404'),(2,71,'9782365778404'),(2,83,'9782365778404'),(2,86,'9782365778404'),(2,80,'9782365778404'),(2,87,'9782365778404'),(2,11,'9782365778404'),(2,8,'9782845659025'),(3,72,'9782365778404'),(3,89,'9782365778404'),(3,91,'9782365778404'),(3,90,'9782365778404'),(3,88,'9782365778404'),(3,81,'9782365778404'),(3,76,'9782365778404'),(3,75,'9782365778404'),(3,11,'9782365778404'),(3,9,'9782845659025'),(1,165,'9791026813439'),(1,11,'9782809444230'),(2,168,'9791026813439'),(2,166,'9791026813439'),(2,167,'9791026813439'),(2,11,'9782809444230'),(3,168,'9791026813439'),(3,166,'9791026813439'),(3,167,'9791026813439'),(3,11,'9782809444230'),(4,168,'9791026813439'),(4,166,'9791026813439'),(4,167,'9791026813439'),(1,57,'9782365778985'),(1,56,'9782365778985'),(1,7,'9782845659919'),(2,82,'9782365778985'),(2,93,'9782365778985'),(2,71,'9782365778985'),(2,95,'9782365778985'),(2,70,'9782365778985'),(2,80,'9782365778985'),(2,92,'9782365778985'),(2,94,'9782365778985'),(2,8,'9782845659919'),(3,82,'9782365778985'),(3,96,'9782365778985'),(3,72,'9782365778985'),(3,76,'9782365778985'),(3,91,'9782365778985'),(1,165,'9791026812876'),(2,167,'9791026812876'),(2,166,'9791026812876'),(3,167,'9791026812876'),(3,166,'9791026812876'),(4,167,'9791026812876'),(4,166,'9791026812876'),(1,56,'9791026810841'),(1,57,'9791026810841'),(1,7,'9782849464939'),(2,97,'9791026810841'),(2,98,'9791026810841'),(2,71,'9791026810841'),(2,99,'9791026810841'),(2,100,'9791026810841'),(2,101,'9791026810841'),(2,80,'9791026810841'),(2,8,'9782849464939'),(3,76,'9791026810841'),(3,72,'9791026810841'),(3,96,'9791026810841'),(4,102,'9791026810841'),(1,165,'9791026813668'),(2,171,'9791026813668'),(2,170,'9791026813668'),(2,167,'9791026813668'),(2,166,'9791026813668'),(2,169,'9791026813668'),(3,167,'9791026813668'),(3,96,'9791026813668'),(3,166,'9791026813668'),(4,171,'9791026813668'),(4,170,'9791026813668'),(4,167,'9791026813668'),(4,166,'9791026813668'),(4,169,'9791026813668'),(1,103,'9782365778152'),(1,7,'9782849468494'),(2,105,'9782365778152'),(2,104,'9782365778152'),(2,8,'9782849468494'),(3,110,'9782365778152'),(3,113,'9782365778152'),(3,114,'9782365778152'),(3,112,'9782365778152'),(4,110,'9782365778152'),(4,108,'9782365778152'),(4,109,'9782365778152'),(4,105,'9782365778152'),(4,106,'9782365778152'),(4,111,'9782365778152'),(4,107,'9782365778152'),(1,172,'9791026815709'),(1,12,'9782365770415'),(2,175,'9791026815709'),(2,174,'9791026815709'),(2,13,'9782365770415'),(3,176,'9791026815709'),(3,72,'9791026815709'),(4,175,'9791026815709'),(4,174,'9791026815709'),(6,173,'9791026815709'),(1,103,'9782365779005'),(1,7,'9782302000018'),(2,104,'9782365779005'),(2,115,'9782365779005'),(2,116,'9782365779005'),(2,8,'9782302000018'),(3,113,'9782365779005'),(3,123,'9782365779005'),(4,117,'9782365779005'),(4,120,'9782365779005'),(4,111,'9782365779005'),(4,119,'9782365779005'),(4,121,'9782365779005'),(4,107,'9782365779005'),(4,118,'9782365779005'),(4,122,'9782365779005'),(1,12,'9791026822493'),(1,12,'9791026816539'),(1,236,'9791026816539'),(7,15,'9791026822493'),(7,27,'9791026822493'),(7,237,'9791026822493'),(7,15,'9791026816539'),(1,238,'9782344011881'),(2,238,'9782344011881'),(1,239,'9782302011465'),(2,8,'9782302011465'),(3,240,'9782302011465'),(3,243,'9782302046535'),(2,241,'9782302046535'),(1,239,'9782302046535'),(3,243,'9782302052055'),(2,241,'9782302052055'),(1,239,'9782302052055'),(1,239,'9782302022652'),(1,239,'9782302016125'),(1,239,'9782302010796'),(1,239,'9782302025523'),(1,239,'9782302011489'),(1,239,'9782302038363'),(2,241,'9782302016125'),(2,241,'9782302010796'),(2,241,'9782302022652'),(2,8,'9782302011489'),(2,241,'9782302038363'),(2,241,'9782302025523'),(3,240,'9782302016125'),(3,240,'9782302010796'),(3,240,'9782302011489'),(3,242,'9782302022652'),(3,242,'9782302025523'),(3,243,'9782302038363'),(1,7,'9782302010222'),(1,245,'9782302010222'),(2,246,'9782302010222'),(3,246,'9782302010222'),(1,7,'9782302036758'),(1,7,'9782302002098'),(2,244,'9782302036758'),(2,244,'9782302002098'),(1,7,'9782302014510'),(1,7,'9782302042667'),(1,7,'9782302036314'),(1,7,'9782302018556'),(1,7,'9782302072794'),(1,7,'9782302012516'),(1,7,'9782302048515'),(2,247,'9782302036314'),(2,247,'9782302014510'),(1,7,'9782302062917'),(2,247,'9782302042667'),(1,7,'9782302055926'),(2,247,'9782302055926'),(2,247,'9782302072794'),(2,247,'9782302048515'),(2,247,'9782302018556'),(2,247,'9782302012516'),(2,247,'9782302062917'),(1,7,'9782302024243'),(2,247,'9782302024243'),(1,7,'9782302018716'),(1,7,'9782302008786'),(2,8,'9782302018716'),(2,248,'9782302008786'),(8,248,'9782302008786'),(3,10,'9782302018716'),(6,248,'9782302018716'),(1,7,'9782302013827'),(2,248,'9782302013827'),(3,249,'9782302013827'),(1,7,'9782302000315'),(2,247,'9782302000315'),(1,7,'9782302002623'),(1,7,'9782302003828'),(8,10,'9782302000315'),(2,247,'9782302002623'),(2,247,'9782302003828'),(8,10,'9782302002623'),(8,10,'9782302003828'),(1,250,'9782353254217'),(1,250,'9782353254668'),(2,251,'9782353254217'),(1,250,'9782353253593'),(1,250,'9782353252831'),(2,251,'9782353254668'),(8,252,'9782353254217'),(2,251,'9782353252831'),(8,252,'9782353254668'),(2,251,'9782353253593'),(8,252,'9782353252831'),(8,252,'9782353253593'),(1,258,'9782809453201'),(2,259,'9782809453201'),(2,261,'9782809453201'),(1,258,'9782809450415'),(2,259,'9782809450415'),(2,260,'9782809450415'),(1,228,'9782809481211'),(2,257,'9782809481211'),(1,262,'9791026821601'),(2,263,'9791026821601'),(1,137,'9791026821519'),(2,139,'9791026821519'),(1,264,'9782360140602'),(2,265,'9782360140602'),(1,264,'9791026811732'),(1,264,'9791026810674'),(1,264,'9791026814559'),(2,266,'9791026811732'),(2,266,'9791026810674'),(2,266,'9791026814559'),(8,179,'9791026814559'),(8,179,'9791026810674'),(8,179,'9791026811732'),(1,234,'9782205073980'),(2,235,'9782205073980'),(3,235,'9782205073980'),(1,253,'9782809453454'),(2,256,'9782809453454'),(1,267,'9782818990629'),(2,268,'9782818990629'),(3,269,'9782818990629'),(1,12,'9782365774253'),(1,14,'9782365774253'),(2,13,'9782365774253'),(2,15,'9782365774253'),(2,18,'9782365774253'),(1,14,'9782365776165'),(1,12,'9782365776165'),(2,18,'9782365776165'),(2,13,'9782365776165'),(1,253,'9782809468403'),(1,256,'9782809468403'),(2,256,'9782809468403'),(1,258,'9782809455397'),(2,259,'9782809455397'),(2,272,'9782809455397'),(3,273,'9782809455397'),(7,31,'9782809455397'),(7,274,'9782809455397'),(4,275,'9782809455397'),(9,276,'9782809455397'),(10,277,'9782809455397'),(1,278,'9782809450637'),(1,279,'9782809450637'),(2,280,'9782809450637'),(2,281,'9782809450637'),(2,282,'9782809450637'),(4,121,'9782809450637'),(4,283,'9782809450637'),(4,284,'9782809450637'),(4,285,'9782809450637'),(8,286,'9782809450637'),(8,287,'9782809450637'),(9,289,'9782809450637'),(10,288,'9782809450637'),(1,278,'9782809438611'),(2,280,'9782809438611'),(4,121,'9782809438611'),(8,290,'9782809438611'),(8,291,'9782809438611'),(9,289,'9782809438611'),(10,292,'9782809438611'),(10,293,'9782809438611'),(10,294,'9782809438611'),(1,228,'9791026816973'),(2,254,'9791026816973'),(3,261,'9791026816973'),(1,228,'9791026818212'),(2,254,'9791026818212'),(3,261,'9791026818212'),(1,228,'9791026818236'),(2,254,'9791026818236'),(3,261,'9791026818236'),(1,228,'9791026817543'),(2,254,'9791026817543'),(8,261,'9791026817543'),(8,261,'9791026817093'),(1,228,'9791026817093'),(2,254,'9791026817093'),(1,228,'9791026817369'),(2,254,'9791026817369'),(8,261,'9791026817369'),(1,228,'9791026818366'),(2,254,'9791026818366'),(8,261,'9791026818366'),(8,261,'9791026817925'),(2,254,'9791026817925'),(1,228,'9791026817925'),(1,228,'9791026818441'),(2,254,'9791026818441'),(8,261,'9791026818441'),(3,311,'9791026816560'),(2,311,'9791026816560'),(1,312,'9791026816560'),(13,314,'9791026816560'),(8,311,'9791026819165'),(8,315,'9791026819165'),(1,312,'9791026819165'),(13,314,'9791026819165'),(2,311,'9791026819165'),(1,307,'9782378871642'),(1,308,'9782378871642'),(2,308,'9782378871642'),(8,309,'9782378871642'),(10,310,'9782378871642'),(1,228,'9791026818007'),(1,228,'9791026817918'),(1,228,'9791026817734'),(2,254,'9791026817918'),(2,254,'9791026818007'),(2,254,'9791026817734'),(8,261,'9791026818007'),(8,261,'9791026817734'),(8,261,'9791026817918'),(1,238,'9782344018743'),(2,238,'9782344018743'),(1,228,'9791026819844'),(1,316,'9791026819844'),(2,229,'9791026819844'),(2,317,'9791026819844'),(2,318,'9791026819844'),(2,316,'9791026819844'),(2,319,'9791026819844'),(4,208,'9791026819844'),(4,320,'9791026819844'),(4,321,'9791026819844'),(3,44,'9791026819844'),(3,322,'9791026819844'),(3,323,'9791026819844'),(1,228,'9791026817215'),(14,229,'9791026817215'),(4,208,'9791026817215'),(3,44,'9791026817215'),(3,229,'9791026817215'),(1,312,'9782365771221'),(2,32,'9782365771221'),(2,338,'9782365771221'),(3,337,'9782365771221'),(1,12,'9791026824916'),(1,15,'9791026824916'),(1,326,'9791026824916'),(1,327,'9791026824916'),(1,12,'9791026820147'),(1,15,'9791026820147'),(3,91,'9791026820147'),(3,74,'9791026820147'),(3,91,'9791026824916'),(3,328,'9791026824916'),(3,199,'9791026824916'),(3,329,'9791026824916'),(3,330,'9791026824916'),(7,15,'9791026820147'),(7,33,'9791026820147'),(7,324,'9791026820147'),(7,325,'9791026820147'),(7,15,'9791026824916'),(7,331,'9791026824916'),(7,328,'9791026824916'),(7,332,'9791026824916'),(7,199,'9791026824916'),(7,333,'9791026824916'),(1,340,'9791026818359'),(2,16,'9791026818359'),(3,113,'9791026818359'),(1,35,'9791026816201'),(2,344,'9791026816201'),(4,208,'9791026816201'),(1,11,'9791026821304'),(1,201,'9791026821304'),(1,366,'9791026821304'),(1,38,'9791026821304'),(1,37,'9791026821304'),(1,27,'9791026821304'),(1,345,'9791026821304'),(1,347,'9791026821304'),(1,367,'9791026821304'),(1,81,'9791026821304'),(1,349,'9791026821304'),(1,368,'9791026821304'),(1,57,'9791026821304'),(1,369,'9791026821304'),(1,179,'9791026821304'),(1,370,'9791026821304'),(1,172,'9791026821304'),(1,371,'9791026821304'),(1,372,'9791026821304'),(1,373,'9791026821304'),(1,56,'9791026821304'),(2,11,'9791026821304'),(2,201,'9791026821304'),(2,346,'9791026821304'),(2,167,'9791026821304'),(2,37,'9791026821304'),(2,26,'9791026821304'),(2,347,'9791026821304'),(2,354,'9791026821304'),(2,348,'9791026821304'),(2,81,'9791026821304'),(2,349,'9791026821304'),(2,166,'9791026821304'),(2,71,'9791026821304'),(2,171,'9791026821304'),(2,352,'9791026821304'),(2,168,'9791026821304'),(2,374,'9791026821304'),(2,173,'9791026821304'),(2,65,'9791026821304'),(3,11,'9791026821304'),(3,201,'9791026821304'),(3,346,'9791026821304'),(3,167,'9791026821304'),(3,37,'9791026821304'),(3,26,'9791026821304'),(3,347,'9791026821304'),(3,348,'9791026821304'),(3,81,'9791026821304'),(3,349,'9791026821304'),(3,166,'9791026821304'),(3,350,'9791026821304'),(3,351,'9791026821304'),(3,171,'9791026821304'),(3,352,'9791026821304'),(3,168,'9791026821304'),(3,353,'9791026821304'),(3,173,'9791026821304'),(3,65,'9791026821304'),(3,354,'9791026821304'),(1,27,'9791026819752'),(2,343,'9791026819752'),(2,27,'9791026819752'),(3,304,'9791026819752'),(1,27,'9791026814368'),(2,27,'9791026814368'),(3,304,'9791026814368'),(1,345,'9791026820611'),(2,26,'9791026820611'),(3,141,'9791026820611'),(15,345,'9791026820611'),(15,27,'9791026820611'),(1,341,'9791026817178'),(2,342,'9791026817178'),(1,11,'9791026816065'),(2,11,'9791026816065'),(3,11,'9791026816065'),(1,341,'9791026821250'),(2,339,'9791026821250'),(1,264,'9782365774406'),(2,259,'9782365774406'),(4,375,'9782365774406'),(3,381,'9782365774406'),(1,264,'9782365773997'),(2,259,'9782365773997'),(3,381,'9782365773997'),(4,375,'9782365773997'),(4,376,'9782365773997'),(1,264,'9782365776639'),(2,259,'9782365776639'),(3,381,'9782365776639'),(4,375,'9782365776639'),(1,264,'9782365776622'),(2,259,'9782365776622'),(4,375,'9782365776622'),(3,381,'9782365776622'),(1,228,'9791026815594'),(2,382,'9791026815594'),(3,382,'9791026815594'),(3,383,'9791026815594'),(3,384,'9791026815594'),(1,258,'9791026811824'),(2,385,'9791026811824'),(2,31,'9791026811824'),(3,386,'9791026811824'),(3,330,'9791026811824'),(1,258,'9791026811169'),(2,385,'9791026811169'),(3,386,'9791026811169'),(1,258,'9782365775823'),(1,258,'9782365778503'),(1,258,'9782365776820'),(2,385,'9782365775823'),(2,385,'9782365776820'),(2,385,'9782365778503'),(2,387,'9782365778503'),(2,272,'9782365778503'),(3,304,'9782365775823'),(3,386,'9782365775823'),(3,304,'9782365776820'),(3,304,'9782365778503'),(3,386,'9782365778503'),(3,386,'9782365776820'),(3,388,'9782365778503'),(1,264,'9782365773904'),(2,259,'9782365773904'),(3,381,'9782365773904'),(4,375,'9782365773904'),(4,376,'9782365773904'),(4,377,'9782365773904'),(4,378,'9782365773904'),(4,379,'9782365773904'),(4,380,'9782365773904'),(1,270,'9782809496390'),(2,24,'9782809496390'),(3,304,'9782809496390'),(9,306,'9782809496390'),(10,292,'9782809496390'),(1,391,'9782365778121'),(2,392,'9782365778121'),(3,77,'9782365778121'),(4,393,'9782365778121'),(4,320,'9782365778121'),(4,394,'9782365778121'),(4,395,'9782365778121'),(1,391,'9782365777032'),(1,396,'9782365777032'),(2,392,'9782365777032'),(2,397,'9782365777032'),(2,317,'9782365777032'),(2,398,'9782365777032'),(2,399,'9782365777032'),(2,400,'9782365777032'),(2,401,'9782365777032'),(2,402,'9782365777032'),(2,403,'9782365777032'),(4,393,'9782365777032'),(4,320,'9782365777032'),(4,399,'9782365777032'),(4,404,'9782365777032'),(3,77,'9782365777032'),(3,405,'9782365777032'),(3,320,'9782365777032'),(1,391,'9782365776424'),(1,392,'9782365776424'),(2,392,'9782365776424'),(2,406,'9782365776424'),(2,402,'9782365776424'),(2,393,'9782365776424'),(3,77,'9782365776424'),(4,320,'9782365776424'),(4,407,'9782365776424'),(4,393,'9782365776424'),(4,402,'9782365776424'),(1,391,'9782365776417'),(2,392,'9782365776417'),(2,393,'9782365776417'),(2,399,'9782365776417'),(4,320,'9782365776417'),(3,77,'9782365776417'),(1,391,'9782365775755'),(2,392,'9782365775755'),(2,408,'9782365775755'),(3,409,'9782365775755'),(3,77,'9782365775755'),(4,393,'9782365775755'),(4,320,'9782365775755'),(4,394,'9782365775755'),(1,391,'9782365774451'),(3,77,'9782365774451'),(3,75,'9782365774451'),(2,392,'9782365774451'),(2,140,'9782365774451'),(2,313,'9782365774451'),(2,410,'9782365774451'),(2,411,'9782365774451'),(2,65,'9782365774451'),(4,393,'9782365774451'),(4,320,'9782365774451'),(4,399,'9782365774451'),(4,394,'9782365774451'),(4,412,'9782365774451'),(4,413,'9782365774451'),(1,391,'9782365774444'),(3,77,'9782365774444'),(2,392,'9782365774444'),(2,393,'9782365774444'),(2,317,'9782365774444'),(2,401,'9782365774444'),(2,320,'9782365774444'),(2,106,'9782365774444'),(1,391,'9782365774086'),(3,77,'9782365774086'),(3,176,'9782365774086'),(3,141,'9782365774086'),(2,392,'9782365774086'),(2,393,'9782365774086'),(2,174,'9782365774086'),(2,320,'9782365774086'),(2,394,'9782365774086'),(2,403,'9782365774086'),(2,414,'9782365774086'),(2,229,'9782365774086'),(2,415,'9782365774086'),(2,65,'9782365774086'),(2,68,'9782365774086'),(1,391,'9782365774079'),(2,413,'9782365774079'),(2,392,'9782365774079'),(2,416,'9782365774079'),(4,393,'9782365774079'),(4,320,'9782365774079'),(4,404,'9782365774079'),(4,417,'9782365774079'),(3,77,'9782365774079'),(1,391,'9782365773799'),(1,391,'9782365772815'),(1,391,'9782365772808'),(1,391,'9782365773805'),(1,396,'9782365773805'),(2,392,'9782365772808'),(2,402,'9782365773805'),(2,392,'9782365773805'),(2,398,'9782365773805'),(2,392,'9782365772815'),(2,421,'9782365772815'),(2,418,'9782365773799'),(2,392,'9782365773799'),(2,419,'9782365773799'),(1,391,'9782365772457'),(3,77,'9782365772815'),(3,77,'9782365772808'),(3,337,'9782365773805'),(3,77,'9782365773805'),(3,182,'9782365773799'),(3,77,'9782365773799'),(4,320,'9782365773805'),(4,393,'9782365772815'),(4,395,'9782365773805'),(4,404,'9782365773805'),(4,320,'9782365772815'),(4,393,'9782365772808'),(4,392,'9782365772815'),(4,320,'9782365772808'),(4,320,'9782365773799'),(4,420,'9782365773799'),(4,392,'9782365772808'),(2,392,'9782365772457'),(2,393,'9782365772457'),(2,182,'9782365772457'),(2,320,'9782365772457'),(2,422,'9782365772457'),(2,408,'9782365772457'),(2,180,'9782365772457'),(2,406,'9782365772457'),(2,416,'9782365772457'),(2,423,'9782365772457'),(2,174,'9782365772457'),(2,424,'9782365772457'),(2,425,'9782365772457'),(2,317,'9782365772457'),(2,426,'9782365772457'),(2,427,'9782365772457'),(3,77,'9782365772457'),(3,182,'9782365772457'),(3,176,'9782365772457'),(1,391,'9782365772112'),(1,391,'9782365770255'),(1,391,'9782365770644'),(1,391,'9782365770262'),(1,391,'9782365770996'),(1,391,'9782365771009'),(1,391,'9782365772471'),(2,392,'9782365772112'),(2,420,'9782365772112'),(1,391,'9782365770651'),(1,391,'9782365772129'),(2,428,'9782365770255'),(2,392,'9782365770262'),(2,429,'9782365770644'),(2,428,'9782365770644'),(2,392,'9782365770644'),(2,392,'9782365770996'),(2,398,'9782365770996'),(2,392,'9782365772471'),(2,392,'9782365771009'),(2,399,'9782365772471'),(2,398,'9782365771009'),(3,430,'9782365770255'),(3,337,'9782365772112'),(2,392,'9782365772129'),(2,428,'9782365772129'),(2,413,'9782365772129'),(3,337,'9782365770644'),(3,337,'9782365770262'),(2,429,'9782365770651'),(3,337,'9782365770996'),(2,313,'9782365770651'),(2,392,'9782365770651'),(3,337,'9782365771009'),(4,393,'9782365770255'),(4,393,'9782365772112'),(4,417,'9782365770644'),(3,337,'9782365772129'),(4,417,'9782365770255'),(4,393,'9782365770262'),(4,420,'9782365772112'),(4,393,'9782365770644'),(4,393,'9782365770996'),(4,394,'9782365772112'),(4,57,'9782365770996'),(3,337,'9782365770651'),(3,337,'9782365772471'),(3,75,'9782365770651'),(3,77,'9782365772471'),(4,393,'9782365772129'),(4,57,'9782365772129'),(4,320,'9782365772129'),(4,394,'9782365772129'),(4,393,'9782365771009'),(4,57,'9782365771009'),(4,417,'9782365770651'),(4,393,'9782365770651'),(4,393,'9782365772471'),(4,320,'9782365772471'),(4,399,'9782365772471'),(1,7,'9782302063051'),(2,53,'9782302063051'),(3,243,'9782302063051'),(10,432,'9782302063051'),(1,7,'9782302090804'),(2,431,'9782302090804'),(3,243,'9782302090804'),(10,432,'9782302090804'),(3,435,'9782302048577'),(2,434,'9782302048577'),(1,7,'9782302048577'),(1,7,'9782302031005'),(1,7,'9782845653832'),(1,7,'9782302018709'),(1,7,'9782849466445'),(1,7,'9782302005563'),(1,7,'9782845651340'),(1,7,'9782845658981'),(1,7,'9782845658295'),(2,434,'9782302005563'),(2,434,'9782302031005'),(2,434,'9782845651340'),(2,434,'9782849466445'),(2,434,'9782845653832'),(2,434,'9782845658981'),(2,434,'9782302018709'),(2,434,'9782845658295'),(3,433,'9782845651340'),(3,433,'9782302018709'),(3,433,'9782302031005'),(3,433,'9782302005563'),(3,433,'9782849466445'),(3,433,'9782845658981'),(3,433,'9782845653832'),(3,433,'9782845658295'),(10,432,'9782302018709'),(10,432,'9782849466445'),(10,432,'9782302005563'),(3,436,'9782205048001'),(2,437,'9782205048001'),(1,438,'9782205048001'),(1,444,'9782203085053'),(2,445,'9782203085053'),(3,446,'9782203085053'),(1,444,'9782203063716'),(2,445,'9782203063716'),(3,446,'9782203063716'),(1,239,'9782302063778'),(2,241,'9782302063778'),(3,243,'9782302063778'),(1,444,'9782203008175'),(1,444,'9782203012882'),(2,445,'9782203008175'),(2,445,'9782203012882'),(1,444,'9782203024809'),(3,447,'9782203012882'),(3,447,'9782203008175'),(2,445,'9782203024809'),(3,447,'9782203024809'),(1,444,'9782203034877'),(2,445,'9782203034877'),(3,447,'9782203034877'),(1,444,'9782203038271'),(2,445,'9782203038271'),(3,447,'9782203038271'),(1,444,'9782203061927'),(2,445,'9782203061927'),(3,446,'9782203061927'),(1,444,'2203370157'),(2,445,'2203370157'),(3,447,'2203370157'),(1,440,'9782918771012'),(1,440,'9782918771111'),(1,440,'9782918771005'),(1,440,'9782918771036'),(1,440,'9782918771074'),(2,441,'9782918771012'),(2,441,'9782918771036'),(2,441,'9782918771005'),(2,441,'9782918771111'),(2,441,'9782918771074'),(3,442,'9782918771012'),(3,443,'9782918771005'),(3,439,'9782918771111'),(3,439,'9782918771074'),(3,442,'9782918771036'),(1,448,'9782353255740'),(16,449,'9782353255740'),(3,450,'9782353255740'),(1,448,'9782353256235'),(16,449,'9782353256235'),(3,450,'9782353256235'),(1,448,'9782353255207'),(16,449,'9782353255207'),(3,450,'9782353255207'),(1,448,'9782353257713'),(16,449,'9782353257713'),(3,450,'9782353257713'),(1,448,'9782353254804'),(16,449,'9782353254804'),(3,450,'9782353254804'),(1,234,'9782205078046'),(3,235,'9782205078046'),(16,235,'9782205078046'),(1,448,'9782353250974'),(1,448,'9782353251940'),(1,453,'9782353251940'),(1,454,'9782353251940'),(1,455,'9782353251940'),(1,456,'9782353251940'),(1,448,'9782353250424'),(3,452,'9782353250974'),(3,450,'9782353251940'),(10,451,'9782353250974'),(10,451,'9782353251940'),(16,449,'9782353250974'),(3,450,'9782353250424'),(16,449,'9782353251940'),(16,449,'9782353250424'),(1,448,'9782913714816'),(1,448,'9782913714922'),(1,448,'9782913714670'),(2,449,'9782913714816'),(2,449,'9782913714670'),(2,449,'9782913714922'),(3,452,'9782913714670'),(3,452,'9782913714816'),(3,450,'9782913714922'),(10,451,'9782913714670'),(10,451,'9782913714816'),(10,451,'9782913714922'),(1,448,'9782353253746'),(1,448,'9782353252985'),(1,448,'9782353252800'),(1,448,'9782353250332'),(1,448,'9782353250851'),(1,448,'9782353251704'),(3,450,'9782353253746'),(16,449,'9782353250851'),(3,450,'9782353252985'),(3,450,'9782353250332'),(3,450,'9782353252800'),(3,450,'9782353251704'),(16,449,'9782353250332'),(16,449,'9782353252800'),(16,449,'9782353252985'),(16,449,'9782353251704'),(16,449,'9782353253746'),(1,270,'9782809499872'),(2,24,'9782809499872'),(2,301,'9782809499872'),(2,302,'9782809499872'),(2,303,'9782809499872'),(8,304,'9782809499872'),(9,306,'9782809499872'),(10,305,'9782809499872'),(1,271,'9782809480511'),(2,146,'9782809480511'),(1,457,'9782809478693'),(1,457,'9782809476828'),(2,458,'9782809476828'),(2,458,'9782809478693'),(8,142,'9782809476828'),(1,253,'9782809474190'),(8,142,'9782809478693'),(9,459,'9782809476828'),(9,459,'9782809478693'),(2,224,'9782809474190'),(10,305,'9782809476828'),(10,305,'9782809478693'),(8,112,'9782809474190'),(8,123,'9782809474190'),(9,459,'9782809474190'),(10,305,'9782809474190'),(1,253,'9782809481013'),(2,15,'9782809481013'),(3,217,'9782809481013'),(9,459,'9782809481013'),(10,305,'9782809481013'),(1,307,'9791026828389'),(2,339,'9791026828389'),(3,141,'9791026828389'),(1,253,'9782809436372'),(2,224,'9782809436372'),(4,465,'9782809436372'),(8,226,'9782809436372'),(8,466,'9782809436372'),(9,276,'9782809436372'),(1,253,'9782809441536'),(2,280,'9782809441536'),(4,465,'9782809441536'),(8,226,'9782809441536'),(8,466,'9782809441536'),(9,276,'9782809441536'),(10,305,'9782809441536'),(1,253,'9782809431476'),(2,280,'9782809431476'),(4,465,'9782809431476'),(8,226,'9782809431476'),(8,466,'9782809431476'),(9,276,'9782809431476'),(10,305,'9782809431476'),(1,253,'9782809427370'),(2,280,'9782809427370'),(4,305,'9782809427370'),(8,226,'9782809427370'),(8,469,'9782809427370'),(8,466,'9782809427370'),(9,276,'9782809427370'),(1,253,'9782809424874'),(2,280,'9782809424874'),(4,465,'9782809424874'),(8,226,'9782809424874'),(1,253,'9782809415605'),(9,276,'9782809424874'),(10,305,'9782809424874'),(2,280,'9782809415605'),(4,468,'9782809415605'),(8,226,'9782809415605'),(9,276,'9782809415605'),(10,467,'9782809415605'),(1,253,'9782809409994'),(2,224,'9782809409994'),(4,468,'9782809409994'),(8,226,'9782809409994'),(9,276,'9782809409994'),(10,467,'9782809409994'),(9,472,'9791028106836'),(9,472,'9791028102623'),(9,472,'9791028109301'),(17,470,'9791028106836'),(17,470,'9791028109301'),(17,470,'9791028102623'),(9,472,'9791028103248'),(17,470,'9791028103248'),(9,471,'9791028103477'),(17,470,'9791028103477'),(9,473,'9791028111571'),(17,470,'9791028111571'),(9,474,'9791028111717'),(17,470,'9791028111717'),(9,472,'9791028103972'),(17,470,'9791028103972'),(1,278,'9782809444087'),(1,279,'9782809444087'),(2,224,'9782809444087'),(2,295,'9782809444087'),(8,290,'9782809444087'),(8,296,'9782809444087'),(8,291,'9782809444087'),(8,286,'9782809444087'),(9,289,'9782809444087'),(10,288,'9782809444087'),(1,457,'9782809491562'),(2,458,'9782809491562'),(8,142,'9782809491562'),(9,459,'9782809491562'),(10,305,'9782809491562'),(1,143,'9782809477757'),(2,255,'9782809477757'),(1,253,'9782809483970'),(1,196,'9782809483970'),(8,460,'9782809477757'),(2,254,'9782809483970'),(9,463,'9782809477757'),(9,464,'9782809477757'),(10,461,'9782809477757'),(10,462,'9782809477757'),(1,11,'9782809457698'),(1,11,'9782809456196'),(2,11,'9782809457698'),(2,11,'9782809456196'),(3,11,'9782809457698'),(3,11,'9782809456196'),(1,264,'9791026811435'),(1,355,'9791026811435'),(2,356,'9791026811435'),(2,357,'9791026811435'),(2,358,'9791026811435'),(3,360,'9791026811435'),(3,361,'9791026811435'),(3,362,'9791026811435'),(3,363,'9791026811435'),(3,364,'9791026811435'),(3,365,'9791026811435'),(4,359,'9791026811435'),(4,321,'9791026811435'),(1,312,'9791026813101'),(2,311,'9791026813101'),(8,311,'9791026813101'),(13,313,'9791026813101'),(1,70,'9791026825531'),(1,481,'9791026825531'),(2,70,'9791026825531'),(2,482,'9791026825531'),(2,483,'9791026825531'),(2,484,'9791026825531'),(3,304,'9791026825531'),(3,141,'9791026825531'),(9,459,'9791026825531'),(9,485,'9791026825531'),(9,486,'9791026825531'),(1,448,'9782353254064'),(3,450,'9782353254064'),(16,449,'9782353254064'),(1,11,'9782809460896'),(9,499,'9782809460896'),(10,500,'9782809460896'),(1,492,'9782809483819'),(2,493,'9782809483819'),(3,496,'9782809483819'),(4,494,'9782809483819'),(9,497,'9782809483819'),(10,461,'9782809483819'),(10,498,'9782809483819'),(1,492,'9791039102063'),(2,495,'9791039102063'),(1,492,'9791039104302'),(3,304,'9791039102063'),(2,493,'9791039104302'),(3,286,'9791039104302'),(9,463,'9791039102063'),(9,464,'9791039102063'),(4,494,'9791039104302'),(4,118,'9791039104302'),(9,306,'9791039104302'),(10,305,'9791039102063'),(10,462,'9791039104302'),(1,271,'9782809481266'),(2,146,'9782809481266'),(2,475,'9782809481266'),(2,476,'9782809481266'),(3,72,'9782809481266'),(4,477,'9782809481266'),(4,478,'9782809481266'),(4,479,'9782809481266'),(9,459,'9782809481266'),(10,480,'9782809481266'),(1,488,'9791026824886'),(2,484,'9791026824886'),(4,484,'9791026824886'),(8,141,'9791026824886'),(9,497,'9791026824886'),(1,501,'9791026820437'),(1,17,'9791026820437'),(2,502,'9791026820437'),(2,503,'9791026820437'),(2,504,'9791026820437'),(2,204,'9791026820437'),(2,505,'9791026820437'),(4,502,'9791026820437'),(4,503,'9791026820437'),(4,504,'9791026820437'),(4,204,'9791026820437'),(4,505,'9791026820437'),(8,506,'9791026820437'),(8,507,'9791026820437'),(8,179,'9791026820437'),(1,14,'9791026821731'),(2,188,'9791026821731'),(4,188,'9791026821731'),(3,73,'9791026821731'),(9,491,'9791026821731'),(1,340,'9791026826729'),(1,512,'9791026826729'),(2,513,'9791026826729'),(2,514,'9791026826729'),(2,515,'9791026826729'),(2,516,'9791026826729'),(2,517,'9791026826729'),(4,206,'9791026826729'),(4,518,'9791026826729'),(4,477,'9791026826729'),(4,517,'9791026826729'),(4,215,'9791026826729'),(4,375,'9791026826729'),(4,519,'9791026826729'),(4,106,'9791026826729'),(4,520,'9791026826729'),(3,44,'9791026826729'),(3,76,'9791026826729'),(3,74,'9791026826729'),(9,521,'9791026826729'),(1,70,'9791026821564'),(1,487,'9791026821564'),(1,488,'9791026821564'),(2,70,'9791026821564'),(2,489,'9791026821564'),(3,70,'9791026821564'),(3,141,'9791026821564'),(4,70,'9791026821564'),(4,490,'9791026821564'),(9,276,'9791026821564'),(9,491,'9791026821564'),(1,228,'9791026816355'),(2,229,'9791026816355'),(2,230,'9791026816355'),(3,44,'9791026816355'),(3,76,'9791026816355'),(3,231,'9791026816355'),(3,233,'9791026816355'),(3,232,'9791026816355'),(4,208,'9791026816355'),(1,151,'9791026826163'),(1,14,'9791026826163'),(1,12,'9791026826163'),(1,522,'9791026826163'),(1,523,'9791026826163'),(1,524,'9791026826163'),(1,270,'9791026826163'),(1,17,'9791026826163'),(1,501,'9791026826163'),(1,180,'9791026826163'),(1,525,'9791026826163'),(1,526,'9791026826163'),(1,340,'9791026826163'),(1,527,'9791026826163'),(3,76,'9791026826163'),(3,528,'9791026826163'),(3,529,'9791026826163'),(3,507,'9791026826163'),(3,168,'9791026826163'),(3,141,'9791026826163'),(3,194,'9791026826163'),(3,96,'9791026826163'),(3,506,'9791026826163'),(3,73,'9791026826163'),(3,530,'9791026826163'),(3,179,'9791026826163'),(3,190,'9791026826163'),(3,113,'9791026826163'),(2,80,'9791026826163'),(2,531,'9791026826163'),(2,174,'9791026826163'),(2,168,'9791026826163'),(2,265,'9791026826163'),(2,532,'9791026826163'),(2,533,'9791026826163'),(2,534,'9791026826163'),(2,535,'9791026826163'),(2,536,'9791026826163'),(2,162,'9791026826163'),(2,173,'9791026826163'),(2,537,'9791026826163'),(2,538,'9791026826163'),(2,134,'9791026826163'),(2,180,'9791026826163'),(2,539,'9791026826163'),(2,148,'9791026826163'),(2,540,'9791026826163'),(2,24,'9791026826163'),(2,541,'9791026826163'),(2,542,'9791026826163'),(2,152,'9791026826163'),(2,224,'9791026826163'),(2,343,'9791026826163'),(4,80,'9791026826163'),(4,531,'9791026826163'),(4,174,'9791026826163'),(4,168,'9791026826163'),(4,265,'9791026826163'),(4,532,'9791026826163'),(4,533,'9791026826163'),(4,534,'9791026826163'),(4,535,'9791026826163'),(4,536,'9791026826163'),(4,162,'9791026826163'),(4,173,'9791026826163'),(9,543,'9791026826163'),(9,544,'9791026826163'),(1,1,'9782413016205'),(2,2,'9782413016205'),(3,2,'9782413016205'),(1,355,'9791026827917'),(1,547,'9791026827917'),(1,548,'9791026827917'),(1,151,'9791026827917'),(1,549,'9791026827917'),(1,183,'9791026827917'),(2,550,'9791026827917'),(2,192,'9791026827917'),(2,48,'9791026827917'),(2,551,'9791026827917'),(2,552,'9791026827917'),(2,166,'9791026827917'),(3,136,'9791026827917'),(3,553,'9791026827917'),(3,329,'9791026827917'),(3,179,'9791026827917'),(3,166,'9791026827917'),(1,554,'9791026821502'),(1,555,'9791026821502'),(1,556,'9791026821502'),(1,557,'9791026821502'),(1,523,'9791026821502'),(1,522,'9791026821502'),(1,558,'9791026821502'),(2,559,'9791026821502'),(2,560,'9791026821502'),(2,561,'9791026821502'),(2,204,'9791026821502'),(2,562,'9791026821502'),(2,563,'9791026821502'),(2,225,'9791026821502'),(2,564,'9791026821502'),(2,565,'9791026821502'),(2,566,'9791026821502'),(2,567,'9791026821502'),(3,568,'9791026821502'),(3,74,'9791026821502'),(3,506,'9791026821502'),(3,150,'9791026821502'),(3,179,'9791026821502'),(3,569,'9791026821502'),(4,205,'9791026821502'),(4,505,'9791026821502'),(4,209,'9791026821502'),(4,200,'9791026821502'),(1,14,'9791026817123'),(1,558,'9791026817123'),(1,526,'9791026817123'),(1,549,'9791026817123'),(1,524,'9791026817123'),(2,58,'9791026817123'),(2,570,'9791026817123'),(2,188,'9791026817123'),(2,154,'9791026817123'),(2,15,'9791026817123'),(2,571,'9791026817123'),(2,572,'9791026817123'),(2,37,'9791026817123'),(2,342,'9791026817123'),(2,566,'9791026817123'),(3,73,'9791026817123'),(3,190,'9791026817123'),(3,179,'9791026817123'),(3,553,'9791026817123'),(4,109,'9791026817123'),(1,1,'9782413044925'),(2,510,'9782413044925'),(3,511,'9782413044925'),(3,1,'9782413044925'),(3,510,'9782413044925'),(1,577,'9791026820925'),(1,270,'9791026820925'),(1,578,'9791026820925'),(1,526,'9791026820925'),(1,524,'9791026820925'),(1,21,'9791026820925'),(1,579,'9791026820925'),(1,580,'9791026820925'),(1,17,'9791026820925'),(1,501,'9791026820925'),(2,80,'9791026820925'),(2,40,'9791026820925'),(2,37,'9791026820925'),(2,332,'9791026820925'),(2,387,'9791026820925'),(2,348,'9791026820925'),(2,581,'9791026820925'),(2,531,'9791026820925'),(2,186,'9791026820925'),(2,582,'9791026820925'),(2,583,'9791026820925'),(4,80,'9791026820925'),(4,40,'9791026820925'),(4,37,'9791026820925'),(4,332,'9791026820925'),(4,387,'9791026820925'),(4,348,'9791026820925'),(4,581,'9791026820925'),(4,531,'9791026820925'),(4,186,'9791026820925'),(4,582,'9791026820925'),(4,583,'9791026820925'),(3,136,'9791026820925'),(3,186,'9791026820925'),(3,584,'9791026820925'),(3,507,'9791026820925'),(3,194,'9791026820925'),(3,348,'9791026820925'),(3,96,'9791026820925'),(3,528,'9791026820925'),(3,179,'9791026820925'),(3,197,'9791026820925'),(1,587,'9791026821038'),(1,525,'9791026821038'),(1,522,'9791026821038'),(1,183,'9791026821038'),(1,588,'9791026821038'),(2,513,'9791026821038'),(2,589,'9791026821038'),(2,539,'9791026821038'),(2,590,'9791026821038'),(2,591,'9791026821038'),(2,592,'9791026821038'),(2,538,'9791026821038'),(4,148,'9791026821038'),(4,593,'9791026821038'),(4,134,'9791026821038'),(3,594,'9791026821038'),(3,190,'9791026821038'),(3,217,'9791026821038'),(3,150,'9791026821038'),(3,530,'9791026821038'),(1,270,'9791026817789'),(2,562,'9791026817789'),(2,664,'9791026817789'),(2,24,'9791026817789'),(8,24,'9791026817789'),(8,141,'9791026817789'),(8,569,'9791026817789'),(1,665,'9782365772914'),(4,343,'9782365772914'),(3,666,'9782365772914'),(2,665,'9782365772914'),(1,667,'9791026820406'),(2,225,'9791026820406'),(2,668,'9791026820406'),(4,668,'9791026820406'),(4,209,'9791026820406'),(4,550,'9791026820406'),(4,121,'9791026820406'),(3,668,'9791026820406'),(3,150,'9791026820406'),(3,550,'9791026820406'),(1,39,'9791026815167'),(2,177,'9791026815167'),(2,179,'9791026815167'),(2,178,'9791026815167'),(3,177,'9791026815167'),(3,179,'9791026815167'),(3,178,'9791026815167'),(1,39,'9791026813750'),(1,151,'9791026813750'),(2,16,'9791026813750'),(2,152,'9791026813750'),(4,16,'9791026813750'),(4,152,'9791026813750'),(3,113,'9791026813750'),(3,632,'9791026813750'),(1,665,'9782365778459'),(1,35,'9782365778459'),(2,665,'9782365778459'),(2,23,'9782365778459'),(2,669,'9782365778459'),(4,343,'9782365778459'),(4,669,'9782365778459'),(3,113,'9782365778459'),(3,76,'9782365778459'),(3,569,'9782365778459'),(1,228,'9782365773478'),(2,670,'9782365773478'),(3,670,'9782365773478'),(1,665,'9782365779494'),(2,665,'9782365779494'),(3,666,'9782365779494'),(1,665,'9791026819479'),(2,671,'9791026819479'),(3,179,'9791026819479'),(1,665,'9791026810827'),(1,35,'9791026810827'),(2,224,'9791026810827'),(4,112,'9791026810827'),(3,112,'9791026810827'),(1,665,'9782365779838'),(1,35,'9782365779838'),(2,665,'9782365779838'),(2,23,'9782365779838'),(2,224,'9782365779838'),(4,343,'9782365779838'),(3,113,'9782365779838'),(3,76,'9782365779838'),(1,39,'9791026817994'),(1,39,'9791026813187'),(1,39,'9791026813828'),(2,40,'9791026813187'),(2,177,'9791026813187'),(1,39,'9791026815730'),(1,39,'9791026813507'),(1,39,'9791026816881'),(1,38,'9791026816881'),(1,39,'9791026819967'),(1,676,'9791026819967'),(3,405,'9791026813187'),(3,177,'9791026813187'),(2,104,'9791026813507'),(2,177,'9791026813507'),(2,672,'9791026813507'),(2,40,'9791026819967'),(2,58,'9791026819967'),(2,680,'9791026819967'),(2,166,'9791026819967'),(2,392,'9791026819967'),(2,681,'9791026819967'),(4,185,'9791026813187'),(1,39,'9791026818861'),(1,39,'9791026818694'),(1,14,'9791026818861'),(1,183,'9791026818694'),(1,675,'9791026818694'),(1,179,'9791026818694'),(1,676,'9791026818694'),(2,180,'9791026813828'),(2,672,'9791026813828'),(2,502,'9791026813828'),(2,40,'9791026816881'),(2,672,'9791026816881'),(2,130,'9791026816881'),(2,502,'9791026816881'),(2,687,'9791026816881'),(2,688,'9791026816881'),(2,185,'9791026816881'),(2,689,'9791026816881'),(2,166,'9791026816881'),(3,179,'9791026813828'),(3,691,'9791026813828'),(2,502,'9791026817994'),(2,177,'9791026817994'),(2,40,'9791026817994'),(2,673,'9791026817994'),(2,678,'9791026817994'),(2,56,'9791026817994'),(2,80,'9791026817994'),(2,60,'9791026817994'),(2,36,'9791026817994'),(2,180,'9791026815730'),(2,40,'9791026815730'),(2,58,'9791026815730'),(2,185,'9791026815730'),(1,39,'9791026813514'),(3,179,'9791026819967'),(3,73,'9791026819967'),(3,166,'9791026819967'),(3,179,'9791026813507'),(3,136,'9791026813507'),(3,177,'9791026813507'),(3,179,'9791026816881'),(3,506,'9791026816881'),(3,74,'9791026816881'),(3,690,'9791026816881'),(3,405,'9791026816881'),(3,166,'9791026816881'),(4,109,'9791026819967'),(4,320,'9791026819967'),(2,40,'9791026818694'),(4,674,'9791026813828'),(2,673,'9791026818694'),(2,184,'9791026818694'),(2,427,'9791026818694'),(2,130,'9791026818694'),(4,118,'9791026816881'),(4,208,'9791026816881'),(4,395,'9791026816881'),(3,179,'9791026818694'),(3,677,'9791026818694'),(3,569,'9791026818694'),(1,39,'9791026812654'),(1,12,'9791026812654'),(2,58,'9791026818861'),(2,40,'9791026818861'),(2,672,'9791026818861'),(2,224,'9791026818861'),(2,673,'9791026818861'),(2,177,'9791026818861'),(2,185,'9791026818861'),(2,570,'9791026818861'),(2,178,'9791026818861'),(4,40,'9791026818694'),(4,673,'9791026818694'),(4,184,'9791026818694'),(4,427,'9791026818694'),(4,130,'9791026818694'),(4,118,'9791026818694'),(3,179,'9791026815730'),(3,405,'9791026815730'),(3,73,'9791026815730'),(2,40,'9791026813514'),(2,672,'9791026813514'),(4,109,'9791026813507'),(4,104,'9791026813507'),(4,120,'9791026813507'),(4,674,'9791026813507'),(4,177,'9791026813507'),(2,104,'9791026812654'),(2,40,'9791026812654'),(2,212,'9791026812654'),(4,643,'9791026815730'),(4,125,'9791026815730'),(4,185,'9791026815730'),(3,506,'9791026817994'),(3,177,'9791026817994'),(3,179,'9791026817994'),(3,141,'9791026817994'),(3,75,'9791026817994'),(3,72,'9791026817994'),(3,80,'9791026817994'),(3,679,'9791026817994'),(3,73,'9791026818861'),(3,177,'9791026818861'),(3,179,'9791026818861'),(3,141,'9791026818861'),(4,185,'9791026813514'),(4,109,'9791026813514'),(4,643,'9791026813514'),(4,674,'9791026813514'),(3,179,'9791026812654'),(3,405,'9791026812654'),(3,217,'9791026812654'),(4,125,'9791026818861'),(4,162,'9791026818861'),(4,674,'9791026818861'),(4,343,'9791026818861'),(1,39,'9791026816584'),(1,682,'9791026816584'),(4,502,'9791026817994'),(4,177,'9791026817994'),(4,40,'9791026817994'),(4,673,'9791026817994'),(4,678,'9791026817994'),(4,56,'9791026817994'),(4,80,'9791026817994'),(4,60,'9791026817994'),(4,36,'9791026817994'),(4,518,'9791026812654'),(4,109,'9791026812654'),(4,215,'9791026812654'),(4,121,'9791026812654'),(4,598,'9791026812654'),(4,216,'9791026812654'),(2,40,'9791026816584'),(2,180,'9791026816584'),(2,678,'9791026816584'),(2,683,'9791026816584'),(2,684,'9791026816584'),(3,405,'9791026816584'),(3,179,'9791026816584'),(3,685,'9791026816584'),(3,686,'9791026816584'),(1,340,'9782365778787'),(1,340,'9782365776011'),(1,340,'9782365779166'),(1,340,'9782365776486'),(1,340,'9782365776004'),(1,605,'9782365776004'),(1,340,'9782365776677'),(1,613,'9782365776677'),(2,62,'9782365776486'),(2,104,'9782365776004'),(2,212,'9782365776004'),(2,595,'9782365776004'),(2,606,'9782365776004'),(2,328,'9782365776004'),(2,104,'9782365776011'),(2,212,'9782365776011'),(2,595,'9782365776011'),(2,16,'9782365779166'),(2,602,'9782365779166'),(2,212,'9782365779166'),(2,133,'9782365779166'),(2,535,'9782365779166'),(2,16,'9782365778787'),(2,62,'9782365778787'),(2,608,'9782365778787'),(2,609,'9782365778787'),(2,610,'9782365778787'),(2,611,'9782365778787'),(2,212,'9782365776677'),(2,595,'9782365776677'),(2,611,'9782365776677'),(2,16,'9782365776677'),(2,173,'9782365776677'),(2,225,'9782365776677'),(2,164,'9782365776677'),(3,113,'9782365778787'),(3,76,'9782365778787'),(3,612,'9782365778787'),(3,113,'9782365779166'),(3,76,'9782365779166'),(3,602,'9782365779166'),(3,604,'9782365779166'),(3,110,'9782365776011'),(4,214,'9782365778787'),(3,136,'9782365776011'),(3,73,'9782365776011'),(3,601,'9782365776011'),(3,273,'9782365776011'),(3,76,'9782365776486'),(3,136,'9782365776486'),(3,273,'9782365776486'),(3,615,'9782365776486'),(3,110,'9782365776004'),(3,136,'9782365776004'),(3,74,'9782365776004'),(3,601,'9782365776004'),(3,273,'9782365776004'),(3,601,'9782365776677'),(3,615,'9782365776677'),(3,616,'9782365776677'),(3,113,'9782365776677'),(4,214,'9782365776486'),(4,215,'9782365776486'),(4,108,'9782365776486'),(4,119,'9782365776486'),(4,598,'9782365779166'),(4,603,'9782365779166'),(4,596,'9782365776677'),(4,597,'9782365776677'),(4,598,'9782365776677'),(4,209,'9782365776677'),(4,149,'9782365776677'),(4,121,'9782365776677'),(4,614,'9782365776677'),(4,119,'9782365776677'),(4,16,'9782365776677'),(4,106,'9782365776004'),(4,607,'9782365776004'),(4,596,'9782365776004'),(4,119,'9782365776004'),(4,597,'9782365776004'),(4,598,'9782365776004'),(4,216,'9782365776004'),(4,209,'9782365776004'),(4,106,'9782365776011'),(4,596,'9782365776011'),(4,597,'9782365776011'),(4,598,'9782365776011'),(4,209,'9782365776011'),(4,599,'9782365776011'),(4,600,'9782365776011'),(4,536,'9782365776011'),(4,149,'9782365776011'),(4,121,'9782365776011'),(1,254,'9782365775090'),(1,618,'9782365775090'),(2,212,'9782365775090'),(2,646,'9782365775090'),(2,513,'9782365775090'),(2,598,'9782365775090'),(2,146,'9782365775090'),(2,647,'9782365775090'),(1,191,'9782365775083'),(1,340,'9782365775083'),(1,640,'9782365775083'),(1,650,'9782365775083'),(1,618,'9782365775083'),(1,340,'9782365775113'),(1,391,'9782365775113'),(1,634,'9782365775113'),(1,340,'9782365775106'),(1,639,'9782365775106'),(1,391,'9782365775106'),(1,640,'9782365775106'),(3,74,'9782365775090'),(3,631,'9782365775090'),(3,615,'9782365775090'),(3,630,'9782365775090'),(3,649,'9782365775090'),(1,340,'9782365775120'),(1,254,'9782365775120'),(1,617,'9782365775120'),(1,191,'9782365775120'),(1,618,'9782365775120'),(1,488,'9782365775120'),(4,626,'9782365775090'),(4,598,'9782365775090'),(4,216,'9782365775090'),(4,648,'9782365775090'),(4,627,'9782365775090'),(4,155,'9782365775090'),(4,505,'9782365775090'),(4,520,'9782365775090'),(2,115,'9782365775106'),(2,609,'9782365775113'),(2,651,'9782365775083'),(2,619,'9782365775113'),(2,635,'9782365775106'),(2,517,'9782365775083'),(2,641,'9782365775106'),(2,212,'9782365775113'),(2,621,'9782365775083'),(2,642,'9782365775106'),(2,56,'9782365775113'),(2,609,'9782365775083'),(2,635,'9782365775113'),(2,652,'9782365775083'),(2,610,'9782365775113'),(2,173,'9782365775083'),(2,620,'9782365775113'),(2,358,'9782365775083'),(2,623,'9782365775083'),(2,653,'9782365775083'),(2,646,'9782365775083'),(2,654,'9782365775083'),(2,212,'9782365775083'),(2,609,'9782365775120'),(2,619,'9782365775120'),(2,212,'9782365775120'),(2,598,'9782365775120'),(2,610,'9782365775120'),(2,620,'9782365775120'),(2,621,'9782365775120'),(2,513,'9782365775120'),(2,146,'9782365775120'),(2,484,'9782365775120'),(2,517,'9782365775120'),(2,622,'9782365775120'),(2,199,'9782365775120'),(2,173,'9782365775120'),(2,115,'9782365775120'),(2,609,'9782365775120'),(2,595,'9782365775120'),(2,623,'9782365775120'),(2,624,'9782365775120'),(2,625,'9782365775120'),(3,44,'9782365775120'),(3,630,'9782365775120'),(3,601,'9782365775120'),(3,89,'9782365775120'),(3,199,'9782365775120'),(3,141,'9782365775120'),(3,631,'9782365775120'),(3,615,'9782365775120'),(3,632,'9782365775120'),(3,633,'9782365775120'),(3,44,'9782365775113'),(3,630,'9782365775113'),(3,72,'9782365775113'),(3,662,'9782365775083'),(3,632,'9782365775083'),(3,72,'9782365775083'),(3,630,'9782365775083'),(3,663,'9782365775083'),(3,631,'9782365775083'),(3,615,'9782365775083'),(3,601,'9782365775083'),(3,123,'9782365775106'),(3,645,'9782365775106'),(3,362,'9782365775106'),(4,162,'9782365775106'),(4,637,'9782365775106'),(4,643,'9782365775106'),(4,122,'9782365775106'),(4,644,'9782365775106'),(4,600,'9782365775120'),(4,162,'9782365775120'),(4,135,'9782365775120'),(4,626,'9782365775120'),(4,216,'9782365775120'),(4,206,'9782365775120'),(4,627,'9782365775120'),(4,163,'9782365775120'),(4,519,'9782365775120'),(4,628,'9782365775120'),(4,380,'9782365775120'),(4,629,'9782365775120'),(4,122,'9782365775120'),(4,655,'9782365775083'),(4,57,'9782365775083'),(4,626,'9782365775083'),(4,600,'9782365775083'),(4,656,'9782365775083'),(4,628,'9782365775083'),(4,657,'9782365775083'),(4,658,'9782365775083'),(4,600,'9782365775113'),(4,627,'9782365775083'),(4,162,'9782365775113'),(4,638,'9782365775083'),(4,636,'9782365775113'),(4,155,'9782365775113'),(4,163,'9782365775083'),(4,659,'9782365775083'),(4,135,'9782365775113'),(4,660,'9782365775083'),(4,122,'9782365775083'),(4,637,'9782365775113'),(4,661,'9782365775083'),(4,626,'9782365775113'),(4,216,'9782365775113'),(4,638,'9782365775113'),(4,620,'9782365775113'),(4,206,'9782365775113'),(4,627,'9782365775113'),(4,57,'9782365775113'),(4,519,'9782365775113'),(1,307,'9791026821168'),(2,692,'9791026821168'),(2,693,'9791026821168'),(3,141,'9791026821168'),(4,692,'9791026821168'),(1,180,'9791026818656'),(1,183,'9791026818656'),(1,180,'9791026820369'),(1,183,'9791026820369'),(2,181,'9791026818656'),(2,184,'9791026818656'),(2,186,'9791026818656'),(2,180,'9791026818656'),(2,185,'9791026818656'),(2,80,'9791026818656'),(2,180,'9791026820369'),(2,201,'9791026820369'),(2,181,'9791026820369'),(2,50,'9791026820369'),(2,567,'9791026820369'),(2,174,'9791026820369'),(3,182,'9791026818656'),(3,74,'9791026818656'),(3,179,'9791026818656'),(3,80,'9791026818656'),(3,568,'9791026820369'),(3,182,'9791026820369'),(3,553,'9791026820369'),(3,74,'9791026820369'),(4,181,'9791026818656'),(4,184,'9791026818656'),(4,186,'9791026818656'),(4,180,'9791026818656'),(4,185,'9791026818656'),(4,80,'9791026818656'),(4,180,'9791026820369'),(4,201,'9791026820369'),(4,181,'9791026820369'),(4,50,'9791026820369'),(4,567,'9791026820369'),(4,174,'9791026820369'),(1,202,'9782365777704'),(1,694,'9782365778916'),(1,695,'9782365778916'),(1,610,'9782365778916'),(2,192,'9782365777704'),(2,723,'9782365777704'),(2,724,'9782365777704'),(1,202,'9782365777612'),(2,725,'9782365777704'),(1,676,'9782365778176'),(2,192,'9782365778176'),(2,144,'9782365778176'),(2,406,'9782365778176'),(2,225,'9782365778176'),(3,712,'9782365778176'),(2,192,'9782365777612'),(2,725,'9782365777612'),(2,590,'9782365777612'),(2,727,'9782365777612'),(2,173,'9782365777612'),(2,154,'9782365778916'),(2,696,'9782365778916'),(2,23,'9782365778916'),(2,517,'9782365778916'),(2,590,'9782365778916'),(2,697,'9782365778916'),(2,698,'9782365778916'),(3,76,'9782365777704'),(3,712,'9782365777704'),(3,726,'9782365777704'),(1,21,'9782365778671'),(1,701,'9782365778671'),(1,21,'9782365778770'),(1,702,'9782365778671'),(4,120,'9782365778176'),(1,676,'9782365778671'),(1,701,'9782365778770'),(4,216,'9782365778176'),(1,702,'9782365778770'),(4,406,'9782365778176'),(1,703,'9782365778770'),(4,121,'9782365778176'),(4,209,'9782365778176'),(3,76,'9782365777612'),(3,712,'9782365777612'),(3,273,'9782365777612'),(3,381,'9782365777612'),(3,730,'9782365777612'),(3,91,'9782365777612'),(3,714,'9782365777612'),(3,77,'9782365777612'),(3,700,'9782365778916'),(3,112,'9782365778916'),(3,113,'9782365778916'),(3,217,'9782365778916'),(4,120,'9782365777704'),(4,638,'9782365777704'),(4,599,'9782365777704'),(4,120,'9782365777612'),(4,728,'9782365777612'),(4,729,'9782365777612'),(4,477,'9782365777612'),(4,156,'9782365778916'),(4,644,'9782365778916'),(4,593,'9782365778916'),(4,107,'9782365778916'),(4,599,'9782365778916'),(4,699,'9782365778916'),(4,205,'9782365778916'),(4,215,'9782365778916'),(4,517,'9782365778916'),(4,120,'9782365778916'),(4,121,'9782365778916'),(4,135,'9782365778916'),(4,134,'9782365778916'),(4,698,'9782365778916'),(2,188,'9782365778770'),(2,225,'9782365778770'),(2,209,'9782365778770'),(2,704,'9782365778770'),(2,705,'9782365778770'),(2,590,'9782365778770'),(2,144,'9782365778770'),(2,359,'9782365778770'),(2,706,'9782365778770'),(2,637,'9782365778770'),(2,42,'9782365778770'),(2,550,'9782365778770'),(2,149,'9782365778770'),(2,593,'9782365778770'),(2,653,'9782365778770'),(2,93,'9782365778770'),(2,707,'9782365778770'),(2,708,'9782365778770'),(2,709,'9782365778770'),(2,710,'9782365778770'),(2,120,'9782365778770'),(2,614,'9782365778770'),(2,711,'9782365778770'),(2,394,'9782365778770'),(3,712,'9782365778770'),(3,713,'9782365778770'),(3,616,'9782365778770'),(3,594,'9782365778770'),(3,632,'9782365778770'),(3,714,'9782365778770'),(3,136,'9782365778770'),(3,715,'9782365778770'),(2,716,'9782365778671'),(2,215,'9782365778671'),(2,109,'9782365778671'),(2,188,'9782365778671'),(2,225,'9782365778671'),(2,209,'9782365778671'),(2,704,'9782365778671'),(2,638,'9782365778671'),(2,705,'9782365778671'),(2,717,'9782365778671'),(2,590,'9782365778671'),(2,285,'9782365778671'),(2,718,'9782365778671'),(2,107,'9782365778671'),(2,144,'9782365778671'),(2,359,'9782365778671'),(2,637,'9782365778671'),(2,597,'9782365778671'),(2,42,'9782365778671'),(2,205,'9782365778671'),(2,156,'9782365778671'),(2,643,'9782365778671'),(2,550,'9782365778671'),(2,149,'9782365778671'),(2,519,'9782365778671'),(2,719,'9782365778671'),(2,720,'9782365778671'),(2,121,'9782365778671'),(2,710,'9782365778671'),(2,120,'9782365778671'),(2,688,'9782365778671'),(2,164,'9782365778671'),(2,614,'9782365778671'),(5,560,'9782365778770'),(3,712,'9782365778671'),(3,713,'9782365778671'),(3,616,'9782365778671'),(3,594,'9782365778671'),(3,632,'9782365778671'),(3,74,'9782365778671'),(3,714,'9782365778671'),(3,721,'9782365778671'),(3,722,'9782365778671'),(3,136,'9782365778671'),(5,560,'9782365778671'),(1,151,'9791026826743'),(1,737,'9791026826743'),(1,355,'9791026826743'),(1,738,'9791026826743'),(1,739,'9791026826743'),(1,667,'9791026826743'),(2,537,'9791026826743'),(2,146,'9791026826743'),(2,174,'9791026826743'),(2,550,'9791026826743'),(2,740,'9791026826743'),(2,741,'9791026826743'),(2,563,'9791026826743'),(4,157,'9791026826743'),(4,742,'9791026826743'),(3,190,'9791026826743'),(3,632,'9791026826743'),(3,150,'9791026826743'),(3,198,'9791026826743'),(3,568,'9791026826743'),(3,55,'9791026826743'),(1,12,'9791026819714'),(1,14,'9791026819714'),(1,187,'9791026819714'),(1,151,'9791026819714'),(1,751,'9791026819714'),(1,752,'9791026819714'),(2,13,'9791026819714'),(2,602,'9791026819714'),(2,225,'9791026819714'),(2,753,'9791026819714'),(2,37,'9791026819714'),(2,754,'9791026819714'),(2,536,'9791026819714'),(2,755,'9791026819714'),(3,553,'9791026819714'),(3,584,'9791026819714'),(3,150,'9791026819714'),(3,735,'9791026819714'),(3,584,'9791026819714'),(3,128,'9791026819714'),(3,632,'9791026819714'),(4,107,'9791026819714'),(4,209,'9791026819714'),(4,149,'9791026819714'),(1,12,'9791026822547'),(1,14,'9791026822547'),(1,151,'9791026822547'),(1,187,'9791026822547'),(1,21,'9791026822547'),(1,172,'9791026822547'),(1,731,'9791026822547'),(1,258,'9791026822547'),(1,492,'9791026822547'),(1,17,'9791026822547'),(1,732,'9791026822547'),(1,153,'9791026822547'),(2,13,'9791026822547'),(2,733,'9791026822547'),(2,37,'9791026822547'),(2,540,'9791026822547'),(2,335,'9791026822547'),(2,731,'9791026822547'),(2,180,'9791026822547'),(2,595,'9791026822547'),(2,734,'9791026822547'),(2,17,'9791026822547'),(2,60,'9791026822547'),(2,669,'9791026822547'),(3,553,'9791026822547'),(3,584,'9791026822547'),(3,217,'9791026822547'),(3,55,'9791026822547'),(3,335,'9791026822547'),(3,735,'9791026822547'),(3,179,'9791026822547'),(3,362,'9791026822547'),(3,530,'9791026822547'),(3,506,'9791026822547'),(3,736,'9791026822547'),(3,669,'9791026822547'),(4,285,'9791026822547'),(1,12,'9791026813873'),(1,14,'9791026813873'),(1,151,'9791026813873'),(1,172,'9791026813873'),(1,370,'9791026813873'),(1,12,'9791026813781'),(1,14,'9791026813781'),(1,129,'9791026813873'),(1,143,'9791026813781'),(1,187,'9791026813873'),(1,151,'9791026813781'),(1,38,'9791026813781'),(1,748,'9791026813781'),(1,12,'9791026824107'),(1,14,'9791026824107'),(1,151,'9791026824107'),(1,667,'9791026824107'),(1,743,'9791026824107'),(1,744,'9791026824107'),(2,13,'9791026813873'),(2,595,'9791026813873'),(2,36,'9791026813873'),(2,188,'9791026813873'),(2,48,'9791026813873'),(2,139,'9791026813873'),(2,698,'9791026813873'),(2,210,'9791026813873'),(2,705,'9791026813873'),(2,602,'9791026813873'),(2,58,'9791026813873'),(2,37,'9791026813873'),(2,13,'9791026813781'),(2,62,'9791026813781'),(2,23,'9791026813781'),(2,224,'9791026813781'),(2,201,'9791026813781'),(2,535,'9791026813781'),(2,13,'9791026824107'),(2,11,'9791026813781'),(2,195,'9791026824107'),(2,595,'9791026824107'),(2,167,'9791026813781'),(2,152,'9791026824107'),(2,188,'9791026824107'),(2,698,'9791026824107'),(2,705,'9791026824107'),(2,40,'9791026824107'),(2,356,'9791026824107'),(2,45,'9791026824107'),(3,553,'9791026813781'),(3,76,'9791026813781'),(3,227,'9791026813781'),(3,194,'9791026813781'),(3,150,'9791026813781'),(3,11,'9791026813781'),(3,167,'9791026813781'),(3,553,'9791026813873'),(3,584,'9791026813873'),(3,749,'9791026813873'),(3,750,'9791026813873'),(3,568,'9791026813873'),(3,602,'9791026813873'),(3,73,'9791026813873'),(3,747,'9791026813873'),(3,679,'9791026813873'),(3,190,'9791026813873'),(3,721,'9791026813873'),(4,109,'9791026813873'),(4,285,'9791026813873'),(4,107,'9791026813873'),(3,553,'9791026824107'),(3,632,'9791026824107'),(3,746,'9791026824107'),(3,76,'9791026824107'),(3,227,'9791026824107'),(3,721,'9791026824107'),(3,568,'9791026824107'),(3,44,'9791026824107'),(3,747,'9791026824107'),(4,107,'9791026813781'),(3,190,'9791026824107'),(4,214,'9791026813781'),(4,343,'9791026813781'),(4,109,'9791026813781'),(3,405,'9791026824107'),(4,118,'9791026813781'),(3,113,'9791026824107'),(4,107,'9791026824107'),(4,745,'9791026824107'),(4,285,'9791026824107'),(4,200,'9791026824107'),(1,12,'9791026816034'),(1,19,'9791026816034'),(1,151,'9791026816034'),(2,602,'9791026816034'),(2,188,'9791026816034'),(2,37,'9791026816034'),(2,720,'9791026816034'),(4,602,'9791026816034'),(4,188,'9791026816034'),(4,37,'9791026816034'),(4,720,'9791026816034'),(4,632,'9791026816034'),(4,190,'9791026816034'),(1,35,'9782365779746'),(1,743,'9782365779746'),(1,610,'9782365779746'),(1,757,'9782365779746'),(1,35,'9782365776912'),(1,35,'9782365776455'),(1,743,'9782365776912'),(1,743,'9782365776455'),(1,610,'9782365776912'),(1,757,'9782365776912'),(1,610,'9782365776455'),(1,757,'9782365776455'),(1,35,'9782365776776'),(1,743,'9782365776776'),(1,610,'9782365776776'),(1,757,'9782365776776'),(2,758,'9782365779746'),(2,697,'9782365779746'),(2,536,'9782365779746'),(2,131,'9782365779746'),(2,503,'9782365779746'),(2,759,'9782365779746'),(2,760,'9782365779746'),(2,761,'9782365779746'),(2,740,'9782365779746'),(2,550,'9782365779746'),(2,758,'9782365776912'),(2,536,'9782365776912'),(2,131,'9782365776912'),(2,503,'9782365776912'),(2,763,'9782365776912'),(2,759,'9782365776912'),(2,611,'9782365776912'),(3,632,'9782365779746'),(2,698,'9782365776455'),(2,758,'9782365776455'),(2,697,'9782365776455'),(2,536,'9782365776455'),(2,610,'9782365776455'),(2,131,'9782365776455'),(2,358,'9782365776455'),(2,758,'9782365776776'),(2,697,'9782365776776'),(2,536,'9782365776776'),(2,131,'9782365776776'),(2,358,'9782365776776'),(2,357,'9782365776776'),(2,678,'9782365776776'),(2,762,'9782365776776'),(3,632,'9782365776912'),(4,206,'9782365779746'),(4,394,'9782365779746'),(4,121,'9782365779746'),(4,135,'9782365779746'),(4,149,'9782365779746'),(3,632,'9782365776455'),(3,632,'9782365776776'),(3,91,'9782365776776'),(4,206,'9782365776912'),(3,92,'9782365776776'),(4,394,'9782365776912'),(4,519,'9782365776912'),(4,121,'9782365776912'),(4,206,'9782365776776'),(4,119,'9782365776776'),(4,394,'9782365776776'),(4,519,'9782365776776'),(4,122,'9782365776776'),(4,206,'9782365776455'),(4,119,'9782365776455'),(4,404,'9782365776455'),(4,519,'9782365776455'),(4,638,'9782365776455'),(1,38,'9791026815846'),(1,38,'9791026813637'),(1,38,'9791026813347'),(1,38,'9791026813576'),(1,765,'9791026813576'),(1,38,'9791026811541'),(2,116,'9791026813637'),(2,687,'9791026813637'),(2,688,'9791026813637'),(2,116,'9791026815846'),(2,131,'9791026815846'),(2,688,'9791026815846'),(3,55,'9791026813637'),(3,55,'9791026815846'),(2,720,'9791026813347'),(2,592,'9791026813347'),(2,687,'9791026813347'),(4,688,'9791026815846'),(4,149,'9791026813637'),(4,124,'9791026815846'),(4,135,'9791026815846'),(4,687,'9791026813637'),(4,766,'9791026813637'),(4,688,'9791026813637'),(4,124,'9791026813637'),(2,36,'9791026811541'),(2,36,'9791026811541'),(2,51,'9791026813576'),(2,687,'9791026813576'),(2,688,'9791026813576'),(3,55,'9791026813347'),(3,217,'9791026813347'),(3,55,'9791026813576'),(3,55,'9791026811541'),(3,679,'9791026811541'),(1,14,'9782365778947'),(1,46,'9782365778947'),(1,47,'9782365778947'),(1,38,'9782365778947'),(1,782,'9782365778947'),(1,785,'9782365778947'),(1,783,'9782365778947'),(2,592,'9782365778947'),(2,181,'9782365778947'),(2,790,'9782365778947'),(2,51,'9782365778947'),(2,778,'9782365778947'),(2,535,'9782365778947'),(2,105,'9782365778947'),(2,34,'9782365778947'),(2,50,'9782365778947'),(2,733,'9782365778947'),(2,45,'9782365778947'),(2,791,'9782365778947'),(2,154,'9782365778947'),(2,792,'9782365778947'),(2,131,'9782365778947'),(3,750,'9782365778947'),(3,722,'9782365778947'),(3,788,'9782365778947'),(3,714,'9782365778947'),(3,749,'9782365778947'),(3,73,'9782365778947'),(3,74,'9782365778947'),(3,55,'9782365778947'),(4,135,'9782365778947'),(4,603,'9782365778947'),(4,125,'9782365778947'),(4,200,'9782365778947'),(4,156,'9782365778947'),(4,614,'9782365778947'),(15,14,'9782365778947'),(15,12,'9782365778947'),(1,14,'9782365778657'),(1,38,'9782365778657'),(1,782,'9782365778657'),(1,783,'9782365778657'),(1,46,'9782365778657'),(1,784,'9782365778657'),(1,785,'9782365778657'),(2,733,'9782365778657'),(2,535,'9782365778657'),(2,131,'9782365778657'),(2,786,'9782365778657'),(2,387,'9782365778657'),(2,45,'9782365778657'),(2,34,'9782365778657'),(2,50,'9782365778657'),(2,181,'9782365778657'),(2,51,'9782365778657'),(2,787,'9782365778657'),(2,105,'9782365778657'),(3,73,'9782365778657'),(3,749,'9782365778657'),(3,788,'9782365778657'),(3,789,'9782365778657'),(3,714,'9782365778657'),(3,722,'9782365778657'),(4,125,'9782365778657'),(4,603,'9782365778657'),(4,614,'9782365778657'),(4,135,'9782365778657'),(4,134,'9782365778657'),(4,200,'9782365778657'),(15,12,'9782365778657'),(15,14,'9782365778657'),(1,38,'9782365776561'),(1,768,'9782365776561'),(1,769,'9782365776561'),(1,14,'9782365776561'),(1,12,'9782365776202'),(1,14,'9782365776202'),(1,767,'9782365776202'),(1,768,'9782365776202'),(1,38,'9782365776202'),(1,12,'9782365776554'),(1,14,'9782365776554'),(1,767,'9782365776554'),(1,768,'9782365776554'),(1,38,'9782365776554'),(1,769,'9782365776554'),(1,12,'9782365778114'),(1,38,'9782365778114'),(1,768,'9782365778114'),(1,769,'9782365778114'),(1,14,'9782365778114'),(2,33,'9782365776554'),(2,16,'9782365776554'),(2,18,'9782365776554'),(2,770,'9782365776554'),(2,771,'9782365776554'),(2,772,'9782365776554'),(2,773,'9782365776554'),(2,85,'9782365776561'),(2,776,'9782365776561'),(2,777,'9782365776561'),(2,514,'9782365776561'),(2,16,'9782365776561'),(2,45,'9782365776561'),(2,181,'9782365776561'),(2,778,'9782365776561'),(2,779,'9782365776561'),(2,16,'9782365776202'),(2,33,'9782365776202'),(2,18,'9782365776202'),(2,793,'9782365776202'),(2,770,'9782365776202'),(2,570,'9782365776202'),(2,325,'9782365776202'),(2,794,'9782365776202'),(2,40,'9782365776202'),(2,42,'9782365776202'),(3,194,'9782365776561'),(3,781,'9782365776561'),(3,113,'9782365776561'),(3,217,'9782365776561'),(3,691,'9782365776561'),(3,91,'9782365776561'),(3,113,'9782365776554'),(3,90,'9782365776554'),(3,691,'9782365776554'),(3,773,'9782365776554'),(3,74,'9782365776554'),(3,781,'9782365776554'),(4,774,'9782365776554'),(4,774,'9782365776561'),(4,780,'9782365776561'),(4,200,'9782365776561'),(2,798,'9782365778114'),(2,799,'9782365778114'),(2,81,'9782365778114'),(2,97,'9782365778114'),(2,105,'9782365778114'),(2,790,'9782365778114'),(2,575,'9782365778114'),(2,800,'9782365778114'),(2,801,'9782365778114'),(2,802,'9782365778114'),(2,51,'9782365778114'),(2,786,'9782365778114'),(2,773,'9782365778114'),(2,181,'9782365778114'),(2,45,'9782365778114'),(2,200,'9782365778114'),(2,590,'9782365778114'),(2,593,'9782365778114'),(2,144,'9782365778114'),(2,42,'9782365778114'),(2,38,'9782365778114'),(2,768,'9782365778114'),(2,33,'9782365778114'),(3,113,'9782365776202'),(3,74,'9782365776202'),(3,781,'9782365776202'),(3,630,'9782365776202'),(3,73,'9782365776202'),(3,91,'9782365776202'),(3,141,'9782365776202'),(3,44,'9782365776202'),(15,12,'9782365776561'),(15,14,'9782365776561'),(4,774,'9782365776202'),(15,12,'9782365776202'),(15,14,'9782365776202'),(3,74,'9782365778114'),(3,803,'9782365778114'),(3,77,'9782365778114'),(3,722,'9782365778114'),(3,194,'9782365778114'),(3,469,'9782365778114'),(3,286,'9782365778114'),(3,773,'9782365778114'),(3,217,'9782365778114'),(3,405,'9782365778114'),(3,714,'9782365778114'),(3,788,'9782365778114'),(4,804,'9782365778114'),(4,121,'9782365778114'),(4,774,'9782365778114'),(15,12,'9782365778114'),(15,14,'9782365778114'),(1,783,'9782365778572'),(2,795,'9782365778572'),(1,783,'9782365777742'),(3,77,'9782365778572'),(2,797,'9782365777742'),(4,796,'9782365778572'),(3,77,'9782365777742'),(1,14,'9791026819332'),(1,556,'9791026819332'),(1,151,'9791026819332'),(1,573,'9791026819332'),(2,188,'9791026819332'),(2,570,'9791026819332'),(2,40,'9791026819332'),(2,154,'9791026819332'),(2,574,'9791026819332'),(2,575,'9791026819332'),(2,563,'9791026819332'),(2,576,'9791026819332'),(3,73,'9791026819332'),(3,179,'9791026819332'),(3,304,'9791026819332'),(3,96,'9791026819332'),(3,329,'9791026819332'),(3,576,'9791026819332'),(4,109,'9791026819332'),(1,14,'9791026811428'),(2,225,'9791026811428'),(2,45,'9791026811428'),(2,756,'9791026811428'),(3,150,'9791026811428'),(3,113,'9791026811428'),(4,209,'9791026811428'),(4,200,'9791026811428'),(1,14,'9791026821953'),(1,573,'9791026821953'),(2,570,'9791026821953'),(2,154,'9791026821953'),(2,220,'9791026821953'),(2,45,'9791026821953'),(2,51,'9791026821953'),(2,585,'9791026821953'),(2,586,'9791026821953'),(2,201,'9791026821953'),(2,576,'9791026821953'),(3,73,'9791026821953'),(3,362,'9791026821953'),(3,194,'9791026821953'),(3,576,'9791026821953'),(4,109,'9791026821953'),(1,14,'9791026822042'),(2,756,'9791026822042'),(2,45,'9791026822042'),(2,121,'9791026822042'),(2,225,'9791026822042'),(2,593,'9791026822042'),(2,756,'9791026822042'),(2,559,'9791026822042'),(2,764,'9791026822042'),(3,559,'9791026822042'),(3,113,'9791026822042'),(3,328,'9791026822042'),(3,150,'9791026822042'),(4,200,'9791026822042'),(4,21,'9791026822042'),(4,209,'9791026822042'),(1,14,'9791026823636'),(2,476,'9791026823636'),(9,509,'9791026823636'),(18,508,'9791026823636'),(1,297,'9782413041870'),(1,298,'9782413041870'),(2,299,'9782413041870'),(1,165,'9791026821557'),(2,342,'9791026821557'),(4,342,'9791026821557'),(3,91,'9791026821694'),(3,334,'9791026821694'),(3,335,'9791026821694'),(7,15,'9791026821694'),(7,334,'9791026821694'),(7,335,'9791026821694'),(7,336,'9791026821694'),(1,258,'9782365779234'),(2,385,'9782365779234'),(2,260,'9782365779234'),(2,389,'9782365779234'),(2,272,'9782365779234'),(4,386,'9782365779234'),(4,304,'9782365779234'),(4,381,'9782365779234'),(4,390,'9782365779234'),(1,14,'9791026825395'),(1,548,'9791026825395'),(2,570,'9791026825395'),(2,335,'9791026825395'),(8,568,'9791026825395'),(8,335,'9791026825395'),(9,491,'9791026825395'),(9,808,'9791026816935'),(11,312,'9791026816935'),(1,368,'9791026816935'),(1,809,'9791026816935'),(1,810,'9791026816935'),(1,524,'9791026816935'),(2,193,'9791026816935'),(2,374,'9791026816935'),(2,811,'9791026816935'),(2,138,'9791026816935'),(2,812,'9791026816935'),(2,813,'9791026816935'),(8,54,'9791026816935'),(8,814,'9791026816935'),(1,676,'9791026819707'),(2,668,'9791026819707'),(2,140,'9791026819707'),(2,817,'9791026819707'),(4,668,'9791026819707'),(4,600,'9791026819707'),(4,121,'9791026819707'),(3,150,'9791026819707'),(9,459,'9791026819707'),(1,665,'9791026817284'),(2,815,'9791026817284'),(3,816,'9791026817284'),(1,805,'9782505071389'),(1,805,'9782505071211'),(2,805,'9782505071389'),(2,805,'9782505071211'),(1,818,'9791026820673'),(2,762,'9791026820673'),(3,179,'9791026820673'),(9,486,'9791026820673'),(1,492,'9782809489248'),(1,492,'9782809494020'),(2,821,'9782809494020'),(2,823,'9782809489248'),(2,673,'9782809489248'),(2,825,'9782809494020'),(3,826,'9782809494020'),(3,824,'9782809489248'),(3,179,'9782809489248'),(4,821,'9782809494020'),(4,825,'9782809494020'),(1,492,'9782809487381'),(9,822,'9782809494020'),(4,607,'9782809489248'),(4,673,'9782809489248'),(9,822,'9782809489248'),(2,821,'9782809487381'),(10,294,'9782809489248'),(10,294,'9782809494020'),(3,142,'9782809487381'),(9,822,'9782809487381'),(10,294,'9782809487381'),(1,14,'9791026829744'),(1,14,'9791026828563'),(1,14,'9791026816546'),(2,806,'9791026816546'),(2,806,'9791026828563'),(2,806,'9791026829744'),(3,807,'9791026828563'),(3,807,'9791026816546'),(3,807,'9791026829744'),(9,509,'9791026828563'),(9,509,'9791026816546'),(9,509,'9791026829744'),(1,253,'9782809477153'),(2,574,'9782809477153'),(8,141,'9782809477153'),(9,459,'9782809477153'),(10,498,'9782809477153'),(10,461,'9782809477153'),(1,488,'9782365771788'),(2,484,'9782365771788'),(8,721,'9782365771788'),(8,141,'9782365771788'),(1,271,'9782809483505'),(2,146,'9782809483505'),(2,819,'9782809483505'),(2,820,'9782809483505'),(3,72,'9782809483505'),(4,477,'9782809483505'),(4,819,'9782809483505'),(4,157,'9782809483505'),(4,479,'9782809483505'),(4,820,'9782809483505'),(9,459,'9782809483505'),(10,480,'9782809483505'),(1,271,'9782809487664'),(2,146,'9782809487664'),(3,72,'9782809487664'),(3,827,'9782809487664'),(4,614,'9782809487664'),(4,477,'9782809487664'),(4,157,'9782809487664'),(9,459,'9782809487664'),(10,480,'9782809487664'),(1,12,'9791026818786'),(1,14,'9791026818786'),(2,20,'9791026818786'),(2,669,'9791026818786'),(3,362,'9791026818786'),(3,141,'9791026818786'),(4,20,'9791026818786'),(4,669,'9791026818786'),(1,731,'9791026817857'),(2,731,'9791026817857'),(3,735,'9791026817857'),(1,11,'9782809465204'),(2,11,'9782809465204'),(9,499,'9782809465204'),(10,500,'9782809465204'),(1,271,'9782809491722'),(2,840,'9782809491722'),(2,146,'9782809491722'),(2,841,'9782809491722'),(4,477,'9782809491722'),(4,840,'9782809491722'),(4,157,'9782809491722'),(4,614,'9782809491722'),(4,842,'9782809491722'),(4,841,'9782809491722'),(3,72,'9782809491722'),(3,843,'9782809491722'),(9,459,'9782809491722'),(10,844,'9782809491722'),(1,492,'9782809498257'),(2,673,'9782809498257'),(2,821,'9782809498257'),(3,826,'9782809498257'),(3,837,'9782809498257'),(4,673,'9782809498257'),(4,821,'9782809498257'),(9,822,'9782809498257'),(10,294,'9782809498257'),(1,271,'9782809495256'),(2,146,'9782809495256'),(2,845,'9782809495256'),(2,331,'9782809495256'),(4,477,'9782809495256'),(4,157,'9782809495256'),(4,614,'9782809495256'),(4,728,'9782809495256'),(4,845,'9782809495256'),(4,331,'9782809495256'),(4,638,'9782809495256'),(3,72,'9782809495256'),(3,843,'9782809495256'),(9,459,'9782809495256'),(10,844,'9782809495256'),(1,492,'9791039104838'),(2,821,'9791039104838'),(2,825,'9791039104838'),(2,855,'9791039104838'),(2,856,'9791039104838'),(2,857,'9791039104838'),(3,837,'9791039104838'),(3,862,'9791039104838'),(3,827,'9791039104838'),(4,821,'9791039104838'),(4,859,'9791039104838'),(4,860,'9791039104838'),(4,478,'9791039104838'),(9,822,'9791039104838'),(10,294,'9791039104838'),(1,6,'9782413002284'),(2,3,'9782413002284'),(3,5,'9782413002284'),(1,6,'9782413007937'),(2,3,'9782413007937'),(3,5,'9782413007937'),(1,6,'9782413010739'),(2,3,'9782413010739'),(3,5,'9782413010739'),(1,6,'9782413019336'),(2,3,'9782413019336'),(3,5,'9782413019336'),(1,6,'9782413040620'),(2,3,'9782413040620'),(3,5,'9782413040620'),(11,4,'9782413040620'),(12,300,'9782413040620'),(1,6,'9782413016731'),(2,3,'9782413016731'),(3,5,'9782413016731'),(1,6,'9782413019343'),(1,545,'9782413019343'),(1,4,'9782413019343'),(1,546,'9782413019343'),(2,3,'9782413019343'),(3,5,'9782413019343'),(1,270,'9782809479478'),(2,574,'9782809479478'),(4,865,'9782809479478'),(4,866,'9782809479478'),(4,121,'9782809479478'),(4,494,'9782809479478'),(8,72,'9782809479478'),(9,822,'9782809479478'),(10,462,'9782809479478'),(8,867,'9782365772723'),(8,868,'9782365772723'),(8,337,'9782365772723'),(1,312,'9782365772723'),(9,808,'9782365772723'),(2,29,'9782365772723'),(2,869,'9782365772723'),(2,230,'9782365772723'),(2,870,'9782365772723'),(2,338,'9782365772723'),(2,313,'9782365772723'),(2,680,'9782365772723'),(2,871,'9782365772723'),(2,380,'9782365772723'),(2,24,'9791039107358'),(1,270,'9791039107358'),(9,497,'9791039107358'),(10,467,'9791039107358'),(10,872,'9791039107358'),(8,304,'9791039107358'),(8,469,'9791039107358'),(8,141,'9791039107358'),(1,492,'9791039110501'),(1,873,'9791039110501'),(1,22,'9791039110501'),(1,874,'9791039110501'),(8,862,'9791039110501'),(8,286,'9791039110501'),(8,875,'9791039110501'),(8,876,'9791039110501'),(8,877,'9791039110501'),(8,878,'9791039110501'),(8,879,'9791039110501'),(2,821,'9791039110501'),(2,880,'9791039110501'),(2,856,'9791039110501'),(2,881,'9791039110501'),(2,878,'9791039110501'),(9,822,'9791039110501'),(10,305,'9791039110501'),(4,882,'9791039110501'),(4,121,'9791039110501'),(4,643,'9791039110501'),(4,883,'9791039110501'),(4,884,'9791039110501'),(2,855,'9791039110488'),(2,821,'9791039110488'),(2,885,'9791039110488'),(2,856,'9791039110488'),(2,825,'9791039110488'),(1,492,'9791039110488'),(8,862,'9791039110488'),(8,886,'9791039110488'),(4,887,'9791039110488'),(4,885,'9791039110488'),(4,821,'9791039110488'),(4,825,'9791039110488'),(4,638,'9791039110488'),(4,121,'9791039110488'),(4,884,'9791039110488'),(9,822,'9791039110488'),(10,462,'9791039110488'),(2,476,'9791026823926'),(1,14,'9791026823926'),(18,508,'9791026823926'),(9,509,'9791026823926'),(2,3,'9782413043072'),(11,4,'9782413043072'),(1,6,'9782413043072'),(1,545,'9782413043072'),(1,4,'9782413043072'),(1,546,'9782413043072'),(3,5,'9782413043072'),(2,20,'9791026826958'),(1,20,'9791026826958'),(9,491,'9791026826958'),(1,14,'9791026826194'),(1,888,'9791026826194'),(2,889,'9791026826194'),(3,807,'9791026826194'),(2,806,'9791026829317'),(1,14,'9791026829317'),(3,807,'9791026829317'),(1,307,'9782378872540'),(1,308,'9782378872540'),(3,309,'9782378872540'),(2,308,'9782378872090'),(1,307,'9782378872090'),(9,509,'9782378872090'),(1,890,'9791039106757'),(2,104,'9791039106757'),(2,891,'9791039106757'),(2,892,'9791039106757'),(4,109,'9791039106757'),(4,893,'9791039106757'),(4,859,'9791039106757'),(4,894,'9791039106757'),(4,891,'9791039106757'),(4,892,'9791039106757'),(3,496,'9791039106757'),(3,750,'9791039106757'),(9,497,'9791039106757'),(10,895,'9791039106757'),(1,743,'9791039109000'),(2,352,'9791039109000'),(2,896,'9791039109000'),(2,335,'9791039109000'),(2,576,'9791039109000'),(3,179,'9791039109000'),(3,897,'9791039109000'),(3,335,'9791039109000'),(3,576,'9791039109000'),(9,463,'9791039109000'),(9,464,'9791039109000'),(10,895,'9791039109000'),(1,253,'9782809478099'),(2,896,'9782809478099'),(2,898,'9782809478099'),(2,316,'9782809478099'),(2,899,'9782809478099'),(2,321,'9782809478099'),(2,900,'9782809478099'),(4,896,'9782809478099'),(4,898,'9782809478099'),(4,316,'9782809478099'),(4,899,'9782809478099'),(4,321,'9782809478099'),(4,900,'9782809478099'),(4,901,'9782809478099'),(4,637,'9782809478099'),(3,114,'9782809478099'),(3,902,'9782809478099'),(10,844,'9782809478099'),(2,903,'9791039105422'),(2,904,'9791039105422'),(2,342,'9791039105422'),(2,905,'9791039105422'),(1,253,'9791039105422'),(3,906,'9791039105422'),(9,907,'9791039105422'),(10,844,'9791039105422'),(2,339,'9791039109215'),(1,253,'9791039109215'),(3,142,'9791039109215'),(3,908,'9791039109215'),(2,881,'9791039111393'),(2,909,'9791039111393'),(2,821,'9791039111393'),(2,856,'9791039111393'),(2,880,'9791039111393'),(2,910,'9791039111393'),(2,911,'9791039111393'),(1,492,'9791039111393'),(1,46,'9791039111393'),(1,47,'9791039111393'),(1,873,'9791039111393'),(1,912,'9791039111393'),(1,913,'9791039111393'),(3,879,'9791039111393'),(3,914,'9791039111393'),(3,862,'9791039111393'),(3,875,'9791039111393'),(3,877,'9791039111393'),(3,876,'9791039111393'),(3,286,'9791039111393'),(3,915,'9791039111393'),(3,77,'9791039111393'),(9,822,'9791039111393'),(10,462,'9791039111393'),(2,855,'9791039107761'),(2,821,'9791039107761'),(1,492,'9791039107761'),(4,887,'9791039107761'),(4,821,'9791039107761'),(3,862,'9791039107761'),(9,822,'9791039107761'),(10,294,'9791039107761'),(1,271,'9782809497915'),(2,146,'9782809497915'),(2,346,'9782809497915'),(2,916,'9782809497915'),(2,917,'9782809497915'),(2,855,'9782809497915'),(4,477,'9782809497915'),(4,157,'9782809497915'),(4,638,'9782809497915'),(4,918,'9782809497915'),(4,614,'9782809497915'),(4,134,'9782809497915'),(4,465,'9782809497915'),(3,72,'9782809497915'),(3,346,'9782809497915'),(3,897,'9782809497915'),(9,459,'9782809497915'),(10,844,'9782809497915'),(1,1,'9782756041704'),(2,1,'9782756041704'),(1,1,'9782756071923'),(2,1,'9782756071923'),(1,1,'9782413001560'),(2,1,'9782413001560'),(1,1,'9782413009214'),(2,1,'9782413009214'),(1,1,'9782413022695'),(2,1,'9782413022695'),(2,244,'9782302015890'),(1,7,'9782302015890'),(3,919,'9782302015890'),(2,244,'9782845656864'),(3,919,'9782845656864'),(1,7,'9782845656864'),(1,7,'9782302092037'),(2,247,'9782302092037'),(3,920,'9782302092037'),(1,921,'9782302011281'),(8,922,'9782302011281'),(8,923,'9782302011281'),(2,922,'9782302011281'),(2,922,'9782302006256'),(3,924,'9782302006256'),(1,921,'9782302006256'),(19,782,'9791026812821'),(19,39,'9791026812821'),(19,38,'9791026812821'),(19,14,'9791026812821'),(2,37,'9791026812821'),(2,925,'9791026812821'),(2,34,'9791026812821'),(1,782,'9791026812821'),(3,584,'9791026812821'),(3,55,'9791026812821'),(3,722,'9791026812821'),(1,676,'9791026819271'),(2,80,'9791026819271'),(2,926,'9791026819271'),(2,387,'9791026819271'),(2,927,'9791026819271'),(3,632,'9791026819271'),(3,788,'9791026819271'),(3,194,'9791026819271'),(3,928,'9791026819271'),(9,929,'9791026819271'),(1,183,'9791026818991'),(2,930,'9791026818991'),(2,31,'9791026818991'),(4,930,'9791026818991'),(4,31,'9791026818991'),(3,405,'9791026818991'),(3,735,'9791026818991'),(9,464,'9791026818991'),(2,374,'9791026825647'),(1,931,'9791026825647'),(3,932,'9791026825647'),(4,374,'9791026825647'),(4,933,'9791026825647'),(2,934,'9782413046424'),(1,935,'9782413046424'),(1,934,'9782413046424'),(9,936,'9782413046424'),(1,264,'9791026821977'),(2,356,'9791026821977'),(4,356,'9791026821977'),(4,745,'9791026821977'),(3,76,'9791026821977'),(1,39,'9791026820178'),(2,177,'9791026820178'),(2,937,'9791026820178'),(9,491,'9791026820178'),(3,177,'9791026820178'),(3,937,'9791026820178'),(1,39,'9791026826644'),(2,193,'9791026826644'),(9,491,'9791026826644'),(3,938,'9791026826644'),(1,39,'9791026821045'),(2,673,'9791026821045'),(9,939,'9791026821045'),(4,673,'9791026821045'),(3,141,'9791026821045'),(2,940,'9782818993965'),(3,269,'9782818993965'),(1,267,'9782818993965'),(2,247,'9782849466414'),(1,7,'9782849466414'),(3,10,'9782849466414'),(20,919,'9782849466414'),(2,247,'9782849463185'),(3,10,'9782849463185'),(1,7,'9782849463185'),(20,919,'9782849463185'),(2,247,'9782845659001'),(3,10,'9782845659001'),(1,7,'9782845659001'),(20,9,'9782845659001'),(2,247,'9782845656833'),(3,10,'9782845656833'),(1,7,'9782845656833'),(2,247,'9782845654051'),(3,10,'9782845654051'),(1,7,'9782845654051'),(2,8,'9782845654082'),(3,920,'9782845654082'),(1,239,'9782845654082'),(2,247,'9782877643061'),(3,941,'9782877643061'),(1,7,'9782877643061'),(1,262,'9791026821373'),(2,263,'9791026821373'),(3,263,'9791026821373'),(2,247,'9782877642576'),(3,941,'9782877642576'),(1,7,'9782877642576'),(1,7,'9782302015937'),(16,247,'9782302015937'),(8,941,'9782302015937'),(1,7,'9782302015944'),(16,247,'9782302015944'),(8,941,'9782302015944'),(1,7,'9782302015968'),(16,247,'9782302015968'),(8,10,'9782302015968'),(2,942,'9791026823032'),(1,183,'9791026823032'),(3,942,'9791026823032'),(2,668,'9791026824718'),(2,50,'9791026824718'),(2,943,'9791026824718'),(2,944,'9791026824718'),(2,51,'9791026824718'),(3,150,'9791026824718'),(3,749,'9791026824718'),(3,74,'9791026824718'),(3,945,'9791026824718'),(1,676,'9791026824718'),(1,946,'9791026824718'),(4,668,'9791026824718'),(4,505,'9791026824718'),(4,943,'9791026824718'),(4,200,'9791026824718'),(4,944,'9791026824718'),(2,943,'9791026824749'),(2,668,'9791026824749'),(2,947,'9791026824749'),(3,632,'9791026824749'),(3,879,'9791026824749'),(3,150,'9791026824749'),(3,948,'9791026824749'),(1,676,'9791026824749'),(4,943,'9791026824749'),(4,200,'9791026824749'),(4,668,'9791026824749'),(4,505,'9791026824749'),(4,121,'9791026824749'),(4,947,'9791026824749'),(1,949,'9791033512547'),(2,949,'9791033512547'),(3,949,'9791033512547'),(3,950,'9791033512547'),(1,949,'9791033509721'),(2,949,'9791033509721'),(3,950,'9791033509721'),(3,949,'9791033509721'),(2,259,'9782809460490'),(2,31,'9782809460490'),(2,402,'9782809460490'),(2,274,'9782809460490'),(3,273,'9782809460490'),(1,258,'9782809460490'),(4,31,'9782809460490'),(4,274,'9782809460490'),(9,276,'9782809460490'),(10,277,'9782809460490'),(2,259,'9782809463880'),(2,274,'9782809463880'),(2,31,'9782809463880'),(2,274,'9782809463880'),(3,273,'9782809463880'),(1,258,'9782809463880'),(4,31,'9782809463880'),(4,274,'9782809463880'),(9,276,'9782809463880'),(10,277,'9782809463880'),(2,930,'9791026822097'),(3,735,'9791026822097'),(1,183,'9791026822097'),(4,930,'9791026822097'),(9,464,'9791026822097'),(2,11,'9782809480078'),(1,11,'9782809480078'),(9,951,'9782809480078'),(10,500,'9782809480078'),(1,11,'9782809494228'),(9,951,'9782809494228'),(10,500,'9782809494228'),(2,11,'9782809494228'),(2,952,'9791026822608'),(3,953,'9791026822608'),(1,954,'9791026822608'),(4,952,'9791026822608'),(9,543,'9791026822608'),(2,952,'9791026822196'),(3,953,'9791026822196'),(1,954,'9791026822196'),(4,952,'9791026822196'),(9,543,'9791026822196'),(2,3,'9782413043065'),(3,5,'9782413043065'),(1,6,'9782413043065'),(1,545,'9782413043065'),(1,546,'9782413043065'),(1,4,'9782413043065'),(11,4,'9782413043065'),(1,955,'9782205054255'),(2,955,'9782205054255'),(3,956,'9782205054255'),(2,881,'9791039111584'),(2,880,'9791039111584'),(2,856,'9791039111584'),(2,821,'9791039111584'),(2,878,'9791039111584'),(2,957,'9791039111584'),(2,958,'9791039111584'),(3,878,'9791039111584'),(3,879,'9791039111584'),(3,286,'9791039111584'),(3,876,'9791039111584'),(3,875,'9791039111584'),(3,862,'9791039111584'),(3,959,'9791039111584'),(3,824,'9791039111584'),(3,960,'9791039111584'),(4,882,'9791039111584'),(1,492,'9791039111584'),(1,874,'9791039111584'),(1,873,'9791039111584'),(1,22,'9791039111584'),(1,961,'9791039111584'),(1,962,'9791039111584'),(10,462,'9791039111584'),(9,822,'9791039111584'),(2,139,'9791026824251'),(1,137,'9791026824251'),(3,142,'9791026824251'),(3,54,'9791026824251'),(3,568,'9791026824251'),(3,714,'9791026824251'),(1,271,'9791039100908'),(2,146,'9791039100908'),(4,477,'9791039100908'),(4,157,'9791039100908'),(3,72,'9791039100908'),(3,286,'9791039100908'),(9,459,'9791039100908'),(10,480,'9791039100908'),(2,963,'9782413044574'),(3,963,'9782413044574'),(1,964,'9782413044574'),(2,188,'9791026822110'),(2,139,'9791026822110'),(2,349,'9791026822110'),(2,965,'9791026822110'),(2,966,'9791026822110'),(3,73,'9791026822110'),(3,55,'9791026822110'),(3,77,'9791026822110'),(3,967,'9791026822110'),(3,150,'9791026822110'),(1,14,'9791026822110'),(1,676,'9791026822110'),(1,785,'9791026822110'),(9,459,'9791026822110'),(9,491,'9791026822110'),(4,188,'9791026822110'),(4,139,'9791026822110'),(4,349,'9791026822110'),(4,965,'9791026822110'),(4,966,'9791026822110'),(2,222,'9791026821236'),(2,335,'9791026821236'),(3,568,'9791026821236'),(3,194,'9791026821236'),(3,335,'9791026821236'),(1,14,'9791026821236'),(1,548,'9791026821236'),(4,335,'9791026821236'),(4,638,'9791026821236'),(4,882,'9791026821236'),(4,887,'9791026821236'),(2,664,'9782809496406'),(2,160,'9782809496406'),(2,493,'9782809496406'),(2,375,'9782809496406'),(2,968,'9782809496406'),(3,304,'9782809496406'),(9,497,'9782809496406'),(9,969,'9782809496406'),(10,305,'9782809496406'),(10,970,'9782809496406'),(2,570,'9791026821922'),(2,885,'9791026821922'),(2,335,'9791026821922'),(3,568,'9791026821922'),(3,194,'9791026821922'),(3,335,'9791026821922'),(9,491,'9791026821922'),(1,14,'9791026821922'),(1,548,'9791026821922'),(4,570,'9791026821922'),(4,885,'9791026821922'),(4,335,'9791026821922'),(2,952,'9791026812890'),(1,954,'9791026812890'),(3,953,'9791026812890'),(9,543,'9791026812890'),(2,806,'9791026823872'),(3,807,'9791026823872'),(1,14,'9791026823872'),(2,971,'9791026824213'),(2,972,'9791026824213'),(2,973,'9791026824213'),(2,974,'9791026824213'),(2,975,'9791026824213'),(2,673,'9791026824213'),(3,304,'9791026824213'),(3,976,'9791026824213'),(3,179,'9791026824213'),(1,14,'9791026824213'),(9,509,'9791026824213'),(2,952,'9791026822165'),(3,953,'9791026822165'),(1,954,'9791026822165'),(9,543,'9791026822165'),(2,24,'9791039107617'),(3,141,'9791039107617'),(1,270,'9791039107617'),(9,497,'9791039107617'),(10,872,'9791039107617'),(10,294,'9791039107617');
/*!40000 ALTER TABLE `contract_artists` ENABLE KEYS */;
UNLOCK TABLES;

--
-- Table structure for table `editor`
--

DROP TABLE IF EXISTS `editor`;
/*!40101 SET @saved_cs_client     = @@character_set_client */;
/*!40101 SET character_set_client = utf8 */;
CREATE TABLE `editor` (
  `id` bigint NOT NULL AUTO_INCREMENT,
  `name` varchar(255) DEFAULT NULL,
  PRIMARY KEY (`id`),
  UNIQUE KEY `UC_EDITORNAME_COL` (`name`)
) ENGINE=InnoDB AUTO_INCREMENT=20 DEFAULT CHARSET=utf8mb4 COLLATE=utf8mb4_0900_ai_ci;
/*!40101 SET character_set_client = @saved_cs_client */;

--
-- Dumping data for table `editor`
--

LOCK TABLES `editor` WRITE;
/*!40000 ALTER TABLE `editor` DISABLE KEYS */;
INSERT INTO `editor` VALUES (19,'Ankama'),(16,'Bragelonne'),(14,'Casterman'),(8,'Clair de lune'),(5,'Dargaud'),(18,'Dargaud Bénélux'),(1,'Delcourt'),(7,'Glénat'),(10,'Grand Angle'),(11,'Guy Delcourt Productions'),(12,'Hi Comics'),(13,'les Deux royaumes'),(3,'Panini comics'),(15,'Panini France'),(9,'Snorgleux comics'),(2,'Soleil'),(6,'Urban'),(4,'Urban comics'),(17,'Urban indies');
/*!40000 ALTER TABLE `editor` ENABLE KEYS */;
UNLOCK TABLES;

--
-- Table structure for table `loan`
--

DROP TABLE IF EXISTS `loan`;
/*!40101 SET @saved_cs_client     = @@character_set_client */;
/*!40101 SET character_set_client = utf8 */;
CREATE TABLE `loan` (
  `id` bigint NOT NULL AUTO_INCREMENT,
  `borrow_date` datetime NOT NULL,
  `return_date` datetime DEFAULT NULL,
  `book_isbn` varchar(13) DEFAULT NULL,
  `borrower_id` bigint DEFAULT NULL,
  PRIMARY KEY (`id`),
  KEY `FKmqvl07d9oiopviqb7lx2jqnw7` (`borrower_id`),
  KEY `FK972ia7yp702345o228ul5mmjw` (`book_isbn`),
  CONSTRAINT `FK972ia7yp702345o228ul5mmjw` FOREIGN KEY (`book_isbn`) REFERENCES `book` (`isbn`),
  CONSTRAINT `FKmqvl07d9oiopviqb7lx2jqnw7` FOREIGN KEY (`borrower_id`) REFERENCES `borrower` (`id`)
) ENGINE=InnoDB AUTO_INCREMENT=10 DEFAULT CHARSET=utf8mb4 COLLATE=utf8mb4_0900_ai_ci;
/*!40101 SET character_set_client = @saved_cs_client */;

--
-- Dumping data for table `loan`
--

LOCK TABLES `loan` WRITE;
/*!40000 ALTER TABLE `loan` DISABLE KEYS */;
INSERT INTO `loan` VALUES (7,'2022-04-03 17:04:43',NULL,'9791028111571',2),(8,'2022-04-03 17:04:51',NULL,'9791028103477',2),(9,'2022-12-08 00:00:00',NULL,'9791026823032',3);
/*!40000 ALTER TABLE `loan` ENABLE KEYS */;
UNLOCK TABLES;

--
-- Table structure for table `role`
--

DROP TABLE IF EXISTS `role`;
/*!40101 SET @saved_cs_client     = @@character_set_client */;
/*!40101 SET character_set_client = utf8 */;
CREATE TABLE `role` (
  `id` bigint NOT NULL AUTO_INCREMENT,
  `name` varchar(255) DEFAULT NULL,
  PRIMARY KEY (`id`),
  UNIQUE KEY `UC_ROLENAME_COL` (`name`)
) ENGINE=InnoDB AUTO_INCREMENT=21 DEFAULT CHARSET=utf8mb4 COLLATE=utf8mb4_0900_ai_ci;
/*!40101 SET character_set_client = @saved_cs_client */;

--
-- Dumping data for table `role`
--

LOCK TABLES `role` WRITE;
/*!40000 ALTER TABLE `role` DISABLE KEYS */;
INSERT INTO `role` VALUES (17,'Auteur'),(3,'Couleur'),(8,'couleurs'),(5,'Découpage'),(2,'Dessin'),(7,'Dessin & Encrage'),(14,'Dessin & Peinture'),(16,'dessins'),(12,'Direction Artistique'),(20,'Effets speciaux'),(4,'Encrage'),(18,'Graphisme'),(15,'Histoire'),(11,'Idée Original'),(19,'Intrigue'),(10,'Lettrage'),(1,'Scénario'),(13,'Script'),(6,'Story-Board'),(9,'Traduction');
/*!40000 ALTER TABLE `role` ENABLE KEYS */;
UNLOCK TABLES;

--
-- Table structure for table `series`
--

DROP TABLE IF EXISTS `series`;
/*!40101 SET @saved_cs_client     = @@character_set_client */;
/*!40101 SET character_set_client = utf8 */;
CREATE TABLE `series` (
  `id` bigint NOT NULL AUTO_INCREMENT,
  `display_name` varchar(255) DEFAULT NULL,
  `name` varchar(255) DEFAULT NULL,
  `editor_id` bigint DEFAULT NULL,
  `last_read_book_date` datetime DEFAULT NULL,
  `book_type_id` bigint DEFAULT NULL,
  `one_shot` bit(1) NOT NULL,
  PRIMARY KEY (`id`),
  KEY `FKahwkcptd7y39jl3qaf278ejr9` (`editor_id`),
  KEY `FKa808bmokjtth7w04yuxb5afjr` (`book_type_id`),
  CONSTRAINT `FKa808bmokjtth7w04yuxb5afjr` FOREIGN KEY (`book_type_id`) REFERENCES `book_type` (`id`),
  CONSTRAINT `FKahwkcptd7y39jl3qaf278ejr9` FOREIGN KEY (`editor_id`) REFERENCES `editor` (`id`)
) ENGINE=InnoDB AUTO_INCREMENT=181 DEFAULT CHARSET=utf8mb4 COLLATE=utf8mb4_0900_ai_ci;
/*!40101 SET character_set_client = @saved_cs_client */;

--
-- Dumping data for table `series`
--

LOCK TABLES `series` WRITE;
/*!40000 ALTER TABLE `series` DISABLE KEYS */;
INSERT INTO `series` VALUES (1,'Solo','Solo',1,'2022-10-28 20:41:30',1,'\0'),(3,'Solo chemins tracés','Solo chemins tracés',1,'2022-01-31 21:39:46',1,'\0'),(4,'Les 5 terres','Les 5 terres, cycle 1, Angleon',1,'2022-12-04 15:40:45',1,'\0'),(5,'Les naufragés d\'Ythaq','Les naufragés d\'Ythaq',2,'2021-02-12 07:39:57',1,'\0'),(6,'Sunstone','Sunstone',3,'2022-04-09 16:51:04',3,'\0'),(7,'Batman','Batman',4,'2021-02-12 08:05:55',3,'\0'),(8,'Grayson','Grayson',4,'2021-02-12 08:14:20',3,'\0'),(9,'Harley Quinn','Harley Quinn',4,'2021-02-12 12:03:39',3,'\0'),(10,'Wonder Woman, déesse de la guerre','Wonder Woman, déesse de la guerre',4,'2021-02-12 12:02:25',3,'\0'),(11,'Aquaman rebirth','Aquaman rebirth',4,'2021-02-12 12:24:06',3,'\0'),(14,'Deathstroke','Deathstroke',4,'2021-02-12 12:40:20',3,'\0'),(15,'Green Arrow rebirth','Green Arrow rebirth',4,'2021-02-12 12:48:43',3,'\0'),(16,'Old lady Harley','Old lady Harley',4,'2021-02-12 12:51:08',3,''),(18,'Selina Kyle, Catwoman','Selina Kyle, Catwoman',4,'2022-02-01 23:45:55',3,'\0'),(19,'Super sons','Super sons',4,'2021-02-12 13:08:38',3,'\0'),(20,'Wonder Woman rebirth','Wonder Woman rebirth',4,'2021-02-12 13:39:58',3,'\0'),(21,'Suicide Squad Rebirth','Suicide Squad',4,'2022-10-28 20:11:12',3,'\0'),(22,'Promethea','Promethea',4,'2022-01-30 13:40:34',3,'\0'),(23,'Blacksad','Blacksad',5,'2021-12-30 00:14:44',1,'\0'),(24,'American vampire','American vampire',4,'2022-03-27 22:35:38',3,'\0'),(25,'Le dernier des dieux','Le dernier des dieux',6,'2021-05-19 21:23:17',3,'\0'),(26,'Il faut flinguer Ramirez','Il faut flinguer Ramirez',7,'2021-12-29 15:38:13',1,'\0'),(27,'Slhoka','Slhoka',2,'2022-10-28 00:00:00',1,'\0'),(29,'Les conquérants de Troy','Les conquérants de Troy',2,'2022-10-28 00:00:00',1,'\0'),(30,'Légendes de Troy - Nuit Safran','Légendes de Troy - Nuit Safran',2,'2021-05-19 19:50:57',1,'\0'),(31,'Lanfeust odyssey','Lanfeust odyssey',2,'2021-05-19 20:06:36',1,'\0'),(32,'Cixi de Troy','Cixi de Troy',2,'2021-05-19 20:10:49',1,'\0'),(33,'Lanfeust des étoiles','Lanfeust des étoiles',2,'2022-10-28 00:00:00',1,'\0'),(34,'Reflets d\'acide','Reflets d\'acide',8,'2021-05-19 20:35:25',1,'\0'),(38,'Jupiter\'s legacy','Jupiter\'s legacy',3,'2021-11-12 23:21:06',3,'\0'),(39,'Neonomicon','Neonomicon',3,'2021-05-19 21:22:56',3,''),(40,'The boys','The boys',3,'2022-04-16 00:00:00',3,'\0'),(41,'Decorum','Decorum (1)',4,'2022-05-08 13:12:18',3,'\0'),(42,'Shipwreck','Shipwreck',9,'2021-05-19 21:24:50',3,''),(43,'Injection','Injection',4,'2021-05-19 21:28:48',3,'\0'),(44,'ARSENE LUPIN','ARSENE LUPIN',10,'2021-08-12 18:24:58',1,'\0'),(45,'Mister Miracle','Mister Miracle',4,'2021-11-12 23:25:17',3,''),(46,'DC Univers rebirth - Le Badge','DC Univers rebirth - Le Badge',4,'2021-11-12 23:25:16',3,''),(47,'Kingsman','Kingsman',3,'2022-01-16 21:51:37',3,'\0'),(48,'Daredevil','Daredevil',3,'2022-10-08 00:00:00',3,'\0'),(49,'Immortal Hulk','Immortal Hulk',3,'2022-12-04 23:14:08',3,'\0'),(50,'Spider-Man','Spider-Man',3,'2022-01-09 14:24:07',3,'\0'),(51,'Les contes de la Umbrella Academy','Les contes de la Umbrella Academy',11,'2022-02-13 17:15:35',3,'\0'),(53,'Locke & Key','Locke & Key',12,'2021-12-29 15:35:39',3,''),(54,'Watchmen','Watchmen',4,'2021-12-29 15:36:08',3,'\0'),(55,'American gods','American gods',4,'2022-04-09 17:25:28',3,'\0'),(56,'Sandman','Sandman',4,'2022-10-08 00:00:00',3,'\0'),(57,'Plunge','Plunge',4,'2021-12-29 17:05:25',3,''),(58,'Trois jokers','Trois jokers',4,'2021-12-29 16:16:26',3,''),(59,'Batman, créature de la nuit','Batman, créature de la nuit',4,'2021-12-29 17:05:04',3,''),(60,'Batman Curse of the White Knight','Batman Curse of the White Knight',4,'2021-12-29 17:04:55',3,''),(61,'Batman White Knight','Batman White Knight',4,'2021-12-29 17:04:58',3,''),(62,'Joker','Joker',4,'2021-12-29 16:27:56',3,''),(63,'Superman Idendité Secrète','Superman Idendité Secrète',4,'2021-12-29 17:05:35',3,''),(64,'Batman white knight Harley Quinn','Batman white knight Harley Quinn',4,'2021-12-29 17:05:01',3,''),(65,'Harleen','Harleen',4,'2021-12-29 17:05:11',3,''),(66,'Harley Quinn Black + White + Red','Harley Quinn Black + White + Red',4,'2021-12-29 16:50:29',3,''),(67,'The Authority','The Authority',4,'2022-01-16 21:52:07',3,'\0'),(68,'Transmetropolitan','Transmetropolitan',4,'2021-12-29 17:28:54',3,'\0'),(69,'V pour Vendetta','V pour Vendetta',4,'2021-12-29 17:14:38',3,''),(70,'Preacher','Preacher',4,'2022-03-27 22:35:49',3,'\0'),(71,'Fables','Fables',4,'2021-12-29 00:00:00',3,'\0'),(73,'Les forêts d\'Opale','Les forêts d\'Opale',2,'2021-12-30 01:01:47',1,'\0'),(74,'La Quête de l\'oiseau du temps','La Quête de l\'oiseau du temps',5,'2021-12-30 01:07:03',1,'\0'),(75,'Assassin\'s creed','Assassin\'s creed',13,'2021-12-30 13:06:34',1,'\0'),(76,'Kaamelott','Kaamelott',14,'2021-12-30 12:59:47',1,'\0'),(77,'Le donjon de Naheulbeuk','Le donjon de Naheulbeuk',8,'2022-01-20 20:06:17',1,'\0'),(78,'Les arcanes de Naheulbeuk','Les arcanes de Naheulbeuk',8,'2021-12-30 17:06:14',1,'\0'),(79,'Kickass: The new girl','Kickass: The new girl',15,'2022-01-12 21:41:18',3,'\0'),(80,'Prodigy','Prodigy',3,'2022-01-08 18:31:44',3,'\0'),(81,'Kick-Ass 3','Kick-Ass 3',3,'2022-01-08 18:55:31',3,'\0'),(82,'Hit-Girl','Hit-Girl',3,'2022-01-08 18:55:35',3,'\0'),(83,'Kick-ass','Kick-ass',3,'2022-01-08 18:55:38',3,'\0'),(84,'Kick-Ass 2','Kick-Ass 2',3,'2022-01-08 18:55:36',3,'\0'),(85,'Le sorceleur','Le sorceleur',16,'2022-01-08 19:28:05',4,'\0'),(86,'Catwoman: Le dernier braquage','Catwoman: Le dernier braquage',4,'2022-01-19 13:15:10',3,''),(87,'Batman: Ego','Batman: Ego',4,'2022-01-30 13:40:10',3,''),(88,'Spider-Man - L\'histoire d\'une vie : Toile','Spider-Man - L\'histoire d\'une vie : Toile',15,'2022-01-22 21:27:16',3,''),(89,'Spider-Man - L\'ombre du Symbiote','Spider-Man - L\'ombre du Symbiote',15,'2022-01-22 21:27:14',3,''),(90,'Spider-man - L\'histoire d\'une vie','Spider-man - L\'histoire d\'une vie',3,'2022-01-22 16:42:28',3,''),(91,'Catwoman - à Rome','Catwoman - à Rome',4,'2022-01-28 12:49:07',3,''),(92,'Wonder Woman infinite','Wonder Woman',4,'2022-04-03 03:10:42',3,'\0'),(93,'Justice Society of America','Justice Society of America',4,'2022-01-28 12:57:08',3,'\0'),(94,'The departement of Truth','The departement of Truth',17,'2022-02-13 00:38:26',3,'\0'),(95,'Solo - Alpha','Solo - Alpha',1,'2022-02-01 09:27:21',1,''),(96,'Batman Infinite','Batman Infinite',4,'2022-01-28 13:09:34',3,'\0'),(97,'DC infinite frontier','DC infinite frontier',4,'2022-01-31 20:32:44',3,''),(98,'Future state Batman','Future state Batman',4,'2022-02-01 08:11:19',3,'\0'),(99,'Batman, Joker war','Batman, Joker war',4,'2022-02-11 20:57:23',3,'\0'),(100,'Future state Superman','Future state Superman',4,'2022-02-01 12:25:32',3,'\0'),(101,'Future state Justice League','Future state Justice League',4,'2022-02-01 12:35:31',3,'\0'),(102,'Justice League','Justice League',4,'2022-02-01 23:37:12',3,'\0'),(103,'Infinite crisis','Infinite crisis',4,'2022-02-01 23:38:01',3,'\0'),(104,'Batman universe','Batman universe',4,'2022-02-01 22:32:23',3,''),(105,'Batman The Dark Knight Returns','Batman The Dark Knight Returns',4,'2022-02-01 22:35:10',3,''),(106,'Multiversity présente Terre-X','Multiversity présente Terre-X',4,'2022-02-01 22:37:23',3,''),(107,'DC Univers rebirth : Le Badge','DC Univers rebirth : Le Badge',4,'2022-02-01 22:41:22',3,''),(108,'Batman-Dark Knight III','Batman-Dark Knight III',4,'2022-02-01 22:46:40',3,'\0'),(109,'Killing joke','Killing joke',4,'2022-02-01 22:47:54',3,''),(110,'Batman The Dark Knight Strikes Again','Batman The Dark Knight Strikes Again',4,'2022-02-01 22:49:38',3,''),(111,'Batman the Dark Knight Returns : The golden Child','Batman the Dark Knight Returns : The golden Child',4,'2022-02-01 22:51:37',3,''),(112,'Dark Knight The Last Crusade','Dark Knight The Last Crusade',4,'2022-02-01 22:52:53',3,''),(113,'Batman terminal','Batman terminal',4,'2022-02-14 14:46:12',3,''),(114,'Batman rebirth','Batman rebirth',4,'2022-02-01 23:36:24',3,'\0'),(115,'Basketful of heads','Basketful of heads',4,'2022-02-01 23:45:44',3,''),(116,'Earth 2','Earth 2',4,'2022-02-02 11:42:11',3,'\0'),(117,'Batman death metal','Batman death metal',4,'2022-02-02 00:00:00',3,'\0'),(118,'Justice league, no justice','Justice league, no justice',4,'2022-02-02 12:29:11',3,''),(119,'Le batman qui rit - Les infectés','Le batman qui rit - Les infectés',4,'2022-02-02 00:00:00',3,''),(120,'Batman metal','Batman metal',4,'2022-02-02 12:28:37',3,'\0'),(121,'Le Batman qui rit','Le Batman qui rit',4,'2022-03-31 16:19:25',3,''),(122,'Batman detective comics','Batman detective comics',4,'2022-02-13 00:37:53',3,'\0'),(123,'Futures end','Futures end',4,'2022-02-02 13:00:24',3,'\0'),(124,'Nightwing rebirth','Nightwing rebirth',4,'2022-02-02 17:54:54',3,'\0'),(125,'Batman eternal','Batman eternal',4,'2022-02-02 18:43:34',3,'\0'),(126,'Batman & Robin eternal','Batman & Robin eternal',4,'2022-05-17 11:41:19',3,'\0'),(127,'Catwoman eternal','Catwoman eternal',4,'2022-02-02 18:43:43',3,'\0'),(128,'The magic order','The magic order',15,'2022-03-28 12:20:19',3,'\0'),(129,'Batman - The dark prince charming','Batman - The dark prince charming',18,'2022-03-28 12:18:52',3,'\0'),(130,'Joker Infinite','Joker Infinite',4,'2022-03-28 11:47:07',3,'\0'),(131,'Something is Killing the Children','Something is Killing the Children',17,'2022-10-28 00:00:00',3,'\0'),(132,'Sandman - The Dreaming','Sandman - The Dreaming',4,'2022-03-28 11:56:56',3,'\0'),(133,'Un long Halloween','Un long Halloween',4,'2022-03-28 12:20:26',3,''),(134,'Batman Année Un','Batman Année Un',4,'2022-03-28 12:18:46',3,''),(135,'Nightwing Infinite','Nightwing Infinite',4,'2023-01-15 14:25:22',3,'\0'),(136,'Batman imposter','Batman imposter',4,'2022-03-28 12:19:03',3,''),(137,'Daredevil (2019)','Daredevil (2019)',3,'2022-10-28 00:00:00',3,'\0'),(140,'Wonder Woman Dead Earth','Wonder Woman, dead earth',4,'2022-04-03 17:16:34',3,''),(141,'Wonder Woman Dead Earth','Wonder Woman Dead Earth',4,'2022-04-03 17:18:06',3,''),(146,'House of M','House of M',3,'2022-10-08 17:24:24',3,''),(147,'Devil\'s Reign','Devil\'s Reign',3,'2022-12-04 17:29:35',3,'\0'),(148,'Batman: One Dark Knight','Batman: One Dark Knight',4,'2022-10-28 18:16:18',3,''),(149,'House of Slaughter','House of Slaughter',17,'2022-10-28 00:00:00',3,'\0'),(150,'Lock & Key : Une vie de chien','Lock & Key : Une vie de chien',12,'2022-10-28 18:43:23',3,''),(151,'Lock & key : L\'âge d\'or','Lock & key : L\'âge d\'or',12,'2022-10-28 18:46:42',3,''),(152,'Moon knight : Le Fond','Moon knight : Le Fond',3,'2022-10-28 00:00:00',3,''),(153,'Moon knight','Moon knight',3,'2022-10-28 00:00:00',3,'\0'),(154,'Jupiter\'s Circle','Jupiter\'s Circle',3,'2022-10-28 00:00:00',3,''),(155,'Lanfeust de Troy','Lanfeust de Troy',2,'2022-10-28 00:00:00',1,'\0'),(156,'Les seigneurs de Cornwall','Les seigneurs de Cornwall',2,'2022-10-28 00:00:00',1,'\0'),(157,'Batman : La nuit des monstres','Batman : La nuit des monstres',4,'2022-10-28 00:00:00',3,''),(158,'Superman : Son of Kal-el','Superman: Son of Kal-el',4,'2022-10-28 22:20:38',3,'\0'),(159,'Swamp Thing Infinite','Swamp Thing Infinite',4,'2022-10-28 00:00:00',3,'\0'),(160,'Refrigerators full of heads','Refrigerators full of heads',4,'2022-10-28 21:24:02',3,''),(161,'Ed Gein: Autopsie d\'un Tueur en série','Ed Gein: Autopsie d\'un Tueur en série',1,'2022-10-28 21:26:28',3,''),(162,'The Batman\'s grave','The Batman\'s grave',4,'2022-10-28 00:00:00',3,''),(163,'Strange adventures','Strange adventures',4,'2022-10-28 00:00:00',3,''),(164,'Supergirl','Supergirl',4,'2022-10-28 00:00:00',3,''),(165,'Rorschach','Rorschach',4,'2022-10-28 21:34:30',3,''),(166,'Toutes les morts de Laila Starr','Toutes les morts de Laila Starr',6,'2022-12-04 15:38:34',3,''),(167,'Dans la tête de Sherlock Holmes','Dans la tête de Sherlock Holmes',19,'2022-11-09 00:00:00',1,'\0'),(168,'Animal Man','Animal Man',4,'2022-11-20 00:04:59',3,'\0'),(169,'Robin infinite','Robin infinite',4,'2022-11-20 00:14:43',3,'\0'),(170,'Superman Infinite','Superman Infinite',4,'2022-11-20 00:20:39',3,'\0'),(171,'Sandman – The Dreaming : Waking Hours','Sandman – The Dreaming : Waking Hours',4,'2022-11-20 00:29:28',3,''),(172,'Batman Shadow War','Batman Shadow War',4,'2022-11-20 00:33:45',3,''),(173,'Superman Red Son','Superman Red Son',4,'2022-11-20 00:42:37',3,''),(174,'Kingdom Come','Kingdom Come',4,'2022-11-20 00:43:50',3,''),(175,'East of West','East of West',4,'2022-11-20 00:45:04',3,'\0'),(176,'Jessica Jones - Alias','Jessica Jones - Alias',3,'2022-11-20 00:50:40',3,'\0'),(177,'Batman:','Batman : Gotham Knights Gilded City',4,'2022-12-02 07:33:14',3,'\0'),(178,'Le combat ordinaire','Le combat ordinaire',5,'2022-12-13 11:40:23',1,'\0'),(179,'Garth Ennis présente Hellblazer','Garth Ennis présente Hellblazer',4,'2022-12-13 20:48:02',3,'\0'),(180,'Parole de chat','Parole de chat',1,'2022-12-30 17:03:03',1,'\0');
/*!40000 ALTER TABLE `series` ENABLE KEYS */;
UNLOCK TABLES;

--
-- Table structure for table `series_cycle`
--

DROP TABLE IF EXISTS `series_cycle`;
/*!40101 SET @saved_cs_client     = @@character_set_client */;
/*!40101 SET character_set_client = utf8 */;
CREATE TABLE `series_cycle` (
  `id` bigint NOT NULL AUTO_INCREMENT,
  `name` varchar(255) DEFAULT NULL,
  `series_id` bigint DEFAULT NULL,
  PRIMARY KEY (`id`),
  KEY `FKirm6nw923aq9sd2emgafw53xf` (`series_id`),
  CONSTRAINT `FKirm6nw923aq9sd2emgafw53xf` FOREIGN KEY (`series_id`) REFERENCES `series` (`id`)
) ENGINE=InnoDB AUTO_INCREMENT=7 DEFAULT CHARSET=utf8mb4 COLLATE=utf8mb4_0900_ai_ci;
/*!40101 SET character_set_client = @saved_cs_client */;

--
-- Dumping data for table `series_cycle`
--

LOCK TABLES `series_cycle` WRITE;
/*!40000 ALTER TABLE `series_cycle` DISABLE KEYS */;
INSERT INTO `series_cycle` VALUES (1,'Angleon',4),(2,'Lys',4),(4,'Cycle 1',1),(5,'Cycle 2',1),(6,'Mercy',6);
/*!40000 ALTER TABLE `series_cycle` ENABLE KEYS */;
UNLOCK TABLES;

--
-- Table structure for table `task`
--

DROP TABLE IF EXISTS `task`;
/*!40101 SET @saved_cs_client     = @@character_set_client */;
/*!40101 SET character_set_client = utf8 */;
CREATE TABLE `task` (
  `id` bigint NOT NULL AUTO_INCREMENT,
  `create_date` datetime DEFAULT NULL,
  `extra` varchar(255) DEFAULT NULL,
  `status` varchar(4) DEFAULT NULL,
  `type` varchar(15) DEFAULT NULL,
  PRIMARY KEY (`id`)
) ENGINE=InnoDB AUTO_INCREMENT=267 DEFAULT CHARSET=utf8mb4 COLLATE=utf8mb4_0900_ai_ci;
/*!40101 SET character_set_client = @saved_cs_client */;

--
-- Dumping data for table `task`
--

LOCK TABLES `task` WRITE;
/*!40000 ALTER TABLE `task` DISABLE KEYS */;
INSERT INTO `task` VALUES (2,'2021-12-29 15:09:19','9782344018743','DONE','ADD_BOOK'),(3,'2021-12-29 15:09:19','9791026813101','DONE','ADD_BOOK'),(4,'2021-12-29 15:09:19','9791026816560','DONE','ADD_BOOK'),(6,'2021-12-29 15:10:56','9791026816973','DONE','ADD_BOOK'),(7,'2021-12-29 15:10:56','9791026818212','DONE','ADD_BOOK'),(8,'2021-12-29 15:10:56','9791026818236','DONE','ADD_BOOK'),(9,'2021-12-29 15:10:56','9791026817543','DONE','ADD_BOOK'),(10,'2021-12-29 15:10:56','9791026817093','DONE','ADD_BOOK'),(11,'2021-12-29 15:10:56','9791026817918','DONE','ADD_BOOK'),(12,'2021-12-29 15:10:56','9791026817369','DONE','ADD_BOOK'),(13,'2021-12-29 15:10:56','9791026818007','DONE','ADD_BOOK'),(14,'2021-12-29 15:10:56','9791026818366','DONE','ADD_BOOK'),(15,'2021-12-29 15:10:56','9791026817925','DONE','ADD_BOOK'),(16,'2021-12-29 15:10:56','9791026817734','DONE','ADD_BOOK'),(17,'2021-12-29 15:10:56','9791026818441','DONE','ADD_BOOK'),(18,'2021-12-29 15:42:47','9791026817215','DONE','ADD_BOOK'),(19,'2021-12-29 15:53:54','9791026820147','DONE','ADD_BOOK'),(20,'2021-12-29 15:53:54','9791026821694','DONE','ADD_BOOK'),(21,'2021-12-29 15:53:54','9791026824916','DONE','ADD_BOOK'),(22,'2021-12-29 15:53:54','9782365771221','DONE','ADD_BOOK'),(23,'2021-12-29 16:13:40','9791026828389','DONE','ADD_BOOK'),(24,'2021-12-29 16:13:40','9791026818359','DONE','ADD_BOOK'),(25,'2021-12-29 16:13:40','9791026817178','DONE','ADD_BOOK'),(26,'2021-12-29 16:13:40','9791026819752','DONE','ADD_BOOK'),(27,'2021-12-29 16:13:40','9791026814368','DONE','ADD_BOOK'),(28,'2021-12-29 16:13:40','9791026816201','DONE','ADD_BOOK'),(29,'2021-12-29 16:13:40','9791026821250','DONE','ADD_BOOK'),(30,'2021-12-29 16:13:40','9791026820611','DONE','ADD_BOOK'),(31,'2021-12-29 16:33:38','9791026816065','DONE','ADD_BOOK'),(32,'2021-12-29 16:33:38','9791026821304','DONE','ADD_BOOK'),(33,'2021-12-29 16:33:38','9791026811435','DONE','ADD_BOOK'),(34,'2021-12-29 17:03:04','9791026811824','DONE','ADD_BOOK'),(35,'2021-12-29 17:03:04','9782365775823','DONE','ADD_BOOK'),(36,'2021-12-29 17:03:04','9782365778503','DONE','ADD_BOOK'),(37,'2021-12-29 17:03:04','9782365776820','DONE','ADD_BOOK'),(38,'2021-12-29 17:03:04','9791026811169','DONE','ADD_BOOK'),(39,'2021-12-29 17:03:04','9782365779234','DONE','ADD_BOOK'),(40,'2021-12-29 17:04:34','9782365773904','DONE','ADD_BOOK'),(41,'2021-12-29 17:04:34','9782365774406','DONE','ADD_BOOK'),(42,'2021-12-29 17:04:34','9782365773997','DONE','ADD_BOOK'),(43,'2021-12-29 17:04:34','9782365776639','DONE','ADD_BOOK'),(44,'2021-12-29 17:04:34','9782365776622','DONE','ADD_BOOK'),(45,'2021-12-29 17:04:34','9791026815594','DONE','ADD_BOOK'),(46,'2021-12-29 23:23:42','9782365772457','DONE','ADD_BOOK'),(47,'2021-12-29 23:23:42','9782365772112','DONE','ADD_BOOK'),(48,'2021-12-29 23:23:42','9782365772471','DONE','ADD_BOOK'),(49,'2021-12-29 23:23:42','9782365770651','DONE','ADD_BOOK'),(50,'2021-12-29 23:23:42','9782365772808','DONE','ADD_BOOK'),(51,'2021-12-29 23:23:42','9782365770644','DONE','ADD_BOOK'),(52,'2021-12-29 23:23:42','9782365770262','DONE','ADD_BOOK'),(53,'2021-12-29 23:23:42','9782365772815','DONE','ADD_BOOK'),(54,'2021-12-29 23:23:42','9782365770996','DONE','ADD_BOOK'),(55,'2021-12-29 23:23:42','9782365772129','DONE','ADD_BOOK'),(56,'2021-12-29 23:23:42','9782365771009','DONE','ADD_BOOK'),(57,'2021-12-29 23:23:42','9782365770255','DONE','ADD_BOOK'),(58,'2021-12-29 23:25:04','9782365774079','DONE','ADD_BOOK'),(59,'2021-12-29 23:25:05','9782365774086','DONE','ADD_BOOK'),(60,'2021-12-29 23:25:05','9782365773805','DONE','ADD_BOOK'),(61,'2021-12-29 23:25:05','9782365774444','DONE','ADD_BOOK'),(62,'2021-12-29 23:25:05','9782365774451','DONE','ADD_BOOK'),(63,'2021-12-29 23:25:05','9782365773799','DONE','ADD_BOOK'),(64,'2021-12-29 23:25:05','9782365775755','DONE','ADD_BOOK'),(65,'2021-12-29 23:25:05','9782365776417','DONE','ADD_BOOK'),(66,'2021-12-29 23:25:05','9782365776424','DONE','ADD_BOOK'),(67,'2021-12-29 23:25:05','9782365777032','DONE','ADD_BOOK'),(68,'2021-12-29 23:25:05','9782365778121','DONE','ADD_BOOK'),(69,'2021-12-29 23:25:23','9782205078046','DONE','ADD_BOOK'),(70,'2021-12-30 00:31:45','9782302063778','DONE','ADD_BOOK'),(71,'2021-12-30 00:34:53','9782203085053','DONE','ADD_BOOK'),(73,'2021-12-30 00:34:53','9782203024809','DONE','ADD_BOOK'),(74,'2021-12-30 00:34:53','9782203038271','DONE','ADD_BOOK'),(75,'2021-12-30 00:34:53','9782203008175','DONE','ADD_BOOK'),(76,'2021-12-30 00:34:53','9782203061927','DONE','ADD_BOOK'),(77,'2021-12-30 00:34:53','9782203034877','DONE','ADD_BOOK'),(78,'2021-12-30 00:34:53','9782203012882','DONE','ADD_BOOK'),(79,'2021-12-30 00:34:53','9782203063716','DONE','ADD_BOOK'),(80,'2021-12-30 00:36:16','9782918771074','DONE','ADD_BOOK'),(81,'2021-12-30 00:36:16','9782918771012','DONE','ADD_BOOK'),(82,'2021-12-30 00:36:16','9782918771005','DONE','ADD_BOOK'),(83,'2021-12-30 00:36:16','9782918771036','DONE','ADD_BOOK'),(84,'2021-12-30 00:36:16','9782205048001','DONE','ADD_BOOK'),(85,'2021-12-30 00:36:16','9782918771111','DONE','ADD_BOOK'),(87,'2021-12-30 00:38:34','9782845651340','DONE','ADD_BOOK'),(88,'2021-12-30 00:38:34','9782302048577','DONE','ADD_BOOK'),(89,'2021-12-30 00:38:34','9782302031005','DONE','ADD_BOOK'),(90,'2021-12-30 00:38:34','9782302090804','DONE','ADD_BOOK'),(91,'2021-12-30 00:38:34','9782845658981','DONE','ADD_BOOK'),(92,'2021-12-30 00:38:34','9782845653832','DONE','ADD_BOOK'),(93,'2021-12-30 00:38:34','9782849466445','DONE','ADD_BOOK'),(94,'2021-12-30 00:38:34','9782302018709','DONE','ADD_BOOK'),(95,'2021-12-30 00:38:34','9782302005563','DONE','ADD_BOOK'),(96,'2021-12-30 00:38:34','9782302063051','DONE','ADD_BOOK'),(97,'2021-12-30 00:38:34','9782845658295','DONE','ADD_BOOK'),(99,'2021-12-30 13:11:14','9782353250851','DONE','ADD_BOOK'),(100,'2021-12-30 13:11:14','9782913714816','DONE','ADD_BOOK'),(101,'2021-12-30 13:11:14','9782353250332','DONE','ADD_BOOK'),(102,'2021-12-30 13:11:14','9782913714922','DONE','ADD_BOOK'),(103,'2021-12-30 13:11:14','9782913714670','DONE','ADD_BOOK'),(104,'2021-12-30 13:11:44','9782353252985','DONE','ADD_BOOK'),(105,'2021-12-30 13:11:44','9782353251704','DONE','ADD_BOOK'),(106,'2021-12-30 13:11:44','9782353254064','DONE','ADD_BOOK'),(107,'2021-12-30 13:11:44','9782353254804','DONE','ADD_BOOK'),(108,'2021-12-30 13:11:44','9782353253746','DONE','ADD_BOOK'),(109,'2021-12-30 13:11:44','9782353252800','DONE','ADD_BOOK'),(110,'2021-12-30 13:12:15','9782353250974','DONE','ADD_BOOK'),(111,'2021-12-30 13:12:15','9782353255207','DONE','ADD_BOOK'),(112,'2021-12-30 13:12:15','9782353251940','DONE','ADD_BOOK'),(113,'2021-12-30 13:12:15','9782353257713','DONE','ADD_BOOK'),(114,'2021-12-30 13:12:15','9782353256235','DONE','ADD_BOOK'),(115,'2021-12-30 13:12:15','9782353250424','DONE','ADD_BOOK'),(116,'2021-12-30 13:12:15','9782353255740','DONE','ADD_BOOK'),(117,'2022-01-08 15:39:46','9782809491562','DONE','ADD_BOOK'),(118,'2022-01-08 18:16:52','9782809481013','DONE','ADD_BOOK'),(119,'2022-01-08 18:16:52','9782809474190','DONE','ADD_BOOK'),(120,'2022-01-08 18:16:52','9782809477757','DONE','ADD_BOOK'),(121,'2022-01-08 18:16:52','9782809478693','DONE','ADD_BOOK'),(122,'2022-01-08 18:16:52','9782809476828','DONE','ADD_BOOK'),(123,'2022-01-08 18:36:44','9782809436372','DONE','ADD_BOOK'),(124,'2022-01-08 18:36:44','9782809431476','DONE','ADD_BOOK'),(125,'2022-01-08 18:36:44','9782809409994','DONE','ADD_BOOK'),(126,'2022-01-08 18:36:44','9782809415605','DONE','ADD_BOOK'),(127,'2022-01-08 18:36:44','9782809424874','DONE','ADD_BOOK'),(128,'2022-01-08 18:36:44','9782809441536','DONE','ADD_BOOK'),(129,'2022-01-08 18:36:44','9782809427370','DONE','ADD_BOOK'),(131,'2022-01-19 12:17:55','9782809481266','DONE','ADD_BOOK'),(132,'2022-01-19 12:17:55','9791026825531','DONE','ADD_BOOK'),(133,'2022-01-19 12:17:55','9791026821564','DONE','ADD_BOOK'),(134,'2022-01-22 14:37:49','9791039104302','DONE','ADD_BOOK'),(135,'2022-01-22 14:37:49','9791039102063','DONE','ADD_BOOK'),(136,'2022-01-22 14:37:49','9782809483819','DONE','ADD_BOOK'),(137,'2022-01-22 14:37:50','9782809460896','DONE','ADD_BOOK'),(138,'2022-01-28 12:43:55','9791026824886','DONE','ADD_BOOK'),(139,'2022-01-28 12:43:55','9791026820437','DONE','ADD_BOOK'),(140,'2022-01-28 12:43:55','9791026826729','DONE','ADD_BOOK'),(141,'2022-01-28 12:43:55','9782413044925','DONE','ADD_BOOK'),(142,'2022-01-28 12:43:55','9791026823636','DONE','ADD_BOOK'),(143,'2022-01-28 12:43:55','9791026821731','DONE','ADD_BOOK'),(144,'2022-02-01 08:05:18','9791026827917','DONE','ADD_BOOK'),(145,'2022-02-01 08:05:18','9791026819332','DONE','ADD_BOOK'),(146,'2022-02-01 08:05:18','9791026821502','DONE','ADD_BOOK'),(147,'2022-02-01 08:05:18','9791026817123','DONE','ADD_BOOK'),(148,'2022-02-01 10:48:38','9791026821038','DONE','ADD_BOOK'),(149,'2022-02-01 12:15:32','9791026820925','DONE','ADD_BOOK'),(150,'2022-02-01 12:15:32','9791026821953','DONE','ADD_BOOK'),(151,'2022-02-01 21:32:37','9782365776011','DONE','ADD_BOOK'),(152,'2022-02-01 21:32:37','9782365779166','DONE','ADD_BOOK'),(153,'2022-02-01 21:32:37','9782365776004','DONE','ADD_BOOK'),(154,'2022-02-01 21:32:37','9782365778787','DONE','ADD_BOOK'),(155,'2022-02-01 21:32:37','9782365776677','DONE','ADD_BOOK'),(156,'2022-02-01 21:32:37','9782365776486','DONE','ADD_BOOK'),(157,'2022-02-01 21:57:58','9782365775120','DONE','ADD_BOOK'),(158,'2022-02-01 21:57:58','9782365775106','DONE','ADD_BOOK'),(159,'2022-02-01 21:57:58','9782365775083','DONE','ADD_BOOK'),(160,'2022-02-01 21:57:58','9782365775090','DONE','ADD_BOOK'),(161,'2022-02-01 21:57:58','9782365775113','DONE','ADD_BOOK'),(162,'2022-02-01 22:28:49','9782365772914','DONE','ADD_BOOK'),(163,'2022-02-01 22:28:49','9791026820406','DONE','ADD_BOOK'),(164,'2022-02-01 22:28:49','9791026815167','DONE','ADD_BOOK'),(165,'2022-02-01 22:28:49','9791026813750','DONE','ADD_BOOK'),(166,'2022-02-01 22:42:21','9782365778459','DONE','ADD_BOOK'),(167,'2022-02-01 22:42:21','9782365773478','DONE','ADD_BOOK'),(168,'2022-02-01 22:42:21','9782365779494','DONE','ADD_BOOK'),(169,'2022-02-01 22:42:21','9791026819479','DONE','ADD_BOOK'),(170,'2022-02-01 22:42:21','9791026810827','DONE','ADD_BOOK'),(171,'2022-02-01 22:42:21','9782365779838','DONE','ADD_BOOK'),(172,'2022-02-01 23:04:57','9791026813187','DONE','ADD_BOOK'),(173,'2022-02-01 23:04:57','9791026813514','DONE','ADD_BOOK'),(174,'2022-02-01 23:04:57','9791026813507','DONE','ADD_BOOK'),(175,'2022-02-01 23:04:57','9791026819967','DONE','ADD_BOOK'),(176,'2022-02-01 23:04:57','9791026816881','DONE','ADD_BOOK'),(177,'2022-02-01 23:04:57','9791026817994','DONE','ADD_BOOK'),(178,'2022-02-01 23:04:57','9791026813828','DONE','ADD_BOOK'),(179,'2022-02-01 23:04:57','9791026816584','DONE','ADD_BOOK'),(180,'2022-02-01 23:04:57','9791026815730','DONE','ADD_BOOK'),(181,'2022-02-01 23:04:57','9791026818694','DONE','ADD_BOOK'),(182,'2022-02-01 23:04:57','9791026812654','DONE','ADD_BOOK'),(183,'2022-02-01 23:04:57','9791026818861','DONE','ADD_BOOK'),(184,'2022-02-02 11:13:41','9782365778176','DONE','ADD_BOOK'),(185,'2022-02-02 11:13:41','9782365778770','DONE','ADD_BOOK'),(186,'2022-02-02 11:13:41','9782365777612','DONE','ADD_BOOK'),(187,'2022-02-02 11:13:41','9782365777704','DONE','ADD_BOOK'),(188,'2022-02-02 11:13:41','9782365778671','DONE','ADD_BOOK'),(189,'2022-02-02 11:13:41','9782365778916','DONE','ADD_BOOK'),(190,'2022-02-02 11:44:06','9791026813781','DONE','ADD_BOOK'),(191,'2022-02-02 11:44:06','9791026813873','DONE','ADD_BOOK'),(193,'2022-02-02 11:44:07','9791026822547','DONE','ADD_BOOK'),(194,'2022-02-02 11:44:07','9791026816034','DONE','ADD_BOOK'),(195,'2022-02-02 11:44:07','9791026826743','DONE','ADD_BOOK'),(197,'2022-02-02 11:44:07','9791026824107','DONE','ADD_BOOK'),(198,'2022-02-02 11:44:07','9791026818786','DONE','ADD_BOOK'),(199,'2022-02-02 11:44:07','9791026819714','DONE','ADD_BOOK'),(200,'2022-02-02 12:31:10','9791026811428','DONE','ADD_BOOK'),(201,'2022-02-02 12:31:11','9791026822042','DONE','ADD_BOOK'),(202,'2022-02-02 12:31:11','9782365776455','DONE','ADD_BOOK'),(203,'2022-02-02 12:31:11','9782365779746','DONE','ADD_BOOK'),(204,'2022-02-02 12:31:11','9782365776776','DONE','ADD_BOOK'),(205,'2022-02-02 12:31:11','9782365776912','DONE','ADD_BOOK'),(206,'2022-02-02 17:45:11','9791026811541','DONE','ADD_BOOK'),(207,'2022-02-02 17:45:11','9791026815846','DONE','ADD_BOOK'),(208,'2022-02-02 17:45:11','9791026813576','DONE','ADD_BOOK'),(209,'2022-02-02 17:45:11','9791026813637','DONE','ADD_BOOK'),(210,'2022-02-02 17:45:11','9791026813347','DONE','ADD_BOOK'),(211,'2022-02-02 17:56:13','9782365776554','DONE','ADD_BOOK'),(212,'2022-02-02 17:56:13','9782365776561','DONE','ADD_BOOK'),(213,'2022-02-02 17:56:13','9782365778657','DONE','ADD_BOOK'),(214,'2022-02-02 17:56:13','9782365778947','DONE','ADD_BOOK'),(215,'2022-02-02 17:56:13','9782365776202','DONE','ADD_BOOK'),(216,'2022-02-02 17:56:13','9782365778572','DONE','ADD_BOOK'),(217,'2022-02-02 17:56:13','9782365777742','DONE','ADD_BOOK'),(218,'2022-02-02 17:56:13','9782365778114','DONE','ADD_BOOK'),(219,'2022-03-08 17:48:49','9782809483505','DONE','ADD_BOOK'),(220,'2022-03-08 17:55:04','9791026825395','DONE','ADD_BOOK'),(221,'2022-03-08 17:55:04','9791026816546','DONE','ADD_BOOK'),(222,'2022-03-08 17:55:03','9791026820673','DONE','ADD_BOOK'),(223,'2022-03-08 17:55:04','9791026816935','DONE','ADD_BOOK'),(224,'2022-03-08 17:55:04','9782365771788','DONE','ADD_BOOK'),(225,'2022-03-08 17:55:04','9791026817284','DONE','ADD_BOOK'),(227,'2022-03-08 17:55:04','9791026829744','DONE','ADD_BOOK'),(228,'2022-03-08 17:55:04','9791026819707','DONE','ADD_BOOK'),(230,'2022-03-08 17:59:50','9782809477153','DONE','ADD_BOOK'),(231,'2022-03-08 17:59:50','9782505071211','DONE','ADD_BOOK'),(232,'2022-03-08 17:59:50','9782505071389','DONE','ADD_BOOK'),(233,'2022-10-08 17:26:40','9791039107358','DONE','ADD_BOOK'),(234,'2022-10-08 17:26:40','9791039110501','DONE','ADD_BOOK'),(235,'2022-10-08 17:26:40','9791039110488','DONE','ADD_BOOK'),(236,'2022-10-08 17:26:40','9791026823926','DONE','ADD_BOOK'),(237,'2022-10-08 17:26:40','9782365772723','DONE','ADD_BOOK'),(238,'2022-10-15 19:38:57','9791039109000','DONE','ADD_BOOK'),(239,'2022-10-28 17:53:51','9791026826958','DONE','ADD_BOOK'),(240,'2022-10-28 17:54:02','9782413043072','DONE','ADD_BOOK'),(241,'2022-10-28 20:36:34','9782302006256','DONE','ADD_BOOK'),(242,'2022-10-28 20:36:34','9782302011281','DONE','ADD_BOOK'),(243,'2022-10-28 20:36:34','9791026821373','DONE','ADD_BOOK'),(244,'2022-10-28 20:36:34','9791026819271','DONE','ADD_BOOK'),(246,'2022-10-28 20:36:34','9791026821045','DONE','ADD_BOOK'),(247,'2022-10-28 20:36:34','9791026821977','DONE','ADD_BOOK'),(248,'2022-10-28 20:36:34','9791026812821','DONE','ADD_BOOK'),(249,'2022-10-28 20:36:34','9791026818991','DONE','ADD_BOOK'),(250,'2022-10-28 20:36:34','9791026826644','DONE','ADD_BOOK'),(251,'2022-10-28 20:36:34','9782413046424','DONE','ADD_BOOK'),(253,'2022-10-28 20:36:35','9791026825647','DONE','ADD_BOOK'),(254,'2022-10-28 20:38:42','9782845654082','DONE','ADD_BOOK'),(255,'2022-10-28 20:38:42','9782845654051','DONE','ADD_BOOK'),(256,'2022-10-28 20:38:42','9782845656833','DONE','ADD_BOOK'),(257,'2022-10-28 20:38:42','9782845659001','DONE','ADD_BOOK'),(258,'2022-10-28 20:38:42','9782849463185','DONE','ADD_BOOK'),(261,'2022-10-28 20:38:42','9782849466414','DONE','ADD_BOOK'),(263,'2022-10-28 20:38:42','9782877643061','DONE','ADD_BOOK'),(264,'2022-10-28 20:38:50','9782302092037','DONE','ADD_BOOK'),(265,'2022-10-28 20:38:55','9782845656864','DONE','ADD_BOOK'),(266,'2022-10-28 20:39:02','9782302015890','DONE','ADD_BOOK');
/*!40000 ALTER TABLE `task` ENABLE KEYS */;
UNLOCK TABLES;

--
-- Temporary table structure for view `v_artist_series_role_count`
--

DROP TABLE IF EXISTS `v_artist_series_role_count`;
/*!50001 DROP VIEW IF EXISTS `v_artist_series_role_count`*/;
SET @saved_cs_client     = @@character_set_client;
SET character_set_client = utf8;
/*!50001 CREATE TABLE `v_artist_series_role_count` (
  `id` tinyint NOT NULL,
  `artist_id` tinyint NOT NULL,
  `name` tinyint NOT NULL,
  `series` tinyint NOT NULL,
  `roles` tinyint NOT NULL,
  `count` tinyint NOT NULL
) ENGINE=MyISAM */;
SET character_set_client = @saved_cs_client;

--
-- Table structure for table `web_links`
--

DROP TABLE IF EXISTS `web_links`;
/*!40101 SET @saved_cs_client     = @@character_set_client */;
/*!40101 SET character_set_client = utf8 */;
CREATE TABLE `web_links` (
  `id` bigint NOT NULL AUTO_INCREMENT,
  `type` varchar(255) DEFAULT NULL,
  `value` varchar(255) DEFAULT NULL,
  `artists_id` bigint DEFAULT NULL,
  PRIMARY KEY (`id`),
  KEY `FKdwp2thgwruplrkdlqodldn93l` (`artists_id`),
  CONSTRAINT `FKdwp2thgwruplrkdlqodldn93l` FOREIGN KEY (`artists_id`) REFERENCES `artist` (`id`)
) ENGINE=InnoDB AUTO_INCREMENT=35 DEFAULT CHARSET=utf8mb4 COLLATE=utf8mb4_0900_ai_ci;
/*!40101 SET character_set_client = @saved_cs_client */;

--
-- Dumping data for table `web_links`
--

LOCK TABLES `web_links` WRITE;
/*!40000 ALTER TABLE `web_links` DISABLE KEYS */;
INSERT INTO `web_links` VALUES (25,'TWITTER','OttoSchmidt72',166),(30,'TWITTER','JamesTheFourth',19),(32,'TWITTER','JamesTheFourth',28),(33,'TWITTER','grantmorrison',744),(34,'TWITTER','NicolaScottArt',192);
/*!40000 ALTER TABLE `web_links` ENABLE KEYS */;
UNLOCK TABLES;

--
-- Final view structure for view `v_artist_series_role_count`
--

/*!50001 DROP TABLE IF EXISTS `v_artist_series_role_count`*/;
/*!50001 DROP VIEW IF EXISTS `v_artist_series_role_count`*/;
/*!50001 SET @saved_cs_client          = @@character_set_client */;
/*!50001 SET @saved_cs_results         = @@character_set_results */;
/*!50001 SET @saved_col_connection     = @@collation_connection */;
/*!50001 SET character_set_client      = utf8mb4 */;
/*!50001 SET character_set_results     = utf8mb4 */;
/*!50001 SET collation_connection      = utf8mb4_0900_ai_ci */;
/*!50001 CREATE ALGORITHM=UNDEFINED */
/*!50013 DEFINER=`lautre`@`%` SQL SECURITY DEFINER */
/*!50001 VIEW `v_artist_series_role_count` AS select row_number() OVER ()  AS `id`,`a`.`id` AS `artist_id`,`a`.`name` AS `name`,`s`.`name` AS `series`,`r`.`name` AS `roles`,count(`ca`.`contracts_book_isbn`) AS `count` from (((((`artist` `a` join `contract_artists` `ca` on((`a`.`id` = `ca`.`artists_id`))) join `book` `b` on((`ca`.`contracts_book_isbn` = `b`.`isbn`))) join `role` `r` on((`ca`.`contracts_role_id` = `r`.`id`))) join `book_series` `bs` on((`b`.`isbn` = `bs`.`book_isbn`))) join `series` `s` on((`bs`.`series_id` = `s`.`id`))) group by `a`.`id`,`a`.`name`,`s`.`name`,`r`.`name` */;
/*!50001 SET character_set_client      = @saved_cs_client */;
/*!50001 SET character_set_results     = @saved_cs_results */;
/*!50001 SET collation_connection      = @saved_col_connection */;
/*!40103 SET TIME_ZONE=@OLD_TIME_ZONE */;

/*!40101 SET SQL_MODE=@OLD_SQL_MODE */;
/*!40014 SET FOREIGN_KEY_CHECKS=@OLD_FOREIGN_KEY_CHECKS */;
/*!40014 SET UNIQUE_CHECKS=@OLD_UNIQUE_CHECKS */;
/*!40101 SET CHARACTER_SET_CLIENT=@OLD_CHARACTER_SET_CLIENT */;
/*!40101 SET CHARACTER_SET_RESULTS=@OLD_CHARACTER_SET_RESULTS */;
/*!40101 SET COLLATION_CONNECTION=@OLD_COLLATION_CONNECTION */;
/*!40111 SET SQL_NOTES=@OLD_SQL_NOTES */;

-- Dump completed on 2023-01-30 13:16:31
