-- --------------------------------------------------------
-- Host:                         127.0.0.1
-- Server version:               10.4.22-MariaDB - mariadb.org binary distribution
-- Server OS:                    Win64
-- HeidiSQL Version:             11.3.0.6295
-- --------------------------------------------------------

/*!40101 SET @OLD_CHARACTER_SET_CLIENT=@@CHARACTER_SET_CLIENT */;
/*!40101 SET NAMES utf8 */;
/*!50503 SET NAMES utf8mb4 */;
/*!40014 SET @OLD_FOREIGN_KEY_CHECKS=@@FOREIGN_KEY_CHECKS, FOREIGN_KEY_CHECKS=0 */;
/*!40101 SET @OLD_SQL_MODE=@@SQL_MODE, SQL_MODE='NO_AUTO_VALUE_ON_ZERO' */;
/*!40111 SET @OLD_SQL_NOTES=@@SQL_NOTES, SQL_NOTES=0 */;

-- Dumping structure for table acma.log
DROP TABLE IF EXISTS `log`;
CREATE TABLE IF NOT EXISTS `log` (
  `id` int(11) NOT NULL AUTO_INCREMENT,
  `identitas` varchar(255) DEFAULT NULL,
  `aksi` varchar(50) DEFAULT NULL,
  `id_prov` varchar(50) DEFAULT NULL,
  `id_kabkot` varchar(50) DEFAULT NULL,
  `instansi` varchar(50) DEFAULT NULL,
  `tgl` datetime DEFAULT NULL,
  PRIMARY KEY (`id`)
) ENGINE=InnoDB AUTO_INCREMENT=120 DEFAULT CHARSET=latin1;

-- Dumping data for table acma.log: ~120 rows (approximately)
/*!40000 ALTER TABLE `log` DISABLE KEYS */;
INSERT INTO `log` (`id`, `identitas`, `aksi`, `id_prov`, `id_kabkot`, `instansi`, `tgl`) VALUES
	(1, '31.71.01.1001 - ', 'Login', '31', '31.71', 'DKI JAKARTA - ', '2021-08-12 11:16:00'),
	(2, 'raskha.rock83 - ', 'Login', NULL, NULL, ' - ', '2021-08-12 11:17:12'),
	(3, '31.71.01.1001 - ', 'Login', '31', '31.71', 'DKI JAKARTA - ', '2021-08-12 14:07:18'),
	(4, 'raskha.rock83 - ', 'Login', NULL, NULL, ' - ', '2021-08-12 15:03:36'),
	(5, '31.71.01.1001 - ', 'Login', '31', '31.71', 'DKI JAKARTA - ', '2021-08-13 14:02:51'),
	(6, '31.71.01.1001 - ', 'Login', '31', '31.71', 'DKI JAKARTA - ', '2021-08-13 14:25:21'),
	(7, '31.71.01.1001 - ', 'Login', '31', '31.71', 'DKI JAKARTA - ', '2021-08-13 14:45:20'),
	(8, '31.71.01.1001 - ', 'Login', '31', '31.71', 'DKI JAKARTA - ', '2021-08-13 14:58:52'),
	(9, 'raskha.rock83 - ', 'Login', NULL, NULL, ' - ', '2021-08-13 15:06:39'),
	(10, '31.71.01.1001 - ', 'Login', '31', '31.71', 'DKI JAKARTA - ', '2021-08-13 15:33:27'),
	(11, 'raskha.rock83 - ', 'Login', NULL, NULL, ' - ', '2021-08-13 16:28:54'),
	(12, '35.78.31.1002-made - ', 'Login', '35', '35.78', 'JAWA TIMUR - ', '2021-08-13 17:15:27'),
	(13, '36.74.01.1007-lengkonggudangtimur - ', 'Login', '36', '36.74', 'BANTEN - ', '2021-08-13 17:26:32'),
	(14, 'administratorsimpel - ', 'Login', NULL, NULL, ' - ', '2021-08-13 17:29:02'),
	(15, 'administratorsimpel - ', 'Login', NULL, NULL, ' - ', '2021-08-13 17:29:25'),
	(16, 'administratorsimpel - ', 'Login', NULL, NULL, ' - ', '2021-08-13 17:29:49'),
	(17, 'raskha.rock83 - ', 'Login', NULL, NULL, ' - ', '2021-08-13 17:53:22'),
	(18, 'raskha.rock83 - ', 'Login', NULL, NULL, ' - ', '2021-08-13 17:59:34'),
	(19, 'raskha.rock83 - ', 'Login', NULL, NULL, ' - ', '2021-08-13 17:59:52'),
	(20, '12.10.19.1001-seiberombang - ', 'Login', '12', '12.10', 'SUMATERA UTARA - ', '2021-08-16 14:11:54'),
	(21, '32.77.03.1001-pasirkaliki - ', 'Login', '32', '32.77', 'JAWA BARAT - ', '2021-08-16 14:13:32'),
	(22, '25051983 - ', 'Login', NULL, NULL, ' - ', '2021-08-16 14:15:20'),
	(23, '25051983 - ', 'Login', NULL, NULL, ' - ', '2021-08-16 14:15:47'),
	(24, '25051983 - ', 'Login', NULL, NULL, ' - ', '2021-08-16 14:16:11'),
	(25, '12.01.03.1005-sibuluanindah - ', 'Login', '12', '12.01', 'SUMATERA UTARA - ', '2021-08-16 14:40:27'),
	(26, '25051983 - ', 'Login', NULL, NULL, ' - ', '2021-08-16 14:51:46'),
	(27, '12.01.04.1001-pinangsori - ', 'Login', '12', '12.01', 'SUMATERA UTARA - ', '2021-08-16 14:56:49'),
	(28, '25051983 - ', 'Login', NULL, NULL, ' - ', '2021-08-16 14:57:40'),
	(29, '12.01.04.1001-pinangsori - ', 'Login', '12', '12.01', 'SUMATERA UTARA - ', '2021-08-16 14:58:54'),
	(30, '25051983 - ', 'Login', NULL, NULL, ' - ', '2021-08-16 15:15:48'),
	(31, '25051983 - ', 'Login', NULL, NULL, ' - ', '2021-08-16 15:20:06'),
	(32, 'administratorsimpel - ', 'Login', NULL, NULL, ' - ', '2021-08-16 15:20:18'),
	(33, '25051983 - ', 'Login', NULL, NULL, ' - ', '2021-08-20 10:28:49'),
	(34, 'kepulauanbangkabelitung - ', 'Login', '19', NULL, 'KEPULAUAN BANGKA BELITUNG - ', '2021-08-20 10:55:54'),
	(35, '25051983 - ', 'Login', NULL, NULL, ' - ', '2021-08-20 10:56:23'),
	(36, 'daerahistimewayogyakarta - ', 'Login', '34', NULL, 'DAERAH  ISTIMEWA YOGYAKARTA - ', '2021-08-20 10:57:32'),
	(37, 'dkijakarta - ', 'Login', '31', NULL, 'DKI JAKARTA - ', '2021-08-20 10:59:16'),
	(38, 'gorontalo - ', 'Login', '75', NULL, 'GORONTALO - ', '2021-08-20 11:01:37'),
	(39, '25051983 - ', 'Login', NULL, NULL, ' - ', '2021-08-20 11:06:39'),
	(40, '25051983 - ', 'Login', NULL, NULL, ' - ', '2021-08-20 11:23:43'),
	(41, 'kab.adm.kep.seribu - ', 'Login', '31', '31.01', 'DKI JAKARTA - ', '2021-08-20 11:25:16'),
	(42, 'kab.garut - ', 'Login', '32', '32.05', 'JAWA BARAT - ', '2021-08-20 11:25:38'),
	(43, 'kotatasikmalaya - ', 'Login', '32', '32.78', 'JAWA BARAT - ', '2021-08-20 11:31:00'),
	(44, 'kotaadm.jakartapusat - ', 'Login', '31', '31.71', 'DKI JAKARTA - ', '2021-08-21 11:43:47'),
	(45, '25051983 - ', 'Login', NULL, NULL, ' - ', '2021-08-21 11:55:54'),
	(46, '25051983 - ', 'Login', NULL, NULL, ' - ', '2021-08-21 13:51:13'),
	(47, 'sumaterabarat - ', 'Login', '13', NULL, 'SUMATERA BARAT - ', '2021-08-21 14:00:42'),
	(48, '25051983 - ', 'Login', NULL, NULL, ' - ', '2021-08-21 14:01:09'),
	(49, '25051983 - ', 'Login', NULL, NULL, ' - ', '2021-08-21 14:01:31'),
	(50, '25051983 - ', 'Login', NULL, NULL, ' - ', '2021-08-21 14:16:51'),
	(51, '25051983 - ', 'Login', NULL, NULL, ' - ', '2021-08-24 14:17:39'),
	(52, '25051983 - ', 'Login', NULL, NULL, ' - ', '2021-10-24 06:47:44'),
	(53, '25051983 - ', 'Login', NULL, NULL, ' - ', '2021-10-24 18:21:16'),
	(54, 'YAY.AL-FAJAR BESERI - ', 'Login', NULL, NULL, ' - ', '2021-10-24 20:10:27'),
	(55, 'YAY.AL-FAJAR BESERI - ', 'Login', NULL, NULL, ' - ', '2021-10-24 20:19:57'),
	(56, 'YAY.AL-FAJAR BESERI - ', 'Login', NULL, NULL, ' - ', '2021-10-24 20:20:41'),
	(57, '25051983 - ', 'Login', NULL, NULL, ' - ', '2021-10-24 20:24:06'),
	(58, 'YAY.AL-FAJAR BESERI - ', 'Login', NULL, NULL, ' - ', '2021-10-24 20:24:41'),
	(59, 'YAY.AL-FAJAR BESERI - ', 'Login', NULL, NULL, ' - ', '2021-10-24 21:07:24'),
	(60, '25051983 - ', 'Login', NULL, NULL, ' - ', '2021-10-24 21:11:54'),
	(61, '25051983 - ', 'Login', NULL, NULL, ' - ', '2021-10-25 10:45:48'),
	(62, '25051983 - ', 'Login', NULL, NULL, ' - ', '2021-11-08 13:58:40'),
	(63, '25051983 - ', 'Login', NULL, NULL, ' - ', '2021-11-11 13:47:32'),
	(64, '32.77.01.1001 - ', 'Login', '32', '32.77', 'JAWA BARAT - ', '2021-11-12 06:28:02'),
	(65, '25051983 - ', 'Login', NULL, NULL, ' - ', '2021-11-13 21:01:52'),
	(66, '25051983 - ', 'Login', NULL, NULL, ' - ', '2021-11-14 05:15:44'),
	(67, 'citasehat - ', 'Login', '', '', ' - ', '2021-11-14 13:52:02'),
	(68, '25051983 - ', 'Login', NULL, NULL, ' - ', '2021-11-14 13:52:14'),
	(69, 'citasehat - ', 'Login', '', '', ' - ', '2021-11-14 13:53:26'),
	(70, 'citasehat - ', 'Login', '', '', ' - ', '2021-11-14 16:51:43'),
	(71, '25051983 - ', 'Login', NULL, NULL, ' - ', '2021-11-14 17:02:38'),
	(72, '25051983 - ', 'Login', NULL, NULL, ' - ', '2021-11-14 17:04:46'),
	(73, 'panti_pemerintah - ', 'Login', '', '', ' - ', '2021-11-14 17:14:31'),
	(74, '25051983 - ', 'Login', NULL, NULL, ' - ', '2021-11-14 17:15:28'),
	(75, 'kotacimahi - ', 'Login', '32', '32.77', 'JAWA BARAT - ', '2021-11-14 19:13:09'),
	(76, '25051983 - ', 'Login', NULL, NULL, ' - ', '2021-11-14 19:13:53'),
	(77, 'kotacimahi - ', 'Login', '32', '32.77', 'JAWA BARAT - ', '2021-11-14 19:34:41'),
	(78, '25051983 - ', 'Login', NULL, NULL, ' - ', '2021-11-16 09:56:08'),
	(79, '25051983 - ', 'Login', NULL, NULL, ' - ', '2021-11-16 17:33:34'),
	(80, 'kotacimahi - ', 'Login', '32', '32.77', 'JAWA BARAT - ', '2021-11-16 18:24:12'),
	(81, '25051983 - ', 'Login', NULL, NULL, ' - ', '2021-11-16 18:52:58'),
	(82, '25051983 - ', 'Login', NULL, NULL, ' - ', '2021-11-16 22:36:29'),
	(83, 'adminjuara - ', 'Login', NULL, NULL, ' - ', '2021-11-16 23:14:31'),
	(84, 'kelmelong - ', 'Login', '32', '32.77', 'JAWA BARAT - ', '2021-11-16 23:16:17'),
	(85, '25051983 - ', 'Login', NULL, NULL, ' - ', '2021-11-16 23:17:26'),
	(86, 'kotacimahi - ', 'Login', '32', '32.77', 'JAWA BARAT - ', '2021-11-16 23:20:28'),
	(87, 'panti_pemerintah - ', 'Login', '', '', ' - ', '2021-11-30 17:50:39'),
	(88, 'panti_swasta - ', 'Login', '', '', ' - ', '2021-11-30 18:26:40'),
	(89, '25051983 - ', 'Login', NULL, NULL, ' - ', '2021-12-01 08:36:41'),
	(90, 'panti_swasta - ', 'Login', '', '', ' - ', '2021-12-01 08:43:49'),
	(91, '25051983 - ', 'Login', NULL, NULL, ' - ', '2021-12-01 10:43:25'),
	(92, '25051983 - ', 'Login', NULL, NULL, ' - ', '2021-12-01 14:44:15'),
	(93, 'kelmelong - ', 'Login', '32', '32.77', 'JAWA BARAT - ', '2021-12-01 15:14:58'),
	(94, 'adminjuara - ', 'Login', NULL, NULL, ' - ', '2021-12-01 15:20:55'),
	(95, '25051983 - ', 'Login', NULL, NULL, ' - ', '2021-12-01 16:12:51'),
	(96, '25051983 - ', 'Login', NULL, NULL, ' - ', '2021-12-01 21:51:14'),
	(97, 'kotacimahi - ', 'Login', '32', '32.77', 'JAWA BARAT - ', '2021-12-01 23:50:19'),
	(98, '25051983 - ', 'Login', NULL, NULL, ' - ', '2021-12-02 00:32:47'),
	(99, 'cicendo - ', 'Login', '32', '32.73', 'JAWA BARAT - ', '2021-12-02 00:34:58'),
	(100, 'kelmelong - ', 'Login', '32', '32.77', 'JAWA BARAT - ', '2021-12-02 00:42:08'),
	(101, '25051983 - ', 'Login', NULL, NULL, ' - ', '2021-12-02 05:46:15'),
	(102, '25051983 - ', 'Login', NULL, NULL, ' - ', '2021-12-02 17:43:01'),
	(103, '25051983 - ', 'Login', NULL, NULL, ' - ', '2021-12-02 20:20:24'),
	(104, 'kotacimahi - ', 'Login', '32', '32.77', 'JAWA BARAT - ', '2021-12-03 07:41:21'),
	(105, '25051983 - ', 'Login', NULL, NULL, ' - ', '2021-12-03 07:45:08'),
	(106, 'kelmelong - ', 'Login', '32', '32.77', 'JAWA BARAT - ', '2021-12-03 11:47:26'),
	(107, '25051983 - ', 'Login', NULL, NULL, ' - ', '2021-12-03 13:24:57'),
	(108, 'validator_panti - ', 'Login', '', '', ' - ', '2021-12-03 13:25:29'),
	(109, 'panti_pemerintah - ', 'Login', '', '', ' - ', '2021-12-03 13:25:55'),
	(110, 'validator_panti - ', 'Login', '', '', ' - ', '2021-12-03 13:27:36'),
	(111, 'adminjuara - ', 'Login', NULL, NULL, ' - ', '2021-12-03 15:13:48'),
	(112, 'cicendo - ', 'Login', '32', '32.73', 'JAWA BARAT - ', '2021-12-03 15:56:01'),
	(113, 'kotacimahi - ', 'Login', '32', '32.77', 'JAWA BARAT - ', '2021-12-03 16:01:11'),
	(114, 'kelmelong - ', 'Login', '32', '32.77', 'JAWA BARAT - ', '2021-12-03 16:04:14'),
	(115, 'panti_pemerintah - ', 'Login', '', '', ' - ', '2021-12-03 16:08:35'),
	(116, '25051983 - ', 'Login', NULL, NULL, ' - ', '2021-12-04 06:31:35'),
	(117, '25051983 - ', 'Login', NULL, NULL, ' - ', '2021-12-04 10:09:13'),
	(118, '25051983 - ', 'Login', NULL, NULL, ' - ', '2021-12-04 10:29:39'),
	(119, '25051983 - ', 'Login', NULL, NULL, ' - ', '2021-12-04 10:35:55'),
	(120, 'petugas - ', 'Login', '32', '32.73', 'JAWA BARAT - ', '2021-12-04 12:31:11');
/*!40000 ALTER TABLE `log` ENABLE KEYS */;

-- Dumping structure for table acma.master_peraturan
DROP TABLE IF EXISTS `master_peraturan`;
CREATE TABLE IF NOT EXISTS `master_peraturan` (
  `id` int(11) NOT NULL AUTO_INCREMENT,
  `nama` varchar(255) CHARACTER SET latin1 DEFAULT NULL,
  `file` varchar(255) CHARACTER SET latin1 DEFAULT NULL,
  `created_at` datetime DEFAULT NULL,
  `updated_at` datetime DEFAULT NULL,
  PRIMARY KEY (`id`) USING BTREE
) ENGINE=InnoDB DEFAULT CHARSET=utf8mb4;

-- Dumping data for table acma.master_peraturan: ~0 rows (approximately)
/*!40000 ALTER TABLE `master_peraturan` DISABLE KEYS */;
/*!40000 ALTER TABLE `master_peraturan` ENABLE KEYS */;

-- Dumping structure for table acma.ref_group_menu
DROP TABLE IF EXISTS `ref_group_menu`;
CREATE TABLE IF NOT EXISTS `ref_group_menu` (
  `id_group_menu` int(11) NOT NULL AUTO_INCREMENT,
  `id_user_group` int(11) DEFAULT NULL,
  `id_menu` int(11) DEFAULT NULL,
  `role` varchar(10) DEFAULT NULL,
  PRIMARY KEY (`id_group_menu`)
) ENGINE=InnoDB AUTO_INCREMENT=5442 DEFAULT CHARSET=latin1;

-- Dumping data for table acma.ref_group_menu: ~250 rows (approximately)
/*!40000 ALTER TABLE `ref_group_menu` DISABLE KEYS */;
INSERT INTO `ref_group_menu` (`id_group_menu`, `id_user_group`, `id_menu`, `role`) VALUES
	(4755, 2, 77, ''),
	(4756, 2, 108, ''),
	(4757, 2, 121, 'UD'),
	(4758, 2, 123, 'UD'),
	(4759, 2, 124, 'UD'),
	(4760, 2, 122, ''),
	(4761, 2, 125, ''),
	(4762, 2, 127, ''),
	(4763, 2, 128, ''),
	(4764, 2, 126, ''),
	(4765, 2, 129, ''),
	(4766, 2, 130, ''),
	(4767, 2, 131, ''),
	(4903, 1, 115, 'CUD'),
	(4904, 1, 77, 'CUD'),
	(4905, 1, 108, ''),
	(4906, 1, 116, ''),
	(4907, 1, 110, ''),
	(4908, 1, 117, ''),
	(4909, 1, 118, ''),
	(4910, 1, 120, ''),
	(4911, 1, 78, ''),
	(4912, 1, 79, ''),
	(4913, 1, 87, ''),
	(4914, 1, 136, 'CUD'),
	(4915, 1, 109, 'CUD'),
	(4916, 1, 65, 'CUD'),
	(4917, 1, 119, 'CUD'),
	(4918, 1, 1, ''),
	(4919, 1, 32, 'CUD'),
	(4920, 1, 8, 'CUD'),
	(4921, 1, 56, ''),
	(4922, 1, 94, 'CUD'),
	(4923, 1, 146, 'CUD'),
	(4924, 1, 150, 'CUD'),
	(4925, 1, 151, 'CUD'),
	(4926, 1, 7, 'CUD'),
	(4929, 1, 152, NULL),
	(4938, 1, 111, NULL),
	(4939, 1, 112, NULL),
	(4940, 1, 113, NULL),
	(4941, 1, 114, NULL),
	(4942, 1, 121, NULL),
	(4943, 1, 122, NULL),
	(4944, 1, 123, NULL),
	(4945, 1, 124, NULL),
	(4946, 1, 125, NULL),
	(4947, 1, 126, NULL),
	(4948, 1, 127, NULL),
	(4949, 1, 128, NULL),
	(4950, 1, 129, NULL),
	(4951, 1, 130, NULL),
	(4952, 1, 131, NULL),
	(4953, 1, 132, NULL),
	(4954, 1, 133, NULL),
	(4955, 1, 134, NULL),
	(4956, 1, 135, NULL),
	(4957, 1, 137, NULL),
	(4958, 1, 138, NULL),
	(4959, 1, 140, NULL),
	(4960, 1, 141, NULL),
	(4961, 1, 142, NULL),
	(4962, 1, 143, NULL),
	(4963, 1, 144, NULL),
	(4964, 1, 145, NULL),
	(4965, 1, 147, NULL),
	(4966, 1, 148, NULL),
	(4967, 1, 149, 'CUD'),
	(4973, 1, 153, NULL),
	(4974, 1, 154, NULL),
	(4988, 1, 155, NULL),
	(4989, 1, 156, NULL),
	(4990, 1, 157, NULL),
	(4995, 1, 162, NULL),
	(5132, 1, 168, 'CUD'),
	(5136, 1, 165, NULL),
	(5137, 1, 166, 'U'),
	(5138, 1, 167, 'U'),
	(5139, 1, 159, NULL),
	(5140, 1, 160, NULL),
	(5141, 1, 161, NULL),
	(5143, 1, 170, NULL),
	(5144, 1, 171, NULL),
	(5148, 1, 175, 'U'),
	(5155, 1, 178, NULL),
	(5156, 1, 179, NULL),
	(5157, 1, 180, NULL),
	(5166, 1, 181, NULL),
	(5169, 1, 182, 'U'),
	(5170, 1, 183, 'U'),
	(5177, 1, 177, NULL),
	(5180, 1, 184, 'CUD'),
	(5181, 1, 185, 'U'),
	(5182, 1, 186, 'U'),
	(5183, 1, 187, 'U'),
	(5184, 1, 188, NULL),
	(5185, 1, 189, 'U'),
	(5188, 1, 190, 'U'),
	(5193, 1, 191, NULL),
	(5195, 1, 193, NULL),
	(5196, 1, 194, 'U'),
	(5198, 1, 196, NULL),
	(5199, 1, 195, NULL),
	(5200, 1, 197, NULL),
	(5238, 2, 7, 'CDU'),
	(5241, 2, 56, 'CDU'),
	(5242, 2, 94, 'CUD'),
	(5244, 1, 198, NULL),
	(5245, 1, 199, 'CUD'),
	(5246, 1, 200, 'CUD'),
	(5247, 1, 201, 'CUD'),
	(5248, 1, 202, 'CUD'),
	(5249, 1, 206, NULL),
	(5250, 1, 207, NULL),
	(5251, 1, 208, NULL),
	(5252, 1, 209, NULL),
	(5253, 1, 203, 'CUD'),
	(5264, 2, 203, 'CUD'),
	(5267, 2, 206, NULL),
	(5268, 2, 207, NULL),
	(5269, 2, 208, NULL),
	(5271, 4, 198, NULL),
	(5272, 4, 199, 'CUD'),
	(5273, 4, 200, 'CUD'),
	(5274, 4, 201, 'CUD'),
	(5275, 4, 202, 'CUD'),
	(5276, 1, 210, 'CUD'),
	(5277, 4, 210, 'U'),
	(5278, 1, 211, 'CUD'),
	(5279, 1, 212, NULL),
	(5280, 1, 213, 'CUD'),
	(5284, 1, 214, NULL),
	(5285, 1, 215, NULL),
	(5286, 1, 216, 'CDU'),
	(5287, 1, 217, 'CUD'),
	(5288, 1, 218, 'CDU'),
	(5289, 1, 219, 'CUD'),
	(5296, 1, 220, 'CUD'),
	(5299, 1, 222, 'CUD'),
	(5300, 1, 223, NULL),
	(5303, 1, 224, NULL),
	(5304, 1, 225, NULL),
	(5307, 1, 226, 'CUD'),
	(5308, 1, 227, 'CUD'),
	(5310, 2, 228, NULL),
	(5311, 2, 229, NULL),
	(5312, 2, 230, NULL),
	(5313, 1, 228, NULL),
	(5314, 1, 229, NULL),
	(5315, 1, 230, NULL),
	(5316, 1, 231, NULL),
	(5317, 1, 232, NULL),
	(5318, 2, 231, NULL),
	(5319, 2, 232, NULL),
	(5320, 2, 209, NULL),
	(5321, 4, 233, NULL),
	(5322, 2, 234, NULL),
	(5323, 1, 234, NULL),
	(5325, 4, 212, NULL),
	(5326, 4, 213, 'U'),
	(5327, 4, 211, 'CUD'),
	(5328, 10, 206, NULL),
	(5329, 10, 207, NULL),
	(5330, 10, 208, NULL),
	(5331, 10, 209, NULL),
	(5332, 10, 234, NULL),
	(5333, 5, 206, NULL),
	(5334, 5, 207, NULL),
	(5335, 5, 208, NULL),
	(5336, 5, 209, NULL),
	(5337, 5, 234, NULL),
	(5341, 2, 220, 'CUD'),
	(5342, 2, 222, 'CUD'),
	(5349, 1, 238, NULL),
	(5350, 2, 238, NULL),
	(5351, 2, 239, 'CUD'),
	(5352, 1, 239, 'CUD'),
	(5358, 1, 240, NULL),
	(5359, 1, 241, 'CUD'),
	(5360, 1, 242, 'CUD'),
	(5361, 1, 243, 'CUD'),
	(5362, 1, 244, 'CUD'),
	(5363, 4, 240, NULL),
	(5364, 4, 241, 'CUD'),
	(5365, 4, 244, 'CUD'),
	(5366, 1, 245, 'CUD'),
	(5368, 2, 246, NULL),
	(5369, 1, 246, NULL),
	(5370, 2, 236, NULL),
	(5371, 2, 235, NULL),
	(5372, 2, 237, NULL),
	(5373, 2, 247, NULL),
	(5374, 1, 236, NULL),
	(5375, 1, 235, NULL),
	(5376, 1, 237, NULL),
	(5377, 1, 247, NULL),
	(5378, 2, 248, NULL),
	(5379, 1, 248, NULL),
	(5385, 1, 249, NULL),
	(5386, 1, 250, 'U'),
	(5387, 1, 251, 'U'),
	(5388, 1, 252, 'U'),
	(5389, 1, 253, 'U'),
	(5390, 5, 240, NULL),
	(5391, 5, 242, 'CUD'),
	(5392, 3, 240, NULL),
	(5393, 3, 243, 'CUD'),
	(5394, 6, 249, NULL),
	(5395, 6, 250, 'U'),
	(5396, 6, 251, 'U'),
	(5397, 6, 253, 'U'),
	(5398, 6, 236, NULL),
	(5399, 6, 235, NULL),
	(5400, 6, 237, NULL),
	(5401, 6, 248, NULL),
	(5402, 6, 246, NULL),
	(5403, 7, 246, NULL),
	(5404, 7, 236, NULL),
	(5405, 7, 247, NULL),
	(5406, 7, 249, NULL),
	(5407, 7, 252, 'U'),
	(5408, 2, 254, 'CUD'),
	(5409, 1, 254, 'CUD'),
	(5410, 1, 255, NULL),
	(5411, 1, 256, NULL),
	(5412, 1, 257, NULL),
	(5413, 2, 255, NULL),
	(5416, 6, 255, NULL),
	(5419, 2, 258, NULL),
	(5420, 2, 259, NULL),
	(5421, 1, 258, NULL),
	(5422, 1, 259, NULL),
	(5423, 4, 246, NULL),
	(5424, 4, 258, NULL),
	(5425, 4, 259, NULL),
	(5426, 5, 246, NULL),
	(5427, 5, 258, NULL),
	(5428, 5, 259, NULL),
	(5429, 3, 246, NULL),
	(5430, 3, 258, NULL),
	(5431, 3, 259, NULL),
	(5432, 2, 260, NULL),
	(5433, 6, 260, NULL),
	(5434, 1, 260, NULL),
	(5437, 9, 259, NULL),
	(5438, 9, 240, NULL),
	(5439, 9, 241, 'CUD'),
	(5440, 9, 244, 'CUD'),
	(5441, 1, 261, 'CUD'),
	(5442, 9, 261, 'CUD');
/*!40000 ALTER TABLE `ref_group_menu` ENABLE KEYS */;

-- Dumping structure for table acma.ref_kategori
DROP TABLE IF EXISTS `ref_kategori`;
CREATE TABLE IF NOT EXISTS `ref_kategori` (
  `id` int(11) NOT NULL AUTO_INCREMENT,
  `nama` varchar(255) DEFAULT NULL,
  `flag` varchar(50) DEFAULT NULL,
  PRIMARY KEY (`id`) USING BTREE
) ENGINE=InnoDB DEFAULT CHARSET=utf8mb4;

-- Dumping data for table acma.ref_kategori: ~0 rows (approximately)
/*!40000 ALTER TABLE `ref_kategori` DISABLE KEYS */;
/*!40000 ALTER TABLE `ref_kategori` ENABLE KEYS */;

-- Dumping structure for table acma.ref_menu
DROP TABLE IF EXISTS `ref_menu`;
CREATE TABLE IF NOT EXISTS `ref_menu` (
  `id_menu` int(11) NOT NULL AUTO_INCREMENT,
  `parrent` int(11) DEFAULT NULL,
  `nama_menu` varchar(255) DEFAULT NULL,
  `link` varchar(255) DEFAULT NULL,
  `urutan` varchar(255) DEFAULT NULL,
  `class_active` varchar(255) DEFAULT NULL,
  `icon` varchar(50) DEFAULT NULL,
  PRIMARY KEY (`id_menu`)
) ENGINE=InnoDB AUTO_INCREMENT=262 DEFAULT CHARSET=latin1;

-- Dumping data for table acma.ref_menu: ~24 rows (approximately)
/*!40000 ALTER TABLE `ref_menu` DISABLE KEYS */;
INSERT INTO `ref_menu` (`id_menu`, `parrent`, `nama_menu`, `link`, `urutan`, `class_active`, `icon`) VALUES
	(1, 0, 'Roots', '#', '0', '', ''),
	(7, 56, 'Operator Kecamatan / Kelurahan', 'ref_users', '2', '', ''),
	(8, 1, 'ROLE', 'ref_role', '3', '', ''),
	(32, 1, 'MENUS', 'ref_menu', '1', '', ''),
	(56, 0, 'Setting Users', '#', '99', NULL, NULL),
	(94, 56, 'Log Akses', 'log', '1', NULL, NULL),
	(203, 238, 'Harga Air', 'ref_lks', '1', NULL, NULL),
	(220, 56, 'Pelanggan', 'ref_users_panti', '3', NULL, NULL),
	(235, 236, 'PPKS Dari Kelurahan', 'lap_ppks', '1', NULL, NULL),
	(236, 0, 'Laporan', '#', '5', NULL, NULL),
	(237, 236, 'PSKS Dari Kelurahan', 'lap_psks', '2', NULL, NULL),
	(238, 0, 'Data Master', '#', '3', NULL, NULL),
	(239, 238, 'Pelanggan', '#', '1', NULL, NULL),
	(246, 0, 'Beranda', '#', '0', NULL, NULL),
	(247, 236, 'Transaksi Keuangan', 'lap_ppks_pemerintah', '3', NULL, NULL),
	(248, 236, 'Tunggakan', 'lap_ppks_swasta', '4', NULL, NULL),
	(249, 0, 'Validasi', '#', '8', NULL, NULL),
	(250, 249, 'Transaksi Keuangan Mandiri', 'validasi_ppks', '1', NULL, NULL),
	(254, 56, 'Operator Dinsos Kab/Kota', 'ref_users_kabkot', '5', NULL, NULL),
	(255, 0, 'Rekapitulasi', '#', '9', NULL, NULL),
	(256, 255, 'Rekapitulasi Keuangan', 'rekap_ppks', '1', NULL, NULL),
	(258, 246, 'Dashboard', 'dashboard', '1', NULL, NULL),
	(259, 0, 'Tentang', 'tentang', '2', NULL, NULL),
	(261, 0, 'Catat Meter Air', 'trx_pendataan', '1', NULL, NULL);
/*!40000 ALTER TABLE `ref_menu` ENABLE KEYS */;

-- Dumping structure for table acma.ref_pelanggan
DROP TABLE IF EXISTS `ref_pelanggan`;
CREATE TABLE IF NOT EXISTS `ref_pelanggan` (
  `id` int(11) NOT NULL AUTO_INCREMENT,
  `id_pelanggan` int(11) NOT NULL DEFAULT 0,
  `nama` varchar(50) DEFAULT NULL,
  `alamat` varchar(50) DEFAULT NULL,
  `inisiasi_m_awal` double DEFAULT NULL,
  PRIMARY KEY (`id`)
) ENGINE=InnoDB AUTO_INCREMENT=4 DEFAULT CHARSET=utf8mb4;

-- Dumping data for table acma.ref_pelanggan: ~3 rows (approximately)
/*!40000 ALTER TABLE `ref_pelanggan` DISABLE KEYS */;
INSERT INTO `ref_pelanggan` (`id`, `id_pelanggan`, `nama`, `alamat`, `inisiasi_m_awal`) VALUES
	(1, 0, 'VIDRA RAMDANI', 'Komplek Banda Asri No.1', 61),
	(2, 0, 'YOSEP JOE', 'Komplek Banda Asri No.2', 50),
	(3, 0, 'NAUFAL', 'Komplek Banda Asri No.3', 75);
/*!40000 ALTER TABLE `ref_pelanggan` ENABLE KEYS */;

-- Dumping structure for table acma.ref_users
DROP TABLE IF EXISTS `ref_users`;
CREATE TABLE IF NOT EXISTS `ref_users` (
  `id` int(11) NOT NULL AUTO_INCREMENT,
  `username` varchar(255) DEFAULT NULL,
  `password` text DEFAULT NULL,
  `passtemp` text DEFAULT NULL,
  `nama_lengkap` varchar(255) DEFAULT NULL,
  `nama_lengkapx` varchar(255) DEFAULT NULL,
  `email` varchar(255) DEFAULT NULL,
  `tgl_daftar` datetime DEFAULT NULL,
  `ip` varchar(50) DEFAULT NULL,
  `status_aktif` char(1) DEFAULT 'N' COMMENT 'Y / N',
  `hp` varchar(50) DEFAULT NULL,
  `id_user_group` int(11) DEFAULT NULL,
  `id_opd` int(11) DEFAULT NULL,
  `flag_instansi` int(11) DEFAULT NULL,
  `id_komponen` varchar(50) DEFAULT NULL,
  `id_prov` varchar(50) DEFAULT NULL,
  `id_kabkot` varchar(50) DEFAULT NULL,
  `id_kec` varchar(50) DEFAULT NULL,
  `id_kel` varchar(50) DEFAULT NULL,
  `id_dinas` int(11) DEFAULT NULL,
  `pangkat` varchar(255) DEFAULT NULL,
  `jabatan` varchar(255) DEFAULT NULL,
  `id_wilayah` int(11) DEFAULT NULL,
  `id_lks` int(11) DEFAULT NULL,
  `id_panti` int(11) DEFAULT NULL,
  `sys_ip_address` varchar(50) DEFAULT NULL,
  `sys_login_time` datetime DEFAULT NULL,
  `sys_logout_time` datetime DEFAULT NULL,
  `update_oleh` varchar(50) DEFAULT NULL,
  `update_tgl` datetime DEFAULT NULL,
  PRIMARY KEY (`id`)
) ENGINE=InnoDB AUTO_INCREMENT=21933 DEFAULT CHARSET=latin1;

-- Dumping data for table acma.ref_users: ~9 rows (approximately)
/*!40000 ALTER TABLE `ref_users` DISABLE KEYS */;
INSERT INTO `ref_users` (`id`, `username`, `password`, `passtemp`, `nama_lengkap`, `nama_lengkapx`, `email`, `tgl_daftar`, `ip`, `status_aktif`, `hp`, `id_user_group`, `id_opd`, `flag_instansi`, `id_komponen`, `id_prov`, `id_kabkot`, `id_kec`, `id_kel`, `id_dinas`, `pangkat`, `jabatan`, `id_wilayah`, `id_lks`, `id_panti`, `sys_ip_address`, `sys_login_time`, `sys_logout_time`, `update_oleh`, `update_tgl`) VALUES
	(16384, '25051983', '$2y$05$37RYZS/ojmxYSuuBJ4wTMOwueC7XvuPFhwW5jDghRS8zKyezoPgFK', NULL, 'SuperAdmin', 'SuperAdmin', NULL, NULL, NULL, 'Y', NULL, 1, NULL, NULL, NULL, NULL, NULL, NULL, NULL, NULL, NULL, NULL, NULL, NULL, NULL, '::1', '2021-12-04 10:35:55', '2021-12-04 12:30:59', NULL, NULL),
	(21922, 'kelmelong', '$2y$05$37RYZS/ojmxYSuuBJ4wTMOwueC7XvuPFhwW5jDghRS8zKyezoPgFK', NULL, 'Kelurahan Melong', 'Kelurahan Melong', NULL, NULL, NULL, 'Y', NULL, 4, NULL, NULL, NULL, '32', '32.77', '32.77.01', '32.77.01.1001', NULL, NULL, NULL, NULL, NULL, NULL, '::1', '2021-12-03 16:04:14', '2021-12-03 16:08:27', NULL, NULL),
	(21923, 'test', '$2y$05$37RYZS/ojmxYSuuBJ4wTMOwueC7XvuPFhwW5jDghRS8zKyezoPgFK', NULL, 'Test opekel', NULL, 'admin@admin.com', '2021-11-13 21:43:16', '::1', 'Y', '0', 4, NULL, NULL, NULL, '32', '32.05', '32.05.05', '32.05.05.1001', NULL, NULL, NULL, NULL, NULL, NULL, NULL, NULL, NULL, 'SuperAdmin', '2021-11-13 21:43:16'),
	(21925, 'panti_pemerintah', '$2y$05$37RYZS/ojmxYSuuBJ4wTMOwueC7XvuPFhwW5jDghRS8zKyezoPgFK', NULL, 'Test nama panti pemerintah', NULL, 'admin@admin.com', '2021-11-14 13:34:43', '::1', 'Y', '0', 5, NULL, NULL, NULL, '', '', '', '', NULL, NULL, NULL, NULL, NULL, 852, '::1', '2021-12-03 16:08:35', '2021-12-03 16:08:44', 'SuperAdmin', '2021-11-14 13:34:43'),
	(21926, 'panti_swasta', '$2y$05$37RYZS/ojmxYSuuBJ4wTMOwueC7XvuPFhwW5jDghRS8zKyezoPgFK', NULL, 'cita sehat', NULL, 'admin@admin.com', '2021-11-14 13:35:45', '::1', 'Y', '0', 3, NULL, NULL, NULL, '', '', '', '', NULL, NULL, NULL, NULL, NULL, 854, '::1', '2021-12-01 08:43:49', '2021-11-14 17:02:32', 'SuperAdmin', '2021-11-16 23:18:30'),
	(21927, 'kotacimahi', '$2y$05$37RYZS/ojmxYSuuBJ4wTMOwueC7XvuPFhwW5jDghRS8zKyezoPgFK', NULL, 'Test namax', NULL, 'admin@admin.com', '2021-11-14 19:09:30', '::1', 'Y', '0', 6, NULL, NULL, NULL, '32', '32.77', '', '', NULL, NULL, NULL, NULL, NULL, NULL, '::1', '2021-12-03 16:01:10', '2021-12-03 07:44:30', 'SuperAdmin', '2021-11-14 19:12:55'),
	(21928, 'adminjuara', '$2y$05$37RYZS/ojmxYSuuBJ4wTMOwueC7XvuPFhwW5jDghRS8zKyezoPgFK', NULL, 'Admin', 'Admin', NULL, '2021-11-16 23:13:39', NULL, 'Y', NULL, 2, NULL, NULL, NULL, NULL, NULL, NULL, NULL, NULL, NULL, NULL, NULL, NULL, NULL, '::1', '2021-12-03 15:13:47', '2021-12-03 15:42:25', NULL, NULL),
	(21931, 'petugas', '$2y$05$37RYZS/ojmxYSuuBJ4wTMOwueC7XvuPFhwW5jDghRS8zKyezoPgFK', NULL, 'Petugas Asep Jhony', NULL, 'admin@admin.com', '2021-12-01 15:44:07', '::1', 'Y', '0', 9, NULL, NULL, NULL, '32', '32.73', '32.73.06', '', NULL, NULL, NULL, NULL, NULL, NULL, '::1', '2021-12-04 12:31:11', '2021-12-04 12:31:39', 'Admin', '2021-12-01 15:44:07'),
	(21932, 'validator_panti', '$2y$05$VtKazePTNO6PU2VwRKUAIOq32mDl1B1kAKgYu/cLLLsqrvqmec3k6', NULL, 'validator_panti', NULL, 'mail@mail.com', '2021-12-01 23:44:14', '::1', 'Y', '0', 7, NULL, NULL, NULL, '', '', '', '', NULL, NULL, NULL, NULL, NULL, 852, '::1', '2021-12-03 13:27:36', '2021-12-03 14:00:30', 'SuperAdmin', '2021-12-01 23:44:14');
/*!40000 ALTER TABLE `ref_users` ENABLE KEYS */;

-- Dumping structure for table acma.ref_user_group
DROP TABLE IF EXISTS `ref_user_group`;
CREATE TABLE IF NOT EXISTS `ref_user_group` (
  `id_user_group` int(11) NOT NULL AUTO_INCREMENT,
  `nama_user_group` varchar(255) DEFAULT NULL,
  PRIMARY KEY (`id_user_group`)
) ENGINE=InnoDB AUTO_INCREMENT=14 DEFAULT CHARSET=latin1;

-- Dumping data for table acma.ref_user_group: ~10 rows (approximately)
/*!40000 ALTER TABLE `ref_user_group` DISABLE KEYS */;
INSERT INTO `ref_user_group` (`id_user_group`, `nama_user_group`) VALUES
	(1, 'SUPERADMIN'),
	(2, 'ADMIN APLIKASI'),
	(3, 'ADMIN LKS'),
	(4, 'OPERATOR KELURAHAN'),
	(5, 'OPERATOR PANTI'),
	(6, 'ADMIN DINSOS KABKOT'),
	(7, 'VALIDATOR PANTI'),
	(8, 'EXECUTIVE'),
	(9, 'OPERATOR KECAMATAN'),
	(10, 'ROLE 10');
/*!40000 ALTER TABLE `ref_user_group` ENABLE KEYS */;

-- Dumping structure for table acma.ref_wil_kabkot
DROP TABLE IF EXISTS `ref_wil_kabkot`;
CREATE TABLE IF NOT EXISTS `ref_wil_kabkot` (
  `id_provinsi` varchar(255) DEFAULT NULL,
  `id_kabkot_gabung` varchar(255) DEFAULT NULL,
  `nama` varchar(255) DEFAULT NULL,
  `flag` varchar(255) DEFAULT NULL,
  `id_kabkot` varchar(255) DEFAULT NULL,
  KEY `id_provinsi` (`id_provinsi`) USING BTREE
) ENGINE=InnoDB DEFAULT CHARSET=utf8mb4;

-- Dumping data for table acma.ref_wil_kabkot: ~27 rows (approximately)
/*!40000 ALTER TABLE `ref_wil_kabkot` DISABLE KEYS */;
INSERT INTO `ref_wil_kabkot` (`id_provinsi`, `id_kabkot_gabung`, `nama`, `flag`, `id_kabkot`) VALUES
	('32', NULL, 'KABUPATEN BOGOR', NULL, '32.01'),
	('32', NULL, 'KABUPATEN SUKABUMI', NULL, '32.02'),
	('32', NULL, 'KABUPATEN CIANJUR', NULL, '32.03'),
	('32', NULL, 'KABUPATEN BANDUNG', NULL, '32.04'),
	('32', NULL, 'KABUPATEN GARUT', NULL, '32.05'),
	('32', NULL, 'KABUPATEN TASIKMALAYA', NULL, '32.06'),
	('32', NULL, 'KABUPATEN CIAMIS', NULL, '32.07'),
	('32', NULL, 'KABUPATEN KUNINGAN', NULL, '32.08'),
	('32', NULL, 'KABUPATEN CIREBON', NULL, '32.09'),
	('32', NULL, 'KABUPATEN MAJALENGKA', NULL, '32.10'),
	('32', NULL, 'KABUPATEN SUMEDANG', NULL, '32.11'),
	('32', NULL, 'KABUPATEN INDRAMAYU', NULL, '32.12'),
	('32', NULL, 'KABUPATEN SUBANG', NULL, '32.13'),
	('32', NULL, 'KABUPATEN PURWAKARTA', NULL, '32.14'),
	('32', NULL, 'KABUPATEN KARAWANG', NULL, '32.15'),
	('32', NULL, 'KABUPATEN BEKASI', NULL, '32.16'),
	('32', NULL, 'KABUPATEN BANDUNG BARAT', NULL, '32.17'),
	('32', NULL, 'KABUPATEN PANGANDARAN', NULL, '32.18'),
	('32', NULL, 'KOTA BOGOR', NULL, '32.71'),
	('32', NULL, 'KOTA SUKABUMI', NULL, '32.72'),
	('32', NULL, 'KOTA BANDUNG', NULL, '32.73'),
	('32', NULL, 'KOTA CIREBON', NULL, '32.74'),
	('32', NULL, 'KOTA BEKASI', NULL, '32.75'),
	('32', NULL, 'KOTA DEPOK', NULL, '32.76'),
	('32', NULL, 'KOTA CIMAHI', NULL, '32.77'),
	('32', NULL, 'KOTA TASIKMALAYA', NULL, '32.78'),
	('32', NULL, 'KOTA BANJAR', NULL, '32.79');
/*!40000 ALTER TABLE `ref_wil_kabkot` ENABLE KEYS */;

-- Dumping structure for table acma.ref_wil_kec
DROP TABLE IF EXISTS `ref_wil_kec`;
CREATE TABLE IF NOT EXISTS `ref_wil_kec` (
  `id_provinsi` varchar(255) DEFAULT NULL,
  `id_kecamatan_gabung` varchar(255) DEFAULT NULL,
  `nama` varchar(255) DEFAULT NULL,
  `flag` varchar(255) DEFAULT NULL,
  `id_kabkot` varchar(255) DEFAULT NULL,
  `id_kecamatan` varchar(255) DEFAULT NULL,
  KEY `id_provinsi` (`id_provinsi`) USING BTREE,
  KEY `id_kabkot` (`id_kabkot`) USING BTREE,
  KEY `id_kecamatan` (`id_kecamatan`) USING BTREE
) ENGINE=InnoDB DEFAULT CHARSET=utf8mb4;

-- Dumping data for table acma.ref_wil_kec: ~652 rows (approximately)
/*!40000 ALTER TABLE `ref_wil_kec` DISABLE KEYS */;
INSERT INTO `ref_wil_kec` (`id_provinsi`, `id_kecamatan_gabung`, `nama`, `flag`, `id_kabkot`, `id_kecamatan`) VALUES
	('32', NULL, 'Cibinong', NULL, '32.01', '32.01.01'),
	('32', NULL, 'Gunung Putri', NULL, '32.01', '32.01.02'),
	('32', NULL, 'Citeureup', NULL, '32.01', '32.01.03'),
	('32', NULL, 'Sukaraja', NULL, '32.01', '32.01.04'),
	('32', NULL, 'Babakan Madang', NULL, '32.01', '32.01.05'),
	('32', NULL, 'Jonggol', NULL, '32.01', '32.01.06'),
	('32', NULL, 'Cileungsi', NULL, '32.01', '32.01.07'),
	('32', NULL, 'Cariu', NULL, '32.01', '32.01.08'),
	('32', NULL, 'Sukamakmur', NULL, '32.01', '32.01.09'),
	('32', NULL, 'Parung', NULL, '32.01', '32.01.10'),
	('32', NULL, 'Gunung Sindur', NULL, '32.01', '32.01.11'),
	('32', NULL, 'Kemang', NULL, '32.01', '32.01.12'),
	('32', NULL, 'Bojong Gede', NULL, '32.01', '32.01.13'),
	('32', NULL, 'Leuwiliang', NULL, '32.01', '32.01.14'),
	('32', NULL, 'Ciampea', NULL, '32.01', '32.01.15'),
	('32', NULL, 'Cibungbulang', NULL, '32.01', '32.01.16'),
	('32', NULL, 'Pamijahan', NULL, '32.01', '32.01.17'),
	('32', NULL, 'Rumpin', NULL, '32.01', '32.01.18'),
	('32', NULL, 'Jasinga', NULL, '32.01', '32.01.19'),
	('32', NULL, 'Parung Panjang', NULL, '32.01', '32.01.20'),
	('32', NULL, 'Nanggung', NULL, '32.01', '32.01.21'),
	('32', NULL, 'Cigudeg', NULL, '32.01', '32.01.22'),
	('32', NULL, 'Tenjo', NULL, '32.01', '32.01.23'),
	('32', NULL, 'Ciawi', NULL, '32.01', '32.01.24'),
	('32', NULL, 'Cisarua', NULL, '32.01', '32.01.25'),
	('32', NULL, 'Megamendung', NULL, '32.01', '32.01.26'),
	('32', NULL, 'Caringin', NULL, '32.01', '32.01.27'),
	('32', NULL, 'Cijeruk', NULL, '32.01', '32.01.28'),
	('32', NULL, 'Ciomas', NULL, '32.01', '32.01.29'),
	('32', NULL, 'Dramaga', NULL, '32.01', '32.01.30'),
	('32', NULL, 'Tamansari', NULL, '32.01', '32.01.31'),
	('32', NULL, 'Klapanunggal', NULL, '32.01', '32.01.32'),
	('32', NULL, 'Ciseeng', NULL, '32.01', '32.01.33'),
	('32', NULL, 'Ranca Bungur', NULL, '32.01', '32.01.34'),
	('32', NULL, 'Sukajaya', NULL, '32.01', '32.01.35'),
	('32', NULL, 'Tanjungsari', NULL, '32.01', '32.01.36'),
	('32', NULL, 'Tajurhalang', NULL, '32.01', '32.01.37'),
	('32', NULL, 'Cigombong', NULL, '32.01', '32.01.38'),
	('32', NULL, 'Leuwisadeng', NULL, '32.01', '32.01.39'),
	('32', NULL, 'Tenjolaya', NULL, '32.01', '32.01.40'),
	('32', NULL, 'Palabuhanratu', NULL, '32.02', '32.02.01'),
	('32', NULL, 'Simpenan', NULL, '32.02', '32.02.02'),
	('32', NULL, 'Cikakak', NULL, '32.02', '32.02.03'),
	('32', NULL, 'Bantargadung', NULL, '32.02', '32.02.04'),
	('32', NULL, 'Cisolok', NULL, '32.02', '32.02.05'),
	('32', NULL, 'Cikidang', NULL, '32.02', '32.02.06'),
	('32', NULL, 'Lengkong', NULL, '32.02', '32.02.07'),
	('32', NULL, 'Jampangtengah', NULL, '32.02', '32.02.08'),
	('32', NULL, 'Warungkiara', NULL, '32.02', '32.02.09'),
	('32', NULL, 'Cikembar', NULL, '32.02', '32.02.10'),
	('32', NULL, 'Cibadak', NULL, '32.02', '32.02.11'),
	('32', NULL, 'Nagrak', NULL, '32.02', '32.02.12'),
	('32', NULL, 'Parungkuda', NULL, '32.02', '32.02.13'),
	('32', NULL, 'Bojonggenteng', NULL, '32.02', '32.02.14'),
	('32', NULL, 'Parakansalak', NULL, '32.02', '32.02.15'),
	('32', NULL, 'Cicurug', NULL, '32.02', '32.02.16'),
	('32', NULL, 'Cidahu', NULL, '32.02', '32.02.17'),
	('32', NULL, 'Kalapanunggal', NULL, '32.02', '32.02.18'),
	('32', NULL, 'Kabandungan', NULL, '32.02', '32.02.19'),
	('32', NULL, 'Waluran', NULL, '32.02', '32.02.20'),
	('32', NULL, 'Jampangkulon', NULL, '32.02', '32.02.21'),
	('32', NULL, 'Ciemas', NULL, '32.02', '32.02.22'),
	('32', NULL, 'Kalibunder', NULL, '32.02', '32.02.23'),
	('32', NULL, 'Surade', NULL, '32.02', '32.02.24'),
	('32', NULL, 'Cibitung', NULL, '32.02', '32.02.25'),
	('32', NULL, 'Ciracap', NULL, '32.02', '32.02.26'),
	('32', NULL, 'Gunungguruh', NULL, '32.02', '32.02.27'),
	('32', NULL, 'Cicantayan', NULL, '32.02', '32.02.28'),
	('32', NULL, 'Cisaat', NULL, '32.02', '32.02.29'),
	('32', NULL, 'Kadudampit', NULL, '32.02', '32.02.30'),
	('32', NULL, 'Caringin', NULL, '32.02', '32.02.31'),
	('32', NULL, 'Sukabumi', NULL, '32.02', '32.02.32'),
	('32', NULL, 'Sukaraja', NULL, '32.02', '32.02.33'),
	('32', NULL, 'Kebonpedes', NULL, '32.02', '32.02.34'),
	('32', NULL, 'Cireunghas', NULL, '32.02', '32.02.35'),
	('32', NULL, 'Sukalarang', NULL, '32.02', '32.02.36'),
	('32', NULL, 'Pabuaran', NULL, '32.02', '32.02.37'),
	('32', NULL, 'Purabaya', NULL, '32.02', '32.02.38'),
	('32', NULL, 'Nyalindung', NULL, '32.02', '32.02.39'),
	('32', NULL, 'Gegerbitung', NULL, '32.02', '32.02.40'),
	('32', NULL, 'Sagaranten', NULL, '32.02', '32.02.41'),
	('32', NULL, 'Curugkembar', NULL, '32.02', '32.02.42'),
	('32', NULL, 'Cidolog', NULL, '32.02', '32.02.43'),
	('32', NULL, 'Cidadap', NULL, '32.02', '32.02.44'),
	('32', NULL, 'Tegalbuleud', NULL, '32.02', '32.02.45'),
	('32', NULL, 'Cimanggu', NULL, '32.02', '32.02.46'),
	('32', NULL, 'Ciambar', NULL, '32.02', '32.02.47'),
	('32', NULL, 'Cianjur', NULL, '32.03', '32.03.01'),
	('32', NULL, 'Warungkondang', NULL, '32.03', '32.03.02'),
	('32', NULL, 'Cibeber', NULL, '32.03', '32.03.03'),
	('32', NULL, 'Cilaku', NULL, '32.03', '32.03.04'),
	('32', NULL, 'Ciranjang', NULL, '32.03', '32.03.05'),
	('32', NULL, 'Bojongpicung', NULL, '32.03', '32.03.06'),
	('32', NULL, 'Karangtengah', NULL, '32.03', '32.03.07'),
	('32', NULL, 'Mande', NULL, '32.03', '32.03.08'),
	('32', NULL, 'Sukaluyu', NULL, '32.03', '32.03.09'),
	('32', NULL, 'Pacet', NULL, '32.03', '32.03.10'),
	('32', NULL, 'Cugenang', NULL, '32.03', '32.03.11'),
	('32', NULL, 'Cikalongkulon', NULL, '32.03', '32.03.12'),
	('32', NULL, 'Sukaresmi', NULL, '32.03', '32.03.13'),
	('32', NULL, 'Sukanagara', NULL, '32.03', '32.03.14'),
	('32', NULL, 'Campaka', NULL, '32.03', '32.03.15'),
	('32', NULL, 'Takokak', NULL, '32.03', '32.03.16'),
	('32', NULL, 'Kadupandak', NULL, '32.03', '32.03.17'),
	('32', NULL, 'Pagelaran', NULL, '32.03', '32.03.18'),
	('32', NULL, 'Tanggeung', NULL, '32.03', '32.03.19'),
	('32', NULL, 'Cibinong', NULL, '32.03', '32.03.20'),
	('32', NULL, 'Sindangbarang', NULL, '32.03', '32.03.21'),
	('32', NULL, 'Agrabinta', NULL, '32.03', '32.03.22'),
	('32', NULL, 'Cidaun', NULL, '32.03', '32.03.23'),
	('32', NULL, 'Naringgul', NULL, '32.03', '32.03.24'),
	('32', NULL, 'Campakamulya', NULL, '32.03', '32.03.25'),
	('32', NULL, 'Cikadu', NULL, '32.03', '32.03.26'),
	('32', NULL, 'Gekbrong', NULL, '32.03', '32.03.27'),
	('32', NULL, 'Cipanas', NULL, '32.03', '32.03.28'),
	('32', NULL, 'Cijati', NULL, '32.03', '32.03.29'),
	('32', NULL, 'Leles', NULL, '32.03', '32.03.30'),
	('32', NULL, 'Haurwangi', NULL, '32.03', '32.03.31'),
	('32', NULL, 'Pasirkuda', NULL, '32.03', '32.03.32'),
	('32', NULL, 'Padalarang', NULL, '32.04', ''),
	('32', NULL, 'Batujajar', NULL, '32.04', ''),
	('32', NULL, 'Cipatat', NULL, '32.04', ''),
	('32', NULL, 'Ngamprah', NULL, '32.04', ''),
	('32', NULL, 'Cileunyi', NULL, '32.04', '32.04.05'),
	('32', NULL, 'Cimenyan', NULL, '32.04', '32.04.06'),
	('32', NULL, 'Cilengkrang', NULL, '32.04', '32.04.07'),
	('32', NULL, 'Bojongsoang', NULL, '32.04', '32.04.08'),
	('32', NULL, 'Margahayu', NULL, '32.04', '32.04.09'),
	('32', NULL, 'Margaasih', NULL, '32.04', '32.04.10'),
	('32', NULL, 'Katapang', NULL, '32.04', '32.04.11'),
	('32', NULL, 'Dayeuhkolot', NULL, '32.04', '32.04.12'),
	('32', NULL, 'Banjaran', NULL, '32.04', '32.04.13'),
	('32', NULL, 'Pameungpeuk', NULL, '32.04', '32.04.14'),
	('32', NULL, 'Pangalengan', NULL, '32.04', '32.04.15'),
	('32', NULL, 'Arjasari', NULL, '32.04', '32.04.16'),
	('32', NULL, 'Cimaung', NULL, '32.04', '32.04.17'),
	('32', NULL, 'Cililin', NULL, '32.04', ''),
	('32', NULL, 'Sindangkerta', NULL, '32.04', ''),
	('32', NULL, 'Cipongkor', NULL, '32.04', ''),
	('32', NULL, 'Gununghalu', NULL, '32.04', ''),
	('32', NULL, 'Rongga', NULL, '32.04', ''),
	('32', NULL, 'Cikalongwetan', NULL, '32.04', ''),
	('32', NULL, 'Cipendeuy', NULL, '32.04', ''),
	('32', NULL, 'Cicalengka', NULL, '32.04', '32.04.25'),
	('32', NULL, 'Nagreg', NULL, '32.04', '32.04.26'),
	('32', NULL, 'Cikancung', NULL, '32.04', '32.04.27'),
	('32', NULL, 'Rancaekek', NULL, '32.04', '32.04.28'),
	('32', NULL, 'Ciparay', NULL, '32.04', '32.04.29'),
	('32', NULL, 'Pacet', NULL, '32.04', '32.04.30'),
	('32', NULL, 'Kertasari', NULL, '32.04', '32.04.31'),
	('32', NULL, 'Baleendah', NULL, '32.04', '32.04.32'),
	('32', NULL, 'Majalaya', NULL, '32.04', '32.04.33'),
	('32', NULL, 'Solokanjeruk', NULL, '32.04', '32.04.34'),
	('32', NULL, 'Paseh', NULL, '32.04', '32.04.35'),
	('32', NULL, 'Ibun', NULL, '32.04', '32.04.36'),
	('32', NULL, 'Soreang', NULL, '32.04', '32.04.37'),
	('32', NULL, 'Pasirjambu', NULL, '32.04', '32.04.38'),
	('32', NULL, 'Ciwidey', NULL, '32.04', '32.04.39'),
	('32', NULL, 'Rancabali', NULL, '32.04', '32.04.40'),
	('32', NULL, 'Lembang', NULL, '32.04', ''),
	('32', NULL, 'Cisarua', NULL, '32.04', ''),
	('32', NULL, 'Paropong', NULL, '32.04', ''),
	('32', NULL, 'Cangkuang', NULL, '32.04', '32.04.44'),
	('32', NULL, 'Cihampelas', NULL, '32.04', ''),
	('32', NULL, 'Kutawaringin', NULL, '32.04', '32.04.46'),
	('32', NULL, 'Garut Kota', NULL, '32.05', '32.05.01'),
	('32', NULL, 'Karangpawitan', NULL, '32.05', '32.05.02'),
	('32', NULL, 'Wanaraja', NULL, '32.05', '32.05.03'),
	('32', NULL, 'Tarogong Kaler', NULL, '32.05', '32.05.04'),
	('32', NULL, 'Tarogong Kidul', NULL, '32.05', '32.05.05'),
	('32', NULL, 'Banyuresmi', NULL, '32.05', '32.05.06'),
	('32', NULL, 'Samarang', NULL, '32.05', '32.05.07'),
	('32', NULL, 'Pasirwangi', NULL, '32.05', '32.05.08'),
	('32', NULL, 'Leles', NULL, '32.05', '32.05.09'),
	('32', NULL, 'Kadungora', NULL, '32.05', '32.05.10'),
	('32', NULL, 'Leuwigoong', NULL, '32.05', '32.05.11'),
	('32', NULL, 'Cibatu', NULL, '32.05', '32.05.12'),
	('32', NULL, 'Kersamanah', NULL, '32.05', '32.05.13'),
	('32', NULL, 'Malangbong', NULL, '32.05', '32.05.14'),
	('32', NULL, 'Sukawening', NULL, '32.05', '32.05.15'),
	('32', NULL, 'Karangtengah', NULL, '32.05', '32.05.16'),
	('32', NULL, 'Bayongbong', NULL, '32.05', '32.05.17'),
	('32', NULL, 'Cigedug', NULL, '32.05', '32.05.18'),
	('32', NULL, 'Cilawu', NULL, '32.05', '32.05.19'),
	('32', NULL, 'Cisurupan', NULL, '32.05', '32.05.20'),
	('32', NULL, 'Sukaresmi', NULL, '32.05', '32.05.21'),
	('32', NULL, 'Cikajang', NULL, '32.05', '32.05.22'),
	('32', NULL, 'Banjarwangi', NULL, '32.05', '32.05.23'),
	('32', NULL, 'Singajaya', NULL, '32.05', '32.05.24'),
	('32', NULL, 'Cihurip', NULL, '32.05', '32.05.25'),
	('32', NULL, 'Peundeuy', NULL, '32.05', '32.05.26'),
	('32', NULL, 'Pameungpeuk', NULL, '32.05', '32.05.27'),
	('32', NULL, 'Cisompet', NULL, '32.05', '32.05.28'),
	('32', NULL, 'Cibalong', NULL, '32.05', '32.05.29'),
	('32', NULL, 'Cikelet', NULL, '32.05', '32.05.30'),
	('32', NULL, 'Bungbulang', NULL, '32.05', '32.05.31'),
	('32', NULL, 'Mekarmukti', NULL, '32.05', '32.05.32'),
	('32', NULL, 'Pakenjeng', NULL, '32.05', '32.05.33'),
	('32', NULL, 'Pamulihan', NULL, '32.05', '32.05.34'),
	('32', NULL, 'Cisewu', NULL, '32.05', '32.05.35'),
	('32', NULL, 'Caringin', NULL, '32.05', '32.05.36'),
	('32', NULL, 'Talegong', NULL, '32.05', '32.05.37'),
	('32', NULL, 'Bl. Limbangan', NULL, '32.05', '32.05.38'),
	('32', NULL, 'Selaawi', NULL, '32.05', '32.05.39'),
	('32', NULL, 'Cibiuk', NULL, '32.05', '32.05.40'),
	('32', NULL, 'Pangatikan', NULL, '32.05', '32.05.41'),
	('32', NULL, 'Sucinaraja', NULL, '32.05', '32.05.42'),
	('32', NULL, 'Cipatujah', NULL, '32.06', '32.06.01'),
	('32', NULL, 'Karangnunggal', NULL, '32.06', '32.06.02'),
	('32', NULL, 'Cikalong', NULL, '32.06', '32.06.03'),
	('32', NULL, 'Pancatengah', NULL, '32.06', '32.06.04'),
	('32', NULL, 'Cikatomas', NULL, '32.06', '32.06.05'),
	('32', NULL, 'Cibalong', NULL, '32.06', '32.06.06'),
	('32', NULL, 'Parungponteng', NULL, '32.06', '32.06.07'),
	('32', NULL, 'Bantarkalong', NULL, '32.06', '32.06.08'),
	('32', NULL, 'Bojongasih', NULL, '32.06', '32.06.09'),
	('32', NULL, 'Culamega', NULL, '32.06', '32.06.10'),
	('32', NULL, 'Bojonggambir', NULL, '32.06', '32.06.11'),
	('32', NULL, 'Sodonghilir', NULL, '32.06', '32.06.12'),
	('32', NULL, 'Taraju', NULL, '32.06', '32.06.13'),
	('32', NULL, 'Salawu', NULL, '32.06', '32.06.14'),
	('32', NULL, 'Puspahiang', NULL, '32.06', '32.06.15'),
	('32', NULL, 'Tanjungjaya', NULL, '32.06', '32.06.16'),
	('32', NULL, 'Sukaraja', NULL, '32.06', '32.06.17'),
	('32', NULL, 'Salopa', NULL, '32.06', '32.06.18'),
	('32', NULL, 'Jatiwaras', NULL, '32.06', '32.06.19'),
	('32', NULL, 'Cineam', NULL, '32.06', '32.06.20'),
	('32', NULL, 'Karang Jaya', NULL, '32.06', '32.06.21'),
	('32', NULL, 'Manonjaya', NULL, '32.06', '32.06.22'),
	('32', NULL, 'Gunung Tanjung', NULL, '32.06', '32.06.23'),
	('32', NULL, 'Singaparna', NULL, '32.06', '32.06.24'),
	('32', NULL, 'Mangunreja', NULL, '32.06', '32.06.25'),
	('32', NULL, 'Sukarame', NULL, '32.06', '32.06.26'),
	('32', NULL, 'Cigalontang', NULL, '32.06', '32.06.27'),
	('32', NULL, 'Leuwisari', NULL, '32.06', '32.06.28'),
	('32', NULL, 'Padakembang', NULL, '32.06', '32.06.29'),
	('32', NULL, 'Sariwangi', NULL, '32.06', '32.06.30'),
	('32', NULL, 'Sukaratu', NULL, '32.06', '32.06.31'),
	('32', NULL, 'Cisayong', NULL, '32.06', '32.06.32'),
	('32', NULL, 'Sukahening', NULL, '32.06', '32.06.33'),
	('32', NULL, 'Rajapolah', NULL, '32.06', '32.06.34'),
	('32', NULL, 'Jamanis', NULL, '32.06', '32.06.35'),
	('32', NULL, 'Ciawi', NULL, '32.06', '32.06.36'),
	('32', NULL, 'Kadipaten', NULL, '32.06', '32.06.37'),
	('32', NULL, 'Pagerageung', NULL, '32.06', '32.06.38'),
	('32', NULL, 'Sukaresik', NULL, '32.06', '32.06.39'),
	('32', NULL, 'Ciamis', NULL, '32.07', '32.07.01'),
	('32', NULL, 'Cikoneng', NULL, '32.07', '32.07.02'),
	('32', NULL, 'Cijeungjing', NULL, '32.07', '32.07.03'),
	('32', NULL, 'Sadananya', NULL, '32.07', '32.07.04'),
	('32', NULL, 'Cidolog', NULL, '32.07', '32.07.05'),
	('32', NULL, 'Cihaurbeuti', NULL, '32.07', '32.07.06'),
	('32', NULL, 'Panumbangan', NULL, '32.07', '32.07.07'),
	('32', NULL, 'Panjalu', NULL, '32.07', '32.07.08'),
	('32', NULL, 'Kawali', NULL, '32.07', '32.07.09'),
	('32', NULL, 'Panawangan', NULL, '32.07', '32.07.10'),
	('32', NULL, 'Cipaku', NULL, '32.07', '32.07.11'),
	('32', NULL, 'Jatinagara', NULL, '32.07', '32.07.12'),
	('32', NULL, 'Rajadesa', NULL, '32.07', '32.07.13'),
	('32', NULL, 'Sukadana', NULL, '32.07', '32.07.14'),
	('32', NULL, 'Rancah', NULL, '32.07', '32.07.15'),
	('32', NULL, 'Tambaksari', NULL, '32.07', '32.07.16'),
	('32', NULL, 'Lakbok', NULL, '32.07', '32.07.17'),
	('32', NULL, 'Banjarsari', NULL, '32.07', '32.07.18'),
	('32', NULL, 'Pamarican', NULL, '32.07', '32.07.19'),
	('32', NULL, 'Padaherang', NULL, '32.07', ''),
	('32', NULL, 'Kalipucang', NULL, '32.07', ''),
	('32', NULL, 'Pangandaran', NULL, '32.07', ''),
	('32', NULL, 'Sidamulih', NULL, '32.07', ''),
	('32', NULL, 'Parigi', NULL, '32.07', ''),
	('32', NULL, 'Cijulang', NULL, '32.07', ''),
	('32', NULL, 'Cimerak', NULL, '32.07', ''),
	('32', NULL, 'Cigugur', NULL, '32.07', ''),
	('32', NULL, 'Langkaplancar', NULL, '32.07', ''),
	('32', NULL, 'Cimaragas', NULL, '32.07', '32.07.29'),
	('32', NULL, 'Cisaga', NULL, '32.07', '32.07.30'),
	('32', NULL, 'Sindangkasih', NULL, '32.07', '32.07.31'),
	('32', NULL, 'Baregbeg', NULL, '32.07', '32.07.32'),
	('32', NULL, 'Sukamantri', NULL, '32.07', '32.07.33'),
	('32', NULL, 'Lumbung', NULL, '32.07', '32.07.34'),
	('32', NULL, 'Purwadadi', NULL, '32.07', '32.07.35'),
	('32', NULL, 'Mangunjaya', NULL, '32.07', ''),
	('32', NULL, 'Banjaranyar', NULL, '32.07', '32.07.37'),
	('32', NULL, 'Kadugede', NULL, '32.08', '32.08.01'),
	('32', NULL, 'Ciniru', NULL, '32.08', '32.08.02'),
	('32', NULL, 'Subang', NULL, '32.08', '32.08.03'),
	('32', NULL, 'Ciwaru', NULL, '32.08', '32.08.04'),
	('32', NULL, 'Cibingbin', NULL, '32.08', '32.08.05'),
	('32', NULL, 'Luragung', NULL, '32.08', '32.08.06'),
	('32', NULL, 'Lebakwangi', NULL, '32.08', '32.08.07'),
	('32', NULL, 'Garawangi', NULL, '32.08', '32.08.08'),
	('32', NULL, 'Kuningan', NULL, '32.08', '32.08.09'),
	('32', NULL, 'Ciawigebang', NULL, '32.08', '32.08.10'),
	('32', NULL, 'Cidahu', NULL, '32.08', '32.08.11'),
	('32', NULL, 'Jalaksana', NULL, '32.08', '32.08.12'),
	('32', NULL, 'Cilimus', NULL, '32.08', '32.08.13'),
	('32', NULL, 'Mandirancan', NULL, '32.08', '32.08.14'),
	('32', NULL, 'Selajambe', NULL, '32.08', '32.08.15'),
	('32', NULL, 'Kramatmulya', NULL, '32.08', '32.08.16'),
	('32', NULL, 'Darma', NULL, '32.08', '32.08.17'),
	('32', NULL, 'Cigugur', NULL, '32.08', '32.08.18'),
	('32', NULL, 'Pasawahan', NULL, '32.08', '32.08.19'),
	('32', NULL, 'Nusaherang', NULL, '32.08', '32.08.20'),
	('32', NULL, 'Cipicung', NULL, '32.08', '32.08.21'),
	('32', NULL, 'Pancalang', NULL, '32.08', '32.08.22'),
	('32', NULL, 'Japara', NULL, '32.08', '32.08.23'),
	('32', NULL, 'Cimahi', NULL, '32.08', '32.08.24'),
	('32', NULL, 'Cilebak', NULL, '32.08', '32.08.25'),
	('32', NULL, 'Hantara', NULL, '32.08', '32.08.26'),
	('32', NULL, 'Kalimanggis', NULL, '32.08', '32.08.27'),
	('32', NULL, 'Cibeureum', NULL, '32.08', '32.08.28'),
	('32', NULL, 'Karang Kancana', NULL, '32.08', '32.08.29'),
	('32', NULL, 'Maleber', NULL, '32.08', '32.08.30'),
	('32', NULL, 'Sindangagung', NULL, '32.08', '32.08.31'),
	('32', NULL, 'Cigandamekar', NULL, '32.08', '32.08.32'),
	('32', NULL, 'Waled', NULL, '32.09', '32.09.01'),
	('32', NULL, 'Ciledug', NULL, '32.09', '32.09.02'),
	('32', NULL, 'Losari', NULL, '32.09', '32.09.03'),
	('32', NULL, 'Pabedilan', NULL, '32.09', '32.09.04'),
	('32', NULL, 'Babakan', NULL, '32.09', '32.09.05'),
	('32', NULL, 'Karangsembung', NULL, '32.09', '32.09.06'),
	('32', NULL, 'Lemahabang', NULL, '32.09', '32.09.07'),
	('32', NULL, 'Susukan Lebak', NULL, '32.09', '32.09.08'),
	('32', NULL, 'Sedong', NULL, '32.09', '32.09.09'),
	('32', NULL, 'Astanajapura', NULL, '32.09', '32.09.10'),
	('32', NULL, 'Pangenan', NULL, '32.09', '32.09.11'),
	('32', NULL, 'Mundu', NULL, '32.09', '32.09.12'),
	('32', NULL, 'Beber', NULL, '32.09', '32.09.13'),
	('32', NULL, 'Talun', NULL, '32.09', '32.09.14'),
	('32', NULL, 'Sumber', NULL, '32.09', '32.09.15'),
	('32', NULL, 'Dukupuntang', NULL, '32.09', '32.09.16'),
	('32', NULL, 'Palimanan', NULL, '32.09', '32.09.17'),
	('32', NULL, 'Plumbon', NULL, '32.09', '32.09.18'),
	('32', NULL, 'Weru', NULL, '32.09', '32.09.19'),
	('32', NULL, 'Kedawung', NULL, '32.09', '32.09.20'),
	('32', NULL, 'Gunung Jati', NULL, '32.09', '32.09.21'),
	('32', NULL, 'Kapetakan', NULL, '32.09', '32.09.22'),
	('32', NULL, 'Klangenan', NULL, '32.09', '32.09.23'),
	('32', NULL, 'Arjawinangun', NULL, '32.09', '32.09.24'),
	('32', NULL, 'Panguragan', NULL, '32.09', '32.09.25'),
	('32', NULL, 'Ciwaringin', NULL, '32.09', '32.09.26'),
	('32', NULL, 'Susukan', NULL, '32.09', '32.09.27'),
	('32', NULL, 'Gegesik', NULL, '32.09', '32.09.28'),
	('32', NULL, 'Kaliwedi', NULL, '32.09', '32.09.29'),
	('32', NULL, 'Gebang', NULL, '32.09', '32.09.30'),
	('32', NULL, 'Depok', NULL, '32.09', '32.09.31'),
	('32', NULL, 'Pasaleman', NULL, '32.09', '32.09.32'),
	('32', NULL, 'Pabuaran', NULL, '32.09', '32.09.33'),
	('32', NULL, 'Karangwareng', NULL, '32.09', '32.09.34'),
	('32', NULL, 'Tengah Tani', NULL, '32.09', '32.09.35'),
	('32', NULL, 'Plered', NULL, '32.09', '32.09.36'),
	('32', NULL, 'Gempol', NULL, '32.09', '32.09.37'),
	('32', NULL, 'Greged', NULL, '32.09', '32.09.38'),
	('32', NULL, 'Suranenggala', NULL, '32.09', '32.09.39'),
	('32', NULL, 'Jamblang', NULL, '32.09', '32.09.40'),
	('32', NULL, 'Lemahsugih', NULL, '32.10', '32.10.01'),
	('32', NULL, 'Bantarujeg', NULL, '32.10', '32.10.02'),
	('32', NULL, 'Cikijing', NULL, '32.10', '32.10.03'),
	('32', NULL, 'Talaga', NULL, '32.10', '32.10.04'),
	('32', NULL, 'Argapura', NULL, '32.10', '32.10.05'),
	('32', NULL, 'Maja', NULL, '32.10', '32.10.06'),
	('32', NULL, 'Majalengka', NULL, '32.10', '32.10.07'),
	('32', NULL, 'Sukahaji', NULL, '32.10', '32.10.08'),
	('32', NULL, 'Rajagaluh', NULL, '32.10', '32.10.09'),
	('32', NULL, 'Leuwimunding', NULL, '32.10', '32.10.10'),
	('32', NULL, 'Jatiwangi', NULL, '32.10', '32.10.11'),
	('32', NULL, 'Dawuan', NULL, '32.10', '32.10.12'),
	('32', NULL, 'Kadipaten', NULL, '32.10', '32.10.13'),
	('32', NULL, 'Kertajati', NULL, '32.10', '32.10.14'),
	('32', NULL, 'Jatitujuh', NULL, '32.10', '32.10.15'),
	('32', NULL, 'Ligung', NULL, '32.10', '32.10.16'),
	('32', NULL, 'Sumberjaya', NULL, '32.10', '32.10.17'),
	('32', NULL, 'Panyingkiran', NULL, '32.10', '32.10.18'),
	('32', NULL, 'Palasah', NULL, '32.10', '32.10.19'),
	('32', NULL, 'Cigasong', NULL, '32.10', '32.10.20'),
	('32', NULL, 'Sindangwangi', NULL, '32.10', '32.10.21'),
	('32', NULL, 'Banjaran', NULL, '32.10', '32.10.22'),
	('32', NULL, 'Cingambul', NULL, '32.10', '32.10.23'),
	('32', NULL, 'Kasokandel', NULL, '32.10', '32.10.24'),
	('32', NULL, 'Sindang', NULL, '32.10', '32.10.25'),
	('32', NULL, 'Malausma', NULL, '32.10', '32.10.26'),
	('32', NULL, 'Wado', NULL, '32.11', '32.11.01'),
	('32', NULL, 'Jatinunggal', NULL, '32.11', '32.11.02'),
	('32', NULL, 'Darmaraja', NULL, '32.11', '32.11.03'),
	('32', NULL, 'Cibugel', NULL, '32.11', '32.11.04'),
	('32', NULL, 'Cisitu', NULL, '32.11', '32.11.05'),
	('32', NULL, 'Situraja', NULL, '32.11', '32.11.06'),
	('32', NULL, 'Conggeang', NULL, '32.11', '32.11.07'),
	('32', NULL, 'Paseh', NULL, '32.11', '32.11.08'),
	('32', NULL, 'Surian', NULL, '32.11', '32.11.09'),
	('32', NULL, 'Buahdua', NULL, '32.11', '32.11.10'),
	('32', NULL, 'Tanjungsari', NULL, '32.11', '32.11.11'),
	('32', NULL, 'Sukasari', NULL, '32.11', '32.11.12'),
	('32', NULL, 'Pamulihan', NULL, '32.11', '32.11.13'),
	('32', NULL, 'Cimanggung', NULL, '32.11', '32.11.14'),
	('32', NULL, 'Jatinangor', NULL, '32.11', '32.11.15'),
	('32', NULL, 'Rancakalong', NULL, '32.11', '32.11.16'),
	('32', NULL, 'Sumedang Selatan', NULL, '32.11', '32.11.17'),
	('32', NULL, 'Sumedang Utara', NULL, '32.11', '32.11.18'),
	('32', NULL, 'Ganeas', NULL, '32.11', '32.11.19'),
	('32', NULL, 'Tanjungkerta', NULL, '32.11', '32.11.20'),
	('32', NULL, 'Tanjungmedar', NULL, '32.11', '32.11.21'),
	('32', NULL, 'Cimalaka', NULL, '32.11', '32.11.22'),
	('32', NULL, 'Cisarua', NULL, '32.11', '32.11.23'),
	('32', NULL, 'Tomo', NULL, '32.11', '32.11.24'),
	('32', NULL, 'Ujungjaya', NULL, '32.11', '32.11.25'),
	('32', NULL, 'Jatigede', NULL, '32.11', '32.11.26'),
	('32', NULL, 'Haurgeulis', NULL, '32.12', '32.12.01'),
	('32', NULL, 'Kroya', NULL, '32.12', '32.12.02'),
	('32', NULL, 'Gabuswetan', NULL, '32.12', '32.12.03'),
	('32', NULL, 'Cikedung', NULL, '32.12', '32.12.04'),
	('32', NULL, 'Lelea', NULL, '32.12', '32.12.05'),
	('32', NULL, 'Bangodua', NULL, '32.12', '32.12.06'),
	('32', NULL, 'Widasari', NULL, '32.12', '32.12.07'),
	('32', NULL, 'Kertasemaya', NULL, '32.12', '32.12.08'),
	('32', NULL, 'Krangkeng', NULL, '32.12', '32.12.09'),
	('32', NULL, 'Karangampel', NULL, '32.12', '32.12.10'),
	('32', NULL, 'Juntinyuat', NULL, '32.12', '32.12.11'),
	('32', NULL, 'Sliyeg', NULL, '32.12', '32.12.12'),
	('32', NULL, 'Jatibarang', NULL, '32.12', '32.12.13'),
	('32', NULL, 'Balongan', NULL, '32.12', '32.12.14'),
	('32', NULL, 'Indramayu', NULL, '32.12', '32.12.15'),
	('32', NULL, 'Sindang', NULL, '32.12', '32.12.16'),
	('32', NULL, 'Cantigi', NULL, '32.12', '32.12.17'),
	('32', NULL, 'Lohbener', NULL, '32.12', '32.12.18'),
	('32', NULL, 'Arahan', NULL, '32.12', '32.12.19'),
	('32', NULL, 'Losarang', NULL, '32.12', '32.12.20'),
	('32', NULL, 'Kandanghaur', NULL, '32.12', '32.12.21'),
	('32', NULL, 'Bongas', NULL, '32.12', '32.12.22'),
	('32', NULL, 'Anjatan', NULL, '32.12', '32.12.23'),
	('32', NULL, 'Sukra', NULL, '32.12', '32.12.24'),
	('32', NULL, 'Gantar', NULL, '32.12', '32.12.25'),
	('32', NULL, 'Trisi', NULL, '32.12', '32.12.26'),
	('32', NULL, 'Sukagumiwang', NULL, '32.12', '32.12.27'),
	('32', NULL, 'Kedokan Bunder', NULL, '32.12', '32.12.28'),
	('32', NULL, 'Pasekan', NULL, '32.12', '32.12.29'),
	('32', NULL, 'Tukdana', NULL, '32.12', '32.12.30'),
	('32', NULL, 'Patrol', NULL, '32.12', '32.12.31'),
	('32', NULL, 'Sagalaherang', NULL, '32.13', '32.13.01'),
	('32', NULL, 'Cisalak', NULL, '32.13', '32.13.02'),
	('32', NULL, 'Subang', NULL, '32.13', '32.13.03'),
	('32', NULL, 'Kalijati', NULL, '32.13', '32.13.04'),
	('32', NULL, 'Pabuaran', NULL, '32.13', '32.13.05'),
	('32', NULL, 'Purwadadi', NULL, '32.13', '32.13.06'),
	('32', NULL, 'Pagaden', NULL, '32.13', '32.13.07'),
	('32', NULL, 'Binong', NULL, '32.13', '32.13.08'),
	('32', NULL, 'Ciasem', NULL, '32.13', '32.13.09'),
	('32', NULL, 'Pusakanagara', NULL, '32.13', '32.13.10'),
	('32', NULL, 'Pamanukan', NULL, '32.13', '32.13.11'),
	('32', NULL, 'Jalancagak', NULL, '32.13', '32.13.12'),
	('32', NULL, 'Blanakan', NULL, '32.13', '32.13.13'),
	('32', NULL, 'Tanjungsiang', NULL, '32.13', '32.13.14'),
	('32', NULL, 'Compreng', NULL, '32.13', '32.13.15'),
	('32', NULL, 'Patokbeusi', NULL, '32.13', '32.13.16'),
	('32', NULL, 'Cibogo', NULL, '32.13', '32.13.17'),
	('32', NULL, 'Cipunagara', NULL, '32.13', '32.13.18'),
	('32', NULL, 'Cijambe', NULL, '32.13', '32.13.19'),
	('32', NULL, 'Cipeundeuy', NULL, '32.13', '32.13.20'),
	('32', NULL, 'Legonkulon', NULL, '32.13', '32.13.21'),
	('32', NULL, 'Cikaum', NULL, '32.13', '32.13.22'),
	('32', NULL, 'Serangpanjang', NULL, '32.13', '32.13.23'),
	('32', NULL, 'Sukasari', NULL, '32.13', '32.13.24'),
	('32', NULL, 'Tambakdahan', NULL, '32.13', '32.13.25'),
	('32', NULL, 'Kasomalang', NULL, '32.13', '32.13.26'),
	('32', NULL, 'Dawuan', NULL, '32.13', '32.13.27'),
	('32', NULL, 'Pagaden Barat', NULL, '32.13', '32.13.28'),
	('32', NULL, 'Ciater', NULL, '32.13', '32.13.29'),
	('32', NULL, 'Pusakajaya', NULL, '32.13', '32.13.30'),
	('32', NULL, 'Purwakarta', NULL, '32.14', '32.14.01'),
	('32', NULL, 'Campaka', NULL, '32.14', '32.14.02'),
	('32', NULL, 'Jatiluhur', NULL, '32.14', '32.14.03'),
	('32', NULL, 'Plered', NULL, '32.14', '32.14.04'),
	('32', NULL, 'Sukatani', NULL, '32.14', '32.14.05'),
	('32', NULL, 'Darangdan', NULL, '32.14', '32.14.06'),
	('32', NULL, 'Maniis', NULL, '32.14', '32.14.07'),
	('32', NULL, 'Tegalwaru', NULL, '32.14', '32.14.08'),
	('32', NULL, 'Wanayasa', NULL, '32.14', '32.14.09'),
	('32', NULL, 'Pasawahan', NULL, '32.14', '32.14.10'),
	('32', NULL, 'Bojong', NULL, '32.14', '32.14.11'),
	('32', NULL, 'Babakancikao', NULL, '32.14', '32.14.12'),
	('32', NULL, 'Bungursari', NULL, '32.14', '32.14.13'),
	('32', NULL, 'Cibatu', NULL, '32.14', '32.14.14'),
	('32', NULL, 'Sukasari', NULL, '32.14', '32.14.15'),
	('32', NULL, 'Pondoksalam', NULL, '32.14', '32.14.16'),
	('32', NULL, 'Kiarapedes', NULL, '32.14', '32.14.17'),
	('32', NULL, 'Karawang Barat', NULL, '32.15', '32.15.01'),
	('32', NULL, 'Pangkalan', NULL, '32.15', '32.15.02'),
	('32', NULL, 'Telukjambe Timur', NULL, '32.15', '32.15.03'),
	('32', NULL, 'Ciampel', NULL, '32.15', '32.15.04'),
	('32', NULL, 'Klari', NULL, '32.15', '32.15.05'),
	('32', NULL, 'Rengasdengklok', NULL, '32.15', '32.15.06'),
	('32', NULL, 'Kutawaluya', NULL, '32.15', '32.15.07'),
	('32', NULL, 'Batujaya', NULL, '32.15', '32.15.08'),
	('32', NULL, 'Tirtajaya', NULL, '32.15', '32.15.09'),
	('32', NULL, 'Pedes', NULL, '32.15', '32.15.10'),
	('32', NULL, 'Cibuaya', NULL, '32.15', '32.15.11'),
	('32', NULL, 'Pakisjaya', NULL, '32.15', '32.15.12'),
	('32', NULL, 'Cikampek', NULL, '32.15', '32.15.13'),
	('32', NULL, 'Jatisari', NULL, '32.15', '32.15.14'),
	('32', NULL, 'Cilamaya Wetan', NULL, '32.15', '32.15.15'),
	('32', NULL, 'Tirtamulya', NULL, '32.15', '32.15.16'),
	('32', NULL, 'Telagasari', NULL, '32.15', '32.15.17'),
	('32', NULL, 'Rawamerta', NULL, '32.15', '32.15.18'),
	('32', NULL, 'Lemahabang', NULL, '32.15', '32.15.19'),
	('32', NULL, 'Tempuran', NULL, '32.15', '32.15.20'),
	('32', NULL, 'Majalaya', NULL, '32.15', '32.15.21'),
	('32', NULL, 'Jayakerta', NULL, '32.15', '32.15.22'),
	('32', NULL, 'Cilamaya Kulon', NULL, '32.15', '32.15.23'),
	('32', NULL, 'Banyusari', NULL, '32.15', '32.15.24'),
	('32', NULL, 'Kota Baru', NULL, '32.15', '32.15.25'),
	('32', NULL, 'Karawang Timur', NULL, '32.15', '32.15.26'),
	('32', NULL, 'Telukjambe Barat', NULL, '32.15', '32.15.27'),
	('32', NULL, 'Tegalwaru', NULL, '32.15', '32.15.28'),
	('32', NULL, 'Purwasari', NULL, '32.15', '32.15.29'),
	('32', NULL, 'Cilebar', NULL, '32.15', '32.15.30'),
	('32', NULL, 'Tarumajaya', NULL, '32.16', '32.16.01'),
	('32', NULL, 'Babelan', NULL, '32.16', '32.16.02'),
	('32', NULL, 'Sukawangi', NULL, '32.16', '32.16.03'),
	('32', NULL, 'Tambelang', NULL, '32.16', '32.16.04'),
	('32', NULL, 'Tambun Utara', NULL, '32.16', '32.16.05'),
	('32', NULL, 'Tambun Selatan', NULL, '32.16', '32.16.06'),
	('32', NULL, 'Cibitung', NULL, '32.16', '32.16.07'),
	('32', NULL, 'Cikarang Barat', NULL, '32.16', '32.16.08'),
	('32', NULL, 'Cikarang Utara', NULL, '32.16', '32.16.09'),
	('32', NULL, 'Karang Bahagia', NULL, '32.16', '32.16.10'),
	('32', NULL, 'Cikarang Timur', NULL, '32.16', '32.16.11'),
	('32', NULL, 'Kedung Waringin', NULL, '32.16', '32.16.12'),
	('32', NULL, 'Pebayuran', NULL, '32.16', '32.16.13'),
	('32', NULL, 'Sukakarya', NULL, '32.16', '32.16.14'),
	('32', NULL, 'Sukatani', NULL, '32.16', '32.16.15'),
	('32', NULL, 'Cabangbungin', NULL, '32.16', '32.16.16'),
	('32', NULL, 'Muaragembong', NULL, '32.16', '32.16.17'),
	('32', NULL, 'Setu', NULL, '32.16', '32.16.18'),
	('32', NULL, 'Cikarang Selatan', NULL, '32.16', '32.16.19'),
	('32', NULL, 'Cikarang Pusat', NULL, '32.16', '32.16.20'),
	('32', NULL, 'Serang Baru', NULL, '32.16', '32.16.21'),
	('32', NULL, 'Cibarusah', NULL, '32.16', '32.16.22'),
	('32', NULL, 'Bojongmangu', NULL, '32.16', '32.16.23'),
	('32', NULL, 'Lembang', NULL, '32.17', '32.17.01'),
	('32', NULL, 'Parongpong', NULL, '32.17', '32.17.02'),
	('32', NULL, 'Cisarua', NULL, '32.17', '32.17.03'),
	('32', NULL, 'Cikalongwetan', NULL, '32.17', '32.17.04'),
	('32', NULL, 'Cipeundeuy', NULL, '32.17', '32.17.05'),
	('32', NULL, 'Ngamprah', NULL, '32.17', '32.17.06'),
	('32', NULL, 'Cipatat', NULL, '32.17', '32.17.07'),
	('32', NULL, 'Padalarang', NULL, '32.17', '32.17.08'),
	('32', NULL, 'Batujajar', NULL, '32.17', '32.17.09'),
	('32', NULL, 'Cihampelas', NULL, '32.17', '32.17.10'),
	('32', NULL, 'Cililin', NULL, '32.17', '32.17.11'),
	('32', NULL, 'Cipongkor', NULL, '32.17', '32.17.12'),
	('32', NULL, 'Rongga', NULL, '32.17', '32.17.13'),
	('32', NULL, 'Sindangkerta', NULL, '32.17', '32.17.14'),
	('32', NULL, 'Gununghalu', NULL, '32.17', '32.17.15'),
	('32', NULL, 'Saguling', NULL, '32.17', '32.17.16'),
	('32', NULL, 'Parigi', NULL, '32.18', '32.18.01'),
	('32', NULL, 'Cijulang', NULL, '32.18', '32.18.02'),
	('32', NULL, 'Cimerak', NULL, '32.18', '32.18.03'),
	('32', NULL, 'Cigugur', NULL, '32.18', '32.18.04'),
	('32', NULL, 'Langkaplancar', NULL, '32.18', '32.18.05'),
	('32', NULL, 'Mangunjaya', NULL, '32.18', '32.18.06'),
	('32', NULL, 'Padaherang', NULL, '32.18', '32.18.07'),
	('32', NULL, 'Kalipucang', NULL, '32.18', '32.18.08'),
	('32', NULL, 'Pangandaran', NULL, '32.18', '32.18.09'),
	('32', NULL, 'Sidamulih', NULL, '32.18', '32.18.10'),
	('32', NULL, 'Bogor Selatan', NULL, '32.71', '32.71.01'),
	('32', NULL, 'Bogor Timur', NULL, '32.71', '32.71.02'),
	('32', NULL, 'Bogor Tengah', NULL, '32.71', '32.71.03'),
	('32', NULL, 'Bogor Barat', NULL, '32.71', '32.71.04'),
	('32', NULL, 'Bogor Utara', NULL, '32.71', '32.71.05'),
	('32', NULL, 'Tanah Sareal', NULL, '32.71', '32.71.06'),
	('32', NULL, 'Gunungpuyuh', NULL, '32.72', '32.72.01'),
	('32', NULL, 'Cikole', NULL, '32.72', '32.72.02'),
	('32', NULL, 'Citamiang', NULL, '32.72', '32.72.03'),
	('32', NULL, 'Warudoyong', NULL, '32.72', '32.72.04'),
	('32', NULL, 'Baros', NULL, '32.72', '32.72.05'),
	('32', NULL, 'Lembursitu', NULL, '32.72', '32.72.06'),
	('32', NULL, 'Cibeureum', NULL, '32.72', '32.72.07'),
	('32', NULL, 'Sukasari', NULL, '32.73', '32.73.01'),
	('32', NULL, 'Coblong', NULL, '32.73', '32.73.02'),
	('32', NULL, 'Babakan  Ciparay', NULL, '32.73', '32.73.03'),
	('32', NULL, 'Bojongloa  Kaler', NULL, '32.73', '32.73.04'),
	('32', NULL, 'Andir', NULL, '32.73', '32.73.05'),
	('32', NULL, 'Cicendo', NULL, '32.73', '32.73.06'),
	('32', NULL, 'Sukajadi', NULL, '32.73', '32.73.07'),
	('32', NULL, 'Cidadap', NULL, '32.73', '32.73.08'),
	('32', NULL, 'Bandung Wetan', NULL, '32.73', '32.73.09'),
	('32', NULL, 'Astana  Anyar', NULL, '32.73', '32.73.10'),
	('32', NULL, 'Regol', NULL, '32.73', '32.73.11'),
	('32', NULL, 'Batununggal', NULL, '32.73', '32.73.12'),
	('32', NULL, 'Lengkong', NULL, '32.73', '32.73.13'),
	('32', NULL, 'Cibeunying Kidul', NULL, '32.73', '32.73.14'),
	('32', NULL, 'Bandung Kulon', NULL, '32.73', '32.73.15'),
	('32', NULL, 'Kiaracondong', NULL, '32.73', '32.73.16'),
	('32', NULL, 'Bojongloa  Kidul', NULL, '32.73', '32.73.17'),
	('32', NULL, 'Cibeunying Kaler', NULL, '32.73', '32.73.18'),
	('32', NULL, 'Sumur Bandung', NULL, '32.73', '32.73.19'),
	('32', NULL, 'Antapani', NULL, '32.73', '32.73.20'),
	('32', NULL, 'Bandung Kidul', NULL, '32.73', '32.73.21'),
	('32', NULL, 'Buahbatu', NULL, '32.73', '32.73.22'),
	('32', NULL, 'Rancasari', NULL, '32.73', '32.73.23'),
	('32', NULL, 'Arcamanik', NULL, '32.73', '32.73.24'),
	('32', NULL, 'Cibiru', NULL, '32.73', '32.73.25'),
	('32', NULL, 'Ujungberung', NULL, '32.73', '32.73.26'),
	('32', NULL, 'Gedebage', NULL, '32.73', '32.73.27'),
	('32', NULL, 'Panyileukan', NULL, '32.73', '32.73.28'),
	('32', NULL, 'Cinambo', NULL, '32.73', '32.73.29'),
	('32', NULL, 'Mandalajati', NULL, '32.73', '32.73.30'),
	('32', NULL, 'Kejaksan', NULL, '32.74', '32.74.01'),
	('32', NULL, 'Lemah  Wungkuk', NULL, '32.74', '32.74.02'),
	('32', NULL, 'Harjamukti', NULL, '32.74', '32.74.03'),
	('32', NULL, 'Pekalipan', NULL, '32.74', '32.74.04'),
	('32', NULL, 'Kesambi', NULL, '32.74', '32.74.05'),
	('32', NULL, 'Bekasi Timur', NULL, '32.75', '32.75.01'),
	('32', NULL, 'Bekasi Barat', NULL, '32.75', '32.75.02'),
	('32', NULL, 'Bekasi Utara', NULL, '32.75', '32.75.03'),
	('32', NULL, 'Bekasi Selatan', NULL, '32.75', '32.75.04'),
	('32', NULL, 'Rawalumbu', NULL, '32.75', '32.75.05'),
	('32', NULL, 'Medansatria', NULL, '32.75', '32.75.06'),
	('32', NULL, 'Bantargebang', NULL, '32.75', '32.75.07'),
	('32', NULL, 'Pondokgede', NULL, '32.75', '32.75.08'),
	('32', NULL, 'Jatiasih', NULL, '32.75', '32.75.09'),
	('32', NULL, 'Jatisampurna', NULL, '32.75', '32.75.10'),
	('32', NULL, 'Mustikajaya', NULL, '32.75', '32.75.11'),
	('32', NULL, 'Pondokmelati', NULL, '32.75', '32.75.12'),
	('32', NULL, 'Pancoran  Mas', NULL, '32.76', '32.76.01'),
	('32', NULL, 'Cimanggis', NULL, '32.76', '32.76.02'),
	('32', NULL, 'Sawangan', NULL, '32.76', '32.76.03'),
	('32', NULL, 'Limo', NULL, '32.76', '32.76.04'),
	('32', NULL, 'Sukmajaya', NULL, '32.76', '32.76.05'),
	('32', NULL, 'Beji', NULL, '32.76', '32.76.06'),
	('32', NULL, 'Cipayung', NULL, '32.76', '32.76.07'),
	('32', NULL, 'Cilodong', NULL, '32.76', '32.76.08'),
	('32', NULL, 'Cinere', NULL, '32.76', '32.76.09'),
	('32', NULL, 'Tapos', NULL, '32.76', '32.76.10'),
	('32', NULL, 'Bojongsari', NULL, '32.76', '32.76.11'),
	('32', NULL, 'Cimahi Selatan', NULL, '32.77', '32.77.01'),
	('32', NULL, 'Cimahi Tengah', NULL, '32.77', '32.77.02'),
	('32', NULL, 'Cimahi Utara', NULL, '32.77', '32.77.03'),
	('32', NULL, 'Cihideung', NULL, '32.78', '32.78.01'),
	('32', NULL, 'Cipedes', NULL, '32.78', '32.78.02'),
	('32', NULL, 'Tawang', NULL, '32.78', '32.78.03'),
	('32', NULL, 'Indihiang', NULL, '32.78', '32.78.04'),
	('32', NULL, 'Kawalu', NULL, '32.78', '32.78.05'),
	('32', NULL, 'Cibeureum', NULL, '32.78', '32.78.06'),
	('32', NULL, 'Tamansari', NULL, '32.78', '32.78.07'),
	('32', NULL, 'Mangkubumi', NULL, '32.78', '32.78.08'),
	('32', NULL, 'Bungursari', NULL, '32.78', '32.78.09'),
	('32', NULL, 'Purbaratu', NULL, '32.78', '32.78.10'),
	('32', NULL, 'Banjar', NULL, '32.79', '32.79.01'),
	('32', NULL, 'Pataruman', NULL, '32.79', '32.79.02'),
	('32', NULL, 'Purwaharja', NULL, '32.79', '32.79.03'),
	('32', NULL, 'Langensari', NULL, '32.79', '32.79.04');
/*!40000 ALTER TABLE `ref_wil_kec` ENABLE KEYS */;

-- Dumping structure for table acma.ref_wil_kel
DROP TABLE IF EXISTS `ref_wil_kel`;
CREATE TABLE IF NOT EXISTS `ref_wil_kel` (
  `id_provinsi` varchar(255) DEFAULT NULL,
  `id_kelurahan_gabung` varchar(255) DEFAULT NULL,
  `nama` varchar(255) DEFAULT NULL,
  `flag` varchar(255) DEFAULT NULL,
  `id_kabkot` varchar(255) DEFAULT NULL,
  `id_kecamatan` varchar(255) DEFAULT NULL,
  `id_kelurahan` varchar(255) DEFAULT NULL,
  KEY `id_provinsi` (`id_provinsi`) USING BTREE,
  KEY `id_kabkot` (`id_kabkot`) USING BTREE,
  KEY `id_kecamatan` (`id_kecamatan`) USING BTREE
) ENGINE=InnoDB DEFAULT CHARSET=utf8mb4;

-- Dumping data for table acma.ref_wil_kel: ~706 rows (approximately)
/*!40000 ALTER TABLE `ref_wil_kel` DISABLE KEYS */;
INSERT INTO `ref_wil_kel` (`id_provinsi`, `id_kelurahan_gabung`, `nama`, `flag`, `id_kabkot`, `id_kecamatan`, `id_kelurahan`) VALUES
	('32', NULL, 'Pondok Rajeg', NULL, '32.01', '32.01.01', '32.01.01.1001'),
	('32', NULL, 'Karadenan', NULL, '32.01', '32.01.01', '32.01.01.1002'),
	('32', NULL, 'Harapanjaya', NULL, '32.01', '32.01.01', '32.01.01.1003'),
	('32', NULL, 'Nanggewer', NULL, '32.01', '32.01.01', '32.01.01.1004'),
	('32', NULL, 'Nanggewer Mekar', NULL, '32.01', '32.01.01', '32.01.01.1005'),
	('32', NULL, 'Cibinong', NULL, '32.01', '32.01.01', '32.01.01.1006'),
	('32', NULL, 'Pakansari', NULL, '32.01', '32.01.01', '32.01.01.1007'),
	('32', NULL, 'Tengah', NULL, '32.01', '32.01.01', '32.01.01.1008'),
	('32', NULL, 'Sukahati', NULL, '32.01', '32.01.01', '32.01.01.1009'),
	('32', NULL, 'Ciriung', NULL, '32.01', '32.01.01', '32.01.01.1010'),
	('32', NULL, 'Cirimekar', NULL, '32.01', '32.01.01', '32.01.01.1011'),
	('32', NULL, 'Pabuaran', NULL, '32.01', '32.01.01', '32.01.01.1012'),
	('32', NULL, 'Pabuaran Mekar', NULL, '32.01', '32.01.01', '32.01.01.1013'),
	('32', NULL, 'Puspanegara', NULL, '32.01', '32.01.03', '32.01.03.1001'),
	('32', NULL, 'Karang Asem Barat', NULL, '32.01', '32.01.03', '32.01.03.1001'),
	('32', NULL, 'Atang Senjaya', NULL, '32.01', '32.01.12', '32.01.12.1006'),
	('32', NULL, 'Pabuaran', NULL, '32.01', '32.01.13', '32.01.13.1007'),
	('32', NULL, 'Cisarua', NULL, '32.01', '32.01.25', '32.01.25.1010'),
	('32', NULL, 'Padasuka', NULL, '32.01', '32.01.29', '32.01.29.1003'),
	('32', NULL, 'Palabuhanratu', NULL, '32.02', '32.02.01', '32.02.01.1001'),
	('32', NULL, 'Cibadak', NULL, '32.02', '32.02.11', '32.02.11.1001'),
	('32', NULL, 'Cicurug', NULL, '32.02', '32.02.16', '32.02.16.1001'),
	('32', NULL, 'Jampangkulon', NULL, '32.02', '32.02.21', '32.02.21.1001'),
	('32', NULL, 'Surade', NULL, '32.02', '32.02.24', '32.02.24.1013'),
	('32', NULL, 'Pamoyanan', NULL, '32.03', '32.03.01', '32.03.01.1006'),
	('32', NULL, 'Sawahgede', NULL, '32.03', '32.03.01', '32.03.01.1007'),
	('32', NULL, 'Bojongherang', NULL, '32.03', '32.03.01', '32.03.01.1008'),
	('32', NULL, 'Sayang', NULL, '32.03', '32.03.01', '32.03.01.1009'),
	('32', NULL, 'Solokpandan', NULL, '32.03', '32.03.01', '32.03.01.1010'),
	('32', NULL, 'Muka', NULL, '32.03', '32.03.01', '32.03.01.1011'),
	('32', NULL, 'Padasuka', NULL, '32.04', '32.04.06', '32.04.06.1001'),
	('32', NULL, 'Cibeunying', NULL, '32.04', '32.04.06', '32.04.06.1002'),
	('32', NULL, 'Sulaiman', NULL, '32.04', '32.04.09', '32.04.09.1004'),
	('32', NULL, 'Pasawahan', NULL, '32.04', '32.04.12', '32.04.12.1001'),
	('32', NULL, 'Rancaekek Kencana', NULL, '32.04', '32.04.28', '32.04.28.1014'),
	('32', NULL, 'Baleendah', NULL, '32.04', '32.04.32', '32.04.32.1001'),
	('32', NULL, 'Andir', NULL, '32.04', '32.04.32', '32.04.32.1002'),
	('32', NULL, 'Manggahang', NULL, '32.04', '32.04.32', '32.04.32.1003'),
	('32', NULL, 'Jelekong', NULL, '32.04', '32.04.32', '32.04.32.1004'),
	('32', NULL, 'Wargamekar', NULL, '32.04', '32.04.32', '32.04.32.1008'),
	('32', NULL, 'Kota Kulon', NULL, '32.05', '32.05.01', '32.05.01.1001'),
	('32', NULL, 'Kota Wetan', NULL, '32.05', '32.05.01', '32.05.01.1002'),
	('32', NULL, 'Margawati', NULL, '32.05', '32.05.01', '32.05.01.1003'),
	('32', NULL, 'Pakuwon', NULL, '32.05', '32.05.01', '32.05.01.1004'),
	('32', NULL, 'Muara Sanding', NULL, '32.05', '32.05.01', '32.05.01.1005'),
	('32', NULL, 'Sukamentri', NULL, '32.05', '32.05.01', '32.05.01.1006'),
	('32', NULL, 'Ciwalen', NULL, '32.05', '32.05.01', '32.05.01.1007'),
	('32', NULL, 'Paminggir', NULL, '32.05', '32.05.01', '32.05.01.1008'),
	('32', NULL, 'Regol', NULL, '32.05', '32.05.01', '32.05.01.1009'),
	('32', NULL, 'Sukanegla', NULL, '32.05', '32.05.01', '32.05.01.1010'),
	('32', NULL, 'Cimuncang', NULL, '32.05', '32.05.01', '32.05.01.1011'),
	('32', NULL, 'Suci Kaler', NULL, '32.05', '32.05.02', '32.05.02.1001'),
	('32', NULL, 'Lebakjaya', NULL, '32.05', '32.05.02', '32.05.02.1002'),
	('32', NULL, 'Karangmulya', NULL, '32.05', '32.05.02', '32.05.02.1003'),
	('32', NULL, 'Lengkongjaya', NULL, '32.05', '32.05.02', '32.05.02.1014'),
	('32', NULL, 'Pananjung', NULL, '32.05', '32.05.04', '32.05.04.1012'),
	('32', NULL, 'Pataruman', NULL, '32.05', '32.05.05', '32.05.05.1001'),
	('32', NULL, 'Sukagalih', NULL, '32.05', '32.05.05', '32.05.05.1002'),
	('32', NULL, 'Jayawaras', NULL, '32.05', '32.05.05', '32.05.05.1006'),
	('32', NULL, 'Sukakarya', NULL, '32.05', '32.05.05', '32.05.05.1009'),
	('32', NULL, 'Sukajaya', NULL, '32.05', '32.05.05', '32.05.05.1012'),
	('32', NULL, 'Ciamis', NULL, '32.07', '32.07.01', '32.07.01.1001'),
	('32', NULL, 'Kertasari', NULL, '32.07', '32.07.01', '32.07.01.1002'),
	('32', NULL, 'Maleber', NULL, '32.07', '32.07.01', '32.07.01.1003'),
	('32', NULL, 'Cigembor', NULL, '32.07', '32.07.01', '32.07.01.1004'),
	('32', NULL, 'Benteng', NULL, '32.07', '32.07.01', '32.07.01.1005'),
	('32', NULL, 'Linggasari', NULL, '32.07', '32.07.01', '32.07.01.1006'),
	('32', NULL, 'Sindangrasa', NULL, '32.07', '32.07.01', '32.07.01.1007'),
	('32', NULL, 'Citangtu', NULL, '32.08', '32.08.09', '32.08.09.1001'),
	('32', NULL, 'Kuningan', NULL, '32.08', '32.08.09', '32.08.09.1002'),
	('32', NULL, 'Winduhaji', NULL, '32.08', '32.08.09', '32.08.09.1003'),
	('32', NULL, 'Windusengkahan', NULL, '32.08', '32.08.09', '32.08.09.1004'),
	('32', NULL, 'Cijoho', NULL, '32.08', '32.08.09', '32.08.09.1005'),
	('32', NULL, 'Purwawinangun', NULL, '32.08', '32.08.09', '32.08.09.1006'),
	('32', NULL, 'Cigintung', NULL, '32.08', '32.08.09', '32.08.09.1007'),
	('32', NULL, 'Cirendang', NULL, '32.08', '32.08.09', '32.08.09.1008'),
	('32', NULL, 'Ciporang', NULL, '32.08', '32.08.09', '32.08.09.1009'),
	('32', NULL, 'Awirarangan', NULL, '32.08', '32.08.09', '32.08.09.1010'),
	('32', NULL, 'Cigugur', NULL, '32.08', '32.08.18', '32.08.18.1001'),
	('32', NULL, 'Cigadung', NULL, '32.08', '32.08.18', '32.08.18.1002'),
	('32', NULL, 'Winduherang', NULL, '32.08', '32.08.18', '32.08.18.1003'),
	('32', NULL, 'Sukamulya', NULL, '32.08', '32.08.18', '32.08.18.1004'),
	('32', NULL, 'Cipari', NULL, '32.08', '32.08.18', '32.08.18.1005'),
	('32', NULL, 'Babakan', NULL, '32.09', '32.09.15', '32.09.15.1003'),
	('32', NULL, 'Sumber', NULL, '32.09', '32.09.15', '32.09.15.1004'),
	('32', NULL, 'Perbutulan', NULL, '32.09', '32.09.15', '32.09.15.1005'),
	('32', NULL, 'Kaliwadas', NULL, '32.09', '32.09.15', '32.09.15.1006'),
	('32', NULL, 'Pasalakan', NULL, '32.09', '32.09.15', '32.09.15.1007'),
	('32', NULL, 'Watubelah', NULL, '32.09', '32.09.15', '32.09.15.1008'),
	('32', NULL, 'Pejambon', NULL, '32.09', '32.09.15', '32.09.15.1009'),
	('32', NULL, 'Gegunung', NULL, '32.09', '32.09.15', '32.09.15.1010'),
	('32', NULL, 'Kemantren', NULL, '32.09', '32.09.15', '32.09.15.1011'),
	('32', NULL, 'Sendang', NULL, '32.09', '32.09.15', '32.09.15.1012'),
	('32', NULL, 'Tukmudal', NULL, '32.09', '32.09.15', '32.09.15.1013'),
	('32', NULL, 'Kenanga', NULL, '32.09', '32.09.15', '32.09.15.1014'),
	('32', NULL, 'Munjul', NULL, '32.10', '32.10.07', '32.10.07.1001'),
	('32', NULL, 'Babakan Jawa', NULL, '32.10', '32.10.07', '32.10.07.1002'),
	('32', NULL, 'Cicurug', NULL, '32.10', '32.10.07', '32.10.07.1003'),
	('32', NULL, 'Sindangkasih', NULL, '32.10', '32.10.07', '32.10.07.1004'),
	('32', NULL, 'Majalengka Wetan', NULL, '32.10', '32.10.07', '32.10.07.1007'),
	('32', NULL, 'Majalengka Kulon', NULL, '32.10', '32.10.07', '32.10.07.1008'),
	('32', NULL, 'Tarikolot', NULL, '32.10', '32.10.07', '32.10.07.1009'),
	('32', NULL, 'Cikasarung', NULL, '32.10', '32.10.07', '32.10.07.1010'),
	('32', NULL, 'Tonjong', NULL, '32.10', '32.10.07', '32.10.07.1011'),
	('32', NULL, 'Cijati', NULL, '32.10', '32.10.07', '32.10.07.1013'),
	('32', NULL, 'Cigasong', NULL, '32.10', '32.10.20', '32.10.20.1004'),
	('32', NULL, 'Simpeureum', NULL, '32.10', '32.10.20', '32.10.20.1005'),
	('32', NULL, 'Cicenang', NULL, '32.10', '32.10.20', '32.10.20.1006'),
	('32', NULL, 'Pasanggrahan Baru', NULL, '32.11', '32.11.17', '32.11.17.1001'),
	('32', NULL, 'Kotakulon', NULL, '32.11', '32.11.17', '32.11.17.1002'),
	('32', NULL, 'Regolwetan', NULL, '32.11', '32.11.17', '32.11.17.1003'),
	('32', NULL, 'Cipameungpeuk', NULL, '32.11', '32.11.17', '32.11.17.1004'),
	('32', NULL, 'Kotakaler', NULL, '32.11', '32.11.18', '32.11.18.1001'),
	('32', NULL, 'Situ', NULL, '32.11', '32.11.18', '32.11.18.1002'),
	('32', NULL, 'Talun', NULL, '32.11', '32.11.18', '32.11.18.1003'),
	('32', NULL, 'Bojongsari', NULL, '32.12', '32.12.15', '32.12.15.1001'),
	('32', NULL, 'Kepandean', NULL, '32.12', '32.12.15', '32.12.15.1002'),
	('32', NULL, 'Karangmalang', NULL, '32.12', '32.12.15', '32.12.15.1003'),
	('32', NULL, 'Karanganyar', NULL, '32.12', '32.12.15', '32.12.15.1004'),
	('32', NULL, 'Lemahmekar', NULL, '32.12', '32.12.15', '32.12.15.1005'),
	('32', NULL, 'Lemahabang', NULL, '32.12', '32.12.15', '32.12.15.1006'),
	('32', NULL, 'Margadadi', NULL, '32.12', '32.12.15', '32.12.15.1007'),
	('32', NULL, 'Paoman', NULL, '32.12', '32.12.15', '32.12.15.1008'),
	('32', NULL, 'Parung', NULL, '32.13', '32.13.03', '32.13.03.1001'),
	('32', NULL, 'Cigadung', NULL, '32.13', '32.13.03', '32.13.03.1002'),
	('32', NULL, 'Pasirkareumbi', NULL, '32.13', '32.13.03', '32.13.03.1003'),
	('32', NULL, 'Karanganyar', NULL, '32.13', '32.13.03', '32.13.03.1004'),
	('32', NULL, 'Soklat', NULL, '32.13', '32.13.03', '32.13.03.1005'),
	('32', NULL, 'Sukamelang', NULL, '32.13', '32.13.03', '32.13.03.1006'),
	('32', NULL, 'Dangdeur', NULL, '32.13', '32.13.03', '32.13.03.1007'),
	('32', NULL, 'Wanareja', NULL, '32.13', '32.13.03', '32.13.03.1008'),
	('32', NULL, 'Nagri Kidul', NULL, '32.14', '32.14.01', '32.14.01.1001'),
	('32', NULL, 'Nagri Kaler', NULL, '32.14', '32.14.01', '32.14.01.1002'),
	('32', NULL, 'Nagri Tengah', NULL, '32.14', '32.14.01', '32.14.01.1003'),
	('32', NULL, 'Sindangkasih', NULL, '32.14', '32.14.01', '32.14.01.1004'),
	('32', NULL, 'Cipaisan', NULL, '32.14', '32.14.01', '32.14.01.1005'),
	('32', NULL, 'Purwamekar', NULL, '32.14', '32.14.01', '32.14.01.1006'),
	('32', NULL, 'Ciseureuh', NULL, '32.14', '32.14.01', '32.14.01.1007'),
	('32', NULL, 'Tegalmuncul', NULL, '32.14', '32.14.01', '32.14.01.1008'),
	('32', NULL, 'Munjuljaya', NULL, '32.14', '32.14.01', '32.14.01.1009'),
	('32', NULL, 'Karawang Kulon', NULL, '32.15', '32.15.01', '32.15.01.1001'),
	('32', NULL, 'Karawang Wetan', NULL, '32.15', '32.15.01', ''),
	('32', NULL, 'Adiarsa Barat', NULL, '32.15', '32.15.01', '32.15.01.1003'),
	('32', NULL, 'Adiarsa Timur', NULL, '32.15', '32.15.01', ''),
	('32', NULL, 'Tanjungpura', NULL, '32.15', '32.15.01', '32.15.01.1005'),
	('32', NULL, 'Tanjungmekar', NULL, '32.15', '32.15.01', '32.15.01.1006'),
	('32', NULL, 'Tunggakjati', NULL, '32.15', '32.15.01', '32.15.01.1007'),
	('32', NULL, 'Palumbonsari', NULL, '32.15', '32.15.01', ''),
	('32', NULL, 'Plawad', NULL, '32.15', '32.15.01', ''),
	('32', NULL, 'Karawangpawitan', NULL, '32.15', '32.15.01', '32.15.01.1010'),
	('32', NULL, 'Nagasari', NULL, '32.15', '32.15.01', '32.15.01.1011'),
	('32', NULL, 'Mekarjati', NULL, '32.15', '32.15.01', '32.15.01.1012'),
	('32', NULL, 'Karawang Wetan', NULL, '32.15', '32.15.26', '32.15.26.1001'),
	('32', NULL, 'Adiarsa Timur', NULL, '32.15', '32.15.26', '32.15.26.1002'),
	('32', NULL, 'Palumbonsari', NULL, '32.15', '32.15.26', '32.15.26.1003'),
	('32', NULL, 'Plawad', NULL, '32.15', '32.15.26', '32.15.26.1004'),
	('32', NULL, 'Bahagia', NULL, '32.16', '32.16.02', '32.16.02.1006'),
	('32', NULL, 'Kebalen', NULL, '32.16', '32.16.02', '32.16.02.1007'),
	('32', NULL, 'Jatimulya', NULL, '32.16', '32.16.06', '32.16.06.1001'),
	('32', NULL, 'Wanasari', NULL, '32.16', '32.16.07', '32.16.07.1001'),
	('32', NULL, 'Telaga Asih', NULL, '32.16', '32.16.08', '32.16.08.1009'),
	('32', NULL, 'Sertajaya', NULL, '32.16', '32.16.11', '32.16.11.1007'),
	('32', NULL, 'Kertasari', NULL, '32.16', '32.16.13', '32.16.13.1011'),
	('32', NULL, 'Batu Tulis', NULL, '32.71', '32.71.01', '32.71.01.1001'),
	('32', NULL, 'Bondongan', NULL, '32.71', '32.71.01', '32.71.01.1002'),
	('32', NULL, 'Empang', NULL, '32.71', '32.71.01', '32.71.01.1003'),
	('32', NULL, 'Lawanggintung', NULL, '32.71', '32.71.01', '32.71.01.1004'),
	('32', NULL, 'Pamoyanan', NULL, '32.71', '32.71.01', '32.71.01.1005'),
	('32', NULL, 'Ranggamekar', NULL, '32.71', '32.71.01', '32.71.01.1006'),
	('32', NULL, 'Mulyaharja', NULL, '32.71', '32.71.01', '32.71.01.1007'),
	('32', NULL, 'Cikaret', NULL, '32.71', '32.71.01', '32.71.01.1008'),
	('32', NULL, 'Bojongkerta', NULL, '32.71', '32.71.01', '32.71.01.1009'),
	('32', NULL, 'Rancamaya', NULL, '32.71', '32.71.01', '32.71.01.1010'),
	('32', NULL, 'Kertamaya', NULL, '32.71', '32.71.01', '32.71.01.1011'),
	('32', NULL, 'Harjasari', NULL, '32.71', '32.71.01', '32.71.01.1012'),
	('32', NULL, 'Muarasari', NULL, '32.71', '32.71.01', '32.71.01.1013'),
	('32', NULL, 'Genteng', NULL, '32.71', '32.71.01', '32.71.01.1014'),
	('32', NULL, 'Pakuan', NULL, '32.71', '32.71.01', '32.71.01.1015'),
	('32', NULL, 'Cipaku', NULL, '32.71', '32.71.01', '32.71.01.1016'),
	('32', NULL, 'Sukasari', NULL, '32.71', '32.71.02', '32.71.02.1001'),
	('32', NULL, 'Baranangsiang', NULL, '32.71', '32.71.02', '32.71.02.1002'),
	('32', NULL, 'Katulampa', NULL, '32.71', '32.71.02', '32.71.02.1003'),
	('32', NULL, 'Sindangsari', NULL, '32.71', '32.71.02', '32.71.02.1004'),
	('32', NULL, 'Sindangrasa', NULL, '32.71', '32.71.02', '32.71.02.1005'),
	('32', NULL, 'Tajur', NULL, '32.71', '32.71.02', '32.71.02.1006'),
	('32', NULL, 'Gudang', NULL, '32.71', '32.71.03', '32.71.03.1001'),
	('32', NULL, 'Paledang', NULL, '32.71', '32.71.03', '32.71.03.1002'),
	('32', NULL, 'Pabaton', NULL, '32.71', '32.71.03', '32.71.03.1003'),
	('32', NULL, 'Cibogor', NULL, '32.71', '32.71.03', '32.71.03.1004'),
	('32', NULL, 'Babakan', NULL, '32.71', '32.71.03', '32.71.03.1005'),
	('32', NULL, 'Sempur', NULL, '32.71', '32.71.03', '32.71.03.1006'),
	('32', NULL, 'Tegallega', NULL, '32.71', '32.71.03', '32.71.03.1007'),
	('32', NULL, 'Babakan Pasar', NULL, '32.71', '32.71.03', '32.71.03.1008'),
	('32', NULL, 'Panaragan', NULL, '32.71', '32.71.03', '32.71.03.1009'),
	('32', NULL, 'Ciwaringin', NULL, '32.71', '32.71.03', '32.71.03.1010'),
	('32', NULL, 'Kebon Kalapa', NULL, '32.71', '32.71.03', '32.71.03.1011'),
	('32', NULL, 'Menteng', NULL, '32.71', '32.71.04', '32.71.04.1001'),
	('32', NULL, 'Sindang Barang', NULL, '32.71', '32.71.04', '32.71.04.1002'),
	('32', NULL, 'Bubulak', NULL, '32.71', '32.71.04', '32.71.04.1003'),
	('32', NULL, 'Margajaya', NULL, '32.71', '32.71.04', '32.71.04.1004'),
	('32', NULL, 'Balumbang Jaya', NULL, '32.71', '32.71.04', '32.71.04.1005'),
	('32', NULL, 'Situ Gede', NULL, '32.71', '32.71.04', '32.71.04.1006'),
	('32', NULL, 'Semplak', NULL, '32.71', '32.71.04', '32.71.04.1007'),
	('32', NULL, 'Cilendek Barat', NULL, '32.71', '32.71.04', '32.71.04.1008'),
	('32', NULL, 'Cilendek Timur', NULL, '32.71', '32.71.04', '32.71.04.1009'),
	('32', NULL, 'Curug Mekar', NULL, '32.71', '32.71.04', '32.71.04.1010'),
	('32', NULL, 'Curug', NULL, '32.71', '32.71.04', '32.71.04.1011'),
	('32', NULL, 'Pasir Jaya', NULL, '32.71', '32.71.04', '32.71.04.1012'),
	('32', NULL, 'Pasir Kuda', NULL, '32.71', '32.71.04', '32.71.04.1013'),
	('32', NULL, 'Pasir Mulya', NULL, '32.71', '32.71.04', '32.71.04.1014'),
	('32', NULL, 'Gunung Batu', NULL, '32.71', '32.71.04', '32.71.04.1015'),
	('32', NULL, 'Loji', NULL, '32.71', '32.71.04', '32.71.04.1016'),
	('32', NULL, 'Bantarjati', NULL, '32.71', '32.71.05', '32.71.05.1001'),
	('32', NULL, 'Tegal Gundil', NULL, '32.71', '32.71.05', '32.71.05.1002'),
	('32', NULL, 'Kedung Halang', NULL, '32.71', '32.71.05', '32.71.05.1003'),
	('32', NULL, 'Ciparigi', NULL, '32.71', '32.71.05', '32.71.05.1004'),
	('32', NULL, 'Cibuluh', NULL, '32.71', '32.71.05', '32.71.05.1005'),
	('32', NULL, 'Ciluar', NULL, '32.71', '32.71.05', '32.71.05.1006'),
	('32', NULL, 'Tanah Baru', NULL, '32.71', '32.71.05', '32.71.05.1007'),
	('32', NULL, 'Cimahpar', NULL, '32.71', '32.71.05', '32.71.05.1008'),
	('32', NULL, 'Tanah Sareal', NULL, '32.71', '32.71.06', '32.71.06.1001'),
	('32', NULL, 'Kebon Pedes', NULL, '32.71', '32.71.06', '32.71.06.1002'),
	('32', NULL, 'Kedung Badak', NULL, '32.71', '32.71.06', '32.71.06.1003'),
	('32', NULL, 'Sukaresmi', NULL, '32.71', '32.71.06', '32.71.06.1004'),
	('32', NULL, 'Kedung Waringin', NULL, '32.71', '32.71.06', '32.71.06.1005'),
	('32', NULL, 'Kedung Jaya', NULL, '32.71', '32.71.06', '32.71.06.1006'),
	('32', NULL, 'Sukadamai', NULL, '32.71', '32.71.06', '32.71.06.1007'),
	('32', NULL, 'Mekar Wangi', NULL, '32.71', '32.71.06', '32.71.06.1008'),
	('32', NULL, 'Kencana', NULL, '32.71', '32.71.06', '32.71.06.1009'),
	('32', NULL, 'Kayu Manis', NULL, '32.71', '32.71.06', '32.71.06.1010'),
	('32', NULL, 'Cibadak', NULL, '32.71', '32.71.06', '32.71.06.1011'),
	('32', NULL, 'Gunung Puyuh', NULL, '32.72', '32.72.01', '32.72.01.1001'),
	('32', NULL, 'Karamat', NULL, '32.72', '32.72.01', '32.72.01.1002'),
	('32', NULL, 'Sriwidari', NULL, '32.72', '32.72.01', '32.72.01.1003'),
	('32', NULL, 'Karang Tengah', NULL, '32.72', '32.72.01', '32.72.01.1004'),
	('32', NULL, 'Cikole', NULL, '32.72', '32.72.02', '32.72.02.1001'),
	('32', NULL, 'Selabatu', NULL, '32.72', '32.72.02', '32.72.02.1002'),
	('32', NULL, 'Gunungparang', NULL, '32.72', '32.72.02', '32.72.02.1003'),
	('32', NULL, 'Kebonjati', NULL, '32.72', '32.72.02', '32.72.02.1004'),
	('32', NULL, 'Cisarua', NULL, '32.72', '32.72.02', '32.72.02.1005'),
	('32', NULL, 'Subangjaya', NULL, '32.72', '32.72.02', '32.72.02.1006'),
	('32', NULL, 'Citamiang', NULL, '32.72', '32.72.03', '32.72.03.1001'),
	('32', NULL, 'Tipar', NULL, '32.72', '32.72.03', '32.72.03.1002'),
	('32', NULL, 'Nanggeleng', NULL, '32.72', '32.72.03', '32.72.03.1003'),
	('32', NULL, 'Gedongpanjang', NULL, '32.72', '32.72.03', '32.72.03.1004'),
	('32', NULL, 'Cikondang', NULL, '32.72', '32.72.03', '32.72.03.1005'),
	('32', NULL, 'Warudoyong', NULL, '32.72', '32.72.04', '32.72.04.1001'),
	('32', NULL, 'Nyomplong', NULL, '32.72', '32.72.04', '32.72.04.1002'),
	('32', NULL, 'Dayeuhluhur', NULL, '32.72', '32.72.04', '32.72.04.1003'),
	('32', NULL, 'Sukakarya', NULL, '32.72', '32.72.04', '32.72.04.1004'),
	('32', NULL, 'Benteng', NULL, '32.72', '32.72.04', '32.72.04.1005'),
	('32', NULL, 'Baros', NULL, '32.72', '32.72.05', '32.72.05.1001'),
	('32', NULL, 'Jayaraksa', NULL, '32.72', '32.72.05', '32.72.05.1002'),
	('32', NULL, 'Jayamekar', NULL, '32.72', '32.72.05', '32.72.05.1003'),
	('32', NULL, 'Sudajaya Hilir', NULL, '32.72', '32.72.05', '32.72.05.1004'),
	('32', NULL, 'Cipanengah', NULL, '32.72', '32.72.06', '32.72.06.1001'),
	('32', NULL, 'Situmekar', NULL, '32.72', '32.72.06', '32.72.06.1002'),
	('32', NULL, 'Lembursitu', NULL, '32.72', '32.72.06', '32.72.06.1003'),
	('32', NULL, 'Cikundul', NULL, '32.72', '32.72.06', '32.72.06.1004'),
	('32', NULL, 'Sindangsari', NULL, '32.72', '32.72.06', '32.72.06.1005'),
	('32', NULL, 'Cibeureum Hilir', NULL, '32.72', '32.72.07', '32.72.07.1001'),
	('32', NULL, 'Babakan', NULL, '32.72', '32.72.07', '32.72.07.1002'),
	('32', NULL, 'Sindangpalay', NULL, '32.72', '32.72.07', '32.72.07.1003'),
	('32', NULL, 'Limusnunggal', NULL, '32.72', '32.72.07', '32.72.07.1004'),
	('32', NULL, 'Sukarasa', NULL, '32.73', '32.73.01', '32.73.01.1001'),
	('32', NULL, 'Gegerkalong', NULL, '32.73', '32.73.01', '32.73.01.1002'),
	('32', NULL, 'Isola', NULL, '32.73', '32.73.01', '32.73.01.1003'),
	('32', NULL, 'Sarijadi', NULL, '32.73', '32.73.01', '32.73.01.1004'),
	('32', NULL, 'Cipaganti', NULL, '32.73', '32.73.02', '32.73.02.1001'),
	('32', NULL, 'Lebak Gede', NULL, '32.73', '32.73.02', '32.73.02.1002'),
	('32', NULL, 'Sadang Serang', NULL, '32.73', '32.73.02', '32.73.02.1003'),
	('32', NULL, 'Dago', NULL, '32.73', '32.73.02', '32.73.02.1004'),
	('32', NULL, 'Sekeloa', NULL, '32.73', '32.73.02', '32.73.02.1005'),
	('32', NULL, 'Lebak Siliwangi', NULL, '32.73', '32.73.02', '32.73.02.1006'),
	('32', NULL, 'Babakan Ciparay', NULL, '32.73', '32.73.03', '32.73.03.1001'),
	('32', NULL, 'Babakan', NULL, '32.73', '32.73.03', '32.73.03.1002'),
	('32', NULL, 'Sukahaji', NULL, '32.73', '32.73.03', '32.73.03.1003'),
	('32', NULL, 'Margahayu Utara', NULL, '32.73', '32.73.03', '32.73.03.1004'),
	('32', NULL, 'Margasuka', NULL, '32.73', '32.73.03', '32.73.03.1005'),
	('32', NULL, 'Cirangrang', NULL, '32.73', '32.73.03', '32.73.03.1006'),
	('32', NULL, 'Kopo', NULL, '32.73', '32.73.04', '32.73.04.1001'),
	('32', NULL, 'Babakan Tarogong', NULL, '32.73', '32.73.04', '32.73.04.1002'),
	('32', NULL, 'Jamika', NULL, '32.73', '32.73.04', '32.73.04.1003'),
	('32', NULL, 'Babakan Asih', NULL, '32.73', '32.73.04', '32.73.04.1004'),
	('32', NULL, 'Suka Asih', NULL, '32.73', '32.73.04', '32.73.04.1005'),
	('32', NULL, 'Maleber', NULL, '32.73', '32.73.05', '32.73.05.1001'),
	('32', NULL, 'Dungus Cariang', NULL, '32.73', '32.73.05', '32.73.05.1002'),
	('32', NULL, 'Ciroyom', NULL, '32.73', '32.73.05', '32.73.05.1003'),
	('32', NULL, 'Kebon Jeruk', NULL, '32.73', '32.73.05', '32.73.05.1004'),
	('32', NULL, 'Garuda', NULL, '32.73', '32.73.05', '32.73.05.1005'),
	('32', NULL, 'Campaka', NULL, '32.73', '32.73.05', '32.73.05.1006'),
	('32', NULL, 'Husein Sastranegara', NULL, '32.73', '32.73.06', '32.73.06.1001'),
	('32', NULL, 'Arjuna', NULL, '32.73', '32.73.06', '32.73.06.1002'),
	('32', NULL, 'Pajajaran', NULL, '32.73', '32.73.06', '32.73.06.1003'),
	('32', NULL, 'Pasirkaliki', NULL, '32.73', '32.73.06', '32.73.06.1004'),
	('32', NULL, 'Pamoyanan', NULL, '32.73', '32.73.06', '32.73.06.1005'),
	('32', NULL, 'Sukaraja', NULL, '32.73', '32.73.06', '32.73.06.1006'),
	('32', NULL, 'Pasteur', NULL, '32.73', '32.73.07', '32.73.07.1001'),
	('32', NULL, 'Cipedes', NULL, '32.73', '32.73.07', '32.73.07.1002'),
	('32', NULL, 'Sukawarna', NULL, '32.73', '32.73.07', '32.73.07.1003'),
	('32', NULL, 'Sukagalih', NULL, '32.73', '32.73.07', '32.73.07.1004'),
	('32', NULL, 'Sukabungah', NULL, '32.73', '32.73.07', '32.73.07.1005'),
	('32', NULL, 'Hegarmanah', NULL, '32.73', '32.73.08', '32.73.08.1001'),
	('32', NULL, 'Ciumbuleuit', NULL, '32.73', '32.73.08', '32.73.08.1002'),
	('32', NULL, 'Ledeng', NULL, '32.73', '32.73.08', '32.73.08.1003'),
	('32', NULL, 'Cihapit', NULL, '32.73', '32.73.09', '32.73.09.1001'),
	('32', NULL, 'Taman Sari', NULL, '32.73', '32.73.09', '32.73.09.1002'),
	('32', NULL, 'Citarum', NULL, '32.73', '32.73.09', '32.73.09.1003'),
	('32', NULL, 'Karasak', NULL, '32.73', '32.73.10', '32.73.10.1001'),
	('32', NULL, 'Nyengseret', NULL, '32.73', '32.73.10', '32.73.10.1002'),
	('32', NULL, 'Karang Anyar', NULL, '32.73', '32.73.10', '32.73.10.1003'),
	('32', NULL, 'Panjunan', NULL, '32.73', '32.73.10', '32.73.10.1004'),
	('32', NULL, 'Cibadak', NULL, '32.73', '32.73.10', '32.73.10.1005'),
	('32', NULL, 'Pelindung Hewan', NULL, '32.73', '32.73.10', '32.73.10.1006'),
	('32', NULL, 'Cigereleng', NULL, '32.73', '32.73.11', '32.73.11.1001'),
	('32', NULL, 'Ancol', NULL, '32.73', '32.73.11', '32.73.11.1002'),
	('32', NULL, 'Pungkur', NULL, '32.73', '32.73.11', '32.73.11.1003'),
	('32', NULL, 'Balong Gede', NULL, '32.73', '32.73.11', '32.73.11.1004'),
	('32', NULL, 'Ciseureuh', NULL, '32.73', '32.73.11', '32.73.11.1005'),
	('32', NULL, 'Ciateul', NULL, '32.73', '32.73.11', '32.73.11.1006'),
	('32', NULL, 'Pasirluyu', NULL, '32.73', '32.73.11', '32.73.11.1007'),
	('32', NULL, 'Gumuruh', NULL, '32.73', '32.73.12', '32.73.12.1001'),
	('32', NULL, 'Maleer', NULL, '32.73', '32.73.12', '32.73.12.1002'),
	('32', NULL, 'Cibangkong', NULL, '32.73', '32.73.12', '32.73.12.1003'),
	('32', NULL, 'Kacapiring', NULL, '32.73', '32.73.12', '32.73.12.1004'),
	('32', NULL, 'Kebon Waru', NULL, '32.73', '32.73.12', '32.73.12.1005'),
	('32', NULL, 'Kebon Gedang', NULL, '32.73', '32.73.12', '32.73.12.1006'),
	('32', NULL, 'Samoja', NULL, '32.73', '32.73.12', '32.73.12.1007'),
	('32', NULL, 'Binong', NULL, '32.73', '32.73.12', '32.73.12.1008'),
	('32', NULL, 'Cijagra', NULL, '32.73', '32.73.13', '32.73.13.1001'),
	('32', NULL, 'Lingkar Selatan', NULL, '32.73', '32.73.13', '32.73.13.1002'),
	('32', NULL, 'Burangrang', NULL, '32.73', '32.73.13', '32.73.13.1003'),
	('32', NULL, 'Paledang', NULL, '32.73', '32.73.13', '32.73.13.1004'),
	('32', NULL, 'Turangga', NULL, '32.73', '32.73.13', '32.73.13.1005'),
	('32', NULL, 'Malabar', NULL, '32.73', '32.73.13', '32.73.13.1006'),
	('32', NULL, 'Cikawao', NULL, '32.73', '32.73.13', '32.73.13.1007'),
	('32', NULL, 'Padasuka', NULL, '32.73', '32.73.14', '32.73.14.1001'),
	('32', NULL, 'Cikutra', NULL, '32.73', '32.73.14', '32.73.14.1002'),
	('32', NULL, 'Cicadas', NULL, '32.73', '32.73.14', '32.73.14.1003'),
	('32', NULL, 'Sukamaju', NULL, '32.73', '32.73.14', '32.73.14.1004'),
	('32', NULL, 'Sukapada', NULL, '32.73', '32.73.14', '32.73.14.1005'),
	('32', NULL, 'Pasirlayung', NULL, '32.73', '32.73.14', '32.73.14.1006'),
	('32', NULL, 'Cijerah', NULL, '32.73', '32.73.15', '32.73.15.1001'),
	('32', NULL, 'Cibuntu', NULL, '32.73', '32.73.15', '32.73.15.1002'),
	('32', NULL, 'Warung Muncang', NULL, '32.73', '32.73.15', '32.73.15.1003'),
	('32', NULL, 'Caringin', NULL, '32.73', '32.73.15', '32.73.15.1004'),
	('32', NULL, 'Cigondewah Kaler', NULL, '32.73', '32.73.15', '32.73.15.1005'),
	('32', NULL, 'Gempol Sari', NULL, '32.73', '32.73.15', '32.73.15.1006'),
	('32', NULL, 'Cigondewah Rahayu', NULL, '32.73', '32.73.15', '32.73.15.1007'),
	('32', NULL, 'Cigondewah Kidul', NULL, '32.73', '32.73.15', '32.73.15.1008'),
	('32', NULL, 'Sukapura', NULL, '32.73', '32.73.16', '32.73.16.1001'),
	('32', NULL, 'Kebon Jayanti', NULL, '32.73', '32.73.16', '32.73.16.1002'),
	('32', NULL, 'Babakan Surabaya', NULL, '32.73', '32.73.16', '32.73.16.1003'),
	('32', NULL, 'Cicaheum', NULL, '32.73', '32.73.16', '32.73.16.1004'),
	('32', NULL, 'Babakan Sari', NULL, '32.73', '32.73.16', '32.73.16.1005'),
	('32', NULL, 'Kebon Kangkung', NULL, '32.73', '32.73.16', '32.73.16.1006'),
	('32', NULL, 'Situsaeur', NULL, '32.73', '32.73.17', '32.73.17.1001'),
	('32', NULL, 'Kebon Lega', NULL, '32.73', '32.73.17', '32.73.17.1002'),
	('32', NULL, 'Cibaduyut', NULL, '32.73', '32.73.17', '32.73.17.1003'),
	('32', NULL, 'Mekar Wangi', NULL, '32.73', '32.73.17', '32.73.17.1004'),
	('32', NULL, 'Cibaduyut Kidul', NULL, '32.73', '32.73.17', '32.73.17.1005'),
	('32', NULL, 'Cibaduyut Wetan', NULL, '32.73', '32.73.17', '32.73.17.1006'),
	('32', NULL, 'Cihaur Geulis', NULL, '32.73', '32.73.18', '32.73.18.1001'),
	('32', NULL, 'Sukaluyu', NULL, '32.73', '32.73.18', '32.73.18.1002'),
	('32', NULL, 'Neglasari', NULL, '32.73', '32.73.18', '32.73.18.1003'),
	('32', NULL, 'Cigadung', NULL, '32.73', '32.73.18', '32.73.18.1004'),
	('32', NULL, 'Braga', NULL, '32.73', '32.73.19', '32.73.19.1001'),
	('32', NULL, 'Merdeka', NULL, '32.73', '32.73.19', '32.73.19.1002'),
	('32', NULL, 'Kebon Pisang', NULL, '32.73', '32.73.19', '32.73.19.1003'),
	('32', NULL, 'Babakan Ciamis', NULL, '32.73', '32.73.19', '32.73.19.1004'),
	('32', NULL, 'Antapani Kulon', NULL, '32.73', '32.73.20', '32.73.20.1001'),
	('32', NULL, 'Mandalajati', NULL, '32.73', '32.73.20', ''),
	('32', NULL, 'Karang Pamulang', NULL, '32.73', '32.73.20', ''),
	('32', NULL, 'Antapani Tengah', NULL, '32.73', '32.73.20', '32.73.20.1004'),
	('32', NULL, 'Antapani Kidul', NULL, '32.73', '32.73.20', '32.73.20.1005'),
	('32', NULL, 'Antapani Wetan', NULL, '32.73', '32.73.20', '32.73.20.1006'),
	('32', NULL, 'Batununggal', NULL, '32.73', '32.73.21', '32.73.21.1001'),
	('32', NULL, 'Wates', NULL, '32.73', '32.73.21', '32.73.21.1002'),
	('32', NULL, 'Mengger', NULL, '32.73', '32.73.21', '32.73.21.1003'),
	('32', NULL, 'Kujangsari', NULL, '32.73', '32.73.21', '32.73.21.1004'),
	('32', NULL, 'Padasuka', NULL, '32.73', '32.73.21', '32.73.21.1005'),
	('32', NULL, 'Cikutra', NULL, '32.73', '32.73.21', '32.73.21.1006'),
	('32', NULL, 'Cicadas', NULL, '32.73', '32.73.21', '32.73.21.1007'),
	('32', NULL, 'Sukamaju', NULL, '32.73', '32.73.21', '32.73.21.1008'),
	('32', NULL, 'Sekejati', NULL, '32.73', '32.73.22', '32.73.22.1001'),
	('32', NULL, 'Margasari', NULL, '32.73', '32.73.22', '32.73.22.1002'),
	('32', NULL, 'Cijaura', NULL, '32.73', '32.73.22', '32.73.22.1003'),
	('32', NULL, 'Jati Sari', NULL, '32.73', '32.73.22', '32.73.22.1004'),
	('32', NULL, 'Cipamokolan', NULL, '32.73', '32.73.23', '32.73.23.1001'),
	('32', NULL, 'Derwati', NULL, '32.73', '32.73.23', '32.73.23.1002'),
	('32', NULL, 'Manjahlega', NULL, '32.73', '32.73.23', '32.73.23.1003'),
	('32', NULL, 'Mekarmulya', NULL, '32.73', '32.73.23', '32.73.23.1004'),
	('32', NULL, 'Sukamiskin', NULL, '32.73', '32.73.24', '32.73.24.1001'),
	('32', NULL, 'Cisaranten Bina Harapan', NULL, '32.73', '32.73.24', '32.73.24.1002'),
	('32', NULL, 'Cisaranten Kulon', NULL, '32.73', '32.73.24', '32.73.24.1003'),
	('32', NULL, 'Cisaranten Endah', NULL, '32.73', '32.73.24', '32.73.24.1004'),
	('32', NULL, 'Palasari', NULL, '32.73', '32.73.25', '32.73.25.1001'),
	('32', NULL, 'Cipadung', NULL, '32.73', '32.73.25', '32.73.25.1002'),
	('32', NULL, 'Pasir Biru', NULL, '32.73', '32.73.25', '32.73.25.1003'),
	('32', NULL, 'Cisurupan', NULL, '32.73', '32.73.25', '32.73.25.1004'),
	('32', NULL, 'Cipadung Kulon', NULL, '32.73', '32.73.25', ''),
	('32', NULL, 'Cipadung Kidul', NULL, '32.73', '32.73.25', ''),
	('32', NULL, 'Ujung Berung', NULL, '32.73', '32.73.26', ''),
	('32', NULL, 'Cisaranten Wetan', NULL, '32.73', '32.73.26', ''),
	('32', NULL, 'Pasir Endah', NULL, '32.73', '32.73.26', '32.73.26.1003'),
	('32', NULL, 'Cigending', NULL, '32.73', '32.73.26', '32.73.26.1004'),
	('32', NULL, 'Pasirwangi', NULL, '32.73', '32.73.26', '32.73.26.1005'),
	('32', NULL, 'Pasirjati', NULL, '32.73', '32.73.26', '32.73.26.1006'),
	('32', NULL, 'Pasanggrahan', NULL, '32.73', '32.73.26', '32.73.26.1007'),
	('32', NULL, 'Cimenerang', NULL, '32.73', '32.73.27', '32.73.27.1001'),
	('32', NULL, 'Cisantren Kidul', NULL, '32.73', '32.73.27', '32.73.27.1002'),
	('32', NULL, 'Rancabolang', NULL, '32.73', '32.73.27', '32.73.27.1003'),
	('32', NULL, 'Rancanumpang', NULL, '32.73', '32.73.27', '32.73.27.1004'),
	('32', NULL, 'Cipadung Kulon', NULL, '32.73', '32.73.28', '32.73.28.1001'),
	('32', NULL, 'Cipadung Kidul', NULL, '32.73', '32.73.28', '32.73.28.1002'),
	('32', NULL, 'Cipadung Wetan', NULL, '32.73', '32.73.28', '32.73.28.1003'),
	('32', NULL, 'Mekar Mulya', NULL, '32.73', '32.73.28', '32.73.28.1004'),
	('32', NULL, 'Cisaranten Wetan', NULL, '32.73', '32.73.29', '32.73.29.1001'),
	('32', NULL, 'Pakemitan', NULL, '32.73', '32.73.29', '32.73.29.1002'),
	('32', NULL, 'Sukamulya', NULL, '32.73', '32.73.29', '32.73.29.1003'),
	('32', NULL, 'Babakan Penghulu', NULL, '32.73', '32.73.29', '32.73.29.1004'),
	('32', NULL, 'Jatihandap', NULL, '32.73', '32.73.30', '32.73.30.1001'),
	('32', NULL, 'Karang Pamulang', NULL, '32.73', '32.73.30', '32.73.30.1002'),
	('32', NULL, 'Pasir Impun', NULL, '32.73', '32.73.30', '32.73.30.1003'),
	('32', NULL, 'Sindang Jaya', NULL, '32.73', '32.73.30', '32.73.30.1004'),
	('32', NULL, 'Kejaksan', NULL, '32.74', '32.74.01', '32.74.01.1001'),
	('32', NULL, 'Sukapura', NULL, '32.74', '32.74.01', '32.74.01.1002'),
	('32', NULL, 'Kesenden', NULL, '32.74', '32.74.01', '32.74.01.1003'),
	('32', NULL, 'Kebonbaru', NULL, '32.74', '32.74.01', '32.74.01.1004'),
	('32', NULL, 'Pegambiran', NULL, '32.74', '32.74.02', '32.74.02.1001'),
	('32', NULL, 'Lemahwungkuk', NULL, '32.74', '32.74.02', '32.74.02.1002'),
	('32', NULL, 'Kesepuhan', NULL, '32.74', '32.74.02', '32.74.02.1003'),
	('32', NULL, 'Panjunan', NULL, '32.74', '32.74.02', '32.74.02.1004'),
	('32', NULL, 'Kalijaga', NULL, '32.74', '32.74.03', '32.74.03.1001'),
	('32', NULL, 'Harjamukti', NULL, '32.74', '32.74.03', '32.74.03.1002'),
	('32', NULL, 'Kecapi', NULL, '32.74', '32.74.03', '32.74.03.1003'),
	('32', NULL, 'Larangan', NULL, '32.74', '32.74.03', '32.74.03.1004'),
	('32', NULL, 'Argasunya', NULL, '32.74', '32.74.03', '32.74.03.1005'),
	('32', NULL, 'Jagasatru', NULL, '32.74', '32.74.04', '32.74.04.1001'),
	('32', NULL, 'Pekalipan', NULL, '32.74', '32.74.04', '32.74.04.1002'),
	('32', NULL, 'Pulasaren', NULL, '32.74', '32.74.04', '32.74.04.1003'),
	('32', NULL, 'Pekalangan', NULL, '32.74', '32.74.04', '32.74.04.1004'),
	('32', NULL, 'Pekiringan', NULL, '32.74', '32.74.05', '32.74.05.1001'),
	('32', NULL, 'Sunyaragi', NULL, '32.74', '32.74.05', '32.74.05.1002'),
	('32', NULL, 'Kesambi', NULL, '32.74', '32.74.05', '32.74.05.1003'),
	('32', NULL, 'Drajat', NULL, '32.74', '32.74.05', '32.74.05.1004'),
	('32', NULL, 'Karyamulya', NULL, '32.74', '32.74.05', '32.74.05.1005'),
	('32', NULL, 'Bekasijaya', NULL, '32.75', '32.75.01', '32.75.01.1001'),
	('32', NULL, 'Margahayu', NULL, '32.75', '32.75.01', '32.75.01.1002'),
	('32', NULL, 'Durenjaya', NULL, '32.75', '32.75.01', '32.75.01.1003'),
	('32', NULL, 'Arenjaya', NULL, '32.75', '32.75.01', '32.75.01.1004'),
	('32', NULL, 'Bintara', NULL, '32.75', '32.75.02', '32.75.02.1001'),
	('32', NULL, 'Kranji', NULL, '32.75', '32.75.02', '32.75.02.1002'),
	('32', NULL, 'Kotabaru', NULL, '32.75', '32.75.02', '32.75.02.1003'),
	('32', NULL, 'Bintarajaya', NULL, '32.75', '32.75.02', '32.75.02.1004'),
	('32', NULL, 'Jakasampurna', NULL, '32.75', '32.75.02', '32.75.02.1005'),
	('32', NULL, 'Kaliabang Tengah', NULL, '32.75', '32.75.03', '32.75.03.1001'),
	('32', NULL, 'Perwira', NULL, '32.75', '32.75.03', '32.75.03.1002'),
	('32', NULL, 'Harapanbaru', NULL, '32.75', '32.75.03', '32.75.03.1003'),
	('32', NULL, 'Teluk Pucung', NULL, '32.75', '32.75.03', '32.75.03.1004'),
	('32', NULL, 'Margamulya', NULL, '32.75', '32.75.03', '32.75.03.1005'),
	('32', NULL, 'Harapanjaya', NULL, '32.75', '32.75.03', '32.75.03.1006'),
	('32', NULL, 'Pekayonjaya', NULL, '32.75', '32.75.04', '32.75.04.1001'),
	('32', NULL, 'Margajaya', NULL, '32.75', '32.75.04', '32.75.04.1002'),
	('32', NULL, 'Jakamulya', NULL, '32.75', '32.75.04', '32.75.04.1003'),
	('32', NULL, 'Jakasetia', NULL, '32.75', '32.75.04', '32.75.04.1004'),
	('32', NULL, 'Kayuringinjaya', NULL, '32.75', '32.75.04', '32.75.04.1005'),
	('32', NULL, 'Bojong Rawalumbu', NULL, '32.75', '32.75.05', '32.75.05.1001'),
	('32', NULL, 'Pengasinan', NULL, '32.75', '32.75.05', '32.75.05.1002'),
	('32', NULL, 'Sepanjangjaya', NULL, '32.75', '32.75.05', '32.75.05.1003'),
	('32', NULL, 'Bojongmenteng', NULL, '32.75', '32.75.05', '32.75.05.1004'),
	('32', NULL, 'Medansatria', NULL, '32.75', '32.75.06', '32.75.06.1001'),
	('32', NULL, 'Harapanmulya', NULL, '32.75', '32.75.06', '32.75.06.1002'),
	('32', NULL, 'Pejuang', NULL, '32.75', '32.75.06', '32.75.06.1003'),
	('32', NULL, 'Kalibaru', NULL, '32.75', '32.75.06', '32.75.06.1004'),
	('32', NULL, 'Pedurenan', NULL, '32.75', '32.75.07', ''),
	('32', NULL, 'Cimuning', NULL, '32.75', '32.75.07', ''),
	('32', NULL, 'Bantargebang', NULL, '32.75', '32.75.07', '32.75.07.1003'),
	('32', NULL, 'Cikiwul', NULL, '32.75', '32.75.07', '32.75.07.1004'),
	('32', NULL, 'Mustikajaya', NULL, '32.75', '32.75.07', ''),
	('32', NULL, 'Mustikasari', NULL, '32.75', '32.75.07', ''),
	('32', NULL, 'Ciketingudik', NULL, '32.75', '32.75.07', '32.75.07.1007'),
	('32', NULL, 'Sumurbatu', NULL, '32.75', '32.75.07', '32.75.07.1008'),
	('32', NULL, 'Jatiwaringin', NULL, '32.75', '32.75.08', '32.75.08.1001'),
	('32', NULL, 'Jatibening', NULL, '32.75', '32.75.08', '32.75.08.1002'),
	('32', NULL, 'Jatimakmur', NULL, '32.75', '32.75.08', '32.75.08.1003'),
	('32', NULL, 'Jatirahayu', NULL, '32.75', '32.75.08', ''),
	('32', NULL, 'Jatiwarna', NULL, '32.75', '32.75.08', ''),
	('32', NULL, 'Jatibening Baru', NULL, '32.75', '32.75.08', '32.75.08.1006'),
	('32', NULL, 'Jaticempaka', NULL, '32.75', '32.75.08', '32.75.08.1007'),
	('32', NULL, 'Jatimekar', NULL, '32.75', '32.75.09', '32.75.09.1001'),
	('32', NULL, 'Jatiasih', NULL, '32.75', '32.75.09', '32.75.09.1002'),
	('32', NULL, 'Jatikramat', NULL, '32.75', '32.75.09', '32.75.09.1003'),
	('32', NULL, 'Jatirasa', NULL, '32.75', '32.75.09', '32.75.09.1004'),
	('32', NULL, 'Jatiluhur', NULL, '32.75', '32.75.09', '32.75.09.1005'),
	('32', NULL, 'Jatisari', NULL, '32.75', '32.75.09', '32.75.09.1006'),
	('32', NULL, 'Jatisampurna', NULL, '32.75', '32.75.10', '32.75.10.1001'),
	('32', NULL, 'Jatikarya', NULL, '32.75', '32.75.10', '32.75.10.1002'),
	('32', NULL, 'Jatiranggon', NULL, '32.75', '32.75.10', '32.75.10.1003'),
	('32', NULL, 'Jatirangga', NULL, '32.75', '32.75.10', '32.75.10.1004'),
	('32', NULL, 'Jatiraden', NULL, '32.75', '32.75.10', '32.75.10.1005'),
	('32', NULL, 'Padurenan', NULL, '32.75', '32.75.11', '32.75.11.1001'),
	('32', NULL, 'Cimuning', NULL, '32.75', '32.75.11', '32.75.11.1002'),
	('32', NULL, 'Mustikajaya', NULL, '32.75', '32.75.11', '32.75.11.1003'),
	('32', NULL, 'Mustikasari', NULL, '32.75', '32.75.11', '32.75.11.1004'),
	('32', NULL, 'Jatirahayu', NULL, '32.75', '32.75.12', '32.75.12.1001'),
	('32', NULL, 'Jatiwarna', NULL, '32.75', '32.75.12', '32.75.12.1002'),
	('32', NULL, 'Jatimelati', NULL, '32.75', '32.75.12', '32.75.12.1003'),
	('32', NULL, 'Jatimurni', NULL, '32.75', '32.75.12', '32.75.12.1004'),
	('32', NULL, 'Bojong Pondok Terong', NULL, '32.76', '32.76.01', ''),
	('32', NULL, 'Ratu Jaya', NULL, '32.76', '32.76.01', ''),
	('32', NULL, 'Pondok Jaya', NULL, '32.76', '32.76.01', ''),
	('32', NULL, 'Cipayung', NULL, '32.76', '32.76.01', ''),
	('32', NULL, 'Cipayung Jaya', NULL, '32.76', '32.76.01', ''),
	('32', NULL, 'Depok', NULL, '32.76', '32.76.01', '32.76.01.1006'),
	('32', NULL, 'Depok Jaya', NULL, '32.76', '32.76.01', '32.76.01.1007'),
	('32', NULL, 'Pancoran Mas', NULL, '32.76', '32.76.01', '32.76.01.1008'),
	('32', NULL, 'Mampang', NULL, '32.76', '32.76.01', '32.76.01.1009'),
	('32', NULL, 'Rangkapan Jaya Baru', NULL, '32.76', '32.76.01', '32.76.01.1010'),
	('32', NULL, 'Rangkapan Jaya', NULL, '32.76', '32.76.01', '32.76.01.1011'),
	('32', NULL, 'Cilangkap', NULL, '32.76', '32.76.02', ''),
	('32', NULL, 'Cimpaeun', NULL, '32.76', '32.76.02', ''),
	('32', NULL, 'Tapos', NULL, '32.76', '32.76.02', ''),
	('32', NULL, 'Leuwinanggung', NULL, '32.76', '32.76.02', ''),
	('32', NULL, 'Sukamaju Baru', NULL, '32.76', '32.76.02', ''),
	('32', NULL, 'Sukatani', NULL, '32.76', '32.76.02', ''),
	('32', NULL, 'Harjamukti', NULL, '32.76', '32.76.02', '32.76.02.1007'),
	('32', NULL, 'Curug', NULL, '32.76', '32.76.02', '32.76.02.1008'),
	('32', NULL, 'Tugu', NULL, '32.76', '32.76.02', '32.76.02.1009'),
	('32', NULL, 'Mekarsari', NULL, '32.76', '32.76.02', '32.76.02.1010'),
	('32', NULL, 'Pasir Gunung Selatan', NULL, '32.76', '32.76.02', '32.76.02.1011'),
	('32', NULL, 'Cisalak Pasar', NULL, '32.76', '32.76.02', '32.76.02.1012'),
	('32', NULL, 'Jatijajar', NULL, '32.76', '32.76.02', ''),
	('32', NULL, 'Pasir Putih', NULL, '32.76', '32.76.03', '32.76.03.1001'),
	('32', NULL, 'Bedahan', NULL, '32.76', '32.76.03', '32.76.03.1002'),
	('32', NULL, 'Pengasinan', NULL, '32.76', '32.76.03', '32.76.03.1003'),
	('32', NULL, 'Duren Seribu', NULL, '32.76', '32.76.03', ''),
	('32', NULL, 'Bojongsari', NULL, '32.76', '32.76.03', ''),
	('32', NULL, 'Curug', NULL, '32.76', '32.76.03', ''),
	('32', NULL, 'Pondok Petir', NULL, '32.76', '32.76.03', ''),
	('32', NULL, 'Serua', NULL, '32.76', '32.76.03', ''),
	('32', NULL, 'Cinangka', NULL, '32.76', '32.76.03', '32.76.03.1009'),
	('32', NULL, 'Sawangan', NULL, '32.76', '32.76.03', '32.76.03.1010'),
	('32', NULL, 'Sawangan Baru', NULL, '32.76', '32.76.03', '32.76.03.1011'),
	('32', NULL, 'Kedaung', NULL, '32.76', '32.76.03', '32.76.03.1012'),
	('32', NULL, 'Bojongsari Baru', NULL, '32.76', '32.76.03', ''),
	('32', NULL, 'Duren Mekar', NULL, '32.76', '32.76.03', ''),
	('32', NULL, 'Maruyung', NULL, '32.76', '32.76.04', '32.76.04.1001'),
	('32', NULL, 'Grogol', NULL, '32.76', '32.76.04', '32.76.04.1002'),
	('32', NULL, 'Krukut', NULL, '32.76', '32.76.04', '32.76.04.1003'),
	('32', NULL, 'Limo', NULL, '32.76', '32.76.04', '32.76.04.1004'),
	('32', NULL, 'Cinere', NULL, '32.76', '32.76.04', ''),
	('32', NULL, 'Gandul', NULL, '32.76', '32.76.04', ''),
	('32', NULL, 'Pangkalan Jati', NULL, '32.76', '32.76.04', ''),
	('32', NULL, 'Pangkalan Jati Baru', NULL, '32.76', '32.76.04', ''),
	('32', NULL, 'Sukmajaya', NULL, '32.76', '32.76.05', '32.76.05.1001'),
	('32', NULL, 'Sukamaju', NULL, '32.76', '32.76.05', ''),
	('32', NULL, 'Abadi Jaya', NULL, '32.76', '32.76.05', '32.76.05.1003'),
	('32', NULL, 'Mekar Jaya', NULL, '32.76', '32.76.05', '32.76.05.1004'),
	('32', NULL, 'Baktijaya', NULL, '32.76', '32.76.05', '32.76.05.1005'),
	('32', NULL, 'Kalimulya', NULL, '32.76', '32.76.05', ''),
	('32', NULL, 'Kalibaru', NULL, '32.76', '32.76.05', ''),
	('32', NULL, 'Cisalak', NULL, '32.76', '32.76.05', '32.76.05.1008'),
	('32', NULL, 'Jatimulya', NULL, '32.76', '32.76.05', ''),
	('32', NULL, 'Tirtajaya', NULL, '32.76', '32.76.05', '32.76.05.1010'),
	('32', NULL, 'Cilodong', NULL, '32.76', '32.76.05', ''),
	('32', NULL, 'Beji', NULL, '32.76', '32.76.06', '32.76.06.1001'),
	('32', NULL, 'Kukusan', NULL, '32.76', '32.76.06', '32.76.06.1002'),
	('32', NULL, 'Tanah  Baru', NULL, '32.76', '32.76.06', '32.76.06.1003'),
	('32', NULL, 'Kemiri Muka', NULL, '32.76', '32.76.06', '32.76.06.1004'),
	('32', NULL, 'Pondok  Cina', NULL, '32.76', '32.76.06', '32.76.06.1005'),
	('32', NULL, 'Beji Timur', NULL, '32.76', '32.76.06', '32.76.06.1006'),
	('32', NULL, 'Cipayung', NULL, '32.76', '32.76.07', '32.76.07.1001'),
	('32', NULL, 'Cipayung Jaya', NULL, '32.76', '32.76.07', '32.76.07.1002'),
	('32', NULL, 'Ratu  Jaya', NULL, '32.76', '32.76.07', '32.76.07.1003'),
	('32', NULL, 'Bojong Pondok Terong', NULL, '32.76', '32.76.07', '32.76.07.1004'),
	('32', NULL, 'Pondok  Jaya', NULL, '32.76', '32.76.07', '32.76.07.1005'),
	('32', NULL, 'Sukamaju', NULL, '32.76', '32.76.08', '32.76.08.1001'),
	('32', NULL, 'Cilodong', NULL, '32.76', '32.76.08', '32.76.08.1002'),
	('32', NULL, 'Kalibaru', NULL, '32.76', '32.76.08', '32.76.08.1003'),
	('32', NULL, 'Kalimulya', NULL, '32.76', '32.76.08', '32.76.08.1004'),
	('32', NULL, 'Jatimulya', NULL, '32.76', '32.76.08', '32.76.08.1005'),
	('32', NULL, 'Cinere', NULL, '32.76', '32.76.09', '32.76.09.1001'),
	('32', NULL, 'Gandul', NULL, '32.76', '32.76.09', '32.76.09.1002'),
	('32', NULL, 'Pangkalan  Jati', NULL, '32.76', '32.76.09', '32.76.09.1003'),
	('32', NULL, 'Pangkalan  Jati Baru', NULL, '32.76', '32.76.09', '32.76.09.1004'),
	('32', NULL, 'Tapos', NULL, '32.76', '32.76.10', '32.76.10.1001'),
	('32', NULL, 'Leuwinanggung', NULL, '32.76', '32.76.10', '32.76.10.1002'),
	('32', NULL, 'Sukatani', NULL, '32.76', '32.76.10', '32.76.10.1003'),
	('32', NULL, 'Sukamaju  Baru', NULL, '32.76', '32.76.10', '32.76.10.1004'),
	('32', NULL, 'Jatijajar', NULL, '32.76', '32.76.10', '32.76.10.1005'),
	('32', NULL, 'Cilangkap', NULL, '32.76', '32.76.10', '32.76.10.1006'),
	('32', NULL, 'Cimpaeun', NULL, '32.76', '32.76.10', '32.76.10.1007'),
	('32', NULL, 'Bojongsari', NULL, '32.76', '32.76.11', '32.76.11.1001'),
	('32', NULL, 'Bojongsari Baru', NULL, '32.76', '32.76.11', '32.76.11.1002'),
	('32', NULL, 'Serua', NULL, '32.76', '32.76.11', '32.76.11.1003'),
	('32', NULL, 'Pondok  Petir', NULL, '32.76', '32.76.11', '32.76.11.1004'),
	('32', NULL, 'Curug', NULL, '32.76', '32.76.11', '32.76.11.1005'),
	('32', NULL, 'Duren  Mekar', NULL, '32.76', '32.76.11', '32.76.11.1006'),
	('32', NULL, 'Duren  Seribu', NULL, '32.76', '32.76.11', '32.76.11.1007'),
	('32', NULL, 'Melong', NULL, '32.77', '32.77.01', '32.77.01.1001'),
	('32', NULL, 'Cibeureum', NULL, '32.77', '32.77.01', '32.77.01.1002'),
	('32', NULL, 'Utama', NULL, '32.77', '32.77.01', '32.77.01.1003'),
	('32', NULL, 'Leuwigajah', NULL, '32.77', '32.77.01', '32.77.01.1004'),
	('32', NULL, 'Cibeber', NULL, '32.77', '32.77.01', '32.77.01.1005'),
	('32', NULL, 'Baros', NULL, '32.77', '32.77.02', '32.77.02.1001'),
	('32', NULL, 'Cigugur Tengah', NULL, '32.77', '32.77.02', '32.77.02.1002'),
	('32', NULL, 'Karangmekar', NULL, '32.77', '32.77.02', '32.77.02.1003'),
	('32', NULL, 'Setiamanah', NULL, '32.77', '32.77.02', '32.77.02.1004'),
	('32', NULL, 'Padasuka', NULL, '32.77', '32.77.02', '32.77.02.1005'),
	('32', NULL, 'Cimahi', NULL, '32.77', '32.77.02', '32.77.02.1006'),
	('32', NULL, 'Pasirkaliki', NULL, '32.77', '32.77.03', '32.77.03.1001'),
	('32', NULL, 'Cibabat', NULL, '32.77', '32.77.03', '32.77.03.1002'),
	('32', NULL, 'Citeureup', NULL, '32.77', '32.77.03', '32.77.03.1003'),
	('32', NULL, 'Cipageran', NULL, '32.77', '32.77.03', '32.77.03.1004'),
	('32', NULL, 'Yudanagara', NULL, '32.78', '32.78.01', '32.78.01.1001'),
	('32', NULL, 'Nagarawangi', NULL, '32.78', '32.78.01', '32.78.01.1002'),
	('32', NULL, 'Cilembang', NULL, '32.78', '32.78.01', '32.78.01.1003'),
	('32', NULL, 'Argasari', NULL, '32.78', '32.78.01', '32.78.01.1004'),
	('32', NULL, 'Tugujaya', NULL, '32.78', '32.78.01', '32.78.01.1005'),
	('32', NULL, 'Tuguraja', NULL, '32.78', '32.78.01', '32.78.01.1006'),
	('32', NULL, 'Panglayungan', NULL, '32.78', '32.78.02', '32.78.02.1001'),
	('32', NULL, 'Cipedes', NULL, '32.78', '32.78.02', '32.78.02.1002'),
	('32', NULL, 'Nagarasari', NULL, '32.78', '32.78.02', '32.78.02.1003'),
	('32', NULL, 'Sukamanah', NULL, '32.78', '32.78.02', '32.78.02.1004'),
	('32', NULL, 'Tawangsari', NULL, '32.78', '32.78.03', '32.78.03.1001'),
	('32', NULL, 'Empangsari', NULL, '32.78', '32.78.03', '32.78.03.1002'),
	('32', NULL, 'Lengkongsari', NULL, '32.78', '32.78.03', '32.78.03.1003'),
	('32', NULL, 'Cikalang', NULL, '32.78', '32.78.03', '32.78.03.1004'),
	('32', NULL, 'Kahuripan', NULL, '32.78', '32.78.03', '32.78.03.1005'),
	('32', NULL, 'Bantarsari', NULL, '32.78', '32.78.04', ''),
	('32', NULL, 'Cibunigeulis', NULL, '32.78', '32.78.04', ''),
	('32', NULL, 'Indihiang', NULL, '32.78', '32.78.04', '32.78.04.1003'),
	('32', NULL, 'Sirnagalih', NULL, '32.78', '32.78.04', '32.78.04.1004'),
	('32', NULL, 'Parakannyasag', NULL, '32.78', '32.78.04', '32.78.04.1005'),
	('32', NULL, 'Panyingkiran', NULL, '32.78', '32.78.04', '32.78.04.1006'),
	('32', NULL, 'Sukamaju  Kaler', NULL, '32.78', '32.78.04', '32.78.04.1007'),
	('32', NULL, 'Sukamaju  Kidul', NULL, '32.78', '32.78.04', '32.78.04.1008'),
	('32', NULL, 'Sukarindik', NULL, '32.78', '32.78.04', ''),
	('32', NULL, 'Sukamulya', NULL, '32.78', '32.78.04', ''),
	('32', NULL, 'Sukajaya', NULL, '32.78', '32.78.04', ''),
	('32', NULL, 'Bungursari', NULL, '32.78', '32.78.04', ''),
	('32', NULL, 'Sukalaksana', NULL, '32.78', '32.78.04', ''),
	('32', NULL, 'Kersamenak', NULL, '32.78', '32.78.05', '32.78.05.1001'),
	('32', NULL, 'Cilamajang', NULL, '32.78', '32.78.05', '32.78.05.1002'),
	('32', NULL, 'Gunung Tandala', NULL, '32.78', '32.78.05', '32.78.05.1003'),
	('32', NULL, 'Urug', NULL, '32.78', '32.78.05', '32.78.05.1004'),
	('32', NULL, 'Tanjung', NULL, '32.78', '32.78.05', '32.78.05.1005'),
	('32', NULL, 'Cibeuti', NULL, '32.78', '32.78.05', '32.78.05.1006'),
	('32', NULL, 'Karanganyar', NULL, '32.78', '32.78.05', '32.78.05.1007'),
	('32', NULL, 'Talagasari', NULL, '32.78', '32.78.05', '32.78.05.1008'),
	('32', NULL, 'Leuwiliang', NULL, '32.78', '32.78.05', '32.78.05.1009'),
	('32', NULL, 'Gunung Gede', NULL, '32.78', '32.78.05', '32.78.05.1010'),
	('32', NULL, 'Purbaratu', NULL, '32.78', '32.78.06', ''),
	('32', NULL, 'Sukanagara', NULL, '32.78', '32.78.06', ''),
	('32', NULL, 'Sukaasih', NULL, '32.78', '32.78.06', ''),
	('32', NULL, 'Sukajaya', NULL, '32.78', '32.78.06', ''),
	('32', NULL, 'Setiaratu', NULL, '32.78', '32.78.06', '32.78.06.1005'),
	('32', NULL, 'Sukamenak', NULL, '32.78', '32.78.06', ''),
	('32', NULL, 'Kersanagara', NULL, '32.78', '32.78.06', '32.78.06.1007'),
	('32', NULL, 'Kota  Baru', NULL, '32.78', '32.78.06', '32.78.06.1008'),
	('32', NULL, 'Awipari', NULL, '32.78', '32.78.06', '32.78.06.1009'),
	('32', NULL, 'Setianagara', NULL, '32.78', '32.78.06', '32.78.06.1010'),
	('32', NULL, 'Ciherang', NULL, '32.78', '32.78.06', '32.78.06.1011'),
	('32', NULL, 'Ciakar', NULL, '32.78', '32.78.06', '32.78.06.1012'),
	('32', NULL, 'Margabakti', NULL, '32.78', '32.78.06', '32.78.06.1013'),
	('32', NULL, 'Setiajaya', NULL, '32.78', '32.78.06', '32.78.06.1014'),
	('32', NULL, 'Singkup', NULL, '32.78', '32.78.06', ''),
	('32', NULL, 'Tamansari', NULL, '32.78', '32.78.07', '32.78.07.1001'),
	('32', NULL, 'Mugarsari', NULL, '32.78', '32.78.07', '32.78.07.1002'),
	('32', NULL, 'Tamanjaya', NULL, '32.78', '32.78.07', '32.78.07.1003'),
	('32', NULL, 'Sumelap', NULL, '32.78', '32.78.07', '32.78.07.1004'),
	('32', NULL, 'Setiawargi', NULL, '32.78', '32.78.07', '32.78.07.1005'),
	('32', NULL, 'Mulyasari', NULL, '32.78', '32.78.07', '32.78.07.1006'),
	('32', NULL, 'Sukahurip', NULL, '32.78', '32.78.07', '32.78.07.1007'),
	('32', NULL, 'Setiamulya', NULL, '32.78', '32.78.07', '32.78.07.1008'),
	('32', NULL, 'Mangkubumi', NULL, '32.78', '32.78.08', '32.78.08.1001'),
	('32', NULL, 'Cigantang', NULL, '32.78', '32.78.08', '32.78.08.1002'),
	('32', NULL, 'Karikil', NULL, '32.78', '32.78.08', '32.78.08.1003'),
	('32', NULL, 'Linggajaya', NULL, '32.78', '32.78.08', '32.78.08.1004'),
	('32', NULL, 'Cipawitra', NULL, '32.78', '32.78.08', '32.78.08.1005'),
	('32', NULL, 'Sambongpari', NULL, '32.78', '32.78.08', '32.78.08.1006'),
	('32', NULL, 'Sambongjaya', NULL, '32.78', '32.78.08', '32.78.08.1007'),
	('32', NULL, 'Cipari', NULL, '32.78', '32.78.08', '32.78.08.1008'),
	('32', NULL, 'Sukamulya', NULL, '32.78', '32.78.09', '32.78.09.1009'),
	('32', NULL, 'Sukarindik', NULL, '32.78', '32.78.09', '32.78.09.1010'),
	('32', NULL, 'Bungursari', NULL, '32.78', '32.78.09', '32.78.09.1011'),
	('32', NULL, 'Sukajaya', NULL, '32.78', '32.78.09', '32.78.09.1012'),
	('32', NULL, 'Cibunigeulis', NULL, '32.78', '32.78.09', '32.78.09.1013'),
	('32', NULL, 'Bantarsari', NULL, '32.78', '32.78.09', '32.78.09.1014'),
	('32', NULL, 'Sukalaksana', NULL, '32.78', '32.78.09', '32.78.09.1015'),
	('32', NULL, 'Sukanagara', NULL, '32.78', '32.78.10', '32.78.10.1001'),
	('32', NULL, 'Sukamenak', NULL, '32.78', '32.78.10', '32.78.10.1002'),
	('32', NULL, 'Purbaratu', NULL, '32.78', '32.78.10', '32.78.10.1003'),
	('32', NULL, 'Sukaasih', NULL, '32.78', '32.78.10', '32.78.10.1004'),
	('32', NULL, 'Sukajaya', NULL, '32.78', '32.78.10', '32.78.10.1005'),
	('32', NULL, 'Singkup', NULL, '32.78', '32.78.10', '32.78.10.1006'),
	('32', NULL, 'Banjar', NULL, '32.79', '32.79.01', '32.79.01.1001'),
	('32', NULL, 'Mekarsari', NULL, '32.79', '32.79.01', '32.79.01.1002'),
	('32', NULL, 'Situbatu', NULL, '32.79', '32.79.01', '32.79.01.1006'),
	('32', NULL, 'Hegarsari', NULL, '32.79', '32.79.02', '32.79.02.1001'),
	('32', NULL, 'Pataruman', NULL, '32.79', '32.79.02', '32.79.02.1002'),
	('32', NULL, 'Purwaharja', NULL, '32.79', '32.79.03', '32.79.03.1001'),
	('32', NULL, 'Karangpanimbal', NULL, '32.79', '32.79.03', '32.79.03.1002'),
	('32', NULL, 'Muktisari', NULL, '32.79', '32.79.04', '32.79.04.1001'),
	('32', NULL, 'Bojongkantong', NULL, '32.79', '32.79.04', '32.79.04.1002');
/*!40000 ALTER TABLE `ref_wil_kel` ENABLE KEYS */;

-- Dumping structure for table acma.ref_wil_provinsi
DROP TABLE IF EXISTS `ref_wil_provinsi`;
CREATE TABLE IF NOT EXISTS `ref_wil_provinsi` (
  `id_provinsi` varchar(255) DEFAULT NULL,
  `nama` varchar(255) DEFAULT NULL
) ENGINE=InnoDB DEFAULT CHARSET=utf8mb4;

-- Dumping data for table acma.ref_wil_provinsi: ~1 rows (approximately)
/*!40000 ALTER TABLE `ref_wil_provinsi` DISABLE KEYS */;
INSERT INTO `ref_wil_provinsi` (`id_provinsi`, `nama`) VALUES
	('32', 'JAWA BARAT');
/*!40000 ALTER TABLE `ref_wil_provinsi` ENABLE KEYS */;

-- Dumping structure for table acma.trx_pendataan
DROP TABLE IF EXISTS `trx_pendataan`;
CREATE TABLE IF NOT EXISTS `trx_pendataan` (
  `id` int(11) NOT NULL AUTO_INCREMENT,
  `id_pelanggan` int(11) DEFAULT NULL,
  `kode_transaksi` varchar(50) DEFAULT NULL,
  `tgl_transaksi` date DEFAULT NULL,
  `m_before` varchar(50) DEFAULT NULL,
  `m_after` varchar(50) DEFAULT NULL,
  `jml_pakai` varchar(255) DEFAULT NULL,
  `abudemen` varchar(255) DEFAULT NULL,
  `subtot_pakai` varchar(255) DEFAULT NULL,
  `harga` varchar(255) DEFAULT NULL,
  `foto` varchar(255) DEFAULT NULL,
  `jenis_pembayaran` varchar(255) DEFAULT NULL,
  `created_date` datetime DEFAULT NULL,
  `updated_date` datetime DEFAULT NULL,
  `created_by` varchar(50) DEFAULT NULL,
  `update_by` varchar(50) DEFAULT NULL,
  `approved` varchar(50) DEFAULT 'Belum Di-Validasi' COMMENT 'Approved / Not Approved',
  `approve_date` datetime DEFAULT NULL,
  `approve_by` varchar(50) DEFAULT NULL,
  `catatan_validasi` varchar(255) DEFAULT NULL,
  PRIMARY KEY (`id`) USING BTREE,
  KEY `id_panti` (`id_pelanggan`) USING BTREE
) ENGINE=InnoDB AUTO_INCREMENT=2 DEFAULT CHARSET=utf8mb4;

-- Dumping data for table acma.trx_pendataan: ~1 rows (approximately)
/*!40000 ALTER TABLE `trx_pendataan` DISABLE KEYS */;
INSERT INTO `trx_pendataan` (`id`, `id_pelanggan`, `kode_transaksi`, `tgl_transaksi`, `m_before`, `m_after`, `jml_pakai`, `abudemen`, `subtot_pakai`, `harga`, `foto`, `jenis_pembayaran`, `created_date`, `updated_date`, `created_by`, `update_by`, `approved`, `approve_date`, `approve_by`, `catatan_validasi`) VALUES
	(1, 1, '1638594749', '2021-12-04', '61', '80', '19', '10000', '48000', '2000', NULL, 'sekarang', '2021-12-04 12:12:29', NULL, 'SuperAdmin', NULL, 'Belum Di-Validasi', NULL, NULL, NULL);
/*!40000 ALTER TABLE `trx_pendataan` ENABLE KEYS */;

-- Dumping structure for table acma.trx_periode
DROP TABLE IF EXISTS `trx_periode`;
CREATE TABLE IF NOT EXISTS `trx_periode` (
  `id` int(11) NOT NULL AUTO_INCREMENT,
  `tgl_awal` date DEFAULT NULL,
  `tgl_akhir` date DEFAULT NULL,
  `status_aktif` enum('Y','N') CHARACTER SET latin1 DEFAULT 'N',
  PRIMARY KEY (`id`) USING BTREE
) ENGINE=InnoDB DEFAULT CHARSET=utf8mb4;

-- Dumping data for table acma.trx_periode: ~0 rows (approximately)
/*!40000 ALTER TABLE `trx_periode` DISABLE KEYS */;
/*!40000 ALTER TABLE `trx_periode` ENABLE KEYS */;

-- Dumping structure for table acma.trx_runing_text
DROP TABLE IF EXISTS `trx_runing_text`;
CREATE TABLE IF NOT EXISTS `trx_runing_text` (
  `id` int(11) NOT NULL AUTO_INCREMENT,
  `text` text CHARACTER SET latin1 DEFAULT NULL,
  `tgl_awal_tampil` date DEFAULT NULL,
  `tgl_akhir_tampil` date DEFAULT NULL,
  `created_at` datetime DEFAULT NULL,
  `updated_at` datetime DEFAULT NULL,
  PRIMARY KEY (`id`) USING BTREE
) ENGINE=InnoDB DEFAULT CHARSET=utf8mb4;

-- Dumping data for table acma.trx_runing_text: ~0 rows (approximately)
/*!40000 ALTER TABLE `trx_runing_text` DISABLE KEYS */;
/*!40000 ALTER TABLE `trx_runing_text` ENABLE KEYS */;

/*!40101 SET SQL_MODE=IFNULL(@OLD_SQL_MODE, '') */;
/*!40014 SET FOREIGN_KEY_CHECKS=IFNULL(@OLD_FOREIGN_KEY_CHECKS, 1) */;
/*!40101 SET CHARACTER_SET_CLIENT=@OLD_CHARACTER_SET_CLIENT */;
/*!40111 SET SQL_NOTES=IFNULL(@OLD_SQL_NOTES, 1) */;
