insert into billing_details(id, ref, gas_price, electricity_price) values (1, 'customer_pricing', 0.115, 0.121);
insert into billing_details(id, ref, gas_price, electricity_price) values (2, 'business_high_pricing', 0.111, 0.114);
insert into billing_details(id, ref, gas_price, electricity_price) values (3, 'business_low_pricing', 0.113, 0.118);

insert into clients(id, ref, client_type, siret_number, name, turnover, billing_details_id) values (1, 'EKW11111111', 1, 'siret', 'COMPANY', '2000000', 2);
insert into clients(id, ref, client_type, siret_number, name, turnover, billing_details_id) values (2, 'EKW22222222', 1, 'siret2', 'COMPANY2', '500000', 3);
insert into clients(id, ref, client_type, civility, first_name, last_name, billing_details_id) values (3, 'EKW33333333', 0, 0, 'John', 'Doe', 1);

insert into consumptions(id, type, date, amount, client_id) values ( 1, 0, '2024-03-22', 10, 3);
insert into consumptions(id, type, date, amount, client_id) values ( 2, 0, '2024-03-22', 10, 3);
insert into consumptions(id, type, date, amount, client_id) values ( 3, 0, '2024-03-22', 10, 3);
insert into consumptions(id, type, date, amount, client_id) values ( 4, 0, '2024-03-22', 10, 3);
insert into consumptions(id, type, date, amount,client_id) values ( 5, 0, '2024-03-22', 10, 3);
insert into consumptions(id, type, date, amount, client_id) values ( 6, 0, '2024-03-22', 10, 3);
insert into consumptions(id, type, date, amount, client_id) values ( 7, 0, '2024-03-22', 10, 3);
insert into consumptions(id, type, date, amount, client_id) values ( 8, 0, '2024-03-22', 10, 3);
insert into consumptions(id, type, date, amount, client_id) values ( 9, 0, '2024-03-22', 10, 3);
insert into consumptions(id, type, date, amount, client_id) values ( 10, 0, '2024-03-22', 10, 3);
insert into consumptions(id, type, date, amount, client_id) values ( 11, 1, '2024-03-22', 10, 3);
insert into consumptions(id, type, date, amount, client_id) values ( 12, 1, '2024-03-22', 10, 3);
insert into consumptions(id, type, date, amount, client_id) values ( 13, 1, '2024-03-22', 10, 3);
insert into consumptions(id, type, date, amount, client_id) values ( 14, 1, '2024-03-22', 10, 3);
insert into consumptions(id, type, date, amount,client_id) values ( 15, 1, '2024-03-22', 10, 3);
insert into consumptions(id, type, date, amount, client_id) values ( 16, 1, '2024-03-22', 10, 3);
insert into consumptions(id, type, date, amount, client_id) values ( 17, 1, '2024-03-22', 10, 3);
insert into consumptions(id, type, date, amount, client_id) values ( 18, 1, '2024-03-22', 10, 3);
insert into consumptions(id, type, date, amount, client_id) values ( 19, 1, '2024-03-22', 10, 3);
insert into consumptions(id, type, date, amount, client_id) values ( 20, 1, '2024-03-22', 10, 3);

insert into consumptions(id, type, date, amount, client_id) values ( 21, 0, '2024-03-22', 10, 2);
insert into consumptions(id, type, date, amount, client_id) values ( 22, 0, '2024-03-22', 10, 2);
insert into consumptions(id, type, date, amount, client_id) values ( 23, 0, '2024-03-22', 10, 2);
insert into consumptions(id, type, date, amount, client_id) values ( 24, 0, '2024-03-22', 10, 2);
insert into consumptions(id, type, date, amount,client_id) values ( 25, 0, '2024-03-22', 10, 2);
insert into consumptions(id, type, date, amount, client_id) values ( 26, 0, '2024-03-22', 10, 2);
insert into consumptions(id, type, date, amount, client_id) values ( 27, 0, '2024-03-22', 10, 2);
insert into consumptions(id, type, date, amount, client_id) values ( 28, 0, '2024-03-22', 10, 2);
insert into consumptions(id, type, date, amount, client_id) values ( 29, 0, '2024-03-22', 10, 2);
insert into consumptions(id, type, date, amount, client_id) values ( 30, 0, '2024-03-22', 10, 2);
insert into consumptions(id, type, date, amount, client_id) values ( 31, 1, '2024-03-22', 10, 2);
insert into consumptions(id, type, date, amount, client_id) values ( 32, 1, '2024-03-22', 10, 2);
insert into consumptions(id, type, date, amount, client_id) values ( 33, 1, '2024-03-22', 10, 2);
insert into consumptions(id, type, date, amount, client_id) values ( 34, 1, '2024-03-22', 10, 2);
insert into consumptions(id, type, date, amount,client_id) values ( 35, 1, '2024-03-22', 10, 2);
insert into consumptions(id, type, date, amount, client_id) values ( 36, 1, '2024-03-22', 10, 2);
insert into consumptions(id, type, date, amount, client_id) values ( 37, 1, '2024-03-22', 10, 2);
insert into consumptions(id, type, date, amount, client_id) values ( 38, 1, '2024-03-22', 10, 2);
insert into consumptions(id, type, date, amount, client_id) values ( 39, 1, '2024-03-22', 10, 2);
insert into consumptions(id, type, date, amount, client_id) values ( 40, 1, '2024-03-22', 10, 2);

insert into consumptions(id, type, date, amount, client_id) values ( 41, 0, '2024-03-22', 10, 1);
insert into consumptions(id, type, date, amount, client_id) values ( 42, 0, '2024-03-22', 10, 1);
insert into consumptions(id, type, date, amount, client_id) values ( 43, 0, '2024-03-22', 10, 1);
insert into consumptions(id, type, date, amount, client_id) values ( 44, 0, '2024-03-22', 10, 1);
insert into consumptions(id, type, date, amount,client_id) values ( 45, 0, '2024-03-22', 10, 1);
insert into consumptions(id, type, date, amount, client_id) values ( 46, 0, '2024-03-22', 10, 1);
insert into consumptions(id, type, date, amount, client_id) values ( 47, 0, '2024-03-22', 10, 1);
insert into consumptions(id, type, date, amount, client_id) values ( 48, 0, '2024-03-22', 10, 1);
insert into consumptions(id, type, date, amount, client_id) values ( 49, 0, '2024-03-22', 10, 1);
insert into consumptions(id, type, date, amount, client_id) values ( 50, 0, '2024-03-22', 10, 1);
insert into consumptions(id, type, date, amount, client_id) values ( 51, 1, '2024-03-22', 10, 1);
insert into consumptions(id, type, date, amount, client_id) values ( 52, 1, '2024-03-22', 10, 1);
insert into consumptions(id, type, date, amount, client_id) values ( 53, 1, '2024-03-22', 10, 1);
insert into consumptions(id, type, date, amount, client_id) values ( 54, 1, '2024-03-22', 10, 1);
insert into consumptions(id, type, date, amount,client_id) values ( 55, 1, '2024-03-22', 10, 1);
insert into consumptions(id, type, date, amount, client_id) values ( 56, 1, '2024-03-22', 10, 1);
insert into consumptions(id, type, date, amount, client_id) values ( 57, 1, '2024-03-22', 10, 1);
insert into consumptions(id, type, date, amount, client_id) values ( 58, 1, '2024-03-22', 10, 1);
insert into consumptions(id, type, date, amount, client_id) values ( 59, 1, '2024-03-22', 10, 1);
insert into consumptions(id, type, date, amount, client_id) values ( 60, 1, '2024-03-22', 10, 1);