--
-- Einfügedaten von letzter Aufgabe. Neue Daten sind unten notiert
--

-- Aufgaben
INSERT INTO "AUFGABE" 
VALUES ('Kontomanager','Hält das Vereinskonto, überprüft Einnahmen und Ausgaben',1);

INSERT INTO "AUFGABE" 
VALUES ('Ansprechperson','Ansprechperson für Presse und Co.',2);

INSERT INTO "AUFGABE" 
VALUES ('Finanzmanager','Überprüft Finanzen, schaut dass Ausgaben des Vereins nicht die Einahmen übertreffen',3);

INSERT INTO "AUFGABE" 
VALUES ('Eventorganisation','Organisiert Vereinsveranstaltungen und verteilt Betreuer',4);

-- Mitglieder

INSERT INTO "PERSON" ("ID","NAME_VORNAME","NAME_NACHNAME","ADRESSE_PLZ","ADRESSE_STADT","ADRESSE_STRASSE","ADRESSE_HAUSNUMMER","EMAIL","TYP","MITGLIED_TYP","MITGLIED_NUMMER","MITGLIED_BEITRITTSDATUM") 
VALUES (1,'Annika','Schmid','88250','Weingarten','Weingartener Weg',32,'annika.schmid@verein.de',2,'Standartmitglied',2134,TO_DATE('2010-06-02','yyyy-mm-dd'));

INSERT INTO "PERSON" ("ID","NAME_VORNAME","NAME_NACHNAME","ADRESSE_PLZ","ADRESSE_STADT","ADRESSE_STRASSE","ADRESSE_HAUSNUMMER","EMAIL","TYP","MITGLIED_TYP","MITGLIED_NUMMER","MITGLIED_BEITRITTSDATUM") 
VALUES (2,'Peter','Maier','88250','Weingarten','Weinweg',42,'p.maier@verein.de',2,'Standartmitglied',8795,TO_DATE('2005-01-08','yyyy-mm-dd'));

INSERT INTO "PERSON" ("ID","NAME_VORNAME","NAME_NACHNAME","ADRESSE_PLZ","ADRESSE_STADT","ADRESSE_STRASSE","ADRESSE_HAUSNUMMER","EMAIL","TYP","MITGLIED_TYP","MITGLIED_NUMMER","MITGLIED_BEITRITTSDATUM") 
VALUES (3, 'Maria','Bank','88250','Weingarten','Dieselstraße',10,'maria.db@verein.de',2,'Standartmitglied',8195,TO_DATE('2009-11-28','yyyy-mm-dd'));

-- Öffentliche Person

INSERT INTO "PERSON" ("ID","NAME_VORNAME","NAME_NACHNAME","ADRESSE_PLZ","ADRESSE_STADT","ADRESSE_STRASSE","ADRESSE_HAUSNUMMER","EMAIL","TYP","FUNKTIONSTRAEGER_FUNKTION","FUNKTIONSTRAEGER_DIENSTSTELLE")
VALUES (4, 'Anna','Bauer','12345','Musterstadt','Musterstadt',101,'anna.bauer@musterstadt.de',1,'Bürgermeister','Bürgermeisteramt Musterstadt') ;

-- Öffentliche Person und Mitglied

INSERT INTO "PERSON" ("ID","NAME_VORNAME","NAME_NACHNAME","ADRESSE_PLZ","ADRESSE_STADT","ADRESSE_STRASSE","ADRESSE_HAUSNUMMER","EMAIL","TYP","FUNKTIONSTRAEGER_FUNKTION","FUNKTIONSTRAEGER_DIENSTSTELLE","MITGLIED_TYP","MITGLIED_NUMMER","MITGLIED_BEITRITTSDATUM")
VALUES (5, 'Rüdiger','Weber','51234','Musterstadt','Musterdorf',1,'r.weber@musterdorf.de',3,'Bürgermeister','Bürgermeisteramt Musterstadt','Standartmitglied',420,TO_DATE('2014-05-2','yyyy-mm-dd')) ;

-- Telefonnummern

INSERT INTO "PERSON_TELEFONNUMMER" ("PERSON","TELEFONNUMMER") 
VALUES (1,'+49 75122321');

INSERT INTO "PERSON_TELEFONNUMMER" ("PERSON","TELEFONNUMMER") 
VALUES (1,'+49 751/321432');

INSERT INTO "PERSON_TELEFONNUMMER" ("PERSON","TELEFONNUMMER") 
VALUES (2,'+49 751/321');

INSERT INTO "PERSON_TELEFONNUMMER" ("PERSON","TELEFONNUMMER") 
VALUES (2,'+49 751/32684');

INSERT INTO "PERSON_TELEFONNUMMER" ("PERSON","TELEFONNUMMER") 
VALUES (3,'+49 751/5429');

INSERT INTO "PERSON_TELEFONNUMMER" ("PERSON","TELEFONNUMMER") 
VALUES (4,'+49 123/456');

INSERT INTO "PERSON_TELEFONNUMMER" ("PERSON","TELEFONNUMMER") 
VALUES (5,'+49 123/456789');

-- Veranstaltungen - Radtour

INSERT INTO "VERANSTALTUNG" ("ID","NAME","BESCHREIBUNG","TREFFPUNKT_BEZEICHNUNG","TREFFPUNKT_BREITENGRADE","TREFFPUNKT_LAENGENGRADE","TYP","RADTOUR_DAUER","RADTOUR_DISTANZ","RADTOUR_RADEMPFEHLUNG","RADTOUR_SCHWIERIGKEIT","ZEITPUNKT")
VALUES (1,'Radtour Bodensee','Eine Radtour um den Bodensee, beginnend in RV am Hbf','Hauptbahnhof Ravensburg',47.784094,9.605965,2,20,120,'Trekkingrad','mittel',TO_DATE('2019-02-11 12:30:00','yyyy-mm-dd hh24:mi:ss'));

-- Veranstaltung - Kurs

INSERT INTO "VERANSTALTUNG" ("ID","NAME","BESCHREIBUNG","TREFFPUNKT_BEZEICHNUNG","TREFFPUNKT_BREITENGRADE","TREFFPUNKT_LAENGENGRADE","TYP","KURS_TEILNAMEGEBUEHREN","ZEITPUNKT")
VALUES (2,'Sicheres Fahren in der Stadt','Ein Kurs, bei welchem das sichere Verhalten in der Stadt beigebracht wird','Stadtpark',47.807533,9.638519,1,5.30,TO_DATE('2019-02-11 12:30:00','yyyy-mm-dd hh24:mi:ss'));

-- Veranstaltung - Kurs und Radtour

INSERT INTO "VERANSTALTUNG" ("ID","NAME","BESCHREIBUNG","TREFFPUNKT_BEZEICHNUNG","TREFFPUNKT_BREITENGRADE","TREFFPUNKT_LAENGENGRADE","TYP","KURS_TEILNAMEGEBUEHREN","RADTOUR_DAUER","RADTOUR_DISTANZ","RADTOUR_RADEMPFEHLUNG","RADTOUR_SCHWIERIGKEIT","ZEITPUNKT")
VALUES (3,'Sicheres Radfahren - Praktikum','Auf einer abgesicherten Strecke wird das Radfahren erlernt','Gymnasium Weingarten',47.811169,9.629013,3,14.99,1,5,'Beliebiges Rad','sehr leicht',TO_DATE('2015-05-10 12:30:00','yyyy-mm-dd hh24:mi:ss'));

-- Veranstaltung - Generisch

INSERT INTO "VERANSTALTUNG" ("ID","NAME","BESCHREIBUNG","TREFFPUNKT_BEZEICHNUNG","TREFFPUNKT_BREITENGRADE","TREFFPUNKT_LAENGENGRADE","TYP","ZEITPUNKT")
VALUES (4,'Mitgliedstreffen','Mitgliedstreffen des Vereins','Vereinshaus',47.651723,9.478990,0,TO_DATE('2019-12-11 18:45:00','yyyy-mm-dd hh24:mi:ss'));

-- Lernziele

INSERT INTO "VERANSTALTUNG_LERNZIELE" ("VERANSTALTUNG","LERNZIEL")
VALUES (2,'Handhabung Fahrrad');

INSERT INTO "VERANSTALTUNG_LERNZIELE" ("VERANSTALTUNG","LERNZIEL")
VALUES (2,'Verkehrssicherheit');

INSERT INTO "VERANSTALTUNG_LERNZIELE" ("VERANSTALTUNG","LERNZIEL")
VALUES (2,'Rücksichtsvolles Teilnehmen am Verkehr');

INSERT INTO "VERANSTALTUNG_LERNZIELE" ("VERANSTALTUNG","LERNZIEL")
VALUES (3,'Verbesserung der Radfahrfähigkeiten');

-- Übernimmt Aufgabe

INSERT INTO "UEBERNIMMTAUFGABE" ("PERSON","AUFGABE","ANFANGSDATUM","ENDDATUM")
VALUES (1,1,TO_DATE('2018-02-01','yyyy-mm-dd'),null);

INSERT INTO "UEBERNIMMTAUFGABE" ("PERSON","AUFGABE","ANFANGSDATUM","ENDDATUM")
VALUES (2,2,TO_DATE('2008-02-01','yyyy-mm-dd'),TO_DATE('2010-02-05','yyyy-mm-dd'));

INSERT INTO "UEBERNIMMTAUFGABE" ("PERSON","AUFGABE","ANFANGSDATUM","ENDDATUM")
VALUES (3,2,TO_DATE('2010-02-06','yyyy-mm-dd'),null);

INSERT INTO "UEBERNIMMTAUFGABE" ("PERSON","AUFGABE","ANFANGSDATUM","ENDDATUM")
VALUES (5,3,TO_DATE('2015-02-06','yyyy-mm-dd'),null);

-- Betreut Veranstaltung

INSERT INTO "BETREUTVERANSTALTUNG" ("PERSON","VERANSTALTUNG")
VALUES (1,1);

INSERT INTO "BETREUTVERANSTALTUNG" ("PERSON","VERANSTALTUNG")
VALUES (2,1);

INSERT INTO "BETREUTVERANSTALTUNG" ("PERSON","VERANSTALTUNG")
VALUES (2,2);

INSERT INTO "BETREUTVERANSTALTUNG" ("PERSON","VERANSTALTUNG")
VALUES (3,3);

INSERT INTO "BETREUTVERANSTALTUNG" ("PERSON","VERANSTALTUNG")
VALUES (3,4);



--
--  Ab hier kommen die für diese Abgabe geschriebenen Daten 
--









-- Zu Aufgabe 1
INSERT INTO "PERSON" ("ID","NAME_VORNAME","NAME_NACHNAME","ADRESSE_PLZ","ADRESSE_STADT","ADRESSE_STRASSE","ADRESSE_HAUSNUMMER","EMAIL","TYP","MITGLIED_TYP","MITGLIED_NUMMER","MITGLIED_BEITRITTSDATUM") 
    VALUES (6,'Dieter','Maier','88250','Weingarten','Weingartener Weg',45,'dieter.maier@verein.de',2,'Standartmitglied',2174,TO_DATE('2010-06-02','yyyy-mm-dd'));

    INSERT INTO "PERSON" ("ID","NAME_VORNAME","NAME_NACHNAME","ADRESSE_PLZ","ADRESSE_STADT","ADRESSE_STRASSE","ADRESSE_HAUSNUMMER","EMAIL","TYP","MITGLIED_TYP","MITGLIED_NUMMER","MITGLIED_BEITRITTSDATUM") 
    VALUES (7,'Dieter','Müller','88250','Weingarten','Weinweg',9,'d.mueller@verein.de',2,'Standartmitglied',8295,TO_DATE('2005-01-08','yyyy-mm-dd'));

    INSERT INTO "PERSON_TELEFONNUMMER" ("PERSON","TELEFONNUMMER") 
    VALUES (7,'+49 751229421');

    INSERT INTO "PERSON_TELEFONNUMMER" ("PERSON","TELEFONNUMMER") 
    VALUES (6,'+49 751/321122');

    INSERT INTO "PERSON_TELEFONNUMMER" ("PERSON","TELEFONNUMMER") 
    VALUES (6,'+49 751/3218722');

    INSERT INTO "PERSON_TELEFONNUMMER" ("PERSON","TELEFONNUMMER") 
    VALUES (7,'+49 751/9218722');

-- Aufgabe 2

-- keine neuen Daten benötigt

-- Aufgabe 3

-- TODO

-- Aufgabe 4

-- keine neuen Daten benötigt

-- Aufgabe 5

INSERT INTO "PERSON" ("ID","NAME_VORNAME","NAME_NACHNAME","ADRESSE_PLZ","ADRESSE_STADT","ADRESSE_STRASSE","ADRESSE_HAUSNUMMER","EMAIL","TYP","FUNKTIONSTRAEGER_FUNKTION","FUNKTIONSTRAEGER_DIENSTSTELLE")
VALUES (8, 'Annika','Gries','12345','Musterstadt','Musterstaße',91,'a.griess@musterstadt.de',1,'Verkehrsminister','Verkehrsminister Musterstadt') ;

INSERT INTO "PERSON" ("ID","NAME_VORNAME","NAME_NACHNAME","ADRESSE_PLZ","ADRESSE_STADT","ADRESSE_STRASSE","ADRESSE_HAUSNUMMER","EMAIL","TYP","FUNKTIONSTRAEGER_FUNKTION","FUNKTIONSTRAEGER_DIENSTSTELLE")
VALUES (9, 'Alina','Weber','12345','Musterstadt','Musteralee',101,'a.weber@musterstadt.de',1,'Verkehrsbeauftragte','Verkehrsbeauftragte Musterstadt') ;

INSERT INTO "PERSON_TELEFONNUMMER" ("PERSON","TELEFONNUMMER") 
VALUES (8,'+49 788/456654');

INSERT INTO "PERSON_TELEFONNUMMER" ("PERSON","TELEFONNUMMER") 
VALUES (9,'+49 788/459744');

-- Aufgabe 6

INSERT INTO "AUFGABE" 
VALUES ('Beispielaufgabe 1','Test kommt vor',5);

INSERT INTO "AUFGABE" 
VALUES ('Beispielaufgabe 2','Beispiel kommt vor',6);

INSERT INTO "AUFGABE" 
VALUES ('Beispielaufgabe 3','T_st oder B_ispiel kommt nicht vor',7);

-- Aufgabe 7

-- keine neuen Daten benötigt

-- Aufgabe 8

-- keine neuen Daten benötigt

-- Aufgabe 9

-- keine neuen Daten benötigt

