-- Revert postgis-vlci-vlci2:v_migrations/2014.restaurar.bdo.pre-elecciones.2023 from pg

BEGIN;

    -- AREAS
    INSERT INTO vlci2.t_d_area (pk_area_id,desc_corta_cas,desc_corta_val,desc_larga_cas,desc_larga_val,aud_fec_ins,aud_user_ins,aud_fec_upd,aud_user_upd) VALUES
        ('999','NO CONSTA','NO CONSTA','NO CONSTA','NO CONSTA','2023-07-18 11:02:55.857616','CYGNUS','2023-07-18 11:02:55.857616','CYGNUS'),
        ('1A','ALCALDÍA','ALCALDIA','ALCALDÍA','ALCALDIA','2023-07-18 11:02:55.857616','CYGNUS','2023-07-18 11:02:55.857616','CYGNUS'),
        ('1P','PLENO MUNICIPAL','PLÉ MUNICIPAL','PLENO MUNICIPAL','PLÉ MUNICIPAL','2023-07-18 11:02:55.857616','CYGNUS','2023-07-18 11:02:55.857616','CYGNUS');

    ALTER TABLE vlci2.t_d_area_arch ADD COLUMN estado_url varchar(255) NULL;
	ALTER TABLE vlci2.t_d_area_arch ADD COLUMN de_color text NULL;
	ALTER TABLE vlci2.t_d_area_arch ADD COLUMN icono_url varchar(200) NULL;
	ALTER TABLE vlci2.t_d_area_arch ADD COLUMN activo_mask varchar(2) NULL;
	ALTER TABLE vlci2.t_d_area_arch ADD COLUMN nu_indicadores int8 NULL;
	ALTER TABLE vlci2.t_d_area_arch ADD COLUMN nu_rojo int8 NULL;
	ALTER TABLE vlci2.t_d_area_arch ADD COLUMN nu_ambar int8 NULL;
	ALTER TABLE vlci2.t_d_area_arch ADD COLUMN nu_verde int8 NULL;
	ALTER TABLE vlci2.t_d_area_arch ADD COLUMN nu_gris int8 NULL;

    -- DELEGACIONES
    INSERT INTO vlci2.t_d_delegacion (pk_delegacion_id,fk_area_id,desc_corta_cas,desc_corta_val,desc_larga_cas,desc_larga_val,aud_fec_ins,aud_user_ins,aud_fec_upd,aud_user_upd) VALUES
        ('293','1A','INTERVENCION DE CONTABILIDAD Y PRES.','INTERVENCIO DE COMPTABILITAT I PRES.','INTERVENCION DE CONTABILIDAD Y PRES.','INTERVENCIO DE COMPTABILITAT I PRES.','2023-07-18 11:02:55.857616','CYGNUS','2023-07-18 11:02:55.857616','CYGNUS'),
        ('260','1A','TITULAR ORGANO DE APOYO A LA JGL','TITULAR ORGAN DE SUPORT A JGL','TITULAR ORGANO DE APOYO A LA JGL','TITULAR ORGAN DE SUPORT A JGL','2023-07-18 11:02:55.857616','CYGNUS','2023-07-18 11:02:55.857616','CYGNUS'),
        ('999','999','NO CONSTA','NO CONSTA','NO CONSTA','NO CONSTA','2023-07-18 11:02:55.857616','CYGNUS','2023-07-18 11:02:55.857616','CYGNUS'),
        ('290','1A','SECRETARIA GENERAL Y DEL PLENO','SECRETARIA GENERAL I DEL PLE','SECRETARIA GENERAL Y DEL PLENO','SECRETARIA GENERAL I DEL PLE','2023-07-18 11:02:55.857616','CYGNUS','2023-07-18 11:02:55.857616','CYGNUS'),
        ('1A','1A','ALCALDÍA','ALCALDIA','ALCALDÍA','ALCALDIA','2023-07-18 11:02:55.857616','CYGNUS','2023-07-18 11:02:55.857616','CYGNUS'),
        ('295','1P','JURADO TRIBUTARIO','JURAT TRIBUTARI','JURADO TRIBUTARIO','JURAT TRIBUTARI','2023-07-18 11:02:55.857616','CYGNUS','2023-07-18 11:02:55.857616','CYGNUS'),
        ('291','1A','INTERVENCION GENERAL MUNICIPAL','INTERVENCIO GENERAL MUNICIPAL','INTERVENCION GENERAL MUNICIPAL','INTERVENCIO GENERAL MUNICIPAL','2023-07-18 11:02:55.857616','CYGNUS','2023-07-18 11:02:55.857616','CYGNUS'),
        ('294','1A','ASESORIA JURIDICA MUNICIPAL','ASSESSORIA JURIDICA MUNICIPAL','ASESORIA JURIDICA MUNICIPAL','ASSESSORIA JURIDICA MUNICIPAL','2023-07-18 11:02:55.857616','CYGNUS','2023-07-18 11:02:55.857616','CYGNUS');

	ALTER TABLE vlci2.t_d_delegacion_arch ADD COLUMN estado_url varchar(255) NULL;
	ALTER TABLE vlci2.t_d_delegacion_arch ADD COLUMN de_color text NULL;
	ALTER TABLE vlci2.t_d_delegacion_arch ADD COLUMN activo_mask varchar(2) NULL;
	ALTER TABLE vlci2.t_d_delegacion_arch ADD COLUMN nu_indicadores int8 NULL;
	ALTER TABLE vlci2.t_d_delegacion_arch ADD COLUMN nu_rojo int8 NULL;
	ALTER TABLE vlci2.t_d_delegacion_arch ADD COLUMN nu_ambar int8 NULL;
	ALTER TABLE vlci2.t_d_delegacion_arch ADD COLUMN nu_verde int8 NULL;
	ALTER TABLE vlci2.t_d_delegacion_arch ADD COLUMN nu_gris int8 NULL;

    alter table vlci2.t_d_delegacion_arch RENAME COLUMN fk_area_id TO pk_area_id;

    -- SERVICIOS
    truncate table t_d_servicio;
    INSERT INTO vlci2.t_d_servicio (fk_delegacion_id,codigo_organico,desc_corta_cas,desc_larga_cas,aud_fec_ins,aud_user_ins,aud_fec_upd,aud_user_upd) VALUES
	 ('999','AE1H0','SE.COORDINACIO.TRIBU','SERV.DE COORDINACION TRIBUTARIA','2023-07-18 11:02:55.857616','CYGNUS','2023-07-18 11:02:55.857616','CYGNUS'),
	 ('999','AH008','OF.ESTADISTICA','OFICINA DE ESTADISTICA','2023-07-18 11:02:55.857616','CYGNUS','2023-07-18 11:02:55.857616','CYGNUS'),
	 ('999','CY510','SE.DE PATRIMONIO','SERV.DE PATRIMONIO','2023-07-18 11:02:55.857616','CYGNUS','2023-07-18 11:02:55.857616','CYGNUS'),
	 ('999','GC380','SE.DISCIPLINA URBANI','SERV.DISCIPLINA URBANISTICA','2023-07-18 11:02:55.857616','CYGNUS','2023-07-18 11:02:55.857616','CYGNUS'),
	 ('293','A4000','INTERV. CONTAB. Y PR','INTERVENCION DE CONTABILIDAD Y PRESUPUES','2023-07-18 11:02:55.857616','CYGNUS','2023-07-18 11:02:55.857616','CYGNUS'),
	 ('999','DE140','SE.POLICIA LOCAL','SERV.POLICIA LOCAL','2023-07-18 11:02:55.857616','CYGNUS','2023-07-18 11:02:55.857616','CYGNUS'),
	 ('999','IE970','SE.PUEBLOS DE VALENC','SERV.DE PUEBLOS DE VALENCIA','2023-07-18 11:02:55.857616','CYGNUS','2023-07-18 11:02:55.857616','CYGNUS'),
	 ('999','GC340','SE.PROYECTOS URBANOS','SERV.PROYECTOS URBANOS','2023-07-18 11:02:55.857616','CYGNUS','2023-07-18 11:02:55.857616','CYGNUS'),
	 ('260','A7790','SE.ORG.APOYO JGL Y C','SERV.ORGANO DE APOYO JGL Y CONC.SEC(SGAM','2023-07-18 11:02:55.857616','CYGNUS','2023-07-18 11:02:55.857616','CYGNUS'),
	 ('999','FK890','SE.CEMENTER.SERV.FUN','SERV.CEMENTERIOS Y SERVICIOS FUNERARIOS','2023-07-18 11:02:55.857616','CYGNUS','2023-07-18 11:02:55.857616','CYGNUS'),
	 ('999','KG720','SE.DE JUVENTUD','SERV.DE JUVENTUD','2023-07-18 11:02:55.857616','CYGNUS','2023-07-18 11:02:55.857616','CYGNUS'),
	 ('999','AH004','SE.PROYECT.EUROPEOS','SERVICIO PROYECTOS EUROPEOS','2023-07-18 11:02:55.857616','CYGNUS','2023-07-18 11:02:55.857616','CYGNUS'),
	 ('999','JU130','SE.DESCENTRALIZACION','SERVICIO DE DESCENTRALIZACIÃN','2023-07-18 11:02:55.857616','CYGNUS','2023-07-18 11:02:55.857616','CYGNUS'),
	 ('999','FU290','SE.CICLO INTEGR.DEL','SERV.CICLO INTEGRAL DEL AGUA','2023-07-18 11:02:55.857616','CYGNUS','2023-07-18 11:02:55.857616','CYGNUS'),
	 ('999','LN390','SE.ACTIVIDADES','SERV.ACTIVIDADES','2023-07-18 11:02:55.857616','CYGNUS','2023-07-18 11:02:55.857616','CYGNUS'),
	 ('999','CC400','SE.FORMAC.G.CONOCIM.','SE.FORMACION Y GESTION DEL CONOCIMIENTO','2023-07-18 11:02:55.857616','CYGNUS','2023-07-18 11:02:55.857616','CYGNUS'),
	 ('999','KD610','SE.IGUALDAD Y POLIT.','SERV.DE IGUALDAD Y POLITICAS INCLUSIVAS','2023-07-18 11:02:55.857616','CYGNUS','2023-07-18 11:02:55.857616','CYGNUS'),
	 ('999','AH640','SE.INNOVACION','SERV.DE INNOVACION','2023-07-18 11:02:55.857616','CYGNUS','2023-07-18 11:02:55.857616','CYGNUS'),
	 ('999','GC620','SE.GEST.CENTRO HISTO','SERV.GESTION CENTRO HISTORICO','2023-07-18 11:02:55.857616','CYGNUS','2023-07-18 11:02:55.857616','CYGNUS'),
	 ('999','JF690','SE.SOCIED.DE INFORMA','SERV.SOCIEDAD DE LA INFORMACION','2023-07-18 11:02:55.857616','CYGNUS','2023-07-18 11:02:55.857616','CYGNUS'),
	 ('999','GG230','SE.COORD.OB.V.PUBL.Y','SERV.COORD.OBR.V.PUBL.Y MANT.INFRAESTR.','2023-07-18 11:02:55.857616','CYGNUS','2023-07-18 11:02:55.857616','CYGNUS'),
	 ('999','MP250','SE.PATRIM.HTCO.ARTIS','SERV.DE PATRIMONIO HISTORICO Y ARTISTICO','2023-07-18 11:02:55.857616','CYGNUS','2023-07-18 11:02:55.857616','CYGNUS'),
	 ('999','CC090','SE.EVAL.SE.G.CALIDAD','SE.EVAL.SERV.GEST.CALIDAD','2023-07-18 11:02:55.857616','CYGNUS','2023-07-18 11:02:55.857616','CYGNUS'),
	 ('999','MD260','SE.DE ACCION CULTURA','SERV.DE ACCION CULTURAL','2023-07-18 11:02:55.857616','CYGNUS','2023-07-18 11:02:55.857616','CYGNUS'),
	 ('999','KI590','SE.COOP.DESAR.Y MIGR','SERV.DE COOP.AL DESARROLLO Y MIGRACION','2023-07-18 11:02:55.857616','CYGNUS','2023-07-18 11:02:55.857616','CYGNUS'),
	 ('294','A5000','ASESORIA JURIDICA MP','ASESORIA JURIDICA MUNICIPAL','2023-07-18 11:02:55.857616','CYGNUS','2023-07-18 11:02:55.857616','CYGNUS'),
	 ('999','IF650','SE.FORMACION Y EMPLE','SERV.DE FORMACION Y EMPLEO','2023-07-18 11:02:55.857616','CYGNUS','2023-07-18 11:02:55.857616','CYGNUS'),
	 ('999','MP730','SE.RECURSOS CULTURAL','SERV.DE RECURSOS CULTURALES','2023-07-18 11:02:55.857616','CYGNUS','2023-07-18 11:02:55.857616','CYGNUS'),
	 ('999','IK740','SE.TURISMO E INTERNA','SERV.DE TURISMO E INTERNACIONALIZACION','2023-07-18 11:02:55.857616','CYGNUS','2023-07-18 11:02:55.857616','CYGNUS'),
	 ('999','CV003','OF.RESPONSAB.PATRIMO','OFIC.DE RESPONSABILIDAD PATRIMONIAL','2023-07-18 11:02:55.857616','CYGNUS','2023-07-18 11:02:55.857616','CYGNUS'),
	 ('999','FO000','DE.BIENESTAR ANIMAL','DELEG.BIENESTAR ANIMAL','2023-07-18 11:02:55.857616','CYGNUS','2023-07-18 11:02:55.857616','CYGNUS'),
	 ('999','AE960','SE.GEST.EMISION.Y RE','SERV.GESTION DE EMISIONES Y RECAUDACION','2023-07-18 11:02:55.857616','CYGNUS','2023-07-18 11:02:55.857616','CYGNUS'),
	 ('999','LJ160','SE.MOVILIDAD SOSTENI','SERV.MOVILIDAD SOSTENIBLE','2023-07-18 11:02:55.857616','CYGNUS','2023-07-18 11:02:55.857616','CYGNUS'),
	 ('999','AE480','SE.G.TRIBUTARIA ESP.','SERV.GEST.TRIBUTARIA ESPECIFICA-CATASTRA','2023-07-18 11:02:55.857616','CYGNUS','2023-07-18 11:02:55.857616','CYGNUS'),
	 ('999','LN240','SE.OCUPAC.DOMIN.PUBL','SERV.OCUPAC.DEL DOMINIO PUBLICO MUNICIPA','2023-07-18 11:02:55.857616','CYGNUS','2023-07-18 11:02:55.857616','CYGNUS'),
	 ('999','CD110','SE.ARQUIT.Y SERV.CEN','SERV.ARQUITECT.Y SERVICIOS CENTRALES TEC','2023-07-18 11:02:55.857616','CYGNUS','2023-07-18 11:02:55.857616','CYGNUS'),
	 ('999','FV910','SE.EMERG.CLIM.TRANS.','SERV.EMERG.CLIMATICA Y TRANSC.ENERGETICA','2023-07-18 11:02:55.857616','CYGNUS','2023-07-18 11:02:55.857616','CYGNUS'),
	 ('1A','A0770','SE.ALCALDIA','SERVICIO DE ALCALDIA','2023-07-18 11:02:55.857616','CYGNUS','2023-07-18 11:02:55.857616','CYGNUS'),
	 ('999','ME280','SE.EDUCACION','SERV.EDUCACION','2023-07-18 11:02:55.857616','CYGNUS','2023-07-18 11:02:55.857616','CYGNUS'),
	 ('999','CI080','SE.TECNOLOG.INF.Y CO','SERV.TECNOLOGIAS DE LA INFORMAC.Y COMUNI','2023-07-18 11:02:55.857616','CYGNUS','2023-07-18 11:02:55.857616','CYGNUS'),
	 ('1A','A0180','GAB.NORMALIT.LINGU.','GABINET DE NORMALITZACIO LINGUISTICA','2023-07-18 11:02:55.857616','CYGNUS','2023-07-18 11:02:55.857616','CYGNUS'),
	 ('999','DD670','BOMBEROS,PREV.E INT.','BOMBEROS,PREV.E INT.EMERG.PROTECC.CIVIL','2023-07-18 11:02:55.857616','CYGNUS','2023-07-18 11:02:55.857616','CYGNUS'),
	 ('999','GC320','SE.PLANEAMIENTO','SERV.PLANEAMIENTO','2023-07-18 11:02:55.857616','CYGNUS','2023-07-18 11:02:55.857616','CYGNUS'),
	 ('999','CC1E0','SE.SALUD LAB.PREV.RI','SERV.SALUD LABORAL Y PREVENC.RIESGOS LAB','2023-07-18 11:02:55.857616','CYGNUS','2023-07-18 11:02:55.857616','CYGNUS'),
	 ('999','FJ300','SE.G.RESID.SOL.LMPZA','SERV.GEST.SOSTEN.RESID.URB.Y LMPZA.ESP.P','2023-07-18 11:02:55.857616','CYGNUS','2023-07-18 11:02:55.857616','CYGNUS'),
	 ('291','A2000','INTERVENCION GRAL.MP','INTERVENCION GENERAL MUNICIPAL','2023-07-18 11:02:55.857616','CYGNUS','2023-07-18 11:02:55.857616','CYGNUS'),
	 ('1A','A0020','SE.PROTOCOLO','SERV.DE PROTOCOLO','2023-07-18 11:02:55.857616','CYGNUS','2023-07-18 11:02:55.857616','CYGNUS'),
	 ('999','GC360','SE.LICENCIAS URBANIS','SERV.LICENCIAS URBANISTICAS OB.EDIF.','2023-07-18 11:02:55.857616','CYGNUS','2023-07-18 11:02:55.857616','CYGNUS'),
	 ('999','FP760','SE.DEVESA-ALBUFERA','SERV.DEVESA-ALBUFERA','2023-07-18 11:02:55.857616','CYGNUS','2023-07-18 11:02:55.857616','CYGNUS'),
	 ('999','IB520','SE.COMERCIO Y ABASTE','SERV.COMERCIO Y ABASTECIMIENTO','2023-07-18 11:02:55.857616','CYGNUS','2023-07-18 11:02:55.857616','CYGNUS'),
	 ('999','AG530','GABINETE COMUNICACIO','GABINETE COMUNICACIONES','2023-07-18 11:02:55.857616','CYGNUS','2023-07-18 11:02:55.857616','CYGNUS'),
	 ('999','AE470','SE.INSP.TRIBUTOS Y R','SERV.INSPECCION TRIBUTOS Y RENTAS','2023-07-18 11:02:55.857616','CYGNUS','2023-07-18 11:02:55.857616','CYGNUS'),
	 ('999','CC100','SE.PERSONAL','SERV.DE PERSONAL','2023-07-18 11:02:55.857616','CYGNUS','2023-07-18 11:02:55.857616','CYGNUS'),
	 ('1A','A01G0','OF.DEL.PROTECC.DATOS','OFIC.DE DEL.DE PROTECCION DATOS PERSONAL','2023-07-18 11:02:55.857616','CYGNUS','2023-07-18 11:02:55.857616','CYGNUS'),
	 ('999','MJ700','SE.DEPORTES','SERV.DEPORTES','2023-07-18 11:02:55.857616','CYGNUS','2023-07-18 11:02:55.857616','CYGNUS'),
	 ('999','CI1D0','OF.CIUDAD INTELIGENT','OFICINA DE CIUDAD INTELIGENTE','2023-07-18 11:02:55.857616','CYGNUS','2023-07-18 11:02:55.857616','CYGNUS'),
	 ('999','AE500','SE.G.TRIB.ESPEC.-ACT','SERV.G.TRIBUT.ESPECIF.-ACTIV.ECONOMICAS','2023-07-18 11:02:55.857616','CYGNUS','2023-07-18 11:02:55.857616','CYGNUS'),
	 ('999','FZ920','SE.PLAYAS,CAL.ACUST.','SERV.DE PLAYAS,CALIDAD ACUSTICA Y DEL AI','2023-07-18 11:02:55.857616','CYGNUS','2023-07-18 11:02:55.857616','CYGNUS'),
	 ('999','MF580','SE.DE CULTURA FESTIV','SERV.DE CULTURA FESTIVA','2023-07-18 11:02:55.857616','CYGNUS','2023-07-18 11:02:55.857616','CYGNUS'),
	 ('999','FD310','SE.JARDINERIA SOSTEN','SERV.JARDINERIA SOSTENIBLE','2023-07-18 11:02:55.857616','CYGNUS','2023-07-18 11:02:55.857616','CYGNUS'),
	 ('999','MP630','SE.PALAC.MUSIC.CONG.','SERV.PALAC.MUSICA Y CONGRESOS Y BANDA MP','2023-07-18 11:02:55.857616','CYGNUS','2023-07-18 11:02:55.857616','CYGNUS'),
	 ('999','KK550','SE.ENVEJECIMIENTO AC','SERV.ENVEJECIMIENTO ACTIVO','2023-07-18 11:02:55.857616','CYGNUS','2023-07-18 11:02:55.857616','CYGNUS'),
	 ('999','GC330','SE.GESTION URBANISTI','SERV.GESTION URBANISTICA','2023-07-18 11:02:55.857616','CYGNUS','2023-07-18 11:02:55.857616','CYGNUS'),
	 ('999','KC150','SE.BIENEST.SOC.E INT','SERV.BIENESTAR SOCIAL E INTEGRACION','2023-07-18 11:02:55.857616','CYGNUS','2023-07-18 11:02:55.857616','CYGNUS'),
	 ('290','A1780','SE.GAB.SECR.GRAL.PLE','SERV.GABINETE SECRETARIA GENERAL Y DEL P','2023-07-18 11:02:55.857616','CYGNUS','2023-07-18 11:02:55.857616','CYGNUS'),
	 ('295','P61F0','SE.SECRET.JURADO TRI','SERV.SECRETARIA DEL JURADO TRIBUTARIO','2023-07-18 11:02:55.857616','CYGNUS','2023-07-18 11:02:55.857616','CYGNUS'),
	 ('999','GC570','SE.ASESORAM.URB.Y PR','SERV.ASESORAMIENTO URBAN.Y PROGRAMACION','2023-07-18 11:02:55.857616','CYGNUS','2023-07-18 11:02:55.857616','CYGNUS'),
	 ('999','KH200','SE.SANIDAD Y CONSUMO','SERV.SANIDAD Y CONSUMO','2023-07-18 11:02:55.857616','CYGNUS','2023-07-18 11:02:55.857616','CYGNUS'),
	 ('999','JH170','SE. PARTICIPA G.AB.','SERV. PARTICIP. CIUDADANA Y GOB. ABIERTO','2023-07-18 11:02:55.857616','CYGNUS','2023-07-18 11:02:55.857616','CYGNUS'),
	 ('999','GE350','SE.OBRAS INFRAESTRUC','SERV.OBRAS INFRAESTRUCTURA','2023-07-18 11:02:55.857616','CYGNUS','2023-07-18 11:02:55.857616','CYGNUS'),
	 ('999','AE540','SE.ECONOMICO-PRESUPU','SERV.ECONOMICO-PRESUPUESTARIO','2023-07-18 11:02:55.857616','CYGNUS','2023-07-18 11:02:55.857616','CYGNUS'),
	 ('999','KH800','SE.ADICCIONES','SERV.ADICCIONES','2023-07-18 11:02:55.857616','CYGNUS','2023-07-18 11:02:55.857616','CYGNUS'),
	 ('999','AE420','SE.CONTABILIDAD','SERV.CONTABILIDAD','2023-07-18 11:02:55.857616','CYGNUS','2023-07-18 11:02:55.857616','CYGNUS'),
	 ('999','AE860','SE.FINANCIERO','SERV.FINANCIERO','2023-07-18 11:02:55.857616','CYGNUS','2023-07-18 11:02:55.857616','CYGNUS'),
	 ('999','GD660','SE.VIVIENDA','SERV.VIVIENDA','2023-07-18 11:02:55.857616','CYGNUS','2023-07-18 11:02:55.857616','CYGNUS'),
	 ('999','LN220','SE.INSPECCION MUNICI','SERV.INSPECCION MUNICIPAL','2023-07-18 11:02:55.857616','CYGNUS','2023-07-18 11:02:55.857616','CYGNUS'),
	 ('999','AE460','SE.TESORERIA','SERV.TESORERIA','2023-07-18 11:02:55.857616','CYGNUS','2023-07-18 11:02:55.857616','CYGNUS'),
	 ('999','IC1K0','SE.EMPREND.E INNOV.E','SERV.DE EMPRENDIMIENTO E INNOVACION ECON','2023-07-18 11:02:55.857616','CYGNUS','2023-07-18 11:02:55.857616','CYGNUS');

	ALTER TABLE vlci2.t_d_servicio_arch ADD COLUMN estado_url varchar(255) NULL;
	ALTER TABLE vlci2.t_d_servicio_arch ADD COLUMN de_color text NULL;
	ALTER TABLE vlci2.t_d_servicio_arch ADD COLUMN activo_mask varchar(2) NULL;
	ALTER TABLE vlci2.t_d_servicio_arch ADD COLUMN nu_indicadores int8 NULL;
	ALTER TABLE vlci2.t_d_servicio_arch ADD COLUMN nu_rojo int8 NULL;
	ALTER TABLE vlci2.t_d_servicio_arch ADD COLUMN nu_ambar int8 NULL;
	ALTER TABLE vlci2.t_d_servicio_arch ADD COLUMN nu_verde int8 NULL;
	ALTER TABLE vlci2.t_d_servicio_arch ADD COLUMN nu_gris int8 NULL;

COMMIT;
