-- Script Name:       FHNReference_fsm_20210205.sql
-- Generated:         2021-02-05 07:05:50 CST
-- Model Name:        FHNReference
-- Model FileName:    /FHNReferenceModel/FHNReferenceModel.emx
-- Model Version:     2021-02-05 07:01:46
-- Extractor Version: 3.2.4.0_v20200619
-- Database Type:     DB2
-- Database Version:  FTM v3.2.4.0-v3.2.4.x
-----------------------------------
-- Referenced Models:
-----------------------------------
--
-- Model Name:        FTM Generic Model
-- Model fileName:    /FTM Generic Model/FTM Generic Model.emx
-- Model Version:     2021-02-03 12:25:00
--
-- Model Name:        FTM Feature Model
-- Model fileName:    /FTM Feature Model/FTM Feature Model.emx
-- Model Version:     2021-02-03 15:55:18
--
-- Model Name:        CPS Reference
-- Model fileName:    /CPSReferenceModel/CPS Reference Model.emx
-- Model Version:     2021-02-02 15:50:28

SET CURRENT SCHEMA = 'FTM'; 

SET CURRENT PATH = 'FTM'; 

DELETE FROM "FSM_RESOLVE_ACTION"
WHERE APP_VERSION_ID =
 (SELECT V.ID 
  FROM "APP_VERSION" V, 
       "APPLICATION" A
  WHERE V.APPLICATION_ID = A.ID
  AND V.VERSION = '3.2.4'
  AND A.NAME = 'FHNReference'
 );

DELETE FROM "FSM_STATE_REL"
WHERE APP_VERSION_ID =
 (SELECT V.ID 
  FROM "APP_VERSION" V, 
       "APPLICATION" A
  WHERE V.APPLICATION_ID = A.ID
  AND V.VERSION = '3.2.4'
  AND A.NAME = 'FHNReference'
 );

DELETE FROM "FSM_TRANSITION"
WHERE APP_VERSION_ID =
 (SELECT V.ID 
  FROM "APP_VERSION" V, 
       "APPLICATION" A
  WHERE V.APPLICATION_ID = A.ID
  AND V.VERSION = '3.2.4'
  AND A.NAME = 'FHNReference'
 );

DELETE FROM "FSM"
WHERE APP_VERSION_ID =
 (SELECT V.ID 
  FROM "APP_VERSION" V, 
       "APPLICATION" A
  WHERE V.APPLICATION_ID = A.ID
  AND V.VERSION = '3.2.4'
  AND A.NAME = 'FHNReference'
 );

DELETE FROM "EVENT_EXP_CONTEXT"
WHERE APP_VERSION_ID =
 (SELECT V.ID 
  FROM "APP_VERSION" V, 
       "APPLICATION" A
  WHERE V.APPLICATION_ID = A.ID
  AND V.VERSION = '3.2.4'
  AND A.NAME = 'FHNReference'
 );

DELETE FROM "EVENT_TYPE"
WHERE APP_VERSION_ID =
 (SELECT V.ID 
  FROM "APP_VERSION" V, 
       "APPLICATION" A
  WHERE V.APPLICATION_ID = A.ID
  AND V.VERSION = '3.2.4'
  AND A.NAME = 'FHNReference'
 );


CALL UPSERT_APPLICATION_V3240(
'FHNReference',
NULL
);


CALL UPSERT_VERSION(
'FHNReference',
'3.2.4',
'CURRENT TIMESTAMP',
'CURRENT TIMESTAMP',
'FHNReference',
'2021-02-05 07:01:46.782',
'2021-02-05 07:05:50.328', 
'Script Name:       FHNReference_fsm_20210205.sql Generated:     '
||'    2021-02-05 07:05:50 CST Model Name:        FHNReference Model'
||' FileName:    /FHNReferenceModel/FHNReferenceModel.emx Model Vers'
||'ion:     2021-02-05 07:01:46 Extractor Version: 3.2.4.0_v20200619'
||' Database Type:     DB2 Database Version:  FTM v3.2.4.0-v3.2.4.x',
'SCRIPT:FHNReference_fsm_20210205.sql',
0,
0,
0,
0
);


INSERT INTO "EVENT_TYPE" 
("ID", 
 "APP_VERSION_ID",
 "TYPE", 
 "MSG_ID",
 "MSG_CATALOG", 
 "LOG_EVENT_FLAG", 
 "RENDER_AS_MSG", 
 "AGGREGATION_THRESH",
 "PRIORITY") 
VALUES
(1, 
(SELECT V.ID 
  FROM "APP_VERSION" V, 
       "APPLICATION" A
  WHERE V.APPLICATION_ID = A.ID
  AND V.VERSION = '3.2.4'
  AND A.NAME = 'FHNReference'
 ),
 'E_AckRecvd', 
 null, 
 '', 
 'N', 
 'N', 
 100,
 null);


INSERT
INTO "EVENT_EXP_CONTEXT"
("ID",
 "APP_VERSION_ID",
 "EVENT_TYPE_ID", 
 "EVENT_CONTEXT_TYPE", 
 "CONTEXT_DATA_TYPE", 
 "CARDINALITY", 
 "AGGREGATABLE_FLAG", 
 "AGGREGATION_SEP") 
VALUES
(1,
  (SELECT V.ID 
  FROM "APP_VERSION" V, 
       "APPLICATION" A
  WHERE V.APPLICATION_ID = A.ID
  AND V.VERSION = '3.2.4'
  AND A.NAME = 'FHNReference'
 ), 
 1, 
 'BATCH', 
 'ID', 
 0, 
 'N', 
 ',');

INSERT
INTO "EVENT_EXP_CONTEXT"
("ID",
 "APP_VERSION_ID",
 "EVENT_TYPE_ID", 
 "EVENT_CONTEXT_TYPE", 
 "CONTEXT_DATA_TYPE", 
 "CARDINALITY", 
 "AGGREGATABLE_FLAG", 
 "AGGREGATION_SEP") 
VALUES
(2,
  (SELECT V.ID 
  FROM "APP_VERSION" V, 
       "APPLICATION" A
  WHERE V.APPLICATION_ID = A.ID
  AND V.VERSION = '3.2.4'
  AND A.NAME = 'FHNReference'
 ), 
 1, 
 'INTERIM_ACK', 
 'String', 
 0, 
 'N', 
 ',');

INSERT
INTO "EVENT_EXP_CONTEXT"
("ID",
 "APP_VERSION_ID",
 "EVENT_TYPE_ID", 
 "EVENT_CONTEXT_TYPE", 
 "CONTEXT_DATA_TYPE", 
 "CARDINALITY", 
 "AGGREGATABLE_FLAG", 
 "AGGREGATION_SEP") 
VALUES
(3,
  (SELECT V.ID 
  FROM "APP_VERSION" V, 
       "APPLICATION" A
  WHERE V.APPLICATION_ID = A.ID
  AND V.VERSION = '3.2.4'
  AND A.NAME = 'FHNReference'
 ), 
 1, 
 'MASTER_ID', 
 'ID', 
 0, 
 'Y', 
 ',');

INSERT
INTO "EVENT_EXP_CONTEXT"
("ID",
 "APP_VERSION_ID",
 "EVENT_TYPE_ID", 
 "EVENT_CONTEXT_TYPE", 
 "CONTEXT_DATA_TYPE", 
 "CARDINALITY", 
 "AGGREGATABLE_FLAG", 
 "AGGREGATION_SEP") 
VALUES
(4,
  (SELECT V.ID 
  FROM "APP_VERSION" V, 
       "APPLICATION" A
  WHERE V.APPLICATION_ID = A.ID
  AND V.VERSION = '3.2.4'
  AND A.NAME = 'FHNReference'
 ), 
 1, 
 'OUT_TXN_ID', 
 'ID', 
 1, 
 'Y', 
 ',');

INSERT
INTO "EVENT_EXP_CONTEXT"
("ID",
 "APP_VERSION_ID",
 "EVENT_TYPE_ID", 
 "EVENT_CONTEXT_TYPE", 
 "CONTEXT_DATA_TYPE", 
 "CARDINALITY", 
 "AGGREGATABLE_FLAG", 
 "AGGREGATION_SEP") 
VALUES
(5,
  (SELECT V.ID 
  FROM "APP_VERSION" V, 
       "APPLICATION" A
  WHERE V.APPLICATION_ID = A.ID
  AND V.VERSION = '3.2.4'
  AND A.NAME = 'FHNReference'
 ), 
 1, 
 'TRANSACTION', 
 'ID', 
 1, 
 'Y', 
 ',');

INSERT
INTO "EVENT_EXP_CONTEXT"
("ID",
 "APP_VERSION_ID",
 "EVENT_TYPE_ID", 
 "EVENT_CONTEXT_TYPE", 
 "CONTEXT_DATA_TYPE", 
 "CARDINALITY", 
 "AGGREGATABLE_FLAG", 
 "AGGREGATION_SEP") 
VALUES
(6,
  (SELECT V.ID 
  FROM "APP_VERSION" V, 
       "APPLICATION" A
  WHERE V.APPLICATION_ID = A.ID
  AND V.VERSION = '3.2.4'
  AND A.NAME = 'FHNReference'
 ), 
 1, 
 'TXN_CLASS', 
 'String', 
 1, 
 'N', 
 ',');

INSERT
INTO "EVENT_EXP_CONTEXT"
("ID",
 "APP_VERSION_ID",
 "EVENT_TYPE_ID", 
 "EVENT_CONTEXT_TYPE", 
 "CONTEXT_DATA_TYPE", 
 "CARDINALITY", 
 "AGGREGATABLE_FLAG", 
 "AGGREGATION_SEP") 
VALUES
(7,
  (SELECT V.ID 
  FROM "APP_VERSION" V, 
       "APPLICATION" A
  WHERE V.APPLICATION_ID = A.ID
  AND V.VERSION = '3.2.4'
  AND A.NAME = 'FHNReference'
 ), 
 1, 
 'TXN_TYPE', 
 'String', 
 1, 
 'N', 
 ',');




INSERT INTO "EVENT_TYPE" 
("ID", 
 "APP_VERSION_ID",
 "TYPE", 
 "MSG_ID",
 "MSG_CATALOG", 
 "LOG_EVENT_FLAG", 
 "RENDER_AS_MSG", 
 "AGGREGATION_THRESH",
 "PRIORITY") 
VALUES
(2, 
(SELECT V.ID 
  FROM "APP_VERSION" V, 
       "APPLICATION" A
  WHERE V.APPLICATION_ID = A.ID
  AND V.VERSION = '3.2.4'
  AND A.NAME = 'FHNReference'
 ),
 'E_AllFragsSent', 
 null, 
 '', 
 'N', 
 'N', 
 100,
 null);


INSERT
INTO "EVENT_EXP_CONTEXT"
("ID",
 "APP_VERSION_ID",
 "EVENT_TYPE_ID", 
 "EVENT_CONTEXT_TYPE", 
 "CONTEXT_DATA_TYPE", 
 "CARDINALITY", 
 "AGGREGATABLE_FLAG", 
 "AGGREGATION_SEP") 
VALUES
(8,
  (SELECT V.ID 
  FROM "APP_VERSION" V, 
       "APPLICATION" A
  WHERE V.APPLICATION_ID = A.ID
  AND V.VERSION = '3.2.4'
  AND A.NAME = 'FHNReference'
 ), 
 2, 
 'TRANSMISSION', 
 'ID', 
 1, 
 'Y', 
 ',');




INSERT INTO "EVENT_TYPE" 
("ID", 
 "APP_VERSION_ID",
 "TYPE", 
 "MSG_ID",
 "MSG_CATALOG", 
 "LOG_EVENT_FLAG", 
 "RENDER_AS_MSG", 
 "AGGREGATION_THRESH",
 "PRIORITY") 
VALUES
(3, 
(SELECT V.ID 
  FROM "APP_VERSION" V, 
       "APPLICATION" A
  WHERE V.APPLICATION_ID = A.ID
  AND V.VERSION = '3.2.4'
  AND A.NAME = 'FHNReference'
 ),
 'E_BatInTxnComplete', 
 null, 
 '', 
 'N', 
 'Y', 
 100,
 null);


INSERT
INTO "EVENT_EXP_CONTEXT"
("ID",
 "APP_VERSION_ID",
 "EVENT_TYPE_ID", 
 "EVENT_CONTEXT_TYPE", 
 "CONTEXT_DATA_TYPE", 
 "CARDINALITY", 
 "AGGREGATABLE_FLAG", 
 "AGGREGATION_SEP") 
VALUES
(9,
  (SELECT V.ID 
  FROM "APP_VERSION" V, 
       "APPLICATION" A
  WHERE V.APPLICATION_ID = A.ID
  AND V.VERSION = '3.2.4'
  AND A.NAME = 'FHNReference'
 ), 
 3, 
 'BATCH', 
 'ID', 
 1, 
 'N', 
 ',');

INSERT
INTO "EVENT_EXP_CONTEXT"
("ID",
 "APP_VERSION_ID",
 "EVENT_TYPE_ID", 
 "EVENT_CONTEXT_TYPE", 
 "CONTEXT_DATA_TYPE", 
 "CARDINALITY", 
 "AGGREGATABLE_FLAG", 
 "AGGREGATION_SEP") 
VALUES
(10,
  (SELECT V.ID 
  FROM "APP_VERSION" V, 
       "APPLICATION" A
  WHERE V.APPLICATION_ID = A.ID
  AND V.VERSION = '3.2.4'
  AND A.NAME = 'FHNReference'
 ), 
 3, 
 'TXN_COUNT', 
 'String', 
 1, 
 'N', 
 ',');

INSERT
INTO "EVENT_EXP_CONTEXT"
("ID",
 "APP_VERSION_ID",
 "EVENT_TYPE_ID", 
 "EVENT_CONTEXT_TYPE", 
 "CONTEXT_DATA_TYPE", 
 "CARDINALITY", 
 "AGGREGATABLE_FLAG", 
 "AGGREGATION_SEP") 
VALUES
(11,
  (SELECT V.ID 
  FROM "APP_VERSION" V, 
       "APPLICATION" A
  WHERE V.APPLICATION_ID = A.ID
  AND V.VERSION = '3.2.4'
  AND A.NAME = 'FHNReference'
 ), 
 3, 
 'TXN_TYPE', 
 'String', 
 1, 
 'N', 
 ',');




INSERT INTO "EVENT_TYPE" 
("ID", 
 "APP_VERSION_ID",
 "TYPE", 
 "MSG_ID",
 "MSG_CATALOG", 
 "LOG_EVENT_FLAG", 
 "RENDER_AS_MSG", 
 "AGGREGATION_THRESH",
 "PRIORITY") 
VALUES
(4, 
(SELECT V.ID 
  FROM "APP_VERSION" V, 
       "APPLICATION" A
  WHERE V.APPLICATION_ID = A.ID
  AND V.VERSION = '3.2.4'
  AND A.NAME = 'FHNReference'
 ),
 'E_BatOutTxnComplete', 
 null, 
 '', 
 'N', 
 'Y', 
 100,
 null);


INSERT
INTO "EVENT_EXP_CONTEXT"
("ID",
 "APP_VERSION_ID",
 "EVENT_TYPE_ID", 
 "EVENT_CONTEXT_TYPE", 
 "CONTEXT_DATA_TYPE", 
 "CARDINALITY", 
 "AGGREGATABLE_FLAG", 
 "AGGREGATION_SEP") 
VALUES
(12,
  (SELECT V.ID 
  FROM "APP_VERSION" V, 
       "APPLICATION" A
  WHERE V.APPLICATION_ID = A.ID
  AND V.VERSION = '3.2.4'
  AND A.NAME = 'FHNReference'
 ), 
 4, 
 'ACK_TXN_ID', 
 'ID', 
 0, 
 'N', 
 ',');

INSERT
INTO "EVENT_EXP_CONTEXT"
("ID",
 "APP_VERSION_ID",
 "EVENT_TYPE_ID", 
 "EVENT_CONTEXT_TYPE", 
 "CONTEXT_DATA_TYPE", 
 "CARDINALITY", 
 "AGGREGATABLE_FLAG", 
 "AGGREGATION_SEP") 
VALUES
(13,
  (SELECT V.ID 
  FROM "APP_VERSION" V, 
       "APPLICATION" A
  WHERE V.APPLICATION_ID = A.ID
  AND V.VERSION = '3.2.4'
  AND A.NAME = 'FHNReference'
 ), 
 4, 
 'ACK_TXN_TYPE', 
 'String', 
 0, 
 'N', 
 ',');

INSERT
INTO "EVENT_EXP_CONTEXT"
("ID",
 "APP_VERSION_ID",
 "EVENT_TYPE_ID", 
 "EVENT_CONTEXT_TYPE", 
 "CONTEXT_DATA_TYPE", 
 "CARDINALITY", 
 "AGGREGATABLE_FLAG", 
 "AGGREGATION_SEP") 
VALUES
(14,
  (SELECT V.ID 
  FROM "APP_VERSION" V, 
       "APPLICATION" A
  WHERE V.APPLICATION_ID = A.ID
  AND V.VERSION = '3.2.4'
  AND A.NAME = 'FHNReference'
 ), 
 4, 
 'BATCH', 
 'ID', 
 1, 
 'Y', 
 ',');

INSERT
INTO "EVENT_EXP_CONTEXT"
("ID",
 "APP_VERSION_ID",
 "EVENT_TYPE_ID", 
 "EVENT_CONTEXT_TYPE", 
 "CONTEXT_DATA_TYPE", 
 "CARDINALITY", 
 "AGGREGATABLE_FLAG", 
 "AGGREGATION_SEP") 
VALUES
(15,
  (SELECT V.ID 
  FROM "APP_VERSION" V, 
       "APPLICATION" A
  WHERE V.APPLICATION_ID = A.ID
  AND V.VERSION = '3.2.4'
  AND A.NAME = 'FHNReference'
 ), 
 4, 
 'OUT_TXN_CLASS', 
 'String', 
 1, 
 'N', 
 ',');

INSERT
INTO "EVENT_EXP_CONTEXT"
("ID",
 "APP_VERSION_ID",
 "EVENT_TYPE_ID", 
 "EVENT_CONTEXT_TYPE", 
 "CONTEXT_DATA_TYPE", 
 "CARDINALITY", 
 "AGGREGATABLE_FLAG", 
 "AGGREGATION_SEP") 
VALUES
(16,
  (SELECT V.ID 
  FROM "APP_VERSION" V, 
       "APPLICATION" A
  WHERE V.APPLICATION_ID = A.ID
  AND V.VERSION = '3.2.4'
  AND A.NAME = 'FHNReference'
 ), 
 4, 
 'OUT_TXN_TYPE', 
 'String', 
 1, 
 'N', 
 ',');




INSERT INTO "EVENT_TYPE" 
("ID", 
 "APP_VERSION_ID",
 "TYPE", 
 "MSG_ID",
 "MSG_CATALOG", 
 "LOG_EVENT_FLAG", 
 "RENDER_AS_MSG", 
 "AGGREGATION_THRESH",
 "PRIORITY") 
VALUES
(5, 
(SELECT V.ID 
  FROM "APP_VERSION" V, 
       "APPLICATION" A
  WHERE V.APPLICATION_ID = A.ID
  AND V.VERSION = '3.2.4'
  AND A.NAME = 'FHNReference'
 ),
 'E_BatPTValid', 
 null, 
 '', 
 'N', 
 'Y', 
 100,
 null);


INSERT
INTO "EVENT_EXP_CONTEXT"
("ID",
 "APP_VERSION_ID",
 "EVENT_TYPE_ID", 
 "EVENT_CONTEXT_TYPE", 
 "CONTEXT_DATA_TYPE", 
 "CARDINALITY", 
 "AGGREGATABLE_FLAG", 
 "AGGREGATION_SEP") 
VALUES
(17,
  (SELECT V.ID 
  FROM "APP_VERSION" V, 
       "APPLICATION" A
  WHERE V.APPLICATION_ID = A.ID
  AND V.VERSION = '3.2.4'
  AND A.NAME = 'FHNReference'
 ), 
 5, 
 'BATCH', 
 'ID', 
 1, 
 'Y', 
 ',');

INSERT
INTO "EVENT_EXP_CONTEXT"
("ID",
 "APP_VERSION_ID",
 "EVENT_TYPE_ID", 
 "EVENT_CONTEXT_TYPE", 
 "CONTEXT_DATA_TYPE", 
 "CARDINALITY", 
 "AGGREGATABLE_FLAG", 
 "AGGREGATION_SEP") 
VALUES
(18,
  (SELECT V.ID 
  FROM "APP_VERSION" V, 
       "APPLICATION" A
  WHERE V.APPLICATION_ID = A.ID
  AND V.VERSION = '3.2.4'
  AND A.NAME = 'FHNReference'
 ), 
 5, 
 'BAT_TYPE', 
 'String', 
 1, 
 'N', 
 ',');




INSERT INTO "EVENT_TYPE" 
("ID", 
 "APP_VERSION_ID",
 "TYPE", 
 "MSG_ID",
 "MSG_CATALOG", 
 "LOG_EVENT_FLAG", 
 "RENDER_AS_MSG", 
 "AGGREGATION_THRESH",
 "PRIORITY") 
VALUES
(6, 
(SELECT V.ID 
  FROM "APP_VERSION" V, 
       "APPLICATION" A
  WHERE V.APPLICATION_ID = A.ID
  AND V.VERSION = '3.2.4'
  AND A.NAME = 'FHNReference'
 ),
 'E_BatTxnValComplete', 
 null, 
 '', 
 'N', 
 'N', 
 100,
 null);


INSERT
INTO "EVENT_EXP_CONTEXT"
("ID",
 "APP_VERSION_ID",
 "EVENT_TYPE_ID", 
 "EVENT_CONTEXT_TYPE", 
 "CONTEXT_DATA_TYPE", 
 "CARDINALITY", 
 "AGGREGATABLE_FLAG", 
 "AGGREGATION_SEP") 
VALUES
(19,
  (SELECT V.ID 
  FROM "APP_VERSION" V, 
       "APPLICATION" A
  WHERE V.APPLICATION_ID = A.ID
  AND V.VERSION = '3.2.4'
  AND A.NAME = 'FHNReference'
 ), 
 6, 
 'BATCH', 
 'ID', 
 1, 
 'Y', 
 ',');

INSERT
INTO "EVENT_EXP_CONTEXT"
("ID",
 "APP_VERSION_ID",
 "EVENT_TYPE_ID", 
 "EVENT_CONTEXT_TYPE", 
 "CONTEXT_DATA_TYPE", 
 "CARDINALITY", 
 "AGGREGATABLE_FLAG", 
 "AGGREGATION_SEP") 
VALUES
(20,
  (SELECT V.ID 
  FROM "APP_VERSION" V, 
       "APPLICATION" A
  WHERE V.APPLICATION_ID = A.ID
  AND V.VERSION = '3.2.4'
  AND A.NAME = 'FHNReference'
 ), 
 6, 
 'BAT_TYPE', 
 'String', 
 0, 
 'N', 
 ',');




INSERT INTO "EVENT_TYPE" 
("ID", 
 "APP_VERSION_ID",
 "TYPE", 
 "MSG_ID",
 "MSG_CATALOG", 
 "LOG_EVENT_FLAG", 
 "RENDER_AS_MSG", 
 "AGGREGATION_THRESH",
 "PRIORITY") 
VALUES
(7, 
(SELECT V.ID 
  FROM "APP_VERSION" V, 
       "APPLICATION" A
  WHERE V.APPLICATION_ID = A.ID
  AND V.VERSION = '3.2.4'
  AND A.NAME = 'FHNReference'
 ),
 'E_BatchValFail', 
 null, 
 '', 
 'Y', 
 'N', 
 100,
 null);


INSERT
INTO "EVENT_EXP_CONTEXT"
("ID",
 "APP_VERSION_ID",
 "EVENT_TYPE_ID", 
 "EVENT_CONTEXT_TYPE", 
 "CONTEXT_DATA_TYPE", 
 "CARDINALITY", 
 "AGGREGATABLE_FLAG", 
 "AGGREGATION_SEP") 
VALUES
(21,
  (SELECT V.ID 
  FROM "APP_VERSION" V, 
       "APPLICATION" A
  WHERE V.APPLICATION_ID = A.ID
  AND V.VERSION = '3.2.4'
  AND A.NAME = 'FHNReference'
 ), 
 7, 
 'BATCH', 
 'ID', 
 1, 
 'Y', 
 ',');

INSERT
INTO "EVENT_EXP_CONTEXT"
("ID",
 "APP_VERSION_ID",
 "EVENT_TYPE_ID", 
 "EVENT_CONTEXT_TYPE", 
 "CONTEXT_DATA_TYPE", 
 "CARDINALITY", 
 "AGGREGATABLE_FLAG", 
 "AGGREGATION_SEP") 
VALUES
(22,
  (SELECT V.ID 
  FROM "APP_VERSION" V, 
       "APPLICATION" A
  WHERE V.APPLICATION_ID = A.ID
  AND V.VERSION = '3.2.4'
  AND A.NAME = 'FHNReference'
 ), 
 7, 
 'BAT_TYPE', 
 'String', 
 0, 
 'N', 
 ',');

INSERT
INTO "EVENT_EXP_CONTEXT"
("ID",
 "APP_VERSION_ID",
 "EVENT_TYPE_ID", 
 "EVENT_CONTEXT_TYPE", 
 "CONTEXT_DATA_TYPE", 
 "CARDINALITY", 
 "AGGREGATABLE_FLAG", 
 "AGGREGATION_SEP") 
VALUES
(23,
  (SELECT V.ID 
  FROM "APP_VERSION" V, 
       "APPLICATION" A
  WHERE V.APPLICATION_ID = A.ID
  AND V.VERSION = '3.2.4'
  AND A.NAME = 'FHNReference'
 ), 
 7, 
 'DEVOLVE', 
 'String', 
 0, 
 'N', 
 ',');

INSERT
INTO "EVENT_EXP_CONTEXT"
("ID",
 "APP_VERSION_ID",
 "EVENT_TYPE_ID", 
 "EVENT_CONTEXT_TYPE", 
 "CONTEXT_DATA_TYPE", 
 "CARDINALITY", 
 "AGGREGATABLE_FLAG", 
 "AGGREGATION_SEP") 
VALUES
(24,
  (SELECT V.ID 
  FROM "APP_VERSION" V, 
       "APPLICATION" A
  WHERE V.APPLICATION_ID = A.ID
  AND V.VERSION = '3.2.4'
  AND A.NAME = 'FHNReference'
 ), 
 7, 
 'TRANSMISSION', 
 'ID', 
 1, 
 'N', 
 ',');




INSERT INTO "EVENT_TYPE" 
("ID", 
 "APP_VERSION_ID",
 "TYPE", 
 "MSG_ID",
 "MSG_CATALOG", 
 "LOG_EVENT_FLAG", 
 "RENDER_AS_MSG", 
 "AGGREGATION_THRESH",
 "PRIORITY") 
VALUES
(8, 
(SELECT V.ID 
  FROM "APP_VERSION" V, 
       "APPLICATION" A
  WHERE V.APPLICATION_ID = A.ID
  AND V.VERSION = '3.2.4'
  AND A.NAME = 'FHNReference'
 ),
 'E_BatchValPass', 
 null, 
 '', 
 'N', 
 'N', 
 100,
 null);


INSERT
INTO "EVENT_EXP_CONTEXT"
("ID",
 "APP_VERSION_ID",
 "EVENT_TYPE_ID", 
 "EVENT_CONTEXT_TYPE", 
 "CONTEXT_DATA_TYPE", 
 "CARDINALITY", 
 "AGGREGATABLE_FLAG", 
 "AGGREGATION_SEP") 
VALUES
(25,
  (SELECT V.ID 
  FROM "APP_VERSION" V, 
       "APPLICATION" A
  WHERE V.APPLICATION_ID = A.ID
  AND V.VERSION = '3.2.4'
  AND A.NAME = 'FHNReference'
 ), 
 8, 
 'BATCH', 
 'ID', 
 1, 
 'Y', 
 ',');

INSERT
INTO "EVENT_EXP_CONTEXT"
("ID",
 "APP_VERSION_ID",
 "EVENT_TYPE_ID", 
 "EVENT_CONTEXT_TYPE", 
 "CONTEXT_DATA_TYPE", 
 "CARDINALITY", 
 "AGGREGATABLE_FLAG", 
 "AGGREGATION_SEP") 
VALUES
(26,
  (SELECT V.ID 
  FROM "APP_VERSION" V, 
       "APPLICATION" A
  WHERE V.APPLICATION_ID = A.ID
  AND V.VERSION = '3.2.4'
  AND A.NAME = 'FHNReference'
 ), 
 8, 
 'BAT_TYPE', 
 'String', 
 0, 
 'N', 
 ',');

INSERT
INTO "EVENT_EXP_CONTEXT"
("ID",
 "APP_VERSION_ID",
 "EVENT_TYPE_ID", 
 "EVENT_CONTEXT_TYPE", 
 "CONTEXT_DATA_TYPE", 
 "CARDINALITY", 
 "AGGREGATABLE_FLAG", 
 "AGGREGATION_SEP") 
VALUES
(27,
  (SELECT V.ID 
  FROM "APP_VERSION" V, 
       "APPLICATION" A
  WHERE V.APPLICATION_ID = A.ID
  AND V.VERSION = '3.2.4'
  AND A.NAME = 'FHNReference'
 ), 
 8, 
 'TRANSMISSION', 
 'ID', 
 1, 
 'N', 
 ',');




INSERT INTO "EVENT_TYPE" 
("ID", 
 "APP_VERSION_ID",
 "TYPE", 
 "MSG_ID",
 "MSG_CATALOG", 
 "LOG_EVENT_FLAG", 
 "RENDER_AS_MSG", 
 "AGGREGATION_THRESH",
 "PRIORITY") 
VALUES
(9, 
(SELECT V.ID 
  FROM "APP_VERSION" V, 
       "APPLICATION" A
  WHERE V.APPLICATION_ID = A.ID
  AND V.VERSION = '3.2.4'
  AND A.NAME = 'FHNReference'
 ),
 'E_BatchValid', 
 null, 
 '', 
 'N', 
 'Y', 
 100,
 null);


INSERT
INTO "EVENT_EXP_CONTEXT"
("ID",
 "APP_VERSION_ID",
 "EVENT_TYPE_ID", 
 "EVENT_CONTEXT_TYPE", 
 "CONTEXT_DATA_TYPE", 
 "CARDINALITY", 
 "AGGREGATABLE_FLAG", 
 "AGGREGATION_SEP") 
VALUES
(28,
  (SELECT V.ID 
  FROM "APP_VERSION" V, 
       "APPLICATION" A
  WHERE V.APPLICATION_ID = A.ID
  AND V.VERSION = '3.2.4'
  AND A.NAME = 'FHNReference'
 ), 
 9, 
 'BATCH', 
 'ID', 
 1, 
 'Y', 
 ',');

INSERT
INTO "EVENT_EXP_CONTEXT"
("ID",
 "APP_VERSION_ID",
 "EVENT_TYPE_ID", 
 "EVENT_CONTEXT_TYPE", 
 "CONTEXT_DATA_TYPE", 
 "CARDINALITY", 
 "AGGREGATABLE_FLAG", 
 "AGGREGATION_SEP") 
VALUES
(29,
  (SELECT V.ID 
  FROM "APP_VERSION" V, 
       "APPLICATION" A
  WHERE V.APPLICATION_ID = A.ID
  AND V.VERSION = '3.2.4'
  AND A.NAME = 'FHNReference'
 ), 
 9, 
 'BAT_TYPE', 
 'String', 
 0, 
 'N', 
 ',');

INSERT
INTO "EVENT_EXP_CONTEXT"
("ID",
 "APP_VERSION_ID",
 "EVENT_TYPE_ID", 
 "EVENT_CONTEXT_TYPE", 
 "CONTEXT_DATA_TYPE", 
 "CARDINALITY", 
 "AGGREGATABLE_FLAG", 
 "AGGREGATION_SEP") 
VALUES
(30,
  (SELECT V.ID 
  FROM "APP_VERSION" V, 
       "APPLICATION" A
  WHERE V.APPLICATION_ID = A.ID
  AND V.VERSION = '3.2.4'
  AND A.NAME = 'FHNReference'
 ), 
 9, 
 'TRANSMISSION', 
 'ID', 
 1, 
 'N', 
 ',');




INSERT INTO "EVENT_TYPE" 
("ID", 
 "APP_VERSION_ID",
 "TYPE", 
 "MSG_ID",
 "MSG_CATALOG", 
 "LOG_EVENT_FLAG", 
 "RENDER_AS_MSG", 
 "AGGREGATION_THRESH",
 "PRIORITY") 
VALUES
(10, 
(SELECT V.ID 
  FROM "APP_VERSION" V, 
       "APPLICATION" A
  WHERE V.APPLICATION_ID = A.ID
  AND V.VERSION = '3.2.4'
  AND A.NAME = 'FHNReference'
 ),
 'E_CmdAuthRejected', 
 null, 
 '', 
 'Y', 
 'Y', 
 100,
 null);


INSERT
INTO "EVENT_EXP_CONTEXT"
("ID",
 "APP_VERSION_ID",
 "EVENT_TYPE_ID", 
 "EVENT_CONTEXT_TYPE", 
 "CONTEXT_DATA_TYPE", 
 "CARDINALITY", 
 "AGGREGATABLE_FLAG", 
 "AGGREGATION_SEP") 
VALUES
(31,
  (SELECT V.ID 
  FROM "APP_VERSION" V, 
       "APPLICATION" A
  WHERE V.APPLICATION_ID = A.ID
  AND V.VERSION = '3.2.4'
  AND A.NAME = 'FHNReference'
 ), 
 10, 
 'BATCH', 
 'ID', 
 0, 
 'N', 
 ',');

INSERT
INTO "EVENT_EXP_CONTEXT"
("ID",
 "APP_VERSION_ID",
 "EVENT_TYPE_ID", 
 "EVENT_CONTEXT_TYPE", 
 "CONTEXT_DATA_TYPE", 
 "CARDINALITY", 
 "AGGREGATABLE_FLAG", 
 "AGGREGATION_SEP") 
VALUES
(32,
  (SELECT V.ID 
  FROM "APP_VERSION" V, 
       "APPLICATION" A
  WHERE V.APPLICATION_ID = A.ID
  AND V.VERSION = '3.2.4'
  AND A.NAME = 'FHNReference'
 ), 
 10, 
 'CMD_TXN_ID', 
 'ID', 
 1, 
 'N', 
 ',');

INSERT
INTO "EVENT_EXP_CONTEXT"
("ID",
 "APP_VERSION_ID",
 "EVENT_TYPE_ID", 
 "EVENT_CONTEXT_TYPE", 
 "CONTEXT_DATA_TYPE", 
 "CARDINALITY", 
 "AGGREGATABLE_FLAG", 
 "AGGREGATION_SEP") 
VALUES
(33,
  (SELECT V.ID 
  FROM "APP_VERSION" V, 
       "APPLICATION" A
  WHERE V.APPLICATION_ID = A.ID
  AND V.VERSION = '3.2.4'
  AND A.NAME = 'FHNReference'
 ), 
 10, 
 'PARTICIPANT', 
 'ID', 
 0, 
 'N', 
 ',');

INSERT
INTO "EVENT_EXP_CONTEXT"
("ID",
 "APP_VERSION_ID",
 "EVENT_TYPE_ID", 
 "EVENT_CONTEXT_TYPE", 
 "CONTEXT_DATA_TYPE", 
 "CARDINALITY", 
 "AGGREGATABLE_FLAG", 
 "AGGREGATION_SEP") 
VALUES
(34,
  (SELECT V.ID 
  FROM "APP_VERSION" V, 
       "APPLICATION" A
  WHERE V.APPLICATION_ID = A.ID
  AND V.VERSION = '3.2.4'
  AND A.NAME = 'FHNReference'
 ), 
 10, 
 'TRANSACTION', 
 'ID', 
 0, 
 'N', 
 ',');

INSERT
INTO "EVENT_EXP_CONTEXT"
("ID",
 "APP_VERSION_ID",
 "EVENT_TYPE_ID", 
 "EVENT_CONTEXT_TYPE", 
 "CONTEXT_DATA_TYPE", 
 "CARDINALITY", 
 "AGGREGATABLE_FLAG", 
 "AGGREGATION_SEP") 
VALUES
(35,
  (SELECT V.ID 
  FROM "APP_VERSION" V, 
       "APPLICATION" A
  WHERE V.APPLICATION_ID = A.ID
  AND V.VERSION = '3.2.4'
  AND A.NAME = 'FHNReference'
 ), 
 10, 
 'TRANSMISSION', 
 'ID', 
 0, 
 'N', 
 ',');

INSERT
INTO "EVENT_EXP_CONTEXT"
("ID",
 "APP_VERSION_ID",
 "EVENT_TYPE_ID", 
 "EVENT_CONTEXT_TYPE", 
 "CONTEXT_DATA_TYPE", 
 "CARDINALITY", 
 "AGGREGATABLE_FLAG", 
 "AGGREGATION_SEP") 
VALUES
(36,
  (SELECT V.ID 
  FROM "APP_VERSION" V, 
       "APPLICATION" A
  WHERE V.APPLICATION_ID = A.ID
  AND V.VERSION = '3.2.4'
  AND A.NAME = 'FHNReference'
 ), 
 10, 
 'TXN_TYPE', 
 'String', 
 0, 
 'N', 
 ',');




INSERT INTO "EVENT_TYPE" 
("ID", 
 "APP_VERSION_ID",
 "TYPE", 
 "MSG_ID",
 "MSG_CATALOG", 
 "LOG_EVENT_FLAG", 
 "RENDER_AS_MSG", 
 "AGGREGATION_THRESH",
 "PRIORITY") 
VALUES
(11, 
(SELECT V.ID 
  FROM "APP_VERSION" V, 
       "APPLICATION" A
  WHERE V.APPLICATION_ID = A.ID
  AND V.VERSION = '3.2.4'
  AND A.NAME = 'FHNReference'
 ),
 'E_CmdAuthorityRequired', 
 null, 
 '', 
 'Y', 
 'Y', 
 100,
 null);


INSERT
INTO "EVENT_EXP_CONTEXT"
("ID",
 "APP_VERSION_ID",
 "EVENT_TYPE_ID", 
 "EVENT_CONTEXT_TYPE", 
 "CONTEXT_DATA_TYPE", 
 "CARDINALITY", 
 "AGGREGATABLE_FLAG", 
 "AGGREGATION_SEP") 
VALUES
(37,
  (SELECT V.ID 
  FROM "APP_VERSION" V, 
       "APPLICATION" A
  WHERE V.APPLICATION_ID = A.ID
  AND V.VERSION = '3.2.4'
  AND A.NAME = 'FHNReference'
 ), 
 11, 
 'TRANSACTION', 
 'ID', 
 1, 
 'N', 
 ',');

INSERT
INTO "EVENT_EXP_CONTEXT"
("ID",
 "APP_VERSION_ID",
 "EVENT_TYPE_ID", 
 "EVENT_CONTEXT_TYPE", 
 "CONTEXT_DATA_TYPE", 
 "CARDINALITY", 
 "AGGREGATABLE_FLAG", 
 "AGGREGATION_SEP") 
VALUES
(38,
  (SELECT V.ID 
  FROM "APP_VERSION" V, 
       "APPLICATION" A
  WHERE V.APPLICATION_ID = A.ID
  AND V.VERSION = '3.2.4'
  AND A.NAME = 'FHNReference'
 ), 
 11, 
 'TXN_TYPE', 
 'String', 
 1, 
 'N', 
 ',');




INSERT INTO "EVENT_TYPE" 
("ID", 
 "APP_VERSION_ID",
 "TYPE", 
 "MSG_ID",
 "MSG_CATALOG", 
 "LOG_EVENT_FLAG", 
 "RENDER_AS_MSG", 
 "AGGREGATION_THRESH",
 "PRIORITY") 
VALUES
(12, 
(SELECT V.ID 
  FROM "APP_VERSION" V, 
       "APPLICATION" A
  WHERE V.APPLICATION_ID = A.ID
  AND V.VERSION = '3.2.4'
  AND A.NAME = 'FHNReference'
 ),
 'E_CmdAuthorized', 
 null, 
 '', 
 'Y', 
 'Y', 
 100,
 null);


INSERT
INTO "EVENT_EXP_CONTEXT"
("ID",
 "APP_VERSION_ID",
 "EVENT_TYPE_ID", 
 "EVENT_CONTEXT_TYPE", 
 "CONTEXT_DATA_TYPE", 
 "CARDINALITY", 
 "AGGREGATABLE_FLAG", 
 "AGGREGATION_SEP") 
VALUES
(39,
  (SELECT V.ID 
  FROM "APP_VERSION" V, 
       "APPLICATION" A
  WHERE V.APPLICATION_ID = A.ID
  AND V.VERSION = '3.2.4'
  AND A.NAME = 'FHNReference'
 ), 
 12, 
 'BATCH', 
 'ID', 
 0, 
 'N', 
 ',');

INSERT
INTO "EVENT_EXP_CONTEXT"
("ID",
 "APP_VERSION_ID",
 "EVENT_TYPE_ID", 
 "EVENT_CONTEXT_TYPE", 
 "CONTEXT_DATA_TYPE", 
 "CARDINALITY", 
 "AGGREGATABLE_FLAG", 
 "AGGREGATION_SEP") 
VALUES
(40,
  (SELECT V.ID 
  FROM "APP_VERSION" V, 
       "APPLICATION" A
  WHERE V.APPLICATION_ID = A.ID
  AND V.VERSION = '3.2.4'
  AND A.NAME = 'FHNReference'
 ), 
 12, 
 'CMD_TXN_ID', 
 'ID', 
 1, 
 'N', 
 ',');

INSERT
INTO "EVENT_EXP_CONTEXT"
("ID",
 "APP_VERSION_ID",
 "EVENT_TYPE_ID", 
 "EVENT_CONTEXT_TYPE", 
 "CONTEXT_DATA_TYPE", 
 "CARDINALITY", 
 "AGGREGATABLE_FLAG", 
 "AGGREGATION_SEP") 
VALUES
(41,
  (SELECT V.ID 
  FROM "APP_VERSION" V, 
       "APPLICATION" A
  WHERE V.APPLICATION_ID = A.ID
  AND V.VERSION = '3.2.4'
  AND A.NAME = 'FHNReference'
 ), 
 12, 
 'PARTICIPANT', 
 'ID', 
 0, 
 'N', 
 ',');

INSERT
INTO "EVENT_EXP_CONTEXT"
("ID",
 "APP_VERSION_ID",
 "EVENT_TYPE_ID", 
 "EVENT_CONTEXT_TYPE", 
 "CONTEXT_DATA_TYPE", 
 "CARDINALITY", 
 "AGGREGATABLE_FLAG", 
 "AGGREGATION_SEP") 
VALUES
(42,
  (SELECT V.ID 
  FROM "APP_VERSION" V, 
       "APPLICATION" A
  WHERE V.APPLICATION_ID = A.ID
  AND V.VERSION = '3.2.4'
  AND A.NAME = 'FHNReference'
 ), 
 12, 
 'TRANSACTION', 
 'ID', 
 0, 
 'N', 
 ',');

INSERT
INTO "EVENT_EXP_CONTEXT"
("ID",
 "APP_VERSION_ID",
 "EVENT_TYPE_ID", 
 "EVENT_CONTEXT_TYPE", 
 "CONTEXT_DATA_TYPE", 
 "CARDINALITY", 
 "AGGREGATABLE_FLAG", 
 "AGGREGATION_SEP") 
VALUES
(43,
  (SELECT V.ID 
  FROM "APP_VERSION" V, 
       "APPLICATION" A
  WHERE V.APPLICATION_ID = A.ID
  AND V.VERSION = '3.2.4'
  AND A.NAME = 'FHNReference'
 ), 
 12, 
 'TRANSMISSION', 
 'ID', 
 0, 
 'N', 
 ',');

INSERT
INTO "EVENT_EXP_CONTEXT"
("ID",
 "APP_VERSION_ID",
 "EVENT_TYPE_ID", 
 "EVENT_CONTEXT_TYPE", 
 "CONTEXT_DATA_TYPE", 
 "CARDINALITY", 
 "AGGREGATABLE_FLAG", 
 "AGGREGATION_SEP") 
VALUES
(44,
  (SELECT V.ID 
  FROM "APP_VERSION" V, 
       "APPLICATION" A
  WHERE V.APPLICATION_ID = A.ID
  AND V.VERSION = '3.2.4'
  AND A.NAME = 'FHNReference'
 ), 
 12, 
 'TXN_TYPE', 
 'String', 
 0, 
 'N', 
 ',');




INSERT INTO "EVENT_TYPE" 
("ID", 
 "APP_VERSION_ID",
 "TYPE", 
 "MSG_ID",
 "MSG_CATALOG", 
 "LOG_EVENT_FLAG", 
 "RENDER_AS_MSG", 
 "AGGREGATION_THRESH",
 "PRIORITY") 
VALUES
(13, 
(SELECT V.ID 
  FROM "APP_VERSION" V, 
       "APPLICATION" A
  WHERE V.APPLICATION_ID = A.ID
  AND V.VERSION = '3.2.4'
  AND A.NAME = 'FHNReference'
 ),
 'E_CmdError', 
 null, 
 '', 
 'Y', 
 'Y', 
 100,
 null);


INSERT
INTO "EVENT_EXP_CONTEXT"
("ID",
 "APP_VERSION_ID",
 "EVENT_TYPE_ID", 
 "EVENT_CONTEXT_TYPE", 
 "CONTEXT_DATA_TYPE", 
 "CARDINALITY", 
 "AGGREGATABLE_FLAG", 
 "AGGREGATION_SEP") 
VALUES
(45,
  (SELECT V.ID 
  FROM "APP_VERSION" V, 
       "APPLICATION" A
  WHERE V.APPLICATION_ID = A.ID
  AND V.VERSION = '3.2.4'
  AND A.NAME = 'FHNReference'
 ), 
 13, 
 'PARTIAL', 
 'String', 
 1, 
 'N', 
 ',');

INSERT
INTO "EVENT_EXP_CONTEXT"
("ID",
 "APP_VERSION_ID",
 "EVENT_TYPE_ID", 
 "EVENT_CONTEXT_TYPE", 
 "CONTEXT_DATA_TYPE", 
 "CARDINALITY", 
 "AGGREGATABLE_FLAG", 
 "AGGREGATION_SEP") 
VALUES
(46,
  (SELECT V.ID 
  FROM "APP_VERSION" V, 
       "APPLICATION" A
  WHERE V.APPLICATION_ID = A.ID
  AND V.VERSION = '3.2.4'
  AND A.NAME = 'FHNReference'
 ), 
 13, 
 'TRANSACTION', 
 'ID', 
 1, 
 'N', 
 ',');

INSERT
INTO "EVENT_EXP_CONTEXT"
("ID",
 "APP_VERSION_ID",
 "EVENT_TYPE_ID", 
 "EVENT_CONTEXT_TYPE", 
 "CONTEXT_DATA_TYPE", 
 "CARDINALITY", 
 "AGGREGATABLE_FLAG", 
 "AGGREGATION_SEP") 
VALUES
(47,
  (SELECT V.ID 
  FROM "APP_VERSION" V, 
       "APPLICATION" A
  WHERE V.APPLICATION_ID = A.ID
  AND V.VERSION = '3.2.4'
  AND A.NAME = 'FHNReference'
 ), 
 13, 
 'TXN_TYPE', 
 'String', 
 1, 
 'N', 
 ',');




INSERT INTO "EVENT_TYPE" 
("ID", 
 "APP_VERSION_ID",
 "TYPE", 
 "MSG_ID",
 "MSG_CATALOG", 
 "LOG_EVENT_FLAG", 
 "RENDER_AS_MSG", 
 "AGGREGATION_THRESH",
 "PRIORITY") 
VALUES
(14, 
(SELECT V.ID 
  FROM "APP_VERSION" V, 
       "APPLICATION" A
  WHERE V.APPLICATION_ID = A.ID
  AND V.VERSION = '3.2.4'
  AND A.NAME = 'FHNReference'
 ),
 'E_CmdProcessed', 
 null, 
 '', 
 'Y', 
 'Y', 
 100,
 null);


INSERT
INTO "EVENT_EXP_CONTEXT"
("ID",
 "APP_VERSION_ID",
 "EVENT_TYPE_ID", 
 "EVENT_CONTEXT_TYPE", 
 "CONTEXT_DATA_TYPE", 
 "CARDINALITY", 
 "AGGREGATABLE_FLAG", 
 "AGGREGATION_SEP") 
VALUES
(48,
  (SELECT V.ID 
  FROM "APP_VERSION" V, 
       "APPLICATION" A
  WHERE V.APPLICATION_ID = A.ID
  AND V.VERSION = '3.2.4'
  AND A.NAME = 'FHNReference'
 ), 
 14, 
 'CMD_TXN_ID', 
 'ID', 
 1, 
 'N', 
 ',');

INSERT
INTO "EVENT_EXP_CONTEXT"
("ID",
 "APP_VERSION_ID",
 "EVENT_TYPE_ID", 
 "EVENT_CONTEXT_TYPE", 
 "CONTEXT_DATA_TYPE", 
 "CARDINALITY", 
 "AGGREGATABLE_FLAG", 
 "AGGREGATION_SEP") 
VALUES
(49,
  (SELECT V.ID 
  FROM "APP_VERSION" V, 
       "APPLICATION" A
  WHERE V.APPLICATION_ID = A.ID
  AND V.VERSION = '3.2.4'
  AND A.NAME = 'FHNReference'
 ), 
 14, 
 'TRGT_OBJ_ID', 
 'ID', 
 1, 
 'Y', 
 ',');

INSERT
INTO "EVENT_EXP_CONTEXT"
("ID",
 "APP_VERSION_ID",
 "EVENT_TYPE_ID", 
 "EVENT_CONTEXT_TYPE", 
 "CONTEXT_DATA_TYPE", 
 "CARDINALITY", 
 "AGGREGATABLE_FLAG", 
 "AGGREGATION_SEP") 
VALUES
(50,
  (SELECT V.ID 
  FROM "APP_VERSION" V, 
       "APPLICATION" A
  WHERE V.APPLICATION_ID = A.ID
  AND V.VERSION = '3.2.4'
  AND A.NAME = 'FHNReference'
 ), 
 14, 
 'TRGT_OBJ_TYPE', 
 'String', 
 1, 
 'N', 
 ',');

INSERT
INTO "EVENT_EXP_CONTEXT"
("ID",
 "APP_VERSION_ID",
 "EVENT_TYPE_ID", 
 "EVENT_CONTEXT_TYPE", 
 "CONTEXT_DATA_TYPE", 
 "CARDINALITY", 
 "AGGREGATABLE_FLAG", 
 "AGGREGATION_SEP") 
VALUES
(51,
  (SELECT V.ID 
  FROM "APP_VERSION" V, 
       "APPLICATION" A
  WHERE V.APPLICATION_ID = A.ID
  AND V.VERSION = '3.2.4'
  AND A.NAME = 'FHNReference'
 ), 
 14, 
 'TYPE', 
 'String', 
 1, 
 'N', 
 ',');




INSERT INTO "EVENT_TYPE" 
("ID", 
 "APP_VERSION_ID",
 "TYPE", 
 "MSG_ID",
 "MSG_CATALOG", 
 "LOG_EVENT_FLAG", 
 "RENDER_AS_MSG", 
 "AGGREGATION_THRESH",
 "PRIORITY") 
VALUES
(15, 
(SELECT V.ID 
  FROM "APP_VERSION" V, 
       "APPLICATION" A
  WHERE V.APPLICATION_ID = A.ID
  AND V.VERSION = '3.2.4'
  AND A.NAME = 'FHNReference'
 ),
 'E_DefragComplete', 
 null, 
 '', 
 'Y', 
 'N', 
 100,
 null);


INSERT
INTO "EVENT_EXP_CONTEXT"
("ID",
 "APP_VERSION_ID",
 "EVENT_TYPE_ID", 
 "EVENT_CONTEXT_TYPE", 
 "CONTEXT_DATA_TYPE", 
 "CARDINALITY", 
 "AGGREGATABLE_FLAG", 
 "AGGREGATION_SEP") 
VALUES
(52,
  (SELECT V.ID 
  FROM "APP_VERSION" V, 
       "APPLICATION" A
  WHERE V.APPLICATION_ID = A.ID
  AND V.VERSION = '3.2.4'
  AND A.NAME = 'FHNReference'
 ), 
 15, 
 'TRANSMISSION', 
 'ID', 
 1, 
 'Y', 
 ',');




INSERT INTO "EVENT_TYPE" 
("ID", 
 "APP_VERSION_ID",
 "TYPE", 
 "MSG_ID",
 "MSG_CATALOG", 
 "LOG_EVENT_FLAG", 
 "RENDER_AS_MSG", 
 "AGGREGATION_THRESH",
 "PRIORITY") 
VALUES
(16, 
(SELECT V.ID 
  FROM "APP_VERSION" V, 
       "APPLICATION" A
  WHERE V.APPLICATION_ID = A.ID
  AND V.VERSION = '3.2.4'
  AND A.NAME = 'FHNReference'
 ),
 'E_DefragFailed', 
 null, 
 '', 
 'Y', 
 'N', 
 100,
 null);


INSERT
INTO "EVENT_EXP_CONTEXT"
("ID",
 "APP_VERSION_ID",
 "EVENT_TYPE_ID", 
 "EVENT_CONTEXT_TYPE", 
 "CONTEXT_DATA_TYPE", 
 "CARDINALITY", 
 "AGGREGATABLE_FLAG", 
 "AGGREGATION_SEP") 
VALUES
(53,
  (SELECT V.ID 
  FROM "APP_VERSION" V, 
       "APPLICATION" A
  WHERE V.APPLICATION_ID = A.ID
  AND V.VERSION = '3.2.4'
  AND A.NAME = 'FHNReference'
 ), 
 16, 
 'TRANSMISSION', 
 'ID', 
 1, 
 'Y', 
 ',');




INSERT INTO "EVENT_TYPE" 
("ID", 
 "APP_VERSION_ID",
 "TYPE", 
 "MSG_ID",
 "MSG_CATALOG", 
 "LOG_EVENT_FLAG", 
 "RENDER_AS_MSG", 
 "AGGREGATION_THRESH",
 "PRIORITY") 
VALUES
(17, 
(SELECT V.ID 
  FROM "APP_VERSION" V, 
       "APPLICATION" A
  WHERE V.APPLICATION_ID = A.ID
  AND V.VERSION = '3.2.4'
  AND A.NAME = 'FHNReference'
 ),
 'E_EmailOpsComplete', 
 null, 
 '', 
 'Y', 
 'Y', 
 100,
 null);


INSERT
INTO "EVENT_EXP_CONTEXT"
("ID",
 "APP_VERSION_ID",
 "EVENT_TYPE_ID", 
 "EVENT_CONTEXT_TYPE", 
 "CONTEXT_DATA_TYPE", 
 "CARDINALITY", 
 "AGGREGATABLE_FLAG", 
 "AGGREGATION_SEP") 
VALUES
(54,
  (SELECT V.ID 
  FROM "APP_VERSION" V, 
       "APPLICATION" A
  WHERE V.APPLICATION_ID = A.ID
  AND V.VERSION = '3.2.4'
  AND A.NAME = 'FHNReference'
 ), 
 17, 
 'OBJECT_ID', 
 'ID', 
 1, 
 'Y', 
 ',');

INSERT
INTO "EVENT_EXP_CONTEXT"
("ID",
 "APP_VERSION_ID",
 "EVENT_TYPE_ID", 
 "EVENT_CONTEXT_TYPE", 
 "CONTEXT_DATA_TYPE", 
 "CARDINALITY", 
 "AGGREGATABLE_FLAG", 
 "AGGREGATION_SEP") 
VALUES
(55,
  (SELECT V.ID 
  FROM "APP_VERSION" V, 
       "APPLICATION" A
  WHERE V.APPLICATION_ID = A.ID
  AND V.VERSION = '3.2.4'
  AND A.NAME = 'FHNReference'
 ), 
 17, 
 'OBJ_CLASS', 
 'String', 
 0, 
 'N', 
 ',');

INSERT
INTO "EVENT_EXP_CONTEXT"
("ID",
 "APP_VERSION_ID",
 "EVENT_TYPE_ID", 
 "EVENT_CONTEXT_TYPE", 
 "CONTEXT_DATA_TYPE", 
 "CARDINALITY", 
 "AGGREGATABLE_FLAG", 
 "AGGREGATION_SEP") 
VALUES
(56,
  (SELECT V.ID 
  FROM "APP_VERSION" V, 
       "APPLICATION" A
  WHERE V.APPLICATION_ID = A.ID
  AND V.VERSION = '3.2.4'
  AND A.NAME = 'FHNReference'
 ), 
 17, 
 'SUBTYPE', 
 'String', 
 0, 
 'N', 
 ',');

INSERT
INTO "EVENT_EXP_CONTEXT"
("ID",
 "APP_VERSION_ID",
 "EVENT_TYPE_ID", 
 "EVENT_CONTEXT_TYPE", 
 "CONTEXT_DATA_TYPE", 
 "CARDINALITY", 
 "AGGREGATABLE_FLAG", 
 "AGGREGATION_SEP") 
VALUES
(57,
  (SELECT V.ID 
  FROM "APP_VERSION" V, 
       "APPLICATION" A
  WHERE V.APPLICATION_ID = A.ID
  AND V.VERSION = '3.2.4'
  AND A.NAME = 'FHNReference'
 ), 
 17, 
 'TYPE', 
 'String', 
 1, 
 'N', 
 ',');




INSERT INTO "EVENT_TYPE" 
("ID", 
 "APP_VERSION_ID",
 "TYPE", 
 "MSG_ID",
 "MSG_CATALOG", 
 "LOG_EVENT_FLAG", 
 "RENDER_AS_MSG", 
 "AGGREGATION_THRESH",
 "PRIORITY") 
VALUES
(18, 
(SELECT V.ID 
  FROM "APP_VERSION" V, 
       "APPLICATION" A
  WHERE V.APPLICATION_ID = A.ID
  AND V.VERSION = '3.2.4'
  AND A.NAME = 'FHNReference'
 ),
 'E_FragOutMapAborted', 
 null, 
 '', 
 'Y', 
 'Y', 
 100,
 null);


INSERT
INTO "EVENT_EXP_CONTEXT"
("ID",
 "APP_VERSION_ID",
 "EVENT_TYPE_ID", 
 "EVENT_CONTEXT_TYPE", 
 "CONTEXT_DATA_TYPE", 
 "CARDINALITY", 
 "AGGREGATABLE_FLAG", 
 "AGGREGATION_SEP") 
VALUES
(58,
  (SELECT V.ID 
  FROM "APP_VERSION" V, 
       "APPLICATION" A
  WHERE V.APPLICATION_ID = A.ID
  AND V.VERSION = '3.2.4'
  AND A.NAME = 'FHNReference'
 ), 
 18, 
 'FRAGMENT', 
 'ID', 
 1, 
 'N', 
 ',');

INSERT
INTO "EVENT_EXP_CONTEXT"
("ID",
 "APP_VERSION_ID",
 "EVENT_TYPE_ID", 
 "EVENT_CONTEXT_TYPE", 
 "CONTEXT_DATA_TYPE", 
 "CARDINALITY", 
 "AGGREGATABLE_FLAG", 
 "AGGREGATION_SEP") 
VALUES
(59,
  (SELECT V.ID 
  FROM "APP_VERSION" V, 
       "APPLICATION" A
  WHERE V.APPLICATION_ID = A.ID
  AND V.VERSION = '3.2.4'
  AND A.NAME = 'FHNReference'
 ), 
 18, 
 'TRANSMISSION', 
 'ID', 
 1, 
 'N', 
 ',');




INSERT INTO "EVENT_TYPE" 
("ID", 
 "APP_VERSION_ID",
 "TYPE", 
 "MSG_ID",
 "MSG_CATALOG", 
 "LOG_EVENT_FLAG", 
 "RENDER_AS_MSG", 
 "AGGREGATION_THRESH",
 "PRIORITY") 
VALUES
(19, 
(SELECT V.ID 
  FROM "APP_VERSION" V, 
       "APPLICATION" A
  WHERE V.APPLICATION_ID = A.ID
  AND V.VERSION = '3.2.4'
  AND A.NAME = 'FHNReference'
 ),
 'E_Heartbeat', 
 null, 
 '', 
 'T', 
 'Y', 
 100,
 null);


INSERT
INTO "EVENT_EXP_CONTEXT"
("ID",
 "APP_VERSION_ID",
 "EVENT_TYPE_ID", 
 "EVENT_CONTEXT_TYPE", 
 "CONTEXT_DATA_TYPE", 
 "CARDINALITY", 
 "AGGREGATABLE_FLAG", 
 "AGGREGATION_SEP") 
VALUES
(60,
  (SELECT V.ID 
  FROM "APP_VERSION" V, 
       "APPLICATION" A
  WHERE V.APPLICATION_ID = A.ID
  AND V.VERSION = '3.2.4'
  AND A.NAME = 'FHNReference'
 ), 
 19, 
 'NOW', 
 'String', 
 1, 
 'N', 
 ',');

INSERT
INTO "EVENT_EXP_CONTEXT"
("ID",
 "APP_VERSION_ID",
 "EVENT_TYPE_ID", 
 "EVENT_CONTEXT_TYPE", 
 "CONTEXT_DATA_TYPE", 
 "CARDINALITY", 
 "AGGREGATABLE_FLAG", 
 "AGGREGATION_SEP") 
VALUES
(61,
  (SELECT V.ID 
  FROM "APP_VERSION" V, 
       "APPLICATION" A
  WHERE V.APPLICATION_ID = A.ID
  AND V.VERSION = '3.2.4'
  AND A.NAME = 'FHNReference'
 ), 
 19, 
 'NOW_TIME', 
 'String', 
 1, 
 'N', 
 ',');

INSERT
INTO "EVENT_EXP_CONTEXT"
("ID",
 "APP_VERSION_ID",
 "EVENT_TYPE_ID", 
 "EVENT_CONTEXT_TYPE", 
 "CONTEXT_DATA_TYPE", 
 "CARDINALITY", 
 "AGGREGATABLE_FLAG", 
 "AGGREGATION_SEP") 
VALUES
(62,
  (SELECT V.ID 
  FROM "APP_VERSION" V, 
       "APPLICATION" A
  WHERE V.APPLICATION_ID = A.ID
  AND V.VERSION = '3.2.4'
  AND A.NAME = 'FHNReference'
 ), 
 19, 
 'TIMEZONE', 
 'String', 
 1, 
 'N', 
 ',');




INSERT INTO "EVENT_TYPE" 
("ID", 
 "APP_VERSION_ID",
 "TYPE", 
 "MSG_ID",
 "MSG_CATALOG", 
 "LOG_EVENT_FLAG", 
 "RENDER_AS_MSG", 
 "AGGREGATION_THRESH",
 "PRIORITY") 
VALUES
(20, 
(SELECT V.ID 
  FROM "APP_VERSION" V, 
       "APPLICATION" A
  WHERE V.APPLICATION_ID = A.ID
  AND V.VERSION = '3.2.4'
  AND A.NAME = 'FHNReference'
 ),
 'E_HeartbeatStart', 
 null, 
 '', 
 'T', 
 'Y', 
 100,
 null);


INSERT
INTO "EVENT_EXP_CONTEXT"
("ID",
 "APP_VERSION_ID",
 "EVENT_TYPE_ID", 
 "EVENT_CONTEXT_TYPE", 
 "CONTEXT_DATA_TYPE", 
 "CARDINALITY", 
 "AGGREGATABLE_FLAG", 
 "AGGREGATION_SEP") 
VALUES
(63,
  (SELECT V.ID 
  FROM "APP_VERSION" V, 
       "APPLICATION" A
  WHERE V.APPLICATION_ID = A.ID
  AND V.VERSION = '3.2.4'
  AND A.NAME = 'FHNReference'
 ), 
 20, 
 'NOW', 
 'String', 
 1, 
 'N', 
 ',');

INSERT
INTO "EVENT_EXP_CONTEXT"
("ID",
 "APP_VERSION_ID",
 "EVENT_TYPE_ID", 
 "EVENT_CONTEXT_TYPE", 
 "CONTEXT_DATA_TYPE", 
 "CARDINALITY", 
 "AGGREGATABLE_FLAG", 
 "AGGREGATION_SEP") 
VALUES
(64,
  (SELECT V.ID 
  FROM "APP_VERSION" V, 
       "APPLICATION" A
  WHERE V.APPLICATION_ID = A.ID
  AND V.VERSION = '3.2.4'
  AND A.NAME = 'FHNReference'
 ), 
 20, 
 'NOW_TIME', 
 'String', 
 1, 
 'N', 
 ',');

INSERT
INTO "EVENT_EXP_CONTEXT"
("ID",
 "APP_VERSION_ID",
 "EVENT_TYPE_ID", 
 "EVENT_CONTEXT_TYPE", 
 "CONTEXT_DATA_TYPE", 
 "CARDINALITY", 
 "AGGREGATABLE_FLAG", 
 "AGGREGATION_SEP") 
VALUES
(65,
  (SELECT V.ID 
  FROM "APP_VERSION" V, 
       "APPLICATION" A
  WHERE V.APPLICATION_ID = A.ID
  AND V.VERSION = '3.2.4'
  AND A.NAME = 'FHNReference'
 ), 
 20, 
 'TIMEZONE', 
 'String', 
 1, 
 'N', 
 ',');




INSERT INTO "EVENT_TYPE" 
("ID", 
 "APP_VERSION_ID",
 "TYPE", 
 "MSG_ID",
 "MSG_CATALOG", 
 "LOG_EVENT_FLAG", 
 "RENDER_AS_MSG", 
 "AGGREGATION_THRESH",
 "PRIORITY") 
VALUES
(21, 
(SELECT V.ID 
  FROM "APP_VERSION" V, 
       "APPLICATION" A
  WHERE V.APPLICATION_ID = A.ID
  AND V.VERSION = '3.2.4'
  AND A.NAME = 'FHNReference'
 ),
 'E_InBatComplete', 
 null, 
 '', 
 'N', 
 'N', 
 100,
 null);


INSERT
INTO "EVENT_EXP_CONTEXT"
("ID",
 "APP_VERSION_ID",
 "EVENT_TYPE_ID", 
 "EVENT_CONTEXT_TYPE", 
 "CONTEXT_DATA_TYPE", 
 "CARDINALITY", 
 "AGGREGATABLE_FLAG", 
 "AGGREGATION_SEP") 
VALUES
(66,
  (SELECT V.ID 
  FROM "APP_VERSION" V, 
       "APPLICATION" A
  WHERE V.APPLICATION_ID = A.ID
  AND V.VERSION = '3.2.4'
  AND A.NAME = 'FHNReference'
 ), 
 21, 
 'BATCH', 
 'ID', 
 1, 
 'Y', 
 ',');

INSERT
INTO "EVENT_EXP_CONTEXT"
("ID",
 "APP_VERSION_ID",
 "EVENT_TYPE_ID", 
 "EVENT_CONTEXT_TYPE", 
 "CONTEXT_DATA_TYPE", 
 "CARDINALITY", 
 "AGGREGATABLE_FLAG", 
 "AGGREGATION_SEP") 
VALUES
(67,
  (SELECT V.ID 
  FROM "APP_VERSION" V, 
       "APPLICATION" A
  WHERE V.APPLICATION_ID = A.ID
  AND V.VERSION = '3.2.4'
  AND A.NAME = 'FHNReference'
 ), 
 21, 
 'BAT_TYPE', 
 'String', 
 0, 
 'N', 
 ',');

INSERT
INTO "EVENT_EXP_CONTEXT"
("ID",
 "APP_VERSION_ID",
 "EVENT_TYPE_ID", 
 "EVENT_CONTEXT_TYPE", 
 "CONTEXT_DATA_TYPE", 
 "CARDINALITY", 
 "AGGREGATABLE_FLAG", 
 "AGGREGATION_SEP") 
VALUES
(68,
  (SELECT V.ID 
  FROM "APP_VERSION" V, 
       "APPLICATION" A
  WHERE V.APPLICATION_ID = A.ID
  AND V.VERSION = '3.2.4'
  AND A.NAME = 'FHNReference'
 ), 
 21, 
 'TRANSMISSION', 
 'ID', 
 1, 
 'N', 
 ',');




INSERT INTO "EVENT_TYPE" 
("ID", 
 "APP_VERSION_ID",
 "TYPE", 
 "MSG_ID",
 "MSG_CATALOG", 
 "LOG_EVENT_FLAG", 
 "RENDER_AS_MSG", 
 "AGGREGATION_THRESH",
 "PRIORITY") 
VALUES
(22, 
(SELECT V.ID 
  FROM "APP_VERSION" V, 
       "APPLICATION" A
  WHERE V.APPLICATION_ID = A.ID
  AND V.VERSION = '3.2.4'
  AND A.NAME = 'FHNReference'
 ),
 'E_InBatFailed', 
 null, 
 '', 
 'Y', 
 'Y', 
 100,
 null);


INSERT
INTO "EVENT_EXP_CONTEXT"
("ID",
 "APP_VERSION_ID",
 "EVENT_TYPE_ID", 
 "EVENT_CONTEXT_TYPE", 
 "CONTEXT_DATA_TYPE", 
 "CARDINALITY", 
 "AGGREGATABLE_FLAG", 
 "AGGREGATION_SEP") 
VALUES
(69,
  (SELECT V.ID 
  FROM "APP_VERSION" V, 
       "APPLICATION" A
  WHERE V.APPLICATION_ID = A.ID
  AND V.VERSION = '3.2.4'
  AND A.NAME = 'FHNReference'
 ), 
 22, 
 'BATCH', 
 'ID', 
 1, 
 'Y', 
 ',');

INSERT
INTO "EVENT_EXP_CONTEXT"
("ID",
 "APP_VERSION_ID",
 "EVENT_TYPE_ID", 
 "EVENT_CONTEXT_TYPE", 
 "CONTEXT_DATA_TYPE", 
 "CARDINALITY", 
 "AGGREGATABLE_FLAG", 
 "AGGREGATION_SEP") 
VALUES
(70,
  (SELECT V.ID 
  FROM "APP_VERSION" V, 
       "APPLICATION" A
  WHERE V.APPLICATION_ID = A.ID
  AND V.VERSION = '3.2.4'
  AND A.NAME = 'FHNReference'
 ), 
 22, 
 'BAT_TYPE', 
 'String', 
 0, 
 'N', 
 ',');

INSERT
INTO "EVENT_EXP_CONTEXT"
("ID",
 "APP_VERSION_ID",
 "EVENT_TYPE_ID", 
 "EVENT_CONTEXT_TYPE", 
 "CONTEXT_DATA_TYPE", 
 "CARDINALITY", 
 "AGGREGATABLE_FLAG", 
 "AGGREGATION_SEP") 
VALUES
(71,
  (SELECT V.ID 
  FROM "APP_VERSION" V, 
       "APPLICATION" A
  WHERE V.APPLICATION_ID = A.ID
  AND V.VERSION = '3.2.4'
  AND A.NAME = 'FHNReference'
 ), 
 22, 
 'TRANSMISSION', 
 'ID', 
 1, 
 'N', 
 ',');




INSERT INTO "EVENT_TYPE" 
("ID", 
 "APP_VERSION_ID",
 "TYPE", 
 "MSG_ID",
 "MSG_CATALOG", 
 "LOG_EVENT_FLAG", 
 "RENDER_AS_MSG", 
 "AGGREGATION_THRESH",
 "PRIORITY") 
VALUES
(23, 
(SELECT V.ID 
  FROM "APP_VERSION" V, 
       "APPLICATION" A
  WHERE V.APPLICATION_ID = A.ID
  AND V.VERSION = '3.2.4'
  AND A.NAME = 'FHNReference'
 ),
 'E_InPTAllChildrenComplete', 
 null, 
 '', 
 'N', 
 'N', 
 100,
 null);


INSERT
INTO "EVENT_EXP_CONTEXT"
("ID",
 "APP_VERSION_ID",
 "EVENT_TYPE_ID", 
 "EVENT_CONTEXT_TYPE", 
 "CONTEXT_DATA_TYPE", 
 "CARDINALITY", 
 "AGGREGATABLE_FLAG", 
 "AGGREGATION_SEP") 
VALUES
(72,
  (SELECT V.ID 
  FROM "APP_VERSION" V, 
       "APPLICATION" A
  WHERE V.APPLICATION_ID = A.ID
  AND V.VERSION = '3.2.4'
  AND A.NAME = 'FHNReference'
 ), 
 23, 
 'PTTYPE', 
 'String', 
 1, 
 'N', 
 ',');

INSERT
INTO "EVENT_EXP_CONTEXT"
("ID",
 "APP_VERSION_ID",
 "EVENT_TYPE_ID", 
 "EVENT_CONTEXT_TYPE", 
 "CONTEXT_DATA_TYPE", 
 "CARDINALITY", 
 "AGGREGATABLE_FLAG", 
 "AGGREGATION_SEP") 
VALUES
(73,
  (SELECT V.ID 
  FROM "APP_VERSION" V, 
       "APPLICATION" A
  WHERE V.APPLICATION_ID = A.ID
  AND V.VERSION = '3.2.4'
  AND A.NAME = 'FHNReference'
 ), 
 23, 
 'TRANSMISSION', 
 'ID', 
 1, 
 'Y', 
 ',');




INSERT INTO "EVENT_TYPE" 
("ID", 
 "APP_VERSION_ID",
 "TYPE", 
 "MSG_ID",
 "MSG_CATALOG", 
 "LOG_EVENT_FLAG", 
 "RENDER_AS_MSG", 
 "AGGREGATION_THRESH",
 "PRIORITY") 
VALUES
(24, 
(SELECT V.ID 
  FROM "APP_VERSION" V, 
       "APPLICATION" A
  WHERE V.APPLICATION_ID = A.ID
  AND V.VERSION = '3.2.4'
  AND A.NAME = 'FHNReference'
 ),
 'E_InPTComplete', 
 null, 
 '', 
 'N', 
 'N', 
 100,
 null);


INSERT
INTO "EVENT_EXP_CONTEXT"
("ID",
 "APP_VERSION_ID",
 "EVENT_TYPE_ID", 
 "EVENT_CONTEXT_TYPE", 
 "CONTEXT_DATA_TYPE", 
 "CARDINALITY", 
 "AGGREGATABLE_FLAG", 
 "AGGREGATION_SEP") 
VALUES
(74,
  (SELECT V.ID 
  FROM "APP_VERSION" V, 
       "APPLICATION" A
  WHERE V.APPLICATION_ID = A.ID
  AND V.VERSION = '3.2.4'
  AND A.NAME = 'FHNReference'
 ), 
 24, 
 'PTTYPE', 
 'String', 
 1, 
 'N', 
 ',');

INSERT
INTO "EVENT_EXP_CONTEXT"
("ID",
 "APP_VERSION_ID",
 "EVENT_TYPE_ID", 
 "EVENT_CONTEXT_TYPE", 
 "CONTEXT_DATA_TYPE", 
 "CARDINALITY", 
 "AGGREGATABLE_FLAG", 
 "AGGREGATION_SEP") 
VALUES
(75,
  (SELECT V.ID 
  FROM "APP_VERSION" V, 
       "APPLICATION" A
  WHERE V.APPLICATION_ID = A.ID
  AND V.VERSION = '3.2.4'
  AND A.NAME = 'FHNReference'
 ), 
 24, 
 'TRANSMISSION', 
 'ID', 
 1, 
 'Y', 
 ',');




INSERT INTO "EVENT_TYPE" 
("ID", 
 "APP_VERSION_ID",
 "TYPE", 
 "MSG_ID",
 "MSG_CATALOG", 
 "LOG_EVENT_FLAG", 
 "RENDER_AS_MSG", 
 "AGGREGATION_THRESH",
 "PRIORITY") 
VALUES
(25, 
(SELECT V.ID 
  FROM "APP_VERSION" V, 
       "APPLICATION" A
  WHERE V.APPLICATION_ID = A.ID
  AND V.VERSION = '3.2.4'
  AND A.NAME = 'FHNReference'
 ),
 'E_InPTFailed', 
 null, 
 '', 
 'N', 
 'N', 
 100,
 null);


INSERT
INTO "EVENT_EXP_CONTEXT"
("ID",
 "APP_VERSION_ID",
 "EVENT_TYPE_ID", 
 "EVENT_CONTEXT_TYPE", 
 "CONTEXT_DATA_TYPE", 
 "CARDINALITY", 
 "AGGREGATABLE_FLAG", 
 "AGGREGATION_SEP") 
VALUES
(76,
  (SELECT V.ID 
  FROM "APP_VERSION" V, 
       "APPLICATION" A
  WHERE V.APPLICATION_ID = A.ID
  AND V.VERSION = '3.2.4'
  AND A.NAME = 'FHNReference'
 ), 
 25, 
 'PTTYPE', 
 'String', 
 1, 
 'N', 
 ',');

INSERT
INTO "EVENT_EXP_CONTEXT"
("ID",
 "APP_VERSION_ID",
 "EVENT_TYPE_ID", 
 "EVENT_CONTEXT_TYPE", 
 "CONTEXT_DATA_TYPE", 
 "CARDINALITY", 
 "AGGREGATABLE_FLAG", 
 "AGGREGATION_SEP") 
VALUES
(77,
  (SELECT V.ID 
  FROM "APP_VERSION" V, 
       "APPLICATION" A
  WHERE V.APPLICATION_ID = A.ID
  AND V.VERSION = '3.2.4'
  AND A.NAME = 'FHNReference'
 ), 
 25, 
 'TRANSMISSION', 
 'ID', 
 1, 
 'Y', 
 ',');




INSERT INTO "EVENT_TYPE" 
("ID", 
 "APP_VERSION_ID",
 "TYPE", 
 "MSG_ID",
 "MSG_CATALOG", 
 "LOG_EVENT_FLAG", 
 "RENDER_AS_MSG", 
 "AGGREGATION_THRESH",
 "PRIORITY") 
VALUES
(26, 
(SELECT V.ID 
  FROM "APP_VERSION" V, 
       "APPLICATION" A
  WHERE V.APPLICATION_ID = A.ID
  AND V.VERSION = '3.2.4'
  AND A.NAME = 'FHNReference'
 ),
 'E_InTxnComplete', 
 null, 
 '', 
 'N', 
 'N', 
 100,
 null);


INSERT
INTO "EVENT_EXP_CONTEXT"
("ID",
 "APP_VERSION_ID",
 "EVENT_TYPE_ID", 
 "EVENT_CONTEXT_TYPE", 
 "CONTEXT_DATA_TYPE", 
 "CARDINALITY", 
 "AGGREGATABLE_FLAG", 
 "AGGREGATION_SEP") 
VALUES
(78,
  (SELECT V.ID 
  FROM "APP_VERSION" V, 
       "APPLICATION" A
  WHERE V.APPLICATION_ID = A.ID
  AND V.VERSION = '3.2.4'
  AND A.NAME = 'FHNReference'
 ), 
 26, 
 'BATCH', 
 'ID', 
 0, 
 'N', 
 ',');

INSERT
INTO "EVENT_EXP_CONTEXT"
("ID",
 "APP_VERSION_ID",
 "EVENT_TYPE_ID", 
 "EVENT_CONTEXT_TYPE", 
 "CONTEXT_DATA_TYPE", 
 "CARDINALITY", 
 "AGGREGATABLE_FLAG", 
 "AGGREGATION_SEP") 
VALUES
(79,
  (SELECT V.ID 
  FROM "APP_VERSION" V, 
       "APPLICATION" A
  WHERE V.APPLICATION_ID = A.ID
  AND V.VERSION = '3.2.4'
  AND A.NAME = 'FHNReference'
 ), 
 26, 
 'TRANSACTION', 
 'ID', 
 1, 
 'Y', 
 ',');

INSERT
INTO "EVENT_EXP_CONTEXT"
("ID",
 "APP_VERSION_ID",
 "EVENT_TYPE_ID", 
 "EVENT_CONTEXT_TYPE", 
 "CONTEXT_DATA_TYPE", 
 "CARDINALITY", 
 "AGGREGATABLE_FLAG", 
 "AGGREGATION_SEP") 
VALUES
(80,
  (SELECT V.ID 
  FROM "APP_VERSION" V, 
       "APPLICATION" A
  WHERE V.APPLICATION_ID = A.ID
  AND V.VERSION = '3.2.4'
  AND A.NAME = 'FHNReference'
 ), 
 26, 
 'TRANSMISSION', 
 'ID', 
 1, 
 'Y', 
 ',');

INSERT
INTO "EVENT_EXP_CONTEXT"
("ID",
 "APP_VERSION_ID",
 "EVENT_TYPE_ID", 
 "EVENT_CONTEXT_TYPE", 
 "CONTEXT_DATA_TYPE", 
 "CARDINALITY", 
 "AGGREGATABLE_FLAG", 
 "AGGREGATION_SEP") 
VALUES
(81,
  (SELECT V.ID 
  FROM "APP_VERSION" V, 
       "APPLICATION" A
  WHERE V.APPLICATION_ID = A.ID
  AND V.VERSION = '3.2.4'
  AND A.NAME = 'FHNReference'
 ), 
 26, 
 'TXN_TYPE', 
 'String', 
 1, 
 'N', 
 ',');




INSERT INTO "EVENT_TYPE" 
("ID", 
 "APP_VERSION_ID",
 "TYPE", 
 "MSG_ID",
 "MSG_CATALOG", 
 "LOG_EVENT_FLAG", 
 "RENDER_AS_MSG", 
 "AGGREGATION_THRESH",
 "PRIORITY") 
VALUES
(27, 
(SELECT V.ID 
  FROM "APP_VERSION" V, 
       "APPLICATION" A
  WHERE V.APPLICATION_ID = A.ID
  AND V.VERSION = '3.2.4'
  AND A.NAME = 'FHNReference'
 ),
 'E_InTxnFailed', 
 null, 
 '', 
 'Y', 
 'Y', 
 100,
 null);


INSERT
INTO "EVENT_EXP_CONTEXT"
("ID",
 "APP_VERSION_ID",
 "EVENT_TYPE_ID", 
 "EVENT_CONTEXT_TYPE", 
 "CONTEXT_DATA_TYPE", 
 "CARDINALITY", 
 "AGGREGATABLE_FLAG", 
 "AGGREGATION_SEP") 
VALUES
(82,
  (SELECT V.ID 
  FROM "APP_VERSION" V, 
       "APPLICATION" A
  WHERE V.APPLICATION_ID = A.ID
  AND V.VERSION = '3.2.4'
  AND A.NAME = 'FHNReference'
 ), 
 27, 
 'BATCH', 
 'ID', 
 0, 
 'N', 
 ',');

INSERT
INTO "EVENT_EXP_CONTEXT"
("ID",
 "APP_VERSION_ID",
 "EVENT_TYPE_ID", 
 "EVENT_CONTEXT_TYPE", 
 "CONTEXT_DATA_TYPE", 
 "CARDINALITY", 
 "AGGREGATABLE_FLAG", 
 "AGGREGATION_SEP") 
VALUES
(83,
  (SELECT V.ID 
  FROM "APP_VERSION" V, 
       "APPLICATION" A
  WHERE V.APPLICATION_ID = A.ID
  AND V.VERSION = '3.2.4'
  AND A.NAME = 'FHNReference'
 ), 
 27, 
 'TRANSACTION', 
 'ID', 
 1, 
 'Y', 
 ',');

INSERT
INTO "EVENT_EXP_CONTEXT"
("ID",
 "APP_VERSION_ID",
 "EVENT_TYPE_ID", 
 "EVENT_CONTEXT_TYPE", 
 "CONTEXT_DATA_TYPE", 
 "CARDINALITY", 
 "AGGREGATABLE_FLAG", 
 "AGGREGATION_SEP") 
VALUES
(84,
  (SELECT V.ID 
  FROM "APP_VERSION" V, 
       "APPLICATION" A
  WHERE V.APPLICATION_ID = A.ID
  AND V.VERSION = '3.2.4'
  AND A.NAME = 'FHNReference'
 ), 
 27, 
 'TRANSMISSION', 
 'ID', 
 1, 
 'Y', 
 ',');

INSERT
INTO "EVENT_EXP_CONTEXT"
("ID",
 "APP_VERSION_ID",
 "EVENT_TYPE_ID", 
 "EVENT_CONTEXT_TYPE", 
 "CONTEXT_DATA_TYPE", 
 "CARDINALITY", 
 "AGGREGATABLE_FLAG", 
 "AGGREGATION_SEP") 
VALUES
(85,
  (SELECT V.ID 
  FROM "APP_VERSION" V, 
       "APPLICATION" A
  WHERE V.APPLICATION_ID = A.ID
  AND V.VERSION = '3.2.4'
  AND A.NAME = 'FHNReference'
 ), 
 27, 
 'TXN_TYPE', 
 'String', 
 1, 
 'N', 
 ',');




INSERT INTO "EVENT_TYPE" 
("ID", 
 "APP_VERSION_ID",
 "TYPE", 
 "MSG_ID",
 "MSG_CATALOG", 
 "LOG_EVENT_FLAG", 
 "RENDER_AS_MSG", 
 "AGGREGATION_THRESH",
 "PRIORITY") 
VALUES
(28, 
(SELECT V.ID 
  FROM "APP_VERSION" V, 
       "APPLICATION" A
  WHERE V.APPLICATION_ID = A.ID
  AND V.VERSION = '3.2.4'
  AND A.NAME = 'FHNReference'
 ),
 'E_IngestSent', 
 null, 
 '', 
 'Y', 
 'Y', 
 100,
 null);


INSERT
INTO "EVENT_EXP_CONTEXT"
("ID",
 "APP_VERSION_ID",
 "EVENT_TYPE_ID", 
 "EVENT_CONTEXT_TYPE", 
 "CONTEXT_DATA_TYPE", 
 "CARDINALITY", 
 "AGGREGATABLE_FLAG", 
 "AGGREGATION_SEP") 
VALUES
(86,
  (SELECT V.ID 
  FROM "APP_VERSION" V, 
       "APPLICATION" A
  WHERE V.APPLICATION_ID = A.ID
  AND V.VERSION = '3.2.4'
  AND A.NAME = 'FHNReference'
 ), 
 28, 
 'BATCH', 
 'String', 
 1, 
 'N', 
 ',');

INSERT
INTO "EVENT_EXP_CONTEXT"
("ID",
 "APP_VERSION_ID",
 "EVENT_TYPE_ID", 
 "EVENT_CONTEXT_TYPE", 
 "CONTEXT_DATA_TYPE", 
 "CARDINALITY", 
 "AGGREGATABLE_FLAG", 
 "AGGREGATION_SEP") 
VALUES
(87,
  (SELECT V.ID 
  FROM "APP_VERSION" V, 
       "APPLICATION" A
  WHERE V.APPLICATION_ID = A.ID
  AND V.VERSION = '3.2.4'
  AND A.NAME = 'FHNReference'
 ), 
 28, 
 'OUT_TXN_CLASS', 
 'String', 
 1, 
 'N', 
 ',');

INSERT
INTO "EVENT_EXP_CONTEXT"
("ID",
 "APP_VERSION_ID",
 "EVENT_TYPE_ID", 
 "EVENT_CONTEXT_TYPE", 
 "CONTEXT_DATA_TYPE", 
 "CARDINALITY", 
 "AGGREGATABLE_FLAG", 
 "AGGREGATION_SEP") 
VALUES
(88,
  (SELECT V.ID 
  FROM "APP_VERSION" V, 
       "APPLICATION" A
  WHERE V.APPLICATION_ID = A.ID
  AND V.VERSION = '3.2.4'
  AND A.NAME = 'FHNReference'
 ), 
 28, 
 'OUT_TXN_TYPE', 
 'String', 
 1, 
 'N', 
 ',');

INSERT
INTO "EVENT_EXP_CONTEXT"
("ID",
 "APP_VERSION_ID",
 "EVENT_TYPE_ID", 
 "EVENT_CONTEXT_TYPE", 
 "CONTEXT_DATA_TYPE", 
 "CARDINALITY", 
 "AGGREGATABLE_FLAG", 
 "AGGREGATION_SEP") 
VALUES
(89,
  (SELECT V.ID 
  FROM "APP_VERSION" V, 
       "APPLICATION" A
  WHERE V.APPLICATION_ID = A.ID
  AND V.VERSION = '3.2.4'
  AND A.NAME = 'FHNReference'
 ), 
 28, 
 'TRANSACTION', 
 'String', 
 1, 
 'N', 
 ',');




INSERT INTO "EVENT_TYPE" 
("ID", 
 "APP_VERSION_ID",
 "TYPE", 
 "MSG_ID",
 "MSG_CATALOG", 
 "LOG_EVENT_FLAG", 
 "RENDER_AS_MSG", 
 "AGGREGATION_THRESH",
 "PRIORITY") 
VALUES
(29, 
(SELECT V.ID 
  FROM "APP_VERSION" V, 
       "APPLICATION" A
  WHERE V.APPLICATION_ID = A.ID
  AND V.VERSION = '3.2.4'
  AND A.NAME = 'FHNReference'
 ),
 'E_MpInBatMapFailure', 
 null, 
 '', 
 'Y', 
 'Y', 
 100,
 null);


INSERT
INTO "EVENT_EXP_CONTEXT"
("ID",
 "APP_VERSION_ID",
 "EVENT_TYPE_ID", 
 "EVENT_CONTEXT_TYPE", 
 "CONTEXT_DATA_TYPE", 
 "CARDINALITY", 
 "AGGREGATABLE_FLAG", 
 "AGGREGATION_SEP") 
VALUES
(90,
  (SELECT V.ID 
  FROM "APP_VERSION" V, 
       "APPLICATION" A
  WHERE V.APPLICATION_ID = A.ID
  AND V.VERSION = '3.2.4'
  AND A.NAME = 'FHNReference'
 ), 
 29, 
 'BATCH', 
 'ID', 
 1, 
 'Y', 
 ',');

INSERT
INTO "EVENT_EXP_CONTEXT"
("ID",
 "APP_VERSION_ID",
 "EVENT_TYPE_ID", 
 "EVENT_CONTEXT_TYPE", 
 "CONTEXT_DATA_TYPE", 
 "CARDINALITY", 
 "AGGREGATABLE_FLAG", 
 "AGGREGATION_SEP") 
VALUES
(91,
  (SELECT V.ID 
  FROM "APP_VERSION" V, 
       "APPLICATION" A
  WHERE V.APPLICATION_ID = A.ID
  AND V.VERSION = '3.2.4'
  AND A.NAME = 'FHNReference'
 ), 
 29, 
 'BAT_CLASS', 
 'String', 
 0, 
 'N', 
 ',');

INSERT
INTO "EVENT_EXP_CONTEXT"
("ID",
 "APP_VERSION_ID",
 "EVENT_TYPE_ID", 
 "EVENT_CONTEXT_TYPE", 
 "CONTEXT_DATA_TYPE", 
 "CARDINALITY", 
 "AGGREGATABLE_FLAG", 
 "AGGREGATION_SEP") 
VALUES
(92,
  (SELECT V.ID 
  FROM "APP_VERSION" V, 
       "APPLICATION" A
  WHERE V.APPLICATION_ID = A.ID
  AND V.VERSION = '3.2.4'
  AND A.NAME = 'FHNReference'
 ), 
 29, 
 'BAT_TYPE', 
 'String', 
 0, 
 'N', 
 ',');

INSERT
INTO "EVENT_EXP_CONTEXT"
("ID",
 "APP_VERSION_ID",
 "EVENT_TYPE_ID", 
 "EVENT_CONTEXT_TYPE", 
 "CONTEXT_DATA_TYPE", 
 "CARDINALITY", 
 "AGGREGATABLE_FLAG", 
 "AGGREGATION_SEP") 
VALUES
(93,
  (SELECT V.ID 
  FROM "APP_VERSION" V, 
       "APPLICATION" A
  WHERE V.APPLICATION_ID = A.ID
  AND V.VERSION = '3.2.4'
  AND A.NAME = 'FHNReference'
 ), 
 29, 
 'TRANSMISSION', 
 'ID', 
 1, 
 'N', 
 ',');




INSERT INTO "EVENT_TYPE" 
("ID", 
 "APP_VERSION_ID",
 "TYPE", 
 "MSG_ID",
 "MSG_CATALOG", 
 "LOG_EVENT_FLAG", 
 "RENDER_AS_MSG", 
 "AGGREGATION_THRESH",
 "PRIORITY") 
VALUES
(30, 
(SELECT V.ID 
  FROM "APP_VERSION" V, 
       "APPLICATION" A
  WHERE V.APPLICATION_ID = A.ID
  AND V.VERSION = '3.2.4'
  AND A.NAME = 'FHNReference'
 ),
 'E_MpInBatMapped', 
 null, 
 '', 
 'N', 
 'Y', 
 100,
 null);


INSERT
INTO "EVENT_EXP_CONTEXT"
("ID",
 "APP_VERSION_ID",
 "EVENT_TYPE_ID", 
 "EVENT_CONTEXT_TYPE", 
 "CONTEXT_DATA_TYPE", 
 "CARDINALITY", 
 "AGGREGATABLE_FLAG", 
 "AGGREGATION_SEP") 
VALUES
(94,
  (SELECT V.ID 
  FROM "APP_VERSION" V, 
       "APPLICATION" A
  WHERE V.APPLICATION_ID = A.ID
  AND V.VERSION = '3.2.4'
  AND A.NAME = 'FHNReference'
 ), 
 30, 
 'BATCH', 
 'ID', 
 1, 
 'Y', 
 ',');

INSERT
INTO "EVENT_EXP_CONTEXT"
("ID",
 "APP_VERSION_ID",
 "EVENT_TYPE_ID", 
 "EVENT_CONTEXT_TYPE", 
 "CONTEXT_DATA_TYPE", 
 "CARDINALITY", 
 "AGGREGATABLE_FLAG", 
 "AGGREGATION_SEP") 
VALUES
(95,
  (SELECT V.ID 
  FROM "APP_VERSION" V, 
       "APPLICATION" A
  WHERE V.APPLICATION_ID = A.ID
  AND V.VERSION = '3.2.4'
  AND A.NAME = 'FHNReference'
 ), 
 30, 
 'BAT_CLASS', 
 'String', 
 0, 
 'N', 
 ',');

INSERT
INTO "EVENT_EXP_CONTEXT"
("ID",
 "APP_VERSION_ID",
 "EVENT_TYPE_ID", 
 "EVENT_CONTEXT_TYPE", 
 "CONTEXT_DATA_TYPE", 
 "CARDINALITY", 
 "AGGREGATABLE_FLAG", 
 "AGGREGATION_SEP") 
VALUES
(96,
  (SELECT V.ID 
  FROM "APP_VERSION" V, 
       "APPLICATION" A
  WHERE V.APPLICATION_ID = A.ID
  AND V.VERSION = '3.2.4'
  AND A.NAME = 'FHNReference'
 ), 
 30, 
 'BAT_TYPE', 
 'String', 
 0, 
 'N', 
 ',');

INSERT
INTO "EVENT_EXP_CONTEXT"
("ID",
 "APP_VERSION_ID",
 "EVENT_TYPE_ID", 
 "EVENT_CONTEXT_TYPE", 
 "CONTEXT_DATA_TYPE", 
 "CARDINALITY", 
 "AGGREGATABLE_FLAG", 
 "AGGREGATION_SEP") 
VALUES
(97,
  (SELECT V.ID 
  FROM "APP_VERSION" V, 
       "APPLICATION" A
  WHERE V.APPLICATION_ID = A.ID
  AND V.VERSION = '3.2.4'
  AND A.NAME = 'FHNReference'
 ), 
 30, 
 'ERROR_CODE', 
 'String', 
 0, 
 'N', 
 ',');

INSERT
INTO "EVENT_EXP_CONTEXT"
("ID",
 "APP_VERSION_ID",
 "EVENT_TYPE_ID", 
 "EVENT_CONTEXT_TYPE", 
 "CONTEXT_DATA_TYPE", 
 "CARDINALITY", 
 "AGGREGATABLE_FLAG", 
 "AGGREGATION_SEP") 
VALUES
(98,
  (SELECT V.ID 
  FROM "APP_VERSION" V, 
       "APPLICATION" A
  WHERE V.APPLICATION_ID = A.ID
  AND V.VERSION = '3.2.4'
  AND A.NAME = 'FHNReference'
 ), 
 30, 
 'TRANSMISSION', 
 'ID', 
 1, 
 'N', 
 ',');

INSERT
INTO "EVENT_EXP_CONTEXT"
("ID",
 "APP_VERSION_ID",
 "EVENT_TYPE_ID", 
 "EVENT_CONTEXT_TYPE", 
 "CONTEXT_DATA_TYPE", 
 "CARDINALITY", 
 "AGGREGATABLE_FLAG", 
 "AGGREGATION_SEP") 
VALUES
(99,
  (SELECT V.ID 
  FROM "APP_VERSION" V, 
       "APPLICATION" A
  WHERE V.APPLICATION_ID = A.ID
  AND V.VERSION = '3.2.4'
  AND A.NAME = 'FHNReference'
 ), 
 30, 
 'TXN_FAIL_COUNT', 
 'String', 
 1, 
 'N', 
 ',');

INSERT
INTO "EVENT_EXP_CONTEXT"
("ID",
 "APP_VERSION_ID",
 "EVENT_TYPE_ID", 
 "EVENT_CONTEXT_TYPE", 
 "CONTEXT_DATA_TYPE", 
 "CARDINALITY", 
 "AGGREGATABLE_FLAG", 
 "AGGREGATION_SEP") 
VALUES
(100,
  (SELECT V.ID 
  FROM "APP_VERSION" V, 
       "APPLICATION" A
  WHERE V.APPLICATION_ID = A.ID
  AND V.VERSION = '3.2.4'
  AND A.NAME = 'FHNReference'
 ), 
 30, 
 'TXN_PASS_COUNT', 
 'String', 
 1, 
 'N', 
 ',');




INSERT INTO "EVENT_TYPE" 
("ID", 
 "APP_VERSION_ID",
 "TYPE", 
 "MSG_ID",
 "MSG_CATALOG", 
 "LOG_EVENT_FLAG", 
 "RENDER_AS_MSG", 
 "AGGREGATION_THRESH",
 "PRIORITY") 
VALUES
(31, 
(SELECT V.ID 
  FROM "APP_VERSION" V, 
       "APPLICATION" A
  WHERE V.APPLICATION_ID = A.ID
  AND V.VERSION = '3.2.4'
  AND A.NAME = 'FHNReference'
 ),
 'E_MpInFragBatMapped', 
 null, 
 '', 
 'N', 
 'Y', 
 100,
 null);


INSERT
INTO "EVENT_EXP_CONTEXT"
("ID",
 "APP_VERSION_ID",
 "EVENT_TYPE_ID", 
 "EVENT_CONTEXT_TYPE", 
 "CONTEXT_DATA_TYPE", 
 "CARDINALITY", 
 "AGGREGATABLE_FLAG", 
 "AGGREGATION_SEP") 
VALUES
(101,
  (SELECT V.ID 
  FROM "APP_VERSION" V, 
       "APPLICATION" A
  WHERE V.APPLICATION_ID = A.ID
  AND V.VERSION = '3.2.4'
  AND A.NAME = 'FHNReference'
 ), 
 31, 
 'BATCH', 
 'ID', 
 1, 
 'Y', 
 ',');

INSERT
INTO "EVENT_EXP_CONTEXT"
("ID",
 "APP_VERSION_ID",
 "EVENT_TYPE_ID", 
 "EVENT_CONTEXT_TYPE", 
 "CONTEXT_DATA_TYPE", 
 "CARDINALITY", 
 "AGGREGATABLE_FLAG", 
 "AGGREGATION_SEP") 
VALUES
(102,
  (SELECT V.ID 
  FROM "APP_VERSION" V, 
       "APPLICATION" A
  WHERE V.APPLICATION_ID = A.ID
  AND V.VERSION = '3.2.4'
  AND A.NAME = 'FHNReference'
 ), 
 31, 
 'BAT_CLASS', 
 'String', 
 0, 
 'N', 
 ',');

INSERT
INTO "EVENT_EXP_CONTEXT"
("ID",
 "APP_VERSION_ID",
 "EVENT_TYPE_ID", 
 "EVENT_CONTEXT_TYPE", 
 "CONTEXT_DATA_TYPE", 
 "CARDINALITY", 
 "AGGREGATABLE_FLAG", 
 "AGGREGATION_SEP") 
VALUES
(103,
  (SELECT V.ID 
  FROM "APP_VERSION" V, 
       "APPLICATION" A
  WHERE V.APPLICATION_ID = A.ID
  AND V.VERSION = '3.2.4'
  AND A.NAME = 'FHNReference'
 ), 
 31, 
 'BAT_TYPE', 
 'String', 
 0, 
 'N', 
 ',');

INSERT
INTO "EVENT_EXP_CONTEXT"
("ID",
 "APP_VERSION_ID",
 "EVENT_TYPE_ID", 
 "EVENT_CONTEXT_TYPE", 
 "CONTEXT_DATA_TYPE", 
 "CARDINALITY", 
 "AGGREGATABLE_FLAG", 
 "AGGREGATION_SEP") 
VALUES
(104,
  (SELECT V.ID 
  FROM "APP_VERSION" V, 
       "APPLICATION" A
  WHERE V.APPLICATION_ID = A.ID
  AND V.VERSION = '3.2.4'
  AND A.NAME = 'FHNReference'
 ), 
 31, 
 'ERROR_CODE', 
 'String', 
 0, 
 'N', 
 ',');

INSERT
INTO "EVENT_EXP_CONTEXT"
("ID",
 "APP_VERSION_ID",
 "EVENT_TYPE_ID", 
 "EVENT_CONTEXT_TYPE", 
 "CONTEXT_DATA_TYPE", 
 "CARDINALITY", 
 "AGGREGATABLE_FLAG", 
 "AGGREGATION_SEP") 
VALUES
(105,
  (SELECT V.ID 
  FROM "APP_VERSION" V, 
       "APPLICATION" A
  WHERE V.APPLICATION_ID = A.ID
  AND V.VERSION = '3.2.4'
  AND A.NAME = 'FHNReference'
 ), 
 31, 
 'FRAGMENT', 
 'ID', 
 1, 
 'N', 
 ',');

INSERT
INTO "EVENT_EXP_CONTEXT"
("ID",
 "APP_VERSION_ID",
 "EVENT_TYPE_ID", 
 "EVENT_CONTEXT_TYPE", 
 "CONTEXT_DATA_TYPE", 
 "CARDINALITY", 
 "AGGREGATABLE_FLAG", 
 "AGGREGATION_SEP") 
VALUES
(106,
  (SELECT V.ID 
  FROM "APP_VERSION" V, 
       "APPLICATION" A
  WHERE V.APPLICATION_ID = A.ID
  AND V.VERSION = '3.2.4'
  AND A.NAME = 'FHNReference'
 ), 
 31, 
 'FRAG_SPAN', 
 'String', 
 0, 
 'N', 
 ',');

INSERT
INTO "EVENT_EXP_CONTEXT"
("ID",
 "APP_VERSION_ID",
 "EVENT_TYPE_ID", 
 "EVENT_CONTEXT_TYPE", 
 "CONTEXT_DATA_TYPE", 
 "CARDINALITY", 
 "AGGREGATABLE_FLAG", 
 "AGGREGATION_SEP") 
VALUES
(107,
  (SELECT V.ID 
  FROM "APP_VERSION" V, 
       "APPLICATION" A
  WHERE V.APPLICATION_ID = A.ID
  AND V.VERSION = '3.2.4'
  AND A.NAME = 'FHNReference'
 ), 
 31, 
 'TRANSMISSION', 
 'ID', 
 1, 
 'N', 
 ',');

INSERT
INTO "EVENT_EXP_CONTEXT"
("ID",
 "APP_VERSION_ID",
 "EVENT_TYPE_ID", 
 "EVENT_CONTEXT_TYPE", 
 "CONTEXT_DATA_TYPE", 
 "CARDINALITY", 
 "AGGREGATABLE_FLAG", 
 "AGGREGATION_SEP") 
VALUES
(108,
  (SELECT V.ID 
  FROM "APP_VERSION" V, 
       "APPLICATION" A
  WHERE V.APPLICATION_ID = A.ID
  AND V.VERSION = '3.2.4'
  AND A.NAME = 'FHNReference'
 ), 
 31, 
 'TXN_FAIL_COUNT', 
 'String', 
 1, 
 'N', 
 ',');

INSERT
INTO "EVENT_EXP_CONTEXT"
("ID",
 "APP_VERSION_ID",
 "EVENT_TYPE_ID", 
 "EVENT_CONTEXT_TYPE", 
 "CONTEXT_DATA_TYPE", 
 "CARDINALITY", 
 "AGGREGATABLE_FLAG", 
 "AGGREGATION_SEP") 
VALUES
(109,
  (SELECT V.ID 
  FROM "APP_VERSION" V, 
       "APPLICATION" A
  WHERE V.APPLICATION_ID = A.ID
  AND V.VERSION = '3.2.4'
  AND A.NAME = 'FHNReference'
 ), 
 31, 
 'TXN_PASS_COUNT', 
 'String', 
 1, 
 'N', 
 ',');

INSERT
INTO "EVENT_EXP_CONTEXT"
("ID",
 "APP_VERSION_ID",
 "EVENT_TYPE_ID", 
 "EVENT_CONTEXT_TYPE", 
 "CONTEXT_DATA_TYPE", 
 "CARDINALITY", 
 "AGGREGATABLE_FLAG", 
 "AGGREGATION_SEP") 
VALUES
(110,
  (SELECT V.ID 
  FROM "APP_VERSION" V, 
       "APPLICATION" A
  WHERE V.APPLICATION_ID = A.ID
  AND V.VERSION = '3.2.4'
  AND A.NAME = 'FHNReference'
 ), 
 31, 
 'UPDATE', 
 'String', 
 0, 
 'N', 
 ',');




INSERT INTO "EVENT_TYPE" 
("ID", 
 "APP_VERSION_ID",
 "TYPE", 
 "MSG_ID",
 "MSG_CATALOG", 
 "LOG_EVENT_FLAG", 
 "RENDER_AS_MSG", 
 "AGGREGATION_THRESH",
 "PRIORITY") 
VALUES
(32, 
(SELECT V.ID 
  FROM "APP_VERSION" V, 
       "APPLICATION" A
  WHERE V.APPLICATION_ID = A.ID
  AND V.VERSION = '3.2.4'
  AND A.NAME = 'FHNReference'
 ),
 'E_MpInFragMapped', 
 null, 
 '', 
 'N', 
 'Y', 
 100,
 null);


INSERT
INTO "EVENT_EXP_CONTEXT"
("ID",
 "APP_VERSION_ID",
 "EVENT_TYPE_ID", 
 "EVENT_CONTEXT_TYPE", 
 "CONTEXT_DATA_TYPE", 
 "CARDINALITY", 
 "AGGREGATABLE_FLAG", 
 "AGGREGATION_SEP") 
VALUES
(111,
  (SELECT V.ID 
  FROM "APP_VERSION" V, 
       "APPLICATION" A
  WHERE V.APPLICATION_ID = A.ID
  AND V.VERSION = '3.2.4'
  AND A.NAME = 'FHNReference'
 ), 
 32, 
 'FRAGMENT', 
 'ID', 
 1, 
 'Y', 
 ',');

INSERT
INTO "EVENT_EXP_CONTEXT"
("ID",
 "APP_VERSION_ID",
 "EVENT_TYPE_ID", 
 "EVENT_CONTEXT_TYPE", 
 "CONTEXT_DATA_TYPE", 
 "CARDINALITY", 
 "AGGREGATABLE_FLAG", 
 "AGGREGATION_SEP") 
VALUES
(112,
  (SELECT V.ID 
  FROM "APP_VERSION" V, 
       "APPLICATION" A
  WHERE V.APPLICATION_ID = A.ID
  AND V.VERSION = '3.2.4'
  AND A.NAME = 'FHNReference'
 ), 
 32, 
 'FRAG_CLASS', 
 'String', 
 0, 
 'N', 
 ',');

INSERT
INTO "EVENT_EXP_CONTEXT"
("ID",
 "APP_VERSION_ID",
 "EVENT_TYPE_ID", 
 "EVENT_CONTEXT_TYPE", 
 "CONTEXT_DATA_TYPE", 
 "CARDINALITY", 
 "AGGREGATABLE_FLAG", 
 "AGGREGATION_SEP") 
VALUES
(113,
  (SELECT V.ID 
  FROM "APP_VERSION" V, 
       "APPLICATION" A
  WHERE V.APPLICATION_ID = A.ID
  AND V.VERSION = '3.2.4'
  AND A.NAME = 'FHNReference'
 ), 
 32, 
 'FRAG_TYPE', 
 'String', 
 0, 
 'N', 
 ',');

INSERT
INTO "EVENT_EXP_CONTEXT"
("ID",
 "APP_VERSION_ID",
 "EVENT_TYPE_ID", 
 "EVENT_CONTEXT_TYPE", 
 "CONTEXT_DATA_TYPE", 
 "CARDINALITY", 
 "AGGREGATABLE_FLAG", 
 "AGGREGATION_SEP") 
VALUES
(114,
  (SELECT V.ID 
  FROM "APP_VERSION" V, 
       "APPLICATION" A
  WHERE V.APPLICATION_ID = A.ID
  AND V.VERSION = '3.2.4'
  AND A.NAME = 'FHNReference'
 ), 
 32, 
 'TRANSMISSION', 
 'ID', 
 1, 
 'Y', 
 ',');




INSERT INTO "EVENT_TYPE" 
("ID", 
 "APP_VERSION_ID",
 "TYPE", 
 "MSG_ID",
 "MSG_CATALOG", 
 "LOG_EVENT_FLAG", 
 "RENDER_AS_MSG", 
 "AGGREGATION_THRESH",
 "PRIORITY") 
VALUES
(33, 
(SELECT V.ID 
  FROM "APP_VERSION" V, 
       "APPLICATION" A
  WHERE V.APPLICATION_ID = A.ID
  AND V.VERSION = '3.2.4'
  AND A.NAME = 'FHNReference'
 ),
 'E_MpInMappingAborted', 
 null, 
 '', 
 'Y', 
 'Y', 
 100,
 null);


INSERT
INTO "EVENT_EXP_CONTEXT"
("ID",
 "APP_VERSION_ID",
 "EVENT_TYPE_ID", 
 "EVENT_CONTEXT_TYPE", 
 "CONTEXT_DATA_TYPE", 
 "CARDINALITY", 
 "AGGREGATABLE_FLAG", 
 "AGGREGATION_SEP") 
VALUES
(115,
  (SELECT V.ID 
  FROM "APP_VERSION" V, 
       "APPLICATION" A
  WHERE V.APPLICATION_ID = A.ID
  AND V.VERSION = '3.2.4'
  AND A.NAME = 'FHNReference'
 ), 
 33, 
 'TRANSMISSION', 
 'ID', 
 1, 
 'Y', 
 ',');




INSERT INTO "EVENT_TYPE" 
("ID", 
 "APP_VERSION_ID",
 "TYPE", 
 "MSG_ID",
 "MSG_CATALOG", 
 "LOG_EVENT_FLAG", 
 "RENDER_AS_MSG", 
 "AGGREGATION_THRESH",
 "PRIORITY") 
VALUES
(34, 
(SELECT V.ID 
  FROM "APP_VERSION" V, 
       "APPLICATION" A
  WHERE V.APPLICATION_ID = A.ID
  AND V.VERSION = '3.2.4'
  AND A.NAME = 'FHNReference'
 ),
 'E_MpInPTMapped', 
 null, 
 '', 
 'N', 
 'N', 
 100,
 null);


INSERT
INTO "EVENT_EXP_CONTEXT"
("ID",
 "APP_VERSION_ID",
 "EVENT_TYPE_ID", 
 "EVENT_CONTEXT_TYPE", 
 "CONTEXT_DATA_TYPE", 
 "CARDINALITY", 
 "AGGREGATABLE_FLAG", 
 "AGGREGATION_SEP") 
VALUES
(116,
  (SELECT V.ID 
  FROM "APP_VERSION" V, 
       "APPLICATION" A
  WHERE V.APPLICATION_ID = A.ID
  AND V.VERSION = '3.2.4'
  AND A.NAME = 'FHNReference'
 ), 
 34, 
 'BAT_FAIL_COUNT', 
 'String', 
 0, 
 'N', 
 ',');

INSERT
INTO "EVENT_EXP_CONTEXT"
("ID",
 "APP_VERSION_ID",
 "EVENT_TYPE_ID", 
 "EVENT_CONTEXT_TYPE", 
 "CONTEXT_DATA_TYPE", 
 "CARDINALITY", 
 "AGGREGATABLE_FLAG", 
 "AGGREGATION_SEP") 
VALUES
(117,
  (SELECT V.ID 
  FROM "APP_VERSION" V, 
       "APPLICATION" A
  WHERE V.APPLICATION_ID = A.ID
  AND V.VERSION = '3.2.4'
  AND A.NAME = 'FHNReference'
 ), 
 34, 
 'BAT_PASS_COUNT', 
 'String', 
 0, 
 'N', 
 ',');

INSERT
INTO "EVENT_EXP_CONTEXT"
("ID",
 "APP_VERSION_ID",
 "EVENT_TYPE_ID", 
 "EVENT_CONTEXT_TYPE", 
 "CONTEXT_DATA_TYPE", 
 "CARDINALITY", 
 "AGGREGATABLE_FLAG", 
 "AGGREGATION_SEP") 
VALUES
(118,
  (SELECT V.ID 
  FROM "APP_VERSION" V, 
       "APPLICATION" A
  WHERE V.APPLICATION_ID = A.ID
  AND V.VERSION = '3.2.4'
  AND A.NAME = 'FHNReference'
 ), 
 34, 
 'PT_CLASS', 
 'String', 
 0, 
 'N', 
 ',');

INSERT
INTO "EVENT_EXP_CONTEXT"
("ID",
 "APP_VERSION_ID",
 "EVENT_TYPE_ID", 
 "EVENT_CONTEXT_TYPE", 
 "CONTEXT_DATA_TYPE", 
 "CARDINALITY", 
 "AGGREGATABLE_FLAG", 
 "AGGREGATION_SEP") 
VALUES
(119,
  (SELECT V.ID 
  FROM "APP_VERSION" V, 
       "APPLICATION" A
  WHERE V.APPLICATION_ID = A.ID
  AND V.VERSION = '3.2.4'
  AND A.NAME = 'FHNReference'
 ), 
 34, 
 'PT_TYPE', 
 'String', 
 0, 
 'N', 
 ',');

INSERT
INTO "EVENT_EXP_CONTEXT"
("ID",
 "APP_VERSION_ID",
 "EVENT_TYPE_ID", 
 "EVENT_CONTEXT_TYPE", 
 "CONTEXT_DATA_TYPE", 
 "CARDINALITY", 
 "AGGREGATABLE_FLAG", 
 "AGGREGATION_SEP") 
VALUES
(120,
  (SELECT V.ID 
  FROM "APP_VERSION" V, 
       "APPLICATION" A
  WHERE V.APPLICATION_ID = A.ID
  AND V.VERSION = '3.2.4'
  AND A.NAME = 'FHNReference'
 ), 
 34, 
 'TRANSMISSION', 
 'ID', 
 1, 
 'Y', 
 ',');

INSERT
INTO "EVENT_EXP_CONTEXT"
("ID",
 "APP_VERSION_ID",
 "EVENT_TYPE_ID", 
 "EVENT_CONTEXT_TYPE", 
 "CONTEXT_DATA_TYPE", 
 "CARDINALITY", 
 "AGGREGATABLE_FLAG", 
 "AGGREGATION_SEP") 
VALUES
(121,
  (SELECT V.ID 
  FROM "APP_VERSION" V, 
       "APPLICATION" A
  WHERE V.APPLICATION_ID = A.ID
  AND V.VERSION = '3.2.4'
  AND A.NAME = 'FHNReference'
 ), 
 34, 
 'TXN_FAIL_COUNT', 
 'String', 
 0, 
 'N', 
 ',');

INSERT
INTO "EVENT_EXP_CONTEXT"
("ID",
 "APP_VERSION_ID",
 "EVENT_TYPE_ID", 
 "EVENT_CONTEXT_TYPE", 
 "CONTEXT_DATA_TYPE", 
 "CARDINALITY", 
 "AGGREGATABLE_FLAG", 
 "AGGREGATION_SEP") 
VALUES
(122,
  (SELECT V.ID 
  FROM "APP_VERSION" V, 
       "APPLICATION" A
  WHERE V.APPLICATION_ID = A.ID
  AND V.VERSION = '3.2.4'
  AND A.NAME = 'FHNReference'
 ), 
 34, 
 'TXN_PASS_COUNT', 
 'String', 
 0, 
 'N', 
 ',');




INSERT INTO "EVENT_TYPE" 
("ID", 
 "APP_VERSION_ID",
 "TYPE", 
 "MSG_ID",
 "MSG_CATALOG", 
 "LOG_EVENT_FLAG", 
 "RENDER_AS_MSG", 
 "AGGREGATION_THRESH",
 "PRIORITY") 
VALUES
(35, 
(SELECT V.ID 
  FROM "APP_VERSION" V, 
       "APPLICATION" A
  WHERE V.APPLICATION_ID = A.ID
  AND V.VERSION = '3.2.4'
  AND A.NAME = 'FHNReference'
 ),
 'E_MpInTxnMapFailure', 
 null, 
 '', 
 'Y', 
 'Y', 
 100,
 null);


INSERT
INTO "EVENT_EXP_CONTEXT"
("ID",
 "APP_VERSION_ID",
 "EVENT_TYPE_ID", 
 "EVENT_CONTEXT_TYPE", 
 "CONTEXT_DATA_TYPE", 
 "CARDINALITY", 
 "AGGREGATABLE_FLAG", 
 "AGGREGATION_SEP") 
VALUES
(123,
  (SELECT V.ID 
  FROM "APP_VERSION" V, 
       "APPLICATION" A
  WHERE V.APPLICATION_ID = A.ID
  AND V.VERSION = '3.2.4'
  AND A.NAME = 'FHNReference'
 ), 
 35, 
 'BATCH', 
 'ID', 
 0, 
 'N', 
 ',');

INSERT
INTO "EVENT_EXP_CONTEXT"
("ID",
 "APP_VERSION_ID",
 "EVENT_TYPE_ID", 
 "EVENT_CONTEXT_TYPE", 
 "CONTEXT_DATA_TYPE", 
 "CARDINALITY", 
 "AGGREGATABLE_FLAG", 
 "AGGREGATION_SEP") 
VALUES
(124,
  (SELECT V.ID 
  FROM "APP_VERSION" V, 
       "APPLICATION" A
  WHERE V.APPLICATION_ID = A.ID
  AND V.VERSION = '3.2.4'
  AND A.NAME = 'FHNReference'
 ), 
 35, 
 'ERROR_CODE', 
 'String', 
 0, 
 'N', 
 ',');

INSERT
INTO "EVENT_EXP_CONTEXT"
("ID",
 "APP_VERSION_ID",
 "EVENT_TYPE_ID", 
 "EVENT_CONTEXT_TYPE", 
 "CONTEXT_DATA_TYPE", 
 "CARDINALITY", 
 "AGGREGATABLE_FLAG", 
 "AGGREGATION_SEP") 
VALUES
(125,
  (SELECT V.ID 
  FROM "APP_VERSION" V, 
       "APPLICATION" A
  WHERE V.APPLICATION_ID = A.ID
  AND V.VERSION = '3.2.4'
  AND A.NAME = 'FHNReference'
 ), 
 35, 
 'TRANSACTION', 
 'ID', 
 1, 
 'Y', 
 ',');

INSERT
INTO "EVENT_EXP_CONTEXT"
("ID",
 "APP_VERSION_ID",
 "EVENT_TYPE_ID", 
 "EVENT_CONTEXT_TYPE", 
 "CONTEXT_DATA_TYPE", 
 "CARDINALITY", 
 "AGGREGATABLE_FLAG", 
 "AGGREGATION_SEP") 
VALUES
(126,
  (SELECT V.ID 
  FROM "APP_VERSION" V, 
       "APPLICATION" A
  WHERE V.APPLICATION_ID = A.ID
  AND V.VERSION = '3.2.4'
  AND A.NAME = 'FHNReference'
 ), 
 35, 
 'TRANSMISSION', 
 'ID', 
 1, 
 'Y', 
 ',');

INSERT
INTO "EVENT_EXP_CONTEXT"
("ID",
 "APP_VERSION_ID",
 "EVENT_TYPE_ID", 
 "EVENT_CONTEXT_TYPE", 
 "CONTEXT_DATA_TYPE", 
 "CARDINALITY", 
 "AGGREGATABLE_FLAG", 
 "AGGREGATION_SEP") 
VALUES
(127,
  (SELECT V.ID 
  FROM "APP_VERSION" V, 
       "APPLICATION" A
  WHERE V.APPLICATION_ID = A.ID
  AND V.VERSION = '3.2.4'
  AND A.NAME = 'FHNReference'
 ), 
 35, 
 'TXN_CLASS', 
 'String', 
 0, 
 'N', 
 ',');

INSERT
INTO "EVENT_EXP_CONTEXT"
("ID",
 "APP_VERSION_ID",
 "EVENT_TYPE_ID", 
 "EVENT_CONTEXT_TYPE", 
 "CONTEXT_DATA_TYPE", 
 "CARDINALITY", 
 "AGGREGATABLE_FLAG", 
 "AGGREGATION_SEP") 
VALUES
(128,
  (SELECT V.ID 
  FROM "APP_VERSION" V, 
       "APPLICATION" A
  WHERE V.APPLICATION_ID = A.ID
  AND V.VERSION = '3.2.4'
  AND A.NAME = 'FHNReference'
 ), 
 35, 
 'TXN_TYPE', 
 'String', 
 1, 
 'N', 
 ',');




INSERT INTO "EVENT_TYPE" 
("ID", 
 "APP_VERSION_ID",
 "TYPE", 
 "MSG_ID",
 "MSG_CATALOG", 
 "LOG_EVENT_FLAG", 
 "RENDER_AS_MSG", 
 "AGGREGATION_THRESH",
 "PRIORITY") 
VALUES
(36, 
(SELECT V.ID 
  FROM "APP_VERSION" V, 
       "APPLICATION" A
  WHERE V.APPLICATION_ID = A.ID
  AND V.VERSION = '3.2.4'
  AND A.NAME = 'FHNReference'
 ),
 'E_MpInTxnMapped', 
 null, 
 '', 
 'N', 
 'Y', 
 100,
 null);


INSERT
INTO "EVENT_EXP_CONTEXT"
("ID",
 "APP_VERSION_ID",
 "EVENT_TYPE_ID", 
 "EVENT_CONTEXT_TYPE", 
 "CONTEXT_DATA_TYPE", 
 "CARDINALITY", 
 "AGGREGATABLE_FLAG", 
 "AGGREGATION_SEP") 
VALUES
(129,
  (SELECT V.ID 
  FROM "APP_VERSION" V, 
       "APPLICATION" A
  WHERE V.APPLICATION_ID = A.ID
  AND V.VERSION = '3.2.4'
  AND A.NAME = 'FHNReference'
 ), 
 36, 
 'BATCH', 
 'ID', 
 0, 
 'N', 
 ',');

INSERT
INTO "EVENT_EXP_CONTEXT"
("ID",
 "APP_VERSION_ID",
 "EVENT_TYPE_ID", 
 "EVENT_CONTEXT_TYPE", 
 "CONTEXT_DATA_TYPE", 
 "CARDINALITY", 
 "AGGREGATABLE_FLAG", 
 "AGGREGATION_SEP") 
VALUES
(130,
  (SELECT V.ID 
  FROM "APP_VERSION" V, 
       "APPLICATION" A
  WHERE V.APPLICATION_ID = A.ID
  AND V.VERSION = '3.2.4'
  AND A.NAME = 'FHNReference'
 ), 
 36, 
 'TRANSACTION', 
 'ID', 
 1, 
 'Y', 
 ',');

INSERT
INTO "EVENT_EXP_CONTEXT"
("ID",
 "APP_VERSION_ID",
 "EVENT_TYPE_ID", 
 "EVENT_CONTEXT_TYPE", 
 "CONTEXT_DATA_TYPE", 
 "CARDINALITY", 
 "AGGREGATABLE_FLAG", 
 "AGGREGATION_SEP") 
VALUES
(131,
  (SELECT V.ID 
  FROM "APP_VERSION" V, 
       "APPLICATION" A
  WHERE V.APPLICATION_ID = A.ID
  AND V.VERSION = '3.2.4'
  AND A.NAME = 'FHNReference'
 ), 
 36, 
 'TRANSMISSION', 
 'ID', 
 1, 
 'Y', 
 ',');

INSERT
INTO "EVENT_EXP_CONTEXT"
("ID",
 "APP_VERSION_ID",
 "EVENT_TYPE_ID", 
 "EVENT_CONTEXT_TYPE", 
 "CONTEXT_DATA_TYPE", 
 "CARDINALITY", 
 "AGGREGATABLE_FLAG", 
 "AGGREGATION_SEP") 
VALUES
(132,
  (SELECT V.ID 
  FROM "APP_VERSION" V, 
       "APPLICATION" A
  WHERE V.APPLICATION_ID = A.ID
  AND V.VERSION = '3.2.4'
  AND A.NAME = 'FHNReference'
 ), 
 36, 
 'TXN_CLASS', 
 'String', 
 0, 
 'N', 
 ',');

INSERT
INTO "EVENT_EXP_CONTEXT"
("ID",
 "APP_VERSION_ID",
 "EVENT_TYPE_ID", 
 "EVENT_CONTEXT_TYPE", 
 "CONTEXT_DATA_TYPE", 
 "CARDINALITY", 
 "AGGREGATABLE_FLAG", 
 "AGGREGATION_SEP") 
VALUES
(133,
  (SELECT V.ID 
  FROM "APP_VERSION" V, 
       "APPLICATION" A
  WHERE V.APPLICATION_ID = A.ID
  AND V.VERSION = '3.2.4'
  AND A.NAME = 'FHNReference'
 ), 
 36, 
 'TXN_TYPE', 
 'String', 
 1, 
 'N', 
 ',');




INSERT INTO "EVENT_TYPE" 
("ID", 
 "APP_VERSION_ID",
 "TYPE", 
 "MSG_ID",
 "MSG_CATALOG", 
 "LOG_EVENT_FLAG", 
 "RENDER_AS_MSG", 
 "AGGREGATION_THRESH",
 "PRIORITY") 
VALUES
(37, 
(SELECT V.ID 
  FROM "APP_VERSION" V, 
       "APPLICATION" A
  WHERE V.APPLICATION_ID = A.ID
  AND V.VERSION = '3.2.4'
  AND A.NAME = 'FHNReference'
 ),
 'E_NoCmdAuthorityRequired', 
 null, 
 '', 
 'N', 
 'N', 
 100,
 null);


INSERT
INTO "EVENT_EXP_CONTEXT"
("ID",
 "APP_VERSION_ID",
 "EVENT_TYPE_ID", 
 "EVENT_CONTEXT_TYPE", 
 "CONTEXT_DATA_TYPE", 
 "CARDINALITY", 
 "AGGREGATABLE_FLAG", 
 "AGGREGATION_SEP") 
VALUES
(134,
  (SELECT V.ID 
  FROM "APP_VERSION" V, 
       "APPLICATION" A
  WHERE V.APPLICATION_ID = A.ID
  AND V.VERSION = '3.2.4'
  AND A.NAME = 'FHNReference'
 ), 
 37, 
 'TRANSACTION', 
 'ID', 
 1, 
 'N', 
 ',');

INSERT
INTO "EVENT_EXP_CONTEXT"
("ID",
 "APP_VERSION_ID",
 "EVENT_TYPE_ID", 
 "EVENT_CONTEXT_TYPE", 
 "CONTEXT_DATA_TYPE", 
 "CARDINALITY", 
 "AGGREGATABLE_FLAG", 
 "AGGREGATION_SEP") 
VALUES
(135,
  (SELECT V.ID 
  FROM "APP_VERSION" V, 
       "APPLICATION" A
  WHERE V.APPLICATION_ID = A.ID
  AND V.VERSION = '3.2.4'
  AND A.NAME = 'FHNReference'
 ), 
 37, 
 'TXN_TYPE', 
 'String', 
 1, 
 'N', 
 ',');




INSERT INTO "EVENT_TYPE" 
("ID", 
 "APP_VERSION_ID",
 "TYPE", 
 "MSG_ID",
 "MSG_CATALOG", 
 "LOG_EVENT_FLAG", 
 "RENDER_AS_MSG", 
 "AGGREGATION_THRESH",
 "PRIORITY") 
VALUES
(38, 
(SELECT V.ID 
  FROM "APP_VERSION" V, 
       "APPLICATION" A
  WHERE V.APPLICATION_ID = A.ID
  AND V.VERSION = '3.2.4'
  AND A.NAME = 'FHNReference'
 ),
 'E_NotifyOps', 
 null, 
 '', 
 'Y', 
 'Y', 
 100,
 null);


INSERT
INTO "EVENT_EXP_CONTEXT"
("ID",
 "APP_VERSION_ID",
 "EVENT_TYPE_ID", 
 "EVENT_CONTEXT_TYPE", 
 "CONTEXT_DATA_TYPE", 
 "CARDINALITY", 
 "AGGREGATABLE_FLAG", 
 "AGGREGATION_SEP") 
VALUES
(136,
  (SELECT V.ID 
  FROM "APP_VERSION" V, 
       "APPLICATION" A
  WHERE V.APPLICATION_ID = A.ID
  AND V.VERSION = '3.2.4'
  AND A.NAME = 'FHNReference'
 ), 
 38, 
 'OBJECT_ID', 
 'ID', 
 1, 
 'Y', 
 ',');

INSERT
INTO "EVENT_EXP_CONTEXT"
("ID",
 "APP_VERSION_ID",
 "EVENT_TYPE_ID", 
 "EVENT_CONTEXT_TYPE", 
 "CONTEXT_DATA_TYPE", 
 "CARDINALITY", 
 "AGGREGATABLE_FLAG", 
 "AGGREGATION_SEP") 
VALUES
(137,
  (SELECT V.ID 
  FROM "APP_VERSION" V, 
       "APPLICATION" A
  WHERE V.APPLICATION_ID = A.ID
  AND V.VERSION = '3.2.4'
  AND A.NAME = 'FHNReference'
 ), 
 38, 
 'OBJ_CLASS', 
 'String', 
 0, 
 'N', 
 ',');

INSERT
INTO "EVENT_EXP_CONTEXT"
("ID",
 "APP_VERSION_ID",
 "EVENT_TYPE_ID", 
 "EVENT_CONTEXT_TYPE", 
 "CONTEXT_DATA_TYPE", 
 "CARDINALITY", 
 "AGGREGATABLE_FLAG", 
 "AGGREGATION_SEP") 
VALUES
(138,
  (SELECT V.ID 
  FROM "APP_VERSION" V, 
       "APPLICATION" A
  WHERE V.APPLICATION_ID = A.ID
  AND V.VERSION = '3.2.4'
  AND A.NAME = 'FHNReference'
 ), 
 38, 
 'SUBTYPE', 
 'String', 
 0, 
 'N', 
 ',');

INSERT
INTO "EVENT_EXP_CONTEXT"
("ID",
 "APP_VERSION_ID",
 "EVENT_TYPE_ID", 
 "EVENT_CONTEXT_TYPE", 
 "CONTEXT_DATA_TYPE", 
 "CARDINALITY", 
 "AGGREGATABLE_FLAG", 
 "AGGREGATION_SEP") 
VALUES
(139,
  (SELECT V.ID 
  FROM "APP_VERSION" V, 
       "APPLICATION" A
  WHERE V.APPLICATION_ID = A.ID
  AND V.VERSION = '3.2.4'
  AND A.NAME = 'FHNReference'
 ), 
 38, 
 'TYPE', 
 'String', 
 1, 
 'N', 
 ',');




INSERT INTO "EVENT_TYPE" 
("ID", 
 "APP_VERSION_ID",
 "TYPE", 
 "MSG_ID",
 "MSG_CATALOG", 
 "LOG_EVENT_FLAG", 
 "RENDER_AS_MSG", 
 "AGGREGATION_THRESH",
 "PRIORITY") 
VALUES
(39, 
(SELECT V.ID 
  FROM "APP_VERSION" V, 
       "APPLICATION" A
  WHERE V.APPLICATION_ID = A.ID
  AND V.VERSION = '3.2.4'
  AND A.NAME = 'FHNReference'
 ),
 'E_OperatorCancel', 
 null, 
 '', 
 'Y', 
 'Y', 
 100,
 null);


INSERT
INTO "EVENT_EXP_CONTEXT"
("ID",
 "APP_VERSION_ID",
 "EVENT_TYPE_ID", 
 "EVENT_CONTEXT_TYPE", 
 "CONTEXT_DATA_TYPE", 
 "CARDINALITY", 
 "AGGREGATABLE_FLAG", 
 "AGGREGATION_SEP") 
VALUES
(140,
  (SELECT V.ID 
  FROM "APP_VERSION" V, 
       "APPLICATION" A
  WHERE V.APPLICATION_ID = A.ID
  AND V.VERSION = '3.2.4'
  AND A.NAME = 'FHNReference'
 ), 
 39, 
 'BATCH', 
 'ID', 
 0, 
 'N', 
 ',');

INSERT
INTO "EVENT_EXP_CONTEXT"
("ID",
 "APP_VERSION_ID",
 "EVENT_TYPE_ID", 
 "EVENT_CONTEXT_TYPE", 
 "CONTEXT_DATA_TYPE", 
 "CARDINALITY", 
 "AGGREGATABLE_FLAG", 
 "AGGREGATION_SEP") 
VALUES
(141,
  (SELECT V.ID 
  FROM "APP_VERSION" V, 
       "APPLICATION" A
  WHERE V.APPLICATION_ID = A.ID
  AND V.VERSION = '3.2.4'
  AND A.NAME = 'FHNReference'
 ), 
 39, 
 'CMD_TXN_ID', 
 'ID', 
 1, 
 'N', 
 ',');

INSERT
INTO "EVENT_EXP_CONTEXT"
("ID",
 "APP_VERSION_ID",
 "EVENT_TYPE_ID", 
 "EVENT_CONTEXT_TYPE", 
 "CONTEXT_DATA_TYPE", 
 "CARDINALITY", 
 "AGGREGATABLE_FLAG", 
 "AGGREGATION_SEP") 
VALUES
(142,
  (SELECT V.ID 
  FROM "APP_VERSION" V, 
       "APPLICATION" A
  WHERE V.APPLICATION_ID = A.ID
  AND V.VERSION = '3.2.4'
  AND A.NAME = 'FHNReference'
 ), 
 39, 
 'PARTICIPANT', 
 'ID', 
 0, 
 'N', 
 ',');

INSERT
INTO "EVENT_EXP_CONTEXT"
("ID",
 "APP_VERSION_ID",
 "EVENT_TYPE_ID", 
 "EVENT_CONTEXT_TYPE", 
 "CONTEXT_DATA_TYPE", 
 "CARDINALITY", 
 "AGGREGATABLE_FLAG", 
 "AGGREGATION_SEP") 
VALUES
(143,
  (SELECT V.ID 
  FROM "APP_VERSION" V, 
       "APPLICATION" A
  WHERE V.APPLICATION_ID = A.ID
  AND V.VERSION = '3.2.4'
  AND A.NAME = 'FHNReference'
 ), 
 39, 
 'TRANSACTION', 
 'ID', 
 0, 
 'N', 
 ',');

INSERT
INTO "EVENT_EXP_CONTEXT"
("ID",
 "APP_VERSION_ID",
 "EVENT_TYPE_ID", 
 "EVENT_CONTEXT_TYPE", 
 "CONTEXT_DATA_TYPE", 
 "CARDINALITY", 
 "AGGREGATABLE_FLAG", 
 "AGGREGATION_SEP") 
VALUES
(144,
  (SELECT V.ID 
  FROM "APP_VERSION" V, 
       "APPLICATION" A
  WHERE V.APPLICATION_ID = A.ID
  AND V.VERSION = '3.2.4'
  AND A.NAME = 'FHNReference'
 ), 
 39, 
 'TRANSMISSION', 
 'ID', 
 0, 
 'N', 
 ',');

INSERT
INTO "EVENT_EXP_CONTEXT"
("ID",
 "APP_VERSION_ID",
 "EVENT_TYPE_ID", 
 "EVENT_CONTEXT_TYPE", 
 "CONTEXT_DATA_TYPE", 
 "CARDINALITY", 
 "AGGREGATABLE_FLAG", 
 "AGGREGATION_SEP") 
VALUES
(145,
  (SELECT V.ID 
  FROM "APP_VERSION" V, 
       "APPLICATION" A
  WHERE V.APPLICATION_ID = A.ID
  AND V.VERSION = '3.2.4'
  AND A.NAME = 'FHNReference'
 ), 
 39, 
 'TXN_TYPE', 
 'String', 
 0, 
 'N', 
 ',');




INSERT INTO "EVENT_TYPE" 
("ID", 
 "APP_VERSION_ID",
 "TYPE", 
 "MSG_ID",
 "MSG_CATALOG", 
 "LOG_EVENT_FLAG", 
 "RENDER_AS_MSG", 
 "AGGREGATION_THRESH",
 "PRIORITY") 
VALUES
(40, 
(SELECT V.ID 
  FROM "APP_VERSION" V, 
       "APPLICATION" A
  WHERE V.APPLICATION_ID = A.ID
  AND V.VERSION = '3.2.4'
  AND A.NAME = 'FHNReference'
 ),
 'E_OperatorCmd', 
 null, 
 '', 
 'Y', 
 'Y', 
 100,
 null);


INSERT
INTO "EVENT_EXP_CONTEXT"
("ID",
 "APP_VERSION_ID",
 "EVENT_TYPE_ID", 
 "EVENT_CONTEXT_TYPE", 
 "CONTEXT_DATA_TYPE", 
 "CARDINALITY", 
 "AGGREGATABLE_FLAG", 
 "AGGREGATION_SEP") 
VALUES
(146,
  (SELECT V.ID 
  FROM "APP_VERSION" V, 
       "APPLICATION" A
  WHERE V.APPLICATION_ID = A.ID
  AND V.VERSION = '3.2.4'
  AND A.NAME = 'FHNReference'
 ), 
 40, 
 'CMD_TXN_ID', 
 'ID', 
 1, 
 'N', 
 ',');

INSERT
INTO "EVENT_EXP_CONTEXT"
("ID",
 "APP_VERSION_ID",
 "EVENT_TYPE_ID", 
 "EVENT_CONTEXT_TYPE", 
 "CONTEXT_DATA_TYPE", 
 "CARDINALITY", 
 "AGGREGATABLE_FLAG", 
 "AGGREGATION_SEP") 
VALUES
(147,
  (SELECT V.ID 
  FROM "APP_VERSION" V, 
       "APPLICATION" A
  WHERE V.APPLICATION_ID = A.ID
  AND V.VERSION = '3.2.4'
  AND A.NAME = 'FHNReference'
 ), 
 40, 
 'TRGT_OBJ_ID', 
 'ID', 
 1, 
 'Y', 
 ',');

INSERT
INTO "EVENT_EXP_CONTEXT"
("ID",
 "APP_VERSION_ID",
 "EVENT_TYPE_ID", 
 "EVENT_CONTEXT_TYPE", 
 "CONTEXT_DATA_TYPE", 
 "CARDINALITY", 
 "AGGREGATABLE_FLAG", 
 "AGGREGATION_SEP") 
VALUES
(148,
  (SELECT V.ID 
  FROM "APP_VERSION" V, 
       "APPLICATION" A
  WHERE V.APPLICATION_ID = A.ID
  AND V.VERSION = '3.2.4'
  AND A.NAME = 'FHNReference'
 ), 
 40, 
 'TRGT_OBJ_TYPE', 
 'String', 
 1, 
 'N', 
 ',');

INSERT
INTO "EVENT_EXP_CONTEXT"
("ID",
 "APP_VERSION_ID",
 "EVENT_TYPE_ID", 
 "EVENT_CONTEXT_TYPE", 
 "CONTEXT_DATA_TYPE", 
 "CARDINALITY", 
 "AGGREGATABLE_FLAG", 
 "AGGREGATION_SEP") 
VALUES
(149,
  (SELECT V.ID 
  FROM "APP_VERSION" V, 
       "APPLICATION" A
  WHERE V.APPLICATION_ID = A.ID
  AND V.VERSION = '3.2.4'
  AND A.NAME = 'FHNReference'
 ), 
 40, 
 'TYPE', 
 'String', 
 1, 
 'N', 
 ',');




INSERT INTO "EVENT_TYPE" 
("ID", 
 "APP_VERSION_ID",
 "TYPE", 
 "MSG_ID",
 "MSG_CATALOG", 
 "LOG_EVENT_FLAG", 
 "RENDER_AS_MSG", 
 "AGGREGATION_THRESH",
 "PRIORITY") 
VALUES
(41, 
(SELECT V.ID 
  FROM "APP_VERSION" V, 
       "APPLICATION" A
  WHERE V.APPLICATION_ID = A.ID
  AND V.VERSION = '3.2.4'
  AND A.NAME = 'FHNReference'
 ),
 'E_OperatorContinue', 
 null, 
 '', 
 'Y', 
 'Y', 
 100,
 null);


INSERT
INTO "EVENT_EXP_CONTEXT"
("ID",
 "APP_VERSION_ID",
 "EVENT_TYPE_ID", 
 "EVENT_CONTEXT_TYPE", 
 "CONTEXT_DATA_TYPE", 
 "CARDINALITY", 
 "AGGREGATABLE_FLAG", 
 "AGGREGATION_SEP") 
VALUES
(150,
  (SELECT V.ID 
  FROM "APP_VERSION" V, 
       "APPLICATION" A
  WHERE V.APPLICATION_ID = A.ID
  AND V.VERSION = '3.2.4'
  AND A.NAME = 'FHNReference'
 ), 
 41, 
 'BATCH', 
 'ID', 
 0, 
 'N', 
 ',');

INSERT
INTO "EVENT_EXP_CONTEXT"
("ID",
 "APP_VERSION_ID",
 "EVENT_TYPE_ID", 
 "EVENT_CONTEXT_TYPE", 
 "CONTEXT_DATA_TYPE", 
 "CARDINALITY", 
 "AGGREGATABLE_FLAG", 
 "AGGREGATION_SEP") 
VALUES
(151,
  (SELECT V.ID 
  FROM "APP_VERSION" V, 
       "APPLICATION" A
  WHERE V.APPLICATION_ID = A.ID
  AND V.VERSION = '3.2.4'
  AND A.NAME = 'FHNReference'
 ), 
 41, 
 'CMD_TXN_ID', 
 'ID', 
 1, 
 'N', 
 ',');

INSERT
INTO "EVENT_EXP_CONTEXT"
("ID",
 "APP_VERSION_ID",
 "EVENT_TYPE_ID", 
 "EVENT_CONTEXT_TYPE", 
 "CONTEXT_DATA_TYPE", 
 "CARDINALITY", 
 "AGGREGATABLE_FLAG", 
 "AGGREGATION_SEP") 
VALUES
(152,
  (SELECT V.ID 
  FROM "APP_VERSION" V, 
       "APPLICATION" A
  WHERE V.APPLICATION_ID = A.ID
  AND V.VERSION = '3.2.4'
  AND A.NAME = 'FHNReference'
 ), 
 41, 
 'PARTICIPANT', 
 'ID', 
 0, 
 'N', 
 ',');

INSERT
INTO "EVENT_EXP_CONTEXT"
("ID",
 "APP_VERSION_ID",
 "EVENT_TYPE_ID", 
 "EVENT_CONTEXT_TYPE", 
 "CONTEXT_DATA_TYPE", 
 "CARDINALITY", 
 "AGGREGATABLE_FLAG", 
 "AGGREGATION_SEP") 
VALUES
(153,
  (SELECT V.ID 
  FROM "APP_VERSION" V, 
       "APPLICATION" A
  WHERE V.APPLICATION_ID = A.ID
  AND V.VERSION = '3.2.4'
  AND A.NAME = 'FHNReference'
 ), 
 41, 
 'TRANSACTION', 
 'ID', 
 0, 
 'N', 
 ',');

INSERT
INTO "EVENT_EXP_CONTEXT"
("ID",
 "APP_VERSION_ID",
 "EVENT_TYPE_ID", 
 "EVENT_CONTEXT_TYPE", 
 "CONTEXT_DATA_TYPE", 
 "CARDINALITY", 
 "AGGREGATABLE_FLAG", 
 "AGGREGATION_SEP") 
VALUES
(154,
  (SELECT V.ID 
  FROM "APP_VERSION" V, 
       "APPLICATION" A
  WHERE V.APPLICATION_ID = A.ID
  AND V.VERSION = '3.2.4'
  AND A.NAME = 'FHNReference'
 ), 
 41, 
 'TRANSMISSION', 
 'ID', 
 0, 
 'N', 
 ',');

INSERT
INTO "EVENT_EXP_CONTEXT"
("ID",
 "APP_VERSION_ID",
 "EVENT_TYPE_ID", 
 "EVENT_CONTEXT_TYPE", 
 "CONTEXT_DATA_TYPE", 
 "CARDINALITY", 
 "AGGREGATABLE_FLAG", 
 "AGGREGATION_SEP") 
VALUES
(155,
  (SELECT V.ID 
  FROM "APP_VERSION" V, 
       "APPLICATION" A
  WHERE V.APPLICATION_ID = A.ID
  AND V.VERSION = '3.2.4'
  AND A.NAME = 'FHNReference'
 ), 
 41, 
 'TXN_TYPE', 
 'String', 
 0, 
 'N', 
 ',');




INSERT INTO "EVENT_TYPE" 
("ID", 
 "APP_VERSION_ID",
 "TYPE", 
 "MSG_ID",
 "MSG_CATALOG", 
 "LOG_EVENT_FLAG", 
 "RENDER_AS_MSG", 
 "AGGREGATION_THRESH",
 "PRIORITY") 
VALUES
(42, 
(SELECT V.ID 
  FROM "APP_VERSION" V, 
       "APPLICATION" A
  WHERE V.APPLICATION_ID = A.ID
  AND V.VERSION = '3.2.4'
  AND A.NAME = 'FHNReference'
 ),
 'E_OperatorVerify', 
 null, 
 '', 
 'Y', 
 'Y', 
 100,
 null);


INSERT
INTO "EVENT_EXP_CONTEXT"
("ID",
 "APP_VERSION_ID",
 "EVENT_TYPE_ID", 
 "EVENT_CONTEXT_TYPE", 
 "CONTEXT_DATA_TYPE", 
 "CARDINALITY", 
 "AGGREGATABLE_FLAG", 
 "AGGREGATION_SEP") 
VALUES
(156,
  (SELECT V.ID 
  FROM "APP_VERSION" V, 
       "APPLICATION" A
  WHERE V.APPLICATION_ID = A.ID
  AND V.VERSION = '3.2.4'
  AND A.NAME = 'FHNReference'
 ), 
 42, 
 'BATCH', 
 'ID', 
 0, 
 'N', 
 ',');

INSERT
INTO "EVENT_EXP_CONTEXT"
("ID",
 "APP_VERSION_ID",
 "EVENT_TYPE_ID", 
 "EVENT_CONTEXT_TYPE", 
 "CONTEXT_DATA_TYPE", 
 "CARDINALITY", 
 "AGGREGATABLE_FLAG", 
 "AGGREGATION_SEP") 
VALUES
(157,
  (SELECT V.ID 
  FROM "APP_VERSION" V, 
       "APPLICATION" A
  WHERE V.APPLICATION_ID = A.ID
  AND V.VERSION = '3.2.4'
  AND A.NAME = 'FHNReference'
 ), 
 42, 
 'CMD_TXN_ID', 
 'ID', 
 1, 
 'N', 
 ',');

INSERT
INTO "EVENT_EXP_CONTEXT"
("ID",
 "APP_VERSION_ID",
 "EVENT_TYPE_ID", 
 "EVENT_CONTEXT_TYPE", 
 "CONTEXT_DATA_TYPE", 
 "CARDINALITY", 
 "AGGREGATABLE_FLAG", 
 "AGGREGATION_SEP") 
VALUES
(158,
  (SELECT V.ID 
  FROM "APP_VERSION" V, 
       "APPLICATION" A
  WHERE V.APPLICATION_ID = A.ID
  AND V.VERSION = '3.2.4'
  AND A.NAME = 'FHNReference'
 ), 
 42, 
 'FRAGMENT', 
 'ID', 
 0, 
 'N', 
 ',');

INSERT
INTO "EVENT_EXP_CONTEXT"
("ID",
 "APP_VERSION_ID",
 "EVENT_TYPE_ID", 
 "EVENT_CONTEXT_TYPE", 
 "CONTEXT_DATA_TYPE", 
 "CARDINALITY", 
 "AGGREGATABLE_FLAG", 
 "AGGREGATION_SEP") 
VALUES
(159,
  (SELECT V.ID 
  FROM "APP_VERSION" V, 
       "APPLICATION" A
  WHERE V.APPLICATION_ID = A.ID
  AND V.VERSION = '3.2.4'
  AND A.NAME = 'FHNReference'
 ), 
 42, 
 'PARTICIPANT', 
 'ID', 
 0, 
 'N', 
 ',');

INSERT
INTO "EVENT_EXP_CONTEXT"
("ID",
 "APP_VERSION_ID",
 "EVENT_TYPE_ID", 
 "EVENT_CONTEXT_TYPE", 
 "CONTEXT_DATA_TYPE", 
 "CARDINALITY", 
 "AGGREGATABLE_FLAG", 
 "AGGREGATION_SEP") 
VALUES
(160,
  (SELECT V.ID 
  FROM "APP_VERSION" V, 
       "APPLICATION" A
  WHERE V.APPLICATION_ID = A.ID
  AND V.VERSION = '3.2.4'
  AND A.NAME = 'FHNReference'
 ), 
 42, 
 'TRANSACTION', 
 'ID', 
 0, 
 'N', 
 ',');

INSERT
INTO "EVENT_EXP_CONTEXT"
("ID",
 "APP_VERSION_ID",
 "EVENT_TYPE_ID", 
 "EVENT_CONTEXT_TYPE", 
 "CONTEXT_DATA_TYPE", 
 "CARDINALITY", 
 "AGGREGATABLE_FLAG", 
 "AGGREGATION_SEP") 
VALUES
(161,
  (SELECT V.ID 
  FROM "APP_VERSION" V, 
       "APPLICATION" A
  WHERE V.APPLICATION_ID = A.ID
  AND V.VERSION = '3.2.4'
  AND A.NAME = 'FHNReference'
 ), 
 42, 
 'TRANSMISSION', 
 'ID', 
 0, 
 'N', 
 ',');

INSERT
INTO "EVENT_EXP_CONTEXT"
("ID",
 "APP_VERSION_ID",
 "EVENT_TYPE_ID", 
 "EVENT_CONTEXT_TYPE", 
 "CONTEXT_DATA_TYPE", 
 "CARDINALITY", 
 "AGGREGATABLE_FLAG", 
 "AGGREGATION_SEP") 
VALUES
(162,
  (SELECT V.ID 
  FROM "APP_VERSION" V, 
       "APPLICATION" A
  WHERE V.APPLICATION_ID = A.ID
  AND V.VERSION = '3.2.4'
  AND A.NAME = 'FHNReference'
 ), 
 42, 
 'TXN_TYPE', 
 'String', 
 0, 
 'N', 
 ',');




INSERT INTO "EVENT_TYPE" 
("ID", 
 "APP_VERSION_ID",
 "TYPE", 
 "MSG_ID",
 "MSG_CATALOG", 
 "LOG_EVENT_FLAG", 
 "RENDER_AS_MSG", 
 "AGGREGATION_THRESH",
 "PRIORITY") 
VALUES
(43, 
(SELECT V.ID 
  FROM "APP_VERSION" V, 
       "APPLICATION" A
  WHERE V.APPLICATION_ID = A.ID
  AND V.VERSION = '3.2.4'
  AND A.NAME = 'FHNReference'
 ),
 'E_OutBatComplete', 
 null, 
 '', 
 'N', 
 'Y', 
 100,
 null);


INSERT
INTO "EVENT_EXP_CONTEXT"
("ID",
 "APP_VERSION_ID",
 "EVENT_TYPE_ID", 
 "EVENT_CONTEXT_TYPE", 
 "CONTEXT_DATA_TYPE", 
 "CARDINALITY", 
 "AGGREGATABLE_FLAG", 
 "AGGREGATION_SEP") 
VALUES
(163,
  (SELECT V.ID 
  FROM "APP_VERSION" V, 
       "APPLICATION" A
  WHERE V.APPLICATION_ID = A.ID
  AND V.VERSION = '3.2.4'
  AND A.NAME = 'FHNReference'
 ), 
 43, 
 'BATCH', 
 'ID', 
 1, 
 'Y', 
 ',');

INSERT
INTO "EVENT_EXP_CONTEXT"
("ID",
 "APP_VERSION_ID",
 "EVENT_TYPE_ID", 
 "EVENT_CONTEXT_TYPE", 
 "CONTEXT_DATA_TYPE", 
 "CARDINALITY", 
 "AGGREGATABLE_FLAG", 
 "AGGREGATION_SEP") 
VALUES
(164,
  (SELECT V.ID 
  FROM "APP_VERSION" V, 
       "APPLICATION" A
  WHERE V.APPLICATION_ID = A.ID
  AND V.VERSION = '3.2.4'
  AND A.NAME = 'FHNReference'
 ), 
 43, 
 'BAT_TYPE', 
 'String', 
 0, 
 'N', 
 ',');

INSERT
INTO "EVENT_EXP_CONTEXT"
("ID",
 "APP_VERSION_ID",
 "EVENT_TYPE_ID", 
 "EVENT_CONTEXT_TYPE", 
 "CONTEXT_DATA_TYPE", 
 "CARDINALITY", 
 "AGGREGATABLE_FLAG", 
 "AGGREGATION_SEP") 
VALUES
(165,
  (SELECT V.ID 
  FROM "APP_VERSION" V, 
       "APPLICATION" A
  WHERE V.APPLICATION_ID = A.ID
  AND V.VERSION = '3.2.4'
  AND A.NAME = 'FHNReference'
 ), 
 43, 
 'MASTER_ID', 
 'ID', 
 0, 
 'N', 
 ',');




INSERT INTO "EVENT_TYPE" 
("ID", 
 "APP_VERSION_ID",
 "TYPE", 
 "MSG_ID",
 "MSG_CATALOG", 
 "LOG_EVENT_FLAG", 
 "RENDER_AS_MSG", 
 "AGGREGATION_THRESH",
 "PRIORITY") 
VALUES
(44, 
(SELECT V.ID 
  FROM "APP_VERSION" V, 
       "APPLICATION" A
  WHERE V.APPLICATION_ID = A.ID
  AND V.VERSION = '3.2.4'
  AND A.NAME = 'FHNReference'
 ),
 'E_OutBatFailed', 
 null, 
 '', 
 'Y', 
 'Y', 
 100,
 null);


INSERT
INTO "EVENT_EXP_CONTEXT"
("ID",
 "APP_VERSION_ID",
 "EVENT_TYPE_ID", 
 "EVENT_CONTEXT_TYPE", 
 "CONTEXT_DATA_TYPE", 
 "CARDINALITY", 
 "AGGREGATABLE_FLAG", 
 "AGGREGATION_SEP") 
VALUES
(166,
  (SELECT V.ID 
  FROM "APP_VERSION" V, 
       "APPLICATION" A
  WHERE V.APPLICATION_ID = A.ID
  AND V.VERSION = '3.2.4'
  AND A.NAME = 'FHNReference'
 ), 
 44, 
 'BATCH', 
 'ID', 
 1, 
 'N', 
 ',');

INSERT
INTO "EVENT_EXP_CONTEXT"
("ID",
 "APP_VERSION_ID",
 "EVENT_TYPE_ID", 
 "EVENT_CONTEXT_TYPE", 
 "CONTEXT_DATA_TYPE", 
 "CARDINALITY", 
 "AGGREGATABLE_FLAG", 
 "AGGREGATION_SEP") 
VALUES
(167,
  (SELECT V.ID 
  FROM "APP_VERSION" V, 
       "APPLICATION" A
  WHERE V.APPLICATION_ID = A.ID
  AND V.VERSION = '3.2.4'
  AND A.NAME = 'FHNReference'
 ), 
 44, 
 'MASTER_ID', 
 'ID', 
 0, 
 'N', 
 ',');




INSERT INTO "EVENT_TYPE" 
("ID", 
 "APP_VERSION_ID",
 "TYPE", 
 "MSG_ID",
 "MSG_CATALOG", 
 "LOG_EVENT_FLAG", 
 "RENDER_AS_MSG", 
 "AGGREGATION_THRESH",
 "PRIORITY") 
VALUES
(45, 
(SELECT V.ID 
  FROM "APP_VERSION" V, 
       "APPLICATION" A
  WHERE V.APPLICATION_ID = A.ID
  AND V.VERSION = '3.2.4'
  AND A.NAME = 'FHNReference'
 ),
 'E_OutFilePrepared', 
 null, 
 '', 
 'N', 
 'Y', 
 100,
 null);


INSERT
INTO "EVENT_EXP_CONTEXT"
("ID",
 "APP_VERSION_ID",
 "EVENT_TYPE_ID", 
 "EVENT_CONTEXT_TYPE", 
 "CONTEXT_DATA_TYPE", 
 "CARDINALITY", 
 "AGGREGATABLE_FLAG", 
 "AGGREGATION_SEP") 
VALUES
(168,
  (SELECT V.ID 
  FROM "APP_VERSION" V, 
       "APPLICATION" A
  WHERE V.APPLICATION_ID = A.ID
  AND V.VERSION = '3.2.4'
  AND A.NAME = 'FHNReference'
 ), 
 45, 
 'FILEADDRESS', 
 'String', 
 1, 
 'N', 
 ',');

INSERT
INTO "EVENT_EXP_CONTEXT"
("ID",
 "APP_VERSION_ID",
 "EVENT_TYPE_ID", 
 "EVENT_CONTEXT_TYPE", 
 "CONTEXT_DATA_TYPE", 
 "CARDINALITY", 
 "AGGREGATABLE_FLAG", 
 "AGGREGATION_SEP") 
VALUES
(169,
  (SELECT V.ID 
  FROM "APP_VERSION" V, 
       "APPLICATION" A
  WHERE V.APPLICATION_ID = A.ID
  AND V.VERSION = '3.2.4'
  AND A.NAME = 'FHNReference'
 ), 
 45, 
 'FILENAME', 
 'String', 
 1, 
 'Y', 
 ',');

INSERT
INTO "EVENT_EXP_CONTEXT"
("ID",
 "APP_VERSION_ID",
 "EVENT_TYPE_ID", 
 "EVENT_CONTEXT_TYPE", 
 "CONTEXT_DATA_TYPE", 
 "CARDINALITY", 
 "AGGREGATABLE_FLAG", 
 "AGGREGATION_SEP") 
VALUES
(170,
  (SELECT V.ID 
  FROM "APP_VERSION" V, 
       "APPLICATION" A
  WHERE V.APPLICATION_ID = A.ID
  AND V.VERSION = '3.2.4'
  AND A.NAME = 'FHNReference'
 ), 
 45, 
 'MASTER_ID', 
 'ID', 
 1, 
 'Y', 
 ',');

INSERT
INTO "EVENT_EXP_CONTEXT"
("ID",
 "APP_VERSION_ID",
 "EVENT_TYPE_ID", 
 "EVENT_CONTEXT_TYPE", 
 "CONTEXT_DATA_TYPE", 
 "CARDINALITY", 
 "AGGREGATABLE_FLAG", 
 "AGGREGATION_SEP") 
VALUES
(171,
  (SELECT V.ID 
  FROM "APP_VERSION" V, 
       "APPLICATION" A
  WHERE V.APPLICATION_ID = A.ID
  AND V.VERSION = '3.2.4'
  AND A.NAME = 'FHNReference'
 ), 
 45, 
 'TRANSACTION', 
 'ID', 
 1, 
 'Y', 
 ',');

INSERT
INTO "EVENT_EXP_CONTEXT"
("ID",
 "APP_VERSION_ID",
 "EVENT_TYPE_ID", 
 "EVENT_CONTEXT_TYPE", 
 "CONTEXT_DATA_TYPE", 
 "CARDINALITY", 
 "AGGREGATABLE_FLAG", 
 "AGGREGATION_SEP") 
VALUES
(172,
  (SELECT V.ID 
  FROM "APP_VERSION" V, 
       "APPLICATION" A
  WHERE V.APPLICATION_ID = A.ID
  AND V.VERSION = '3.2.4'
  AND A.NAME = 'FHNReference'
 ), 
 45, 
 'TRANSMISSION', 
 'ID', 
 1, 
 'Y', 
 ',');

INSERT
INTO "EVENT_EXP_CONTEXT"
("ID",
 "APP_VERSION_ID",
 "EVENT_TYPE_ID", 
 "EVENT_CONTEXT_TYPE", 
 "CONTEXT_DATA_TYPE", 
 "CARDINALITY", 
 "AGGREGATABLE_FLAG", 
 "AGGREGATION_SEP") 
VALUES
(173,
  (SELECT V.ID 
  FROM "APP_VERSION" V, 
       "APPLICATION" A
  WHERE V.APPLICATION_ID = A.ID
  AND V.VERSION = '3.2.4'
  AND A.NAME = 'FHNReference'
 ), 
 45, 
 'ZERO_BYTES', 
 'String', 
 1, 
 'N', 
 ',');




INSERT INTO "EVENT_TYPE" 
("ID", 
 "APP_VERSION_ID",
 "TYPE", 
 "MSG_ID",
 "MSG_CATALOG", 
 "LOG_EVENT_FLAG", 
 "RENDER_AS_MSG", 
 "AGGREGATION_THRESH",
 "PRIORITY") 
VALUES
(46, 
(SELECT V.ID 
  FROM "APP_VERSION" V, 
       "APPLICATION" A
  WHERE V.APPLICATION_ID = A.ID
  AND V.VERSION = '3.2.4'
  AND A.NAME = 'FHNReference'
 ),
 'E_OutFragComplete', 
 null, 
 '', 
 'N', 
 'N', 
 100,
 null);


INSERT
INTO "EVENT_EXP_CONTEXT"
("ID",
 "APP_VERSION_ID",
 "EVENT_TYPE_ID", 
 "EVENT_CONTEXT_TYPE", 
 "CONTEXT_DATA_TYPE", 
 "CARDINALITY", 
 "AGGREGATABLE_FLAG", 
 "AGGREGATION_SEP") 
VALUES
(174,
  (SELECT V.ID 
  FROM "APP_VERSION" V, 
       "APPLICATION" A
  WHERE V.APPLICATION_ID = A.ID
  AND V.VERSION = '3.2.4'
  AND A.NAME = 'FHNReference'
 ), 
 46, 
 'FRAGMENT', 
 'ID', 
 1, 
 'N', 
 ',');

INSERT
INTO "EVENT_EXP_CONTEXT"
("ID",
 "APP_VERSION_ID",
 "EVENT_TYPE_ID", 
 "EVENT_CONTEXT_TYPE", 
 "CONTEXT_DATA_TYPE", 
 "CARDINALITY", 
 "AGGREGATABLE_FLAG", 
 "AGGREGATION_SEP") 
VALUES
(175,
  (SELECT V.ID 
  FROM "APP_VERSION" V, 
       "APPLICATION" A
  WHERE V.APPLICATION_ID = A.ID
  AND V.VERSION = '3.2.4'
  AND A.NAME = 'FHNReference'
 ), 
 46, 
 'PTTYPE', 
 'String', 
 0, 
 'N', 
 ',');

INSERT
INTO "EVENT_EXP_CONTEXT"
("ID",
 "APP_VERSION_ID",
 "EVENT_TYPE_ID", 
 "EVENT_CONTEXT_TYPE", 
 "CONTEXT_DATA_TYPE", 
 "CARDINALITY", 
 "AGGREGATABLE_FLAG", 
 "AGGREGATION_SEP") 
VALUES
(176,
  (SELECT V.ID 
  FROM "APP_VERSION" V, 
       "APPLICATION" A
  WHERE V.APPLICATION_ID = A.ID
  AND V.VERSION = '3.2.4'
  AND A.NAME = 'FHNReference'
 ), 
 46, 
 'TRANSMISSION', 
 'ID', 
 1, 
 'N', 
 ',');




INSERT INTO "EVENT_TYPE" 
("ID", 
 "APP_VERSION_ID",
 "TYPE", 
 "MSG_ID",
 "MSG_CATALOG", 
 "LOG_EVENT_FLAG", 
 "RENDER_AS_MSG", 
 "AGGREGATION_THRESH",
 "PRIORITY") 
VALUES
(47, 
(SELECT V.ID 
  FROM "APP_VERSION" V, 
       "APPLICATION" A
  WHERE V.APPLICATION_ID = A.ID
  AND V.VERSION = '3.2.4'
  AND A.NAME = 'FHNReference'
 ),
 'E_OutFragReadyToSend', 
 null, 
 '', 
 'N', 
 'Y', 
 100,
 null);


INSERT
INTO "EVENT_EXP_CONTEXT"
("ID",
 "APP_VERSION_ID",
 "EVENT_TYPE_ID", 
 "EVENT_CONTEXT_TYPE", 
 "CONTEXT_DATA_TYPE", 
 "CARDINALITY", 
 "AGGREGATABLE_FLAG", 
 "AGGREGATION_SEP") 
VALUES
(177,
  (SELECT V.ID 
  FROM "APP_VERSION" V, 
       "APPLICATION" A
  WHERE V.APPLICATION_ID = A.ID
  AND V.VERSION = '3.2.4'
  AND A.NAME = 'FHNReference'
 ), 
 47, 
 'FRAGMENT', 
 'ID', 
 1, 
 'N', 
 ',');




INSERT INTO "EVENT_TYPE" 
("ID", 
 "APP_VERSION_ID",
 "TYPE", 
 "MSG_ID",
 "MSG_CATALOG", 
 "LOG_EVENT_FLAG", 
 "RENDER_AS_MSG", 
 "AGGREGATION_THRESH",
 "PRIORITY") 
VALUES
(48, 
(SELECT V.ID 
  FROM "APP_VERSION" V, 
       "APPLICATION" A
  WHERE V.APPLICATION_ID = A.ID
  AND V.VERSION = '3.2.4'
  AND A.NAME = 'FHNReference'
 ),
 'E_OutFragSendFailed', 
 null, 
 '', 
 'Y', 
 'Y', 
 100,
 null);


INSERT
INTO "EVENT_EXP_CONTEXT"
("ID",
 "APP_VERSION_ID",
 "EVENT_TYPE_ID", 
 "EVENT_CONTEXT_TYPE", 
 "CONTEXT_DATA_TYPE", 
 "CARDINALITY", 
 "AGGREGATABLE_FLAG", 
 "AGGREGATION_SEP") 
VALUES
(178,
  (SELECT V.ID 
  FROM "APP_VERSION" V, 
       "APPLICATION" A
  WHERE V.APPLICATION_ID = A.ID
  AND V.VERSION = '3.2.4'
  AND A.NAME = 'FHNReference'
 ), 
 48, 
 'FRAGMENT', 
 'ID', 
 1, 
 'N', 
 ',');

INSERT
INTO "EVENT_EXP_CONTEXT"
("ID",
 "APP_VERSION_ID",
 "EVENT_TYPE_ID", 
 "EVENT_CONTEXT_TYPE", 
 "CONTEXT_DATA_TYPE", 
 "CARDINALITY", 
 "AGGREGATABLE_FLAG", 
 "AGGREGATION_SEP") 
VALUES
(179,
  (SELECT V.ID 
  FROM "APP_VERSION" V, 
       "APPLICATION" A
  WHERE V.APPLICATION_ID = A.ID
  AND V.VERSION = '3.2.4'
  AND A.NAME = 'FHNReference'
 ), 
 48, 
 'TRANSMISSION', 
 'ID', 
 1, 
 'N', 
 ',');




INSERT INTO "EVENT_TYPE" 
("ID", 
 "APP_VERSION_ID",
 "TYPE", 
 "MSG_ID",
 "MSG_CATALOG", 
 "LOG_EVENT_FLAG", 
 "RENDER_AS_MSG", 
 "AGGREGATION_THRESH",
 "PRIORITY") 
VALUES
(49, 
(SELECT V.ID 
  FROM "APP_VERSION" V, 
       "APPLICATION" A
  WHERE V.APPLICATION_ID = A.ID
  AND V.VERSION = '3.2.4'
  AND A.NAME = 'FHNReference'
 ),
 'E_OutFragSent', 
 null, 
 '', 
 'N', 
 'N', 
 100,
 null);


INSERT
INTO "EVENT_EXP_CONTEXT"
("ID",
 "APP_VERSION_ID",
 "EVENT_TYPE_ID", 
 "EVENT_CONTEXT_TYPE", 
 "CONTEXT_DATA_TYPE", 
 "CARDINALITY", 
 "AGGREGATABLE_FLAG", 
 "AGGREGATION_SEP") 
VALUES
(180,
  (SELECT V.ID 
  FROM "APP_VERSION" V, 
       "APPLICATION" A
  WHERE V.APPLICATION_ID = A.ID
  AND V.VERSION = '3.2.4'
  AND A.NAME = 'FHNReference'
 ), 
 49, 
 'FRAGMENT', 
 'ID', 
 1, 
 'N', 
 ',');

INSERT
INTO "EVENT_EXP_CONTEXT"
("ID",
 "APP_VERSION_ID",
 "EVENT_TYPE_ID", 
 "EVENT_CONTEXT_TYPE", 
 "CONTEXT_DATA_TYPE", 
 "CARDINALITY", 
 "AGGREGATABLE_FLAG", 
 "AGGREGATION_SEP") 
VALUES
(181,
  (SELECT V.ID 
  FROM "APP_VERSION" V, 
       "APPLICATION" A
  WHERE V.APPLICATION_ID = A.ID
  AND V.VERSION = '3.2.4'
  AND A.NAME = 'FHNReference'
 ), 
 49, 
 'PTTYPE', 
 'String', 
 0, 
 'N', 
 ',');

INSERT
INTO "EVENT_EXP_CONTEXT"
("ID",
 "APP_VERSION_ID",
 "EVENT_TYPE_ID", 
 "EVENT_CONTEXT_TYPE", 
 "CONTEXT_DATA_TYPE", 
 "CARDINALITY", 
 "AGGREGATABLE_FLAG", 
 "AGGREGATION_SEP") 
VALUES
(182,
  (SELECT V.ID 
  FROM "APP_VERSION" V, 
       "APPLICATION" A
  WHERE V.APPLICATION_ID = A.ID
  AND V.VERSION = '3.2.4'
  AND A.NAME = 'FHNReference'
 ), 
 49, 
 'TRANSMISSION', 
 'ID', 
 1, 
 'N', 
 ',');




INSERT INTO "EVENT_TYPE" 
("ID", 
 "APP_VERSION_ID",
 "TYPE", 
 "MSG_ID",
 "MSG_CATALOG", 
 "LOG_EVENT_FLAG", 
 "RENDER_AS_MSG", 
 "AGGREGATION_THRESH",
 "PRIORITY") 
VALUES
(50, 
(SELECT V.ID 
  FROM "APP_VERSION" V, 
       "APPLICATION" A
  WHERE V.APPLICATION_ID = A.ID
  AND V.VERSION = '3.2.4'
  AND A.NAME = 'FHNReference'
 ),
 'E_OutPTExpired', 
 null, 
 '', 
 'Y', 
 'Y', 
 100,
 null);


INSERT
INTO "EVENT_EXP_CONTEXT"
("ID",
 "APP_VERSION_ID",
 "EVENT_TYPE_ID", 
 "EVENT_CONTEXT_TYPE", 
 "CONTEXT_DATA_TYPE", 
 "CARDINALITY", 
 "AGGREGATABLE_FLAG", 
 "AGGREGATION_SEP") 
VALUES
(183,
  (SELECT V.ID 
  FROM "APP_VERSION" V, 
       "APPLICATION" A
  WHERE V.APPLICATION_ID = A.ID
  AND V.VERSION = '3.2.4'
  AND A.NAME = 'FHNReference'
 ), 
 50, 
 'TRANSACTION', 
 'String', 
 1, 
 'Y', 
 ',');

INSERT
INTO "EVENT_EXP_CONTEXT"
("ID",
 "APP_VERSION_ID",
 "EVENT_TYPE_ID", 
 "EVENT_CONTEXT_TYPE", 
 "CONTEXT_DATA_TYPE", 
 "CARDINALITY", 
 "AGGREGATABLE_FLAG", 
 "AGGREGATION_SEP") 
VALUES
(184,
  (SELECT V.ID 
  FROM "APP_VERSION" V, 
       "APPLICATION" A
  WHERE V.APPLICATION_ID = A.ID
  AND V.VERSION = '3.2.4'
  AND A.NAME = 'FHNReference'
 ), 
 50, 
 'TRANSMISSION', 
 'String', 
 1, 
 'Y', 
 ',');




INSERT INTO "EVENT_TYPE" 
("ID", 
 "APP_VERSION_ID",
 "TYPE", 
 "MSG_ID",
 "MSG_CATALOG", 
 "LOG_EVENT_FLAG", 
 "RENDER_AS_MSG", 
 "AGGREGATION_THRESH",
 "PRIORITY") 
VALUES
(51, 
(SELECT V.ID 
  FROM "APP_VERSION" V, 
       "APPLICATION" A
  WHERE V.APPLICATION_ID = A.ID
  AND V.VERSION = '3.2.4'
  AND A.NAME = 'FHNReference'
 ),
 'E_OutPTFailed', 
 null, 
 '', 
 'Y', 
 'Y', 
 100,
 null);


INSERT
INTO "EVENT_EXP_CONTEXT"
("ID",
 "APP_VERSION_ID",
 "EVENT_TYPE_ID", 
 "EVENT_CONTEXT_TYPE", 
 "CONTEXT_DATA_TYPE", 
 "CARDINALITY", 
 "AGGREGATABLE_FLAG", 
 "AGGREGATION_SEP") 
VALUES
(185,
  (SELECT V.ID 
  FROM "APP_VERSION" V, 
       "APPLICATION" A
  WHERE V.APPLICATION_ID = A.ID
  AND V.VERSION = '3.2.4'
  AND A.NAME = 'FHNReference'
 ), 
 51, 
 'PTTYPE', 
 'String', 
 0, 
 'N', 
 ',');

INSERT
INTO "EVENT_EXP_CONTEXT"
("ID",
 "APP_VERSION_ID",
 "EVENT_TYPE_ID", 
 "EVENT_CONTEXT_TYPE", 
 "CONTEXT_DATA_TYPE", 
 "CARDINALITY", 
 "AGGREGATABLE_FLAG", 
 "AGGREGATION_SEP") 
VALUES
(186,
  (SELECT V.ID 
  FROM "APP_VERSION" V, 
       "APPLICATION" A
  WHERE V.APPLICATION_ID = A.ID
  AND V.VERSION = '3.2.4'
  AND A.NAME = 'FHNReference'
 ), 
 51, 
 'TRANSMISSION', 
 'ID', 
 1, 
 'N', 
 ',');




INSERT INTO "EVENT_TYPE" 
("ID", 
 "APP_VERSION_ID",
 "TYPE", 
 "MSG_ID",
 "MSG_CATALOG", 
 "LOG_EVENT_FLAG", 
 "RENDER_AS_MSG", 
 "AGGREGATION_THRESH",
 "PRIORITY") 
VALUES
(52, 
(SELECT V.ID 
  FROM "APP_VERSION" V, 
       "APPLICATION" A
  WHERE V.APPLICATION_ID = A.ID
  AND V.VERSION = '3.2.4'
  AND A.NAME = 'FHNReference'
 ),
 'E_OutPTResend', 
 null, 
 '', 
 'Y', 
 'Y', 
 100,
 null);


INSERT
INTO "EVENT_EXP_CONTEXT"
("ID",
 "APP_VERSION_ID",
 "EVENT_TYPE_ID", 
 "EVENT_CONTEXT_TYPE", 
 "CONTEXT_DATA_TYPE", 
 "CARDINALITY", 
 "AGGREGATABLE_FLAG", 
 "AGGREGATION_SEP") 
VALUES
(187,
  (SELECT V.ID 
  FROM "APP_VERSION" V, 
       "APPLICATION" A
  WHERE V.APPLICATION_ID = A.ID
  AND V.VERSION = '3.2.4'
  AND A.NAME = 'FHNReference'
 ), 
 52, 
 'CMD_TXN_ID', 
 'ID', 
 0, 
 'N', 
 ',');

INSERT
INTO "EVENT_EXP_CONTEXT"
("ID",
 "APP_VERSION_ID",
 "EVENT_TYPE_ID", 
 "EVENT_CONTEXT_TYPE", 
 "CONTEXT_DATA_TYPE", 
 "CARDINALITY", 
 "AGGREGATABLE_FLAG", 
 "AGGREGATION_SEP") 
VALUES
(188,
  (SELECT V.ID 
  FROM "APP_VERSION" V, 
       "APPLICATION" A
  WHERE V.APPLICATION_ID = A.ID
  AND V.VERSION = '3.2.4'
  AND A.NAME = 'FHNReference'
 ), 
 52, 
 'FRAGMENT', 
 'ID', 
 0, 
 'N', 
 ',');

INSERT
INTO "EVENT_EXP_CONTEXT"
("ID",
 "APP_VERSION_ID",
 "EVENT_TYPE_ID", 
 "EVENT_CONTEXT_TYPE", 
 "CONTEXT_DATA_TYPE", 
 "CARDINALITY", 
 "AGGREGATABLE_FLAG", 
 "AGGREGATION_SEP") 
VALUES
(189,
  (SELECT V.ID 
  FROM "APP_VERSION" V, 
       "APPLICATION" A
  WHERE V.APPLICATION_ID = A.ID
  AND V.VERSION = '3.2.4'
  AND A.NAME = 'FHNReference'
 ), 
 52, 
 'RESEND', 
 'String', 
 0, 
 'N', 
 ',');

INSERT
INTO "EVENT_EXP_CONTEXT"
("ID",
 "APP_VERSION_ID",
 "EVENT_TYPE_ID", 
 "EVENT_CONTEXT_TYPE", 
 "CONTEXT_DATA_TYPE", 
 "CARDINALITY", 
 "AGGREGATABLE_FLAG", 
 "AGGREGATION_SEP") 
VALUES
(190,
  (SELECT V.ID 
  FROM "APP_VERSION" V, 
       "APPLICATION" A
  WHERE V.APPLICATION_ID = A.ID
  AND V.VERSION = '3.2.4'
  AND A.NAME = 'FHNReference'
 ), 
 52, 
 'TRANSMISSION', 
 'ID', 
 1, 
 'Y', 
 ',');




INSERT INTO "EVENT_TYPE" 
("ID", 
 "APP_VERSION_ID",
 "TYPE", 
 "MSG_ID",
 "MSG_CATALOG", 
 "LOG_EVENT_FLAG", 
 "RENDER_AS_MSG", 
 "AGGREGATION_THRESH",
 "PRIORITY") 
VALUES
(53, 
(SELECT V.ID 
  FROM "APP_VERSION" V, 
       "APPLICATION" A
  WHERE V.APPLICATION_ID = A.ID
  AND V.VERSION = '3.2.4'
  AND A.NAME = 'FHNReference'
 ),
 'E_OutPTRouteFailed', 
 null, 
 '', 
 'Y', 
 'Y', 
 100,
 null);


INSERT
INTO "EVENT_EXP_CONTEXT"
("ID",
 "APP_VERSION_ID",
 "EVENT_TYPE_ID", 
 "EVENT_CONTEXT_TYPE", 
 "CONTEXT_DATA_TYPE", 
 "CARDINALITY", 
 "AGGREGATABLE_FLAG", 
 "AGGREGATION_SEP") 
VALUES
(191,
  (SELECT V.ID 
  FROM "APP_VERSION" V, 
       "APPLICATION" A
  WHERE V.APPLICATION_ID = A.ID
  AND V.VERSION = '3.2.4'
  AND A.NAME = 'FHNReference'
 ), 
 53, 
 'OUT_CHANNEL_ID', 
 'String', 
 1, 
 'N', 
 ',');

INSERT
INTO "EVENT_EXP_CONTEXT"
("ID",
 "APP_VERSION_ID",
 "EVENT_TYPE_ID", 
 "EVENT_CONTEXT_TYPE", 
 "CONTEXT_DATA_TYPE", 
 "CARDINALITY", 
 "AGGREGATABLE_FLAG", 
 "AGGREGATION_SEP") 
VALUES
(192,
  (SELECT V.ID 
  FROM "APP_VERSION" V, 
       "APPLICATION" A
  WHERE V.APPLICATION_ID = A.ID
  AND V.VERSION = '3.2.4'
  AND A.NAME = 'FHNReference'
 ), 
 53, 
 'OUT_PT_ROLE', 
 'String', 
 1, 
 'Y', 
 ',');

INSERT
INTO "EVENT_EXP_CONTEXT"
("ID",
 "APP_VERSION_ID",
 "EVENT_TYPE_ID", 
 "EVENT_CONTEXT_TYPE", 
 "CONTEXT_DATA_TYPE", 
 "CARDINALITY", 
 "AGGREGATABLE_FLAG", 
 "AGGREGATION_SEP") 
VALUES
(193,
  (SELECT V.ID 
  FROM "APP_VERSION" V, 
       "APPLICATION" A
  WHERE V.APPLICATION_ID = A.ID
  AND V.VERSION = '3.2.4'
  AND A.NAME = 'FHNReference'
 ), 
 53, 
 'OUT_PT_TYPE', 
 'String', 
 1, 
 'Y', 
 ',');

INSERT
INTO "EVENT_EXP_CONTEXT"
("ID",
 "APP_VERSION_ID",
 "EVENT_TYPE_ID", 
 "EVENT_CONTEXT_TYPE", 
 "CONTEXT_DATA_TYPE", 
 "CARDINALITY", 
 "AGGREGATABLE_FLAG", 
 "AGGREGATION_SEP") 
VALUES
(194,
  (SELECT V.ID 
  FROM "APP_VERSION" V, 
       "APPLICATION" A
  WHERE V.APPLICATION_ID = A.ID
  AND V.VERSION = '3.2.4'
  AND A.NAME = 'FHNReference'
 ), 
 53, 
 'SERVICE_PARTICIPANT_ID', 
 'String', 
 1, 
 'Y', 
 ',');

INSERT
INTO "EVENT_EXP_CONTEXT"
("ID",
 "APP_VERSION_ID",
 "EVENT_TYPE_ID", 
 "EVENT_CONTEXT_TYPE", 
 "CONTEXT_DATA_TYPE", 
 "CARDINALITY", 
 "AGGREGATABLE_FLAG", 
 "AGGREGATION_SEP") 
VALUES
(195,
  (SELECT V.ID 
  FROM "APP_VERSION" V, 
       "APPLICATION" A
  WHERE V.APPLICATION_ID = A.ID
  AND V.VERSION = '3.2.4'
  AND A.NAME = 'FHNReference'
 ), 
 53, 
 'TRANSACTION', 
 'String', 
 1, 
 'Y', 
 ',');

INSERT
INTO "EVENT_EXP_CONTEXT"
("ID",
 "APP_VERSION_ID",
 "EVENT_TYPE_ID", 
 "EVENT_CONTEXT_TYPE", 
 "CONTEXT_DATA_TYPE", 
 "CARDINALITY", 
 "AGGREGATABLE_FLAG", 
 "AGGREGATION_SEP") 
VALUES
(196,
  (SELECT V.ID 
  FROM "APP_VERSION" V, 
       "APPLICATION" A
  WHERE V.APPLICATION_ID = A.ID
  AND V.VERSION = '3.2.4'
  AND A.NAME = 'FHNReference'
 ), 
 53, 
 'TRANSMISSION', 
 'String', 
 1, 
 'Y', 
 ',');




INSERT INTO "EVENT_TYPE" 
("ID", 
 "APP_VERSION_ID",
 "TYPE", 
 "MSG_ID",
 "MSG_CATALOG", 
 "LOG_EVENT_FLAG", 
 "RENDER_AS_MSG", 
 "AGGREGATION_THRESH",
 "PRIORITY") 
VALUES
(54, 
(SELECT V.ID 
  FROM "APP_VERSION" V, 
       "APPLICATION" A
  WHERE V.APPLICATION_ID = A.ID
  AND V.VERSION = '3.2.4'
  AND A.NAME = 'FHNReference'
 ),
 'E_OutPTSendAbort', 
 null, 
 '', 
 'Y', 
 'Y', 
 100,
 null);


INSERT
INTO "EVENT_EXP_CONTEXT"
("ID",
 "APP_VERSION_ID",
 "EVENT_TYPE_ID", 
 "EVENT_CONTEXT_TYPE", 
 "CONTEXT_DATA_TYPE", 
 "CARDINALITY", 
 "AGGREGATABLE_FLAG", 
 "AGGREGATION_SEP") 
VALUES
(197,
  (SELECT V.ID 
  FROM "APP_VERSION" V, 
       "APPLICATION" A
  WHERE V.APPLICATION_ID = A.ID
  AND V.VERSION = '3.2.4'
  AND A.NAME = 'FHNReference'
 ), 
 54, 
 'TRANSMISSION', 
 'ID', 
 1, 
 'Y', 
 ',');




INSERT INTO "EVENT_TYPE" 
("ID", 
 "APP_VERSION_ID",
 "TYPE", 
 "MSG_ID",
 "MSG_CATALOG", 
 "LOG_EVENT_FLAG", 
 "RENDER_AS_MSG", 
 "AGGREGATION_THRESH",
 "PRIORITY") 
VALUES
(55, 
(SELECT V.ID 
  FROM "APP_VERSION" V, 
       "APPLICATION" A
  WHERE V.APPLICATION_ID = A.ID
  AND V.VERSION = '3.2.4'
  AND A.NAME = 'FHNReference'
 ),
 'E_OutPTSendConfirmed', 
 null, 
 '', 
 'N', 
 'N', 
 100,
 null);


INSERT
INTO "EVENT_EXP_CONTEXT"
("ID",
 "APP_VERSION_ID",
 "EVENT_TYPE_ID", 
 "EVENT_CONTEXT_TYPE", 
 "CONTEXT_DATA_TYPE", 
 "CARDINALITY", 
 "AGGREGATABLE_FLAG", 
 "AGGREGATION_SEP") 
VALUES
(198,
  (SELECT V.ID 
  FROM "APP_VERSION" V, 
       "APPLICATION" A
  WHERE V.APPLICATION_ID = A.ID
  AND V.VERSION = '3.2.4'
  AND A.NAME = 'FHNReference'
 ), 
 55, 
 'ERROR', 
 'String', 
 0, 
 'N', 
 ',');

INSERT
INTO "EVENT_EXP_CONTEXT"
("ID",
 "APP_VERSION_ID",
 "EVENT_TYPE_ID", 
 "EVENT_CONTEXT_TYPE", 
 "CONTEXT_DATA_TYPE", 
 "CARDINALITY", 
 "AGGREGATABLE_FLAG", 
 "AGGREGATION_SEP") 
VALUES
(199,
  (SELECT V.ID 
  FROM "APP_VERSION" V, 
       "APPLICATION" A
  WHERE V.APPLICATION_ID = A.ID
  AND V.VERSION = '3.2.4'
  AND A.NAME = 'FHNReference'
 ), 
 55, 
 'TRANSACTION', 
 'ID', 
 1, 
 'Y', 
 ',');

INSERT
INTO "EVENT_EXP_CONTEXT"
("ID",
 "APP_VERSION_ID",
 "EVENT_TYPE_ID", 
 "EVENT_CONTEXT_TYPE", 
 "CONTEXT_DATA_TYPE", 
 "CARDINALITY", 
 "AGGREGATABLE_FLAG", 
 "AGGREGATION_SEP") 
VALUES
(200,
  (SELECT V.ID 
  FROM "APP_VERSION" V, 
       "APPLICATION" A
  WHERE V.APPLICATION_ID = A.ID
  AND V.VERSION = '3.2.4'
  AND A.NAME = 'FHNReference'
 ), 
 55, 
 'TRANSMISSION', 
 'String', 
 1, 
 'N', 
 ',');

INSERT
INTO "EVENT_EXP_CONTEXT"
("ID",
 "APP_VERSION_ID",
 "EVENT_TYPE_ID", 
 "EVENT_CONTEXT_TYPE", 
 "CONTEXT_DATA_TYPE", 
 "CARDINALITY", 
 "AGGREGATABLE_FLAG", 
 "AGGREGATION_SEP") 
VALUES
(201,
  (SELECT V.ID 
  FROM "APP_VERSION" V, 
       "APPLICATION" A
  WHERE V.APPLICATION_ID = A.ID
  AND V.VERSION = '3.2.4'
  AND A.NAME = 'FHNReference'
 ), 
 55, 
 'WARNING', 
 'String', 
 0, 
 'N', 
 ',');




INSERT INTO "EVENT_TYPE" 
("ID", 
 "APP_VERSION_ID",
 "TYPE", 
 "MSG_ID",
 "MSG_CATALOG", 
 "LOG_EVENT_FLAG", 
 "RENDER_AS_MSG", 
 "AGGREGATION_THRESH",
 "PRIORITY") 
VALUES
(56, 
(SELECT V.ID 
  FROM "APP_VERSION" V, 
       "APPLICATION" A
  WHERE V.APPLICATION_ID = A.ID
  AND V.VERSION = '3.2.4'
  AND A.NAME = 'FHNReference'
 ),
 'E_OutPTSendFailed', 
 null, 
 '', 
 'Y', 
 'Y', 
 100,
 null);


INSERT
INTO "EVENT_EXP_CONTEXT"
("ID",
 "APP_VERSION_ID",
 "EVENT_TYPE_ID", 
 "EVENT_CONTEXT_TYPE", 
 "CONTEXT_DATA_TYPE", 
 "CARDINALITY", 
 "AGGREGATABLE_FLAG", 
 "AGGREGATION_SEP") 
VALUES
(202,
  (SELECT V.ID 
  FROM "APP_VERSION" V, 
       "APPLICATION" A
  WHERE V.APPLICATION_ID = A.ID
  AND V.VERSION = '3.2.4'
  AND A.NAME = 'FHNReference'
 ), 
 56, 
 'PTTYPE', 
 'String', 
 0, 
 'N', 
 ',');

INSERT
INTO "EVENT_EXP_CONTEXT"
("ID",
 "APP_VERSION_ID",
 "EVENT_TYPE_ID", 
 "EVENT_CONTEXT_TYPE", 
 "CONTEXT_DATA_TYPE", 
 "CARDINALITY", 
 "AGGREGATABLE_FLAG", 
 "AGGREGATION_SEP") 
VALUES
(203,
  (SELECT V.ID 
  FROM "APP_VERSION" V, 
       "APPLICATION" A
  WHERE V.APPLICATION_ID = A.ID
  AND V.VERSION = '3.2.4'
  AND A.NAME = 'FHNReference'
 ), 
 56, 
 'TRANSMISSION', 
 'ID', 
 1, 
 'Y', 
 ',');




INSERT INTO "EVENT_TYPE" 
("ID", 
 "APP_VERSION_ID",
 "TYPE", 
 "MSG_ID",
 "MSG_CATALOG", 
 "LOG_EVENT_FLAG", 
 "RENDER_AS_MSG", 
 "AGGREGATION_THRESH",
 "PRIORITY") 
VALUES
(57, 
(SELECT V.ID 
  FROM "APP_VERSION" V, 
       "APPLICATION" A
  WHERE V.APPLICATION_ID = A.ID
  AND V.VERSION = '3.2.4'
  AND A.NAME = 'FHNReference'
 ),
 'E_OutPTSent', 
 null, 
 '', 
 'N', 
 'N', 
 100,
 null);


INSERT
INTO "EVENT_EXP_CONTEXT"
("ID",
 "APP_VERSION_ID",
 "EVENT_TYPE_ID", 
 "EVENT_CONTEXT_TYPE", 
 "CONTEXT_DATA_TYPE", 
 "CARDINALITY", 
 "AGGREGATABLE_FLAG", 
 "AGGREGATION_SEP") 
VALUES
(204,
  (SELECT V.ID 
  FROM "APP_VERSION" V, 
       "APPLICATION" A
  WHERE V.APPLICATION_ID = A.ID
  AND V.VERSION = '3.2.4'
  AND A.NAME = 'FHNReference'
 ), 
 57, 
 'EXPECT_ACK', 
 'String', 
 0, 
 'N', 
 ',');

INSERT
INTO "EVENT_EXP_CONTEXT"
("ID",
 "APP_VERSION_ID",
 "EVENT_TYPE_ID", 
 "EVENT_CONTEXT_TYPE", 
 "CONTEXT_DATA_TYPE", 
 "CARDINALITY", 
 "AGGREGATABLE_FLAG", 
 "AGGREGATION_SEP") 
VALUES
(205,
  (SELECT V.ID 
  FROM "APP_VERSION" V, 
       "APPLICATION" A
  WHERE V.APPLICATION_ID = A.ID
  AND V.VERSION = '3.2.4'
  AND A.NAME = 'FHNReference'
 ), 
 57, 
 'PTTYPE', 
 'String', 
 0, 
 'N', 
 ',');

INSERT
INTO "EVENT_EXP_CONTEXT"
("ID",
 "APP_VERSION_ID",
 "EVENT_TYPE_ID", 
 "EVENT_CONTEXT_TYPE", 
 "CONTEXT_DATA_TYPE", 
 "CARDINALITY", 
 "AGGREGATABLE_FLAG", 
 "AGGREGATION_SEP") 
VALUES
(206,
  (SELECT V.ID 
  FROM "APP_VERSION" V, 
       "APPLICATION" A
  WHERE V.APPLICATION_ID = A.ID
  AND V.VERSION = '3.2.4'
  AND A.NAME = 'FHNReference'
 ), 
 57, 
 'RESEND', 
 'String', 
 0, 
 'N', 
 ',');

INSERT
INTO "EVENT_EXP_CONTEXT"
("ID",
 "APP_VERSION_ID",
 "EVENT_TYPE_ID", 
 "EVENT_CONTEXT_TYPE", 
 "CONTEXT_DATA_TYPE", 
 "CARDINALITY", 
 "AGGREGATABLE_FLAG", 
 "AGGREGATION_SEP") 
VALUES
(207,
  (SELECT V.ID 
  FROM "APP_VERSION" V, 
       "APPLICATION" A
  WHERE V.APPLICATION_ID = A.ID
  AND V.VERSION = '3.2.4'
  AND A.NAME = 'FHNReference'
 ), 
 57, 
 'TRANSMISSION', 
 'ID', 
 1, 
 'Y', 
 ',');




INSERT INTO "EVENT_TYPE" 
("ID", 
 "APP_VERSION_ID",
 "TYPE", 
 "MSG_ID",
 "MSG_CATALOG", 
 "LOG_EVENT_FLAG", 
 "RENDER_AS_MSG", 
 "AGGREGATION_THRESH",
 "PRIORITY") 
VALUES
(58, 
(SELECT V.ID 
  FROM "APP_VERSION" V, 
       "APPLICATION" A
  WHERE V.APPLICATION_ID = A.ID
  AND V.VERSION = '3.2.4'
  AND A.NAME = 'FHNReference'
 ),
 'E_OutTxnAckRecvd', 
 null, 
 '', 
 'N', 
 'Y', 
 100,
 null);


INSERT
INTO "EVENT_EXP_CONTEXT"
("ID",
 "APP_VERSION_ID",
 "EVENT_TYPE_ID", 
 "EVENT_CONTEXT_TYPE", 
 "CONTEXT_DATA_TYPE", 
 "CARDINALITY", 
 "AGGREGATABLE_FLAG", 
 "AGGREGATION_SEP") 
VALUES
(208,
  (SELECT V.ID 
  FROM "APP_VERSION" V, 
       "APPLICATION" A
  WHERE V.APPLICATION_ID = A.ID
  AND V.VERSION = '3.2.4'
  AND A.NAME = 'FHNReference'
 ), 
 58, 
 'INTERIM_ACK', 
 'String', 
 0, 
 'N', 
 ',');

INSERT
INTO "EVENT_EXP_CONTEXT"
("ID",
 "APP_VERSION_ID",
 "EVENT_TYPE_ID", 
 "EVENT_CONTEXT_TYPE", 
 "CONTEXT_DATA_TYPE", 
 "CARDINALITY", 
 "AGGREGATABLE_FLAG", 
 "AGGREGATION_SEP") 
VALUES
(209,
  (SELECT V.ID 
  FROM "APP_VERSION" V, 
       "APPLICATION" A
  WHERE V.APPLICATION_ID = A.ID
  AND V.VERSION = '3.2.4'
  AND A.NAME = 'FHNReference'
 ), 
 58, 
 'MASTER_ID', 
 'ID', 
 0, 
 'Y', 
 ',');

INSERT
INTO "EVENT_EXP_CONTEXT"
("ID",
 "APP_VERSION_ID",
 "EVENT_TYPE_ID", 
 "EVENT_CONTEXT_TYPE", 
 "CONTEXT_DATA_TYPE", 
 "CARDINALITY", 
 "AGGREGATABLE_FLAG", 
 "AGGREGATION_SEP") 
VALUES
(210,
  (SELECT V.ID 
  FROM "APP_VERSION" V, 
       "APPLICATION" A
  WHERE V.APPLICATION_ID = A.ID
  AND V.VERSION = '3.2.4'
  AND A.NAME = 'FHNReference'
 ), 
 58, 
 'TRANSACTION', 
 'ID', 
 1, 
 'Y', 
 ',');

INSERT
INTO "EVENT_EXP_CONTEXT"
("ID",
 "APP_VERSION_ID",
 "EVENT_TYPE_ID", 
 "EVENT_CONTEXT_TYPE", 
 "CONTEXT_DATA_TYPE", 
 "CARDINALITY", 
 "AGGREGATABLE_FLAG", 
 "AGGREGATION_SEP") 
VALUES
(211,
  (SELECT V.ID 
  FROM "APP_VERSION" V, 
       "APPLICATION" A
  WHERE V.APPLICATION_ID = A.ID
  AND V.VERSION = '3.2.4'
  AND A.NAME = 'FHNReference'
 ), 
 58, 
 'TXN_CLASS', 
 'String', 
 1, 
 'N', 
 ',');

INSERT
INTO "EVENT_EXP_CONTEXT"
("ID",
 "APP_VERSION_ID",
 "EVENT_TYPE_ID", 
 "EVENT_CONTEXT_TYPE", 
 "CONTEXT_DATA_TYPE", 
 "CARDINALITY", 
 "AGGREGATABLE_FLAG", 
 "AGGREGATION_SEP") 
VALUES
(212,
  (SELECT V.ID 
  FROM "APP_VERSION" V, 
       "APPLICATION" A
  WHERE V.APPLICATION_ID = A.ID
  AND V.VERSION = '3.2.4'
  AND A.NAME = 'FHNReference'
 ), 
 58, 
 'TXN_TYPE', 
 'String', 
 1, 
 'N', 
 ',');




INSERT INTO "EVENT_TYPE" 
("ID", 
 "APP_VERSION_ID",
 "TYPE", 
 "MSG_ID",
 "MSG_CATALOG", 
 "LOG_EVENT_FLAG", 
 "RENDER_AS_MSG", 
 "AGGREGATION_THRESH",
 "PRIORITY") 
VALUES
(59, 
(SELECT V.ID 
  FROM "APP_VERSION" V, 
       "APPLICATION" A
  WHERE V.APPLICATION_ID = A.ID
  AND V.VERSION = '3.2.4'
  AND A.NAME = 'FHNReference'
 ),
 'E_OutTxnComplete', 
 null, 
 '', 
 'N', 
 'N', 
 100,
 null);


INSERT
INTO "EVENT_EXP_CONTEXT"
("ID",
 "APP_VERSION_ID",
 "EVENT_TYPE_ID", 
 "EVENT_CONTEXT_TYPE", 
 "CONTEXT_DATA_TYPE", 
 "CARDINALITY", 
 "AGGREGATABLE_FLAG", 
 "AGGREGATION_SEP") 
VALUES
(213,
  (SELECT V.ID 
  FROM "APP_VERSION" V, 
       "APPLICATION" A
  WHERE V.APPLICATION_ID = A.ID
  AND V.VERSION = '3.2.4'
  AND A.NAME = 'FHNReference'
 ), 
 59, 
 'BATCH', 
 'ID', 
 0, 
 'N', 
 ',');

INSERT
INTO "EVENT_EXP_CONTEXT"
("ID",
 "APP_VERSION_ID",
 "EVENT_TYPE_ID", 
 "EVENT_CONTEXT_TYPE", 
 "CONTEXT_DATA_TYPE", 
 "CARDINALITY", 
 "AGGREGATABLE_FLAG", 
 "AGGREGATION_SEP") 
VALUES
(214,
  (SELECT V.ID 
  FROM "APP_VERSION" V, 
       "APPLICATION" A
  WHERE V.APPLICATION_ID = A.ID
  AND V.VERSION = '3.2.4'
  AND A.NAME = 'FHNReference'
 ), 
 59, 
 'OUT_TXN_CLASS', 
 'String', 
 1, 
 'N', 
 ',');

INSERT
INTO "EVENT_EXP_CONTEXT"
("ID",
 "APP_VERSION_ID",
 "EVENT_TYPE_ID", 
 "EVENT_CONTEXT_TYPE", 
 "CONTEXT_DATA_TYPE", 
 "CARDINALITY", 
 "AGGREGATABLE_FLAG", 
 "AGGREGATION_SEP") 
VALUES
(215,
  (SELECT V.ID 
  FROM "APP_VERSION" V, 
       "APPLICATION" A
  WHERE V.APPLICATION_ID = A.ID
  AND V.VERSION = '3.2.4'
  AND A.NAME = 'FHNReference'
 ), 
 59, 
 'OUT_TXN_TYPE', 
 'String', 
 1, 
 'N', 
 ',');

INSERT
INTO "EVENT_EXP_CONTEXT"
("ID",
 "APP_VERSION_ID",
 "EVENT_TYPE_ID", 
 "EVENT_CONTEXT_TYPE", 
 "CONTEXT_DATA_TYPE", 
 "CARDINALITY", 
 "AGGREGATABLE_FLAG", 
 "AGGREGATION_SEP") 
VALUES
(216,
  (SELECT V.ID 
  FROM "APP_VERSION" V, 
       "APPLICATION" A
  WHERE V.APPLICATION_ID = A.ID
  AND V.VERSION = '3.2.4'
  AND A.NAME = 'FHNReference'
 ), 
 59, 
 'TRANSACTION', 
 'ID', 
 1, 
 'Y', 
 ',');




INSERT INTO "EVENT_TYPE" 
("ID", 
 "APP_VERSION_ID",
 "TYPE", 
 "MSG_ID",
 "MSG_CATALOG", 
 "LOG_EVENT_FLAG", 
 "RENDER_AS_MSG", 
 "AGGREGATION_THRESH",
 "PRIORITY") 
VALUES
(60, 
(SELECT V.ID 
  FROM "APP_VERSION" V, 
       "APPLICATION" A
  WHERE V.APPLICATION_ID = A.ID
  AND V.VERSION = '3.2.4'
  AND A.NAME = 'FHNReference'
 ),
 'E_OutTxnFailed', 
 null, 
 '', 
 'Y', 
 'N', 
 100,
 null);


INSERT
INTO "EVENT_EXP_CONTEXT"
("ID",
 "APP_VERSION_ID",
 "EVENT_TYPE_ID", 
 "EVENT_CONTEXT_TYPE", 
 "CONTEXT_DATA_TYPE", 
 "CARDINALITY", 
 "AGGREGATABLE_FLAG", 
 "AGGREGATION_SEP") 
VALUES
(217,
  (SELECT V.ID 
  FROM "APP_VERSION" V, 
       "APPLICATION" A
  WHERE V.APPLICATION_ID = A.ID
  AND V.VERSION = '3.2.4'
  AND A.NAME = 'FHNReference'
 ), 
 60, 
 'BATCH', 
 'ID', 
 0, 
 'N', 
 ',');

INSERT
INTO "EVENT_EXP_CONTEXT"
("ID",
 "APP_VERSION_ID",
 "EVENT_TYPE_ID", 
 "EVENT_CONTEXT_TYPE", 
 "CONTEXT_DATA_TYPE", 
 "CARDINALITY", 
 "AGGREGATABLE_FLAG", 
 "AGGREGATION_SEP") 
VALUES
(218,
  (SELECT V.ID 
  FROM "APP_VERSION" V, 
       "APPLICATION" A
  WHERE V.APPLICATION_ID = A.ID
  AND V.VERSION = '3.2.4'
  AND A.NAME = 'FHNReference'
 ), 
 60, 
 'MASTER_ID', 
 'ID', 
 0, 
 'Y', 
 ',');

INSERT
INTO "EVENT_EXP_CONTEXT"
("ID",
 "APP_VERSION_ID",
 "EVENT_TYPE_ID", 
 "EVENT_CONTEXT_TYPE", 
 "CONTEXT_DATA_TYPE", 
 "CARDINALITY", 
 "AGGREGATABLE_FLAG", 
 "AGGREGATION_SEP") 
VALUES
(219,
  (SELECT V.ID 
  FROM "APP_VERSION" V, 
       "APPLICATION" A
  WHERE V.APPLICATION_ID = A.ID
  AND V.VERSION = '3.2.4'
  AND A.NAME = 'FHNReference'
 ), 
 60, 
 'OUT_TXN_CLASS', 
 'String', 
 1, 
 'N', 
 ',');

INSERT
INTO "EVENT_EXP_CONTEXT"
("ID",
 "APP_VERSION_ID",
 "EVENT_TYPE_ID", 
 "EVENT_CONTEXT_TYPE", 
 "CONTEXT_DATA_TYPE", 
 "CARDINALITY", 
 "AGGREGATABLE_FLAG", 
 "AGGREGATION_SEP") 
VALUES
(220,
  (SELECT V.ID 
  FROM "APP_VERSION" V, 
       "APPLICATION" A
  WHERE V.APPLICATION_ID = A.ID
  AND V.VERSION = '3.2.4'
  AND A.NAME = 'FHNReference'
 ), 
 60, 
 'OUT_TXN_TYPE', 
 'String', 
 1, 
 'N', 
 ',');

INSERT
INTO "EVENT_EXP_CONTEXT"
("ID",
 "APP_VERSION_ID",
 "EVENT_TYPE_ID", 
 "EVENT_CONTEXT_TYPE", 
 "CONTEXT_DATA_TYPE", 
 "CARDINALITY", 
 "AGGREGATABLE_FLAG", 
 "AGGREGATION_SEP") 
VALUES
(221,
  (SELECT V.ID 
  FROM "APP_VERSION" V, 
       "APPLICATION" A
  WHERE V.APPLICATION_ID = A.ID
  AND V.VERSION = '3.2.4'
  AND A.NAME = 'FHNReference'
 ), 
 60, 
 'TRANSACTION', 
 'ID', 
 1, 
 'Y', 
 ',');




INSERT INTO "EVENT_TYPE" 
("ID", 
 "APP_VERSION_ID",
 "TYPE", 
 "MSG_ID",
 "MSG_CATALOG", 
 "LOG_EVENT_FLAG", 
 "RENDER_AS_MSG", 
 "AGGREGATION_THRESH",
 "PRIORITY") 
VALUES
(61, 
(SELECT V.ID 
  FROM "APP_VERSION" V, 
       "APPLICATION" A
  WHERE V.APPLICATION_ID = A.ID
  AND V.VERSION = '3.2.4'
  AND A.NAME = 'FHNReference'
 ),
 'E_OutTxnMonitorResponseTimeout', 
 null, 
 '', 
 'N', 
 'Y', 
 100,
 null);


INSERT
INTO "EVENT_EXP_CONTEXT"
("ID",
 "APP_VERSION_ID",
 "EVENT_TYPE_ID", 
 "EVENT_CONTEXT_TYPE", 
 "CONTEXT_DATA_TYPE", 
 "CARDINALITY", 
 "AGGREGATABLE_FLAG", 
 "AGGREGATION_SEP") 
VALUES
(222,
  (SELECT V.ID 
  FROM "APP_VERSION" V, 
       "APPLICATION" A
  WHERE V.APPLICATION_ID = A.ID
  AND V.VERSION = '3.2.4'
  AND A.NAME = 'FHNReference'
 ), 
 61, 
 'SVC_PARTICIPANT_NAME', 
 'String', 
 1, 
 'N', 
 ',');

INSERT
INTO "EVENT_EXP_CONTEXT"
("ID",
 "APP_VERSION_ID",
 "EVENT_TYPE_ID", 
 "EVENT_CONTEXT_TYPE", 
 "CONTEXT_DATA_TYPE", 
 "CARDINALITY", 
 "AGGREGATABLE_FLAG", 
 "AGGREGATION_SEP") 
VALUES
(223,
  (SELECT V.ID 
  FROM "APP_VERSION" V, 
       "APPLICATION" A
  WHERE V.APPLICATION_ID = A.ID
  AND V.VERSION = '3.2.4'
  AND A.NAME = 'FHNReference'
 ), 
 61, 
 'TRANSACTION', 
 'ID', 
 1, 
 'Y', 
 ',');

INSERT
INTO "EVENT_EXP_CONTEXT"
("ID",
 "APP_VERSION_ID",
 "EVENT_TYPE_ID", 
 "EVENT_CONTEXT_TYPE", 
 "CONTEXT_DATA_TYPE", 
 "CARDINALITY", 
 "AGGREGATABLE_FLAG", 
 "AGGREGATION_SEP") 
VALUES
(224,
  (SELECT V.ID 
  FROM "APP_VERSION" V, 
       "APPLICATION" A
  WHERE V.APPLICATION_ID = A.ID
  AND V.VERSION = '3.2.4'
  AND A.NAME = 'FHNReference'
 ), 
 61, 
 'TXN_TYPE', 
 'String', 
 1, 
 'N', 
 ',');




INSERT INTO "EVENT_TYPE" 
("ID", 
 "APP_VERSION_ID",
 "TYPE", 
 "MSG_ID",
 "MSG_CATALOG", 
 "LOG_EVENT_FLAG", 
 "RENDER_AS_MSG", 
 "AGGREGATION_THRESH",
 "PRIORITY") 
VALUES
(62, 
(SELECT V.ID 
  FROM "APP_VERSION" V, 
       "APPLICATION" A
  WHERE V.APPLICATION_ID = A.ID
  AND V.VERSION = '3.2.4'
  AND A.NAME = 'FHNReference'
 ),
 'E_OutTxnMonitorResponseTimeoutDevolved', 
 null, 
 '', 
 'N', 
 'Y', 
 100,
 null);


INSERT
INTO "EVENT_EXP_CONTEXT"
("ID",
 "APP_VERSION_ID",
 "EVENT_TYPE_ID", 
 "EVENT_CONTEXT_TYPE", 
 "CONTEXT_DATA_TYPE", 
 "CARDINALITY", 
 "AGGREGATABLE_FLAG", 
 "AGGREGATION_SEP") 
VALUES
(225,
  (SELECT V.ID 
  FROM "APP_VERSION" V, 
       "APPLICATION" A
  WHERE V.APPLICATION_ID = A.ID
  AND V.VERSION = '3.2.4'
  AND A.NAME = 'FHNReference'
 ), 
 62, 
 'PARTIAL', 
 'String', 
 1, 
 'N', 
 ',');

INSERT
INTO "EVENT_EXP_CONTEXT"
("ID",
 "APP_VERSION_ID",
 "EVENT_TYPE_ID", 
 "EVENT_CONTEXT_TYPE", 
 "CONTEXT_DATA_TYPE", 
 "CARDINALITY", 
 "AGGREGATABLE_FLAG", 
 "AGGREGATION_SEP") 
VALUES
(226,
  (SELECT V.ID 
  FROM "APP_VERSION" V, 
       "APPLICATION" A
  WHERE V.APPLICATION_ID = A.ID
  AND V.VERSION = '3.2.4'
  AND A.NAME = 'FHNReference'
 ), 
 62, 
 'TRANSACTION', 
 'ID', 
 1, 
 'Y', 
 ',');

INSERT
INTO "EVENT_EXP_CONTEXT"
("ID",
 "APP_VERSION_ID",
 "EVENT_TYPE_ID", 
 "EVENT_CONTEXT_TYPE", 
 "CONTEXT_DATA_TYPE", 
 "CARDINALITY", 
 "AGGREGATABLE_FLAG", 
 "AGGREGATION_SEP") 
VALUES
(227,
  (SELECT V.ID 
  FROM "APP_VERSION" V, 
       "APPLICATION" A
  WHERE V.APPLICATION_ID = A.ID
  AND V.VERSION = '3.2.4'
  AND A.NAME = 'FHNReference'
 ), 
 62, 
 'TXN_TYPE', 
 'String', 
 1, 
 'N', 
 ',');




INSERT INTO "EVENT_TYPE" 
("ID", 
 "APP_VERSION_ID",
 "TYPE", 
 "MSG_ID",
 "MSG_CATALOG", 
 "LOG_EVENT_FLAG", 
 "RENDER_AS_MSG", 
 "AGGREGATION_THRESH",
 "PRIORITY") 
VALUES
(63, 
(SELECT V.ID 
  FROM "APP_VERSION" V, 
       "APPLICATION" A
  WHERE V.APPLICATION_ID = A.ID
  AND V.VERSION = '3.2.4'
  AND A.NAME = 'FHNReference'
 ),
 'E_OutTxnResponseTimeout', 
 null, 
 '', 
 'N', 
 'Y', 
 1000,
 null);


INSERT
INTO "EVENT_EXP_CONTEXT"
("ID",
 "APP_VERSION_ID",
 "EVENT_TYPE_ID", 
 "EVENT_CONTEXT_TYPE", 
 "CONTEXT_DATA_TYPE", 
 "CARDINALITY", 
 "AGGREGATABLE_FLAG", 
 "AGGREGATION_SEP") 
VALUES
(228,
  (SELECT V.ID 
  FROM "APP_VERSION" V, 
       "APPLICATION" A
  WHERE V.APPLICATION_ID = A.ID
  AND V.VERSION = '3.2.4'
  AND A.NAME = 'FHNReference'
 ), 
 63, 
 'MONITOR_ID', 
 'ID', 
 1, 
 'N', 
 ',');

INSERT
INTO "EVENT_EXP_CONTEXT"
("ID",
 "APP_VERSION_ID",
 "EVENT_TYPE_ID", 
 "EVENT_CONTEXT_TYPE", 
 "CONTEXT_DATA_TYPE", 
 "CARDINALITY", 
 "AGGREGATABLE_FLAG", 
 "AGGREGATION_SEP") 
VALUES
(229,
  (SELECT V.ID 
  FROM "APP_VERSION" V, 
       "APPLICATION" A
  WHERE V.APPLICATION_ID = A.ID
  AND V.VERSION = '3.2.4'
  AND A.NAME = 'FHNReference'
 ), 
 63, 
 'TRANSACTION', 
 'ID', 
 1, 
 'Y', 
 ',');




INSERT INTO "EVENT_TYPE" 
("ID", 
 "APP_VERSION_ID",
 "TYPE", 
 "MSG_ID",
 "MSG_CATALOG", 
 "LOG_EVENT_FLAG", 
 "RENDER_AS_MSG", 
 "AGGREGATION_THRESH",
 "PRIORITY") 
VALUES
(64, 
(SELECT V.ID 
  FROM "APP_VERSION" V, 
       "APPLICATION" A
  WHERE V.APPLICATION_ID = A.ID
  AND V.VERSION = '3.2.4'
  AND A.NAME = 'FHNReference'
 ),
 'E_OutTxnRouteFailed', 
 null, 
 '', 
 'N', 
 'N', 
 100,
 null);


INSERT
INTO "EVENT_EXP_CONTEXT"
("ID",
 "APP_VERSION_ID",
 "EVENT_TYPE_ID", 
 "EVENT_CONTEXT_TYPE", 
 "CONTEXT_DATA_TYPE", 
 "CARDINALITY", 
 "AGGREGATABLE_FLAG", 
 "AGGREGATION_SEP") 
VALUES
(230,
  (SELECT V.ID 
  FROM "APP_VERSION" V, 
       "APPLICATION" A
  WHERE V.APPLICATION_ID = A.ID
  AND V.VERSION = '3.2.4'
  AND A.NAME = 'FHNReference'
 ), 
 64, 
 'BATCH', 
 'ID', 
 0, 
 'N', 
 ',');

INSERT
INTO "EVENT_EXP_CONTEXT"
("ID",
 "APP_VERSION_ID",
 "EVENT_TYPE_ID", 
 "EVENT_CONTEXT_TYPE", 
 "CONTEXT_DATA_TYPE", 
 "CARDINALITY", 
 "AGGREGATABLE_FLAG", 
 "AGGREGATION_SEP") 
VALUES
(231,
  (SELECT V.ID 
  FROM "APP_VERSION" V, 
       "APPLICATION" A
  WHERE V.APPLICATION_ID = A.ID
  AND V.VERSION = '3.2.4'
  AND A.NAME = 'FHNReference'
 ), 
 64, 
 'TRANSACTION', 
 'ID', 
 1, 
 'Y', 
 ',');

INSERT
INTO "EVENT_EXP_CONTEXT"
("ID",
 "APP_VERSION_ID",
 "EVENT_TYPE_ID", 
 "EVENT_CONTEXT_TYPE", 
 "CONTEXT_DATA_TYPE", 
 "CARDINALITY", 
 "AGGREGATABLE_FLAG", 
 "AGGREGATION_SEP") 
VALUES
(232,
  (SELECT V.ID 
  FROM "APP_VERSION" V, 
       "APPLICATION" A
  WHERE V.APPLICATION_ID = A.ID
  AND V.VERSION = '3.2.4'
  AND A.NAME = 'FHNReference'
 ), 
 64, 
 'TXN_TYPE', 
 'String', 
 1, 
 'N', 
 ',');




INSERT INTO "EVENT_TYPE" 
("ID", 
 "APP_VERSION_ID",
 "TYPE", 
 "MSG_ID",
 "MSG_CATALOG", 
 "LOG_EVENT_FLAG", 
 "RENDER_AS_MSG", 
 "AGGREGATION_THRESH",
 "PRIORITY") 
VALUES
(65, 
(SELECT V.ID 
  FROM "APP_VERSION" V, 
       "APPLICATION" A
  WHERE V.APPLICATION_ID = A.ID
  AND V.VERSION = '3.2.4'
  AND A.NAME = 'FHNReference'
 ),
 'E_OutTxnRouted', 
 null, 
 '', 
 'N', 
 'N', 
 100,
 null);


INSERT
INTO "EVENT_EXP_CONTEXT"
("ID",
 "APP_VERSION_ID",
 "EVENT_TYPE_ID", 
 "EVENT_CONTEXT_TYPE", 
 "CONTEXT_DATA_TYPE", 
 "CARDINALITY", 
 "AGGREGATABLE_FLAG", 
 "AGGREGATION_SEP") 
VALUES
(233,
  (SELECT V.ID 
  FROM "APP_VERSION" V, 
       "APPLICATION" A
  WHERE V.APPLICATION_ID = A.ID
  AND V.VERSION = '3.2.4'
  AND A.NAME = 'FHNReference'
 ), 
 65, 
 'BATCH', 
 'ID', 
 0, 
 'N', 
 ',');

INSERT
INTO "EVENT_EXP_CONTEXT"
("ID",
 "APP_VERSION_ID",
 "EVENT_TYPE_ID", 
 "EVENT_CONTEXT_TYPE", 
 "CONTEXT_DATA_TYPE", 
 "CARDINALITY", 
 "AGGREGATABLE_FLAG", 
 "AGGREGATION_SEP") 
VALUES
(234,
  (SELECT V.ID 
  FROM "APP_VERSION" V, 
       "APPLICATION" A
  WHERE V.APPLICATION_ID = A.ID
  AND V.VERSION = '3.2.4'
  AND A.NAME = 'FHNReference'
 ), 
 65, 
 'PARTICIPANT', 
 'ID', 
 1, 
 'N', 
 ',');

INSERT
INTO "EVENT_EXP_CONTEXT"
("ID",
 "APP_VERSION_ID",
 "EVENT_TYPE_ID", 
 "EVENT_CONTEXT_TYPE", 
 "CONTEXT_DATA_TYPE", 
 "CARDINALITY", 
 "AGGREGATABLE_FLAG", 
 "AGGREGATION_SEP") 
VALUES
(235,
  (SELECT V.ID 
  FROM "APP_VERSION" V, 
       "APPLICATION" A
  WHERE V.APPLICATION_ID = A.ID
  AND V.VERSION = '3.2.4'
  AND A.NAME = 'FHNReference'
 ), 
 65, 
 'TRANSACTION', 
 'ID', 
 1, 
 'Y', 
 ',');

INSERT
INTO "EVENT_EXP_CONTEXT"
("ID",
 "APP_VERSION_ID",
 "EVENT_TYPE_ID", 
 "EVENT_CONTEXT_TYPE", 
 "CONTEXT_DATA_TYPE", 
 "CARDINALITY", 
 "AGGREGATABLE_FLAG", 
 "AGGREGATION_SEP") 
VALUES
(236,
  (SELECT V.ID 
  FROM "APP_VERSION" V, 
       "APPLICATION" A
  WHERE V.APPLICATION_ID = A.ID
  AND V.VERSION = '3.2.4'
  AND A.NAME = 'FHNReference'
 ), 
 65, 
 'TXN_TYPE', 
 'String', 
 1, 
 'N', 
 ',');




INSERT INTO "EVENT_TYPE" 
("ID", 
 "APP_VERSION_ID",
 "TYPE", 
 "MSG_ID",
 "MSG_CATALOG", 
 "LOG_EVENT_FLAG", 
 "RENDER_AS_MSG", 
 "AGGREGATION_THRESH",
 "PRIORITY") 
VALUES
(66, 
(SELECT V.ID 
  FROM "APP_VERSION" V, 
       "APPLICATION" A
  WHERE V.APPLICATION_ID = A.ID
  AND V.VERSION = '3.2.4'
  AND A.NAME = 'FHNReference'
 ),
 'E_OutTxnSent', 
 null, 
 '', 
 'N', 
 'N', 
 100,
 null);


INSERT
INTO "EVENT_EXP_CONTEXT"
("ID",
 "APP_VERSION_ID",
 "EVENT_TYPE_ID", 
 "EVENT_CONTEXT_TYPE", 
 "CONTEXT_DATA_TYPE", 
 "CARDINALITY", 
 "AGGREGATABLE_FLAG", 
 "AGGREGATION_SEP") 
VALUES
(237,
  (SELECT V.ID 
  FROM "APP_VERSION" V, 
       "APPLICATION" A
  WHERE V.APPLICATION_ID = A.ID
  AND V.VERSION = '3.2.4'
  AND A.NAME = 'FHNReference'
 ), 
 66, 
 'EXPECT_ACK', 
 'String', 
 0, 
 'N', 
 ',');

INSERT
INTO "EVENT_EXP_CONTEXT"
("ID",
 "APP_VERSION_ID",
 "EVENT_TYPE_ID", 
 "EVENT_CONTEXT_TYPE", 
 "CONTEXT_DATA_TYPE", 
 "CARDINALITY", 
 "AGGREGATABLE_FLAG", 
 "AGGREGATION_SEP") 
VALUES
(238,
  (SELECT V.ID 
  FROM "APP_VERSION" V, 
       "APPLICATION" A
  WHERE V.APPLICATION_ID = A.ID
  AND V.VERSION = '3.2.4'
  AND A.NAME = 'FHNReference'
 ), 
 66, 
 'SUBTYPE', 
 'String', 
 0, 
 'N', 
 ',');

INSERT
INTO "EVENT_EXP_CONTEXT"
("ID",
 "APP_VERSION_ID",
 "EVENT_TYPE_ID", 
 "EVENT_CONTEXT_TYPE", 
 "CONTEXT_DATA_TYPE", 
 "CARDINALITY", 
 "AGGREGATABLE_FLAG", 
 "AGGREGATION_SEP") 
VALUES
(239,
  (SELECT V.ID 
  FROM "APP_VERSION" V, 
       "APPLICATION" A
  WHERE V.APPLICATION_ID = A.ID
  AND V.VERSION = '3.2.4'
  AND A.NAME = 'FHNReference'
 ), 
 66, 
 'TRANSACTION', 
 'ID', 
 1, 
 'Y', 
 ',');




INSERT INTO "EVENT_TYPE" 
("ID", 
 "APP_VERSION_ID",
 "TYPE", 
 "MSG_ID",
 "MSG_CATALOG", 
 "LOG_EVENT_FLAG", 
 "RENDER_AS_MSG", 
 "AGGREGATION_THRESH",
 "PRIORITY") 
VALUES
(67, 
(SELECT V.ID 
  FROM "APP_VERSION" V, 
       "APPLICATION" A
  WHERE V.APPLICATION_ID = A.ID
  AND V.VERSION = '3.2.4'
  AND A.NAME = 'FHNReference'
 ),
 'E_OutTxnTimeoutCheck', 
 null, 
 '', 
 'N', 
 'Y', 
 1,
 null);


INSERT
INTO "EVENT_EXP_CONTEXT"
("ID",
 "APP_VERSION_ID",
 "EVENT_TYPE_ID", 
 "EVENT_CONTEXT_TYPE", 
 "CONTEXT_DATA_TYPE", 
 "CARDINALITY", 
 "AGGREGATABLE_FLAG", 
 "AGGREGATION_SEP") 
VALUES
(240,
  (SELECT V.ID 
  FROM "APP_VERSION" V, 
       "APPLICATION" A
  WHERE V.APPLICATION_ID = A.ID
  AND V.VERSION = '3.2.4'
  AND A.NAME = 'FHNReference'
 ), 
 67, 
 'MONITOR_ID', 
 'ID', 
 1, 
 'N', 
 ',');




INSERT INTO "EVENT_TYPE" 
("ID", 
 "APP_VERSION_ID",
 "TYPE", 
 "MSG_ID",
 "MSG_CATALOG", 
 "LOG_EVENT_FLAG", 
 "RENDER_AS_MSG", 
 "AGGREGATION_THRESH",
 "PRIORITY") 
VALUES
(68, 
(SELECT V.ID 
  FROM "APP_VERSION" V, 
       "APPLICATION" A
  WHERE V.APPLICATION_ID = A.ID
  AND V.VERSION = '3.2.4'
  AND A.NAME = 'FHNReference'
 ),
 'E_OutTxnTimeoutCleared', 
 null, 
 '', 
 'Y', 
 'Y', 
 100,
 null);


INSERT
INTO "EVENT_EXP_CONTEXT"
("ID",
 "APP_VERSION_ID",
 "EVENT_TYPE_ID", 
 "EVENT_CONTEXT_TYPE", 
 "CONTEXT_DATA_TYPE", 
 "CARDINALITY", 
 "AGGREGATABLE_FLAG", 
 "AGGREGATION_SEP") 
VALUES
(241,
  (SELECT V.ID 
  FROM "APP_VERSION" V, 
       "APPLICATION" A
  WHERE V.APPLICATION_ID = A.ID
  AND V.VERSION = '3.2.4'
  AND A.NAME = 'FHNReference'
 ), 
 68, 
 'SVC_PARTICIPANT_NAME', 
 'String', 
 1, 
 'N', 
 ',');

INSERT
INTO "EVENT_EXP_CONTEXT"
("ID",
 "APP_VERSION_ID",
 "EVENT_TYPE_ID", 
 "EVENT_CONTEXT_TYPE", 
 "CONTEXT_DATA_TYPE", 
 "CARDINALITY", 
 "AGGREGATABLE_FLAG", 
 "AGGREGATION_SEP") 
VALUES
(242,
  (SELECT V.ID 
  FROM "APP_VERSION" V, 
       "APPLICATION" A
  WHERE V.APPLICATION_ID = A.ID
  AND V.VERSION = '3.2.4'
  AND A.NAME = 'FHNReference'
 ), 
 68, 
 'TRANSACTION', 
 'ID', 
 1, 
 'N', 
 ',');

INSERT
INTO "EVENT_EXP_CONTEXT"
("ID",
 "APP_VERSION_ID",
 "EVENT_TYPE_ID", 
 "EVENT_CONTEXT_TYPE", 
 "CONTEXT_DATA_TYPE", 
 "CARDINALITY", 
 "AGGREGATABLE_FLAG", 
 "AGGREGATION_SEP") 
VALUES
(243,
  (SELECT V.ID 
  FROM "APP_VERSION" V, 
       "APPLICATION" A
  WHERE V.APPLICATION_ID = A.ID
  AND V.VERSION = '3.2.4'
  AND A.NAME = 'FHNReference'
 ), 
 68, 
 'TXN_TYPE', 
 'String', 
 1, 
 'N', 
 ',');




INSERT INTO "EVENT_TYPE" 
("ID", 
 "APP_VERSION_ID",
 "TYPE", 
 "MSG_ID",
 "MSG_CATALOG", 
 "LOG_EVENT_FLAG", 
 "RENDER_AS_MSG", 
 "AGGREGATION_THRESH",
 "PRIORITY") 
VALUES
(69, 
(SELECT V.ID 
  FROM "APP_VERSION" V, 
       "APPLICATION" A
  WHERE V.APPLICATION_ID = A.ID
  AND V.VERSION = '3.2.4'
  AND A.NAME = 'FHNReference'
 ),
 'E_OutTxnTimeoutNone', 
 null, 
 '', 
 'N', 
 'N', 
 1,
 null);


INSERT
INTO "EVENT_EXP_CONTEXT"
("ID",
 "APP_VERSION_ID",
 "EVENT_TYPE_ID", 
 "EVENT_CONTEXT_TYPE", 
 "CONTEXT_DATA_TYPE", 
 "CARDINALITY", 
 "AGGREGATABLE_FLAG", 
 "AGGREGATION_SEP") 
VALUES
(244,
  (SELECT V.ID 
  FROM "APP_VERSION" V, 
       "APPLICATION" A
  WHERE V.APPLICATION_ID = A.ID
  AND V.VERSION = '3.2.4'
  AND A.NAME = 'FHNReference'
 ), 
 69, 
 'MONITOR_ID', 
 'ID', 
 1, 
 'N', 
 ',');




INSERT INTO "EVENT_TYPE" 
("ID", 
 "APP_VERSION_ID",
 "TYPE", 
 "MSG_ID",
 "MSG_CATALOG", 
 "LOG_EVENT_FLAG", 
 "RENDER_AS_MSG", 
 "AGGREGATION_THRESH",
 "PRIORITY") 
VALUES
(70, 
(SELECT V.ID 
  FROM "APP_VERSION" V, 
       "APPLICATION" A
  WHERE V.APPLICATION_ID = A.ID
  AND V.VERSION = '3.2.4'
  AND A.NAME = 'FHNReference'
 ),
 'E_OutTxnTimeoutsCleared', 
 null, 
 '', 
 'Y', 
 'Y', 
 100,
 null);


INSERT
INTO "EVENT_EXP_CONTEXT"
("ID",
 "APP_VERSION_ID",
 "EVENT_TYPE_ID", 
 "EVENT_CONTEXT_TYPE", 
 "CONTEXT_DATA_TYPE", 
 "CARDINALITY", 
 "AGGREGATABLE_FLAG", 
 "AGGREGATION_SEP") 
VALUES
(245,
  (SELECT V.ID 
  FROM "APP_VERSION" V, 
       "APPLICATION" A
  WHERE V.APPLICATION_ID = A.ID
  AND V.VERSION = '3.2.4'
  AND A.NAME = 'FHNReference'
 ), 
 70, 
 'MONITOR_ID', 
 'String', 
 1, 
 'N', 
 ',');




INSERT INTO "EVENT_TYPE" 
("ID", 
 "APP_VERSION_ID",
 "TYPE", 
 "MSG_ID",
 "MSG_CATALOG", 
 "LOG_EVENT_FLAG", 
 "RENDER_AS_MSG", 
 "AGGREGATION_THRESH",
 "PRIORITY") 
VALUES
(71, 
(SELECT V.ID 
  FROM "APP_VERSION" V, 
       "APPLICATION" A
  WHERE V.APPLICATION_ID = A.ID
  AND V.VERSION = '3.2.4'
  AND A.NAME = 'FHNReference'
 ),
 'E_OutTxnWaitForAck', 
 null, 
 '', 
 'N', 
 'N', 
 100,
 null);


INSERT
INTO "EVENT_EXP_CONTEXT"
("ID",
 "APP_VERSION_ID",
 "EVENT_TYPE_ID", 
 "EVENT_CONTEXT_TYPE", 
 "CONTEXT_DATA_TYPE", 
 "CARDINALITY", 
 "AGGREGATABLE_FLAG", 
 "AGGREGATION_SEP") 
VALUES
(246,
  (SELECT V.ID 
  FROM "APP_VERSION" V, 
       "APPLICATION" A
  WHERE V.APPLICATION_ID = A.ID
  AND V.VERSION = '3.2.4'
  AND A.NAME = 'FHNReference'
 ), 
 71, 
 'OUT_TXN_CLASS', 
 'String', 
 1, 
 'N', 
 ',');

INSERT
INTO "EVENT_EXP_CONTEXT"
("ID",
 "APP_VERSION_ID",
 "EVENT_TYPE_ID", 
 "EVENT_CONTEXT_TYPE", 
 "CONTEXT_DATA_TYPE", 
 "CARDINALITY", 
 "AGGREGATABLE_FLAG", 
 "AGGREGATION_SEP") 
VALUES
(247,
  (SELECT V.ID 
  FROM "APP_VERSION" V, 
       "APPLICATION" A
  WHERE V.APPLICATION_ID = A.ID
  AND V.VERSION = '3.2.4'
  AND A.NAME = 'FHNReference'
 ), 
 71, 
 'OUT_TXN_TYPE', 
 'String', 
 1, 
 'N', 
 ',');

INSERT
INTO "EVENT_EXP_CONTEXT"
("ID",
 "APP_VERSION_ID",
 "EVENT_TYPE_ID", 
 "EVENT_CONTEXT_TYPE", 
 "CONTEXT_DATA_TYPE", 
 "CARDINALITY", 
 "AGGREGATABLE_FLAG", 
 "AGGREGATION_SEP") 
VALUES
(248,
  (SELECT V.ID 
  FROM "APP_VERSION" V, 
       "APPLICATION" A
  WHERE V.APPLICATION_ID = A.ID
  AND V.VERSION = '3.2.4'
  AND A.NAME = 'FHNReference'
 ), 
 71, 
 'TRANSACTION', 
 'ID', 
 1, 
 'Y', 
 ',');




INSERT INTO "EVENT_TYPE" 
("ID", 
 "APP_VERSION_ID",
 "TYPE", 
 "MSG_ID",
 "MSG_CATALOG", 
 "LOG_EVENT_FLAG", 
 "RENDER_AS_MSG", 
 "AGGREGATION_THRESH",
 "PRIORITY") 
VALUES
(72, 
(SELECT V.ID 
  FROM "APP_VERSION" V, 
       "APPLICATION" A
  WHERE V.APPLICATION_ID = A.ID
  AND V.VERSION = '3.2.4'
  AND A.NAME = 'FHNReference'
 ),
 'E_PTDupFail', 
 null, 
 '', 
 'Y', 
 'N', 
 100,
 null);


INSERT
INTO "EVENT_EXP_CONTEXT"
("ID",
 "APP_VERSION_ID",
 "EVENT_TYPE_ID", 
 "EVENT_CONTEXT_TYPE", 
 "CONTEXT_DATA_TYPE", 
 "CARDINALITY", 
 "AGGREGATABLE_FLAG", 
 "AGGREGATION_SEP") 
VALUES
(249,
  (SELECT V.ID 
  FROM "APP_VERSION" V, 
       "APPLICATION" A
  WHERE V.APPLICATION_ID = A.ID
  AND V.VERSION = '3.2.4'
  AND A.NAME = 'FHNReference'
 ), 
 72, 
 'PTTYPE', 
 'String', 
 0, 
 'N', 
 ',');

INSERT
INTO "EVENT_EXP_CONTEXT"
("ID",
 "APP_VERSION_ID",
 "EVENT_TYPE_ID", 
 "EVENT_CONTEXT_TYPE", 
 "CONTEXT_DATA_TYPE", 
 "CARDINALITY", 
 "AGGREGATABLE_FLAG", 
 "AGGREGATION_SEP") 
VALUES
(250,
  (SELECT V.ID 
  FROM "APP_VERSION" V, 
       "APPLICATION" A
  WHERE V.APPLICATION_ID = A.ID
  AND V.VERSION = '3.2.4'
  AND A.NAME = 'FHNReference'
 ), 
 72, 
 'TRANSMISSION', 
 'ID', 
 1, 
 'Y', 
 ',');




INSERT INTO "EVENT_TYPE" 
("ID", 
 "APP_VERSION_ID",
 "TYPE", 
 "MSG_ID",
 "MSG_CATALOG", 
 "LOG_EVENT_FLAG", 
 "RENDER_AS_MSG", 
 "AGGREGATION_THRESH",
 "PRIORITY") 
VALUES
(73, 
(SELECT V.ID 
  FROM "APP_VERSION" V, 
       "APPLICATION" A
  WHERE V.APPLICATION_ID = A.ID
  AND V.VERSION = '3.2.4'
  AND A.NAME = 'FHNReference'
 ),
 'E_PTOutCreated', 
 null, 
 '', 
 'N', 
 'Y', 
 100,
 null);


INSERT
INTO "EVENT_EXP_CONTEXT"
("ID",
 "APP_VERSION_ID",
 "EVENT_TYPE_ID", 
 "EVENT_CONTEXT_TYPE", 
 "CONTEXT_DATA_TYPE", 
 "CARDINALITY", 
 "AGGREGATABLE_FLAG", 
 "AGGREGATION_SEP") 
VALUES
(251,
  (SELECT V.ID 
  FROM "APP_VERSION" V, 
       "APPLICATION" A
  WHERE V.APPLICATION_ID = A.ID
  AND V.VERSION = '3.2.4'
  AND A.NAME = 'FHNReference'
 ), 
 73, 
 'TRANSMISSION', 
 'ID', 
 1, 
 'Y', 
 ',');




INSERT INTO "EVENT_TYPE" 
("ID", 
 "APP_VERSION_ID",
 "TYPE", 
 "MSG_ID",
 "MSG_CATALOG", 
 "LOG_EVENT_FLAG", 
 "RENDER_AS_MSG", 
 "AGGREGATION_THRESH",
 "PRIORITY") 
VALUES
(74, 
(SELECT V.ID 
  FROM "APP_VERSION" V, 
       "APPLICATION" A
  WHERE V.APPLICATION_ID = A.ID
  AND V.VERSION = '3.2.4'
  AND A.NAME = 'FHNReference'
 ),
 'E_PTOutMapAborted', 
 null, 
 '', 
 'Y', 
 'Y', 
 100,
 null);


INSERT
INTO "EVENT_EXP_CONTEXT"
("ID",
 "APP_VERSION_ID",
 "EVENT_TYPE_ID", 
 "EVENT_CONTEXT_TYPE", 
 "CONTEXT_DATA_TYPE", 
 "CARDINALITY", 
 "AGGREGATABLE_FLAG", 
 "AGGREGATION_SEP") 
VALUES
(252,
  (SELECT V.ID 
  FROM "APP_VERSION" V, 
       "APPLICATION" A
  WHERE V.APPLICATION_ID = A.ID
  AND V.VERSION = '3.2.4'
  AND A.NAME = 'FHNReference'
 ), 
 74, 
 'FRAGMENT', 
 'ID', 
 0, 
 'N', 
 ',');

INSERT
INTO "EVENT_EXP_CONTEXT"
("ID",
 "APP_VERSION_ID",
 "EVENT_TYPE_ID", 
 "EVENT_CONTEXT_TYPE", 
 "CONTEXT_DATA_TYPE", 
 "CARDINALITY", 
 "AGGREGATABLE_FLAG", 
 "AGGREGATION_SEP") 
VALUES
(253,
  (SELECT V.ID 
  FROM "APP_VERSION" V, 
       "APPLICATION" A
  WHERE V.APPLICATION_ID = A.ID
  AND V.VERSION = '3.2.4'
  AND A.NAME = 'FHNReference'
 ), 
 74, 
 'TRANSMISSION', 
 'ID', 
 1, 
 'Y', 
 ',');




INSERT INTO "EVENT_TYPE" 
("ID", 
 "APP_VERSION_ID",
 "TYPE", 
 "MSG_ID",
 "MSG_CATALOG", 
 "LOG_EVENT_FLAG", 
 "RENDER_AS_MSG", 
 "AGGREGATION_THRESH",
 "PRIORITY") 
VALUES
(75, 
(SELECT V.ID 
  FROM "APP_VERSION" V, 
       "APPLICATION" A
  WHERE V.APPLICATION_ID = A.ID
  AND V.VERSION = '3.2.4'
  AND A.NAME = 'FHNReference'
 ),
 'E_PTValFail', 
 null, 
 '', 
 'Y', 
 'Y', 
 100,
 null);


INSERT
INTO "EVENT_EXP_CONTEXT"
("ID",
 "APP_VERSION_ID",
 "EVENT_TYPE_ID", 
 "EVENT_CONTEXT_TYPE", 
 "CONTEXT_DATA_TYPE", 
 "CARDINALITY", 
 "AGGREGATABLE_FLAG", 
 "AGGREGATION_SEP") 
VALUES
(254,
  (SELECT V.ID 
  FROM "APP_VERSION" V, 
       "APPLICATION" A
  WHERE V.APPLICATION_ID = A.ID
  AND V.VERSION = '3.2.4'
  AND A.NAME = 'FHNReference'
 ), 
 75, 
 'OBJ_CLASS', 
 'String', 
 0, 
 'N', 
 ',');

INSERT
INTO "EVENT_EXP_CONTEXT"
("ID",
 "APP_VERSION_ID",
 "EVENT_TYPE_ID", 
 "EVENT_CONTEXT_TYPE", 
 "CONTEXT_DATA_TYPE", 
 "CARDINALITY", 
 "AGGREGATABLE_FLAG", 
 "AGGREGATION_SEP") 
VALUES
(255,
  (SELECT V.ID 
  FROM "APP_VERSION" V, 
       "APPLICATION" A
  WHERE V.APPLICATION_ID = A.ID
  AND V.VERSION = '3.2.4'
  AND A.NAME = 'FHNReference'
 ), 
 75, 
 'PTTYPE', 
 'String', 
 0, 
 'N', 
 ',');

INSERT
INTO "EVENT_EXP_CONTEXT"
("ID",
 "APP_VERSION_ID",
 "EVENT_TYPE_ID", 
 "EVENT_CONTEXT_TYPE", 
 "CONTEXT_DATA_TYPE", 
 "CARDINALITY", 
 "AGGREGATABLE_FLAG", 
 "AGGREGATION_SEP") 
VALUES
(256,
  (SELECT V.ID 
  FROM "APP_VERSION" V, 
       "APPLICATION" A
  WHERE V.APPLICATION_ID = A.ID
  AND V.VERSION = '3.2.4'
  AND A.NAME = 'FHNReference'
 ), 
 75, 
 'TRANSMISSION', 
 'ID', 
 1, 
 'Y', 
 ',');




INSERT INTO "EVENT_TYPE" 
("ID", 
 "APP_VERSION_ID",
 "TYPE", 
 "MSG_ID",
 "MSG_CATALOG", 
 "LOG_EVENT_FLAG", 
 "RENDER_AS_MSG", 
 "AGGREGATION_THRESH",
 "PRIORITY") 
VALUES
(76, 
(SELECT V.ID 
  FROM "APP_VERSION" V, 
       "APPLICATION" A
  WHERE V.APPLICATION_ID = A.ID
  AND V.VERSION = '3.2.4'
  AND A.NAME = 'FHNReference'
 ),
 'E_PTValid', 
 null, 
 '', 
 'N', 
 'N', 
 100,
 null);


INSERT
INTO "EVENT_EXP_CONTEXT"
("ID",
 "APP_VERSION_ID",
 "EVENT_TYPE_ID", 
 "EVENT_CONTEXT_TYPE", 
 "CONTEXT_DATA_TYPE", 
 "CARDINALITY", 
 "AGGREGATABLE_FLAG", 
 "AGGREGATION_SEP") 
VALUES
(257,
  (SELECT V.ID 
  FROM "APP_VERSION" V, 
       "APPLICATION" A
  WHERE V.APPLICATION_ID = A.ID
  AND V.VERSION = '3.2.4'
  AND A.NAME = 'FHNReference'
 ), 
 76, 
 'OBJ_CLASS', 
 'String', 
 0, 
 'N', 
 ',');

INSERT
INTO "EVENT_EXP_CONTEXT"
("ID",
 "APP_VERSION_ID",
 "EVENT_TYPE_ID", 
 "EVENT_CONTEXT_TYPE", 
 "CONTEXT_DATA_TYPE", 
 "CARDINALITY", 
 "AGGREGATABLE_FLAG", 
 "AGGREGATION_SEP") 
VALUES
(258,
  (SELECT V.ID 
  FROM "APP_VERSION" V, 
       "APPLICATION" A
  WHERE V.APPLICATION_ID = A.ID
  AND V.VERSION = '3.2.4'
  AND A.NAME = 'FHNReference'
 ), 
 76, 
 'PTTYPE', 
 'String', 
 1, 
 'N', 
 ',');

INSERT
INTO "EVENT_EXP_CONTEXT"
("ID",
 "APP_VERSION_ID",
 "EVENT_TYPE_ID", 
 "EVENT_CONTEXT_TYPE", 
 "CONTEXT_DATA_TYPE", 
 "CARDINALITY", 
 "AGGREGATABLE_FLAG", 
 "AGGREGATION_SEP") 
VALUES
(259,
  (SELECT V.ID 
  FROM "APP_VERSION" V, 
       "APPLICATION" A
  WHERE V.APPLICATION_ID = A.ID
  AND V.VERSION = '3.2.4'
  AND A.NAME = 'FHNReference'
 ), 
 76, 
 'TRANSMISSION', 
 'ID', 
 1, 
 'Y', 
 ',');




INSERT INTO "EVENT_TYPE" 
("ID", 
 "APP_VERSION_ID",
 "TYPE", 
 "MSG_ID",
 "MSG_CATALOG", 
 "LOG_EVENT_FLAG", 
 "RENDER_AS_MSG", 
 "AGGREGATION_THRESH",
 "PRIORITY") 
VALUES
(77, 
(SELECT V.ID 
  FROM "APP_VERSION" V, 
       "APPLICATION" A
  WHERE V.APPLICATION_ID = A.ID
  AND V.VERSION = '3.2.4'
  AND A.NAME = 'FHNReference'
 ),
 'E_RelUpdatingFail', 
 null, 
 '', 
 'Y', 
 'Y', 
 100,
 null);


INSERT
INTO "EVENT_EXP_CONTEXT"
("ID",
 "APP_VERSION_ID",
 "EVENT_TYPE_ID", 
 "EVENT_CONTEXT_TYPE", 
 "CONTEXT_DATA_TYPE", 
 "CARDINALITY", 
 "AGGREGATABLE_FLAG", 
 "AGGREGATION_SEP") 
VALUES
(260,
  (SELECT V.ID 
  FROM "APP_VERSION" V, 
       "APPLICATION" A
  WHERE V.APPLICATION_ID = A.ID
  AND V.VERSION = '3.2.4'
  AND A.NAME = 'FHNReference'
 ), 
 77, 
 'OUT_TXN_ID', 
 'ID', 
 0, 
 'N', 
 ',');

INSERT
INTO "EVENT_EXP_CONTEXT"
("ID",
 "APP_VERSION_ID",
 "EVENT_TYPE_ID", 
 "EVENT_CONTEXT_TYPE", 
 "CONTEXT_DATA_TYPE", 
 "CARDINALITY", 
 "AGGREGATABLE_FLAG", 
 "AGGREGATION_SEP") 
VALUES
(261,
  (SELECT V.ID 
  FROM "APP_VERSION" V, 
       "APPLICATION" A
  WHERE V.APPLICATION_ID = A.ID
  AND V.VERSION = '3.2.4'
  AND A.NAME = 'FHNReference'
 ), 
 77, 
 'TRANSACTION', 
 'ID', 
 1, 
 'Y', 
 ',');




INSERT INTO "EVENT_TYPE" 
("ID", 
 "APP_VERSION_ID",
 "TYPE", 
 "MSG_ID",
 "MSG_CATALOG", 
 "LOG_EVENT_FLAG", 
 "RENDER_AS_MSG", 
 "AGGREGATION_THRESH",
 "PRIORITY") 
VALUES
(78, 
(SELECT V.ID 
  FROM "APP_VERSION" V, 
       "APPLICATION" A
  WHERE V.APPLICATION_ID = A.ID
  AND V.VERSION = '3.2.4'
  AND A.NAME = 'FHNReference'
 ),
 'E_ResendOutTxn', 
 null, 
 '', 
 'Y', 
 'Y', 
 1000,
 null);


INSERT
INTO "EVENT_EXP_CONTEXT"
("ID",
 "APP_VERSION_ID",
 "EVENT_TYPE_ID", 
 "EVENT_CONTEXT_TYPE", 
 "CONTEXT_DATA_TYPE", 
 "CARDINALITY", 
 "AGGREGATABLE_FLAG", 
 "AGGREGATION_SEP") 
VALUES
(262,
  (SELECT V.ID 
  FROM "APP_VERSION" V, 
       "APPLICATION" A
  WHERE V.APPLICATION_ID = A.ID
  AND V.VERSION = '3.2.4'
  AND A.NAME = 'FHNReference'
 ), 
 78, 
 'MONITOR_ID', 
 'ID', 
 1, 
 'N', 
 ',');

INSERT
INTO "EVENT_EXP_CONTEXT"
("ID",
 "APP_VERSION_ID",
 "EVENT_TYPE_ID", 
 "EVENT_CONTEXT_TYPE", 
 "CONTEXT_DATA_TYPE", 
 "CARDINALITY", 
 "AGGREGATABLE_FLAG", 
 "AGGREGATION_SEP") 
VALUES
(263,
  (SELECT V.ID 
  FROM "APP_VERSION" V, 
       "APPLICATION" A
  WHERE V.APPLICATION_ID = A.ID
  AND V.VERSION = '3.2.4'
  AND A.NAME = 'FHNReference'
 ), 
 78, 
 'TRANSACTION', 
 'ID', 
 1, 
 'Y', 
 ',');




INSERT INTO "EVENT_TYPE" 
("ID", 
 "APP_VERSION_ID",
 "TYPE", 
 "MSG_ID",
 "MSG_CATALOG", 
 "LOG_EVENT_FLAG", 
 "RENDER_AS_MSG", 
 "AGGREGATION_THRESH",
 "PRIORITY") 
VALUES
(79, 
(SELECT V.ID 
  FROM "APP_VERSION" V, 
       "APPLICATION" A
  WHERE V.APPLICATION_ID = A.ID
  AND V.VERSION = '3.2.4'
  AND A.NAME = 'FHNReference'
 ),
 'E_RetransmitOutTxn', 
 null, 
 '', 
 'Y', 
 'Y', 
 1000,
 null);


INSERT
INTO "EVENT_EXP_CONTEXT"
("ID",
 "APP_VERSION_ID",
 "EVENT_TYPE_ID", 
 "EVENT_CONTEXT_TYPE", 
 "CONTEXT_DATA_TYPE", 
 "CARDINALITY", 
 "AGGREGATABLE_FLAG", 
 "AGGREGATION_SEP") 
VALUES
(264,
  (SELECT V.ID 
  FROM "APP_VERSION" V, 
       "APPLICATION" A
  WHERE V.APPLICATION_ID = A.ID
  AND V.VERSION = '3.2.4'
  AND A.NAME = 'FHNReference'
 ), 
 79, 
 'MONITOR_ID', 
 'ID', 
 1, 
 'N', 
 ',');

INSERT
INTO "EVENT_EXP_CONTEXT"
("ID",
 "APP_VERSION_ID",
 "EVENT_TYPE_ID", 
 "EVENT_CONTEXT_TYPE", 
 "CONTEXT_DATA_TYPE", 
 "CARDINALITY", 
 "AGGREGATABLE_FLAG", 
 "AGGREGATION_SEP") 
VALUES
(265,
  (SELECT V.ID 
  FROM "APP_VERSION" V, 
       "APPLICATION" A
  WHERE V.APPLICATION_ID = A.ID
  AND V.VERSION = '3.2.4'
  AND A.NAME = 'FHNReference'
 ), 
 79, 
 'TRANSACTION', 
 'ID', 
 1, 
 'Y', 
 ',');




INSERT INTO "EVENT_TYPE" 
("ID", 
 "APP_VERSION_ID",
 "TYPE", 
 "MSG_ID",
 "MSG_CATALOG", 
 "LOG_EVENT_FLAG", 
 "RENDER_AS_MSG", 
 "AGGREGATION_THRESH",
 "PRIORITY") 
VALUES
(80, 
(SELECT V.ID 
  FROM "APP_VERSION" V, 
       "APPLICATION" A
  WHERE V.APPLICATION_ID = A.ID
  AND V.VERSION = '3.2.4'
  AND A.NAME = 'FHNReference'
 ),
 'E_TimeoutNotify', 
 null, 
 '', 
 'Y', 
 'Y', 
 100,
 null);


INSERT
INTO "EVENT_EXP_CONTEXT"
("ID",
 "APP_VERSION_ID",
 "EVENT_TYPE_ID", 
 "EVENT_CONTEXT_TYPE", 
 "CONTEXT_DATA_TYPE", 
 "CARDINALITY", 
 "AGGREGATABLE_FLAG", 
 "AGGREGATION_SEP") 
VALUES
(266,
  (SELECT V.ID 
  FROM "APP_VERSION" V, 
       "APPLICATION" A
  WHERE V.APPLICATION_ID = A.ID
  AND V.VERSION = '3.2.4'
  AND A.NAME = 'FHNReference'
 ), 
 80, 
 'OBJECT_ID', 
 'ID', 
 1, 
 'Y', 
 ',');

INSERT
INTO "EVENT_EXP_CONTEXT"
("ID",
 "APP_VERSION_ID",
 "EVENT_TYPE_ID", 
 "EVENT_CONTEXT_TYPE", 
 "CONTEXT_DATA_TYPE", 
 "CARDINALITY", 
 "AGGREGATABLE_FLAG", 
 "AGGREGATION_SEP") 
VALUES
(267,
  (SELECT V.ID 
  FROM "APP_VERSION" V, 
       "APPLICATION" A
  WHERE V.APPLICATION_ID = A.ID
  AND V.VERSION = '3.2.4'
  AND A.NAME = 'FHNReference'
 ), 
 80, 
 'OBJ_CLASS', 
 'String', 
 0, 
 'N', 
 ',');

INSERT
INTO "EVENT_EXP_CONTEXT"
("ID",
 "APP_VERSION_ID",
 "EVENT_TYPE_ID", 
 "EVENT_CONTEXT_TYPE", 
 "CONTEXT_DATA_TYPE", 
 "CARDINALITY", 
 "AGGREGATABLE_FLAG", 
 "AGGREGATION_SEP") 
VALUES
(268,
  (SELECT V.ID 
  FROM "APP_VERSION" V, 
       "APPLICATION" A
  WHERE V.APPLICATION_ID = A.ID
  AND V.VERSION = '3.2.4'
  AND A.NAME = 'FHNReference'
 ), 
 80, 
 'SUBTYPE', 
 'String', 
 0, 
 'N', 
 ',');

INSERT
INTO "EVENT_EXP_CONTEXT"
("ID",
 "APP_VERSION_ID",
 "EVENT_TYPE_ID", 
 "EVENT_CONTEXT_TYPE", 
 "CONTEXT_DATA_TYPE", 
 "CARDINALITY", 
 "AGGREGATABLE_FLAG", 
 "AGGREGATION_SEP") 
VALUES
(269,
  (SELECT V.ID 
  FROM "APP_VERSION" V, 
       "APPLICATION" A
  WHERE V.APPLICATION_ID = A.ID
  AND V.VERSION = '3.2.4'
  AND A.NAME = 'FHNReference'
 ), 
 80, 
 'TYPE', 
 'String', 
 1, 
 'N', 
 ',');




INSERT INTO "EVENT_TYPE" 
("ID", 
 "APP_VERSION_ID",
 "TYPE", 
 "MSG_ID",
 "MSG_CATALOG", 
 "LOG_EVENT_FLAG", 
 "RENDER_AS_MSG", 
 "AGGREGATION_THRESH",
 "PRIORITY") 
VALUES
(81, 
(SELECT V.ID 
  FROM "APP_VERSION" V, 
       "APPLICATION" A
  WHERE V.APPLICATION_ID = A.ID
  AND V.VERSION = '3.2.4'
  AND A.NAME = 'FHNReference'
 ),
 'E_TxnBatchValid', 
 null, 
 '', 
 'N', 
 'Y', 
 100,
 null);


INSERT
INTO "EVENT_EXP_CONTEXT"
("ID",
 "APP_VERSION_ID",
 "EVENT_TYPE_ID", 
 "EVENT_CONTEXT_TYPE", 
 "CONTEXT_DATA_TYPE", 
 "CARDINALITY", 
 "AGGREGATABLE_FLAG", 
 "AGGREGATION_SEP") 
VALUES
(270,
  (SELECT V.ID 
  FROM "APP_VERSION" V, 
       "APPLICATION" A
  WHERE V.APPLICATION_ID = A.ID
  AND V.VERSION = '3.2.4'
  AND A.NAME = 'FHNReference'
 ), 
 81, 
 'BATCH', 
 'ID', 
 1, 
 'N', 
 ',');

INSERT
INTO "EVENT_EXP_CONTEXT"
("ID",
 "APP_VERSION_ID",
 "EVENT_TYPE_ID", 
 "EVENT_CONTEXT_TYPE", 
 "CONTEXT_DATA_TYPE", 
 "CARDINALITY", 
 "AGGREGATABLE_FLAG", 
 "AGGREGATION_SEP") 
VALUES
(271,
  (SELECT V.ID 
  FROM "APP_VERSION" V, 
       "APPLICATION" A
  WHERE V.APPLICATION_ID = A.ID
  AND V.VERSION = '3.2.4'
  AND A.NAME = 'FHNReference'
 ), 
 81, 
 'TRANSACTION', 
 'ID', 
 1, 
 'Y', 
 ',');

INSERT
INTO "EVENT_EXP_CONTEXT"
("ID",
 "APP_VERSION_ID",
 "EVENT_TYPE_ID", 
 "EVENT_CONTEXT_TYPE", 
 "CONTEXT_DATA_TYPE", 
 "CARDINALITY", 
 "AGGREGATABLE_FLAG", 
 "AGGREGATION_SEP") 
VALUES
(272,
  (SELECT V.ID 
  FROM "APP_VERSION" V, 
       "APPLICATION" A
  WHERE V.APPLICATION_ID = A.ID
  AND V.VERSION = '3.2.4'
  AND A.NAME = 'FHNReference'
 ), 
 81, 
 'TRANSMISSION', 
 'ID', 
 1, 
 'N', 
 ',');

INSERT
INTO "EVENT_EXP_CONTEXT"
("ID",
 "APP_VERSION_ID",
 "EVENT_TYPE_ID", 
 "EVENT_CONTEXT_TYPE", 
 "CONTEXT_DATA_TYPE", 
 "CARDINALITY", 
 "AGGREGATABLE_FLAG", 
 "AGGREGATION_SEP") 
VALUES
(273,
  (SELECT V.ID 
  FROM "APP_VERSION" V, 
       "APPLICATION" A
  WHERE V.APPLICATION_ID = A.ID
  AND V.VERSION = '3.2.4'
  AND A.NAME = 'FHNReference'
 ), 
 81, 
 'TXN_TYPE', 
 'String', 
 1, 
 'N', 
 ',');




INSERT INTO "EVENT_TYPE" 
("ID", 
 "APP_VERSION_ID",
 "TYPE", 
 "MSG_ID",
 "MSG_CATALOG", 
 "LOG_EVENT_FLAG", 
 "RENDER_AS_MSG", 
 "AGGREGATION_THRESH",
 "PRIORITY") 
VALUES
(82, 
(SELECT V.ID 
  FROM "APP_VERSION" V, 
       "APPLICATION" A
  WHERE V.APPLICATION_ID = A.ID
  AND V.VERSION = '3.2.4'
  AND A.NAME = 'FHNReference'
 ),
 'E_TxnOutBatComplete', 
 null, 
 '', 
 'N', 
 'Y', 
 100,
 null);


INSERT
INTO "EVENT_EXP_CONTEXT"
("ID",
 "APP_VERSION_ID",
 "EVENT_TYPE_ID", 
 "EVENT_CONTEXT_TYPE", 
 "CONTEXT_DATA_TYPE", 
 "CARDINALITY", 
 "AGGREGATABLE_FLAG", 
 "AGGREGATION_SEP") 
VALUES
(274,
  (SELECT V.ID 
  FROM "APP_VERSION" V, 
       "APPLICATION" A
  WHERE V.APPLICATION_ID = A.ID
  AND V.VERSION = '3.2.4'
  AND A.NAME = 'FHNReference'
 ), 
 82, 
 'BATCH', 
 'ID', 
 1, 
 'N', 
 ',');

INSERT
INTO "EVENT_EXP_CONTEXT"
("ID",
 "APP_VERSION_ID",
 "EVENT_TYPE_ID", 
 "EVENT_CONTEXT_TYPE", 
 "CONTEXT_DATA_TYPE", 
 "CARDINALITY", 
 "AGGREGATABLE_FLAG", 
 "AGGREGATION_SEP") 
VALUES
(275,
  (SELECT V.ID 
  FROM "APP_VERSION" V, 
       "APPLICATION" A
  WHERE V.APPLICATION_ID = A.ID
  AND V.VERSION = '3.2.4'
  AND A.NAME = 'FHNReference'
 ), 
 82, 
 'BAT_TYPE', 
 'String', 
 0, 
 'N', 
 ',');

INSERT
INTO "EVENT_EXP_CONTEXT"
("ID",
 "APP_VERSION_ID",
 "EVENT_TYPE_ID", 
 "EVENT_CONTEXT_TYPE", 
 "CONTEXT_DATA_TYPE", 
 "CARDINALITY", 
 "AGGREGATABLE_FLAG", 
 "AGGREGATION_SEP") 
VALUES
(276,
  (SELECT V.ID 
  FROM "APP_VERSION" V, 
       "APPLICATION" A
  WHERE V.APPLICATION_ID = A.ID
  AND V.VERSION = '3.2.4'
  AND A.NAME = 'FHNReference'
 ), 
 82, 
 'TRANSACTION', 
 'ID', 
 1, 
 'Y', 
 ',');




INSERT INTO "EVENT_TYPE" 
("ID", 
 "APP_VERSION_ID",
 "TYPE", 
 "MSG_ID",
 "MSG_CATALOG", 
 "LOG_EVENT_FLAG", 
 "RENDER_AS_MSG", 
 "AGGREGATION_THRESH",
 "PRIORITY") 
VALUES
(83, 
(SELECT V.ID 
  FROM "APP_VERSION" V, 
       "APPLICATION" A
  WHERE V.APPLICATION_ID = A.ID
  AND V.VERSION = '3.2.4'
  AND A.NAME = 'FHNReference'
 ),
 'E_TxnOutCreated', 
 null, 
 '', 
 'N', 
 'N', 
 100,
 null);


INSERT
INTO "EVENT_EXP_CONTEXT"
("ID",
 "APP_VERSION_ID",
 "EVENT_TYPE_ID", 
 "EVENT_CONTEXT_TYPE", 
 "CONTEXT_DATA_TYPE", 
 "CARDINALITY", 
 "AGGREGATABLE_FLAG", 
 "AGGREGATION_SEP") 
VALUES
(277,
  (SELECT V.ID 
  FROM "APP_VERSION" V, 
       "APPLICATION" A
  WHERE V.APPLICATION_ID = A.ID
  AND V.VERSION = '3.2.4'
  AND A.NAME = 'FHNReference'
 ), 
 83, 
 'BATCH', 
 'ID', 
 0, 
 'N', 
 ',');

INSERT
INTO "EVENT_EXP_CONTEXT"
("ID",
 "APP_VERSION_ID",
 "EVENT_TYPE_ID", 
 "EVENT_CONTEXT_TYPE", 
 "CONTEXT_DATA_TYPE", 
 "CARDINALITY", 
 "AGGREGATABLE_FLAG", 
 "AGGREGATION_SEP") 
VALUES
(278,
  (SELECT V.ID 
  FROM "APP_VERSION" V, 
       "APPLICATION" A
  WHERE V.APPLICATION_ID = A.ID
  AND V.VERSION = '3.2.4'
  AND A.NAME = 'FHNReference'
 ), 
 83, 
 'PARTICIPANT', 
 'ID', 
 0, 
 'N', 
 ',');

INSERT
INTO "EVENT_EXP_CONTEXT"
("ID",
 "APP_VERSION_ID",
 "EVENT_TYPE_ID", 
 "EVENT_CONTEXT_TYPE", 
 "CONTEXT_DATA_TYPE", 
 "CARDINALITY", 
 "AGGREGATABLE_FLAG", 
 "AGGREGATION_SEP") 
VALUES
(279,
  (SELECT V.ID 
  FROM "APP_VERSION" V, 
       "APPLICATION" A
  WHERE V.APPLICATION_ID = A.ID
  AND V.VERSION = '3.2.4'
  AND A.NAME = 'FHNReference'
 ), 
 83, 
 'PARTICIPANT_RANK', 
 'String', 
 0, 
 'N', 
 ',');

INSERT
INTO "EVENT_EXP_CONTEXT"
("ID",
 "APP_VERSION_ID",
 "EVENT_TYPE_ID", 
 "EVENT_CONTEXT_TYPE", 
 "CONTEXT_DATA_TYPE", 
 "CARDINALITY", 
 "AGGREGATABLE_FLAG", 
 "AGGREGATION_SEP") 
VALUES
(280,
  (SELECT V.ID 
  FROM "APP_VERSION" V, 
       "APPLICATION" A
  WHERE V.APPLICATION_ID = A.ID
  AND V.VERSION = '3.2.4'
  AND A.NAME = 'FHNReference'
 ), 
 83, 
 'TRANSACTION', 
 'ID', 
 1, 
 'Y', 
 ',');

INSERT
INTO "EVENT_EXP_CONTEXT"
("ID",
 "APP_VERSION_ID",
 "EVENT_TYPE_ID", 
 "EVENT_CONTEXT_TYPE", 
 "CONTEXT_DATA_TYPE", 
 "CARDINALITY", 
 "AGGREGATABLE_FLAG", 
 "AGGREGATION_SEP") 
VALUES
(281,
  (SELECT V.ID 
  FROM "APP_VERSION" V, 
       "APPLICATION" A
  WHERE V.APPLICATION_ID = A.ID
  AND V.VERSION = '3.2.4'
  AND A.NAME = 'FHNReference'
 ), 
 83, 
 'TXN_TYPE', 
 'String', 
 0, 
 'N', 
 ',');




INSERT INTO "EVENT_TYPE" 
("ID", 
 "APP_VERSION_ID",
 "TYPE", 
 "MSG_ID",
 "MSG_CATALOG", 
 "LOG_EVENT_FLAG", 
 "RENDER_AS_MSG", 
 "AGGREGATION_THRESH",
 "PRIORITY") 
VALUES
(84, 
(SELECT V.ID 
  FROM "APP_VERSION" V, 
       "APPLICATION" A
  WHERE V.APPLICATION_ID = A.ID
  AND V.VERSION = '3.2.4'
  AND A.NAME = 'FHNReference'
 ),
 'E_TxnOutTxnComplete', 
 null, 
 '', 
 'N', 
 'Y', 
 100,
 null);


INSERT
INTO "EVENT_EXP_CONTEXT"
("ID",
 "APP_VERSION_ID",
 "EVENT_TYPE_ID", 
 "EVENT_CONTEXT_TYPE", 
 "CONTEXT_DATA_TYPE", 
 "CARDINALITY", 
 "AGGREGATABLE_FLAG", 
 "AGGREGATION_SEP") 
VALUES
(282,
  (SELECT V.ID 
  FROM "APP_VERSION" V, 
       "APPLICATION" A
  WHERE V.APPLICATION_ID = A.ID
  AND V.VERSION = '3.2.4'
  AND A.NAME = 'FHNReference'
 ), 
 84, 
 'ACK_TXN_ID', 
 'ID', 
 0, 
 'Y', 
 ',');

INSERT
INTO "EVENT_EXP_CONTEXT"
("ID",
 "APP_VERSION_ID",
 "EVENT_TYPE_ID", 
 "EVENT_CONTEXT_TYPE", 
 "CONTEXT_DATA_TYPE", 
 "CARDINALITY", 
 "AGGREGATABLE_FLAG", 
 "AGGREGATION_SEP") 
VALUES
(283,
  (SELECT V.ID 
  FROM "APP_VERSION" V, 
       "APPLICATION" A
  WHERE V.APPLICATION_ID = A.ID
  AND V.VERSION = '3.2.4'
  AND A.NAME = 'FHNReference'
 ), 
 84, 
 'ACK_TXN_TYPE', 
 'String', 
 0, 
 'N', 
 ',');

INSERT
INTO "EVENT_EXP_CONTEXT"
("ID",
 "APP_VERSION_ID",
 "EVENT_TYPE_ID", 
 "EVENT_CONTEXT_TYPE", 
 "CONTEXT_DATA_TYPE", 
 "CARDINALITY", 
 "AGGREGATABLE_FLAG", 
 "AGGREGATION_SEP") 
VALUES
(284,
  (SELECT V.ID 
  FROM "APP_VERSION" V, 
       "APPLICATION" A
  WHERE V.APPLICATION_ID = A.ID
  AND V.VERSION = '3.2.4'
  AND A.NAME = 'FHNReference'
 ), 
 84, 
 'OUT_TXN_CLASS', 
 'String', 
 1, 
 'N', 
 ',');

INSERT
INTO "EVENT_EXP_CONTEXT"
("ID",
 "APP_VERSION_ID",
 "EVENT_TYPE_ID", 
 "EVENT_CONTEXT_TYPE", 
 "CONTEXT_DATA_TYPE", 
 "CARDINALITY", 
 "AGGREGATABLE_FLAG", 
 "AGGREGATION_SEP") 
VALUES
(285,
  (SELECT V.ID 
  FROM "APP_VERSION" V, 
       "APPLICATION" A
  WHERE V.APPLICATION_ID = A.ID
  AND V.VERSION = '3.2.4'
  AND A.NAME = 'FHNReference'
 ), 
 84, 
 'OUT_TXN_TYPE', 
 'String', 
 1, 
 'N', 
 ',');

INSERT
INTO "EVENT_EXP_CONTEXT"
("ID",
 "APP_VERSION_ID",
 "EVENT_TYPE_ID", 
 "EVENT_CONTEXT_TYPE", 
 "CONTEXT_DATA_TYPE", 
 "CARDINALITY", 
 "AGGREGATABLE_FLAG", 
 "AGGREGATION_SEP") 
VALUES
(286,
  (SELECT V.ID 
  FROM "APP_VERSION" V, 
       "APPLICATION" A
  WHERE V.APPLICATION_ID = A.ID
  AND V.VERSION = '3.2.4'
  AND A.NAME = 'FHNReference'
 ), 
 84, 
 'TRANSACTION', 
 'ID', 
 1, 
 'Y', 
 ',');




INSERT INTO "EVENT_TYPE" 
("ID", 
 "APP_VERSION_ID",
 "TYPE", 
 "MSG_ID",
 "MSG_CATALOG", 
 "LOG_EVENT_FLAG", 
 "RENDER_AS_MSG", 
 "AGGREGATION_THRESH",
 "PRIORITY") 
VALUES
(85, 
(SELECT V.ID 
  FROM "APP_VERSION" V, 
       "APPLICATION" A
  WHERE V.APPLICATION_ID = A.ID
  AND V.VERSION = '3.2.4'
  AND A.NAME = 'FHNReference'
 ),
 'E_ValFail', 
 null, 
 '', 
 'Y', 
 'Y', 
 100,
 null);


INSERT
INTO "EVENT_EXP_CONTEXT"
("ID",
 "APP_VERSION_ID",
 "EVENT_TYPE_ID", 
 "EVENT_CONTEXT_TYPE", 
 "CONTEXT_DATA_TYPE", 
 "CARDINALITY", 
 "AGGREGATABLE_FLAG", 
 "AGGREGATION_SEP") 
VALUES
(287,
  (SELECT V.ID 
  FROM "APP_VERSION" V, 
       "APPLICATION" A
  WHERE V.APPLICATION_ID = A.ID
  AND V.VERSION = '3.2.4'
  AND A.NAME = 'FHNReference'
 ), 
 85, 
 'BATCH', 
 'ID', 
 0, 
 'N', 
 ',');

INSERT
INTO "EVENT_EXP_CONTEXT"
("ID",
 "APP_VERSION_ID",
 "EVENT_TYPE_ID", 
 "EVENT_CONTEXT_TYPE", 
 "CONTEXT_DATA_TYPE", 
 "CARDINALITY", 
 "AGGREGATABLE_FLAG", 
 "AGGREGATION_SEP") 
VALUES
(288,
  (SELECT V.ID 
  FROM "APP_VERSION" V, 
       "APPLICATION" A
  WHERE V.APPLICATION_ID = A.ID
  AND V.VERSION = '3.2.4'
  AND A.NAME = 'FHNReference'
 ), 
 85, 
 'DEVOLVE', 
 'String', 
 0, 
 'N', 
 ',');

INSERT
INTO "EVENT_EXP_CONTEXT"
("ID",
 "APP_VERSION_ID",
 "EVENT_TYPE_ID", 
 "EVENT_CONTEXT_TYPE", 
 "CONTEXT_DATA_TYPE", 
 "CARDINALITY", 
 "AGGREGATABLE_FLAG", 
 "AGGREGATION_SEP") 
VALUES
(289,
  (SELECT V.ID 
  FROM "APP_VERSION" V, 
       "APPLICATION" A
  WHERE V.APPLICATION_ID = A.ID
  AND V.VERSION = '3.2.4'
  AND A.NAME = 'FHNReference'
 ), 
 85, 
 'ERROR_LOCATION', 
 'String', 
 0, 
 'N', 
 ',');

INSERT
INTO "EVENT_EXP_CONTEXT"
("ID",
 "APP_VERSION_ID",
 "EVENT_TYPE_ID", 
 "EVENT_CONTEXT_TYPE", 
 "CONTEXT_DATA_TYPE", 
 "CARDINALITY", 
 "AGGREGATABLE_FLAG", 
 "AGGREGATION_SEP") 
VALUES
(290,
  (SELECT V.ID 
  FROM "APP_VERSION" V, 
       "APPLICATION" A
  WHERE V.APPLICATION_ID = A.ID
  AND V.VERSION = '3.2.4'
  AND A.NAME = 'FHNReference'
 ), 
 85, 
 'ERROR_TEXT', 
 'String', 
 0, 
 'N', 
 ',');

INSERT
INTO "EVENT_EXP_CONTEXT"
("ID",
 "APP_VERSION_ID",
 "EVENT_TYPE_ID", 
 "EVENT_CONTEXT_TYPE", 
 "CONTEXT_DATA_TYPE", 
 "CARDINALITY", 
 "AGGREGATABLE_FLAG", 
 "AGGREGATION_SEP") 
VALUES
(291,
  (SELECT V.ID 
  FROM "APP_VERSION" V, 
       "APPLICATION" A
  WHERE V.APPLICATION_ID = A.ID
  AND V.VERSION = '3.2.4'
  AND A.NAME = 'FHNReference'
 ), 
 85, 
 'TRANSACTION', 
 'ID', 
 1, 
 'Y', 
 ',');

INSERT
INTO "EVENT_EXP_CONTEXT"
("ID",
 "APP_VERSION_ID",
 "EVENT_TYPE_ID", 
 "EVENT_CONTEXT_TYPE", 
 "CONTEXT_DATA_TYPE", 
 "CARDINALITY", 
 "AGGREGATABLE_FLAG", 
 "AGGREGATION_SEP") 
VALUES
(292,
  (SELECT V.ID 
  FROM "APP_VERSION" V, 
       "APPLICATION" A
  WHERE V.APPLICATION_ID = A.ID
  AND V.VERSION = '3.2.4'
  AND A.NAME = 'FHNReference'
 ), 
 85, 
 'TRANSMISSION', 
 'ID', 
 0, 
 'Y', 
 ',');

INSERT
INTO "EVENT_EXP_CONTEXT"
("ID",
 "APP_VERSION_ID",
 "EVENT_TYPE_ID", 
 "EVENT_CONTEXT_TYPE", 
 "CONTEXT_DATA_TYPE", 
 "CARDINALITY", 
 "AGGREGATABLE_FLAG", 
 "AGGREGATION_SEP") 
VALUES
(293,
  (SELECT V.ID 
  FROM "APP_VERSION" V, 
       "APPLICATION" A
  WHERE V.APPLICATION_ID = A.ID
  AND V.VERSION = '3.2.4'
  AND A.NAME = 'FHNReference'
 ), 
 85, 
 'TXN_CLASS', 
 'String', 
 0, 
 'N', 
 ',');

INSERT
INTO "EVENT_EXP_CONTEXT"
("ID",
 "APP_VERSION_ID",
 "EVENT_TYPE_ID", 
 "EVENT_CONTEXT_TYPE", 
 "CONTEXT_DATA_TYPE", 
 "CARDINALITY", 
 "AGGREGATABLE_FLAG", 
 "AGGREGATION_SEP") 
VALUES
(294,
  (SELECT V.ID 
  FROM "APP_VERSION" V, 
       "APPLICATION" A
  WHERE V.APPLICATION_ID = A.ID
  AND V.VERSION = '3.2.4'
  AND A.NAME = 'FHNReference'
 ), 
 85, 
 'TXN_TYPE', 
 'String', 
 1, 
 'N', 
 ',');




INSERT INTO "EVENT_TYPE" 
("ID", 
 "APP_VERSION_ID",
 "TYPE", 
 "MSG_ID",
 "MSG_CATALOG", 
 "LOG_EVENT_FLAG", 
 "RENDER_AS_MSG", 
 "AGGREGATION_THRESH",
 "PRIORITY") 
VALUES
(86, 
(SELECT V.ID 
  FROM "APP_VERSION" V, 
       "APPLICATION" A
  WHERE V.APPLICATION_ID = A.ID
  AND V.VERSION = '3.2.4'
  AND A.NAME = 'FHNReference'
 ),
 'E_ValPass', 
 null, 
 '', 
 'N', 
 'N', 
 100,
 null);


INSERT
INTO "EVENT_EXP_CONTEXT"
("ID",
 "APP_VERSION_ID",
 "EVENT_TYPE_ID", 
 "EVENT_CONTEXT_TYPE", 
 "CONTEXT_DATA_TYPE", 
 "CARDINALITY", 
 "AGGREGATABLE_FLAG", 
 "AGGREGATION_SEP") 
VALUES
(295,
  (SELECT V.ID 
  FROM "APP_VERSION" V, 
       "APPLICATION" A
  WHERE V.APPLICATION_ID = A.ID
  AND V.VERSION = '3.2.4'
  AND A.NAME = 'FHNReference'
 ), 
 86, 
 'BATCH', 
 'ID', 
 0, 
 'N', 
 ',');

INSERT
INTO "EVENT_EXP_CONTEXT"
("ID",
 "APP_VERSION_ID",
 "EVENT_TYPE_ID", 
 "EVENT_CONTEXT_TYPE", 
 "CONTEXT_DATA_TYPE", 
 "CARDINALITY", 
 "AGGREGATABLE_FLAG", 
 "AGGREGATION_SEP") 
VALUES
(296,
  (SELECT V.ID 
  FROM "APP_VERSION" V, 
       "APPLICATION" A
  WHERE V.APPLICATION_ID = A.ID
  AND V.VERSION = '3.2.4'
  AND A.NAME = 'FHNReference'
 ), 
 86, 
 'TRANSACTION', 
 'ID', 
 1, 
 'Y', 
 ',');

INSERT
INTO "EVENT_EXP_CONTEXT"
("ID",
 "APP_VERSION_ID",
 "EVENT_TYPE_ID", 
 "EVENT_CONTEXT_TYPE", 
 "CONTEXT_DATA_TYPE", 
 "CARDINALITY", 
 "AGGREGATABLE_FLAG", 
 "AGGREGATION_SEP") 
VALUES
(297,
  (SELECT V.ID 
  FROM "APP_VERSION" V, 
       "APPLICATION" A
  WHERE V.APPLICATION_ID = A.ID
  AND V.VERSION = '3.2.4'
  AND A.NAME = 'FHNReference'
 ), 
 86, 
 'TRANSMISSION', 
 'ID', 
 0, 
 'Y', 
 ',');

INSERT
INTO "EVENT_EXP_CONTEXT"
("ID",
 "APP_VERSION_ID",
 "EVENT_TYPE_ID", 
 "EVENT_CONTEXT_TYPE", 
 "CONTEXT_DATA_TYPE", 
 "CARDINALITY", 
 "AGGREGATABLE_FLAG", 
 "AGGREGATION_SEP") 
VALUES
(298,
  (SELECT V.ID 
  FROM "APP_VERSION" V, 
       "APPLICATION" A
  WHERE V.APPLICATION_ID = A.ID
  AND V.VERSION = '3.2.4'
  AND A.NAME = 'FHNReference'
 ), 
 86, 
 'TXN_CLASS', 
 'String', 
 0, 
 'N', 
 ',');

INSERT
INTO "EVENT_EXP_CONTEXT"
("ID",
 "APP_VERSION_ID",
 "EVENT_TYPE_ID", 
 "EVENT_CONTEXT_TYPE", 
 "CONTEXT_DATA_TYPE", 
 "CARDINALITY", 
 "AGGREGATABLE_FLAG", 
 "AGGREGATION_SEP") 
VALUES
(299,
  (SELECT V.ID 
  FROM "APP_VERSION" V, 
       "APPLICATION" A
  WHERE V.APPLICATION_ID = A.ID
  AND V.VERSION = '3.2.4'
  AND A.NAME = 'FHNReference'
 ), 
 86, 
 'TXN_TYPE', 
 'String', 
 1, 
 'N', 
 ',');





INSERT INTO "FSM" 
("ID", 
 "APP_VERSION_ID",
 "OBJ_TYPE", 
 "OBJ_SELECT_TEMPLAT", 
 "FSM_NAME",
 "ENABLED",
 "DELETE_FLAG",
 "MODIFIER",
 "LAST_MODIFIED"
 )
VALUES 
(1,
 (SELECT V.ID 
  FROM "APP_VERSION" V, 
       "APPLICATION" A
  WHERE V.APPLICATION_ID = A.ID
  AND V.VERSION = '3.2.4'
  AND A.NAME = 'FHNReference'
 ), 
 'SCHEDULER_TASK', 
 'SELECT ID, APP_ID, RESOURCE_REF INSTANCE_NAME
FROM $DBSchema.SCH'
||'EDULER_TASK_V M WHERE SUBTYPE=''DEVOLVED_TIMEOUT_MONITOR'' AND ST'
||'ATUS=? AND APP_VERSION_ID=$AppVerId', 
 'Devolved Alert Monitor',
 'Y',
 'N',
 'SCRIPT:FHNReference_fsm_20210205.sql',
  FTM_TIMESTAMP()
);


INSERT INTO "FSM_STATE_REL" 
("ID", 
 "APP_VERSION_ID", 
 "FSM_ID", 
 "OBJ_STATE", 
 "OPS_ALERT_FLAG", 
 "CUST_ALERT_FLAG", 
 "IMG_FILE") 
VALUES 
(1, 
 (SELECT V.ID 
  FROM "APP_VERSION" V, 
       "APPLICATION" A
  WHERE V.APPLICATION_ID = A.ID
  AND V.VERSION = '3.2.4'
  AND A.NAME = 'FHNReference'
 ), 
 1, 
 'S_NoOutTxnTimeouts', 
 'N', 
 'N', 
 'Blank.gif');



INSERT INTO "FSM_STATE_REL" 
("ID", 
 "APP_VERSION_ID", 
 "FSM_ID", 
 "OBJ_STATE", 
 "OPS_ALERT_FLAG", 
 "CUST_ALERT_FLAG", 
 "IMG_FILE") 
VALUES 
(2, 
 (SELECT V.ID 
  FROM "APP_VERSION" V, 
       "APPLICATION" A
  WHERE V.APPLICATION_ID = A.ID
  AND V.VERSION = '3.2.4'
  AND A.NAME = 'FHNReference'
 ), 
 1, 
 'S_OutTxnTimeouts', 
 'Y', 
 'N', 
 'Blank.gif');


INSERT
INTO "FSM_RESOLVE_ACTION"
("ID",
 "APP_VERSION_ID",
 "STATE_ID",
 "RESOLUTION_ACTION",
 "DUAL_CONTROL_FLAG") 
VALUES
 (1,
  (SELECT V.ID 
  FROM "APP_VERSION" V, 
       "APPLICATION" A
  WHERE V.APPLICATION_ID = A.ID
  AND V.VERSION = '3.2.4'
  AND A.NAME = 'FHNReference'
 ), 
 2,
 'Resend',
 'N');

INSERT
INTO "FSM_RESOLVE_ACTION"
("ID",
 "APP_VERSION_ID",
 "STATE_ID",
 "RESOLUTION_ACTION",
 "DUAL_CONTROL_FLAG") 
VALUES
 (2,
  (SELECT V.ID 
  FROM "APP_VERSION" V, 
       "APPLICATION" A
  WHERE V.APPLICATION_ID = A.ID
  AND V.VERSION = '3.2.4'
  AND A.NAME = 'FHNReference'
 ), 
 2,
 'Reset',
 'N');

INSERT
INTO "FSM_RESOLVE_ACTION"
("ID",
 "APP_VERSION_ID",
 "STATE_ID",
 "RESOLUTION_ACTION",
 "DUAL_CONTROL_FLAG") 
VALUES
 (3,
  (SELECT V.ID 
  FROM "APP_VERSION" V, 
       "APPLICATION" A
  WHERE V.APPLICATION_ID = A.ID
  AND V.VERSION = '3.2.4'
  AND A.NAME = 'FHNReference'
 ), 
 2,
 'Retransmit',
 'N');




INSERT 
INTO "FSM_TRANSITION" 
("ID",
 "APP_VERSION_ID", 
 "FSM_ID", 
 "EVENT_TYPE_ID", 
 "PRIORITY",
 "OBJ_CUR_STATE", 
 "OBJ_TAR_STATE", 
 "OBJ_FILTER", 
 "FSM_ACTION", 
 "EVENT_FILTER", 
 "OVERRIDE_SELECTION", 
 "PERSIST")
VALUES 
(1,
  (SELECT V.ID 
  FROM "APP_VERSION" V, 
       "APPLICATION" A
  WHERE V.APPLICATION_ID = A.ID
  AND V.VERSION = '3.2.4'
  AND A.NAME = 'FHNReference'
 ), 
 1,
 61,
 50,
 'S_NoOutTxnTimeouts',
 'S_OutTxnTimeouts',
 'M.RESOURCE_REF = $Context{SVC_PARTICIPANT_NAME}',
 '<ftmaction://A_IncrementTimeoutCounter><ftmaction://A_RaiseOutTxn'
||'ResponseTimeoutDevolved>',
 NULL,
 NULL,
 'Y');
 
 

INSERT 
INTO "FSM_TRANSITION" 
("ID",
 "APP_VERSION_ID", 
 "FSM_ID", 
 "EVENT_TYPE_ID", 
 "PRIORITY",
 "OBJ_CUR_STATE", 
 "OBJ_TAR_STATE", 
 "OBJ_FILTER", 
 "FSM_ACTION", 
 "EVENT_FILTER", 
 "OVERRIDE_SELECTION", 
 "PERSIST")
VALUES 
(2,
  (SELECT V.ID 
  FROM "APP_VERSION" V, 
       "APPLICATION" A
  WHERE V.APPLICATION_ID = A.ID
  AND V.VERSION = '3.2.4'
  AND A.NAME = 'FHNReference'
 ), 
 1,
 70,
 50,
 'S_OutTxnTimeouts',
 'S_NoOutTxnTimeouts',
 'M.RESOURCE_REF = $Context{SVC_PARTICIPANT_NAME}',
 '',
 NULL,
 NULL,
 'Y');
 
 

INSERT 
INTO "FSM_TRANSITION" 
("ID",
 "APP_VERSION_ID", 
 "FSM_ID", 
 "EVENT_TYPE_ID", 
 "PRIORITY",
 "OBJ_CUR_STATE", 
 "OBJ_TAR_STATE", 
 "OBJ_FILTER", 
 "FSM_ACTION", 
 "EVENT_FILTER", 
 "OVERRIDE_SELECTION", 
 "PERSIST")
VALUES 
(3,
  (SELECT V.ID 
  FROM "APP_VERSION" V, 
       "APPLICATION" A
  WHERE V.APPLICATION_ID = A.ID
  AND V.VERSION = '3.2.4'
  AND A.NAME = 'FHNReference'
 ), 
 1,
 40,
 50,
 'S_OutTxnTimeouts',
 'S_NoOutTxnTimeouts',
 NULL,
 '<ftmaction://A_ResetDevolvedAlertTimeoutMonitor><ftmaction://A_No'
||'tifyCmdProcessed>',
 '$ContextEQ{TYPE,''Reset''}',
 NULL,
 'Y');
 
 

INSERT 
INTO "FSM_TRANSITION" 
("ID",
 "APP_VERSION_ID", 
 "FSM_ID", 
 "EVENT_TYPE_ID", 
 "PRIORITY",
 "OBJ_CUR_STATE", 
 "OBJ_TAR_STATE", 
 "OBJ_FILTER", 
 "FSM_ACTION", 
 "EVENT_FILTER", 
 "OVERRIDE_SELECTION", 
 "PERSIST")
VALUES 
(4,
  (SELECT V.ID 
  FROM "APP_VERSION" V, 
       "APPLICATION" A
  WHERE V.APPLICATION_ID = A.ID
  AND V.VERSION = '3.2.4'
  AND A.NAME = 'FHNReference'
 ), 
 1,
 68,
 50,
 'S_OutTxnTimeouts',
 'S_OutTxnTimeouts',
 'M.RESOURCE_REF = $Context{SVC_PARTICIPANT_NAME}',
 '<ftmaction://A_DecrementTimeoutCounter>',
 NULL,
 'SELECT M.ID, M.APP_ID, M.RESOURCE_REF INSTANCE_NAME, C.COUNT
FRO'
||'M $DBSchema.SCHEDULER_TASK_V M LEFT OUTER JOIN $DBSchema.COUNTER '
||'C ON M.ID = C.OBJ_ID WHERE SUBTYPE=''DEVOLVED_TIMEOUT_MONITOR'' A'
||'ND STATUS=? AND APP_VERSION_ID=$AppVerId',
 'Y');
 
 

INSERT 
INTO "FSM_TRANSITION" 
("ID",
 "APP_VERSION_ID", 
 "FSM_ID", 
 "EVENT_TYPE_ID", 
 "PRIORITY",
 "OBJ_CUR_STATE", 
 "OBJ_TAR_STATE", 
 "OBJ_FILTER", 
 "FSM_ACTION", 
 "EVENT_FILTER", 
 "OVERRIDE_SELECTION", 
 "PERSIST")
VALUES 
(5,
  (SELECT V.ID 
  FROM "APP_VERSION" V, 
       "APPLICATION" A
  WHERE V.APPLICATION_ID = A.ID
  AND V.VERSION = '3.2.4'
  AND A.NAME = 'FHNReference'
 ), 
 1,
 61,
 50,
 'S_OutTxnTimeouts',
 'S_OutTxnTimeouts',
 'M.RESOURCE_REF = $Context{SVC_PARTICIPANT_NAME}',
 '<ftmaction://A_IncrementTimeoutCounter><ftmaction://A_RaiseOutTxn'
||'ResponseTimeoutDevolved>',
 NULL,
 NULL,
 'Y');
 
 

INSERT 
INTO "FSM_TRANSITION" 
("ID",
 "APP_VERSION_ID", 
 "FSM_ID", 
 "EVENT_TYPE_ID", 
 "PRIORITY",
 "OBJ_CUR_STATE", 
 "OBJ_TAR_STATE", 
 "OBJ_FILTER", 
 "FSM_ACTION", 
 "EVENT_FILTER", 
 "OVERRIDE_SELECTION", 
 "PERSIST")
VALUES 
(6,
  (SELECT V.ID 
  FROM "APP_VERSION" V, 
       "APPLICATION" A
  WHERE V.APPLICATION_ID = A.ID
  AND V.VERSION = '3.2.4'
  AND A.NAME = 'FHNReference'
 ), 
 1,
 40,
 50,
 'S_OutTxnTimeouts',
 'S_OutTxnTimeouts',
 NULL,
 '<ftmaction://A_ResendDevolvedTxns><ftmaction://A_NotifyCmdProcessed>',
 '$ContextEQ{TYPE,''Resend''}',
 NULL,
 'Y');
 
 

INSERT 
INTO "FSM_TRANSITION" 
("ID",
 "APP_VERSION_ID", 
 "FSM_ID", 
 "EVENT_TYPE_ID", 
 "PRIORITY",
 "OBJ_CUR_STATE", 
 "OBJ_TAR_STATE", 
 "OBJ_FILTER", 
 "FSM_ACTION", 
 "EVENT_FILTER", 
 "OVERRIDE_SELECTION", 
 "PERSIST")
VALUES 
(7,
  (SELECT V.ID 
  FROM "APP_VERSION" V, 
       "APPLICATION" A
  WHERE V.APPLICATION_ID = A.ID
  AND V.VERSION = '3.2.4'
  AND A.NAME = 'FHNReference'
 ), 
 1,
 40,
 50,
 'S_OutTxnTimeouts',
 'S_OutTxnTimeouts',
 NULL,
 '<ftmaction://A_RetransmitDevolvedTxns><ftmaction://A_NotifyCmdPro'
||'cessed>',
 '$ContextEQ{TYPE,''Retransmit''}',
 NULL,
 'Y');
 
 


INSERT INTO "FSM" 
("ID", 
 "APP_VERSION_ID",
 "OBJ_TYPE", 
 "OBJ_SELECT_TEMPLAT", 
 "FSM_NAME",
 "ENABLED",
 "DELETE_FLAG",
 "MODIFIER",
 "LAST_MODIFIED"
 )
VALUES 
(2,
 (SELECT V.ID 
  FROM "APP_VERSION" V, 
       "APPLICATION" A
  WHERE V.APPLICATION_ID = A.ID
  AND V.VERSION = '3.2.4'
  AND A.NAME = 'FHNReference'
 ), 
 'TRANSACTION', 
 'SELECT ID, "UID", CID, SUBTYPE, OBJ_CLASS, TRANSMISSION_ID FROM $'
||'DBSchema.TRANSACTION_V T WHERE OBJ_CLASS IN (''IN_TXN_ACK_MQ1'','
||'''IN_TXN_ACK_MQ2'',''IN_TXN_ACK_CID'') AND STATUS=?', 
 'Inbound Acknowledgement Transactions',
 'Y',
 'N',
 'SCRIPT:FHNReference_fsm_20210205.sql',
  FTM_TIMESTAMP()
);


INSERT INTO "FSM_STATE_REL" 
("ID", 
 "APP_VERSION_ID", 
 "FSM_ID", 
 "OBJ_STATE", 
 "OPS_ALERT_FLAG", 
 "CUST_ALERT_FLAG", 
 "IMG_FILE") 
VALUES 
(3, 
 (SELECT V.ID 
  FROM "APP_VERSION" V, 
       "APPLICATION" A
  WHERE V.APPLICATION_ID = A.ID
  AND V.VERSION = '3.2.4'
  AND A.NAME = 'FHNReference'
 ), 
 2, 
 'S_InTxnComplete', 
 'N', 
 'N', 
 'Green.gif');



INSERT INTO "FSM_STATE_REL" 
("ID", 
 "APP_VERSION_ID", 
 "FSM_ID", 
 "OBJ_STATE", 
 "OPS_ALERT_FLAG", 
 "CUST_ALERT_FLAG", 
 "IMG_FILE") 
VALUES 
(4, 
 (SELECT V.ID 
  FROM "APP_VERSION" V, 
       "APPLICATION" A
  WHERE V.APPLICATION_ID = A.ID
  AND V.VERSION = '3.2.4'
  AND A.NAME = 'FHNReference'
 ), 
 2, 
 'S_InTxnFailed', 
 'N', 
 'N', 
 'Red.gif');



INSERT INTO "FSM_STATE_REL" 
("ID", 
 "APP_VERSION_ID", 
 "FSM_ID", 
 "OBJ_STATE", 
 "OPS_ALERT_FLAG", 
 "CUST_ALERT_FLAG", 
 "IMG_FILE") 
VALUES 
(5, 
 (SELECT V.ID 
  FROM "APP_VERSION" V, 
       "APPLICATION" A
  WHERE V.APPLICATION_ID = A.ID
  AND V.VERSION = '3.2.4'
  AND A.NAME = 'FHNReference'
 ), 
 2, 
 'S_InTxnWaitingOpsVerify', 
 'Y', 
 'N', 
 'Alert.gif');


INSERT
INTO "FSM_RESOLVE_ACTION"
("ID",
 "APP_VERSION_ID",
 "STATE_ID",
 "RESOLUTION_ACTION",
 "DUAL_CONTROL_FLAG") 
VALUES
 (4,
  (SELECT V.ID 
  FROM "APP_VERSION" V, 
       "APPLICATION" A
  WHERE V.APPLICATION_ID = A.ID
  AND V.VERSION = '3.2.4'
  AND A.NAME = 'FHNReference'
 ), 
 5,
 'Verify',
 'N');


INSERT INTO "FSM_STATE_REL" 
("ID", 
 "APP_VERSION_ID", 
 "FSM_ID", 
 "OBJ_STATE", 
 "OPS_ALERT_FLAG", 
 "CUST_ALERT_FLAG", 
 "IMG_FILE") 
VALUES 
(6, 
 (SELECT V.ID 
  FROM "APP_VERSION" V, 
       "APPLICATION" A
  WHERE V.APPLICATION_ID = A.ID
  AND V.VERSION = '3.2.4'
  AND A.NAME = 'FHNReference'
 ), 
 2, 
 'S_RelUpdateFailed', 
 'Y', 
 'N', 
 'Alert.gif');


INSERT
INTO "FSM_RESOLVE_ACTION"
("ID",
 "APP_VERSION_ID",
 "STATE_ID",
 "RESOLUTION_ACTION",
 "DUAL_CONTROL_FLAG") 
VALUES
 (5,
  (SELECT V.ID 
  FROM "APP_VERSION" V, 
       "APPLICATION" A
  WHERE V.APPLICATION_ID = A.ID
  AND V.VERSION = '3.2.4'
  AND A.NAME = 'FHNReference'
 ), 
 6,
 'Verify',
 'N');


INSERT INTO "FSM_STATE_REL" 
("ID", 
 "APP_VERSION_ID", 
 "FSM_ID", 
 "OBJ_STATE", 
 "OPS_ALERT_FLAG", 
 "CUST_ALERT_FLAG", 
 "IMG_FILE") 
VALUES 
(7, 
 (SELECT V.ID 
  FROM "APP_VERSION" V, 
       "APPLICATION" A
  WHERE V.APPLICATION_ID = A.ID
  AND V.VERSION = '3.2.4'
  AND A.NAME = 'FHNReference'
 ), 
 2, 
 'S_RelUpdating', 
 'N', 
 'N', 
 'Blank.gif');



INSERT INTO "FSM_STATE_REL" 
("ID", 
 "APP_VERSION_ID", 
 "FSM_ID", 
 "OBJ_STATE", 
 "OPS_ALERT_FLAG", 
 "CUST_ALERT_FLAG", 
 "IMG_FILE") 
VALUES 
(8, 
 (SELECT V.ID 
  FROM "APP_VERSION" V, 
       "APPLICATION" A
  WHERE V.APPLICATION_ID = A.ID
  AND V.VERSION = '3.2.4'
  AND A.NAME = 'FHNReference'
 ), 
 2, 
 'S_TxnMapped', 
 'N', 
 'N', 
 'Blank.gif');





INSERT 
INTO "FSM_TRANSITION" 
("ID",
 "APP_VERSION_ID", 
 "FSM_ID", 
 "EVENT_TYPE_ID", 
 "PRIORITY",
 "OBJ_CUR_STATE", 
 "OBJ_TAR_STATE", 
 "OBJ_FILTER", 
 "FSM_ACTION", 
 "EVENT_FILTER", 
 "OVERRIDE_SELECTION", 
 "PERSIST")
VALUES 
(8,
  (SELECT V.ID 
  FROM "APP_VERSION" V, 
       "APPLICATION" A
  WHERE V.APPLICATION_ID = A.ID
  AND V.VERSION = '3.2.4'
  AND A.NAME = 'FHNReference'
 ), 
 2,
 40,
 50,
 'S_InTxnWaitingOpsVerify',
 'S_InTxnFailed',
 'T.ID IN $Context{TRGT_OBJ_ID}',
 '<ftmaction://A_RaiseInTxnFailed><ftmaction://A_NotifyCmdProcessed>',
 '$ContextEQ{TYPE,''Verify''}',
 NULL,
 'Y');
 
 

INSERT 
INTO "FSM_TRANSITION" 
("ID",
 "APP_VERSION_ID", 
 "FSM_ID", 
 "EVENT_TYPE_ID", 
 "PRIORITY",
 "OBJ_CUR_STATE", 
 "OBJ_TAR_STATE", 
 "OBJ_FILTER", 
 "FSM_ACTION", 
 "EVENT_FILTER", 
 "OVERRIDE_SELECTION", 
 "PERSIST")
VALUES 
(9,
  (SELECT V.ID 
  FROM "APP_VERSION" V, 
       "APPLICATION" A
  WHERE V.APPLICATION_ID = A.ID
  AND V.VERSION = '3.2.4'
  AND A.NAME = 'FHNReference'
 ), 
 2,
 40,
 50,
 'S_RelUpdateFailed',
 'S_InTxnFailed',
 'T.ID IN $Context{TRGT_OBJ_ID}',
 '<ftmaction://A_RaiseInTxnFailed><ftmaction://A_NotifyCmdProcessed>',
 '$ContextEQ{TYPE,''Verify''}',
 NULL,
 'Y');
 
 

INSERT 
INTO "FSM_TRANSITION" 
("ID",
 "APP_VERSION_ID", 
 "FSM_ID", 
 "EVENT_TYPE_ID", 
 "PRIORITY",
 "OBJ_CUR_STATE", 
 "OBJ_TAR_STATE", 
 "OBJ_FILTER", 
 "FSM_ACTION", 
 "EVENT_FILTER", 
 "OVERRIDE_SELECTION", 
 "PERSIST")
VALUES 
(10,
  (SELECT V.ID 
  FROM "APP_VERSION" V, 
       "APPLICATION" A
  WHERE V.APPLICATION_ID = A.ID
  AND V.VERSION = '3.2.4'
  AND A.NAME = 'FHNReference'
 ), 
 2,
 1,
 50,
 'S_RelUpdating',
 'S_InTxnComplete',
 'T.ID IN $Context{TRANSACTION}',
 '',
 '$ContextIN{TXN_CLASS, (''IN_TXN_ACK_MQ1'',''IN_TXN_ACK_MQ2'',''IN'
||'_TXN_ACK_CID'')}',
 'SELECT ID FROM $DBSchema.OBJ_BASE T WHERE OBJ_CLASS IN (''IN_TXN_'
||'ACK_MQ1'',''IN_TXN_ACK_MQ2'',''IN_TXN_ACK_CID'') AND STATUS=?',
 'Y');
 
 

INSERT 
INTO "FSM_TRANSITION" 
("ID",
 "APP_VERSION_ID", 
 "FSM_ID", 
 "EVENT_TYPE_ID", 
 "PRIORITY",
 "OBJ_CUR_STATE", 
 "OBJ_TAR_STATE", 
 "OBJ_FILTER", 
 "FSM_ACTION", 
 "EVENT_FILTER", 
 "OVERRIDE_SELECTION", 
 "PERSIST")
VALUES 
(11,
  (SELECT V.ID 
  FROM "APP_VERSION" V, 
       "APPLICATION" A
  WHERE V.APPLICATION_ID = A.ID
  AND V.VERSION = '3.2.4'
  AND A.NAME = 'FHNReference'
 ), 
 2,
 77,
 50,
 'S_RelUpdating',
 'S_RelUpdateFailed',
 'T.ID IN $Context{TRANSACTION}',
 '<ftmaction://A_NotifyOps>',
 NULL,
 NULL,
 'Y');
 
 

INSERT 
INTO "FSM_TRANSITION" 
("ID",
 "APP_VERSION_ID", 
 "FSM_ID", 
 "EVENT_TYPE_ID", 
 "PRIORITY",
 "OBJ_CUR_STATE", 
 "OBJ_TAR_STATE", 
 "OBJ_FILTER", 
 "FSM_ACTION", 
 "EVENT_FILTER", 
 "OVERRIDE_SELECTION", 
 "PERSIST")
VALUES 
(12,
  (SELECT V.ID 
  FROM "APP_VERSION" V, 
       "APPLICATION" A
  WHERE V.APPLICATION_ID = A.ID
  AND V.VERSION = '3.2.4'
  AND A.NAME = 'FHNReference'
 ), 
 2,
 35,
 50,
 'S_TxnMapped',
 'S_InTxnWaitingOpsVerify',
 'T.ID IN $Context{TRANSACTION}',
 '<ftmaction://A_NotifyOps>',
 NULL,
 NULL,
 'Y');
 
 

INSERT 
INTO "FSM_TRANSITION" 
("ID",
 "APP_VERSION_ID", 
 "FSM_ID", 
 "EVENT_TYPE_ID", 
 "PRIORITY",
 "OBJ_CUR_STATE", 
 "OBJ_TAR_STATE", 
 "OBJ_FILTER", 
 "FSM_ACTION", 
 "EVENT_FILTER", 
 "OVERRIDE_SELECTION", 
 "PERSIST")
VALUES 
(13,
  (SELECT V.ID 
  FROM "APP_VERSION" V, 
       "APPLICATION" A
  WHERE V.APPLICATION_ID = A.ID
  AND V.VERSION = '3.2.4'
  AND A.NAME = 'FHNReference'
 ), 
 2,
 36,
 50,
 'S_TxnMapped',
 'S_RelUpdating',
 'T.ID IN $Context{TRANSACTION}',
 '<ftmaction://A_CorrelateAndUpdateRel>',
 '$ContextIN{TXN_CLASS, (''IN_TXN_ACK_MQ1'',''IN_TXN_ACK_MQ2'',''IN'
||'_TXN_ACK_CID'')}',
 'SELECT ID, "UID", CID, SUBTYPE, OBJ_CLASS FROM $DBSchema.OBJ_BASE'
||' T WHERE OBJ_CLASS IN (''IN_TXN_ACK_MQ1'',''IN_TXN_ACK_MQ2'',''IN'
||'_TXN_ACK_CID'') AND STATUS=?',
 'Y');
 
 


INSERT INTO "FSM" 
("ID", 
 "APP_VERSION_ID",
 "OBJ_TYPE", 
 "OBJ_SELECT_TEMPLAT", 
 "FSM_NAME",
 "ENABLED",
 "DELETE_FLAG",
 "MODIFIER",
 "LAST_MODIFIED"
 )
VALUES 
(3,
 (SELECT V.ID 
  FROM "APP_VERSION" V, 
       "APPLICATION" A
  WHERE V.APPLICATION_ID = A.ID
  AND V.VERSION = '3.2.4'
  AND A.NAME = 'FHNReference'
 ), 
 'TRANSACTION', 
 'SELECT ID, TRANSMISSION_ID, ISF_DATA, ISF_FMT_ID FROM $DBSchema.T'
||'RANSACTION_V T WHERE SUBTYPE=''COMMAND'' AND STATUS=?', 
 'Inbound Command Transaction',
 'Y',
 'N',
 'SCRIPT:FHNReference_fsm_20210205.sql',
  FTM_TIMESTAMP()
);


INSERT INTO "FSM_STATE_REL" 
("ID", 
 "APP_VERSION_ID", 
 "FSM_ID", 
 "OBJ_STATE", 
 "OPS_ALERT_FLAG", 
 "CUST_ALERT_FLAG", 
 "IMG_FILE") 
VALUES 
(9, 
 (SELECT V.ID 
  FROM "APP_VERSION" V, 
       "APPLICATION" A
  WHERE V.APPLICATION_ID = A.ID
  AND V.VERSION = '3.2.4'
  AND A.NAME = 'FHNReference'
 ), 
 3, 
 'S_AuthorizePending', 
 'Y', 
 'N', 
 'Alert.gif');


INSERT
INTO "FSM_RESOLVE_ACTION"
("ID",
 "APP_VERSION_ID",
 "STATE_ID",
 "RESOLUTION_ACTION",
 "DUAL_CONTROL_FLAG") 
VALUES
 (6,
  (SELECT V.ID 
  FROM "APP_VERSION" V, 
       "APPLICATION" A
  WHERE V.APPLICATION_ID = A.ID
  AND V.VERSION = '3.2.4'
  AND A.NAME = 'FHNReference'
 ), 
 9,
 'Authorize',
 'N');

INSERT
INTO "FSM_RESOLVE_ACTION"
("ID",
 "APP_VERSION_ID",
 "STATE_ID",
 "RESOLUTION_ACTION",
 "DUAL_CONTROL_FLAG") 
VALUES
 (7,
  (SELECT V.ID 
  FROM "APP_VERSION" V, 
       "APPLICATION" A
  WHERE V.APPLICATION_ID = A.ID
  AND V.VERSION = '3.2.4'
  AND A.NAME = 'FHNReference'
 ), 
 9,
 'Reject',
 'N');


INSERT INTO "FSM_STATE_REL" 
("ID", 
 "APP_VERSION_ID", 
 "FSM_ID", 
 "OBJ_STATE", 
 "OPS_ALERT_FLAG", 
 "CUST_ALERT_FLAG", 
 "IMG_FILE") 
VALUES 
(10, 
 (SELECT V.ID 
  FROM "APP_VERSION" V, 
       "APPLICATION" A
  WHERE V.APPLICATION_ID = A.ID
  AND V.VERSION = '3.2.4'
  AND A.NAME = 'FHNReference'
 ), 
 3, 
 'S_CheckingAuthorityValidating', 
 'N', 
 'N', 
 'Blank.gif');



INSERT INTO "FSM_STATE_REL" 
("ID", 
 "APP_VERSION_ID", 
 "FSM_ID", 
 "OBJ_STATE", 
 "OPS_ALERT_FLAG", 
 "CUST_ALERT_FLAG", 
 "IMG_FILE") 
VALUES 
(11, 
 (SELECT V.ID 
  FROM "APP_VERSION" V, 
       "APPLICATION" A
  WHERE V.APPLICATION_ID = A.ID
  AND V.VERSION = '3.2.4'
  AND A.NAME = 'FHNReference'
 ), 
 3, 
 'S_InTxnComplete', 
 'N', 
 'N', 
 'Green.gif');



INSERT INTO "FSM_STATE_REL" 
("ID", 
 "APP_VERSION_ID", 
 "FSM_ID", 
 "OBJ_STATE", 
 "OPS_ALERT_FLAG", 
 "CUST_ALERT_FLAG", 
 "IMG_FILE") 
VALUES 
(12, 
 (SELECT V.ID 
  FROM "APP_VERSION" V, 
       "APPLICATION" A
  WHERE V.APPLICATION_ID = A.ID
  AND V.VERSION = '3.2.4'
  AND A.NAME = 'FHNReference'
 ), 
 3, 
 'S_InTxnFailed', 
 'N', 
 'N', 
 'Red.gif');



INSERT INTO "FSM_STATE_REL" 
("ID", 
 "APP_VERSION_ID", 
 "FSM_ID", 
 "OBJ_STATE", 
 "OPS_ALERT_FLAG", 
 "CUST_ALERT_FLAG", 
 "IMG_FILE") 
VALUES 
(13, 
 (SELECT V.ID 
  FROM "APP_VERSION" V, 
       "APPLICATION" A
  WHERE V.APPLICATION_ID = A.ID
  AND V.VERSION = '3.2.4'
  AND A.NAME = 'FHNReference'
 ), 
 3, 
 'S_InTxnPartialComplete', 
 'N', 
 'N', 
 'Amber.gif');



INSERT INTO "FSM_STATE_REL" 
("ID", 
 "APP_VERSION_ID", 
 "FSM_ID", 
 "OBJ_STATE", 
 "OPS_ALERT_FLAG", 
 "CUST_ALERT_FLAG", 
 "IMG_FILE") 
VALUES 
(14, 
 (SELECT V.ID 
  FROM "APP_VERSION" V, 
       "APPLICATION" A
  WHERE V.APPLICATION_ID = A.ID
  AND V.VERSION = '3.2.4'
  AND A.NAME = 'FHNReference'
 ), 
 3, 
 'S_ProcessingCommand', 
 'N', 
 'N', 
 'Blank.gif');



INSERT INTO "FSM_STATE_REL" 
("ID", 
 "APP_VERSION_ID", 
 "FSM_ID", 
 "OBJ_STATE", 
 "OPS_ALERT_FLAG", 
 "CUST_ALERT_FLAG", 
 "IMG_FILE") 
VALUES 
(15, 
 (SELECT V.ID 
  FROM "APP_VERSION" V, 
       "APPLICATION" A
  WHERE V.APPLICATION_ID = A.ID
  AND V.VERSION = '3.2.4'
  AND A.NAME = 'FHNReference'
 ), 
 3, 
 'S_TxnMapped', 
 'N', 
 'N', 
 'Blank.gif');





INSERT 
INTO "FSM_TRANSITION" 
("ID",
 "APP_VERSION_ID", 
 "FSM_ID", 
 "EVENT_TYPE_ID", 
 "PRIORITY",
 "OBJ_CUR_STATE", 
 "OBJ_TAR_STATE", 
 "OBJ_FILTER", 
 "FSM_ACTION", 
 "EVENT_FILTER", 
 "OVERRIDE_SELECTION", 
 "PERSIST")
VALUES 
(14,
  (SELECT V.ID 
  FROM "APP_VERSION" V, 
       "APPLICATION" A
  WHERE V.APPLICATION_ID = A.ID
  AND V.VERSION = '3.2.4'
  AND A.NAME = 'FHNReference'
 ), 
 3,
 40,
 50,
 'S_AuthorizePending',
 'S_InTxnFailed',
 'T.ID IN $Context{TRGT_OBJ_ID}',
 '<ftmaction://A_RaiseInTxnFailed><ftmaction://A_NotifyCmdProcessed>',
 '$ContextEQ{TYPE,''Reject''}',
 NULL,
 'Y');
 
 

INSERT 
INTO "FSM_TRANSITION" 
("ID",
 "APP_VERSION_ID", 
 "FSM_ID", 
 "EVENT_TYPE_ID", 
 "PRIORITY",
 "OBJ_CUR_STATE", 
 "OBJ_TAR_STATE", 
 "OBJ_FILTER", 
 "FSM_ACTION", 
 "EVENT_FILTER", 
 "OVERRIDE_SELECTION", 
 "PERSIST")
VALUES 
(15,
  (SELECT V.ID 
  FROM "APP_VERSION" V, 
       "APPLICATION" A
  WHERE V.APPLICATION_ID = A.ID
  AND V.VERSION = '3.2.4'
  AND A.NAME = 'FHNReference'
 ), 
 3,
 40,
 50,
 'S_AuthorizePending',
 'S_ProcessingCommand',
 'T.ID IN $Context{TRGT_OBJ_ID}',
 '<ftmaction://A_ProcessCmd><ftmaction://A_NotifyCmdProcessed>',
 '$ContextEQ{TYPE,''Authorize''}',
 NULL,
 'Y');
 
 

INSERT 
INTO "FSM_TRANSITION" 
("ID",
 "APP_VERSION_ID", 
 "FSM_ID", 
 "EVENT_TYPE_ID", 
 "PRIORITY",
 "OBJ_CUR_STATE", 
 "OBJ_TAR_STATE", 
 "OBJ_FILTER", 
 "FSM_ACTION", 
 "EVENT_FILTER", 
 "OVERRIDE_SELECTION", 
 "PERSIST")
VALUES 
(16,
  (SELECT V.ID 
  FROM "APP_VERSION" V, 
       "APPLICATION" A
  WHERE V.APPLICATION_ID = A.ID
  AND V.VERSION = '3.2.4'
  AND A.NAME = 'FHNReference'
 ), 
 3,
 11,
 50,
 'S_CheckingAuthorityValidating',
 'S_AuthorizePending',
 'T.ID IN $Context{TRANSACTION}',
 '',
 NULL,
 NULL,
 'Y');
 
 

INSERT 
INTO "FSM_TRANSITION" 
("ID",
 "APP_VERSION_ID", 
 "FSM_ID", 
 "EVENT_TYPE_ID", 
 "PRIORITY",
 "OBJ_CUR_STATE", 
 "OBJ_TAR_STATE", 
 "OBJ_FILTER", 
 "FSM_ACTION", 
 "EVENT_FILTER", 
 "OVERRIDE_SELECTION", 
 "PERSIST")
VALUES 
(17,
  (SELECT V.ID 
  FROM "APP_VERSION" V, 
       "APPLICATION" A
  WHERE V.APPLICATION_ID = A.ID
  AND V.VERSION = '3.2.4'
  AND A.NAME = 'FHNReference'
 ), 
 3,
 85,
 50,
 'S_CheckingAuthorityValidating',
 'S_InTxnFailed',
 'T.ID IN $Context{TRANSACTION}',
 '<ftmaction://A_RaiseInTxnFailed>',
 '$ContextEQ{TXN_TYPE, ''COMMAND''}',
 NULL,
 'Y');
 
 

INSERT 
INTO "FSM_TRANSITION" 
("ID",
 "APP_VERSION_ID", 
 "FSM_ID", 
 "EVENT_TYPE_ID", 
 "PRIORITY",
 "OBJ_CUR_STATE", 
 "OBJ_TAR_STATE", 
 "OBJ_FILTER", 
 "FSM_ACTION", 
 "EVENT_FILTER", 
 "OVERRIDE_SELECTION", 
 "PERSIST")
VALUES 
(18,
  (SELECT V.ID 
  FROM "APP_VERSION" V, 
       "APPLICATION" A
  WHERE V.APPLICATION_ID = A.ID
  AND V.VERSION = '3.2.4'
  AND A.NAME = 'FHNReference'
 ), 
 3,
 37,
 50,
 'S_CheckingAuthorityValidating',
 'S_ProcessingCommand',
 'T.ID IN $Context{TRANSACTION}',
 '<ftmaction://A_ProcessCmd>',
 NULL,
 NULL,
 'Y');
 
 

INSERT 
INTO "FSM_TRANSITION" 
("ID",
 "APP_VERSION_ID", 
 "FSM_ID", 
 "EVENT_TYPE_ID", 
 "PRIORITY",
 "OBJ_CUR_STATE", 
 "OBJ_TAR_STATE", 
 "OBJ_FILTER", 
 "FSM_ACTION", 
 "EVENT_FILTER", 
 "OVERRIDE_SELECTION", 
 "PERSIST")
VALUES 
(19,
  (SELECT V.ID 
  FROM "APP_VERSION" V, 
       "APPLICATION" A
  WHERE V.APPLICATION_ID = A.ID
  AND V.VERSION = '3.2.4'
  AND A.NAME = 'FHNReference'
 ), 
 3,
 26,
 50,
 'S_ProcessingCommand',
 'S_InTxnComplete',
 'T.ID IN $Context{TRANSACTION}',
 '',
 '$ContextEQ{TXN_TYPE, ''COMMAND''}',
 NULL,
 'Y');
 
 

INSERT 
INTO "FSM_TRANSITION" 
("ID",
 "APP_VERSION_ID", 
 "FSM_ID", 
 "EVENT_TYPE_ID", 
 "PRIORITY",
 "OBJ_CUR_STATE", 
 "OBJ_TAR_STATE", 
 "OBJ_FILTER", 
 "FSM_ACTION", 
 "EVENT_FILTER", 
 "OVERRIDE_SELECTION", 
 "PERSIST")
VALUES 
(20,
  (SELECT V.ID 
  FROM "APP_VERSION" V, 
       "APPLICATION" A
  WHERE V.APPLICATION_ID = A.ID
  AND V.VERSION = '3.2.4'
  AND A.NAME = 'FHNReference'
 ), 
 3,
 13,
 50,
 'S_ProcessingCommand',
 'S_InTxnFailed',
 'T.ID IN $Context{TRANSACTION}',
 '<ftmaction://A_RaiseInTxnFailed>',
 '$ContextNE{PARTIAL,''Y''}',
 NULL,
 'Y');
 
 

INSERT 
INTO "FSM_TRANSITION" 
("ID",
 "APP_VERSION_ID", 
 "FSM_ID", 
 "EVENT_TYPE_ID", 
 "PRIORITY",
 "OBJ_CUR_STATE", 
 "OBJ_TAR_STATE", 
 "OBJ_FILTER", 
 "FSM_ACTION", 
 "EVENT_FILTER", 
 "OVERRIDE_SELECTION", 
 "PERSIST")
VALUES 
(21,
  (SELECT V.ID 
  FROM "APP_VERSION" V, 
       "APPLICATION" A
  WHERE V.APPLICATION_ID = A.ID
  AND V.VERSION = '3.2.4'
  AND A.NAME = 'FHNReference'
 ), 
 3,
 13,
 50,
 'S_ProcessingCommand',
 'S_InTxnPartialComplete',
 'T.ID IN $Context{TRANSACTION}',
 '<ftmaction://A_RaiseInTxnFailed>',
 '$ContextEQ{PARTIAL,''Y''}',
 NULL,
 'Y');
 
 

INSERT 
INTO "FSM_TRANSITION" 
("ID",
 "APP_VERSION_ID", 
 "FSM_ID", 
 "EVENT_TYPE_ID", 
 "PRIORITY",
 "OBJ_CUR_STATE", 
 "OBJ_TAR_STATE", 
 "OBJ_FILTER", 
 "FSM_ACTION", 
 "EVENT_FILTER", 
 "OVERRIDE_SELECTION", 
 "PERSIST")
VALUES 
(22,
  (SELECT V.ID 
  FROM "APP_VERSION" V, 
       "APPLICATION" A
  WHERE V.APPLICATION_ID = A.ID
  AND V.VERSION = '3.2.4'
  AND A.NAME = 'FHNReference'
 ), 
 3,
 14,
 50,
 'S_ProcessingCommand',
 'S_ProcessingCommand',
 'T.ID IN $Context{CMD_TXN_ID}',
 '<ftmaction://A_CheckCmdComplete>',
 NULL,
 NULL,
 'Y');
 
 

INSERT 
INTO "FSM_TRANSITION" 
("ID",
 "APP_VERSION_ID", 
 "FSM_ID", 
 "EVENT_TYPE_ID", 
 "PRIORITY",
 "OBJ_CUR_STATE", 
 "OBJ_TAR_STATE", 
 "OBJ_FILTER", 
 "FSM_ACTION", 
 "EVENT_FILTER", 
 "OVERRIDE_SELECTION", 
 "PERSIST")
VALUES 
(23,
  (SELECT V.ID 
  FROM "APP_VERSION" V, 
       "APPLICATION" A
  WHERE V.APPLICATION_ID = A.ID
  AND V.VERSION = '3.2.4'
  AND A.NAME = 'FHNReference'
 ), 
 3,
 40,
 50,
 'S_ProcessingCommand',
 'S_ProcessingCommand',
 'T.ID IN $Context{CMD_TXN_ID}',
 '<ftmaction://A_CountOpCmdEvents>',
 NULL,
 NULL,
 'Y');
 
 

INSERT 
INTO "FSM_TRANSITION" 
("ID",
 "APP_VERSION_ID", 
 "FSM_ID", 
 "EVENT_TYPE_ID", 
 "PRIORITY",
 "OBJ_CUR_STATE", 
 "OBJ_TAR_STATE", 
 "OBJ_FILTER", 
 "FSM_ACTION", 
 "EVENT_FILTER", 
 "OVERRIDE_SELECTION", 
 "PERSIST")
VALUES 
(24,
  (SELECT V.ID 
  FROM "APP_VERSION" V, 
       "APPLICATION" A
  WHERE V.APPLICATION_ID = A.ID
  AND V.VERSION = '3.2.4'
  AND A.NAME = 'FHNReference'
 ), 
 3,
 36,
 50,
 'S_TxnMapped',
 'S_CheckingAuthorityValidating',
 'T.ID IN $Context{TRANSACTION}',
 '<ftmaction://A_ValidateCmdAndCheckAuth>',
 '$ContextEQ{TXN_TYPE, ''COMMAND''}',
 NULL,
 'Y');
 
 

INSERT 
INTO "FSM_TRANSITION" 
("ID",
 "APP_VERSION_ID", 
 "FSM_ID", 
 "EVENT_TYPE_ID", 
 "PRIORITY",
 "OBJ_CUR_STATE", 
 "OBJ_TAR_STATE", 
 "OBJ_FILTER", 
 "FSM_ACTION", 
 "EVENT_FILTER", 
 "OVERRIDE_SELECTION", 
 "PERSIST")
VALUES 
(25,
  (SELECT V.ID 
  FROM "APP_VERSION" V, 
       "APPLICATION" A
  WHERE V.APPLICATION_ID = A.ID
  AND V.VERSION = '3.2.4'
  AND A.NAME = 'FHNReference'
 ), 
 3,
 35,
 50,
 'S_TxnMapped',
 'S_InTxnFailed',
 'T.ID IN $Context{TRANSACTION}',
 '<ftmaction://A_RaiseInTxnFailed>',
 '$ContextEQ{TXN_TYPE, ''COMMAND''}',
 NULL,
 'Y');
 
 


INSERT INTO "FSM" 
("ID", 
 "APP_VERSION_ID",
 "OBJ_TYPE", 
 "OBJ_SELECT_TEMPLAT", 
 "FSM_NAME",
 "ENABLED",
 "DELETE_FLAG",
 "MODIFIER",
 "LAST_MODIFIED"
 )
VALUES 
(4,
 (SELECT V.ID 
  FROM "APP_VERSION" V, 
       "APPLICATION" A
  WHERE V.APPLICATION_ID = A.ID
  AND V.VERSION = '3.2.4'
  AND A.NAME = 'FHNReference'
 ), 
 'FRAGMENT', 
 'SELECT F.ID, F.TRANSMISSION_ID,F.SEQUENCE, F.CREATED, T.CHANNEL_I'
||'D, F."UID", F.CID, F.OBJ_TYPE, F.OBJ_CLASS, F.SUBTYPE, T.SENDER, '
||'T.RECEIVER, T.FRAG_COUNT, F.FIRST_BAT_SEQ, F.LAST_BAT_SEQ, F.FIRS'
||'T_BAT_SPAN, F.FIRST_BAT_SPAN, F.TXN_SEQ_OFFSET, F.LAST_BAT_COMPLE'
||'TE FROM $DBSchema.FRAGMENT_V F, $DBSchema.TRANSMISSION_V T WHERE '
||'F.TRANSMISSION_ID = T.ID AND F.STATUS=?', 
 'Inbound Fragment',
 'Y',
 'N',
 'SCRIPT:FHNReference_fsm_20210205.sql',
  FTM_TIMESTAMP()
);


INSERT INTO "FSM_STATE_REL" 
("ID", 
 "APP_VERSION_ID", 
 "FSM_ID", 
 "OBJ_STATE", 
 "OPS_ALERT_FLAG", 
 "CUST_ALERT_FLAG", 
 "IMG_FILE") 
VALUES 
(16, 
 (SELECT V.ID 
  FROM "APP_VERSION" V, 
       "APPLICATION" A
  WHERE V.APPLICATION_ID = A.ID
  AND V.VERSION = '3.2.4'
  AND A.NAME = 'FHNReference'
 ), 
 4, 
 'S_InFragArrived', 
 'N', 
 'N', 
 'Green.gif');






INSERT INTO "FSM" 
("ID", 
 "APP_VERSION_ID",
 "OBJ_TYPE", 
 "OBJ_SELECT_TEMPLAT", 
 "FSM_NAME",
 "ENABLED",
 "DELETE_FLAG",
 "MODIFIER",
 "LAST_MODIFIED"
 )
VALUES 
(5,
 (SELECT V.ID 
  FROM "APP_VERSION" V, 
       "APPLICATION" A
  WHERE V.APPLICATION_ID = A.ID
  AND V.VERSION = '3.2.4'
  AND A.NAME = 'FHNReference'
 ), 
 'BATCH', 
 'SELECT ID, CID, SUBTYPE, TXN_COUNT, VALUE_AMOUNT, TXN_COUNTER, TX'
||'N_VAL_PASS_CNTR, TXN_VAL_FAIL_CNTR, TXN_MAP_FAIL_CNTR, BATCH_MAPP'
||'ED, TRANSMISSION_ID FROM $DBSchema.BATCH_V B WHERE STATUS=?', 
 'Inbound Payment Batch',
 'Y',
 'N',
 'SCRIPT:FHNReference_fsm_20210205.sql',
  FTM_TIMESTAMP()
);


INSERT INTO "FSM_STATE_REL" 
("ID", 
 "APP_VERSION_ID", 
 "FSM_ID", 
 "OBJ_STATE", 
 "OPS_ALERT_FLAG", 
 "CUST_ALERT_FLAG", 
 "IMG_FILE") 
VALUES 
(17, 
 (SELECT V.ID 
  FROM "APP_VERSION" V, 
       "APPLICATION" A
  WHERE V.APPLICATION_ID = A.ID
  AND V.VERSION = '3.2.4'
  AND A.NAME = 'FHNReference'
 ), 
 5, 
 'S_BatMapped', 
 'N', 
 'N', 
 'Blank.gif');



INSERT INTO "FSM_STATE_REL" 
("ID", 
 "APP_VERSION_ID", 
 "FSM_ID", 
 "OBJ_STATE", 
 "OPS_ALERT_FLAG", 
 "CUST_ALERT_FLAG", 
 "IMG_FILE") 
VALUES 
(18, 
 (SELECT V.ID 
  FROM "APP_VERSION" V, 
       "APPLICATION" A
  WHERE V.APPLICATION_ID = A.ID
  AND V.VERSION = '3.2.4'
  AND A.NAME = 'FHNReference'
 ), 
 5, 
 'S_BatValid', 
 'N', 
 'N', 
 'Blank.gif');



INSERT INTO "FSM_STATE_REL" 
("ID", 
 "APP_VERSION_ID", 
 "FSM_ID", 
 "OBJ_STATE", 
 "OPS_ALERT_FLAG", 
 "CUST_ALERT_FLAG", 
 "IMG_FILE") 
VALUES 
(19, 
 (SELECT V.ID 
  FROM "APP_VERSION" V, 
       "APPLICATION" A
  WHERE V.APPLICATION_ID = A.ID
  AND V.VERSION = '3.2.4'
  AND A.NAME = 'FHNReference'
 ), 
 5, 
 'S_InBatComplete', 
 'N', 
 'N', 
 'Green.gif');





INSERT 
INTO "FSM_TRANSITION" 
("ID",
 "APP_VERSION_ID", 
 "FSM_ID", 
 "EVENT_TYPE_ID", 
 "PRIORITY",
 "OBJ_CUR_STATE", 
 "OBJ_TAR_STATE", 
 "OBJ_FILTER", 
 "FSM_ACTION", 
 "EVENT_FILTER", 
 "OVERRIDE_SELECTION", 
 "PERSIST")
VALUES 
(26,
  (SELECT V.ID 
  FROM "APP_VERSION" V, 
       "APPLICATION" A
  WHERE V.APPLICATION_ID = A.ID
  AND V.VERSION = '3.2.4'
  AND A.NAME = 'FHNReference'
 ), 
 5,
 30,
 70,
 'S_BatMapped',
 'S_BatValid',
 'B.ID IN $Context{BATCH}',
 '<ftmaction://A_RaiseInBatValid>',
 NULL,
 NULL,
 'Y');
 
 

INSERT 
INTO "FSM_TRANSITION" 
("ID",
 "APP_VERSION_ID", 
 "FSM_ID", 
 "EVENT_TYPE_ID", 
 "PRIORITY",
 "OBJ_CUR_STATE", 
 "OBJ_TAR_STATE", 
 "OBJ_FILTER", 
 "FSM_ACTION", 
 "EVENT_FILTER", 
 "OVERRIDE_SELECTION", 
 "PERSIST")
VALUES 
(27,
  (SELECT V.ID 
  FROM "APP_VERSION" V, 
       "APPLICATION" A
  WHERE V.APPLICATION_ID = A.ID
  AND V.VERSION = '3.2.4'
  AND A.NAME = 'FHNReference'
 ), 
 5,
 76,
 50,
 'S_BatValid',
 'S_InBatComplete',
 'B.TRANSMISSION_ID IN $Context{TRANSMISSION}',
 '<ftmaction://A_RaiseInBatComplete>',
 '$ContextIN{PTTYPE, (''CPA_AFT'',''EDI_X12'',''PAY_ORIG_BAT'',''CH'
||'KP'',''BULK'')}',
 NULL,
 'Y');
 
 


INSERT INTO "FSM" 
("ID", 
 "APP_VERSION_ID",
 "OBJ_TYPE", 
 "OBJ_SELECT_TEMPLAT", 
 "FSM_NAME",
 "ENABLED",
 "DELETE_FLAG",
 "MODIFIER",
 "LAST_MODIFIED"
 )
VALUES 
(6,
 (SELECT V.ID 
  FROM "APP_VERSION" V, 
       "APPLICATION" A
  WHERE V.APPLICATION_ID = A.ID
  AND V.VERSION = '3.2.4'
  AND A.NAME = 'FHNReference'
 ), 
 'TRANSACTION', 
 'SELECT ID, CID, SUBTYPE, TRANSMISSION_ID, BATCH_ID FROM $DBSchema'
||'.TXN_PAYMENT_V T WHERE STATUS=?', 
 'Inbound Payment Transaction',
 'Y',
 'N',
 'SCRIPT:FHNReference_fsm_20210205.sql',
  FTM_TIMESTAMP()
);


INSERT INTO "FSM_STATE_REL" 
("ID", 
 "APP_VERSION_ID", 
 "FSM_ID", 
 "OBJ_STATE", 
 "OPS_ALERT_FLAG", 
 "CUST_ALERT_FLAG", 
 "IMG_FILE") 
VALUES 
(20, 
 (SELECT V.ID 
  FROM "APP_VERSION" V, 
       "APPLICATION" A
  WHERE V.APPLICATION_ID = A.ID
  AND V.VERSION = '3.2.4'
  AND A.NAME = 'FHNReference'
 ), 
 6, 
 'S_InTxnComplete', 
 'N', 
 'N', 
 'Green.gif');



INSERT INTO "FSM_STATE_REL" 
("ID", 
 "APP_VERSION_ID", 
 "FSM_ID", 
 "OBJ_STATE", 
 "OPS_ALERT_FLAG", 
 "CUST_ALERT_FLAG", 
 "IMG_FILE") 
VALUES 
(21, 
 (SELECT V.ID 
  FROM "APP_VERSION" V, 
       "APPLICATION" A
  WHERE V.APPLICATION_ID = A.ID
  AND V.VERSION = '3.2.4'
  AND A.NAME = 'FHNReference'
 ), 
 6, 
 'S_TxnMapped', 
 'N', 
 'N', 
 'Blank.gif');





INSERT 
INTO "FSM_TRANSITION" 
("ID",
 "APP_VERSION_ID", 
 "FSM_ID", 
 "EVENT_TYPE_ID", 
 "PRIORITY",
 "OBJ_CUR_STATE", 
 "OBJ_TAR_STATE", 
 "OBJ_FILTER", 
 "FSM_ACTION", 
 "EVENT_FILTER", 
 "OVERRIDE_SELECTION", 
 "PERSIST")
VALUES 
(28,
  (SELECT V.ID 
  FROM "APP_VERSION" V, 
       "APPLICATION" A
  WHERE V.APPLICATION_ID = A.ID
  AND V.VERSION = '3.2.4'
  AND A.NAME = 'FHNReference'
 ), 
 6,
 36,
 50,
 'S_TxnMapped',
 'S_InTxnComplete',
 'T.ID IN $Context{TRANSACTION}',
 '<ftmaction://A_ProcessInboundEdiAcks>',
 '$ContextIN{TXN_TYPE, (''EDI_ACK'',''EDI_ADVICE'')}',
 'SELECT ID, CID, SUBTYPE, TRANSMISSION_ID, BATCH_ID, ISF_DATA FROM'
||' $DBSchema.TXN_PAYMENT_V T WHERE STATUS=?',
 'Y');
 
 

INSERT 
INTO "FSM_TRANSITION" 
("ID",
 "APP_VERSION_ID", 
 "FSM_ID", 
 "EVENT_TYPE_ID", 
 "PRIORITY",
 "OBJ_CUR_STATE", 
 "OBJ_TAR_STATE", 
 "OBJ_FILTER", 
 "FSM_ACTION", 
 "EVENT_FILTER", 
 "OVERRIDE_SELECTION", 
 "PERSIST")
VALUES 
(29,
  (SELECT V.ID 
  FROM "APP_VERSION" V, 
       "APPLICATION" A
  WHERE V.APPLICATION_ID = A.ID
  AND V.VERSION = '3.2.4'
  AND A.NAME = 'FHNReference'
 ), 
 6,
 36,
 50,
 'S_TxnMapped',
 'S_InTxnComplete',
 'T.ID IN $Context{TRANSACTION}',
 '<ftmaction://A_RaiseInTxnComplete>',
 '$ContextIN{TXN_TYPE, (''CPA_AFT'',''EDI_BILL'',''EDI_CANCEL'',''E'
||'DI_RETURN'',''PAYMENT_ORIGINATION'',''CHKP'',''BULK'')}',
 NULL,
 'Y');
 
 


INSERT INTO "FSM" 
("ID", 
 "APP_VERSION_ID",
 "OBJ_TYPE", 
 "OBJ_SELECT_TEMPLAT", 
 "FSM_NAME",
 "ENABLED",
 "DELETE_FLAG",
 "MODIFIER",
 "LAST_MODIFIED"
 )
VALUES 
(7,
 (SELECT V.ID 
  FROM "APP_VERSION" V, 
       "APPLICATION" A
  WHERE V.APPLICATION_ID = A.ID
  AND V.VERSION = '3.2.4'
  AND A.NAME = 'FHNReference'
 ), 
 'TRANSMISSION', 
 'SELECT ID, CID, SUBTYPE, CHANNEL_ID FROM $DBSchema.TRANSMISSION_V'
||' T WHERE STATUS=?', 
 'Inbound Payment Transmission',
 'Y',
 'N',
 'SCRIPT:FHNReference_fsm_20210205.sql',
  FTM_TIMESTAMP()
);


INSERT INTO "FSM_STATE_REL" 
("ID", 
 "APP_VERSION_ID", 
 "FSM_ID", 
 "OBJ_STATE", 
 "OPS_ALERT_FLAG", 
 "CUST_ALERT_FLAG", 
 "IMG_FILE") 
VALUES 
(22, 
 (SELECT V.ID 
  FROM "APP_VERSION" V, 
       "APPLICATION" A
  WHERE V.APPLICATION_ID = A.ID
  AND V.VERSION = '3.2.4'
  AND A.NAME = 'FHNReference'
 ), 
 7, 
 'S_InPTProcessing', 
 'N', 
 'N', 
 'Blank.gif');





INSERT 
INTO "FSM_TRANSITION" 
("ID",
 "APP_VERSION_ID", 
 "FSM_ID", 
 "EVENT_TYPE_ID", 
 "PRIORITY",
 "OBJ_CUR_STATE", 
 "OBJ_TAR_STATE", 
 "OBJ_FILTER", 
 "FSM_ACTION", 
 "EVENT_FILTER", 
 "OVERRIDE_SELECTION", 
 "PERSIST")
VALUES 
(30,
  (SELECT V.ID 
  FROM "APP_VERSION" V, 
       "APPLICATION" A
  WHERE V.APPLICATION_ID = A.ID
  AND V.VERSION = '3.2.4'
  AND A.NAME = 'FHNReference'
 ), 
 7,
 23,
 50,
 'S_InPTProcessing',
 NULL,
 'T.ID IN $Context{TRANSMISSION}',
 '<ftmaction://A_IngestPT>',
 '$ContextIN{PTTYPE, (''CPA_AFT'',''EDI_X12'',''PAY_ORIG_BAT'',''CH'
||'KP'',''BULK'')}',
 NULL,
 'Y');
 
 


INSERT INTO "FSM" 
("ID", 
 "APP_VERSION_ID",
 "OBJ_TYPE", 
 "OBJ_SELECT_TEMPLAT", 
 "FSM_NAME",
 "ENABLED",
 "DELETE_FLAG",
 "MODIFIER",
 "LAST_MODIFIED"
 )
VALUES 
(8,
 (SELECT V.ID 
  FROM "APP_VERSION" V, 
       "APPLICATION" A
  WHERE V.APPLICATION_ID = A.ID
  AND V.VERSION = '3.2.4'
  AND A.NAME = 'FHNReference'
 ), 
 'TRANSMISSION', 
 'SELECT ID, CID, SUBTYPE, OBJ_CLASS, CHANNEL_ID, BAT_COUNT, BAT_SU'
||'CCESS_CNTR, BAT_FAILED_CNTR FROM $DBSchema.TRANSMISSION_V T WHERE'
||' STATUS=?', 
 'Inbound Physical Transmission',
 'Y',
 'N',
 'SCRIPT:FHNReference_fsm_20210205.sql',
  FTM_TIMESTAMP()
);


INSERT INTO "FSM_STATE_REL" 
("ID", 
 "APP_VERSION_ID", 
 "FSM_ID", 
 "OBJ_STATE", 
 "OPS_ALERT_FLAG", 
 "CUST_ALERT_FLAG", 
 "IMG_FILE") 
VALUES 
(23, 
 (SELECT V.ID 
  FROM "APP_VERSION" V, 
       "APPLICATION" A
  WHERE V.APPLICATION_ID = A.ID
  AND V.VERSION = '3.2.4'
  AND A.NAME = 'FHNReference'
 ), 
 8, 
 'S_InPTArrived', 
 'N', 
 'N', 
 'Blank.gif');



INSERT INTO "FSM_STATE_REL" 
("ID", 
 "APP_VERSION_ID", 
 "FSM_ID", 
 "OBJ_STATE", 
 "OPS_ALERT_FLAG", 
 "CUST_ALERT_FLAG", 
 "IMG_FILE") 
VALUES 
(24, 
 (SELECT V.ID 
  FROM "APP_VERSION" V, 
       "APPLICATION" A
  WHERE V.APPLICATION_ID = A.ID
  AND V.VERSION = '3.2.4'
  AND A.NAME = 'FHNReference'
 ), 
 8, 
 'S_InPTComplete', 
 'N', 
 'N', 
 'Green.gif');



INSERT INTO "FSM_STATE_REL" 
("ID", 
 "APP_VERSION_ID", 
 "FSM_ID", 
 "OBJ_STATE", 
 "OPS_ALERT_FLAG", 
 "CUST_ALERT_FLAG", 
 "IMG_FILE") 
VALUES 
(25, 
 (SELECT V.ID 
  FROM "APP_VERSION" V, 
       "APPLICATION" A
  WHERE V.APPLICATION_ID = A.ID
  AND V.VERSION = '3.2.4'
  AND A.NAME = 'FHNReference'
 ), 
 8, 
 'S_InPTFailed', 
 'N', 
 'N', 
 'Red.gif');



INSERT INTO "FSM_STATE_REL" 
("ID", 
 "APP_VERSION_ID", 
 "FSM_ID", 
 "OBJ_STATE", 
 "OPS_ALERT_FLAG", 
 "CUST_ALERT_FLAG", 
 "IMG_FILE") 
VALUES 
(26, 
 (SELECT V.ID 
  FROM "APP_VERSION" V, 
       "APPLICATION" A
  WHERE V.APPLICATION_ID = A.ID
  AND V.VERSION = '3.2.4'
  AND A.NAME = 'FHNReference'
 ), 
 8, 
 'S_InPTMapFailed', 
 'Y', 
 'N', 
 'Alert.gif');


INSERT
INTO "FSM_RESOLVE_ACTION"
("ID",
 "APP_VERSION_ID",
 "STATE_ID",
 "RESOLUTION_ACTION",
 "DUAL_CONTROL_FLAG") 
VALUES
 (8,
  (SELECT V.ID 
  FROM "APP_VERSION" V, 
       "APPLICATION" A
  WHERE V.APPLICATION_ID = A.ID
  AND V.VERSION = '3.2.4'
  AND A.NAME = 'FHNReference'
 ), 
 26,
 'Cancel',
 'N');


INSERT INTO "FSM_STATE_REL" 
("ID", 
 "APP_VERSION_ID", 
 "FSM_ID", 
 "OBJ_STATE", 
 "OPS_ALERT_FLAG", 
 "CUST_ALERT_FLAG", 
 "IMG_FILE") 
VALUES 
(27, 
 (SELECT V.ID 
  FROM "APP_VERSION" V, 
       "APPLICATION" A
  WHERE V.APPLICATION_ID = A.ID
  AND V.VERSION = '3.2.4'
  AND A.NAME = 'FHNReference'
 ), 
 8, 
 'S_InPTProcessing', 
 'N', 
 'N', 
 'Blank.gif');



INSERT INTO "FSM_STATE_REL" 
("ID", 
 "APP_VERSION_ID", 
 "FSM_ID", 
 "OBJ_STATE", 
 "OPS_ALERT_FLAG", 
 "CUST_ALERT_FLAG", 
 "IMG_FILE") 
VALUES 
(28, 
 (SELECT V.ID 
  FROM "APP_VERSION" V, 
       "APPLICATION" A
  WHERE V.APPLICATION_ID = A.ID
  AND V.VERSION = '3.2.4'
  AND A.NAME = 'FHNReference'
 ), 
 8, 
 'S_InPTValidating', 
 'N', 
 'N', 
 'Blank.gif');



INSERT INTO "FSM_STATE_REL" 
("ID", 
 "APP_VERSION_ID", 
 "FSM_ID", 
 "OBJ_STATE", 
 "OPS_ALERT_FLAG", 
 "CUST_ALERT_FLAG", 
 "IMG_FILE") 
VALUES 
(29, 
 (SELECT V.ID 
  FROM "APP_VERSION" V, 
       "APPLICATION" A
  WHERE V.APPLICATION_ID = A.ID
  AND V.VERSION = '3.2.4'
  AND A.NAME = 'FHNReference'
 ), 
 8, 
 'S_PTDupFail', 
 'Y', 
 'N', 
 'Alert.gif');


INSERT
INTO "FSM_RESOLVE_ACTION"
("ID",
 "APP_VERSION_ID",
 "STATE_ID",
 "RESOLUTION_ACTION",
 "DUAL_CONTROL_FLAG") 
VALUES
 (9,
  (SELECT V.ID 
  FROM "APP_VERSION" V, 
       "APPLICATION" A
  WHERE V.APPLICATION_ID = A.ID
  AND V.VERSION = '3.2.4'
  AND A.NAME = 'FHNReference'
 ), 
 29,
 'Cancel',
 'N');

INSERT
INTO "FSM_RESOLVE_ACTION"
("ID",
 "APP_VERSION_ID",
 "STATE_ID",
 "RESOLUTION_ACTION",
 "DUAL_CONTROL_FLAG") 
VALUES
 (10,
  (SELECT V.ID 
  FROM "APP_VERSION" V, 
       "APPLICATION" A
  WHERE V.APPLICATION_ID = A.ID
  AND V.VERSION = '3.2.4'
  AND A.NAME = 'FHNReference'
 ), 
 29,
 'Continue',
 'N');


INSERT INTO "FSM_STATE_REL" 
("ID", 
 "APP_VERSION_ID", 
 "FSM_ID", 
 "OBJ_STATE", 
 "OPS_ALERT_FLAG", 
 "CUST_ALERT_FLAG", 
 "IMG_FILE") 
VALUES 
(30, 
 (SELECT V.ID 
  FROM "APP_VERSION" V, 
       "APPLICATION" A
  WHERE V.APPLICATION_ID = A.ID
  AND V.VERSION = '3.2.4'
  AND A.NAME = 'FHNReference'
 ), 
 8, 
 'S_PTValidationFail', 
 'Y', 
 'N', 
 'Alert.gif');


INSERT
INTO "FSM_RESOLVE_ACTION"
("ID",
 "APP_VERSION_ID",
 "STATE_ID",
 "RESOLUTION_ACTION",
 "DUAL_CONTROL_FLAG") 
VALUES
 (11,
  (SELECT V.ID 
  FROM "APP_VERSION" V, 
       "APPLICATION" A
  WHERE V.APPLICATION_ID = A.ID
  AND V.VERSION = '3.2.4'
  AND A.NAME = 'FHNReference'
 ), 
 30,
 'Cancel',
 'N');

INSERT
INTO "FSM_RESOLVE_ACTION"
("ID",
 "APP_VERSION_ID",
 "STATE_ID",
 "RESOLUTION_ACTION",
 "DUAL_CONTROL_FLAG") 
VALUES
 (12,
  (SELECT V.ID 
  FROM "APP_VERSION" V, 
       "APPLICATION" A
  WHERE V.APPLICATION_ID = A.ID
  AND V.VERSION = '3.2.4'
  AND A.NAME = 'FHNReference'
 ), 
 30,
 'Continue',
 'N');




INSERT 
INTO "FSM_TRANSITION" 
("ID",
 "APP_VERSION_ID", 
 "FSM_ID", 
 "EVENT_TYPE_ID", 
 "PRIORITY",
 "OBJ_CUR_STATE", 
 "OBJ_TAR_STATE", 
 "OBJ_FILTER", 
 "FSM_ACTION", 
 "EVENT_FILTER", 
 "OVERRIDE_SELECTION", 
 "PERSIST")
VALUES 
(31,
  (SELECT V.ID 
  FROM "APP_VERSION" V, 
       "APPLICATION" A
  WHERE V.APPLICATION_ID = A.ID
  AND V.VERSION = '3.2.4'
  AND A.NAME = 'FHNReference'
 ), 
 8,
 33,
 50,
 'S_InPTArrived',
 'S_InPTMapFailed',
 'T.ID IN $Context{TRANSMISSION}',
 '<ftmaction://A_NotifyOps>',
 NULL,
 NULL,
 'Y');
 
 

INSERT 
INTO "FSM_TRANSITION" 
("ID",
 "APP_VERSION_ID", 
 "FSM_ID", 
 "EVENT_TYPE_ID", 
 "PRIORITY",
 "OBJ_CUR_STATE", 
 "OBJ_TAR_STATE", 
 "OBJ_FILTER", 
 "FSM_ACTION", 
 "EVENT_FILTER", 
 "OVERRIDE_SELECTION", 
 "PERSIST")
VALUES 
(32,
  (SELECT V.ID 
  FROM "APP_VERSION" V, 
       "APPLICATION" A
  WHERE V.APPLICATION_ID = A.ID
  AND V.VERSION = '3.2.4'
  AND A.NAME = 'FHNReference'
 ), 
 8,
 36,
 50,
 'S_InPTArrived',
 'S_InPTValidating',
 'T.ID IN $Context{TRANSMISSION}',
 '',
 '$ContextNULL{BATCH}',
 'SELECT ID FROM $DBSchema.OBJ_BASE T WHERE STATUS=?',
 'Y');
 
 

INSERT 
INTO "FSM_TRANSITION" 
("ID",
 "APP_VERSION_ID", 
 "FSM_ID", 
 "EVENT_TYPE_ID", 
 "PRIORITY",
 "OBJ_CUR_STATE", 
 "OBJ_TAR_STATE", 
 "OBJ_FILTER", 
 "FSM_ACTION", 
 "EVENT_FILTER", 
 "OVERRIDE_SELECTION", 
 "PERSIST")
VALUES 
(33,
  (SELECT V.ID 
  FROM "APP_VERSION" V, 
       "APPLICATION" A
  WHERE V.APPLICATION_ID = A.ID
  AND V.VERSION = '3.2.4'
  AND A.NAME = 'FHNReference'
 ), 
 8,
 35,
 50,
 'S_InPTArrived',
 'S_InPTValidating',
 'T.ID IN $Context{TRANSMISSION}',
 '',
 NULL,
 'SELECT ID FROM $DBSchema.OBJ_BASE T WHERE STATUS=?',
 'Y');
 
 

INSERT 
INTO "FSM_TRANSITION" 
("ID",
 "APP_VERSION_ID", 
 "FSM_ID", 
 "EVENT_TYPE_ID", 
 "PRIORITY",
 "OBJ_CUR_STATE", 
 "OBJ_TAR_STATE", 
 "OBJ_FILTER", 
 "FSM_ACTION", 
 "EVENT_FILTER", 
 "OVERRIDE_SELECTION", 
 "PERSIST")
VALUES 
(34,
  (SELECT V.ID 
  FROM "APP_VERSION" V, 
       "APPLICATION" A
  WHERE V.APPLICATION_ID = A.ID
  AND V.VERSION = '3.2.4'
  AND A.NAME = 'FHNReference'
 ), 
 8,
 29,
 50,
 'S_InPTArrived',
 'S_InPTValidating',
 'T.ID IN $Context{TRANSMISSION}',
 '',
 NULL,
 'SELECT ID FROM $DBSchema.OBJ_BASE T WHERE STATUS=?',
 'Y');
 
 

INSERT 
INTO "FSM_TRANSITION" 
("ID",
 "APP_VERSION_ID", 
 "FSM_ID", 
 "EVENT_TYPE_ID", 
 "PRIORITY",
 "OBJ_CUR_STATE", 
 "OBJ_TAR_STATE", 
 "OBJ_FILTER", 
 "FSM_ACTION", 
 "EVENT_FILTER", 
 "OVERRIDE_SELECTION", 
 "PERSIST")
VALUES 
(35,
  (SELECT V.ID 
  FROM "APP_VERSION" V, 
       "APPLICATION" A
  WHERE V.APPLICATION_ID = A.ID
  AND V.VERSION = '3.2.4'
  AND A.NAME = 'FHNReference'
 ), 
 8,
 30,
 50,
 'S_InPTArrived',
 'S_InPTValidating',
 'T.ID IN $Context{TRANSMISSION}',
 '',
 NULL,
 'SELECT ID FROM $DBSchema.OBJ_BASE T WHERE STATUS=?',
 'Y');
 
 

INSERT 
INTO "FSM_TRANSITION" 
("ID",
 "APP_VERSION_ID", 
 "FSM_ID", 
 "EVENT_TYPE_ID", 
 "PRIORITY",
 "OBJ_CUR_STATE", 
 "OBJ_TAR_STATE", 
 "OBJ_FILTER", 
 "FSM_ACTION", 
 "EVENT_FILTER", 
 "OVERRIDE_SELECTION", 
 "PERSIST")
VALUES 
(36,
  (SELECT V.ID 
  FROM "APP_VERSION" V, 
       "APPLICATION" A
  WHERE V.APPLICATION_ID = A.ID
  AND V.VERSION = '3.2.4'
  AND A.NAME = 'FHNReference'
 ), 
 8,
 31,
 50,
 'S_InPTArrived',
 'S_InPTValidating',
 'T.ID IN $Context{TRANSMISSION}',
 '',
 NULL,
 'SELECT ID FROM $DBSchema.OBJ_BASE T WHERE STATUS=?',
 'Y');
 
 

INSERT 
INTO "FSM_TRANSITION" 
("ID",
 "APP_VERSION_ID", 
 "FSM_ID", 
 "EVENT_TYPE_ID", 
 "PRIORITY",
 "OBJ_CUR_STATE", 
 "OBJ_TAR_STATE", 
 "OBJ_FILTER", 
 "FSM_ACTION", 
 "EVENT_FILTER", 
 "OVERRIDE_SELECTION", 
 "PERSIST")
VALUES 
(37,
  (SELECT V.ID 
  FROM "APP_VERSION" V, 
       "APPLICATION" A
  WHERE V.APPLICATION_ID = A.ID
  AND V.VERSION = '3.2.4'
  AND A.NAME = 'FHNReference'
 ), 
 8,
 40,
 50,
 'S_InPTMapFailed',
 'S_InPTFailed',
 'T.ID IN $Context{TRGT_OBJ_ID}',
 '<ftmaction://A_RaiseInPTFailed><ftmaction://A_NotifyCmdProcessed>',
 '$ContextEQ{TYPE,''Cancel''}',
 NULL,
 'Y');
 
 

INSERT 
INTO "FSM_TRANSITION" 
("ID",
 "APP_VERSION_ID", 
 "FSM_ID", 
 "EVENT_TYPE_ID", 
 "PRIORITY",
 "OBJ_CUR_STATE", 
 "OBJ_TAR_STATE", 
 "OBJ_FILTER", 
 "FSM_ACTION", 
 "EVENT_FILTER", 
 "OVERRIDE_SELECTION", 
 "PERSIST")
VALUES 
(38,
  (SELECT V.ID 
  FROM "APP_VERSION" V, 
       "APPLICATION" A
  WHERE V.APPLICATION_ID = A.ID
  AND V.VERSION = '3.2.4'
  AND A.NAME = 'FHNReference'
 ), 
 8,
 23,
 50,
 'S_InPTProcessing',
 'S_InPTComplete',
 'T.ID IN $Context{TRANSMISSION}',
 '<ftmaction://A_RaiseInPTComplete>',
 NULL,
 NULL,
 'Y');
 
 

INSERT 
INTO "FSM_TRANSITION" 
("ID",
 "APP_VERSION_ID", 
 "FSM_ID", 
 "EVENT_TYPE_ID", 
 "PRIORITY",
 "OBJ_CUR_STATE", 
 "OBJ_TAR_STATE", 
 "OBJ_FILTER", 
 "FSM_ACTION", 
 "EVENT_FILTER", 
 "OVERRIDE_SELECTION", 
 "PERSIST")
VALUES 
(39,
  (SELECT V.ID 
  FROM "APP_VERSION" V, 
       "APPLICATION" A
  WHERE V.APPLICATION_ID = A.ID
  AND V.VERSION = '3.2.4'
  AND A.NAME = 'FHNReference'
 ), 
 8,
 25,
 50,
 'S_InPTProcessing',
 'S_InPTFailed',
 'T.ID IN $Context{TRANSMISSION}',
 '',
 NULL,
 NULL,
 'Y');
 
 

INSERT 
INTO "FSM_TRANSITION" 
("ID",
 "APP_VERSION_ID", 
 "FSM_ID", 
 "EVENT_TYPE_ID", 
 "PRIORITY",
 "OBJ_CUR_STATE", 
 "OBJ_TAR_STATE", 
 "OBJ_FILTER", 
 "FSM_ACTION", 
 "EVENT_FILTER", 
 "OVERRIDE_SELECTION", 
 "PERSIST")
VALUES 
(40,
  (SELECT V.ID 
  FROM "APP_VERSION" V, 
       "APPLICATION" A
  WHERE V.APPLICATION_ID = A.ID
  AND V.VERSION = '3.2.4'
  AND A.NAME = 'FHNReference'
 ), 
 8,
 26,
 50,
 'S_InPTProcessing',
 'S_InPTProcessing',
 'T.ID IN $Context{TRANSMISSION}',
 '<ftmaction://A_CheckInPTComplete>',
 '$ContextNULL{BATCH}',
 NULL,
 'Y');
 
 

INSERT 
INTO "FSM_TRANSITION" 
("ID",
 "APP_VERSION_ID", 
 "FSM_ID", 
 "EVENT_TYPE_ID", 
 "PRIORITY",
 "OBJ_CUR_STATE", 
 "OBJ_TAR_STATE", 
 "OBJ_FILTER", 
 "FSM_ACTION", 
 "EVENT_FILTER", 
 "OVERRIDE_SELECTION", 
 "PERSIST")
VALUES 
(41,
  (SELECT V.ID 
  FROM "APP_VERSION" V, 
       "APPLICATION" A
  WHERE V.APPLICATION_ID = A.ID
  AND V.VERSION = '3.2.4'
  AND A.NAME = 'FHNReference'
 ), 
 8,
 27,
 50,
 'S_InPTProcessing',
 'S_InPTProcessing',
 'T.ID IN $Context{TRANSMISSION}',
 '<ftmaction://A_CheckInPTComplete>',
 '$ContextNULL{BATCH}',
 NULL,
 'Y');
 
 

INSERT 
INTO "FSM_TRANSITION" 
("ID",
 "APP_VERSION_ID", 
 "FSM_ID", 
 "EVENT_TYPE_ID", 
 "PRIORITY",
 "OBJ_CUR_STATE", 
 "OBJ_TAR_STATE", 
 "OBJ_FILTER", 
 "FSM_ACTION", 
 "EVENT_FILTER", 
 "OVERRIDE_SELECTION", 
 "PERSIST")
VALUES 
(42,
  (SELECT V.ID 
  FROM "APP_VERSION" V, 
       "APPLICATION" A
  WHERE V.APPLICATION_ID = A.ID
  AND V.VERSION = '3.2.4'
  AND A.NAME = 'FHNReference'
 ), 
 8,
 21,
 50,
 'S_InPTProcessing',
 'S_InPTProcessing',
 'T.ID IN $Context{TRANSMISSION}',
 '<ftmaction://A_CheckInPTComplete>',
 NULL,
 NULL,
 'Y');
 
 

INSERT 
INTO "FSM_TRANSITION" 
("ID",
 "APP_VERSION_ID", 
 "FSM_ID", 
 "EVENT_TYPE_ID", 
 "PRIORITY",
 "OBJ_CUR_STATE", 
 "OBJ_TAR_STATE", 
 "OBJ_FILTER", 
 "FSM_ACTION", 
 "EVENT_FILTER", 
 "OVERRIDE_SELECTION", 
 "PERSIST")
VALUES 
(43,
  (SELECT V.ID 
  FROM "APP_VERSION" V, 
       "APPLICATION" A
  WHERE V.APPLICATION_ID = A.ID
  AND V.VERSION = '3.2.4'
  AND A.NAME = 'FHNReference'
 ), 
 8,
 22,
 50,
 'S_InPTProcessing',
 'S_InPTProcessing',
 'T.ID IN $Context{TRANSMISSION}',
 '<ftmaction://A_CheckInPTComplete>',
 NULL,
 NULL,
 'Y');
 
 

INSERT 
INTO "FSM_TRANSITION" 
("ID",
 "APP_VERSION_ID", 
 "FSM_ID", 
 "EVENT_TYPE_ID", 
 "PRIORITY",
 "OBJ_CUR_STATE", 
 "OBJ_TAR_STATE", 
 "OBJ_FILTER", 
 "FSM_ACTION", 
 "EVENT_FILTER", 
 "OVERRIDE_SELECTION", 
 "PERSIST")
VALUES 
(44,
  (SELECT V.ID 
  FROM "APP_VERSION" V, 
       "APPLICATION" A
  WHERE V.APPLICATION_ID = A.ID
  AND V.VERSION = '3.2.4'
  AND A.NAME = 'FHNReference'
 ), 
 8,
 26,
 50,
 'S_InPTValidating',
 'S_InPTComplete',
 'T.ID IN $Context{TRANSMISSION}',
 '<ftmaction://A_RaiseInPTComplete>',
 '$ContextNULL{BATCH}',
 NULL,
 'Y');
 
 

INSERT 
INTO "FSM_TRANSITION" 
("ID",
 "APP_VERSION_ID", 
 "FSM_ID", 
 "EVENT_TYPE_ID", 
 "PRIORITY",
 "OBJ_CUR_STATE", 
 "OBJ_TAR_STATE", 
 "OBJ_FILTER", 
 "FSM_ACTION", 
 "EVENT_FILTER", 
 "OVERRIDE_SELECTION", 
 "PERSIST")
VALUES 
(45,
  (SELECT V.ID 
  FROM "APP_VERSION" V, 
       "APPLICATION" A
  WHERE V.APPLICATION_ID = A.ID
  AND V.VERSION = '3.2.4'
  AND A.NAME = 'FHNReference'
 ), 
 8,
 27,
 50,
 'S_InPTValidating',
 'S_InPTFailed',
 'T.ID IN $Context{TRANSMISSION}',
 '<ftmaction://A_RaiseInPTFailed>',
 '$ContextNULL{BATCH}',
 NULL,
 'Y');
 
 

INSERT 
INTO "FSM_TRANSITION" 
("ID",
 "APP_VERSION_ID", 
 "FSM_ID", 
 "EVENT_TYPE_ID", 
 "PRIORITY",
 "OBJ_CUR_STATE", 
 "OBJ_TAR_STATE", 
 "OBJ_FILTER", 
 "FSM_ACTION", 
 "EVENT_FILTER", 
 "OVERRIDE_SELECTION", 
 "PERSIST")
VALUES 
(46,
  (SELECT V.ID 
  FROM "APP_VERSION" V, 
       "APPLICATION" A
  WHERE V.APPLICATION_ID = A.ID
  AND V.VERSION = '3.2.4'
  AND A.NAME = 'FHNReference'
 ), 
 8,
 25,
 50,
 'S_InPTValidating',
 'S_InPTFailed',
 'T.ID IN $Context{TRANSMISSION}',
 '',
 NULL,
 NULL,
 'Y');
 
 

INSERT 
INTO "FSM_TRANSITION" 
("ID",
 "APP_VERSION_ID", 
 "FSM_ID", 
 "EVENT_TYPE_ID", 
 "PRIORITY",
 "OBJ_CUR_STATE", 
 "OBJ_TAR_STATE", 
 "OBJ_FILTER", 
 "FSM_ACTION", 
 "EVENT_FILTER", 
 "OVERRIDE_SELECTION", 
 "PERSIST")
VALUES 
(47,
  (SELECT V.ID 
  FROM "APP_VERSION" V, 
       "APPLICATION" A
  WHERE V.APPLICATION_ID = A.ID
  AND V.VERSION = '3.2.4'
  AND A.NAME = 'FHNReference'
 ), 
 8,
 33,
 50,
 'S_InPTValidating',
 'S_InPTMapFailed',
 'T.ID IN $Context{TRANSMISSION}',
 '<ftmaction://A_NotifyOps>',
 NULL,
 NULL,
 'Y');
 
 

INSERT 
INTO "FSM_TRANSITION" 
("ID",
 "APP_VERSION_ID", 
 "FSM_ID", 
 "EVENT_TYPE_ID", 
 "PRIORITY",
 "OBJ_CUR_STATE", 
 "OBJ_TAR_STATE", 
 "OBJ_FILTER", 
 "FSM_ACTION", 
 "EVENT_FILTER", 
 "OVERRIDE_SELECTION", 
 "PERSIST")
VALUES 
(48,
  (SELECT V.ID 
  FROM "APP_VERSION" V, 
       "APPLICATION" A
  WHERE V.APPLICATION_ID = A.ID
  AND V.VERSION = '3.2.4'
  AND A.NAME = 'FHNReference'
 ), 
 8,
 76,
 50,
 'S_InPTValidating',
 'S_InPTProcessing',
 'T.ID IN $Context{TRANSMISSION}',
 '',
 NULL,
 'SELECT ID FROM $DBSchema.OBJ_BASE T WHERE STATUS=?',
 'Y');
 
 

INSERT 
INTO "FSM_TRANSITION" 
("ID",
 "APP_VERSION_ID", 
 "FSM_ID", 
 "EVENT_TYPE_ID", 
 "PRIORITY",
 "OBJ_CUR_STATE", 
 "OBJ_TAR_STATE", 
 "OBJ_FILTER", 
 "FSM_ACTION", 
 "EVENT_FILTER", 
 "OVERRIDE_SELECTION", 
 "PERSIST")
VALUES 
(49,
  (SELECT V.ID 
  FROM "APP_VERSION" V, 
       "APPLICATION" A
  WHERE V.APPLICATION_ID = A.ID
  AND V.VERSION = '3.2.4'
  AND A.NAME = 'FHNReference'
 ), 
 8,
 85,
 50,
 'S_InPTValidating',
 'S_InPTValidating',
 'T.ID IN $Context{TRANSMISSION}',
 '<ftmaction://A_DoValInPT>',
 '$ContextAND{$ContextNULL{BATCH},$ContextEQ{DEVOLVE, ''TRUE''}}',
 NULL,
 'Y');
 
 

INSERT 
INTO "FSM_TRANSITION" 
("ID",
 "APP_VERSION_ID", 
 "FSM_ID", 
 "EVENT_TYPE_ID", 
 "PRIORITY",
 "OBJ_CUR_STATE", 
 "OBJ_TAR_STATE", 
 "OBJ_FILTER", 
 "FSM_ACTION", 
 "EVENT_FILTER", 
 "OVERRIDE_SELECTION", 
 "PERSIST")
VALUES 
(50,
  (SELECT V.ID 
  FROM "APP_VERSION" V, 
       "APPLICATION" A
  WHERE V.APPLICATION_ID = A.ID
  AND V.VERSION = '3.2.4'
  AND A.NAME = 'FHNReference'
 ), 
 8,
 7,
 50,
 'S_InPTValidating',
 'S_InPTValidating',
 'T.ID IN $Context{TRANSMISSION}',
 '<ftmaction://A_DoValInPT>',
 '$ContextEQ{DEVOLVE, ''TRUE''}',
 NULL,
 'Y');
 
 

INSERT 
INTO "FSM_TRANSITION" 
("ID",
 "APP_VERSION_ID", 
 "FSM_ID", 
 "EVENT_TYPE_ID", 
 "PRIORITY",
 "OBJ_CUR_STATE", 
 "OBJ_TAR_STATE", 
 "OBJ_FILTER", 
 "FSM_ACTION", 
 "EVENT_FILTER", 
 "OVERRIDE_SELECTION", 
 "PERSIST")
VALUES 
(51,
  (SELECT V.ID 
  FROM "APP_VERSION" V, 
       "APPLICATION" A
  WHERE V.APPLICATION_ID = A.ID
  AND V.VERSION = '3.2.4'
  AND A.NAME = 'FHNReference'
 ), 
 8,
 86,
 50,
 'S_InPTValidating',
 'S_InPTValidating',
 'T.ID IN $Context{TRANSMISSION}',
 '<ftmaction://A_DoValInPT>',
 '$ContextNULL{BATCH}',
 NULL,
 'Y');
 
 

INSERT 
INTO "FSM_TRANSITION" 
("ID",
 "APP_VERSION_ID", 
 "FSM_ID", 
 "EVENT_TYPE_ID", 
 "PRIORITY",
 "OBJ_CUR_STATE", 
 "OBJ_TAR_STATE", 
 "OBJ_FILTER", 
 "FSM_ACTION", 
 "EVENT_FILTER", 
 "OVERRIDE_SELECTION", 
 "PERSIST")
VALUES 
(52,
  (SELECT V.ID 
  FROM "APP_VERSION" V, 
       "APPLICATION" A
  WHERE V.APPLICATION_ID = A.ID
  AND V.VERSION = '3.2.4'
  AND A.NAME = 'FHNReference'
 ), 
 8,
 8,
 50,
 'S_InPTValidating',
 'S_InPTValidating',
 'T.ID IN $Context{TRANSMISSION}',
 '<ftmaction://A_DoValInPT>',
 NULL,
 NULL,
 'Y');
 
 

INSERT 
INTO "FSM_TRANSITION" 
("ID",
 "APP_VERSION_ID", 
 "FSM_ID", 
 "EVENT_TYPE_ID", 
 "PRIORITY",
 "OBJ_CUR_STATE", 
 "OBJ_TAR_STATE", 
 "OBJ_FILTER", 
 "FSM_ACTION", 
 "EVENT_FILTER", 
 "OVERRIDE_SELECTION", 
 "PERSIST")
VALUES 
(53,
  (SELECT V.ID 
  FROM "APP_VERSION" V, 
       "APPLICATION" A
  WHERE V.APPLICATION_ID = A.ID
  AND V.VERSION = '3.2.4'
  AND A.NAME = 'FHNReference'
 ), 
 8,
 22,
 50,
 'S_InPTValidating',
 'S_InPTValidating',
 'T.ID IN $Context{TRANSMISSION}',
 '<ftmaction://A_DoValInPT>',
 NULL,
 NULL,
 'Y');
 
 

INSERT 
INTO "FSM_TRANSITION" 
("ID",
 "APP_VERSION_ID", 
 "FSM_ID", 
 "EVENT_TYPE_ID", 
 "PRIORITY",
 "OBJ_CUR_STATE", 
 "OBJ_TAR_STATE", 
 "OBJ_FILTER", 
 "FSM_ACTION", 
 "EVENT_FILTER", 
 "OVERRIDE_SELECTION", 
 "PERSIST")
VALUES 
(54,
  (SELECT V.ID 
  FROM "APP_VERSION" V, 
       "APPLICATION" A
  WHERE V.APPLICATION_ID = A.ID
  AND V.VERSION = '3.2.4'
  AND A.NAME = 'FHNReference'
 ), 
 8,
 72,
 50,
 'S_InPTValidating',
 'S_PTDupFail',
 'T.ID IN $Context{TRANSMISSION}',
 '<ftmaction://A_NotifyOps>',
 NULL,
 NULL,
 'Y');
 
 

INSERT 
INTO "FSM_TRANSITION" 
("ID",
 "APP_VERSION_ID", 
 "FSM_ID", 
 "EVENT_TYPE_ID", 
 "PRIORITY",
 "OBJ_CUR_STATE", 
 "OBJ_TAR_STATE", 
 "OBJ_FILTER", 
 "FSM_ACTION", 
 "EVENT_FILTER", 
 "OVERRIDE_SELECTION", 
 "PERSIST")
VALUES 
(55,
  (SELECT V.ID 
  FROM "APP_VERSION" V, 
       "APPLICATION" A
  WHERE V.APPLICATION_ID = A.ID
  AND V.VERSION = '3.2.4'
  AND A.NAME = 'FHNReference'
 ), 
 8,
 75,
 50,
 'S_InPTValidating',
 'S_PTValidationFail',
 'T.ID IN $Context{TRANSMISSION}',
 '<ftmaction://A_NotifyOps>',
 NULL,
 NULL,
 'Y');
 
 

INSERT 
INTO "FSM_TRANSITION" 
("ID",
 "APP_VERSION_ID", 
 "FSM_ID", 
 "EVENT_TYPE_ID", 
 "PRIORITY",
 "OBJ_CUR_STATE", 
 "OBJ_TAR_STATE", 
 "OBJ_FILTER", 
 "FSM_ACTION", 
 "EVENT_FILTER", 
 "OVERRIDE_SELECTION", 
 "PERSIST")
VALUES 
(56,
  (SELECT V.ID 
  FROM "APP_VERSION" V, 
       "APPLICATION" A
  WHERE V.APPLICATION_ID = A.ID
  AND V.VERSION = '3.2.4'
  AND A.NAME = 'FHNReference'
 ), 
 8,
 40,
 50,
 'S_PTDupFail',
 'S_InPTFailed',
 'T.ID IN $Context{TRGT_OBJ_ID}',
 '<ftmaction://A_RaiseInPTFailed><ftmaction://A_NotifyCmdProcessed>',
 '$ContextEQ{TYPE,''Cancel''}',
 NULL,
 'Y');
 
 

INSERT 
INTO "FSM_TRANSITION" 
("ID",
 "APP_VERSION_ID", 
 "FSM_ID", 
 "EVENT_TYPE_ID", 
 "PRIORITY",
 "OBJ_CUR_STATE", 
 "OBJ_TAR_STATE", 
 "OBJ_FILTER", 
 "FSM_ACTION", 
 "EVENT_FILTER", 
 "OVERRIDE_SELECTION", 
 "PERSIST")
VALUES 
(57,
  (SELECT V.ID 
  FROM "APP_VERSION" V, 
       "APPLICATION" A
  WHERE V.APPLICATION_ID = A.ID
  AND V.VERSION = '3.2.4'
  AND A.NAME = 'FHNReference'
 ), 
 8,
 40,
 50,
 'S_PTDupFail',
 'S_InPTProcessing',
 'T.ID IN $Context{TRGT_OBJ_ID}',
 '<ftmaction://A_RaisePTValid><ftmaction://A_NotifyCmdProcessed>',
 '$ContextEQ{TYPE,''Continue''}',
 NULL,
 'Y');
 
 

INSERT 
INTO "FSM_TRANSITION" 
("ID",
 "APP_VERSION_ID", 
 "FSM_ID", 
 "EVENT_TYPE_ID", 
 "PRIORITY",
 "OBJ_CUR_STATE", 
 "OBJ_TAR_STATE", 
 "OBJ_FILTER", 
 "FSM_ACTION", 
 "EVENT_FILTER", 
 "OVERRIDE_SELECTION", 
 "PERSIST")
VALUES 
(58,
  (SELECT V.ID 
  FROM "APP_VERSION" V, 
       "APPLICATION" A
  WHERE V.APPLICATION_ID = A.ID
  AND V.VERSION = '3.2.4'
  AND A.NAME = 'FHNReference'
 ), 
 8,
 40,
 50,
 'S_PTValidationFail',
 'S_InPTFailed',
 'T.ID IN $Context{TRGT_OBJ_ID}',
 '<ftmaction://A_RaiseInPTFailed><ftmaction://A_NotifyCmdProcessed>',
 '$ContextEQ{TYPE,''Cancel''}',
 NULL,
 'Y');
 
 

INSERT 
INTO "FSM_TRANSITION" 
("ID",
 "APP_VERSION_ID", 
 "FSM_ID", 
 "EVENT_TYPE_ID", 
 "PRIORITY",
 "OBJ_CUR_STATE", 
 "OBJ_TAR_STATE", 
 "OBJ_FILTER", 
 "FSM_ACTION", 
 "EVENT_FILTER", 
 "OVERRIDE_SELECTION", 
 "PERSIST")
VALUES 
(59,
  (SELECT V.ID 
  FROM "APP_VERSION" V, 
       "APPLICATION" A
  WHERE V.APPLICATION_ID = A.ID
  AND V.VERSION = '3.2.4'
  AND A.NAME = 'FHNReference'
 ), 
 8,
 40,
 50,
 'S_PTValidationFail',
 'S_InPTProcessing',
 'T.ID IN $Context{TRGT_OBJ_ID}',
 '<ftmaction://A_RaisePTValid><ftmaction://A_NotifyCmdProcessed>',
 '$ContextEQ{TYPE,''Continue''}',
 NULL,
 'Y');
 
 


INSERT INTO "FSM" 
("ID", 
 "APP_VERSION_ID",
 "OBJ_TYPE", 
 "OBJ_SELECT_TEMPLAT", 
 "FSM_NAME",
 "ENABLED",
 "DELETE_FLAG",
 "MODIFIER",
 "LAST_MODIFIED"
 )
VALUES 
(9,
 (SELECT V.ID 
  FROM "APP_VERSION" V, 
       "APPLICATION" A
  WHERE V.APPLICATION_ID = A.ID
  AND V.VERSION = '3.2.4'
  AND A.NAME = 'FHNReference'
 ), 
 'TRANSACTION', 
 'SELECT ID, CID, SUBTYPE, TRANSMISSION_ID FROM $DBSchema.TRANSACTI'
||'ON_V T WHERE OBJ_CLASS=''Service_Request'' AND STATUS=?', 
 'Outbound Distribution Transaction',
 'Y',
 'N',
 'SCRIPT:FHNReference_fsm_20210205.sql',
  FTM_TIMESTAMP()
);


INSERT INTO "FSM_STATE_REL" 
("ID", 
 "APP_VERSION_ID", 
 "FSM_ID", 
 "OBJ_STATE", 
 "OPS_ALERT_FLAG", 
 "CUST_ALERT_FLAG", 
 "IMG_FILE") 
VALUES 
(31, 
 (SELECT V.ID 
  FROM "APP_VERSION" V, 
       "APPLICATION" A
  WHERE V.APPLICATION_ID = A.ID
  AND V.VERSION = '3.2.4'
  AND A.NAME = 'FHNReference'
 ), 
 9, 
 'S_TxnDistAwaitingSend', 
 'N', 
 'N', 
 'Blank.gif');



INSERT INTO "FSM_STATE_REL" 
("ID", 
 "APP_VERSION_ID", 
 "FSM_ID", 
 "OBJ_STATE", 
 "OPS_ALERT_FLAG", 
 "CUST_ALERT_FLAG", 
 "IMG_FILE") 
VALUES 
(32, 
 (SELECT V.ID 
  FROM "APP_VERSION" V, 
       "APPLICATION" A
  WHERE V.APPLICATION_ID = A.ID
  AND V.VERSION = '3.2.4'
  AND A.NAME = 'FHNReference'
 ), 
 9, 
 'S_TxnMapped', 
 'N', 
 'N', 
 'Blank.gif');



INSERT INTO "FSM_STATE_REL" 
("ID", 
 "APP_VERSION_ID", 
 "FSM_ID", 
 "OBJ_STATE", 
 "OPS_ALERT_FLAG", 
 "CUST_ALERT_FLAG", 
 "IMG_FILE") 
VALUES 
(33, 
 (SELECT V.ID 
  FROM "APP_VERSION" V, 
       "APPLICATION" A
  WHERE V.APPLICATION_ID = A.ID
  AND V.VERSION = '3.2.4'
  AND A.NAME = 'FHNReference'
 ), 
 9, 
 'S_TxnSendDistFailed', 
 'N', 
 'N', 
 'Red.gif');


INSERT
INTO "FSM_RESOLVE_ACTION"
("ID",
 "APP_VERSION_ID",
 "STATE_ID",
 "RESOLUTION_ACTION",
 "DUAL_CONTROL_FLAG") 
VALUES
 (13,
  (SELECT V.ID 
  FROM "APP_VERSION" V, 
       "APPLICATION" A
  WHERE V.APPLICATION_ID = A.ID
  AND V.VERSION = '3.2.4'
  AND A.NAME = 'FHNReference'
 ), 
 33,
 'Resend',
 'N');


INSERT INTO "FSM_STATE_REL" 
("ID", 
 "APP_VERSION_ID", 
 "FSM_ID", 
 "OBJ_STATE", 
 "OPS_ALERT_FLAG", 
 "CUST_ALERT_FLAG", 
 "IMG_FILE") 
VALUES 
(34, 
 (SELECT V.ID 
  FROM "APP_VERSION" V, 
       "APPLICATION" A
  WHERE V.APPLICATION_ID = A.ID
  AND V.VERSION = '3.2.4'
  AND A.NAME = 'FHNReference'
 ), 
 9, 
 'S_TxnSentDist', 
 'N', 
 'N', 
 'Green.gif');


INSERT
INTO "FSM_RESOLVE_ACTION"
("ID",
 "APP_VERSION_ID",
 "STATE_ID",
 "RESOLUTION_ACTION",
 "DUAL_CONTROL_FLAG") 
VALUES
 (14,
  (SELECT V.ID 
  FROM "APP_VERSION" V, 
       "APPLICATION" A
  WHERE V.APPLICATION_ID = A.ID
  AND V.VERSION = '3.2.4'
  AND A.NAME = 'FHNReference'
 ), 
 34,
 'Resend',
 'N');




INSERT 
INTO "FSM_TRANSITION" 
("ID",
 "APP_VERSION_ID", 
 "FSM_ID", 
 "EVENT_TYPE_ID", 
 "PRIORITY",
 "OBJ_CUR_STATE", 
 "OBJ_TAR_STATE", 
 "OBJ_FILTER", 
 "FSM_ACTION", 
 "EVENT_FILTER", 
 "OVERRIDE_SELECTION", 
 "PERSIST")
VALUES 
(60,
  (SELECT V.ID 
  FROM "APP_VERSION" V, 
       "APPLICATION" A
  WHERE V.APPLICATION_ID = A.ID
  AND V.VERSION = '3.2.4'
  AND A.NAME = 'FHNReference'
 ), 
 9,
 74,
 50,
 'S_TxnDistAwaitingSend',
 'S_TxnSendDistFailed',
 'T.CID IN $Context{TRANSMISSION}',
 '<ftmaction://A_NotifySendFail>',
 NULL,
 NULL,
 'Y');
 
 

INSERT 
INTO "FSM_TRANSITION" 
("ID",
 "APP_VERSION_ID", 
 "FSM_ID", 
 "EVENT_TYPE_ID", 
 "PRIORITY",
 "OBJ_CUR_STATE", 
 "OBJ_TAR_STATE", 
 "OBJ_FILTER", 
 "FSM_ACTION", 
 "EVENT_FILTER", 
 "OVERRIDE_SELECTION", 
 "PERSIST")
VALUES 
(61,
  (SELECT V.ID 
  FROM "APP_VERSION" V, 
       "APPLICATION" A
  WHERE V.APPLICATION_ID = A.ID
  AND V.VERSION = '3.2.4'
  AND A.NAME = 'FHNReference'
 ), 
 9,
 56,
 50,
 'S_TxnDistAwaitingSend',
 'S_TxnSendDistFailed',
 'T.CID IN $Context{TRANSMISSION}',
 '<ftmaction://A_NotifySendFail>',
 NULL,
 NULL,
 'Y');
 
 

INSERT 
INTO "FSM_TRANSITION" 
("ID",
 "APP_VERSION_ID", 
 "FSM_ID", 
 "EVENT_TYPE_ID", 
 "PRIORITY",
 "OBJ_CUR_STATE", 
 "OBJ_TAR_STATE", 
 "OBJ_FILTER", 
 "FSM_ACTION", 
 "EVENT_FILTER", 
 "OVERRIDE_SELECTION", 
 "PERSIST")
VALUES 
(62,
  (SELECT V.ID 
  FROM "APP_VERSION" V, 
       "APPLICATION" A
  WHERE V.APPLICATION_ID = A.ID
  AND V.VERSION = '3.2.4'
  AND A.NAME = 'FHNReference'
 ), 
 9,
 53,
 50,
 'S_TxnDistAwaitingSend',
 'S_TxnSendDistFailed',
 'T.CID IN $Context{TRANSMISSION}',
 '<ftmaction://A_NotifySendFail>',
 NULL,
 NULL,
 'Y');
 
 

INSERT 
INTO "FSM_TRANSITION" 
("ID",
 "APP_VERSION_ID", 
 "FSM_ID", 
 "EVENT_TYPE_ID", 
 "PRIORITY",
 "OBJ_CUR_STATE", 
 "OBJ_TAR_STATE", 
 "OBJ_FILTER", 
 "FSM_ACTION", 
 "EVENT_FILTER", 
 "OVERRIDE_SELECTION", 
 "PERSIST")
VALUES 
(63,
  (SELECT V.ID 
  FROM "APP_VERSION" V, 
       "APPLICATION" A
  WHERE V.APPLICATION_ID = A.ID
  AND V.VERSION = '3.2.4'
  AND A.NAME = 'FHNReference'
 ), 
 9,
 57,
 50,
 'S_TxnDistAwaitingSend',
 'S_TxnSentDist',
 'T.CID IN $Context{TRANSMISSION}',
 '<ftmaction://A_NotifySentPT>',
 NULL,
 NULL,
 'Y');
 
 

INSERT 
INTO "FSM_TRANSITION" 
("ID",
 "APP_VERSION_ID", 
 "FSM_ID", 
 "EVENT_TYPE_ID", 
 "PRIORITY",
 "OBJ_CUR_STATE", 
 "OBJ_TAR_STATE", 
 "OBJ_FILTER", 
 "FSM_ACTION", 
 "EVENT_FILTER", 
 "OVERRIDE_SELECTION", 
 "PERSIST")
VALUES 
(64,
  (SELECT V.ID 
  FROM "APP_VERSION" V, 
       "APPLICATION" A
  WHERE V.APPLICATION_ID = A.ID
  AND V.VERSION = '3.2.4'
  AND A.NAME = 'FHNReference'
 ), 
 9,
 36,
 50,
 'S_TxnMapped',
 'S_TxnDistAwaitingSend',
 'T.ID IN $Context{TRANSACTION}',
 '<ftmaction://A_StartOutboundPT>',
 '$ContextEQ{TXN_TYPE, ''ReleasePhysicalTransmission''}',
 'SELECT ID, CID, SUBTYPE, TRANSMISSION_ID, ISF_DATA FROM $DBSchema'
||'.TRANSACTION_V T WHERE OBJ_CLASS=''Service_Request'' AND STATUS=?'
||'',
 'Y');
 
 

INSERT 
INTO "FSM_TRANSITION" 
("ID",
 "APP_VERSION_ID", 
 "FSM_ID", 
 "EVENT_TYPE_ID", 
 "PRIORITY",
 "OBJ_CUR_STATE", 
 "OBJ_TAR_STATE", 
 "OBJ_FILTER", 
 "FSM_ACTION", 
 "EVENT_FILTER", 
 "OVERRIDE_SELECTION", 
 "PERSIST")
VALUES 
(65,
  (SELECT V.ID 
  FROM "APP_VERSION" V, 
       "APPLICATION" A
  WHERE V.APPLICATION_ID = A.ID
  AND V.VERSION = '3.2.4'
  AND A.NAME = 'FHNReference'
 ), 
 9,
 40,
 50,
 'S_TxnSendDistFailed',
 'S_TxnDistAwaitingSend',
 'T.CID IN $Context{TRANSMISSION}',
 '<ftmaction://A_NotifyResendPT><ftmaction://A_NotifyCmdProcessed>',
 '$ContextEQ{TYPE,''Resend''}',
 NULL,
 'Y');
 
 

INSERT 
INTO "FSM_TRANSITION" 
("ID",
 "APP_VERSION_ID", 
 "FSM_ID", 
 "EVENT_TYPE_ID", 
 "PRIORITY",
 "OBJ_CUR_STATE", 
 "OBJ_TAR_STATE", 
 "OBJ_FILTER", 
 "FSM_ACTION", 
 "EVENT_FILTER", 
 "OVERRIDE_SELECTION", 
 "PERSIST")
VALUES 
(66,
  (SELECT V.ID 
  FROM "APP_VERSION" V, 
       "APPLICATION" A
  WHERE V.APPLICATION_ID = A.ID
  AND V.VERSION = '3.2.4'
  AND A.NAME = 'FHNReference'
 ), 
 9,
 40,
 50,
 'S_TxnSentDist',
 'S_TxnDistAwaitingSend',
 'T.CID IN $Context{TRANSMISSION}',
 '<ftmaction://A_NotifyResendPT><ftmaction://A_NotifyCmdProcessed>',
 '$ContextEQ{TYPE, ''Resend''}',
 NULL,
 'Y');
 
 


INSERT INTO "FSM" 
("ID", 
 "APP_VERSION_ID",
 "OBJ_TYPE", 
 "OBJ_SELECT_TEMPLAT", 
 "FSM_NAME",
 "ENABLED",
 "DELETE_FLAG",
 "MODIFIER",
 "LAST_MODIFIED"
 )
VALUES 
(10,
 (SELECT V.ID 
  FROM "APP_VERSION" V, 
       "APPLICATION" A
  WHERE V.APPLICATION_ID = A.ID
  AND V.VERSION = '3.2.4'
  AND A.NAME = 'FHNReference'
 ), 
 'FRAGMENT', 
 'SELECT F.ID, F.TRANSMISSION_ID,F.SEQUENCE, F.CREATED, T.CHANNEL_I'
||'D, F."UID", F.CID, F.OBJ_TYPE, F.OBJ_CLASS, F.SUBTYPE, T.SENDER, '
||'T.RECEIVER, T.FRAG_COUNT, F.FIRST_BAT_SEQ, F.LAST_BAT_SEQ, F.FIRS'
||'T_BAT_SPAN, F.FIRST_BAT_SPAN, F.TXN_SEQ_OFFSET, F.LAST_BAT_COMPLE'
||'TE, F.BATCH_ID FROM $DBSchema.FRAGMENT_V F, $DBSchema.TRANSMISSIO'
||'N_V T WHERE F.TRANSMISSION_ID = T.ID AND F.STATUS=?', 
 'Outbound Fragment',
 'Y',
 'N',
 'SCRIPT:FHNReference_fsm_20210205.sql',
  FTM_TIMESTAMP()
);


INSERT INTO "FSM_STATE_REL" 
("ID", 
 "APP_VERSION_ID", 
 "FSM_ID", 
 "OBJ_STATE", 
 "OPS_ALERT_FLAG", 
 "CUST_ALERT_FLAG", 
 "IMG_FILE") 
VALUES 
(35, 
 (SELECT V.ID 
  FROM "APP_VERSION" V, 
       "APPLICATION" A
  WHERE V.APPLICATION_ID = A.ID
  AND V.VERSION = '3.2.4'
  AND A.NAME = 'FHNReference'
 ), 
 10, 
 'S_OutFragAwaitingSend', 
 'N', 
 'N', 
 'Blank.gif');



INSERT INTO "FSM_STATE_REL" 
("ID", 
 "APP_VERSION_ID", 
 "FSM_ID", 
 "OBJ_STATE", 
 "OPS_ALERT_FLAG", 
 "CUST_ALERT_FLAG", 
 "IMG_FILE") 
VALUES 
(36, 
 (SELECT V.ID 
  FROM "APP_VERSION" V, 
       "APPLICATION" A
  WHERE V.APPLICATION_ID = A.ID
  AND V.VERSION = '3.2.4'
  AND A.NAME = 'FHNReference'
 ), 
 10, 
 'S_OutFragComplete', 
 'N', 
 'N', 
 'Green.gif');



INSERT INTO "FSM_STATE_REL" 
("ID", 
 "APP_VERSION_ID", 
 "FSM_ID", 
 "OBJ_STATE", 
 "OPS_ALERT_FLAG", 
 "CUST_ALERT_FLAG", 
 "IMG_FILE") 
VALUES 
(37, 
 (SELECT V.ID 
  FROM "APP_VERSION" V, 
       "APPLICATION" A
  WHERE V.APPLICATION_ID = A.ID
  AND V.VERSION = '3.2.4'
  AND A.NAME = 'FHNReference'
 ), 
 10, 
 'S_OutFragCreated', 
 'N', 
 'N', 
 'Blank.gif');



INSERT INTO "FSM_STATE_REL" 
("ID", 
 "APP_VERSION_ID", 
 "FSM_ID", 
 "OBJ_STATE", 
 "OPS_ALERT_FLAG", 
 "CUST_ALERT_FLAG", 
 "IMG_FILE") 
VALUES 
(38, 
 (SELECT V.ID 
  FROM "APP_VERSION" V, 
       "APPLICATION" A
  WHERE V.APPLICATION_ID = A.ID
  AND V.VERSION = '3.2.4'
  AND A.NAME = 'FHNReference'
 ), 
 10, 
 'S_OutFragSendError', 
 'Y', 
 'N', 
 'Alert.gif');


INSERT
INTO "FSM_RESOLVE_ACTION"
("ID",
 "APP_VERSION_ID",
 "STATE_ID",
 "RESOLUTION_ACTION",
 "DUAL_CONTROL_FLAG") 
VALUES
 (15,
  (SELECT V.ID 
  FROM "APP_VERSION" V, 
       "APPLICATION" A
  WHERE V.APPLICATION_ID = A.ID
  AND V.VERSION = '3.2.4'
  AND A.NAME = 'FHNReference'
 ), 
 38,
 'Verify',
 'N');


INSERT INTO "FSM_STATE_REL" 
("ID", 
 "APP_VERSION_ID", 
 "FSM_ID", 
 "OBJ_STATE", 
 "OPS_ALERT_FLAG", 
 "CUST_ALERT_FLAG", 
 "IMG_FILE") 
VALUES 
(39, 
 (SELECT V.ID 
  FROM "APP_VERSION" V, 
       "APPLICATION" A
  WHERE V.APPLICATION_ID = A.ID
  AND V.VERSION = '3.2.4'
  AND A.NAME = 'FHNReference'
 ), 
 10, 
 'S_OutFragSent', 
 'N', 
 'N', 
 'Blank.gif');



INSERT INTO "FSM_STATE_REL" 
("ID", 
 "APP_VERSION_ID", 
 "FSM_ID", 
 "OBJ_STATE", 
 "OPS_ALERT_FLAG", 
 "CUST_ALERT_FLAG", 
 "IMG_FILE") 
VALUES 
(40, 
 (SELECT V.ID 
  FROM "APP_VERSION" V, 
       "APPLICATION" A
  WHERE V.APPLICATION_ID = A.ID
  AND V.VERSION = '3.2.4'
  AND A.NAME = 'FHNReference'
 ), 
 10, 
 'S_OutFragWaitingOpsVerify', 
 'Y', 
 'N', 
 'Alert.gif');


INSERT
INTO "FSM_RESOLVE_ACTION"
("ID",
 "APP_VERSION_ID",
 "STATE_ID",
 "RESOLUTION_ACTION",
 "DUAL_CONTROL_FLAG") 
VALUES
 (16,
  (SELECT V.ID 
  FROM "APP_VERSION" V, 
       "APPLICATION" A
  WHERE V.APPLICATION_ID = A.ID
  AND V.VERSION = '3.2.4'
  AND A.NAME = 'FHNReference'
 ), 
 40,
 'Verify',
 'N');


INSERT INTO "FSM_STATE_REL" 
("ID", 
 "APP_VERSION_ID", 
 "FSM_ID", 
 "OBJ_STATE", 
 "OPS_ALERT_FLAG", 
 "CUST_ALERT_FLAG", 
 "IMG_FILE") 
VALUES 
(41, 
 (SELECT V.ID 
  FROM "APP_VERSION" V, 
       "APPLICATION" A
  WHERE V.APPLICATION_ID = A.ID
  AND V.VERSION = '3.2.4'
  AND A.NAME = 'FHNReference'
 ), 
 10, 
 'S_OutPTFailed', 
 'N', 
 'N', 
 'Red.gif');





INSERT 
INTO "FSM_TRANSITION" 
("ID",
 "APP_VERSION_ID", 
 "FSM_ID", 
 "EVENT_TYPE_ID", 
 "PRIORITY",
 "OBJ_CUR_STATE", 
 "OBJ_TAR_STATE", 
 "OBJ_FILTER", 
 "FSM_ACTION", 
 "EVENT_FILTER", 
 "OVERRIDE_SELECTION", 
 "PERSIST")
VALUES 
(67,
  (SELECT V.ID 
  FROM "APP_VERSION" V, 
       "APPLICATION" A
  WHERE V.APPLICATION_ID = A.ID
  AND V.VERSION = '3.2.4'
  AND A.NAME = 'FHNReference'
 ), 
 10,
 48,
 50,
 'S_OutFragAwaitingSend',
 'S_OutFragSendError',
 'F.ID IN $Context{FRAGMENT}',
 '',
 NULL,
 NULL,
 'Y');
 
 

INSERT 
INTO "FSM_TRANSITION" 
("ID",
 "APP_VERSION_ID", 
 "FSM_ID", 
 "EVENT_TYPE_ID", 
 "PRIORITY",
 "OBJ_CUR_STATE", 
 "OBJ_TAR_STATE", 
 "OBJ_FILTER", 
 "FSM_ACTION", 
 "EVENT_FILTER", 
 "OVERRIDE_SELECTION", 
 "PERSIST")
VALUES 
(68,
  (SELECT V.ID 
  FROM "APP_VERSION" V, 
       "APPLICATION" A
  WHERE V.APPLICATION_ID = A.ID
  AND V.VERSION = '3.2.4'
  AND A.NAME = 'FHNReference'
 ), 
 10,
 49,
 50,
 'S_OutFragAwaitingSend',
 'S_OutFragSent',
 'F.ID IN $Context{FRAGMENT}',
 '',
 NULL,
 NULL,
 'Y');
 
 

INSERT 
INTO "FSM_TRANSITION" 
("ID",
 "APP_VERSION_ID", 
 "FSM_ID", 
 "EVENT_TYPE_ID", 
 "PRIORITY",
 "OBJ_CUR_STATE", 
 "OBJ_TAR_STATE", 
 "OBJ_FILTER", 
 "FSM_ACTION", 
 "EVENT_FILTER", 
 "OVERRIDE_SELECTION", 
 "PERSIST")
VALUES 
(69,
  (SELECT V.ID 
  FROM "APP_VERSION" V, 
       "APPLICATION" A
  WHERE V.APPLICATION_ID = A.ID
  AND V.VERSION = '3.2.4'
  AND A.NAME = 'FHNReference'
 ), 
 10,
 18,
 50,
 'S_OutFragAwaitingSend',
 'S_OutFragWaitingOpsVerify',
 'F.ID IN $Context{FRAGMENT}',
 '',
 NULL,
 NULL,
 'Y');
 
 

INSERT 
INTO "FSM_TRANSITION" 
("ID",
 "APP_VERSION_ID", 
 "FSM_ID", 
 "EVENT_TYPE_ID", 
 "PRIORITY",
 "OBJ_CUR_STATE", 
 "OBJ_TAR_STATE", 
 "OBJ_FILTER", 
 "FSM_ACTION", 
 "EVENT_FILTER", 
 "OVERRIDE_SELECTION", 
 "PERSIST")
VALUES 
(70,
  (SELECT V.ID 
  FROM "APP_VERSION" V, 
       "APPLICATION" A
  WHERE V.APPLICATION_ID = A.ID
  AND V.VERSION = '3.2.4'
  AND A.NAME = 'FHNReference'
 ), 
 10,
 47,
 50,
 'S_OutFragComplete',
 'S_OutFragSent',
 'F.ID IN $Context{FRAGMENT}',
 '<ftmaction://A_MapAndPutFragToQueue>',
 NULL,
 NULL,
 'Y');
 
 

INSERT 
INTO "FSM_TRANSITION" 
("ID",
 "APP_VERSION_ID", 
 "FSM_ID", 
 "EVENT_TYPE_ID", 
 "PRIORITY",
 "OBJ_CUR_STATE", 
 "OBJ_TAR_STATE", 
 "OBJ_FILTER", 
 "FSM_ACTION", 
 "EVENT_FILTER", 
 "OVERRIDE_SELECTION", 
 "PERSIST")
VALUES 
(71,
  (SELECT V.ID 
  FROM "APP_VERSION" V, 
       "APPLICATION" A
  WHERE V.APPLICATION_ID = A.ID
  AND V.VERSION = '3.2.4'
  AND A.NAME = 'FHNReference'
 ), 
 10,
 47,
 50,
 'S_OutFragCreated',
 'S_OutFragAwaitingSend',
 'F.ID IN $Context{FRAGMENT}',
 '<ftmaction://A_MapAndPutFragToQueue>',
 NULL,
 NULL,
 'Y');
 
 

INSERT 
INTO "FSM_TRANSITION" 
("ID",
 "APP_VERSION_ID", 
 "FSM_ID", 
 "EVENT_TYPE_ID", 
 "PRIORITY",
 "OBJ_CUR_STATE", 
 "OBJ_TAR_STATE", 
 "OBJ_FILTER", 
 "FSM_ACTION", 
 "EVENT_FILTER", 
 "OVERRIDE_SELECTION", 
 "PERSIST")
VALUES 
(72,
  (SELECT V.ID 
  FROM "APP_VERSION" V, 
       "APPLICATION" A
  WHERE V.APPLICATION_ID = A.ID
  AND V.VERSION = '3.2.4'
  AND A.NAME = 'FHNReference'
 ), 
 10,
 47,
 50,
 'S_OutFragSendError',
 'S_OutFragAwaitingSend',
 'F.ID IN $Context{FRAGMENT}',
 '<ftmaction://A_MapAndPutFragToQueue>',
 NULL,
 NULL,
 'Y');
 
 

INSERT 
INTO "FSM_TRANSITION" 
("ID",
 "APP_VERSION_ID", 
 "FSM_ID", 
 "EVENT_TYPE_ID", 
 "PRIORITY",
 "OBJ_CUR_STATE", 
 "OBJ_TAR_STATE", 
 "OBJ_FILTER", 
 "FSM_ACTION", 
 "EVENT_FILTER", 
 "OVERRIDE_SELECTION", 
 "PERSIST")
VALUES 
(73,
  (SELECT V.ID 
  FROM "APP_VERSION" V, 
       "APPLICATION" A
  WHERE V.APPLICATION_ID = A.ID
  AND V.VERSION = '3.2.4'
  AND A.NAME = 'FHNReference'
 ), 
 10,
 40,
 50,
 'S_OutFragSendError',
 'S_OutPTFailed',
 'F.TRANSMISSION_ID IN $Context{TRGT_OBJ_ID}',
 '<ftmaction://A_NotifyCmdProcessed>',
 '$ContextEQ{TYPE,''Verify''}',
 NULL,
 'Y');
 
 

INSERT 
INTO "FSM_TRANSITION" 
("ID",
 "APP_VERSION_ID", 
 "FSM_ID", 
 "EVENT_TYPE_ID", 
 "PRIORITY",
 "OBJ_CUR_STATE", 
 "OBJ_TAR_STATE", 
 "OBJ_FILTER", 
 "FSM_ACTION", 
 "EVENT_FILTER", 
 "OVERRIDE_SELECTION", 
 "PERSIST")
VALUES 
(74,
  (SELECT V.ID 
  FROM "APP_VERSION" V, 
       "APPLICATION" A
  WHERE V.APPLICATION_ID = A.ID
  AND V.VERSION = '3.2.4'
  AND A.NAME = 'FHNReference'
 ), 
 10,
 15,
 50,
 'S_OutFragSent',
 'S_OutFragComplete',
 'F.TRANSMISSION_ID IN $Context{TRANSMISSION}',
 '<ftmaction://A_RaiseOutFragComplete>',
 NULL,
 NULL,
 'Y');
 
 

INSERT 
INTO "FSM_TRANSITION" 
("ID",
 "APP_VERSION_ID", 
 "FSM_ID", 
 "EVENT_TYPE_ID", 
 "PRIORITY",
 "OBJ_CUR_STATE", 
 "OBJ_TAR_STATE", 
 "OBJ_FILTER", 
 "FSM_ACTION", 
 "EVENT_FILTER", 
 "OVERRIDE_SELECTION", 
 "PERSIST")
VALUES 
(75,
  (SELECT V.ID 
  FROM "APP_VERSION" V, 
       "APPLICATION" A
  WHERE V.APPLICATION_ID = A.ID
  AND V.VERSION = '3.2.4'
  AND A.NAME = 'FHNReference'
 ), 
 10,
 54,
 50,
 'S_OutFragSent',
 'S_OutFragSendError',
 'F.TRANSMISSION_ID IN $Context{TRANSMISSION}',
 '<ftmaction://A_UndoFragPut>',
 NULL,
 NULL,
 'Y');
 
 

INSERT 
INTO "FSM_TRANSITION" 
("ID",
 "APP_VERSION_ID", 
 "FSM_ID", 
 "EVENT_TYPE_ID", 
 "PRIORITY",
 "OBJ_CUR_STATE", 
 "OBJ_TAR_STATE", 
 "OBJ_FILTER", 
 "FSM_ACTION", 
 "EVENT_FILTER", 
 "OVERRIDE_SELECTION", 
 "PERSIST")
VALUES 
(76,
  (SELECT V.ID 
  FROM "APP_VERSION" V, 
       "APPLICATION" A
  WHERE V.APPLICATION_ID = A.ID
  AND V.VERSION = '3.2.4'
  AND A.NAME = 'FHNReference'
 ), 
 10,
 47,
 50,
 'S_OutFragWaitingOpsVerify',
 'S_OutFragAwaitingSend',
 'F.ID IN $Context{FRAGMENT}',
 '<ftmaction://A_MapAndPutFragToQueue>',
 NULL,
 NULL,
 'Y');
 
 

INSERT 
INTO "FSM_TRANSITION" 
("ID",
 "APP_VERSION_ID", 
 "FSM_ID", 
 "EVENT_TYPE_ID", 
 "PRIORITY",
 "OBJ_CUR_STATE", 
 "OBJ_TAR_STATE", 
 "OBJ_FILTER", 
 "FSM_ACTION", 
 "EVENT_FILTER", 
 "OVERRIDE_SELECTION", 
 "PERSIST")
VALUES 
(77,
  (SELECT V.ID 
  FROM "APP_VERSION" V, 
       "APPLICATION" A
  WHERE V.APPLICATION_ID = A.ID
  AND V.VERSION = '3.2.4'
  AND A.NAME = 'FHNReference'
 ), 
 10,
 40,
 50,
 'S_OutFragWaitingOpsVerify',
 'S_OutPTFailed',
 'F.TRANSMISSION_ID IN $Context{TRGT_OBJ_ID}',
 '<ftmaction://A_NotifyCmdProcessed>',
 '$ContextEQ{TYPE,''Verify''}',
 NULL,
 'Y');
 
 


INSERT INTO "FSM" 
("ID", 
 "APP_VERSION_ID",
 "OBJ_TYPE", 
 "OBJ_SELECT_TEMPLAT", 
 "FSM_NAME",
 "ENABLED",
 "DELETE_FLAG",
 "MODIFIER",
 "LAST_MODIFIED"
 )
VALUES 
(11,
 (SELECT V.ID 
  FROM "APP_VERSION" V, 
       "APPLICATION" A
  WHERE V.APPLICATION_ID = A.ID
  AND V.VERSION = '3.2.4'
  AND A.NAME = 'FHNReference'
 ), 
 'BATCH', 
 'SELECT ID, CID, SUBTYPE, TRANSMISSION_ID FROM $DBSchema.BATCH_V B'
||' WHERE STATUS=?', 
 'Outbound Payment Batch',
 'Y',
 'N',
 'SCRIPT:FHNReference_fsm_20210205.sql',
  FTM_TIMESTAMP()
);


INSERT INTO "FSM_STATE_REL" 
("ID", 
 "APP_VERSION_ID", 
 "FSM_ID", 
 "OBJ_STATE", 
 "OPS_ALERT_FLAG", 
 "CUST_ALERT_FLAG", 
 "IMG_FILE") 
VALUES 
(42, 
 (SELECT V.ID 
  FROM "APP_VERSION" V, 
       "APPLICATION" A
  WHERE V.APPLICATION_ID = A.ID
  AND V.VERSION = '3.2.4'
  AND A.NAME = 'FHNReference'
 ), 
 11, 
 'S_OutBatComplete', 
 'N', 
 'N', 
 'Green.gif');






INSERT INTO "FSM" 
("ID", 
 "APP_VERSION_ID",
 "OBJ_TYPE", 
 "OBJ_SELECT_TEMPLAT", 
 "FSM_NAME",
 "ENABLED",
 "DELETE_FLAG",
 "MODIFIER",
 "LAST_MODIFIED"
 )
VALUES 
(12,
 (SELECT V.ID 
  FROM "APP_VERSION" V, 
       "APPLICATION" A
  WHERE V.APPLICATION_ID = A.ID
  AND V.VERSION = '3.2.4'
  AND A.NAME = 'FHNReference'
 ), 
 'TRANSMISSION', 
 'SELECT ID, CREATED, CHANNEL_ID, CCSID, ENCODING, "UID", CID, OBJ_'
||'TYPE, OBJ_CLASS, SUBTYPE, SENDER, RECEIVER, BAT_COUNT, FILEADDRES'
||'S, FILENAME, FRAG_COUNT, FRAG_MAPPED_CNTR, FRAG_SUCCESS_CNTR, FRA'
||'G_FAILED_CNTR FROM $DBSchema.TRANSMISSION_V AS T WHERE STATUS=?', 
 'Outbound Physical Transmission',
 'Y',
 'N',
 'SCRIPT:FHNReference_fsm_20210205.sql',
  FTM_TIMESTAMP()
);


INSERT INTO "FSM_STATE_REL" 
("ID", 
 "APP_VERSION_ID", 
 "FSM_ID", 
 "OBJ_STATE", 
 "OPS_ALERT_FLAG", 
 "CUST_ALERT_FLAG", 
 "IMG_FILE") 
VALUES 
(43, 
 (SELECT V.ID 
  FROM "APP_VERSION" V, 
       "APPLICATION" A
  WHERE V.APPLICATION_ID = A.ID
  AND V.VERSION = '3.2.4'
  AND A.NAME = 'FHNReference'
 ), 
 12, 
 'S_AllFragsSent', 
 'N', 
 'N', 
 'Blank.gif');



INSERT INTO "FSM_STATE_REL" 
("ID", 
 "APP_VERSION_ID", 
 "FSM_ID", 
 "OBJ_STATE", 
 "OPS_ALERT_FLAG", 
 "CUST_ALERT_FLAG", 
 "IMG_FILE") 
VALUES 
(44, 
 (SELECT V.ID 
  FROM "APP_VERSION" V, 
       "APPLICATION" A
  WHERE V.APPLICATION_ID = A.ID
  AND V.VERSION = '3.2.4'
  AND A.NAME = 'FHNReference'
 ), 
 12, 
 'S_OutPTAwaitingSend', 
 'N', 
 'N', 
 'Blank.gif');



INSERT INTO "FSM_STATE_REL" 
("ID", 
 "APP_VERSION_ID", 
 "FSM_ID", 
 "OBJ_STATE", 
 "OPS_ALERT_FLAG", 
 "CUST_ALERT_FLAG", 
 "IMG_FILE") 
VALUES 
(45, 
 (SELECT V.ID 
  FROM "APP_VERSION" V, 
       "APPLICATION" A
  WHERE V.APPLICATION_ID = A.ID
  AND V.VERSION = '3.2.4'
  AND A.NAME = 'FHNReference'
 ), 
 12, 
 'S_OutPTCreated', 
 'N', 
 'N', 
 'Blank.gif');



INSERT INTO "FSM_STATE_REL" 
("ID", 
 "APP_VERSION_ID", 
 "FSM_ID", 
 "OBJ_STATE", 
 "OPS_ALERT_FLAG", 
 "CUST_ALERT_FLAG", 
 "IMG_FILE") 
VALUES 
(46, 
 (SELECT V.ID 
  FROM "APP_VERSION" V, 
       "APPLICATION" A
  WHERE V.APPLICATION_ID = A.ID
  AND V.VERSION = '3.2.4'
  AND A.NAME = 'FHNReference'
 ), 
 12, 
 'S_OutPTDeliveryError', 
 'Y', 
 'N', 
 'Alert.gif');


INSERT
INTO "FSM_RESOLVE_ACTION"
("ID",
 "APP_VERSION_ID",
 "STATE_ID",
 "RESOLUTION_ACTION",
 "DUAL_CONTROL_FLAG") 
VALUES
 (17,
  (SELECT V.ID 
  FROM "APP_VERSION" V, 
       "APPLICATION" A
  WHERE V.APPLICATION_ID = A.ID
  AND V.VERSION = '3.2.4'
  AND A.NAME = 'FHNReference'
 ), 
 46,
 'Resend',
 'N');

INSERT
INTO "FSM_RESOLVE_ACTION"
("ID",
 "APP_VERSION_ID",
 "STATE_ID",
 "RESOLUTION_ACTION",
 "DUAL_CONTROL_FLAG") 
VALUES
 (18,
  (SELECT V.ID 
  FROM "APP_VERSION" V, 
       "APPLICATION" A
  WHERE V.APPLICATION_ID = A.ID
  AND V.VERSION = '3.2.4'
  AND A.NAME = 'FHNReference'
 ), 
 46,
 'Retransmit',
 'N');


INSERT INTO "FSM_STATE_REL" 
("ID", 
 "APP_VERSION_ID", 
 "FSM_ID", 
 "OBJ_STATE", 
 "OPS_ALERT_FLAG", 
 "CUST_ALERT_FLAG", 
 "IMG_FILE") 
VALUES 
(47, 
 (SELECT V.ID 
  FROM "APP_VERSION" V, 
       "APPLICATION" A
  WHERE V.APPLICATION_ID = A.ID
  AND V.VERSION = '3.2.4'
  AND A.NAME = 'FHNReference'
 ), 
 12, 
 'S_OutPTFailed', 
 'N', 
 'N', 
 'Red.gif');



INSERT INTO "FSM_STATE_REL" 
("ID", 
 "APP_VERSION_ID", 
 "FSM_ID", 
 "OBJ_STATE", 
 "OPS_ALERT_FLAG", 
 "CUST_ALERT_FLAG", 
 "IMG_FILE") 
VALUES 
(48, 
 (SELECT V.ID 
  FROM "APP_VERSION" V, 
       "APPLICATION" A
  WHERE V.APPLICATION_ID = A.ID
  AND V.VERSION = '3.2.4'
  AND A.NAME = 'FHNReference'
 ), 
 12, 
 'S_OutPTSendConfirmed', 
 'N', 
 'N', 
 'Green.gif');


INSERT
INTO "FSM_RESOLVE_ACTION"
("ID",
 "APP_VERSION_ID",
 "STATE_ID",
 "RESOLUTION_ACTION",
 "DUAL_CONTROL_FLAG") 
VALUES
 (19,
  (SELECT V.ID 
  FROM "APP_VERSION" V, 
       "APPLICATION" A
  WHERE V.APPLICATION_ID = A.ID
  AND V.VERSION = '3.2.4'
  AND A.NAME = 'FHNReference'
 ), 
 48,
 'Resend',
 'N');

INSERT
INTO "FSM_RESOLVE_ACTION"
("ID",
 "APP_VERSION_ID",
 "STATE_ID",
 "RESOLUTION_ACTION",
 "DUAL_CONTROL_FLAG") 
VALUES
 (20,
  (SELECT V.ID 
  FROM "APP_VERSION" V, 
       "APPLICATION" A
  WHERE V.APPLICATION_ID = A.ID
  AND V.VERSION = '3.2.4'
  AND A.NAME = 'FHNReference'
 ), 
 48,
 'Retransmit',
 'N');


INSERT INTO "FSM_STATE_REL" 
("ID", 
 "APP_VERSION_ID", 
 "FSM_ID", 
 "OBJ_STATE", 
 "OPS_ALERT_FLAG", 
 "CUST_ALERT_FLAG", 
 "IMG_FILE") 
VALUES 
(49, 
 (SELECT V.ID 
  FROM "APP_VERSION" V, 
       "APPLICATION" A
  WHERE V.APPLICATION_ID = A.ID
  AND V.VERSION = '3.2.4'
  AND A.NAME = 'FHNReference'
 ), 
 12, 
 'S_OutPTSendError', 
 'Y', 
 'N', 
 'Alert.gif');


INSERT
INTO "FSM_RESOLVE_ACTION"
("ID",
 "APP_VERSION_ID",
 "STATE_ID",
 "RESOLUTION_ACTION",
 "DUAL_CONTROL_FLAG") 
VALUES
 (21,
  (SELECT V.ID 
  FROM "APP_VERSION" V, 
       "APPLICATION" A
  WHERE V.APPLICATION_ID = A.ID
  AND V.VERSION = '3.2.4'
  AND A.NAME = 'FHNReference'
 ), 
 49,
 'Resend',
 'N');

INSERT
INTO "FSM_RESOLVE_ACTION"
("ID",
 "APP_VERSION_ID",
 "STATE_ID",
 "RESOLUTION_ACTION",
 "DUAL_CONTROL_FLAG") 
VALUES
 (22,
  (SELECT V.ID 
  FROM "APP_VERSION" V, 
       "APPLICATION" A
  WHERE V.APPLICATION_ID = A.ID
  AND V.VERSION = '3.2.4'
  AND A.NAME = 'FHNReference'
 ), 
 49,
 'Retransmit',
 'N');

INSERT
INTO "FSM_RESOLVE_ACTION"
("ID",
 "APP_VERSION_ID",
 "STATE_ID",
 "RESOLUTION_ACTION",
 "DUAL_CONTROL_FLAG") 
VALUES
 (23,
  (SELECT V.ID 
  FROM "APP_VERSION" V, 
       "APPLICATION" A
  WHERE V.APPLICATION_ID = A.ID
  AND V.VERSION = '3.2.4'
  AND A.NAME = 'FHNReference'
 ), 
 49,
 'Verify',
 'N');


INSERT INTO "FSM_STATE_REL" 
("ID", 
 "APP_VERSION_ID", 
 "FSM_ID", 
 "OBJ_STATE", 
 "OPS_ALERT_FLAG", 
 "CUST_ALERT_FLAG", 
 "IMG_FILE") 
VALUES 
(50, 
 (SELECT V.ID 
  FROM "APP_VERSION" V, 
       "APPLICATION" A
  WHERE V.APPLICATION_ID = A.ID
  AND V.VERSION = '3.2.4'
  AND A.NAME = 'FHNReference'
 ), 
 12, 
 'S_OutPTSent', 
 'N', 
 'N', 
 'Green.gif');


INSERT
INTO "FSM_RESOLVE_ACTION"
("ID",
 "APP_VERSION_ID",
 "STATE_ID",
 "RESOLUTION_ACTION",
 "DUAL_CONTROL_FLAG") 
VALUES
 (24,
  (SELECT V.ID 
  FROM "APP_VERSION" V, 
       "APPLICATION" A
  WHERE V.APPLICATION_ID = A.ID
  AND V.VERSION = '3.2.4'
  AND A.NAME = 'FHNReference'
 ), 
 50,
 'Resend',
 'N');

INSERT
INTO "FSM_RESOLVE_ACTION"
("ID",
 "APP_VERSION_ID",
 "STATE_ID",
 "RESOLUTION_ACTION",
 "DUAL_CONTROL_FLAG") 
VALUES
 (25,
  (SELECT V.ID 
  FROM "APP_VERSION" V, 
       "APPLICATION" A
  WHERE V.APPLICATION_ID = A.ID
  AND V.VERSION = '3.2.4'
  AND A.NAME = 'FHNReference'
 ), 
 50,
 'Retransmit',
 'N');


INSERT INTO "FSM_STATE_REL" 
("ID", 
 "APP_VERSION_ID", 
 "FSM_ID", 
 "OBJ_STATE", 
 "OPS_ALERT_FLAG", 
 "CUST_ALERT_FLAG", 
 "IMG_FILE") 
VALUES 
(51, 
 (SELECT V.ID 
  FROM "APP_VERSION" V, 
       "APPLICATION" A
  WHERE V.APPLICATION_ID = A.ID
  AND V.VERSION = '3.2.4'
  AND A.NAME = 'FHNReference'
 ), 
 12, 
 'S_OutPTWaitingOpsVerify', 
 'Y', 
 'N', 
 'Alert.gif');


INSERT
INTO "FSM_RESOLVE_ACTION"
("ID",
 "APP_VERSION_ID",
 "STATE_ID",
 "RESOLUTION_ACTION",
 "DUAL_CONTROL_FLAG") 
VALUES
 (26,
  (SELECT V.ID 
  FROM "APP_VERSION" V, 
       "APPLICATION" A
  WHERE V.APPLICATION_ID = A.ID
  AND V.VERSION = '3.2.4'
  AND A.NAME = 'FHNReference'
 ), 
 51,
 'Resend',
 'N');

INSERT
INTO "FSM_RESOLVE_ACTION"
("ID",
 "APP_VERSION_ID",
 "STATE_ID",
 "RESOLUTION_ACTION",
 "DUAL_CONTROL_FLAG") 
VALUES
 (27,
  (SELECT V.ID 
  FROM "APP_VERSION" V, 
       "APPLICATION" A
  WHERE V.APPLICATION_ID = A.ID
  AND V.VERSION = '3.2.4'
  AND A.NAME = 'FHNReference'
 ), 
 51,
 'Verify',
 'N');




INSERT 
INTO "FSM_TRANSITION" 
("ID",
 "APP_VERSION_ID", 
 "FSM_ID", 
 "EVENT_TYPE_ID", 
 "PRIORITY",
 "OBJ_CUR_STATE", 
 "OBJ_TAR_STATE", 
 "OBJ_FILTER", 
 "FSM_ACTION", 
 "EVENT_FILTER", 
 "OVERRIDE_SELECTION", 
 "PERSIST")
VALUES 
(78,
  (SELECT V.ID 
  FROM "APP_VERSION" V, 
       "APPLICATION" A
  WHERE V.APPLICATION_ID = A.ID
  AND V.VERSION = '3.2.4'
  AND A.NAME = 'FHNReference'
 ), 
 12,
 16,
 50,
 'S_AllFragsSent',
 'S_OutPTSendError',
 'T.ID IN $Context{TRANSMISSION}',
 '<ftmaction://A_NotifyOps>',
 NULL,
 NULL,
 'Y');
 
 

INSERT 
INTO "FSM_TRANSITION" 
("ID",
 "APP_VERSION_ID", 
 "FSM_ID", 
 "EVENT_TYPE_ID", 
 "PRIORITY",
 "OBJ_CUR_STATE", 
 "OBJ_TAR_STATE", 
 "OBJ_FILTER", 
 "FSM_ACTION", 
 "EVENT_FILTER", 
 "OVERRIDE_SELECTION", 
 "PERSIST")
VALUES 
(79,
  (SELECT V.ID 
  FROM "APP_VERSION" V, 
       "APPLICATION" A
  WHERE V.APPLICATION_ID = A.ID
  AND V.VERSION = '3.2.4'
  AND A.NAME = 'FHNReference'
 ), 
 12,
 15,
 50,
 'S_AllFragsSent',
 'S_OutPTSent',
 'T.ID IN $Context{TRANSMISSION}',
 '<ftmaction://A_RaiseOutPTSent>',
 NULL,
 NULL,
 'Y');
 
 

INSERT 
INTO "FSM_TRANSITION" 
("ID",
 "APP_VERSION_ID", 
 "FSM_ID", 
 "EVENT_TYPE_ID", 
 "PRIORITY",
 "OBJ_CUR_STATE", 
 "OBJ_TAR_STATE", 
 "OBJ_FILTER", 
 "FSM_ACTION", 
 "EVENT_FILTER", 
 "OVERRIDE_SELECTION", 
 "PERSIST")
VALUES 
(80,
  (SELECT V.ID 
  FROM "APP_VERSION" V, 
       "APPLICATION" A
  WHERE V.APPLICATION_ID = A.ID
  AND V.VERSION = '3.2.4'
  AND A.NAME = 'FHNReference'
 ), 
 12,
 2,
 50,
 'S_OutPTAwaitingSend',
 'S_AllFragsSent',
 'T.ID IN $Context{TRANSMISSION}',
 '',
 NULL,
 NULL,
 'Y');
 
 

INSERT 
INTO "FSM_TRANSITION" 
("ID",
 "APP_VERSION_ID", 
 "FSM_ID", 
 "EVENT_TYPE_ID", 
 "PRIORITY",
 "OBJ_CUR_STATE", 
 "OBJ_TAR_STATE", 
 "OBJ_FILTER", 
 "FSM_ACTION", 
 "EVENT_FILTER", 
 "OVERRIDE_SELECTION", 
 "PERSIST")
VALUES 
(81,
  (SELECT V.ID 
  FROM "APP_VERSION" V, 
       "APPLICATION" A
  WHERE V.APPLICATION_ID = A.ID
  AND V.VERSION = '3.2.4'
  AND A.NAME = 'FHNReference'
 ), 
 12,
 49,
 70,
 'S_OutPTAwaitingSend',
 'S_OutPTAwaitingSend',
 'T.ID IN $Context{TRANSMISSION}',
 '<ftmaction://A_UpdateFragCounter>',
 NULL,
 NULL,
 'Y');
 
 

INSERT 
INTO "FSM_TRANSITION" 
("ID",
 "APP_VERSION_ID", 
 "FSM_ID", 
 "EVENT_TYPE_ID", 
 "PRIORITY",
 "OBJ_CUR_STATE", 
 "OBJ_TAR_STATE", 
 "OBJ_FILTER", 
 "FSM_ACTION", 
 "EVENT_FILTER", 
 "OVERRIDE_SELECTION", 
 "PERSIST")
VALUES 
(82,
  (SELECT V.ID 
  FROM "APP_VERSION" V, 
       "APPLICATION" A
  WHERE V.APPLICATION_ID = A.ID
  AND V.VERSION = '3.2.4'
  AND A.NAME = 'FHNReference'
 ), 
 12,
 48,
 70,
 'S_OutPTAwaitingSend',
 'S_OutPTAwaitingSend',
 'T.ID IN $Context{TRANSMISSION}',
 '<ftmaction://A_UpdateFragCounter>',
 NULL,
 NULL,
 'Y');
 
 

INSERT 
INTO "FSM_TRANSITION" 
("ID",
 "APP_VERSION_ID", 
 "FSM_ID", 
 "EVENT_TYPE_ID", 
 "PRIORITY",
 "OBJ_CUR_STATE", 
 "OBJ_TAR_STATE", 
 "OBJ_FILTER", 
 "FSM_ACTION", 
 "EVENT_FILTER", 
 "OVERRIDE_SELECTION", 
 "PERSIST")
VALUES 
(83,
  (SELECT V.ID 
  FROM "APP_VERSION" V, 
       "APPLICATION" A
  WHERE V.APPLICATION_ID = A.ID
  AND V.VERSION = '3.2.4'
  AND A.NAME = 'FHNReference'
 ), 
 12,
 18,
 70,
 'S_OutPTAwaitingSend',
 'S_OutPTAwaitingSend',
 'T.ID IN $Context{TRANSMISSION}',
 '<ftmaction://A_UpdateFragCounter>',
 NULL,
 NULL,
 'Y');
 
 

INSERT 
INTO "FSM_TRANSITION" 
("ID",
 "APP_VERSION_ID", 
 "FSM_ID", 
 "EVENT_TYPE_ID", 
 "PRIORITY",
 "OBJ_CUR_STATE", 
 "OBJ_TAR_STATE", 
 "OBJ_FILTER", 
 "FSM_ACTION", 
 "EVENT_FILTER", 
 "OVERRIDE_SELECTION", 
 "PERSIST")
VALUES 
(84,
  (SELECT V.ID 
  FROM "APP_VERSION" V, 
       "APPLICATION" A
  WHERE V.APPLICATION_ID = A.ID
  AND V.VERSION = '3.2.4'
  AND A.NAME = 'FHNReference'
 ), 
 12,
 56,
 50,
 'S_OutPTAwaitingSend',
 'S_OutPTSendError',
 'T.ID IN $Context{TRANSMISSION}',
 '<ftmaction://A_NotifyOps>',
 NULL,
 NULL,
 'Y');
 
 

INSERT 
INTO "FSM_TRANSITION" 
("ID",
 "APP_VERSION_ID", 
 "FSM_ID", 
 "EVENT_TYPE_ID", 
 "PRIORITY",
 "OBJ_CUR_STATE", 
 "OBJ_TAR_STATE", 
 "OBJ_FILTER", 
 "FSM_ACTION", 
 "EVENT_FILTER", 
 "OVERRIDE_SELECTION", 
 "PERSIST")
VALUES 
(85,
  (SELECT V.ID 
  FROM "APP_VERSION" V, 
       "APPLICATION" A
  WHERE V.APPLICATION_ID = A.ID
  AND V.VERSION = '3.2.4'
  AND A.NAME = 'FHNReference'
 ), 
 12,
 54,
 50,
 'S_OutPTAwaitingSend',
 'S_OutPTSendError',
 'T.ID IN $Context{TRANSMISSION}',
 '<ftmaction://A_NotifyOps>',
 NULL,
 NULL,
 'Y');
 
 

INSERT 
INTO "FSM_TRANSITION" 
("ID",
 "APP_VERSION_ID", 
 "FSM_ID", 
 "EVENT_TYPE_ID", 
 "PRIORITY",
 "OBJ_CUR_STATE", 
 "OBJ_TAR_STATE", 
 "OBJ_FILTER", 
 "FSM_ACTION", 
 "EVENT_FILTER", 
 "OVERRIDE_SELECTION", 
 "PERSIST")
VALUES 
(86,
  (SELECT V.ID 
  FROM "APP_VERSION" V, 
       "APPLICATION" A
  WHERE V.APPLICATION_ID = A.ID
  AND V.VERSION = '3.2.4'
  AND A.NAME = 'FHNReference'
 ), 
 12,
 57,
 50,
 'S_OutPTAwaitingSend',
 'S_OutPTSent',
 'T.ID IN $Context{TRANSMISSION}',
 '',
 '$ContextNULL{EXPECT_ACK}',
 NULL,
 'Y');
 
 

INSERT 
INTO "FSM_TRANSITION" 
("ID",
 "APP_VERSION_ID", 
 "FSM_ID", 
 "EVENT_TYPE_ID", 
 "PRIORITY",
 "OBJ_CUR_STATE", 
 "OBJ_TAR_STATE", 
 "OBJ_FILTER", 
 "FSM_ACTION", 
 "EVENT_FILTER", 
 "OVERRIDE_SELECTION", 
 "PERSIST")
VALUES 
(87,
  (SELECT V.ID 
  FROM "APP_VERSION" V, 
       "APPLICATION" A
  WHERE V.APPLICATION_ID = A.ID
  AND V.VERSION = '3.2.4'
  AND A.NAME = 'FHNReference'
 ), 
 12,
 74,
 50,
 'S_OutPTAwaitingSend',
 'S_OutPTWaitingOpsVerify',
 'T.ID IN $Context{TRANSMISSION}',
 '<ftmaction://A_NotifyOps>',
 '$ContextNULL{FRAGMENT}',
 NULL,
 'Y');
 
 

INSERT 
INTO "FSM_TRANSITION" 
("ID",
 "APP_VERSION_ID", 
 "FSM_ID", 
 "EVENT_TYPE_ID", 
 "PRIORITY",
 "OBJ_CUR_STATE", 
 "OBJ_TAR_STATE", 
 "OBJ_FILTER", 
 "FSM_ACTION", 
 "EVENT_FILTER", 
 "OVERRIDE_SELECTION", 
 "PERSIST")
VALUES 
(88,
  (SELECT V.ID 
  FROM "APP_VERSION" V, 
       "APPLICATION" A
  WHERE V.APPLICATION_ID = A.ID
  AND V.VERSION = '3.2.4'
  AND A.NAME = 'FHNReference'
 ), 
 12,
 73,
 50,
 'S_OutPTCreated',
 'S_OutPTAwaitingSend',
 'T.ID IN $Context{TRANSMISSION}',
 '<ftmaction://A_MapAndPutPTToQueue>',
 NULL,
 NULL,
 'Y');
 
 

INSERT 
INTO "FSM_TRANSITION" 
("ID",
 "APP_VERSION_ID", 
 "FSM_ID", 
 "EVENT_TYPE_ID", 
 "PRIORITY",
 "OBJ_CUR_STATE", 
 "OBJ_TAR_STATE", 
 "OBJ_FILTER", 
 "FSM_ACTION", 
 "EVENT_FILTER", 
 "OVERRIDE_SELECTION", 
 "PERSIST")
VALUES 
(89,
  (SELECT V.ID 
  FROM "APP_VERSION" V, 
       "APPLICATION" A
  WHERE V.APPLICATION_ID = A.ID
  AND V.VERSION = '3.2.4'
  AND A.NAME = 'FHNReference'
 ), 
 12,
 40,
 50,
 'S_OutPTDeliveryError',
 'S_OutPTDeliveryError',
 'T.ID IN $Context{TRGT_OBJ_ID}',
 '<ftmaction://A_PutPTToQueue><ftmaction://A_NotifyCmdProcessed>',
 '$ContextEQ{TYPE,''Retransmit''}',
 NULL,
 'Y');
 
 

INSERT 
INTO "FSM_TRANSITION" 
("ID",
 "APP_VERSION_ID", 
 "FSM_ID", 
 "EVENT_TYPE_ID", 
 "PRIORITY",
 "OBJ_CUR_STATE", 
 "OBJ_TAR_STATE", 
 "OBJ_FILTER", 
 "FSM_ACTION", 
 "EVENT_FILTER", 
 "OVERRIDE_SELECTION", 
 "PERSIST")
VALUES 
(90,
  (SELECT V.ID 
  FROM "APP_VERSION" V, 
       "APPLICATION" A
  WHERE V.APPLICATION_ID = A.ID
  AND V.VERSION = '3.2.4'
  AND A.NAME = 'FHNReference'
 ), 
 12,
 40,
 50,
 'S_OutPTDeliveryError',
 'S_OutPTSent',
 'T.ID IN $Context{TRGT_OBJ_ID}',
 '<ftmaction://A_MapAndPutPTToQueue><ftmaction://A_NotifyCmdProcessed>',
 '$ContextEQ{TYPE,''Resend''}',
 'SELECT ID, CREATED, CHANNEL_ID, CCSID, ENCODING, "UID", CID, OBJ_'
||'TYPE, OBJ_CLASS, SUBTYPE, SENDER, RECEIVER, BAT_COUNT, FILEADDRES'
||'S, FILENAME, FRAG_COUNT, FRAG_MAPPED_CNTR, FRAG_SUCCESS_CNTR, FRA'
||'G_FAILED_CNTR, ''Y'' AS CORREL_EXISTS FROM $DBSchema.TRANSMISSION'
||'_V AS T WHERE STATUS=?',
 'Y');
 
 

INSERT 
INTO "FSM_TRANSITION" 
("ID",
 "APP_VERSION_ID", 
 "FSM_ID", 
 "EVENT_TYPE_ID", 
 "PRIORITY",
 "OBJ_CUR_STATE", 
 "OBJ_TAR_STATE", 
 "OBJ_FILTER", 
 "FSM_ACTION", 
 "EVENT_FILTER", 
 "OVERRIDE_SELECTION", 
 "PERSIST")
VALUES 
(91,
  (SELECT V.ID 
  FROM "APP_VERSION" V, 
       "APPLICATION" A
  WHERE V.APPLICATION_ID = A.ID
  AND V.VERSION = '3.2.4'
  AND A.NAME = 'FHNReference'
 ), 
 12,
 40,
 50,
 'S_OutPTSendConfirmed',
 'S_OutPTSendConfirmed',
 'T.ID IN $Context{TRGT_OBJ_ID}',
 '<ftmaction://A_MapAndPutPTToQueue><ftmaction://A_NotifyCmdProcessed>',
 '$ContextEQ{TYPE,''Resend''}',
 'SELECT ID, CREATED, CHANNEL_ID, CCSID, ENCODING, "UID", CID, OBJ_'
||'TYPE, OBJ_CLASS, SUBTYPE, SENDER, RECEIVER, BAT_COUNT, FILEADDRES'
||'S, FILENAME, FRAG_COUNT, FRAG_MAPPED_CNTR, FRAG_SUCCESS_CNTR, FRA'
||'G_FAILED_CNTR, ''Y'' AS CORREL_EXISTS FROM $DBSchema.TRANSMISSION'
||'_V AS T WHERE STATUS=?',
 'Y');
 
 

INSERT 
INTO "FSM_TRANSITION" 
("ID",
 "APP_VERSION_ID", 
 "FSM_ID", 
 "EVENT_TYPE_ID", 
 "PRIORITY",
 "OBJ_CUR_STATE", 
 "OBJ_TAR_STATE", 
 "OBJ_FILTER", 
 "FSM_ACTION", 
 "EVENT_FILTER", 
 "OVERRIDE_SELECTION", 
 "PERSIST")
VALUES 
(92,
  (SELECT V.ID 
  FROM "APP_VERSION" V, 
       "APPLICATION" A
  WHERE V.APPLICATION_ID = A.ID
  AND V.VERSION = '3.2.4'
  AND A.NAME = 'FHNReference'
 ), 
 12,
 40,
 50,
 'S_OutPTSendConfirmed',
 'S_OutPTSendConfirmed',
 'T.ID IN $Context{TRGT_OBJ_ID}',
 '<ftmaction://A_PutPTToQueue><ftmaction://A_NotifyCmdProcessed>',
 '$ContextEQ{TYPE,''Retransmit''}',
 NULL,
 'Y');
 
 

INSERT 
INTO "FSM_TRANSITION" 
("ID",
 "APP_VERSION_ID", 
 "FSM_ID", 
 "EVENT_TYPE_ID", 
 "PRIORITY",
 "OBJ_CUR_STATE", 
 "OBJ_TAR_STATE", 
 "OBJ_FILTER", 
 "FSM_ACTION", 
 "EVENT_FILTER", 
 "OVERRIDE_SELECTION", 
 "PERSIST")
VALUES 
(93,
  (SELECT V.ID 
  FROM "APP_VERSION" V, 
       "APPLICATION" A
  WHERE V.APPLICATION_ID = A.ID
  AND V.VERSION = '3.2.4'
  AND A.NAME = 'FHNReference'
 ), 
 12,
 40,
 50,
 'S_OutPTSendError',
 'S_OutPTAwaitingSend',
 'T.ID IN $Context{TRGT_OBJ_ID}',
 '<ftmaction://A_MapAndPutPTToQueue><ftmaction://A_NotifyCmdProcessed>',
 '$ContextEQ{TYPE,''Resend''}',
 NULL,
 'Y');
 
 

INSERT 
INTO "FSM_TRANSITION" 
("ID",
 "APP_VERSION_ID", 
 "FSM_ID", 
 "EVENT_TYPE_ID", 
 "PRIORITY",
 "OBJ_CUR_STATE", 
 "OBJ_TAR_STATE", 
 "OBJ_FILTER", 
 "FSM_ACTION", 
 "EVENT_FILTER", 
 "OVERRIDE_SELECTION", 
 "PERSIST")
VALUES 
(94,
  (SELECT V.ID 
  FROM "APP_VERSION" V, 
       "APPLICATION" A
  WHERE V.APPLICATION_ID = A.ID
  AND V.VERSION = '3.2.4'
  AND A.NAME = 'FHNReference'
 ), 
 12,
 40,
 50,
 'S_OutPTSendError',
 'S_OutPTAwaitingSend',
 'T.ID IN $Context{TRGT_OBJ_ID}',
 '<ftmaction://A_PutPTToQueue><ftmaction://A_NotifyCmdProcessed>',
 '$ContextEQ{TYPE,''Retransmit''}',
 'SELECT ID, CREATED, CHANNEL_ID, CCSID, ENCODING, "UID", CID, OBJ_'
||'TYPE, OBJ_CLASS, SUBTYPE, SENDER, RECEIVER, BAT_COUNT, FILEADDRES'
||'S, FILENAME, FRAG_COUNT, FRAG_MAPPED_CNTR, FRAG_SUCCESS_CNTR, FRA'
||'G_FAILED_CNTR FROM $DBSchema.TRANSMISSION_V AS T WHERE STATUS=?',
 'Y');
 
 

INSERT 
INTO "FSM_TRANSITION" 
("ID",
 "APP_VERSION_ID", 
 "FSM_ID", 
 "EVENT_TYPE_ID", 
 "PRIORITY",
 "OBJ_CUR_STATE", 
 "OBJ_TAR_STATE", 
 "OBJ_FILTER", 
 "FSM_ACTION", 
 "EVENT_FILTER", 
 "OVERRIDE_SELECTION", 
 "PERSIST")
VALUES 
(95,
  (SELECT V.ID 
  FROM "APP_VERSION" V, 
       "APPLICATION" A
  WHERE V.APPLICATION_ID = A.ID
  AND V.VERSION = '3.2.4'
  AND A.NAME = 'FHNReference'
 ), 
 12,
 40,
 50,
 'S_OutPTSendError',
 'S_OutPTFailed',
 'T.ID IN $Context{TRGT_OBJ_ID}',
 '<ftmaction://A_RaiseOutPTFailed><ftmaction://A_NotifyCmdProcessed>',
 '$ContextEQ{TYPE,''Verify''}',
 NULL,
 'Y');
 
 

INSERT 
INTO "FSM_TRANSITION" 
("ID",
 "APP_VERSION_ID", 
 "FSM_ID", 
 "EVENT_TYPE_ID", 
 "PRIORITY",
 "OBJ_CUR_STATE", 
 "OBJ_TAR_STATE", 
 "OBJ_FILTER", 
 "FSM_ACTION", 
 "EVENT_FILTER", 
 "OVERRIDE_SELECTION", 
 "PERSIST")
VALUES 
(96,
  (SELECT V.ID 
  FROM "APP_VERSION" V, 
       "APPLICATION" A
  WHERE V.APPLICATION_ID = A.ID
  AND V.VERSION = '3.2.4'
  AND A.NAME = 'FHNReference'
 ), 
 12,
 55,
 50,
 'S_OutPTSent',
 'S_OutPTDeliveryError',
 'T.ID IN $Context{TRANSMISSION}',
 '<ftmaction://A_NotifyOps>',
 '$ContextNOTNULL{ERROR}',
 'SELECT ID, CREATED, CHANNEL_ID, CCSID, ENCODING, "UID", CID, OBJ_'
||'TYPE, OBJ_CLASS, SUBTYPE, SENDER, RECEIVER, BAT_COUNT, FILEADDRES'
||'S, FILENAME, FRAG_COUNT, FRAG_MAPPED_CNTR, FRAG_SUCCESS_CNTR, FRA'
||'G_FAILED_CNTR, ''Y'' AS CORREL_EXISTS FROM $DBSchema.TRANSMISSION'
||'_V AS T WHERE STATUS=?',
 'Y');
 
 

INSERT 
INTO "FSM_TRANSITION" 
("ID",
 "APP_VERSION_ID", 
 "FSM_ID", 
 "EVENT_TYPE_ID", 
 "PRIORITY",
 "OBJ_CUR_STATE", 
 "OBJ_TAR_STATE", 
 "OBJ_FILTER", 
 "FSM_ACTION", 
 "EVENT_FILTER", 
 "OVERRIDE_SELECTION", 
 "PERSIST")
VALUES 
(97,
  (SELECT V.ID 
  FROM "APP_VERSION" V, 
       "APPLICATION" A
  WHERE V.APPLICATION_ID = A.ID
  AND V.VERSION = '3.2.4'
  AND A.NAME = 'FHNReference'
 ), 
 12,
 50,
 50,
 'S_OutPTSent',
 'S_OutPTFailed',
 'T.ID IN $Context{TRANSMISSION}',
 '',
 '$ContextNOTNULL{TRANSMISSION}',
 NULL,
 'Y');
 
 

INSERT 
INTO "FSM_TRANSITION" 
("ID",
 "APP_VERSION_ID", 
 "FSM_ID", 
 "EVENT_TYPE_ID", 
 "PRIORITY",
 "OBJ_CUR_STATE", 
 "OBJ_TAR_STATE", 
 "OBJ_FILTER", 
 "FSM_ACTION", 
 "EVENT_FILTER", 
 "OVERRIDE_SELECTION", 
 "PERSIST")
VALUES 
(98,
  (SELECT V.ID 
  FROM "APP_VERSION" V, 
       "APPLICATION" A
  WHERE V.APPLICATION_ID = A.ID
  AND V.VERSION = '3.2.4'
  AND A.NAME = 'FHNReference'
 ), 
 12,
 55,
 50,
 'S_OutPTSent',
 'S_OutPTSendConfirmed',
 'T.ID IN $Context{TRANSMISSION}',
 '',
 '$ContextNULL{ERROR}',
 'SELECT ID, CREATED, CHANNEL_ID, CCSID, ENCODING, "UID", CID, OBJ_'
||'TYPE, OBJ_CLASS, SUBTYPE, SENDER, RECEIVER, BAT_COUNT, FILEADDRES'
||'S, FILENAME, FRAG_COUNT, FRAG_MAPPED_CNTR, FRAG_SUCCESS_CNTR, FRA'
||'G_FAILED_CNTR, ''Y'' AS CORREL_EXISTS FROM $DBSchema.TRANSMISSION'
||'_V AS T WHERE STATUS=?',
 'Y');
 
 

INSERT 
INTO "FSM_TRANSITION" 
("ID",
 "APP_VERSION_ID", 
 "FSM_ID", 
 "EVENT_TYPE_ID", 
 "PRIORITY",
 "OBJ_CUR_STATE", 
 "OBJ_TAR_STATE", 
 "OBJ_FILTER", 
 "FSM_ACTION", 
 "EVENT_FILTER", 
 "OVERRIDE_SELECTION", 
 "PERSIST")
VALUES 
(99,
  (SELECT V.ID 
  FROM "APP_VERSION" V, 
       "APPLICATION" A
  WHERE V.APPLICATION_ID = A.ID
  AND V.VERSION = '3.2.4'
  AND A.NAME = 'FHNReference'
 ), 
 12,
 40,
 50,
 'S_OutPTSent',
 'S_OutPTSent',
 'T.ID IN $Context{TRGT_OBJ_ID}',
 '<ftmaction://A_MapAndPutPTToQueue><ftmaction://A_NotifyCmdProcessed>',
 '$ContextEQ{TYPE,''Resend''}',
 NULL,
 'Y');
 
 

INSERT 
INTO "FSM_TRANSITION" 
("ID",
 "APP_VERSION_ID", 
 "FSM_ID", 
 "EVENT_TYPE_ID", 
 "PRIORITY",
 "OBJ_CUR_STATE", 
 "OBJ_TAR_STATE", 
 "OBJ_FILTER", 
 "FSM_ACTION", 
 "EVENT_FILTER", 
 "OVERRIDE_SELECTION", 
 "PERSIST")
VALUES 
(100,
  (SELECT V.ID 
  FROM "APP_VERSION" V, 
       "APPLICATION" A
  WHERE V.APPLICATION_ID = A.ID
  AND V.VERSION = '3.2.4'
  AND A.NAME = 'FHNReference'
 ), 
 12,
 40,
 50,
 'S_OutPTSent',
 'S_OutPTSent',
 'T.ID IN $Context{TRGT_OBJ_ID}',
 '<ftmaction://A_PutPTToQueue><ftmaction://A_NotifyCmdProcessed>',
 '$ContextEQ{TYPE,''Retransmit''}',
 NULL,
 'Y');
 
 

INSERT 
INTO "FSM_TRANSITION" 
("ID",
 "APP_VERSION_ID", 
 "FSM_ID", 
 "EVENT_TYPE_ID", 
 "PRIORITY",
 "OBJ_CUR_STATE", 
 "OBJ_TAR_STATE", 
 "OBJ_FILTER", 
 "FSM_ACTION", 
 "EVENT_FILTER", 
 "OVERRIDE_SELECTION", 
 "PERSIST")
VALUES 
(101,
  (SELECT V.ID 
  FROM "APP_VERSION" V, 
       "APPLICATION" A
  WHERE V.APPLICATION_ID = A.ID
  AND V.VERSION = '3.2.4'
  AND A.NAME = 'FHNReference'
 ), 
 12,
 40,
 50,
 'S_OutPTWaitingOpsVerify',
 'S_OutPTAwaitingSend',
 'T.ID IN $Context{TRGT_OBJ_ID}',
 '<ftmaction://A_MapAndPutPTToQueue><ftmaction://A_NotifyCmdProcessed>',
 '$ContextEQ{TYPE,''Resend''}',
 NULL,
 'Y');
 
 

INSERT 
INTO "FSM_TRANSITION" 
("ID",
 "APP_VERSION_ID", 
 "FSM_ID", 
 "EVENT_TYPE_ID", 
 "PRIORITY",
 "OBJ_CUR_STATE", 
 "OBJ_TAR_STATE", 
 "OBJ_FILTER", 
 "FSM_ACTION", 
 "EVENT_FILTER", 
 "OVERRIDE_SELECTION", 
 "PERSIST")
VALUES 
(102,
  (SELECT V.ID 
  FROM "APP_VERSION" V, 
       "APPLICATION" A
  WHERE V.APPLICATION_ID = A.ID
  AND V.VERSION = '3.2.4'
  AND A.NAME = 'FHNReference'
 ), 
 12,
 40,
 50,
 'S_OutPTWaitingOpsVerify',
 'S_OutPTFailed',
 'T.ID IN $Context{TRGT_OBJ_ID}',
 '<ftmaction://A_RaiseOutPTFailed><ftmaction://A_NotifyCmdProcessed>',
 '$ContextEQ{TYPE,''Verify''}',
 NULL,
 'Y');
 
 


INSERT INTO "FSM" 
("ID", 
 "APP_VERSION_ID",
 "OBJ_TYPE", 
 "OBJ_SELECT_TEMPLAT", 
 "FSM_NAME",
 "ENABLED",
 "DELETE_FLAG",
 "MODIFIER",
 "LAST_MODIFIED"
 )
VALUES 
(13,
 (SELECT V.ID 
  FROM "APP_VERSION" V, 
       "APPLICATION" A
  WHERE V.APPLICATION_ID = A.ID
  AND V.VERSION = '3.2.4'
  AND A.NAME = 'FHNReference'
 ), 
 'SCHEDULER_TASK', 
 'SELECT ID, APP_ID, RESOURCE_REF2 INSTANCE_NAME
FROM $DBSchema.SC'
||'HEDULER_TASK_V M WHERE SUBTYPE=''OUTBOUND_TRANSACTION_TIMEOUT_MON'
||'ITOR'' AND STATUS=? AND APP_VERSION_ID=$AppVerId', 
 'Outbound Transaction Timeout Monitor',
 'Y',
 'N',
 'SCRIPT:FHNReference_fsm_20210205.sql',
  FTM_TIMESTAMP()
);


INSERT INTO "FSM_STATE_REL" 
("ID", 
 "APP_VERSION_ID", 
 "FSM_ID", 
 "OBJ_STATE", 
 "OPS_ALERT_FLAG", 
 "CUST_ALERT_FLAG", 
 "IMG_FILE") 
VALUES 
(52, 
 (SELECT V.ID 
  FROM "APP_VERSION" V, 
       "APPLICATION" A
  WHERE V.APPLICATION_ID = A.ID
  AND V.VERSION = '3.2.4'
  AND A.NAME = 'FHNReference'
 ), 
 13, 
 'S_OutTxnTimeoutProcessing', 
 'N', 
 'N', 
 'Amber.gif');


INSERT
INTO "FSM_RESOLVE_ACTION"
("ID",
 "APP_VERSION_ID",
 "STATE_ID",
 "RESOLUTION_ACTION",
 "DUAL_CONTROL_FLAG") 
VALUES
 (28,
  (SELECT V.ID 
  FROM "APP_VERSION" V, 
       "APPLICATION" A
  WHERE V.APPLICATION_ID = A.ID
  AND V.VERSION = '3.2.4'
  AND A.NAME = 'FHNReference'
 ), 
 52,
 'Reset',
 'N');


INSERT INTO "FSM_STATE_REL" 
("ID", 
 "APP_VERSION_ID", 
 "FSM_ID", 
 "OBJ_STATE", 
 "OPS_ALERT_FLAG", 
 "CUST_ALERT_FLAG", 
 "IMG_FILE") 
VALUES 
(53, 
 (SELECT V.ID 
  FROM "APP_VERSION" V, 
       "APPLICATION" A
  WHERE V.APPLICATION_ID = A.ID
  AND V.VERSION = '3.2.4'
  AND A.NAME = 'FHNReference'
 ), 
 13, 
 'S_OutTxnTimeoutWait', 
 'N', 
 'N', 
 'Green.gif');





INSERT 
INTO "FSM_TRANSITION" 
("ID",
 "APP_VERSION_ID", 
 "FSM_ID", 
 "EVENT_TYPE_ID", 
 "PRIORITY",
 "OBJ_CUR_STATE", 
 "OBJ_TAR_STATE", 
 "OBJ_FILTER", 
 "FSM_ACTION", 
 "EVENT_FILTER", 
 "OVERRIDE_SELECTION", 
 "PERSIST")
VALUES 
(103,
  (SELECT V.ID 
  FROM "APP_VERSION" V, 
       "APPLICATION" A
  WHERE V.APPLICATION_ID = A.ID
  AND V.VERSION = '3.2.4'
  AND A.NAME = 'FHNReference'
 ), 
 13,
 67,
 50,
 'S_OutTxnTimeoutProcessing',
 'S_OutTxnTimeoutProcessing',
 'M.ID IN $Context{MONITOR_ID}',
 '<ftmaction://A_CheckForOutTxnTimeout>',
 NULL,
 NULL,
 'N');
 
 

INSERT 
INTO "FSM_TRANSITION" 
("ID",
 "APP_VERSION_ID", 
 "FSM_ID", 
 "EVENT_TYPE_ID", 
 "PRIORITY",
 "OBJ_CUR_STATE", 
 "OBJ_TAR_STATE", 
 "OBJ_FILTER", 
 "FSM_ACTION", 
 "EVENT_FILTER", 
 "OVERRIDE_SELECTION", 
 "PERSIST")
VALUES 
(104,
  (SELECT V.ID 
  FROM "APP_VERSION" V, 
       "APPLICATION" A
  WHERE V.APPLICATION_ID = A.ID
  AND V.VERSION = '3.2.4'
  AND A.NAME = 'FHNReference'
 ), 
 13,
 63,
 50,
 'S_OutTxnTimeoutProcessing',
 'S_OutTxnTimeoutProcessing',
 'M.ID IN $Context{MONITOR_ID}',
 '<ftmaction://A_RaiseOutTxnTimeoutCheck>',
 NULL,
 NULL,
 'N');
 
 

INSERT 
INTO "FSM_TRANSITION" 
("ID",
 "APP_VERSION_ID", 
 "FSM_ID", 
 "EVENT_TYPE_ID", 
 "PRIORITY",
 "OBJ_CUR_STATE", 
 "OBJ_TAR_STATE", 
 "OBJ_FILTER", 
 "FSM_ACTION", 
 "EVENT_FILTER", 
 "OVERRIDE_SELECTION", 
 "PERSIST")
VALUES 
(105,
  (SELECT V.ID 
  FROM "APP_VERSION" V, 
       "APPLICATION" A
  WHERE V.APPLICATION_ID = A.ID
  AND V.VERSION = '3.2.4'
  AND A.NAME = 'FHNReference'
 ), 
 13,
 69,
 50,
 'S_OutTxnTimeoutProcessing',
 'S_OutTxnTimeoutWait',
 'M.ID IN $Context{MONITOR_ID}',
 '',
 NULL,
 NULL,
 'Y');
 
 

INSERT 
INTO "FSM_TRANSITION" 
("ID",
 "APP_VERSION_ID", 
 "FSM_ID", 
 "EVENT_TYPE_ID", 
 "PRIORITY",
 "OBJ_CUR_STATE", 
 "OBJ_TAR_STATE", 
 "OBJ_FILTER", 
 "FSM_ACTION", 
 "EVENT_FILTER", 
 "OVERRIDE_SELECTION", 
 "PERSIST")
VALUES 
(106,
  (SELECT V.ID 
  FROM "APP_VERSION" V, 
       "APPLICATION" A
  WHERE V.APPLICATION_ID = A.ID
  AND V.VERSION = '3.2.4'
  AND A.NAME = 'FHNReference'
 ), 
 13,
 40,
 50,
 'S_OutTxnTimeoutProcessing',
 'S_OutTxnTimeoutWait',
 'M.ID IN $Context{TRGT_OBJ_ID}',
 '<ftmaction://A_NotifyCmdProcessed>',
 '$ContextEQ{TYPE,''Reset''}',
 NULL,
 'Y');
 
 

INSERT 
INTO "FSM_TRANSITION" 
("ID",
 "APP_VERSION_ID", 
 "FSM_ID", 
 "EVENT_TYPE_ID", 
 "PRIORITY",
 "OBJ_CUR_STATE", 
 "OBJ_TAR_STATE", 
 "OBJ_FILTER", 
 "FSM_ACTION", 
 "EVENT_FILTER", 
 "OVERRIDE_SELECTION", 
 "PERSIST")
VALUES 
(107,
  (SELECT V.ID 
  FROM "APP_VERSION" V, 
       "APPLICATION" A
  WHERE V.APPLICATION_ID = A.ID
  AND V.VERSION = '3.2.4'
  AND A.NAME = 'FHNReference'
 ), 
 13,
 20,
 50,
 'S_OutTxnTimeoutProcessing',
 'S_OutTxnTimeoutWait',
 NULL,
 '',
 NULL,
 NULL,
 'Y');
 
 

INSERT 
INTO "FSM_TRANSITION" 
("ID",
 "APP_VERSION_ID", 
 "FSM_ID", 
 "EVENT_TYPE_ID", 
 "PRIORITY",
 "OBJ_CUR_STATE", 
 "OBJ_TAR_STATE", 
 "OBJ_FILTER", 
 "FSM_ACTION", 
 "EVENT_FILTER", 
 "OVERRIDE_SELECTION", 
 "PERSIST")
VALUES 
(108,
  (SELECT V.ID 
  FROM "APP_VERSION" V, 
       "APPLICATION" A
  WHERE V.APPLICATION_ID = A.ID
  AND V.VERSION = '3.2.4'
  AND A.NAME = 'FHNReference'
 ), 
 13,
 63,
 50,
 'S_OutTxnTimeoutWait',
 'S_OutTxnTimeoutProcessing',
 'M.ID IN $Context{MONITOR_ID}',
 '<ftmaction://A_RaiseOutTxnTimeoutCheck>',
 NULL,
 NULL,
 'Y');
 
 

INSERT 
INTO "FSM_TRANSITION" 
("ID",
 "APP_VERSION_ID", 
 "FSM_ID", 
 "EVENT_TYPE_ID", 
 "PRIORITY",
 "OBJ_CUR_STATE", 
 "OBJ_TAR_STATE", 
 "OBJ_FILTER", 
 "FSM_ACTION", 
 "EVENT_FILTER", 
 "OVERRIDE_SELECTION", 
 "PERSIST")
VALUES 
(109,
  (SELECT V.ID 
  FROM "APP_VERSION" V, 
       "APPLICATION" A
  WHERE V.APPLICATION_ID = A.ID
  AND V.VERSION = '3.2.4'
  AND A.NAME = 'FHNReference'
 ), 
 13,
 67,
 50,
 'S_OutTxnTimeoutWait',
 'S_OutTxnTimeoutWait',
 'M.ID IN $Context{MONITOR_ID}',
 '<ftmaction://A_CheckForOutTxnTimeout>',
 NULL,
 NULL,
 'N');
 
 

INSERT 
INTO "FSM_TRANSITION" 
("ID",
 "APP_VERSION_ID", 
 "FSM_ID", 
 "EVENT_TYPE_ID", 
 "PRIORITY",
 "OBJ_CUR_STATE", 
 "OBJ_TAR_STATE", 
 "OBJ_FILTER", 
 "FSM_ACTION", 
 "EVENT_FILTER", 
 "OVERRIDE_SELECTION", 
 "PERSIST")
VALUES 
(110,
  (SELECT V.ID 
  FROM "APP_VERSION" V, 
       "APPLICATION" A
  WHERE V.APPLICATION_ID = A.ID
  AND V.VERSION = '3.2.4'
  AND A.NAME = 'FHNReference'
 ), 
 13,
 19,
 50,
 'S_OutTxnTimeoutWait',
 'S_OutTxnTimeoutWait',
 NULL,
 '<ftmaction://A_RaiseOutTxnTimeoutCheck>',
 NULL,
 NULL,
 'N');
 
 


INSERT INTO "FSM" 
("ID", 
 "APP_VERSION_ID",
 "OBJ_TYPE", 
 "OBJ_SELECT_TEMPLAT", 
 "FSM_NAME",
 "ENABLED",
 "DELETE_FLAG",
 "MODIFIER",
 "LAST_MODIFIED"
 )
VALUES 
(14,
 (SELECT V.ID 
  FROM "APP_VERSION" V, 
       "APPLICATION" A
  WHERE V.APPLICATION_ID = A.ID
  AND V.VERSION = '3.2.4'
  AND A.NAME = 'FHNReference'
 ), 
 'TRANSACTION', 
 'SELECT ID, BATCH_ID, TRANSMISSION_ID, SUBTYPE, OBJ_CLASS FROM $DB'
||'Schema.TRANSACTION_V AS T WHERE OBJ_CLASS IN (''OUT_TXN_WAIT'', '
||'''OUT_TXN_NOWAIT'', $ValueTxtList{TXN_CLASS_ALIAS,OUT_TXN_WAIT} , '
||' $ValueTxtList{TXN_CLASS_ALIAS,OUT_TXN_NOWAIT}) AND STATUS=?', 
 'Outbound Transactions',
 'Y',
 'N',
 'SCRIPT:FHNReference_fsm_20210205.sql',
  FTM_TIMESTAMP()
);


INSERT INTO "FSM_STATE_REL" 
("ID", 
 "APP_VERSION_ID", 
 "FSM_ID", 
 "OBJ_STATE", 
 "OPS_ALERT_FLAG", 
 "CUST_ALERT_FLAG", 
 "IMG_FILE") 
VALUES 
(54, 
 (SELECT V.ID 
  FROM "APP_VERSION" V, 
       "APPLICATION" A
  WHERE V.APPLICATION_ID = A.ID
  AND V.VERSION = '3.2.4'
  AND A.NAME = 'FHNReference'
 ), 
 14, 
 'S_OutTxnAwaitingSend', 
 'N', 
 'N', 
 'Blank.gif');


INSERT
INTO "FSM_RESOLVE_ACTION"
("ID",
 "APP_VERSION_ID",
 "STATE_ID",
 "RESOLUTION_ACTION",
 "DUAL_CONTROL_FLAG") 
VALUES
 (29,
  (SELECT V.ID 
  FROM "APP_VERSION" V, 
       "APPLICATION" A
  WHERE V.APPLICATION_ID = A.ID
  AND V.VERSION = '3.2.4'
  AND A.NAME = 'FHNReference'
 ), 
 54,
 'Resend',
 'N');


INSERT INTO "FSM_STATE_REL" 
("ID", 
 "APP_VERSION_ID", 
 "FSM_ID", 
 "OBJ_STATE", 
 "OPS_ALERT_FLAG", 
 "CUST_ALERT_FLAG", 
 "IMG_FILE") 
VALUES 
(55, 
 (SELECT V.ID 
  FROM "APP_VERSION" V, 
       "APPLICATION" A
  WHERE V.APPLICATION_ID = A.ID
  AND V.VERSION = '3.2.4'
  AND A.NAME = 'FHNReference'
 ), 
 14, 
 'S_OutTxnComplete', 
 'N', 
 'N', 
 'Green.gif');


INSERT
INTO "FSM_RESOLVE_ACTION"
("ID",
 "APP_VERSION_ID",
 "STATE_ID",
 "RESOLUTION_ACTION",
 "DUAL_CONTROL_FLAG") 
VALUES
 (30,
  (SELECT V.ID 
  FROM "APP_VERSION" V, 
       "APPLICATION" A
  WHERE V.APPLICATION_ID = A.ID
  AND V.VERSION = '3.2.4'
  AND A.NAME = 'FHNReference'
 ), 
 55,
 'Resend',
 'N');

INSERT
INTO "FSM_RESOLVE_ACTION"
("ID",
 "APP_VERSION_ID",
 "STATE_ID",
 "RESOLUTION_ACTION",
 "DUAL_CONTROL_FLAG") 
VALUES
 (31,
  (SELECT V.ID 
  FROM "APP_VERSION" V, 
       "APPLICATION" A
  WHERE V.APPLICATION_ID = A.ID
  AND V.VERSION = '3.2.4'
  AND A.NAME = 'FHNReference'
 ), 
 55,
 'Retransmit',
 'N');


INSERT INTO "FSM_STATE_REL" 
("ID", 
 "APP_VERSION_ID", 
 "FSM_ID", 
 "OBJ_STATE", 
 "OPS_ALERT_FLAG", 
 "CUST_ALERT_FLAG", 
 "IMG_FILE") 
VALUES 
(56, 
 (SELECT V.ID 
  FROM "APP_VERSION" V, 
       "APPLICATION" A
  WHERE V.APPLICATION_ID = A.ID
  AND V.VERSION = '3.2.4'
  AND A.NAME = 'FHNReference'
 ), 
 14, 
 'S_OutTxnCreated', 
 'N', 
 'N', 
 'Blank.gif');



INSERT INTO "FSM_STATE_REL" 
("ID", 
 "APP_VERSION_ID", 
 "FSM_ID", 
 "OBJ_STATE", 
 "OPS_ALERT_FLAG", 
 "CUST_ALERT_FLAG", 
 "IMG_FILE") 
VALUES 
(57, 
 (SELECT V.ID 
  FROM "APP_VERSION" V, 
       "APPLICATION" A
  WHERE V.APPLICATION_ID = A.ID
  AND V.VERSION = '3.2.4'
  AND A.NAME = 'FHNReference'
 ), 
 14, 
 'S_OutTxnFailed', 
 'N', 
 'N', 
 'Red.gif');



INSERT INTO "FSM_STATE_REL" 
("ID", 
 "APP_VERSION_ID", 
 "FSM_ID", 
 "OBJ_STATE", 
 "OPS_ALERT_FLAG", 
 "CUST_ALERT_FLAG", 
 "IMG_FILE") 
VALUES 
(58, 
 (SELECT V.ID 
  FROM "APP_VERSION" V, 
       "APPLICATION" A
  WHERE V.APPLICATION_ID = A.ID
  AND V.VERSION = '3.2.4'
  AND A.NAME = 'FHNReference'
 ), 
 14, 
 'S_OutTxnRouteError', 
 'Y', 
 'N', 
 'Alert.gif');


INSERT
INTO "FSM_RESOLVE_ACTION"
("ID",
 "APP_VERSION_ID",
 "STATE_ID",
 "RESOLUTION_ACTION",
 "DUAL_CONTROL_FLAG") 
VALUES
 (32,
  (SELECT V.ID 
  FROM "APP_VERSION" V, 
       "APPLICATION" A
  WHERE V.APPLICATION_ID = A.ID
  AND V.VERSION = '3.2.4'
  AND A.NAME = 'FHNReference'
 ), 
 58,
 'Verify',
 'N');


INSERT INTO "FSM_STATE_REL" 
("ID", 
 "APP_VERSION_ID", 
 "FSM_ID", 
 "OBJ_STATE", 
 "OPS_ALERT_FLAG", 
 "CUST_ALERT_FLAG", 
 "IMG_FILE") 
VALUES 
(59, 
 (SELECT V.ID 
  FROM "APP_VERSION" V, 
       "APPLICATION" A
  WHERE V.APPLICATION_ID = A.ID
  AND V.VERSION = '3.2.4'
  AND A.NAME = 'FHNReference'
 ), 
 14, 
 'S_WaitOutBatComplete', 
 'N', 
 'N', 
 'Blank.gif');



INSERT INTO "FSM_STATE_REL" 
("ID", 
 "APP_VERSION_ID", 
 "FSM_ID", 
 "OBJ_STATE", 
 "OPS_ALERT_FLAG", 
 "CUST_ALERT_FLAG", 
 "IMG_FILE") 
VALUES 
(60, 
 (SELECT V.ID 
  FROM "APP_VERSION" V, 
       "APPLICATION" A
  WHERE V.APPLICATION_ID = A.ID
  AND V.VERSION = '3.2.4'
  AND A.NAME = 'FHNReference'
 ), 
 14, 
 'S_WaitingForAck', 
 'N', 
 'N', 
 'Blank.gif');


INSERT
INTO "FSM_RESOLVE_ACTION"
("ID",
 "APP_VERSION_ID",
 "STATE_ID",
 "RESOLUTION_ACTION",
 "DUAL_CONTROL_FLAG") 
VALUES
 (33,
  (SELECT V.ID 
  FROM "APP_VERSION" V, 
       "APPLICATION" A
  WHERE V.APPLICATION_ID = A.ID
  AND V.VERSION = '3.2.4'
  AND A.NAME = 'FHNReference'
 ), 
 60,
 'Resend',
 'N');

INSERT
INTO "FSM_RESOLVE_ACTION"
("ID",
 "APP_VERSION_ID",
 "STATE_ID",
 "RESOLUTION_ACTION",
 "DUAL_CONTROL_FLAG") 
VALUES
 (34,
  (SELECT V.ID 
  FROM "APP_VERSION" V, 
       "APPLICATION" A
  WHERE V.APPLICATION_ID = A.ID
  AND V.VERSION = '3.2.4'
  AND A.NAME = 'FHNReference'
 ), 
 60,
 'Retransmit',
 'N');


INSERT INTO "FSM_STATE_REL" 
("ID", 
 "APP_VERSION_ID", 
 "FSM_ID", 
 "OBJ_STATE", 
 "OPS_ALERT_FLAG", 
 "CUST_ALERT_FLAG", 
 "IMG_FILE") 
VALUES 
(61, 
 (SELECT V.ID 
  FROM "APP_VERSION" V, 
       "APPLICATION" A
  WHERE V.APPLICATION_ID = A.ID
  AND V.VERSION = '3.2.4'
  AND A.NAME = 'FHNReference'
 ), 
 14, 
 'S_WaitingForAckTimeout', 
 'Y', 
 'N', 
 'Alert.gif');


INSERT
INTO "FSM_RESOLVE_ACTION"
("ID",
 "APP_VERSION_ID",
 "STATE_ID",
 "RESOLUTION_ACTION",
 "DUAL_CONTROL_FLAG") 
VALUES
 (35,
  (SELECT V.ID 
  FROM "APP_VERSION" V, 
       "APPLICATION" A
  WHERE V.APPLICATION_ID = A.ID
  AND V.VERSION = '3.2.4'
  AND A.NAME = 'FHNReference'
 ), 
 61,
 'Cancel',
 'N');

INSERT
INTO "FSM_RESOLVE_ACTION"
("ID",
 "APP_VERSION_ID",
 "STATE_ID",
 "RESOLUTION_ACTION",
 "DUAL_CONTROL_FLAG") 
VALUES
 (36,
  (SELECT V.ID 
  FROM "APP_VERSION" V, 
       "APPLICATION" A
  WHERE V.APPLICATION_ID = A.ID
  AND V.VERSION = '3.2.4'
  AND A.NAME = 'FHNReference'
 ), 
 61,
 'Resend',
 'N');

INSERT
INTO "FSM_RESOLVE_ACTION"
("ID",
 "APP_VERSION_ID",
 "STATE_ID",
 "RESOLUTION_ACTION",
 "DUAL_CONTROL_FLAG") 
VALUES
 (37,
  (SELECT V.ID 
  FROM "APP_VERSION" V, 
       "APPLICATION" A
  WHERE V.APPLICATION_ID = A.ID
  AND V.VERSION = '3.2.4'
  AND A.NAME = 'FHNReference'
 ), 
 61,
 'Retransmit',
 'N');


INSERT INTO "FSM_STATE_REL" 
("ID", 
 "APP_VERSION_ID", 
 "FSM_ID", 
 "OBJ_STATE", 
 "OPS_ALERT_FLAG", 
 "CUST_ALERT_FLAG", 
 "IMG_FILE") 
VALUES 
(62, 
 (SELECT V.ID 
  FROM "APP_VERSION" V, 
       "APPLICATION" A
  WHERE V.APPLICATION_ID = A.ID
  AND V.VERSION = '3.2.4'
  AND A.NAME = 'FHNReference'
 ), 
 14, 
 'S_WaitingForFinalAck', 
 'N', 
 'N', 
 'Blank.gif');


INSERT
INTO "FSM_RESOLVE_ACTION"
("ID",
 "APP_VERSION_ID",
 "STATE_ID",
 "RESOLUTION_ACTION",
 "DUAL_CONTROL_FLAG") 
VALUES
 (38,
  (SELECT V.ID 
  FROM "APP_VERSION" V, 
       "APPLICATION" A
  WHERE V.APPLICATION_ID = A.ID
  AND V.VERSION = '3.2.4'
  AND A.NAME = 'FHNReference'
 ), 
 62,
 'Resend',
 'N');

INSERT
INTO "FSM_RESOLVE_ACTION"
("ID",
 "APP_VERSION_ID",
 "STATE_ID",
 "RESOLUTION_ACTION",
 "DUAL_CONTROL_FLAG") 
VALUES
 (39,
  (SELECT V.ID 
  FROM "APP_VERSION" V, 
       "APPLICATION" A
  WHERE V.APPLICATION_ID = A.ID
  AND V.VERSION = '3.2.4'
  AND A.NAME = 'FHNReference'
 ), 
 62,
 'Retransmit',
 'N');




INSERT 
INTO "FSM_TRANSITION" 
("ID",
 "APP_VERSION_ID", 
 "FSM_ID", 
 "EVENT_TYPE_ID", 
 "PRIORITY",
 "OBJ_CUR_STATE", 
 "OBJ_TAR_STATE", 
 "OBJ_FILTER", 
 "FSM_ACTION", 
 "EVENT_FILTER", 
 "OVERRIDE_SELECTION", 
 "PERSIST")
VALUES 
(111,
  (SELECT V.ID 
  FROM "APP_VERSION" V, 
       "APPLICATION" A
  WHERE V.APPLICATION_ID = A.ID
  AND V.VERSION = '3.2.4'
  AND A.NAME = 'FHNReference'
 ), 
 14,
 40,
 70,
 'S_OutTxnAwaitingSend',
 'S_OutTxnAwaitingSend',
 'T.ID IN $Context{TRGT_OBJ_ID}',
 '<ftmaction://A_RemapAndResendTxn><ftmaction://A_NotifyCmdProcessed>',
 '$ContextEQ{TYPE,''Resend''}',
 'SELECT ID, TRANSMISSION_ID, SUBTYPE, OBJ_CLASS, R.OBJ1_ID AS MAST'
||'ER_ID, ''N'' AS CORREL_EXISTS FROM $DBSchema.TRANSACTION_V T, $DB'
||'Schema.OBJ_OBJ_REL R WHERE R.OBJ2_ID = ID AND R.TYPE = ''CAUSE'' '
||'AND OBJ_CLASS IN (''OUT_TXN_WAIT'', ''OUT_TXN_NOWAIT'', $ValueTxt'
||'List{TXN_CLASS_ALIAS,OUT_TXN_WAIT} ,  $ValueTxtList{TXN_CLASS_ALI'
||'AS,OUT_TXN_NOWAIT}) AND STATUS=?',
 'Y');
 
 

INSERT 
INTO "FSM_TRANSITION" 
("ID",
 "APP_VERSION_ID", 
 "FSM_ID", 
 "EVENT_TYPE_ID", 
 "PRIORITY",
 "OBJ_CUR_STATE", 
 "OBJ_TAR_STATE", 
 "OBJ_FILTER", 
 "FSM_ACTION", 
 "EVENT_FILTER", 
 "OVERRIDE_SELECTION", 
 "PERSIST")
VALUES 
(112,
  (SELECT V.ID 
  FROM "APP_VERSION" V, 
       "APPLICATION" A
  WHERE V.APPLICATION_ID = A.ID
  AND V.VERSION = '3.2.4'
  AND A.NAME = 'FHNReference'
 ), 
 14,
 57,
 70,
 'S_OutTxnAwaitingSend',
 'S_OutTxnAwaitingSend',
 'T.TRANSMISSION_ID IN $Context{TRANSMISSION}',
 '<ftmaction://A_RaiseOutTxnSent>',
 '$ContextEQ{RESEND,''Y''}',
 NULL,
 'Y');
 
 

INSERT 
INTO "FSM_TRANSITION" 
("ID",
 "APP_VERSION_ID", 
 "FSM_ID", 
 "EVENT_TYPE_ID", 
 "PRIORITY",
 "OBJ_CUR_STATE", 
 "OBJ_TAR_STATE", 
 "OBJ_FILTER", 
 "FSM_ACTION", 
 "EVENT_FILTER", 
 "OVERRIDE_SELECTION", 
 "PERSIST")
VALUES 
(113,
  (SELECT V.ID 
  FROM "APP_VERSION" V, 
       "APPLICATION" A
  WHERE V.APPLICATION_ID = A.ID
  AND V.VERSION = '3.2.4'
  AND A.NAME = 'FHNReference'
 ), 
 14,
 66,
 70,
 'S_OutTxnAwaitingSend',
 'S_OutTxnComplete',
 'T.ID IN $Context{TRANSACTION}',
 '<ftmaction://A_RaiseOutTxnCompleteEvents>',
 '$ContextNULL{EXPECT_ACK}',
 'SELECT ID, SUBTYPE, OBJ_CLASS, R.OBJ1_ID MASTER_ID FROM $DBSchema'
||'.OBJ_BASE  T, $DBSchema.OBJ_OBJ_REL R WHERE R.OBJ2_ID = ID AND R.'
||'TYPE = ''CAUSE'' AND STATUS=?',
 'Y');
 
 

INSERT 
INTO "FSM_TRANSITION" 
("ID",
 "APP_VERSION_ID", 
 "FSM_ID", 
 "EVENT_TYPE_ID", 
 "PRIORITY",
 "OBJ_CUR_STATE", 
 "OBJ_TAR_STATE", 
 "OBJ_FILTER", 
 "FSM_ACTION", 
 "EVENT_FILTER", 
 "OVERRIDE_SELECTION", 
 "PERSIST")
VALUES 
(114,
  (SELECT V.ID 
  FROM "APP_VERSION" V, 
       "APPLICATION" A
  WHERE V.APPLICATION_ID = A.ID
  AND V.VERSION = '3.2.4'
  AND A.NAME = 'FHNReference'
 ), 
 14,
 66,
 70,
 'S_OutTxnAwaitingSend',
 'S_OutTxnComplete',
 'T.ID IN $Context{TRANSACTION}',
 '',
 '$ContextEQ{EXPECT_ACK, ''N''}',
 'SELECT ID FROM $DBSchema.OBJ_BASE AS T WHERE OBJ_CLASS IN (''OUT_'
||'TXN_NOWAIT'', $ValueTxtList{TXN_CLASS_ALIAS,OUT_TXN_NOWAIT}) AND '
||'STATUS=?',
 'Y');
 
 

INSERT 
INTO "FSM_TRANSITION" 
("ID",
 "APP_VERSION_ID", 
 "FSM_ID", 
 "EVENT_TYPE_ID", 
 "PRIORITY",
 "OBJ_CUR_STATE", 
 "OBJ_TAR_STATE", 
 "OBJ_FILTER", 
 "FSM_ACTION", 
 "EVENT_FILTER", 
 "OVERRIDE_SELECTION", 
 "PERSIST")
VALUES 
(115,
  (SELECT V.ID 
  FROM "APP_VERSION" V, 
       "APPLICATION" A
  WHERE V.APPLICATION_ID = A.ID
  AND V.VERSION = '3.2.4'
  AND A.NAME = 'FHNReference'
 ), 
 14,
 51,
 70,
 'S_OutTxnAwaitingSend',
 'S_OutTxnFailed',
 'T.TRANSMISSION_ID IN $Context{TRANSMISSION}',
 '<ftmaction://A_ProcessOutTxnFail>',
 NULL,
 NULL,
 'Y');
 
 

INSERT 
INTO "FSM_TRANSITION" 
("ID",
 "APP_VERSION_ID", 
 "FSM_ID", 
 "EVENT_TYPE_ID", 
 "PRIORITY",
 "OBJ_CUR_STATE", 
 "OBJ_TAR_STATE", 
 "OBJ_FILTER", 
 "FSM_ACTION", 
 "EVENT_FILTER", 
 "OVERRIDE_SELECTION", 
 "PERSIST")
VALUES 
(116,
  (SELECT V.ID 
  FROM "APP_VERSION" V, 
       "APPLICATION" A
  WHERE V.APPLICATION_ID = A.ID
  AND V.VERSION = '3.2.4'
  AND A.NAME = 'FHNReference'
 ), 
 14,
 64,
 70,
 'S_OutTxnAwaitingSend',
 'S_OutTxnRouteError',
 'T.ID IN $Context{TRANSACTION}',
 '<ftmaction://A_NotifyOps>',
 NULL,
 NULL,
 'Y');
 
 

INSERT 
INTO "FSM_TRANSITION" 
("ID",
 "APP_VERSION_ID", 
 "FSM_ID", 
 "EVENT_TYPE_ID", 
 "PRIORITY",
 "OBJ_CUR_STATE", 
 "OBJ_TAR_STATE", 
 "OBJ_FILTER", 
 "FSM_ACTION", 
 "EVENT_FILTER", 
 "OVERRIDE_SELECTION", 
 "PERSIST")
VALUES 
(117,
  (SELECT V.ID 
  FROM "APP_VERSION" V, 
       "APPLICATION" A
  WHERE V.APPLICATION_ID = A.ID
  AND V.VERSION = '3.2.4'
  AND A.NAME = 'FHNReference'
 ), 
 14,
 66,
 70,
 'S_OutTxnAwaitingSend',
 'S_WaitingForAck',
 'T.ID IN $Context{TRANSACTION}',
 '',
 '$ContextEQ{EXPECT_ACK, ''Y''}',
 'SELECT ID FROM $DBSchema.OBJ_BASE AS T WHERE OBJ_CLASS IN (''OUT_'
||'TXN_WAIT'', $ValueTxtList{TXN_CLASS_ALIAS,OUT_TXN_WAIT}) AND STAT'
||'US=?',
 'Y');
 
 

INSERT 
INTO "FSM_TRANSITION" 
("ID",
 "APP_VERSION_ID", 
 "FSM_ID", 
 "EVENT_TYPE_ID", 
 "PRIORITY",
 "OBJ_CUR_STATE", 
 "OBJ_TAR_STATE", 
 "OBJ_FILTER", 
 "FSM_ACTION", 
 "EVENT_FILTER", 
 "OVERRIDE_SELECTION", 
 "PERSIST")
VALUES 
(118,
  (SELECT V.ID 
  FROM "APP_VERSION" V, 
       "APPLICATION" A
  WHERE V.APPLICATION_ID = A.ID
  AND V.VERSION = '3.2.4'
  AND A.NAME = 'FHNReference'
 ), 
 14,
 40,
 70,
 'S_OutTxnComplete',
 'S_OutTxnComplete',
 'T.ID IN $Context{TRGT_OBJ_ID}',
 '<ftmaction://A_PutPTToQueue><ftmaction://A_NotifyCmdProcessed>',
 '$ContextEQ{TYPE,''Retransmit''}',
 NULL,
 'Y');
 
 

INSERT 
INTO "FSM_TRANSITION" 
("ID",
 "APP_VERSION_ID", 
 "FSM_ID", 
 "EVENT_TYPE_ID", 
 "PRIORITY",
 "OBJ_CUR_STATE", 
 "OBJ_TAR_STATE", 
 "OBJ_FILTER", 
 "FSM_ACTION", 
 "EVENT_FILTER", 
 "OVERRIDE_SELECTION", 
 "PERSIST")
VALUES 
(119,
  (SELECT V.ID 
  FROM "APP_VERSION" V, 
       "APPLICATION" A
  WHERE V.APPLICATION_ID = A.ID
  AND V.VERSION = '3.2.4'
  AND A.NAME = 'FHNReference'
 ), 
 14,
 40,
 70,
 'S_OutTxnComplete',
 'S_OutTxnComplete',
 'T.ID IN $Context{TRGT_OBJ_ID}',
 '<ftmaction://A_RemapAndResendTxn><ftmaction://A_NotifyCmdProcessed>',
 '$ContextEQ{TYPE,''Resend''}',
 'SELECT ID, TRANSMISSION_ID, SUBTYPE, OBJ_CLASS, R.OBJ1_ID AS MAST'
||'ER_ID FROM $DBSchema.TRANSACTION_V T, $DBSchema.OBJ_OBJ_REL R WHE'
||'RE R.OBJ2_ID = ID AND R.TYPE = ''CAUSE'' AND OBJ_CLASS IN (''OUT_'
||'TXN_WAIT'', ''OUT_TXN_NOWAIT'', $ValueTxtList{TXN_CLASS_ALIAS,OUT'
||'_TXN_WAIT} ,  $ValueTxtList{TXN_CLASS_ALIAS,OUT_TXN_NOWAIT}) AND '
||'STATUS=?',
 'Y');
 
 

INSERT 
INTO "FSM_TRANSITION" 
("ID",
 "APP_VERSION_ID", 
 "FSM_ID", 
 "EVENT_TYPE_ID", 
 "PRIORITY",
 "OBJ_CUR_STATE", 
 "OBJ_TAR_STATE", 
 "OBJ_FILTER", 
 "FSM_ACTION", 
 "EVENT_FILTER", 
 "OVERRIDE_SELECTION", 
 "PERSIST")
VALUES 
(120,
  (SELECT V.ID 
  FROM "APP_VERSION" V, 
       "APPLICATION" A
  WHERE V.APPLICATION_ID = A.ID
  AND V.VERSION = '3.2.4'
  AND A.NAME = 'FHNReference'
 ), 
 14,
 83,
 70,
 'S_OutTxnCreated',
 'S_OutTxnAwaitingSend',
 'T.ID IN $Context{TRANSACTION}',
 '<ftmaction://A_RouteAndSendOutTxn>',
 NULL,
 'SELECT ID, CREATED, TRANSMISSION_ID, SUBTYPE, OBJ_CLASS, R.OBJ1_I'
||'D AS MASTER_ID FROM $DBSchema.TRANSACTION_V T, $DBSchema.OBJ_OBJ_'
||'REL R WHERE R.OBJ2_ID = ID AND R.TYPE = ''CAUSE'' AND OBJ_CLASS I'
||'N (''OUT_TXN_WAIT'', ''OUT_TXN_NOWAIT'', $ValueTxtList{TXN_CLASS_'
||'ALIAS,OUT_TXN_WAIT} ,  $ValueTxtList{TXN_CLASS_ALIAS,OUT_TXN_NOWA'
||'IT}) AND STATUS=?',
 'Y');
 
 

INSERT 
INTO "FSM_TRANSITION" 
("ID",
 "APP_VERSION_ID", 
 "FSM_ID", 
 "EVENT_TYPE_ID", 
 "PRIORITY",
 "OBJ_CUR_STATE", 
 "OBJ_TAR_STATE", 
 "OBJ_FILTER", 
 "FSM_ACTION", 
 "EVENT_FILTER", 
 "OVERRIDE_SELECTION", 
 "PERSIST")
VALUES 
(121,
  (SELECT V.ID 
  FROM "APP_VERSION" V, 
       "APPLICATION" A
  WHERE V.APPLICATION_ID = A.ID
  AND V.VERSION = '3.2.4'
  AND A.NAME = 'FHNReference'
 ), 
 14,
 40,
 70,
 'S_OutTxnRouteError',
 'S_OutTxnFailed',
 'T.ID IN $Context{TRGT_OBJ_ID}',
 '<ftmaction://A_ProcessOutTxnFail><ftmaction://A_NotifyCmdProcessed>',
 '$ContextEQ{TYPE,''Verify''}',
 NULL,
 'Y');
 
 

INSERT 
INTO "FSM_TRANSITION" 
("ID",
 "APP_VERSION_ID", 
 "FSM_ID", 
 "EVENT_TYPE_ID", 
 "PRIORITY",
 "OBJ_CUR_STATE", 
 "OBJ_TAR_STATE", 
 "OBJ_FILTER", 
 "FSM_ACTION", 
 "EVENT_FILTER", 
 "OVERRIDE_SELECTION", 
 "PERSIST")
VALUES 
(122,
  (SELECT V.ID 
  FROM "APP_VERSION" V, 
       "APPLICATION" A
  WHERE V.APPLICATION_ID = A.ID
  AND V.VERSION = '3.2.4'
  AND A.NAME = 'FHNReference'
 ), 
 14,
 82,
 70,
 'S_WaitOutBatComplete',
 'S_OutTxnComplete',
 'T.BATCH_ID IN $Context{BATCH} AND T.ID IN $Context{TRANSACTION}',
 '<ftmaction://A_RaiseOutTxnCompleteEvents>',
 NULL,
 'SELECT ID, BATCH_ID, TRANSMISSION_ID, SUBTYPE, OBJ_CLASS, R.OBJ1_'
||'ID AS MASTER_ID FROM $DBSchema.TRANSACTION_V T LEFT OUTER JOIN $D'
||'BSchema.OBJ_OBJ_REL AS R ON  R.OBJ2_ID = ID AND R.TYPE = ''CAUSE'
||''' WHERE OBJ_CLASS IN (''OUT_TXN_WAIT'', ''OUT_TXN_NOWAIT'', $Valu'
||'eTxtList{TXN_CLASS_ALIAS,OUT_TXN_WAIT} ,  $ValueTxtList{TXN_CLASS'
||'_ALIAS,OUT_TXN_NOWAIT}) AND STATUS=?',
 'Y');
 
 

INSERT 
INTO "FSM_TRANSITION" 
("ID",
 "APP_VERSION_ID", 
 "FSM_ID", 
 "EVENT_TYPE_ID", 
 "PRIORITY",
 "OBJ_CUR_STATE", 
 "OBJ_TAR_STATE", 
 "OBJ_FILTER", 
 "FSM_ACTION", 
 "EVENT_FILTER", 
 "OVERRIDE_SELECTION", 
 "PERSIST")
VALUES 
(123,
  (SELECT V.ID 
  FROM "APP_VERSION" V, 
       "APPLICATION" A
  WHERE V.APPLICATION_ID = A.ID
  AND V.VERSION = '3.2.4'
  AND A.NAME = 'FHNReference'
 ), 
 14,
 44,
 70,
 'S_WaitOutBatComplete',
 'S_OutTxnFailed',
 'T.BATCH_ID IN $Context{BATCH}',
 '<ftmaction://A_ProcessOutTxnFail>',
 NULL,
 NULL,
 'Y');
 
 

INSERT 
INTO "FSM_TRANSITION" 
("ID",
 "APP_VERSION_ID", 
 "FSM_ID", 
 "EVENT_TYPE_ID", 
 "PRIORITY",
 "OBJ_CUR_STATE", 
 "OBJ_TAR_STATE", 
 "OBJ_FILTER", 
 "FSM_ACTION", 
 "EVENT_FILTER", 
 "OVERRIDE_SELECTION", 
 "PERSIST")
VALUES 
(124,
  (SELECT V.ID 
  FROM "APP_VERSION" V, 
       "APPLICATION" A
  WHERE V.APPLICATION_ID = A.ID
  AND V.VERSION = '3.2.4'
  AND A.NAME = 'FHNReference'
 ), 
 14,
 1,
 72,
 'S_WaitingForAck',
 'S_OutTxnComplete',
 'T.ID IN $Context{OUT_TXN_ID}',
 '<ftmaction://A_RaiseOutTxnCompleteEvents>',
 '$ContextNE{INTERIM_ACK, ''Y''}',
 NULL,
 'Y');
 
 

INSERT 
INTO "FSM_TRANSITION" 
("ID",
 "APP_VERSION_ID", 
 "FSM_ID", 
 "EVENT_TYPE_ID", 
 "PRIORITY",
 "OBJ_CUR_STATE", 
 "OBJ_TAR_STATE", 
 "OBJ_FILTER", 
 "FSM_ACTION", 
 "EVENT_FILTER", 
 "OVERRIDE_SELECTION", 
 "PERSIST")
VALUES 
(125,
  (SELECT V.ID 
  FROM "APP_VERSION" V, 
       "APPLICATION" A
  WHERE V.APPLICATION_ID = A.ID
  AND V.VERSION = '3.2.4'
  AND A.NAME = 'FHNReference'
 ), 
 14,
 58,
 72,
 'S_WaitingForAck',
 'S_OutTxnComplete',
 'T.ID IN $Context{TRANSACTION}',
 '<ftmaction://A_RaiseOutTxnCompleteEvents>',
 '$ContextNE{INTERIM_ACK, ''Y''}',
 NULL,
 'Y');
 
 

INSERT 
INTO "FSM_TRANSITION" 
("ID",
 "APP_VERSION_ID", 
 "FSM_ID", 
 "EVENT_TYPE_ID", 
 "PRIORITY",
 "OBJ_CUR_STATE", 
 "OBJ_TAR_STATE", 
 "OBJ_FILTER", 
 "FSM_ACTION", 
 "EVENT_FILTER", 
 "OVERRIDE_SELECTION", 
 "PERSIST")
VALUES 
(126,
  (SELECT V.ID 
  FROM "APP_VERSION" V, 
       "APPLICATION" A
  WHERE V.APPLICATION_ID = A.ID
  AND V.VERSION = '3.2.4'
  AND A.NAME = 'FHNReference'
 ), 
 14,
 40,
 70,
 'S_WaitingForAck',
 'S_WaitingForAck',
 'T.ID IN $Context{TRGT_OBJ_ID}',
 '<ftmaction://A_PutPTToQueue><ftmaction://A_NotifyCmdProcessed>',
 '$ContextEQ{TYPE,''Retransmit''}',
 NULL,
 'Y');
 
 

INSERT 
INTO "FSM_TRANSITION" 
("ID",
 "APP_VERSION_ID", 
 "FSM_ID", 
 "EVENT_TYPE_ID", 
 "PRIORITY",
 "OBJ_CUR_STATE", 
 "OBJ_TAR_STATE", 
 "OBJ_FILTER", 
 "FSM_ACTION", 
 "EVENT_FILTER", 
 "OVERRIDE_SELECTION", 
 "PERSIST")
VALUES 
(127,
  (SELECT V.ID 
  FROM "APP_VERSION" V, 
       "APPLICATION" A
  WHERE V.APPLICATION_ID = A.ID
  AND V.VERSION = '3.2.4'
  AND A.NAME = 'FHNReference'
 ), 
 14,
 40,
 70,
 'S_WaitingForAck',
 'S_WaitingForAck',
 'T.ID IN $Context{TRGT_OBJ_ID}',
 '<ftmaction://A_RemapAndResendTxn><ftmaction://A_NotifyCmdProcessed>',
 '$ContextEQ{TYPE,''Resend''}',
 'SELECT ID, TRANSMISSION_ID, SUBTYPE, OBJ_CLASS, R.OBJ1_ID AS MAST'
||'ER_ID FROM $DBSchema.TRANSACTION_V T, $DBSchema.OBJ_OBJ_REL R WHE'
||'RE R.OBJ2_ID = ID AND R.TYPE = ''CAUSE'' AND OBJ_CLASS IN (''OUT_'
||'TXN_WAIT'', ''OUT_TXN_NOWAIT'', $ValueTxtList{TXN_CLASS_ALIAS,OUT'
||'_TXN_WAIT} ,  $ValueTxtList{TXN_CLASS_ALIAS,OUT_TXN_NOWAIT}) AND '
||'STATUS=?',
 'Y');
 
 

INSERT 
INTO "FSM_TRANSITION" 
("ID",
 "APP_VERSION_ID", 
 "FSM_ID", 
 "EVENT_TYPE_ID", 
 "PRIORITY",
 "OBJ_CUR_STATE", 
 "OBJ_TAR_STATE", 
 "OBJ_FILTER", 
 "FSM_ACTION", 
 "EVENT_FILTER", 
 "OVERRIDE_SELECTION", 
 "PERSIST")
VALUES 
(128,
  (SELECT V.ID 
  FROM "APP_VERSION" V, 
       "APPLICATION" A
  WHERE V.APPLICATION_ID = A.ID
  AND V.VERSION = '3.2.4'
  AND A.NAME = 'FHNReference'
 ), 
 14,
 63,
 70,
 'S_WaitingForAck',
 'S_WaitingForAckTimeout',
 'T.ID IN $Context{TRANSACTION}',
 '<ftmaction://A_TimeoutNotify><ftmaction://A_RaiseOutTxnMonitorRes'
||'ponseTimeout>',
 NULL,
 'SELECT ID, TYPE, SUBTYPE, OBJ_CLASS, TECH_PRIORITY FROM $DBSchema'
||'.OBJ_BASE AS T WHERE OBJ_CLASS IN (''OUT_TXN_WAIT'', $ValueTxtLis'
||'t{TXN_CLASS_ALIAS,OUT_TXN_WAIT} ) AND STATUS=$Status',
 'Y');
 
 

INSERT 
INTO "FSM_TRANSITION" 
("ID",
 "APP_VERSION_ID", 
 "FSM_ID", 
 "EVENT_TYPE_ID", 
 "PRIORITY",
 "OBJ_CUR_STATE", 
 "OBJ_TAR_STATE", 
 "OBJ_FILTER", 
 "FSM_ACTION", 
 "EVENT_FILTER", 
 "OVERRIDE_SELECTION", 
 "PERSIST")
VALUES 
(129,
  (SELECT V.ID 
  FROM "APP_VERSION" V, 
       "APPLICATION" A
  WHERE V.APPLICATION_ID = A.ID
  AND V.VERSION = '3.2.4'
  AND A.NAME = 'FHNReference'
 ), 
 14,
 1,
 73,
 'S_WaitingForAck',
 'S_WaitingForFinalAck',
 'T.ID IN $Context{OUT_TXN_ID}',
 '',
 '$ContextEQ{INTERIM_ACK, ''Y''}',
 'SELECT ID FROM $DBSchema.OBJ_BASE AS T WHERE OBJ_CLASS IN (''OUT_'
||'TXN_WAIT'', $ValueTxtList{TXN_CLASS_ALIAS,OUT_TXN_WAIT}) AND STAT'
||'US=?',
 'Y');
 
 

INSERT 
INTO "FSM_TRANSITION" 
("ID",
 "APP_VERSION_ID", 
 "FSM_ID", 
 "EVENT_TYPE_ID", 
 "PRIORITY",
 "OBJ_CUR_STATE", 
 "OBJ_TAR_STATE", 
 "OBJ_FILTER", 
 "FSM_ACTION", 
 "EVENT_FILTER", 
 "OVERRIDE_SELECTION", 
 "PERSIST")
VALUES 
(130,
  (SELECT V.ID 
  FROM "APP_VERSION" V, 
       "APPLICATION" A
  WHERE V.APPLICATION_ID = A.ID
  AND V.VERSION = '3.2.4'
  AND A.NAME = 'FHNReference'
 ), 
 14,
 58,
 73,
 'S_WaitingForAck',
 'S_WaitingForFinalAck',
 'T.ID IN $Context{TRANSACTION}',
 '',
 '$ContextEQ{INTERIM_ACK, ''Y''}',
 'SELECT ID FROM $DBSchema.OBJ_BASE AS T WHERE OBJ_CLASS IN (''OUT_'
||'TXN_WAIT'', $ValueTxtList{TXN_CLASS_ALIAS,OUT_TXN_WAIT} ) AND STA'
||'TUS=?',
 'Y');
 
 

INSERT 
INTO "FSM_TRANSITION" 
("ID",
 "APP_VERSION_ID", 
 "FSM_ID", 
 "EVENT_TYPE_ID", 
 "PRIORITY",
 "OBJ_CUR_STATE", 
 "OBJ_TAR_STATE", 
 "OBJ_FILTER", 
 "FSM_ACTION", 
 "EVENT_FILTER", 
 "OVERRIDE_SELECTION", 
 "PERSIST")
VALUES 
(131,
  (SELECT V.ID 
  FROM "APP_VERSION" V, 
       "APPLICATION" A
  WHERE V.APPLICATION_ID = A.ID
  AND V.VERSION = '3.2.4'
  AND A.NAME = 'FHNReference'
 ), 
 14,
 1,
 75,
 'S_WaitingForFinalAck',
 'S_OutTxnComplete',
 'T.ID IN $Context{OUT_TXN_ID}',
 '<ftmaction://A_RaiseOutTxnCompleteEvents>',
 '$ContextNE{INTERIM_ACK, ''Y''}',
 NULL,
 'Y');
 
 

INSERT 
INTO "FSM_TRANSITION" 
("ID",
 "APP_VERSION_ID", 
 "FSM_ID", 
 "EVENT_TYPE_ID", 
 "PRIORITY",
 "OBJ_CUR_STATE", 
 "OBJ_TAR_STATE", 
 "OBJ_FILTER", 
 "FSM_ACTION", 
 "EVENT_FILTER", 
 "OVERRIDE_SELECTION", 
 "PERSIST")
VALUES 
(132,
  (SELECT V.ID 
  FROM "APP_VERSION" V, 
       "APPLICATION" A
  WHERE V.APPLICATION_ID = A.ID
  AND V.VERSION = '3.2.4'
  AND A.NAME = 'FHNReference'
 ), 
 14,
 58,
 75,
 'S_WaitingForFinalAck',
 'S_OutTxnComplete',
 'T.ID IN $Context{TRANSACTION}',
 '<ftmaction://A_RaiseOutTxnCompleteEvents>',
 '$ContextNE{INTERIM_ACK, ''Y''}',
 NULL,
 'Y');
 
 

INSERT 
INTO "FSM_TRANSITION" 
("ID",
 "APP_VERSION_ID", 
 "FSM_ID", 
 "EVENT_TYPE_ID", 
 "PRIORITY",
 "OBJ_CUR_STATE", 
 "OBJ_TAR_STATE", 
 "OBJ_FILTER", 
 "FSM_ACTION", 
 "EVENT_FILTER", 
 "OVERRIDE_SELECTION", 
 "PERSIST")
VALUES 
(133,
  (SELECT V.ID 
  FROM "APP_VERSION" V, 
       "APPLICATION" A
  WHERE V.APPLICATION_ID = A.ID
  AND V.VERSION = '3.2.4'
  AND A.NAME = 'FHNReference'
 ), 
 14,
 1,
 70,
 'S_WaitingForFinalAck',
 'S_WaitingForFinalAck',
 'T.ID IN $Context{OUT_TXN_ID}',
 '',
 '$ContextEQ{INTERIM_ACK, ''Y''}',
 'SELECT ID FROM $DBSchema.OBJ_BASE AS T WHERE OBJ_CLASS IN (''OUT_'
||'TXN_WAIT'', $ValueTxtList{TXN_CLASS_ALIAS,OUT_TXN_WAIT}) AND STAT'
||'US=?',
 'Y');
 
 

INSERT 
INTO "FSM_TRANSITION" 
("ID",
 "APP_VERSION_ID", 
 "FSM_ID", 
 "EVENT_TYPE_ID", 
 "PRIORITY",
 "OBJ_CUR_STATE", 
 "OBJ_TAR_STATE", 
 "OBJ_FILTER", 
 "FSM_ACTION", 
 "EVENT_FILTER", 
 "OVERRIDE_SELECTION", 
 "PERSIST")
VALUES 
(134,
  (SELECT V.ID 
  FROM "APP_VERSION" V, 
       "APPLICATION" A
  WHERE V.APPLICATION_ID = A.ID
  AND V.VERSION = '3.2.4'
  AND A.NAME = 'FHNReference'
 ), 
 14,
 40,
 70,
 'S_WaitingForFinalAck',
 'S_WaitingForFinalAck',
 'T.ID IN $Context{TRGT_OBJ_ID}',
 '<ftmaction://A_PutPTToQueue><ftmaction://A_NotifyCmdProcessed>',
 '$ContextEQ{TYPE,''Retransmit''}',
 NULL,
 'Y');
 
 

INSERT 
INTO "FSM_TRANSITION" 
("ID",
 "APP_VERSION_ID", 
 "FSM_ID", 
 "EVENT_TYPE_ID", 
 "PRIORITY",
 "OBJ_CUR_STATE", 
 "OBJ_TAR_STATE", 
 "OBJ_FILTER", 
 "FSM_ACTION", 
 "EVENT_FILTER", 
 "OVERRIDE_SELECTION", 
 "PERSIST")
VALUES 
(135,
  (SELECT V.ID 
  FROM "APP_VERSION" V, 
       "APPLICATION" A
  WHERE V.APPLICATION_ID = A.ID
  AND V.VERSION = '3.2.4'
  AND A.NAME = 'FHNReference'
 ), 
 14,
 40,
 70,
 'S_WaitingForFinalAck',
 'S_WaitingForFinalAck',
 'T.ID IN $Context{TRGT_OBJ_ID}',
 '<ftmaction://A_RemapAndResendTxn><ftmaction://A_NotifyCmdProcessed>',
 '$ContextEQ{TYPE,''Resend''}',
 'SELECT ID, TRANSMISSION_ID, SUBTYPE, OBJ_CLASS, R.OBJ1_ID AS MAST'
||'ER_ID FROM $DBSchema.TRANSACTION_V T, $DBSchema.OBJ_OBJ_REL R WHE'
||'RE R.OBJ2_ID = ID AND R.TYPE = ''CAUSE'' AND OBJ_CLASS IN (''OUT_'
||'TXN_WAIT'', ''OUT_TXN_NOWAIT'', $ValueTxtList{TXN_CLASS_ALIAS,OUT'
||'_TXN_WAIT} ,  $ValueTxtList{TXN_CLASS_ALIAS,OUT_TXN_NOWAIT}) AND '
||'STATUS=?',
 'Y');
 
 


INSERT INTO "FSM" 
("ID", 
 "APP_VERSION_ID",
 "OBJ_TYPE", 
 "OBJ_SELECT_TEMPLAT", 
 "FSM_NAME",
 "ENABLED",
 "DELETE_FLAG",
 "MODIFIER",
 "LAST_MODIFIED"
 )
VALUES 
(15,
 (SELECT V.ID 
  FROM "APP_VERSION" V, 
       "APPLICATION" A
  WHERE V.APPLICATION_ID = A.ID
  AND V.VERSION = '3.2.4'
  AND A.NAME = 'FHNReference'
 ), 
 'TRANSACTION', 
 'SELECT ID, BATCH_ID, TRANSMISSION_ID, SUBTYPE, OBJ_CLASS FROM $DB'
||'Schema.TRANSACTION_V AS T WHERE OBJ_CLASS IN (''OUT_TXN_WAIT'', '
||'''OUT_TXN_NOWAIT'', $ValueTxtList{TXN_CLASS_ALIAS,OUT_TXN_WAIT} , '
||' $ValueTxtList{TXN_CLASS_ALIAS,OUT_TXN_NOWAIT}) AND STATUS=?', 
 'Outbound Transactions (Devolved)',
 'Y',
 'N',
 'SCRIPT:FHNReference_fsm_20210205.sql',
  FTM_TIMESTAMP()
);


INSERT INTO "FSM_STATE_REL" 
("ID", 
 "APP_VERSION_ID", 
 "FSM_ID", 
 "OBJ_STATE", 
 "OPS_ALERT_FLAG", 
 "CUST_ALERT_FLAG", 
 "IMG_FILE") 
VALUES 
(63, 
 (SELECT V.ID 
  FROM "APP_VERSION" V, 
       "APPLICATION" A
  WHERE V.APPLICATION_ID = A.ID
  AND V.VERSION = '3.2.4'
  AND A.NAME = 'FHNReference'
 ), 
 15, 
 'S_OutTxnComplete', 
 'N', 
 'N', 
 'Green.gif');


INSERT
INTO "FSM_RESOLVE_ACTION"
("ID",
 "APP_VERSION_ID",
 "STATE_ID",
 "RESOLUTION_ACTION",
 "DUAL_CONTROL_FLAG") 
VALUES
 (40,
  (SELECT V.ID 
  FROM "APP_VERSION" V, 
       "APPLICATION" A
  WHERE V.APPLICATION_ID = A.ID
  AND V.VERSION = '3.2.4'
  AND A.NAME = 'FHNReference'
 ), 
 63,
 'Resend',
 'N');

INSERT
INTO "FSM_RESOLVE_ACTION"
("ID",
 "APP_VERSION_ID",
 "STATE_ID",
 "RESOLUTION_ACTION",
 "DUAL_CONTROL_FLAG") 
VALUES
 (41,
  (SELECT V.ID 
  FROM "APP_VERSION" V, 
       "APPLICATION" A
  WHERE V.APPLICATION_ID = A.ID
  AND V.VERSION = '3.2.4'
  AND A.NAME = 'FHNReference'
 ), 
 63,
 'Retransmit',
 'N');


INSERT INTO "FSM_STATE_REL" 
("ID", 
 "APP_VERSION_ID", 
 "FSM_ID", 
 "OBJ_STATE", 
 "OPS_ALERT_FLAG", 
 "CUST_ALERT_FLAG", 
 "IMG_FILE") 
VALUES 
(64, 
 (SELECT V.ID 
  FROM "APP_VERSION" V, 
       "APPLICATION" A
  WHERE V.APPLICATION_ID = A.ID
  AND V.VERSION = '3.2.4'
  AND A.NAME = 'FHNReference'
 ), 
 15, 
 'S_OutTxnFailed', 
 'N', 
 'N', 
 'Red.gif');



INSERT INTO "FSM_STATE_REL" 
("ID", 
 "APP_VERSION_ID", 
 "FSM_ID", 
 "OBJ_STATE", 
 "OPS_ALERT_FLAG", 
 "CUST_ALERT_FLAG", 
 "IMG_FILE") 
VALUES 
(65, 
 (SELECT V.ID 
  FROM "APP_VERSION" V, 
       "APPLICATION" A
  WHERE V.APPLICATION_ID = A.ID
  AND V.VERSION = '3.2.4'
  AND A.NAME = 'FHNReference'
 ), 
 15, 
 'S_WaitingForAckTimeoutNoAlert', 
 'N', 
 'N', 
 'Blank.gif');


INSERT
INTO "FSM_RESOLVE_ACTION"
("ID",
 "APP_VERSION_ID",
 "STATE_ID",
 "RESOLUTION_ACTION",
 "DUAL_CONTROL_FLAG") 
VALUES
 (42,
  (SELECT V.ID 
  FROM "APP_VERSION" V, 
       "APPLICATION" A
  WHERE V.APPLICATION_ID = A.ID
  AND V.VERSION = '3.2.4'
  AND A.NAME = 'FHNReference'
 ), 
 65,
 'Cancel',
 'N');

INSERT
INTO "FSM_RESOLVE_ACTION"
("ID",
 "APP_VERSION_ID",
 "STATE_ID",
 "RESOLUTION_ACTION",
 "DUAL_CONTROL_FLAG") 
VALUES
 (43,
  (SELECT V.ID 
  FROM "APP_VERSION" V, 
       "APPLICATION" A
  WHERE V.APPLICATION_ID = A.ID
  AND V.VERSION = '3.2.4'
  AND A.NAME = 'FHNReference'
 ), 
 65,
 'Resend',
 'N');

INSERT
INTO "FSM_RESOLVE_ACTION"
("ID",
 "APP_VERSION_ID",
 "STATE_ID",
 "RESOLUTION_ACTION",
 "DUAL_CONTROL_FLAG") 
VALUES
 (44,
  (SELECT V.ID 
  FROM "APP_VERSION" V, 
       "APPLICATION" A
  WHERE V.APPLICATION_ID = A.ID
  AND V.VERSION = '3.2.4'
  AND A.NAME = 'FHNReference'
 ), 
 65,
 'Retransmit',
 'N');


INSERT INTO "FSM_STATE_REL" 
("ID", 
 "APP_VERSION_ID", 
 "FSM_ID", 
 "OBJ_STATE", 
 "OPS_ALERT_FLAG", 
 "CUST_ALERT_FLAG", 
 "IMG_FILE") 
VALUES 
(66, 
 (SELECT V.ID 
  FROM "APP_VERSION" V, 
       "APPLICATION" A
  WHERE V.APPLICATION_ID = A.ID
  AND V.VERSION = '3.2.4'
  AND A.NAME = 'FHNReference'
 ), 
 15, 
 'S_WaitingForFinalAck', 
 'N', 
 'N', 
 'Blank.gif');


INSERT
INTO "FSM_RESOLVE_ACTION"
("ID",
 "APP_VERSION_ID",
 "STATE_ID",
 "RESOLUTION_ACTION",
 "DUAL_CONTROL_FLAG") 
VALUES
 (45,
  (SELECT V.ID 
  FROM "APP_VERSION" V, 
       "APPLICATION" A
  WHERE V.APPLICATION_ID = A.ID
  AND V.VERSION = '3.2.4'
  AND A.NAME = 'FHNReference'
 ), 
 66,
 'Resend',
 'N');

INSERT
INTO "FSM_RESOLVE_ACTION"
("ID",
 "APP_VERSION_ID",
 "STATE_ID",
 "RESOLUTION_ACTION",
 "DUAL_CONTROL_FLAG") 
VALUES
 (46,
  (SELECT V.ID 
  FROM "APP_VERSION" V, 
       "APPLICATION" A
  WHERE V.APPLICATION_ID = A.ID
  AND V.VERSION = '3.2.4'
  AND A.NAME = 'FHNReference'
 ), 
 66,
 'Retransmit',
 'N');




INSERT 
INTO "FSM_TRANSITION" 
("ID",
 "APP_VERSION_ID", 
 "FSM_ID", 
 "EVENT_TYPE_ID", 
 "PRIORITY",
 "OBJ_CUR_STATE", 
 "OBJ_TAR_STATE", 
 "OBJ_FILTER", 
 "FSM_ACTION", 
 "EVENT_FILTER", 
 "OVERRIDE_SELECTION", 
 "PERSIST")
VALUES 
(136,
  (SELECT V.ID 
  FROM "APP_VERSION" V, 
       "APPLICATION" A
  WHERE V.APPLICATION_ID = A.ID
  AND V.VERSION = '3.2.4'
  AND A.NAME = 'FHNReference'
 ), 
 15,
 1,
 72,
 'S_WaitingForAckTimeoutNoAlert',
 'S_OutTxnComplete',
 'T.ID IN $Context{OUT_TXN_ID}',
 '<ftmaction://A_RaiseOutTxnCompleteEvents><ftmaction://A_RaiseOutT'
||'xnTimeoutCleared>',
 '$ContextNE{INTERIM_ACK, ''Y''}',
 NULL,
 'Y');
 
 

INSERT 
INTO "FSM_TRANSITION" 
("ID",
 "APP_VERSION_ID", 
 "FSM_ID", 
 "EVENT_TYPE_ID", 
 "PRIORITY",
 "OBJ_CUR_STATE", 
 "OBJ_TAR_STATE", 
 "OBJ_FILTER", 
 "FSM_ACTION", 
 "EVENT_FILTER", 
 "OVERRIDE_SELECTION", 
 "PERSIST")
VALUES 
(137,
  (SELECT V.ID 
  FROM "APP_VERSION" V, 
       "APPLICATION" A
  WHERE V.APPLICATION_ID = A.ID
  AND V.VERSION = '3.2.4'
  AND A.NAME = 'FHNReference'
 ), 
 15,
 58,
 72,
 'S_WaitingForAckTimeoutNoAlert',
 'S_OutTxnComplete',
 'T.ID IN $Context{TRANSACTION}',
 '<ftmaction://A_RaiseOutTxnCompleteEvents><ftmaction://A_RaiseOutT'
||'xnTimeoutCleared>',
 '$ContextNE{INTERIM_ACK, ''Y''}',
 NULL,
 'Y');
 
 

INSERT 
INTO "FSM_TRANSITION" 
("ID",
 "APP_VERSION_ID", 
 "FSM_ID", 
 "EVENT_TYPE_ID", 
 "PRIORITY",
 "OBJ_CUR_STATE", 
 "OBJ_TAR_STATE", 
 "OBJ_FILTER", 
 "FSM_ACTION", 
 "EVENT_FILTER", 
 "OVERRIDE_SELECTION", 
 "PERSIST")
VALUES 
(138,
  (SELECT V.ID 
  FROM "APP_VERSION" V, 
       "APPLICATION" A
  WHERE V.APPLICATION_ID = A.ID
  AND V.VERSION = '3.2.4'
  AND A.NAME = 'FHNReference'
 ), 
 15,
 40,
 50,
 'S_WaitingForAckTimeoutNoAlert',
 'S_OutTxnFailed',
 'T.ID IN $Context{TRGT_OBJ_ID}',
 '<ftmaction://A_ProcessOutTxnFail><ftmaction://A_NotifyCmdProcesse'
||'d><ftmaction://A_RaiseOutTxnTimeoutCleared>',
 '$ContextEQ{TYPE,''Cancel''}',
 NULL,
 'Y');
 
 

INSERT 
INTO "FSM_TRANSITION" 
("ID",
 "APP_VERSION_ID", 
 "FSM_ID", 
 "EVENT_TYPE_ID", 
 "PRIORITY",
 "OBJ_CUR_STATE", 
 "OBJ_TAR_STATE", 
 "OBJ_FILTER", 
 "FSM_ACTION", 
 "EVENT_FILTER", 
 "OVERRIDE_SELECTION", 
 "PERSIST")
VALUES 
(139,
  (SELECT V.ID 
  FROM "APP_VERSION" V, 
       "APPLICATION" A
  WHERE V.APPLICATION_ID = A.ID
  AND V.VERSION = '3.2.4'
  AND A.NAME = 'FHNReference'
 ), 
 15,
 79,
 50,
 'S_WaitingForAckTimeoutNoAlert',
 'S_WaitingForAckTimeoutNoAlert',
 'T.ID IN $Context{TRANSACTION}',
 '<ftmaction://A_PutPTToQueue>',
 NULL,
 NULL,
 'Y');
 
 

INSERT 
INTO "FSM_TRANSITION" 
("ID",
 "APP_VERSION_ID", 
 "FSM_ID", 
 "EVENT_TYPE_ID", 
 "PRIORITY",
 "OBJ_CUR_STATE", 
 "OBJ_TAR_STATE", 
 "OBJ_FILTER", 
 "FSM_ACTION", 
 "EVENT_FILTER", 
 "OVERRIDE_SELECTION", 
 "PERSIST")
VALUES 
(140,
  (SELECT V.ID 
  FROM "APP_VERSION" V, 
       "APPLICATION" A
  WHERE V.APPLICATION_ID = A.ID
  AND V.VERSION = '3.2.4'
  AND A.NAME = 'FHNReference'
 ), 
 15,
 78,
 50,
 'S_WaitingForAckTimeoutNoAlert',
 'S_WaitingForAckTimeoutNoAlert',
 'T.ID IN $Context{TRANSACTION}',
 '<ftmaction://A_RemapAndResendTxn>',
 NULL,
 'SELECT ID, TRANSMISSION_ID, SUBTYPE, OBJ_CLASS, R.OBJ1_ID AS MAST'
||'ER_ID FROM $DBSchema.TRANSACTION_V T, $DBSchema.OBJ_OBJ_REL R WHE'
||'RE R.OBJ2_ID = ID AND R.TYPE = ''CAUSE'' AND OBJ_CLASS IN (''OUT_'
||'TXN_WAIT'', ''OUT_TXN_NOWAIT'', $ValueTxtList{TXN_CLASS_ALIAS,OUT'
||'_TXN_WAIT} ,  $ValueTxtList{TXN_CLASS_ALIAS,OUT_TXN_NOWAIT}) AND '
||'STATUS=?',
 'Y');
 
 

INSERT 
INTO "FSM_TRANSITION" 
("ID",
 "APP_VERSION_ID", 
 "FSM_ID", 
 "EVENT_TYPE_ID", 
 "PRIORITY",
 "OBJ_CUR_STATE", 
 "OBJ_TAR_STATE", 
 "OBJ_FILTER", 
 "FSM_ACTION", 
 "EVENT_FILTER", 
 "OVERRIDE_SELECTION", 
 "PERSIST")
VALUES 
(141,
  (SELECT V.ID 
  FROM "APP_VERSION" V, 
       "APPLICATION" A
  WHERE V.APPLICATION_ID = A.ID
  AND V.VERSION = '3.2.4'
  AND A.NAME = 'FHNReference'
 ), 
 15,
 40,
 50,
 'S_WaitingForAckTimeoutNoAlert',
 'S_WaitingForAckTimeoutNoAlert',
 'T.ID IN $Context{TRGT_OBJ_ID}',
 '<ftmaction://A_PutPTToQueue><ftmaction://A_NotifyCmdProcessed>',
 '$ContextEQ{TYPE,''Retransmit''}',
 NULL,
 'Y');
 
 

INSERT 
INTO "FSM_TRANSITION" 
("ID",
 "APP_VERSION_ID", 
 "FSM_ID", 
 "EVENT_TYPE_ID", 
 "PRIORITY",
 "OBJ_CUR_STATE", 
 "OBJ_TAR_STATE", 
 "OBJ_FILTER", 
 "FSM_ACTION", 
 "EVENT_FILTER", 
 "OVERRIDE_SELECTION", 
 "PERSIST")
VALUES 
(142,
  (SELECT V.ID 
  FROM "APP_VERSION" V, 
       "APPLICATION" A
  WHERE V.APPLICATION_ID = A.ID
  AND V.VERSION = '3.2.4'
  AND A.NAME = 'FHNReference'
 ), 
 15,
 40,
 50,
 'S_WaitingForAckTimeoutNoAlert',
 'S_WaitingForAckTimeoutNoAlert',
 'T.ID IN $Context{TRGT_OBJ_ID}',
 '<ftmaction://A_RemapAndResendTxn><ftmaction://A_NotifyCmdProcessed>',
 '$ContextEQ{TYPE,''Resend''}',
 'SELECT ID, TRANSMISSION_ID, SUBTYPE, OBJ_CLASS, R.OBJ1_ID AS MAST'
||'ER_ID FROM $DBSchema.TRANSACTION_V T, $DBSchema.OBJ_OBJ_REL R WHE'
||'RE R.OBJ2_ID = ID AND R.TYPE = ''CAUSE'' AND OBJ_CLASS IN (''OUT_'
||'TXN_WAIT'', ''OUT_TXN_NOWAIT'', $ValueTxtList{TXN_CLASS_ALIAS,OUT'
||'_TXN_WAIT} ,  $ValueTxtList{TXN_CLASS_ALIAS,OUT_TXN_NOWAIT}) AND '
||'STATUS=?',
 'Y');
 
 

INSERT 
INTO "FSM_TRANSITION" 
("ID",
 "APP_VERSION_ID", 
 "FSM_ID", 
 "EVENT_TYPE_ID", 
 "PRIORITY",
 "OBJ_CUR_STATE", 
 "OBJ_TAR_STATE", 
 "OBJ_FILTER", 
 "FSM_ACTION", 
 "EVENT_FILTER", 
 "OVERRIDE_SELECTION", 
 "PERSIST")
VALUES 
(143,
  (SELECT V.ID 
  FROM "APP_VERSION" V, 
       "APPLICATION" A
  WHERE V.APPLICATION_ID = A.ID
  AND V.VERSION = '3.2.4'
  AND A.NAME = 'FHNReference'
 ), 
 15,
 1,
 73,
 'S_WaitingForAckTimeoutNoAlert',
 'S_WaitingForFinalAck',
 'T.ID IN $Context{OUT_TXN_ID}',
 '<ftmaction://A_RaiseOutTxnTimeoutCleared>',
 '$ContextEQ{INTERIM_ACK, ''Y''}',
 'SELECT ID FROM $DBSchema.OBJ_BASE AS T WHERE OBJ_CLASS IN (''OUT_'
||'TXN_WAIT'', $ValueTxtList{TXN_CLASS_ALIAS,OUT_TXN_WAIT}) AND STAT'
||'US=?',
 'Y');
 
 

INSERT 
INTO "FSM_TRANSITION" 
("ID",
 "APP_VERSION_ID", 
 "FSM_ID", 
 "EVENT_TYPE_ID", 
 "PRIORITY",
 "OBJ_CUR_STATE", 
 "OBJ_TAR_STATE", 
 "OBJ_FILTER", 
 "FSM_ACTION", 
 "EVENT_FILTER", 
 "OVERRIDE_SELECTION", 
 "PERSIST")
VALUES 
(144,
  (SELECT V.ID 
  FROM "APP_VERSION" V, 
       "APPLICATION" A
  WHERE V.APPLICATION_ID = A.ID
  AND V.VERSION = '3.2.4'
  AND A.NAME = 'FHNReference'
 ), 
 15,
 58,
 73,
 'S_WaitingForAckTimeoutNoAlert',
 'S_WaitingForFinalAck',
 'T.ID IN $Context{TRANSACTION}',
 '<ftmaction://A_RaiseOutTxnTimeoutCleared>',
 '$ContextEQ{INTERIM_ACK, ''Y''}',
 'SELECT ID FROM $DBSchema.OBJ_BASE AS T WHERE OBJ_CLASS IN (''OUT_'
||'TXN_WAIT'', $ValueTxtList{TXN_CLASS_ALIAS,OUT_TXN_WAIT} ) AND STA'
||'TUS=?',
 'Y');
 
 


INSERT INTO "FSM" 
("ID", 
 "APP_VERSION_ID",
 "OBJ_TYPE", 
 "OBJ_SELECT_TEMPLAT", 
 "FSM_NAME",
 "ENABLED",
 "DELETE_FLAG",
 "MODIFIER",
 "LAST_MODIFIED"
 )
VALUES 
(16,
 (SELECT V.ID 
  FROM "APP_VERSION" V, 
       "APPLICATION" A
  WHERE V.APPLICATION_ID = A.ID
  AND V.VERSION = '3.2.4'
  AND A.NAME = 'FHNReference'
 ), 
 'TRANSACTION', 
 'SELECT ID, BATCH_ID, TRANSMISSION_ID, SUBTYPE, OBJ_CLASS FROM $DB'
||'Schema.TRANSACTION_V AS T WHERE OBJ_CLASS IN (''OUT_TXN_WAIT'', '
||'''OUT_TXN_NOWAIT'', $ValueTxtList{TXN_CLASS_ALIAS,OUT_TXN_WAIT} , '
||' $ValueTxtList{TXN_CLASS_ALIAS,OUT_TXN_NOWAIT}) AND STATUS=?', 
 'Outbound Transactions (Expired)',
 'Y',
 'N',
 'SCRIPT:FHNReference_fsm_20210205.sql',
  FTM_TIMESTAMP()
);


INSERT INTO "FSM_STATE_REL" 
("ID", 
 "APP_VERSION_ID", 
 "FSM_ID", 
 "OBJ_STATE", 
 "OPS_ALERT_FLAG", 
 "CUST_ALERT_FLAG", 
 "IMG_FILE") 
VALUES 
(67, 
 (SELECT V.ID 
  FROM "APP_VERSION" V, 
       "APPLICATION" A
  WHERE V.APPLICATION_ID = A.ID
  AND V.VERSION = '3.2.4'
  AND A.NAME = 'FHNReference'
 ), 
 16, 
 'S_OutTxnComplete', 
 'N', 
 'N', 
 'Green.gif');


INSERT
INTO "FSM_RESOLVE_ACTION"
("ID",
 "APP_VERSION_ID",
 "STATE_ID",
 "RESOLUTION_ACTION",
 "DUAL_CONTROL_FLAG") 
VALUES
 (47,
  (SELECT V.ID 
  FROM "APP_VERSION" V, 
       "APPLICATION" A
  WHERE V.APPLICATION_ID = A.ID
  AND V.VERSION = '3.2.4'
  AND A.NAME = 'FHNReference'
 ), 
 67,
 'Resend',
 'N');

INSERT
INTO "FSM_RESOLVE_ACTION"
("ID",
 "APP_VERSION_ID",
 "STATE_ID",
 "RESOLUTION_ACTION",
 "DUAL_CONTROL_FLAG") 
VALUES
 (48,
  (SELECT V.ID 
  FROM "APP_VERSION" V, 
       "APPLICATION" A
  WHERE V.APPLICATION_ID = A.ID
  AND V.VERSION = '3.2.4'
  AND A.NAME = 'FHNReference'
 ), 
 67,
 'Retransmit',
 'N');


INSERT INTO "FSM_STATE_REL" 
("ID", 
 "APP_VERSION_ID", 
 "FSM_ID", 
 "OBJ_STATE", 
 "OPS_ALERT_FLAG", 
 "CUST_ALERT_FLAG", 
 "IMG_FILE") 
VALUES 
(68, 
 (SELECT V.ID 
  FROM "APP_VERSION" V, 
       "APPLICATION" A
  WHERE V.APPLICATION_ID = A.ID
  AND V.VERSION = '3.2.4'
  AND A.NAME = 'FHNReference'
 ), 
 16, 
 'S_OutTxnFailed', 
 'N', 
 'N', 
 'Red.gif');



INSERT INTO "FSM_STATE_REL" 
("ID", 
 "APP_VERSION_ID", 
 "FSM_ID", 
 "OBJ_STATE", 
 "OPS_ALERT_FLAG", 
 "CUST_ALERT_FLAG", 
 "IMG_FILE") 
VALUES 
(69, 
 (SELECT V.ID 
  FROM "APP_VERSION" V, 
       "APPLICATION" A
  WHERE V.APPLICATION_ID = A.ID
  AND V.VERSION = '3.2.4'
  AND A.NAME = 'FHNReference'
 ), 
 16, 
 'S_WaitingForAck', 
 'N', 
 'N', 
 'Blank.gif');


INSERT
INTO "FSM_RESOLVE_ACTION"
("ID",
 "APP_VERSION_ID",
 "STATE_ID",
 "RESOLUTION_ACTION",
 "DUAL_CONTROL_FLAG") 
VALUES
 (49,
  (SELECT V.ID 
  FROM "APP_VERSION" V, 
       "APPLICATION" A
  WHERE V.APPLICATION_ID = A.ID
  AND V.VERSION = '3.2.4'
  AND A.NAME = 'FHNReference'
 ), 
 69,
 'Resend',
 'N');

INSERT
INTO "FSM_RESOLVE_ACTION"
("ID",
 "APP_VERSION_ID",
 "STATE_ID",
 "RESOLUTION_ACTION",
 "DUAL_CONTROL_FLAG") 
VALUES
 (50,
  (SELECT V.ID 
  FROM "APP_VERSION" V, 
       "APPLICATION" A
  WHERE V.APPLICATION_ID = A.ID
  AND V.VERSION = '3.2.4'
  AND A.NAME = 'FHNReference'
 ), 
 69,
 'Retransmit',
 'N');


INSERT INTO "FSM_STATE_REL" 
("ID", 
 "APP_VERSION_ID", 
 "FSM_ID", 
 "OBJ_STATE", 
 "OPS_ALERT_FLAG", 
 "CUST_ALERT_FLAG", 
 "IMG_FILE") 
VALUES 
(70, 
 (SELECT V.ID 
  FROM "APP_VERSION" V, 
       "APPLICATION" A
  WHERE V.APPLICATION_ID = A.ID
  AND V.VERSION = '3.2.4'
  AND A.NAME = 'FHNReference'
 ), 
 16, 
 'S_WaitingForAckTimeout', 
 'Y', 
 'N', 
 'Alert.gif');


INSERT
INTO "FSM_RESOLVE_ACTION"
("ID",
 "APP_VERSION_ID",
 "STATE_ID",
 "RESOLUTION_ACTION",
 "DUAL_CONTROL_FLAG") 
VALUES
 (51,
  (SELECT V.ID 
  FROM "APP_VERSION" V, 
       "APPLICATION" A
  WHERE V.APPLICATION_ID = A.ID
  AND V.VERSION = '3.2.4'
  AND A.NAME = 'FHNReference'
 ), 
 70,
 'Cancel',
 'N');

INSERT
INTO "FSM_RESOLVE_ACTION"
("ID",
 "APP_VERSION_ID",
 "STATE_ID",
 "RESOLUTION_ACTION",
 "DUAL_CONTROL_FLAG") 
VALUES
 (52,
  (SELECT V.ID 
  FROM "APP_VERSION" V, 
       "APPLICATION" A
  WHERE V.APPLICATION_ID = A.ID
  AND V.VERSION = '3.2.4'
  AND A.NAME = 'FHNReference'
 ), 
 70,
 'Resend',
 'N');

INSERT
INTO "FSM_RESOLVE_ACTION"
("ID",
 "APP_VERSION_ID",
 "STATE_ID",
 "RESOLUTION_ACTION",
 "DUAL_CONTROL_FLAG") 
VALUES
 (53,
  (SELECT V.ID 
  FROM "APP_VERSION" V, 
       "APPLICATION" A
  WHERE V.APPLICATION_ID = A.ID
  AND V.VERSION = '3.2.4'
  AND A.NAME = 'FHNReference'
 ), 
 70,
 'Retransmit',
 'N');


INSERT INTO "FSM_STATE_REL" 
("ID", 
 "APP_VERSION_ID", 
 "FSM_ID", 
 "OBJ_STATE", 
 "OPS_ALERT_FLAG", 
 "CUST_ALERT_FLAG", 
 "IMG_FILE") 
VALUES 
(71, 
 (SELECT V.ID 
  FROM "APP_VERSION" V, 
       "APPLICATION" A
  WHERE V.APPLICATION_ID = A.ID
  AND V.VERSION = '3.2.4'
  AND A.NAME = 'FHNReference'
 ), 
 16, 
 'S_WaitingForAckTimeoutNoAlert', 
 'N', 
 'N', 
 'Blank.gif');


INSERT
INTO "FSM_RESOLVE_ACTION"
("ID",
 "APP_VERSION_ID",
 "STATE_ID",
 "RESOLUTION_ACTION",
 "DUAL_CONTROL_FLAG") 
VALUES
 (54,
  (SELECT V.ID 
  FROM "APP_VERSION" V, 
       "APPLICATION" A
  WHERE V.APPLICATION_ID = A.ID
  AND V.VERSION = '3.2.4'
  AND A.NAME = 'FHNReference'
 ), 
 71,
 'Cancel',
 'N');

INSERT
INTO "FSM_RESOLVE_ACTION"
("ID",
 "APP_VERSION_ID",
 "STATE_ID",
 "RESOLUTION_ACTION",
 "DUAL_CONTROL_FLAG") 
VALUES
 (55,
  (SELECT V.ID 
  FROM "APP_VERSION" V, 
       "APPLICATION" A
  WHERE V.APPLICATION_ID = A.ID
  AND V.VERSION = '3.2.4'
  AND A.NAME = 'FHNReference'
 ), 
 71,
 'Resend',
 'N');

INSERT
INTO "FSM_RESOLVE_ACTION"
("ID",
 "APP_VERSION_ID",
 "STATE_ID",
 "RESOLUTION_ACTION",
 "DUAL_CONTROL_FLAG") 
VALUES
 (56,
  (SELECT V.ID 
  FROM "APP_VERSION" V, 
       "APPLICATION" A
  WHERE V.APPLICATION_ID = A.ID
  AND V.VERSION = '3.2.4'
  AND A.NAME = 'FHNReference'
 ), 
 71,
 'Retransmit',
 'N');




INSERT 
INTO "FSM_TRANSITION" 
("ID",
 "APP_VERSION_ID", 
 "FSM_ID", 
 "EVENT_TYPE_ID", 
 "PRIORITY",
 "OBJ_CUR_STATE", 
 "OBJ_TAR_STATE", 
 "OBJ_FILTER", 
 "FSM_ACTION", 
 "EVENT_FILTER", 
 "OVERRIDE_SELECTION", 
 "PERSIST")
VALUES 
(145,
  (SELECT V.ID 
  FROM "APP_VERSION" V, 
       "APPLICATION" A
  WHERE V.APPLICATION_ID = A.ID
  AND V.VERSION = '3.2.4'
  AND A.NAME = 'FHNReference'
 ), 
 16,
 50,
 50,
 'S_OutTxnComplete',
 'S_OutTxnFailed',
 'T.ID IN $Context{TRANSACTION}',
 '',
 '$ContextNOTNULL{TRANSACTION}',
 NULL,
 'Y');
 
 

INSERT 
INTO "FSM_TRANSITION" 
("ID",
 "APP_VERSION_ID", 
 "FSM_ID", 
 "EVENT_TYPE_ID", 
 "PRIORITY",
 "OBJ_CUR_STATE", 
 "OBJ_TAR_STATE", 
 "OBJ_FILTER", 
 "FSM_ACTION", 
 "EVENT_FILTER", 
 "OVERRIDE_SELECTION", 
 "PERSIST")
VALUES 
(146,
  (SELECT V.ID 
  FROM "APP_VERSION" V, 
       "APPLICATION" A
  WHERE V.APPLICATION_ID = A.ID
  AND V.VERSION = '3.2.4'
  AND A.NAME = 'FHNReference'
 ), 
 16,
 50,
 50,
 'S_WaitingForAck',
 'S_OutTxnFailed',
 'T.ID IN $Context{TRANSACTION}',
 '',
 '$ContextNOTNULL{TRANSACTION}',
 NULL,
 'Y');
 
 

INSERT 
INTO "FSM_TRANSITION" 
("ID",
 "APP_VERSION_ID", 
 "FSM_ID", 
 "EVENT_TYPE_ID", 
 "PRIORITY",
 "OBJ_CUR_STATE", 
 "OBJ_TAR_STATE", 
 "OBJ_FILTER", 
 "FSM_ACTION", 
 "EVENT_FILTER", 
 "OVERRIDE_SELECTION", 
 "PERSIST")
VALUES 
(147,
  (SELECT V.ID 
  FROM "APP_VERSION" V, 
       "APPLICATION" A
  WHERE V.APPLICATION_ID = A.ID
  AND V.VERSION = '3.2.4'
  AND A.NAME = 'FHNReference'
 ), 
 16,
 50,
 50,
 'S_WaitingForAckTimeout',
 'S_OutTxnFailed',
 'T.ID IN $Context{TRANSACTION}',
 '',
 '$ContextNOTNULL{TRANSACTION}',
 NULL,
 'Y');
 
 

INSERT 
INTO "FSM_TRANSITION" 
("ID",
 "APP_VERSION_ID", 
 "FSM_ID", 
 "EVENT_TYPE_ID", 
 "PRIORITY",
 "OBJ_CUR_STATE", 
 "OBJ_TAR_STATE", 
 "OBJ_FILTER", 
 "FSM_ACTION", 
 "EVENT_FILTER", 
 "OVERRIDE_SELECTION", 
 "PERSIST")
VALUES 
(148,
  (SELECT V.ID 
  FROM "APP_VERSION" V, 
       "APPLICATION" A
  WHERE V.APPLICATION_ID = A.ID
  AND V.VERSION = '3.2.4'
  AND A.NAME = 'FHNReference'
 ), 
 16,
 50,
 50,
 'S_WaitingForAckTimeoutNoAlert',
 'S_OutTxnFailed',
 'T.ID IN $Context{TRANSACTION}',
 '',
 '$ContextNOTNULL{TRANSACTION}',
 NULL,
 'Y');
 
 


INSERT INTO "FSM" 
("ID", 
 "APP_VERSION_ID",
 "OBJ_TYPE", 
 "OBJ_SELECT_TEMPLAT", 
 "FSM_NAME",
 "ENABLED",
 "DELETE_FLAG",
 "MODIFIER",
 "LAST_MODIFIED"
 )
VALUES 
(17,
 (SELECT V.ID 
  FROM "APP_VERSION" V, 
       "APPLICATION" A
  WHERE V.APPLICATION_ID = A.ID
  AND V.VERSION = '3.2.4'
  AND A.NAME = 'FHNReference'
 ), 
 'TRANSACTION', 
 'SELECT ID, BATCH_ID, TRANSMISSION_ID, SUBTYPE, OBJ_CLASS FROM $DB'
||'Schema.TRANSACTION_V AS T WHERE OBJ_CLASS IN (''OUT_TXN_WAIT'', '
||'''OUT_TXN_NOWAIT'', $ValueTxtList{TXN_CLASS_ALIAS,OUT_TXN_WAIT} , '
||' $ValueTxtList{TXN_CLASS_ALIAS,OUT_TXN_NOWAIT}) AND STATUS=?', 
 'Outbound Transactions (Timeout)',
 'Y',
 'N',
 'SCRIPT:FHNReference_fsm_20210205.sql',
  FTM_TIMESTAMP()
);


INSERT INTO "FSM_STATE_REL" 
("ID", 
 "APP_VERSION_ID", 
 "FSM_ID", 
 "OBJ_STATE", 
 "OPS_ALERT_FLAG", 
 "CUST_ALERT_FLAG", 
 "IMG_FILE") 
VALUES 
(72, 
 (SELECT V.ID 
  FROM "APP_VERSION" V, 
       "APPLICATION" A
  WHERE V.APPLICATION_ID = A.ID
  AND V.VERSION = '3.2.4'
  AND A.NAME = 'FHNReference'
 ), 
 17, 
 'S_OutTxnComplete', 
 'N', 
 'N', 
 'Green.gif');


INSERT
INTO "FSM_RESOLVE_ACTION"
("ID",
 "APP_VERSION_ID",
 "STATE_ID",
 "RESOLUTION_ACTION",
 "DUAL_CONTROL_FLAG") 
VALUES
 (57,
  (SELECT V.ID 
  FROM "APP_VERSION" V, 
       "APPLICATION" A
  WHERE V.APPLICATION_ID = A.ID
  AND V.VERSION = '3.2.4'
  AND A.NAME = 'FHNReference'
 ), 
 72,
 'Resend',
 'N');

INSERT
INTO "FSM_RESOLVE_ACTION"
("ID",
 "APP_VERSION_ID",
 "STATE_ID",
 "RESOLUTION_ACTION",
 "DUAL_CONTROL_FLAG") 
VALUES
 (58,
  (SELECT V.ID 
  FROM "APP_VERSION" V, 
       "APPLICATION" A
  WHERE V.APPLICATION_ID = A.ID
  AND V.VERSION = '3.2.4'
  AND A.NAME = 'FHNReference'
 ), 
 72,
 'Retransmit',
 'N');


INSERT INTO "FSM_STATE_REL" 
("ID", 
 "APP_VERSION_ID", 
 "FSM_ID", 
 "OBJ_STATE", 
 "OPS_ALERT_FLAG", 
 "CUST_ALERT_FLAG", 
 "IMG_FILE") 
VALUES 
(73, 
 (SELECT V.ID 
  FROM "APP_VERSION" V, 
       "APPLICATION" A
  WHERE V.APPLICATION_ID = A.ID
  AND V.VERSION = '3.2.4'
  AND A.NAME = 'FHNReference'
 ), 
 17, 
 'S_OutTxnFailed', 
 'N', 
 'N', 
 'Red.gif');



INSERT INTO "FSM_STATE_REL" 
("ID", 
 "APP_VERSION_ID", 
 "FSM_ID", 
 "OBJ_STATE", 
 "OPS_ALERT_FLAG", 
 "CUST_ALERT_FLAG", 
 "IMG_FILE") 
VALUES 
(74, 
 (SELECT V.ID 
  FROM "APP_VERSION" V, 
       "APPLICATION" A
  WHERE V.APPLICATION_ID = A.ID
  AND V.VERSION = '3.2.4'
  AND A.NAME = 'FHNReference'
 ), 
 17, 
 'S_WaitingForAckTimeout', 
 'Y', 
 'N', 
 'Alert.gif');


INSERT
INTO "FSM_RESOLVE_ACTION"
("ID",
 "APP_VERSION_ID",
 "STATE_ID",
 "RESOLUTION_ACTION",
 "DUAL_CONTROL_FLAG") 
VALUES
 (59,
  (SELECT V.ID 
  FROM "APP_VERSION" V, 
       "APPLICATION" A
  WHERE V.APPLICATION_ID = A.ID
  AND V.VERSION = '3.2.4'
  AND A.NAME = 'FHNReference'
 ), 
 74,
 'Cancel',
 'N');

INSERT
INTO "FSM_RESOLVE_ACTION"
("ID",
 "APP_VERSION_ID",
 "STATE_ID",
 "RESOLUTION_ACTION",
 "DUAL_CONTROL_FLAG") 
VALUES
 (60,
  (SELECT V.ID 
  FROM "APP_VERSION" V, 
       "APPLICATION" A
  WHERE V.APPLICATION_ID = A.ID
  AND V.VERSION = '3.2.4'
  AND A.NAME = 'FHNReference'
 ), 
 74,
 'Resend',
 'N');

INSERT
INTO "FSM_RESOLVE_ACTION"
("ID",
 "APP_VERSION_ID",
 "STATE_ID",
 "RESOLUTION_ACTION",
 "DUAL_CONTROL_FLAG") 
VALUES
 (61,
  (SELECT V.ID 
  FROM "APP_VERSION" V, 
       "APPLICATION" A
  WHERE V.APPLICATION_ID = A.ID
  AND V.VERSION = '3.2.4'
  AND A.NAME = 'FHNReference'
 ), 
 74,
 'Retransmit',
 'N');


INSERT INTO "FSM_STATE_REL" 
("ID", 
 "APP_VERSION_ID", 
 "FSM_ID", 
 "OBJ_STATE", 
 "OPS_ALERT_FLAG", 
 "CUST_ALERT_FLAG", 
 "IMG_FILE") 
VALUES 
(75, 
 (SELECT V.ID 
  FROM "APP_VERSION" V, 
       "APPLICATION" A
  WHERE V.APPLICATION_ID = A.ID
  AND V.VERSION = '3.2.4'
  AND A.NAME = 'FHNReference'
 ), 
 17, 
 'S_WaitingForAckTimeoutNoAlert', 
 'N', 
 'N', 
 'Blank.gif');


INSERT
INTO "FSM_RESOLVE_ACTION"
("ID",
 "APP_VERSION_ID",
 "STATE_ID",
 "RESOLUTION_ACTION",
 "DUAL_CONTROL_FLAG") 
VALUES
 (62,
  (SELECT V.ID 
  FROM "APP_VERSION" V, 
       "APPLICATION" A
  WHERE V.APPLICATION_ID = A.ID
  AND V.VERSION = '3.2.4'
  AND A.NAME = 'FHNReference'
 ), 
 75,
 'Cancel',
 'N');

INSERT
INTO "FSM_RESOLVE_ACTION"
("ID",
 "APP_VERSION_ID",
 "STATE_ID",
 "RESOLUTION_ACTION",
 "DUAL_CONTROL_FLAG") 
VALUES
 (63,
  (SELECT V.ID 
  FROM "APP_VERSION" V, 
       "APPLICATION" A
  WHERE V.APPLICATION_ID = A.ID
  AND V.VERSION = '3.2.4'
  AND A.NAME = 'FHNReference'
 ), 
 75,
 'Resend',
 'N');

INSERT
INTO "FSM_RESOLVE_ACTION"
("ID",
 "APP_VERSION_ID",
 "STATE_ID",
 "RESOLUTION_ACTION",
 "DUAL_CONTROL_FLAG") 
VALUES
 (64,
  (SELECT V.ID 
  FROM "APP_VERSION" V, 
       "APPLICATION" A
  WHERE V.APPLICATION_ID = A.ID
  AND V.VERSION = '3.2.4'
  AND A.NAME = 'FHNReference'
 ), 
 75,
 'Retransmit',
 'N');


INSERT INTO "FSM_STATE_REL" 
("ID", 
 "APP_VERSION_ID", 
 "FSM_ID", 
 "OBJ_STATE", 
 "OPS_ALERT_FLAG", 
 "CUST_ALERT_FLAG", 
 "IMG_FILE") 
VALUES 
(76, 
 (SELECT V.ID 
  FROM "APP_VERSION" V, 
       "APPLICATION" A
  WHERE V.APPLICATION_ID = A.ID
  AND V.VERSION = '3.2.4'
  AND A.NAME = 'FHNReference'
 ), 
 17, 
 'S_WaitingForFinalAck', 
 'N', 
 'N', 
 'Blank.gif');


INSERT
INTO "FSM_RESOLVE_ACTION"
("ID",
 "APP_VERSION_ID",
 "STATE_ID",
 "RESOLUTION_ACTION",
 "DUAL_CONTROL_FLAG") 
VALUES
 (65,
  (SELECT V.ID 
  FROM "APP_VERSION" V, 
       "APPLICATION" A
  WHERE V.APPLICATION_ID = A.ID
  AND V.VERSION = '3.2.4'
  AND A.NAME = 'FHNReference'
 ), 
 76,
 'Resend',
 'N');

INSERT
INTO "FSM_RESOLVE_ACTION"
("ID",
 "APP_VERSION_ID",
 "STATE_ID",
 "RESOLUTION_ACTION",
 "DUAL_CONTROL_FLAG") 
VALUES
 (66,
  (SELECT V.ID 
  FROM "APP_VERSION" V, 
       "APPLICATION" A
  WHERE V.APPLICATION_ID = A.ID
  AND V.VERSION = '3.2.4'
  AND A.NAME = 'FHNReference'
 ), 
 76,
 'Retransmit',
 'N');




INSERT 
INTO "FSM_TRANSITION" 
("ID",
 "APP_VERSION_ID", 
 "FSM_ID", 
 "EVENT_TYPE_ID", 
 "PRIORITY",
 "OBJ_CUR_STATE", 
 "OBJ_TAR_STATE", 
 "OBJ_FILTER", 
 "FSM_ACTION", 
 "EVENT_FILTER", 
 "OVERRIDE_SELECTION", 
 "PERSIST")
VALUES 
(149,
  (SELECT V.ID 
  FROM "APP_VERSION" V, 
       "APPLICATION" A
  WHERE V.APPLICATION_ID = A.ID
  AND V.VERSION = '3.2.4'
  AND A.NAME = 'FHNReference'
 ), 
 17,
 1,
 72,
 'S_WaitingForAckTimeout',
 'S_OutTxnComplete',
 'T.ID IN $Context{OUT_TXN_ID}',
 '<ftmaction://A_RaiseOutTxnCompleteEvents><ftmaction://A_RaiseOutT'
||'xnTimeoutCleared>',
 '$ContextNE{INTERIM_ACK, ''Y''}',
 NULL,
 'Y');
 
 

INSERT 
INTO "FSM_TRANSITION" 
("ID",
 "APP_VERSION_ID", 
 "FSM_ID", 
 "EVENT_TYPE_ID", 
 "PRIORITY",
 "OBJ_CUR_STATE", 
 "OBJ_TAR_STATE", 
 "OBJ_FILTER", 
 "FSM_ACTION", 
 "EVENT_FILTER", 
 "OVERRIDE_SELECTION", 
 "PERSIST")
VALUES 
(150,
  (SELECT V.ID 
  FROM "APP_VERSION" V, 
       "APPLICATION" A
  WHERE V.APPLICATION_ID = A.ID
  AND V.VERSION = '3.2.4'
  AND A.NAME = 'FHNReference'
 ), 
 17,
 58,
 72,
 'S_WaitingForAckTimeout',
 'S_OutTxnComplete',
 'T.ID IN $Context{TRANSACTION}',
 '<ftmaction://A_RaiseOutTxnCompleteEvents><ftmaction://A_RaiseOutT'
||'xnTimeoutCleared>',
 '$ContextNE{INTERIM_ACK, ''Y''}',
 NULL,
 'Y');
 
 

INSERT 
INTO "FSM_TRANSITION" 
("ID",
 "APP_VERSION_ID", 
 "FSM_ID", 
 "EVENT_TYPE_ID", 
 "PRIORITY",
 "OBJ_CUR_STATE", 
 "OBJ_TAR_STATE", 
 "OBJ_FILTER", 
 "FSM_ACTION", 
 "EVENT_FILTER", 
 "OVERRIDE_SELECTION", 
 "PERSIST")
VALUES 
(151,
  (SELECT V.ID 
  FROM "APP_VERSION" V, 
       "APPLICATION" A
  WHERE V.APPLICATION_ID = A.ID
  AND V.VERSION = '3.2.4'
  AND A.NAME = 'FHNReference'
 ), 
 17,
 40,
 50,
 'S_WaitingForAckTimeout',
 'S_OutTxnFailed',
 'T.ID IN $Context{TRGT_OBJ_ID}',
 '<ftmaction://A_ProcessOutTxnFail><ftmaction://A_NotifyCmdProcessed>',
 '$ContextEQ{TYPE,''Cancel''}',
 NULL,
 'Y');
 
 

INSERT 
INTO "FSM_TRANSITION" 
("ID",
 "APP_VERSION_ID", 
 "FSM_ID", 
 "EVENT_TYPE_ID", 
 "PRIORITY",
 "OBJ_CUR_STATE", 
 "OBJ_TAR_STATE", 
 "OBJ_FILTER", 
 "FSM_ACTION", 
 "EVENT_FILTER", 
 "OVERRIDE_SELECTION", 
 "PERSIST")
VALUES 
(152,
  (SELECT V.ID 
  FROM "APP_VERSION" V, 
       "APPLICATION" A
  WHERE V.APPLICATION_ID = A.ID
  AND V.VERSION = '3.2.4'
  AND A.NAME = 'FHNReference'
 ), 
 17,
 40,
 50,
 'S_WaitingForAckTimeout',
 'S_WaitingForAckTimeout',
 'T.ID IN $Context{TRGT_OBJ_ID}',
 '<ftmaction://A_PutPTToQueue><ftmaction://A_NotifyCmdProcessed>',
 '$ContextEQ{TYPE,''Retransmit''}',
 NULL,
 'Y');
 
 

INSERT 
INTO "FSM_TRANSITION" 
("ID",
 "APP_VERSION_ID", 
 "FSM_ID", 
 "EVENT_TYPE_ID", 
 "PRIORITY",
 "OBJ_CUR_STATE", 
 "OBJ_TAR_STATE", 
 "OBJ_FILTER", 
 "FSM_ACTION", 
 "EVENT_FILTER", 
 "OVERRIDE_SELECTION", 
 "PERSIST")
VALUES 
(153,
  (SELECT V.ID 
  FROM "APP_VERSION" V, 
       "APPLICATION" A
  WHERE V.APPLICATION_ID = A.ID
  AND V.VERSION = '3.2.4'
  AND A.NAME = 'FHNReference'
 ), 
 17,
 40,
 50,
 'S_WaitingForAckTimeout',
 'S_WaitingForAckTimeout',
 'T.ID IN $Context{TRGT_OBJ_ID}',
 '<ftmaction://A_RemapAndResendTxn><ftmaction://A_NotifyCmdProcessed>',
 '$ContextEQ{TYPE,''Resend''}',
 'SELECT ID, TRANSMISSION_ID, SUBTYPE, OBJ_CLASS, R.OBJ1_ID AS MAST'
||'ER_ID FROM $DBSchema.TRANSACTION_V T, $DBSchema.OBJ_OBJ_REL R WHE'
||'RE R.OBJ2_ID = ID AND R.TYPE = ''CAUSE'' AND OBJ_CLASS IN (''OUT_'
||'TXN_WAIT'', ''OUT_TXN_NOWAIT'', $ValueTxtList{TXN_CLASS_ALIAS,OUT'
||'_TXN_WAIT} ,  $ValueTxtList{TXN_CLASS_ALIAS,OUT_TXN_NOWAIT}) AND '
||'STATUS=?',
 'Y');
 
 

INSERT 
INTO "FSM_TRANSITION" 
("ID",
 "APP_VERSION_ID", 
 "FSM_ID", 
 "EVENT_TYPE_ID", 
 "PRIORITY",
 "OBJ_CUR_STATE", 
 "OBJ_TAR_STATE", 
 "OBJ_FILTER", 
 "FSM_ACTION", 
 "EVENT_FILTER", 
 "OVERRIDE_SELECTION", 
 "PERSIST")
VALUES 
(154,
  (SELECT V.ID 
  FROM "APP_VERSION" V, 
       "APPLICATION" A
  WHERE V.APPLICATION_ID = A.ID
  AND V.VERSION = '3.2.4'
  AND A.NAME = 'FHNReference'
 ), 
 17,
 62,
 50,
 'S_WaitingForAckTimeout',
 'S_WaitingForAckTimeoutNoAlert',
 'T.ID IN $Context{TRANSACTION}',
 '',
 NULL,
 NULL,
 'Y');
 
 

INSERT 
INTO "FSM_TRANSITION" 
("ID",
 "APP_VERSION_ID", 
 "FSM_ID", 
 "EVENT_TYPE_ID", 
 "PRIORITY",
 "OBJ_CUR_STATE", 
 "OBJ_TAR_STATE", 
 "OBJ_FILTER", 
 "FSM_ACTION", 
 "EVENT_FILTER", 
 "OVERRIDE_SELECTION", 
 "PERSIST")
VALUES 
(155,
  (SELECT V.ID 
  FROM "APP_VERSION" V, 
       "APPLICATION" A
  WHERE V.APPLICATION_ID = A.ID
  AND V.VERSION = '3.2.4'
  AND A.NAME = 'FHNReference'
 ), 
 17,
 1,
 73,
 'S_WaitingForAckTimeout',
 'S_WaitingForFinalAck',
 'T.ID IN $Context{OUT_TXN_ID}',
 '',
 '$ContextEQ{INTERIM_ACK, ''Y''}',
 'SELECT ID FROM $DBSchema.OBJ_BASE AS T WHERE OBJ_CLASS IN (''OUT_'
||'TXN_WAIT'', $ValueTxtList{TXN_CLASS_ALIAS,OUT_TXN_WAIT}) AND STAT'
||'US=?',
 'Y');
 
 

INSERT 
INTO "FSM_TRANSITION" 
("ID",
 "APP_VERSION_ID", 
 "FSM_ID", 
 "EVENT_TYPE_ID", 
 "PRIORITY",
 "OBJ_CUR_STATE", 
 "OBJ_TAR_STATE", 
 "OBJ_FILTER", 
 "FSM_ACTION", 
 "EVENT_FILTER", 
 "OVERRIDE_SELECTION", 
 "PERSIST")
VALUES 
(156,
  (SELECT V.ID 
  FROM "APP_VERSION" V, 
       "APPLICATION" A
  WHERE V.APPLICATION_ID = A.ID
  AND V.VERSION = '3.2.4'
  AND A.NAME = 'FHNReference'
 ), 
 17,
 58,
 73,
 'S_WaitingForAckTimeout',
 'S_WaitingForFinalAck',
 'T.ID IN $Context{TRANSACTION}',
 '',
 '$ContextEQ{INTERIM_ACK, ''Y''}',
 'SELECT ID FROM $DBSchema.OBJ_BASE AS T WHERE OBJ_CLASS IN (''OUT_'
||'TXN_WAIT'', $ValueTxtList{TXN_CLASS_ALIAS,OUT_TXN_WAIT} ) AND STA'
||'TUS=?',
 'Y');
 
 


INSERT INTO "FSM" 
("ID", 
 "APP_VERSION_ID",
 "OBJ_TYPE", 
 "OBJ_SELECT_TEMPLAT", 
 "FSM_NAME",
 "ENABLED",
 "DELETE_FLAG",
 "MODIFIER",
 "LAST_MODIFIED"
 )
VALUES 
(18,
 (SELECT V.ID 
  FROM "APP_VERSION" V, 
       "APPLICATION" A
  WHERE V.APPLICATION_ID = A.ID
  AND V.VERSION = '3.2.4'
  AND A.NAME = 'FHNReference'
 ), 
 'SCHEDULER_TASK', 
 'SELECT ID, APP_ID, RESOURCE_REF2 INSTANCE_NAME
FROM $DBSchema.SC'
||'HEDULER_TASK_V M WHERE SUBTYPE=''OUTBOUND_TRANSMISSION_FILE_MONIT'
||'OR'' AND STATUS=? AND APP_VERSION_ID=$AppVerId', 
 'Outbound Transmission File Monitor',
 'Y',
 'N',
 'SCRIPT:FHNReference_fsm_20210205.sql',
  FTM_TIMESTAMP()
);


INSERT INTO "FSM_STATE_REL" 
("ID", 
 "APP_VERSION_ID", 
 "FSM_ID", 
 "OBJ_STATE", 
 "OPS_ALERT_FLAG", 
 "CUST_ALERT_FLAG", 
 "IMG_FILE") 
VALUES 
(77, 
 (SELECT V.ID 
  FROM "APP_VERSION" V, 
       "APPLICATION" A
  WHERE V.APPLICATION_ID = A.ID
  AND V.VERSION = '3.2.4'
  AND A.NAME = 'FHNReference'
 ), 
 18, 
 'S_Active', 
 'N', 
 'N', 
 'Green.gif');





INSERT 
INTO "FSM_TRANSITION" 
("ID",
 "APP_VERSION_ID", 
 "FSM_ID", 
 "EVENT_TYPE_ID", 
 "PRIORITY",
 "OBJ_CUR_STATE", 
 "OBJ_TAR_STATE", 
 "OBJ_FILTER", 
 "FSM_ACTION", 
 "EVENT_FILTER", 
 "OVERRIDE_SELECTION", 
 "PERSIST")
VALUES 
(157,
  (SELECT V.ID 
  FROM "APP_VERSION" V, 
       "APPLICATION" A
  WHERE V.APPLICATION_ID = A.ID
  AND V.VERSION = '3.2.4'
  AND A.NAME = 'FHNReference'
 ), 
 18,
 45,
 50,
 'S_Active',
 'S_Active',
 NULL,
 '<ftmaction://A_FinalizeFiles>',
 NULL,
 NULL,
 'N');
 
 



COMMIT;