-- phpMyAdmin SQL Dump
-- version 4.5.4.1deb2ubuntu2
-- http://www.phpmyadmin.net
--
-- Servidor: localhost
-- Tiempo de generación: 21-06-2018 a las 12:45:13
-- Versión del servidor: 5.7.22-0ubuntu0.16.04.1
-- Versión de PHP: 5.6.36-1+ubuntu16.04.1+deb.sury.org+1

SET SQL_MODE = "NO_AUTO_VALUE_ON_ZERO";
SET time_zone = "+00:00";


/*!40101 SET @OLD_CHARACTER_SET_CLIENT=@@CHARACTER_SET_CLIENT */;
/*!40101 SET @OLD_CHARACTER_SET_RESULTS=@@CHARACTER_SET_RESULTS */;
/*!40101 SET @OLD_COLLATION_CONNECTION=@@COLLATION_CONNECTION */;
/*!40101 SET NAMES utf8mb4 */;

--
-- Base de datos: `ExamenFull`
--

-- --------------------------------------------------------

--
-- Estructura de tabla para la tabla `calles`
--

CREATE TABLE `calles` (
  `id` int(11) NOT NULL,
  `nombre` varchar(50) CHARACTER SET utf8 COLLATE utf8_spanish_ci NOT NULL
) ENGINE=InnoDB DEFAULT CHARSET=utf8;

--
-- Volcado de datos para la tabla `calles`
--

INSERT INTO `calles` (`id`, `nombre`) VALUES
(1, '1 DE MAYO'),
(2, '11 DE NOVIEMBRE'),
(3, '11 DE SEPTIEMBRE'),
(10029, '12'),
(4, '12 DE FEBRERO'),
(5, '12 DE OCTUBRE'),
(6, '14 DE JULIO'),
(10170, '15 DE AGOSTO'),
(7, '20 DE JUNIO'),
(8, '24 DE NOVIEMBRE'),
(9, '24 DE OCTUBRE'),
(10, '25 DE MAYO'),
(11, '26 DE ABRIL'),
(12, '30 DE AGOSTO'),
(10030, '472'),
(10031, '474'),
(2267, '6 DE SEPTIEMBRE'),
(2268, '8 DE SEPTIEMBRE'),
(14, '9 DE JULIO'),
(10186, 'ABDALA'),
(15, 'ABERASTURI'),
(16, 'ABRAMO'),
(2064, 'ABREGU'),
(17, 'ACASSUSO'),
(18, 'ACEVEDO'),
(1048, 'ACHALA'),
(19, 'ACHAVAL'),
(20, 'ACHEGA'),
(2260, 'ACHIRA'),
(2276, 'ACHUPALLAS'),
(21, 'ACONCAGUA'),
(22, 'ACONQUIJA'),
(23, 'ACOYTE'),
(2287, 'ADROGUE'),
(2078, 'AGACES'),
(25, 'AGRELO'),
(26, 'AGUADO'),
(27, 'AGUAPEY'),
(2065, 'AGUARIGUAY'),
(10174, 'AGUAS BUENAS'),
(1091, 'AGUERO'),
(28, 'AGUILAR'),
(29, 'AGUIRRE'),
(30, 'AIZPURUA'),
(31, 'ALBARELLOS'),
(32, 'ALBARIÑOS'),
(33, 'ALBARRACIN'),
(34, 'ALBENIZ'),
(36, 'ALBERTI'),
(10088, 'ALBERTO LARTIGAU'),
(2073, 'ALDAO JOSE FELIX'),
(10221, 'ALEN'),
(38, 'ALFONSINA STORNI'),
(39, 'ALIPPI'),
(40, 'ALLENDE'),
(41, 'ALMAFUERTE'),
(42, 'ALMAGRO'),
(43, 'ALMEIRA'),
(44, 'ALMIRANTE BROWN'),
(45, 'ALPATACAL'),
(46, 'ALSINA'),
(47, 'ALTHABE'),
(48, 'ALTOLAGUIRRE'),
(49, 'ALVAR NUÑEZ'),
(50, 'ALVARADO'),
(51, 'ALVAREZ JONTE'),
(10166, 'ALVAREZ RODRIGUEZ'),
(52, 'ALVAREZ THOMAS'),
(54, 'AMADO NERVO'),
(55, 'AMANCIO ALCORTA'),
(2010, 'AMBROSETTI'),
(56, 'AMEGHINO'),
(57, 'AMENABAR'),
(60, 'AMPERE'),
(24, 'AMUNDSEN'),
(61, 'ANCASTE'),
(62, 'ANCHORENA'),
(63, 'ANCHORIS'),
(64, 'ANCON'),
(65, 'ANDALGALA'),
(66, 'ANDERSEN'),
(67, 'ANDES'),
(68, 'ANDONAEGUI'),
(2047, 'ANDRADE'),
(10196, 'ANDRES FERREYRA'),
(10225, 'ANGEL DE ESTRADA'),
(10206, 'ANGEL RODRIGUEZ'),
(71, 'ANTARTIDA ARGENTINA'),
(72, 'ANTEQUERA'),
(73, 'ANTEZANA'),
(74, 'ANTOFAGASTA'),
(75, 'AQUINO'),
(546, 'ARANDA QUEVEDO'),
(76, 'ARAOZ'),
(773, 'ARATA'),
(2084, 'ARAYA'),
(77, 'ARCE MANUEL'),
(78, 'ARCOS'),
(10142, 'ARECHAVALA'),
(79, 'ARENALES'),
(80, 'ARENAS'),
(10001, 'ARENGREEN'),
(81, 'AREVALO'),
(2173, 'ARGENTINA'),
(82, 'ARGERICH'),
(83, 'ARIEL'),
(84, 'ARISTOBULO DEL VALLE'),
(2016, 'ARISTOTELES'),
(85, 'ARMONIA'),
(2006, 'ARQUIMEDES'),
(86, 'ARRECIFES'),
(87, 'ARREDONDO'),
(2213, 'ARREGUI'),
(88, 'ARRIBEÑOS'),
(89, 'ARRIOLA'),
(90, 'ARROYO'),
(91, 'ARTIGAS'),
(2168, 'ARTILLEROS'),
(92, 'ASAMBLEA'),
(468, 'ASCASUBI HILARIO'),
(10008, 'ASCONAPE'),
(93, 'ASUNCION'),
(94, 'ATAHUALPA'),
(2003, 'ATENAS'),
(2189, 'ATLANTICO SUR'),
(95, 'ATUEL'),
(2157, 'AUSTRALIA'),
(10079, 'AV BELTRAN'),
(10214, 'AV. SAN MARTÍN'),
(10156, 'AVDA BERNABE MARQUEZ'),
(10119, 'AVDA LA PLATA'),
(96, 'AVDA. ARGENTINA'),
(1008, 'AVDA. CALLE REAL'),
(585, 'AVDA. CARLOS MUJICA'),
(97, 'AVDA. DEL LIBERTADOR'),
(98, 'AVDA. EL CORTIJO'),
(99, 'AVDA. MERLO GOMEZ'),
(1057, 'AVDA. PATRICIOS'),
(2199, 'AVDA. RIVADAVIA'),
(100, 'AVDA. SAN MARTIN'),
(101, 'AVELLANEDA'),
(10215, 'AVENIDA 13'),
(432, 'AVENIDA BICENTENARIO'),
(10165, 'AVENIDA UNION'),
(102, 'AYACUCHO'),
(103, 'AYERZA'),
(104, 'AYOHUMA'),
(105, 'AYOLAS'),
(106, 'AZARA'),
(107, 'AZCUENAGA'),
(108, 'AZOPARDO'),
(109, 'AZUL'),
(110, 'AZURDUY'),
(1090, 'BACACAY'),
(111, 'BACH'),
(112, 'BACLE'),
(2291, 'BAHIA BLANCA'),
(113, 'BAIGORRIA'),
(2014, 'BAIRES CARLOS'),
(114, 'BALBASTRO'),
(115, 'BALCARCE'),
(315, 'BALLADARES'),
(2067, 'BALLIVIAN'),
(116, 'BALZAC'),
(117, 'BARABINO'),
(2296, 'BARAGIOLA ANTONIO'),
(118, 'BARCALA'),
(981, 'BARCELONA'),
(119, 'BARCENA'),
(120, 'BARILOCHE'),
(121, 'BARRAGAN'),
(122, 'BARTOLOME MITRE'),
(123, 'BAUNES'),
(124, 'BAUZA'),
(125, 'BAYON HERRERA'),
(10073, 'BAZURCO'),
(126, 'BEBEDERO'),
(127, 'BECQUER'),
(10074, 'BEDOYA'),
(128, 'BEETHOVEN'),
(129, 'BELEN'),
(130, 'BELGRANO'),
(131, 'BELLA VISTA'),
(132, 'BELLINI'),
(133, 'BELTRAND RUSSELL'),
(134, 'BENAVENTE'),
(135, 'BENITO JUAREZ'),
(136, 'BENITO LYNCH'),
(137, 'BERISSO'),
(138, 'BERMEJO'),
(139, 'BERMUDEZ'),
(140, 'BERNAL'),
(10044, 'BERNARDES'),
(141, 'BERNARDO DE IRIGOYEN'),
(2114, 'BERNASCONI'),
(142, 'BERTOLE'),
(143, 'BERUTTI'),
(144, 'BETTINOTI'),
(796, 'BIELLI ADALCISO'),
(145, 'BILBAO'),
(146, 'BILLIKEN'),
(147, 'BLANCO ENCALADA'),
(2251, 'BLANDENGUES'),
(1050, 'BLANES'),
(148, 'BLAS PARERA'),
(149, 'BLASCO IBAÑEZ'),
(150, 'BLOMBERG'),
(2248, 'BLOQUE'),
(151, 'BOCAYUBA'),
(152, 'BOEDO M.'),
(153, 'BOERO'),
(154, 'BOGOTA'),
(2040, 'BOLAÑOS'),
(155, 'BOLIVAR'),
(156, 'BOLIVIA'),
(157, 'BOMPLAND'),
(158, 'BONORINO'),
(159, 'BOQUERON'),
(160, 'BOSSINI'),
(161, 'BOUCHARD'),
(10158, 'BOULEVARD'),
(162, 'BOULOGNE SUR MER'),
(10094, 'BOUREL'),
(163, 'BOYACA'),
(2250, 'BRAGADO'),
(164, 'BRAILLE'),
(165, 'BRANDSEN'),
(166, 'BRASIL'),
(167, 'BRIAND'),
(168, 'BRISTOL'),
(2085, 'BRUMANA'),
(169, 'BRUNET'),
(170, 'BUCHARDO'),
(171, 'BULNES'),
(172, 'BUNGE'),
(173, 'BURELA'),
(174, 'BURGOS'),
(175, 'BUSTAMANTE'),
(176, 'BUSTILLO'),
(2071, 'BUSTOS MANUEL'),
(10018, 'BYNON'),
(177, 'CAAGUAZU'),
(178, 'CABILDO'),
(2193, 'CABO 1* ROMERO JOSE'),
(544, 'CABO 2 A. MELIAN'),
(10171, 'CABO GARCIA'),
(2132, 'CABRERA'),
(179, 'CACHEUTA'),
(180, 'CACHIMAYO'),
(181, 'CACIQUE CATRIEL'),
(182, 'CADELAGO'),
(10173, 'CADETES ARGENTINOS'),
(183, 'CADIZ'),
(184, 'CAFAYATTE'),
(185, 'CAGLIERO'),
(10146, 'CALCENA'),
(187, 'CALDEN'),
(10060, 'CALDERON'),
(1092, 'CALDERON DE LA BARCA'),
(188, 'CALFUCURA'),
(189, 'CALLAO'),
(10032, 'CALLE 21'),
(2221, 'CALLE 3'),
(10033, 'CALLE 36'),
(10034, 'CALLE 38'),
(2272, 'CALLE 51'),
(2245, 'CALLE DEL BUEN VECIN'),
(2216, 'CALLE DIEZ'),
(2215, 'CALLE NUEVA'),
(2211, 'CALLE SIN NOMBRE'),
(10172, 'CALLE1'),
(190, 'CAMACUA'),
(191, 'CAMARGO'),
(2081, 'CAMBACERES'),
(1094, 'CAMINITO'),
(193, 'CAMPICHUELO'),
(194, 'CAMPILLO'),
(619, 'CAMPOS LUIS'),
(2257, 'CANADA'),
(1058, 'CANDELARIA'),
(197, 'CANGALLO'),
(199, 'CANTON'),
(10184, 'CARABAJAL'),
(200, 'CARABOBO'),
(10024, 'CARACAS'),
(201, 'CARBAJAL'),
(202, 'CARCABALLO'),
(203, 'CARCANO'),
(204, 'CARCARAÑA'),
(205, 'CARDENAS'),
(206, 'CARDOSO'),
(207, 'CARHUE'),
(2043, 'CARICANCHA'),
(208, 'CARLES'),
(209, 'CARLOS CALVO'),
(210, 'CARLOS CASARES'),
(211, 'CARLOS GARDEL'),
(212, 'CARLOS PELLEGRINI'),
(213, 'CARLOS TEJEDOR'),
(214, 'CARRAFA'),
(215, 'CARRANZA'),
(216, 'CARRASCO'),
(10220, 'CARREGAL'),
(217, 'CARRIZO'),
(2283, 'CASA'),
(218, 'CASACUBERTA'),
(10229, 'CASEROS'),
(221, 'CASILLA DE CORREO'),
(219, 'CASSAUX'),
(222, 'CASTAÑARES'),
(223, 'CASTAÑEDA'),
(224, 'CASTELAR'),
(225, 'CASTELLANOS'),
(226, 'CASTELLI'),
(227, 'CASTRO BARROS'),
(228, 'CATAMARCA'),
(10038, 'CAVASSA'),
(229, 'CAVIA'),
(230, 'CAXARAVILLE'),
(2094, 'CAYOL'),
(232, 'CENTENARIO'),
(233, 'CENTENERA'),
(234, 'CENTENO'),
(235, 'CERRI'),
(236, 'CERRITO'),
(237, 'CERVANTES'),
(238, 'CERVIÑO'),
(239, 'CEVALLOS'),
(240, 'CHACABUCO'),
(241, 'CHACO'),
(243, 'CHAPEAUROUGE'),
(244, 'CHARCAS'),
(245, 'CHARLONE'),
(246, 'CHASCOMUS'),
(248, 'CHICLANA'),
(10056, 'CHILAVERT'),
(249, 'CHILE'),
(250, 'CHIVILCOY'),
(251, 'CHOCANO'),
(252, 'CHOPIN'),
(253, 'CHORROARIN'),
(254, 'CHUBUT'),
(255, 'CIPOLLETI'),
(256, 'CISNEROS'),
(1068, 'CIUDAD DE LA PAZ'),
(13, 'CJAL.ROBERTO ARCE'),
(257, 'CLARIN'),
(2021, 'CLEMENTE CIMORRA'),
(258, 'COBO'),
(259, 'COCHABAMBA'),
(260, 'COLASTINE'),
(261, 'COLMAN'),
(262, 'COLODRERO'),
(263, 'COLOMBIA'),
(264, 'COLOMBRES'),
(265, 'COLON'),
(2019, 'COLONIA'),
(266, 'COLPAYO'),
(267, 'COMBATE DE LOS POZOS'),
(10046, 'COMBATE DE RINCON'),
(10133, 'COMESAÑA'),
(10154, 'COMISARIO BALVVE'),
(2226, 'COMISARIO FENTANES'),
(269, 'CONDARCO'),
(270, 'CONESA'),
(271, 'CONGRESO'),
(272, 'CONSTITUCION'),
(273, 'CONSTITUYENTES'),
(2099, 'COPERNICO'),
(274, 'CORDOBA'),
(275, 'CORNELIO SAAVEDRA'),
(276, 'CORONDA'),
(10070, 'CORONEL APOLINARIO FIGUEROA'),
(10054, 'CORONEL CONDE'),
(277, 'CORONEL SALVADORES'),
(2070, 'CORRALES'),
(278, 'CORREA'),
(2240, 'CORREA LORENZO'),
(279, 'CORRIENTES'),
(280, 'CORRO'),
(2285, 'CORTEZ'),
(281, 'CORVALAN'),
(282, 'COSQUIN'),
(283, 'COSSIO'),
(284, 'COSTA'),
(285, 'COSTA RICA'),
(286, 'CRAIG'),
(287, 'CRAMER'),
(288, 'CRESPO'),
(2151, 'CRIO A.BOLVE'),
(2149, 'CRIO C.ETCHEYRRY'),
(2148, 'CRIO G.E.FERNANDEZ'),
(2147, 'CRIO INSP FENTANES'),
(10201, 'CRSTHOPERSEN'),
(10025, 'CRUCERO GENERAL BELGRANO'),
(289, 'CRUZ DEL EJE'),
(10232, 'ctejedor'),
(1056, 'CUBA'),
(290, 'CUCHA CUCHA'),
(291, 'CUENCA'),
(10010, 'CURA NAVARRO'),
(292, 'CURAPALIGUE'),
(10177, 'CURTIS'),
(293, 'CURUPAYTI'),
(294, 'CURUZU CUATIA'),
(10003, 'CUYO'),
(295, 'D\'ONOFRIO'),
(296, 'DA VINCI'),
(297, 'DAGUERRE'),
(298, 'DALTON'),
(2111, 'DANTE ALIGHIERI'),
(10185, 'DANUBIO'),
(299, 'DARDO ROCHA'),
(300, 'DARWIN'),
(10192, 'DASTUGUE'),
(10039, 'DAVID MAGDALENA'),
(301, 'DAVILA'),
(302, 'DE BERLIN'),
(2228, 'DE BOSTON'),
(304, 'DE COLON'),
(305, 'DE CUBA'),
(306, 'DE LA AMISTAD'),
(307, 'DE LA CARCOVA'),
(308, 'DE LA CROIX'),
(2277, 'DE LA INAUGURACION'),
(309, 'DE LA LINDE'),
(2115, 'DE LA PULPERIA'),
(311, 'DE LA RIVERA'),
(312, 'DE LA UNION'),
(313, 'DE LA VIRGEN'),
(314, 'DE LAS CARRETAS'),
(2263, 'DE LONDRES'),
(317, 'DE LOS ESPAÑOLES'),
(318, 'DE LOS FRANCESES'),
(319, 'DE LOS ITALIANOS'),
(320, 'DE LUCA'),
(321, 'DE MARIA'),
(735, 'DE ORO DOMINGO'),
(322, 'DE ROMA'),
(350, 'DE ROSAS ENRIQUE'),
(220, 'DE ROSAS JUAN MANUEL'),
(2294, 'DE SAN PABLO'),
(960, 'DE TOLEDO'),
(323, 'DEAN FUNES'),
(324, 'DEFENSA'),
(325, 'DEHEZA'),
(2018, 'DEL FUNDADOR'),
(327, 'DEL PERU'),
(328, 'DEL PORVENIR'),
(10163, 'DELGADO'),
(329, 'DEMOCRACIA'),
(1051, 'DEMOSTENES'),
(330, 'DERQUI'),
(2278, 'DESCARTES'),
(332, 'DESSY'),
(333, 'DIAMANTE'),
(334, 'DIAZ VELEZ'),
(335, 'DIESEL'),
(336, 'DILLON'),
(337, 'DINAMARCA'),
(9999, 'DIOGENES TABORDA'),
(338, 'DIRECTORIO'),
(339, 'DISCEPOLO'),
(1010, 'DO LORES'),
(340, 'DOBLAS'),
(2222, 'DOCTOR CHAGAS'),
(10223, 'DOLORES PRATS'),
(342, 'DOMINGO SICA'),
(2068, 'DON BOSCO'),
(343, 'DON QUIJOTE'),
(344, 'DONATO ALVAREZ'),
(345, 'DORREGO'),
(10106, 'DR. ENRIQUE SIMON PEREZ'),
(10000, 'DR. GELPI'),
(2241, 'DRAGONES'),
(346, 'DRUMOND'),
(347, 'DUAYEN'),
(348, 'DUCASSE'),
(349, 'DUMAS'),
(2106, 'DUNANT'),
(2053, 'DURAN'),
(351, 'E MAYOR DE GOBIERNO'),
(2050, 'E.DEL CAMPO'),
(198, 'ECHAGUE ALBERTO'),
(352, 'ECHAGUE PEDRO'),
(2044, 'ECHECONEA'),
(1238, 'ECHENAGUCIA'),
(353, 'ECHEVERRIA'),
(354, 'ECHEVERRY'),
(355, 'ECUADOR'),
(2224, 'EDIFICIO'),
(356, 'EDISON'),
(10198, 'EDUARDO AROLAS'),
(357, 'EGIPTO'),
(358, 'EIFEL'),
(359, 'EINSTEIN'),
(360, 'EL ALGARROBO'),
(2153, 'EL BOMBERO'),
(361, 'EL CEIBO'),
(2279, 'EL CERRO'),
(2203, 'EL CISNE'),
(10179, 'EL DELTA'),
(362, 'EL GAUCHO'),
(368, 'EL GRAFICO'),
(364, 'EL HORNERO'),
(365, 'EL JILGUERO'),
(2229, 'EL MAESTRO'),
(2262, 'EL PALENQUE'),
(366, 'EL PALOMO'),
(2234, 'EL PAYADOR'),
(367, 'EL PERICON'),
(2202, 'EL PICAFLOR'),
(10040, 'EL ROSILLO'),
(2154, 'EL SERENO'),
(965, 'EL TREBOL'),
(369, 'EL TRIUNFO'),
(2152, 'EL VIGILANTE'),
(370, 'ELIZALDE'),
(2049, 'EMILIO CASTRO'),
(1098, 'EMILIO LAMARCA'),
(1085, 'EMILIO ZOLA'),
(371, 'EMPEDRADO'),
(372, 'ENCINA'),
(373, 'ENRIQUE ROSSI'),
(374, 'ENSENADA'),
(375, 'ENTRE RIOS'),
(376, 'EPECUEN'),
(2293, 'EQUIZA'),
(2101, 'ERASMO'),
(377, 'ESCOBAR'),
(378, 'ESNAOLA'),
(2097, 'ESOPO'),
(379, 'ESPAÑA'),
(380, 'ESPEJO'),
(2187, 'ESPINOSA'),
(381, 'ESPORA'),
(382, 'ESQUIU'),
(383, 'ESTADOS UNIDOS'),
(2024, 'ESTAFETA'),
(2023, 'ESTAFETA FERRARI'),
(1086, 'ESTAFETA LOMA GRANDE'),
(10005, 'ESTANISLAO DEL CAMPO'),
(1095, 'ESTOMBA'),
(384, 'ESTRADA'),
(385, 'ETIOPIA'),
(386, 'EUROPA'),
(764, 'EVA PERON'),
(387, 'EVARISTO CARRIEGO'),
(388, 'EZEIZA'),
(1083, 'F.HERCULES'),
(389, 'FABRE'),
(390, 'FACUNDO QUIROGA'),
(391, 'FADER'),
(392, 'FAGNANO'),
(10204, 'FALCON'),
(1055, 'FALUCHO'),
(393, 'FAMATINA'),
(394, 'FARADAY'),
(395, 'FATIMA'),
(396, 'FEDERICO LACROZE'),
(10178, 'FELS'),
(2223, 'FERMI ENRIQUE'),
(397, 'FERRARI'),
(398, 'FERRE'),
(2051, 'FERRINI'),
(399, 'FEVAL'),
(1077, 'FIGUEROA ALCORTA'),
(400, 'FILIBERTO'),
(401, 'FINLAY'),
(402, 'FINOCHIETTO'),
(10157, 'FIRPO'),
(403, 'FLEMING'),
(404, 'FLORENCIO SANCHEZ'),
(10069, 'FLORENCIO VARELA'),
(405, 'FLORESTA'),
(406, 'FLORIDA'),
(10134, 'FONROUGE'),
(2274, 'FONTANA'),
(407, 'FOREST'),
(408, 'FORMOSA'),
(409, 'FRAGA'),
(410, 'FRAGATA SARMIENTO'),
(1100, 'FRANCISCO DE LA CRUZ'),
(411, 'FRANCISCO DEL CAMPO'),
(412, 'FRANCISCO TORO'),
(10150, 'FRANK LIZT'),
(10023, 'FRAY CAYETANO RODRIGUEZ'),
(413, 'FRAY LUIS BELTRAN'),
(1045, 'FRAY MOCHO'),
(414, 'FREGUES'),
(415, 'FREIRE'),
(416, 'FRENCH'),
(2057, 'FRERS'),
(417, 'FRIAS'),
(2275, 'FULTON'),
(2159, 'G. MARCSE'),
(418, 'GABOTO'),
(419, 'GABRIELA MISTRAL'),
(420, 'GALENO'),
(10012, 'GALICIA'),
(1075, 'GALILEO GALILEI'),
(69, 'GALLARDO ANGEL'),
(2249, 'GAMARRA'),
(10098, 'GAMAY'),
(421, 'GAMBOA'),
(10017, 'GANA'),
(422, 'GAONA'),
(268, 'GARAT CESAR H.'),
(423, 'GARAY'),
(424, 'GARCIA DEL RIO'),
(425, 'GARCIA VELLOSO'),
(427, 'GARMENDIA'),
(428, 'GASCON'),
(429, 'GAUNA'),
(430, 'GAVILAN'),
(10164, 'GDOR. MAXIMO PAZ'),
(431, 'GELLY'),
(53, 'GENERAL ALVEAR'),
(433, 'GENERAL SAVIO'),
(10037, 'GENERAL VILLEGAS'),
(434, 'GENOVA'),
(435, 'GERDE'),
(10043, 'GIANNASTTASIO'),
(436, 'GIBRALTAR'),
(437, 'GIRARDOT'),
(438, 'GODOY CRUZ'),
(10202, 'GOMEZ DE LA SERNA'),
(439, 'GOMEZ FRETES'),
(440, 'GONZALEZ'),
(441, 'GORDILLO'),
(442, 'GOROSTIAGA'),
(443, 'GORRITI'),
(444, 'GOUNOD'),
(445, 'GOYA'),
(10226, 'GRAHAMBELL'),
(10180, 'GRAL FERNANDEZ DE LA CRUZ'),
(447, 'GRANADA'),
(1052, 'GRANADEROS'),
(2017, 'GRITO DE ASENCIO'),
(448, 'GRIVEO'),
(449, 'GROUSSAC'),
(2011, 'GUALEGUAY'),
(2012, 'GUAMINI'),
(450, 'GUARDIA VIEJA'),
(451, 'GUASTAVINO'),
(452, 'GUATAMBU'),
(10188, 'GUATEMALA'),
(2273, 'GUAYANAS'),
(454, 'GUAYAQUIL'),
(455, 'GUEMES'),
(456, 'GUIDO'),
(457, 'GUIDO SPANO'),
(10207, 'GUILLON'),
(458, 'GUIRALDES'),
(459, 'GURRUCHAGA'),
(460, 'GUTIERREZ RICARDO'),
(461, 'HABANA'),
(10071, 'HAITI'),
(10118, 'HECTOR MILAN'),
(462, 'HELGUERA'),
(463, 'HELVECIA'),
(464, 'HEREDIA'),
(465, 'HERNAN CORTES'),
(1054, 'HERNANDARIAS'),
(466, 'HEROES DEL FOURNIER'),
(467, 'HIDALGO'),
(469, 'HILARIO CUADROS'),
(470, 'HIPOCRATES'),
(471, 'HIPOLITO YRIGOYEN'),
(472, 'HOLANDA'),
(473, 'HOMERO'),
(474, 'HONDURAS'),
(2218, 'HORACIO QUIROGA'),
(475, 'HORNOS'),
(476, 'HORTIGUERA'),
(477, 'HOUSSAY'),
(478, 'HUDSON'),
(479, 'HUEMUL'),
(480, 'HUERGO'),
(195, 'HUGO DEL CARRIL'),
(2161, 'HUMAHUACA'),
(481, 'HUMBOLDT'),
(482, 'HURTADO'),
(483, 'HUSARES'),
(484, 'IBARRA'),
(10136, 'IBARROLA'),
(485, 'IBERA'),
(486, 'IGUAZU'),
(487, 'INCLAN'),
(488, 'INDEPENDENCIA'),
(489, 'INDIO'),
(2144, 'INSP GRAL F.HERITIER'),
(2150, 'INSP O.BERNACH'),
(2146, 'INSP.GRAL A.D.ZUNDA'),
(10155, 'INSPECTOR GRAL HIRITIER'),
(10187, 'INT GRANT'),
(10092, 'INT. CARRERE'),
(787, 'INT.LEOPOLDO SUAREZ'),
(10120, 'INT.REVOREDO'),
(547, 'INTEND. MENDILUCE'),
(490, 'IRALA'),
(491, 'IRIARTE'),
(10057, 'IRIGOYEN'),
(492, 'ISAAC BELSKY'),
(303, 'ISABEL DE BARNES'),
(2136, 'ISARRA JUAN'),
(493, 'ISARRA JUANA'),
(494, 'ISLA SOLEDAD'),
(496, 'ISLAS ORCADAS'),
(497, 'ITALIA'),
(498, 'ITAQUI'),
(499, 'ITATI'),
(500, 'ITURRI'),
(501, 'IWANOSWKI'),
(1060, 'J FRANCISCO SEGUI'),
(709, 'J.NEWBERY'),
(1059, 'JACINTO DA SILVA'),
(2025, 'JACQUES'),
(502, 'JAPON'),
(503, 'JEFFERSON'),
(2093, 'JOAQUIN .D. VEDIA'),
(504, 'JOAQUIN V GONZALEZ'),
(2253, 'JOLY'),
(505, 'JORGE ISAAC'),
(2220, 'JORGE LUIS BORGES'),
(10222, 'JOSE BIANCO'),
(10128, 'JOSE BONIFACIO'),
(506, 'JOSE HERNANDEZ'),
(507, 'JOSE INGENIEROS'),
(508, 'JOSE LEON SUAREZ'),
(2130, 'JOSE MARIA CANTILO'),
(509, 'JOSE MARIA PAZ'),
(510, 'JOSE MARMOL'),
(511, 'JOSE MARTI'),
(10144, 'JOSE MIRO'),
(512, 'JOSE PICO'),
(513, 'JUAN B ALBERDI'),
(514, 'JUAN B JUSTO'),
(10011, 'JUAN CHARRAS'),
(10026, 'JUAN DE GARAY'),
(10041, 'JUAN MANUEL DE ROSAS'),
(2048, 'JUAN N. DE ROJAS'),
(196, 'JUAN POSSE'),
(515, 'JUAN SORIA'),
(2112, 'JUAN VUCETICH'),
(516, 'JUAN XXIII'),
(2254, 'JUANA AZURDUY'),
(231, 'JUAREZ CELMAN'),
(10191, 'JUEZ DE LA GANDARA'),
(517, 'JUFRE'),
(518, 'JUJUY'),
(10099, 'JULIAN ALVAREZ'),
(519, 'JULIAN M CASTRO'),
(520, 'JULIO A ROCA'),
(521, 'JULIO VERNE'),
(522, 'JUNCAL'),
(523, 'JUNIN'),
(524, 'JURAMENTO'),
(525, 'JUSTICIA'),
(526, 'KENNEDY'),
(527, 'KOCH'),
(37, 'KORN ALEJANDRO'),
(2082, 'L. GUERRERO'),
(2288, 'LA ARGENTINA'),
(10129, 'LA BASTILLA'),
(2119, 'LA CAMBACITA'),
(10045, 'LA CARCOVA'),
(529, 'LA ESMERALDA'),
(1061, 'LA FERRERE'),
(530, 'LA GACETA'),
(2167, 'LA HUELLA'),
(531, 'LA MADRESELVA'),
(532, 'LA NACION'),
(533, 'LA NIÑA'),
(534, 'LA PAZ'),
(10230, 'LA PIEDAD'),
(535, 'LA PINTA'),
(536, 'LA PLATA'),
(537, 'LA PORTEÑA'),
(538, 'LA PRENSA'),
(539, 'LA RAZON'),
(540, 'LACARRA'),
(541, 'LAFAYETTE'),
(542, 'LAFINUR'),
(2029, 'LAFUENTE'),
(10189, 'LAGO LACCAR'),
(543, 'LAGOMARSINO'),
(2256, 'LAINEZ'),
(545, 'LAMADRID'),
(2160, 'LAPLACE'),
(548, 'LAPRIDA'),
(549, 'LARRAÑAGA'),
(2009, 'LARRAZABAL'),
(550, 'LARREA'),
(2195, 'LARRETA ENRIQUE'),
(551, 'LARSEN'),
(552, 'LAS ACACIAS'),
(2198, 'LAS ALONDRAS'),
(553, 'LAS ANEMONAS'),
(554, 'LAS AZUCENAS'),
(555, 'LAS BEGONIAS'),
(2201, 'LAS CALANDRIAS'),
(556, 'LAS CAMPANILLAS'),
(557, 'LAS DALIAS'),
(10087, 'LAS FLORES'),
(558, 'LAS GARDENIAS'),
(559, 'LAS HERAS'),
(560, 'LAS HORTENCIAS'),
(561, 'LAS LILAS'),
(562, 'LAS MAGNOLIAS'),
(563, 'LAS MARGARITAS'),
(564, 'LAS MARIMONIAS'),
(565, 'LAS MIMOSAS'),
(566, 'LAS ORQUIDEAS'),
(567, 'LAS RETAMAS'),
(568, 'LAS TEJAS'),
(569, 'LAS VIOLETAS'),
(2265, 'LASALLE'),
(2110, 'LASTRA'),
(570, 'LAUTARO'),
(571, 'LAVALLE'),
(572, 'LAVALLEJA'),
(2179, 'LAVOISIER ANTONIO'),
(573, 'LEANDRO N ALEM'),
(10051, 'LEBENSOHN'),
(2083, 'LEGUIZAMON'),
(2109, 'LEIVA M'),
(574, 'LEON'),
(2271, 'LEONES'),
(575, 'LEOPOLDO LUGONES'),
(2281, 'LEOPOLDO MELO'),
(2074, 'LERENA'),
(576, 'LEVENE'),
(577, 'LEZAMA'),
(578, 'LEZICA'),
(579, 'LIBERTAD'),
(10131, 'LIBERTADOR'),
(10065, 'LILIO'),
(580, 'LILLO'),
(2102, 'LIMA'),
(581, 'LIMAY'),
(582, 'LINCOLN'),
(583, 'LINIERS'),
(584, 'LISANDRO DE LA TORRE'),
(10004, 'LISZT'),
(2089, 'LLAMBI'),
(586, 'LLAVALLOL DE ACOSTA'),
(10130, 'LLERENA'),
(587, 'LOBOS'),
(2286, 'LOIS'),
(588, 'LOPE DE VEGA'),
(589, 'LORENZINI'),
(590, 'LORIA'),
(10159, 'LOS ABEDULES'),
(591, 'LOS ALAMOS'),
(592, 'LOS ALELIES'),
(10124, 'LOS ALERSES'),
(593, 'LOS AMARANTOS'),
(594, 'LOS AROMOS'),
(595, 'LOS ARRIEROS'),
(2128, 'LOS CIPRECES'),
(596, 'LOS CONGRESALES'),
(597, 'LOS CRISANTEMOS'),
(598, 'LOS EUCALIPTUS'),
(599, 'LOS FAISANES'),
(10122, 'LOS FRESNOS'),
(528, 'LOS GERANIOS'),
(601, 'LOS INCAS'),
(602, 'LOS IRUPES'),
(603, 'LOS JACINTOS'),
(604, 'LOS JAZMINES'),
(10123, 'LOS LAURELES'),
(605, 'LOS LOTOS'),
(2261, 'LOS MATREROS'),
(606, 'LOS NOGALES'),
(607, 'LOS OLIVOS'),
(609, 'LOS PENSAMIENTOS'),
(610, 'LOS PINOS'),
(611, 'LOS PLATANOS'),
(10081, 'LOS RECUERDOS'),
(2208, 'LOS TILOS'),
(2239, 'LOS TIMBUES'),
(614, 'LOS TULIPANES'),
(615, 'LOURDES'),
(616, 'LOYOLA'),
(617, 'LOZANO'),
(618, 'LUIS AGOTE'),
(10093, 'LUIS BRAILLE'),
(2205, 'LUIS D.CASTAGNARI'),
(620, 'LUIS MARIA DRAGO'),
(10121, 'LUIS MARIA DRAGOO'),
(621, 'LUIS VIALE'),
(622, 'LUJAN'),
(2104, 'LUNA'),
(2266, 'LUZURIAGA'),
(2038, 'M.FRAGUEIRO'),
(623, 'MACHADO'),
(624, 'MACIEL'),
(625, 'MADAME CURIE'),
(626, 'MADARIAGA'),
(627, 'MADERNA'),
(628, 'MADERO'),
(629, 'MADRID'),
(2207, 'MAESTRA E.SULLIVAN'),
(10194, 'MAESTRA LUCIA RUEDA'),
(2196, 'MAESTRAS DE MERLO'),
(2230, 'MAESTRO J. GONZALEZ'),
(630, 'MAGALLANES'),
(631, 'MAHATMA GHANDI'),
(632, 'MAIPU'),
(633, 'MALABIA'),
(634, 'MALARGUE'),
(635, 'MALAVER'),
(636, 'MALBRAN'),
(637, 'MALDONADO'),
(638, 'MALVINAS'),
(2121, 'MANCO CAPAC'),
(639, 'MANSILLA'),
(640, 'MANSO'),
(641, 'MANUEL A FRESCO'),
(10219, 'MANUEL BELZU'),
(10149, 'MANUEL DE FALLA'),
(642, 'MANUELA PEDRAZA'),
(643, 'MAR CHIQUITA'),
(644, 'MAR DEL PLATA'),
(2004, 'MARCELO T DE ALVEAR'),
(646, 'MARCONI'),
(647, 'MARCOS PAZ'),
(645, 'MARCOS SASTRE'),
(649, 'MARIANO ACOSTA'),
(648, 'MARIÑO'),
(650, 'MARIO BRAVO'),
(2087, 'MARTEL'),
(651, 'MARTIN CORONADO'),
(652, 'MARTIN FIERRO'),
(653, 'MARTIN GARCIA'),
(2022, 'MARTIN GIL'),
(1063, 'MARTIN RODRIGUEZ'),
(10102, 'MARTINEZ'),
(1081, 'MARTINEZ DE NUÑEZ'),
(10009, 'MARTINEZ MELO'),
(10182, 'MASCARDI'),
(654, 'MATACO'),
(655, 'MATANZA'),
(656, 'MATHEU'),
(657, 'MATIENZO'),
(658, 'MATORRAS'),
(2090, 'MATURANA'),
(659, 'MAURE'),
(2077, 'MAYOR GARCIA CUERVA'),
(660, 'MAZA JUAN A.'),
(2183, 'MAZZA MANUEL VICENTE'),
(661, 'MEDANOS'),
(662, 'MEDINA'),
(663, 'MEDRANO'),
(664, 'MEJICO'),
(665, 'MELENDEZ'),
(666, 'MELIAN'),
(2013, 'MELINCUE'),
(667, 'MENDELSON'),
(668, 'MENDEZ'),
(669, 'MENDOZA'),
(2169, 'MERCANTIL'),
(670, 'MERCEDES'),
(10117, 'MERCURI'),
(671, 'MERLO'),
(1064, 'MERO J. A.'),
(10137, 'MEXICO'),
(672, 'MIGUEL ANGEL'),
(673, 'MIGUEL CANE'),
(2185, 'MIGUELETES'),
(674, 'MILLER'),
(675, 'MIRAMAR'),
(676, 'MIRANDA'),
(677, 'MIRO'),
(678, 'MISIONES'),
(2105, 'MOLIERE'),
(453, 'MOLINA ADOLFO E.'),
(1066, 'MOLINA CANDIDO'),
(10212, 'MONSEÑOR ESPINOSA'),
(680, 'MONTALVO'),
(2031, 'MONTANIESES'),
(681, 'MONTE DINERO'),
(682, 'MONTEAGUDO'),
(683, 'MONTES DE OCA'),
(10210, 'MONTEVERDE'),
(685, 'MONTEVIDEO'),
(686, 'MONTIEL'),
(687, 'MORAGA'),
(688, 'MORELOS'),
(689, 'MORENO'),
(690, 'MORETTI'),
(691, 'MORON'),
(692, 'MORRIS'),
(693, 'MORSE'),
(694, 'MOSCONI'),
(695, 'MOZART'),
(697, 'MUIÑO'),
(2180, 'MUNRO'),
(696, 'MUÑIZ'),
(698, 'MURATURE'),
(699, 'MURGUIONDO'),
(700, 'MURILLO'),
(701, 'MURRAY'),
(10203, 'NAGASAKY'),
(702, 'NAHUEL HUAPI'),
(703, 'NATALE'),
(738, 'NATALIO V CRISALIDE'),
(704, 'NAVARRO'),
(10064, 'NAZARRE'),
(705, 'NAZCA'),
(706, 'NECOCHEA'),
(707, 'NEPER'),
(708, 'NEUQUEN'),
(2052, 'NEWTON'),
(710, 'NICARAGUA'),
(10078, 'NICETO VEGA'),
(711, 'NIZA'),
(712, 'NOBEL'),
(713, 'NOGUERA'),
(10108, 'NOLASCO FLORES'),
(2080, 'NOVION'),
(1089, 'NOVOA F'),
(714, 'NOVOA F.'),
(310, 'NTR.SRA.DE LA MERCED'),
(2244, 'NUESTRA SRA.DE BALBA'),
(715, 'NUÑEZ'),
(1065, 'O BRIEN'),
(716, 'O\'CONNOR'),
(717, 'O\'HIGGINS'),
(718, 'OBARRIO'),
(719, 'OBLIGADO'),
(720, 'OCAMPO'),
(2091, 'OCANTOS'),
(721, 'OLAVARRIA'),
(722, 'OLAYA'),
(723, 'OLAZABAL'),
(724, 'OLEGARIO ANDRADE'),
(725, 'OLIDEN'),
(726, 'OLIVERA'),
(2117, 'OLIVERA MARIA BERTA'),
(727, 'OLIVOS'),
(728, 'OLLEROS'),
(729, 'OLMOS'),
(730, 'OMBU'),
(731, 'ONELLI'),
(242, 'OPERATIVO CONDOR'),
(732, 'ORAN'),
(733, 'ORFILIA RICO'),
(734, 'ORIBE'),
(736, 'OROÑO'),
(737, 'ORTIZ CARLOS'),
(739, 'OSORIO'),
(740, 'OTAMENDI'),
(741, 'OTERO'),
(10161, 'OYHANARTE'),
(742, 'OYUELA'),
(2107, 'P.MORAN'),
(743, 'PABLO LUCERO'),
(744, 'PACHECO'),
(745, 'PADILLA'),
(10148, 'PADRE ARELLANO'),
(10175, 'PADRE DARBON'),
(10227, 'PAGANELLI'),
(746, 'PAGANO'),
(749, 'PAGOLA'),
(1097, 'PALLIERI'),
(748, 'PALMAR'),
(750, 'PALPA'),
(751, 'PAMPA'),
(752, 'PANAMA'),
(753, 'PARAGUAY'),
(754, 'PARANA'),
(755, 'PARIS'),
(10053, 'PARRAL'),
(756, 'PARRAVICINI'),
(10100, 'PASAJE MASSON'),
(2113, 'PASCAL BLAS'),
(757, 'PASCO'),
(10216, 'PASEO 134'),
(10217, 'PASEO 135'),
(759, 'PASO DE LOS LIBRES'),
(760, 'PASO DE LOS PATOS'),
(758, 'PASO JUAN JOSE'),
(761, 'PASTEUR'),
(762, 'PATAGONES'),
(763, 'PATRICIAS ARGENTINAS'),
(10014, 'PATRICIO HAM'),
(58, 'PAUL HARRIS'),
(765, 'PAUNERO'),
(766, 'PAVON'),
(767, 'PAYRO'),
(768, 'PAYSANDU'),
(769, 'PAZ SOLDAN'),
(2125, 'PEATONAL'),
(772, 'PEDERNERA'),
(774, 'PEDRO BENOIT'),
(777, 'PEDRO C.GIACHINO'),
(775, 'PEDRO CHUTRO'),
(2292, 'PEDRO DIAZ COLODRERO'),
(776, 'PEDRO GALLO'),
(778, 'PEDRO GOYENA'),
(779, 'PEDRO LACOSTE'),
(780, 'PEDRO LURO'),
(781, 'PEDRO N FLORES'),
(2055, 'PEDRO NOVELA'),
(782, 'PEHUAJO'),
(2079, 'PELLIZA'),
(770, 'PEÑA'),
(771, 'PEÑALOZA'),
(10015, 'PERDOMO (EX ALCALDE LOZA)'),
(783, 'PERDRIEL'),
(2086, 'PERELLI'),
(784, 'PEREYRA'),
(785, 'PERGAMINO'),
(786, 'PERU'),
(10013, 'PEYRET'),
(788, 'PICASSO'),
(10176, 'PICCIONE'),
(789, 'PIEDRABUENA'),
(790, 'PIEDRAS'),
(1049, 'PIERES'),
(2054, 'PILAR'),
(791, 'PILCOMAYO'),
(792, 'PILLADO'),
(793, 'PINCIROLI ANGEL'),
(794, 'PINTO'),
(2133, 'PIÑEIRO'),
(10050, 'PIO  XII'),
(795, 'PIRAN'),
(797, 'PIROVANO'),
(798, 'PITAGORAS'),
(10231, 'pito'),
(799, 'PIZARRO'),
(10167, 'PIZZAGALLI'),
(800, 'PIZZURNO'),
(10049, 'PJE SOLDADO ARGENTINO'),
(2177, 'PJE.'),
(2235, 'PJE. 1'),
(2236, 'PJE. 2'),
(1069, 'PJE. AROMA'),
(801, 'PJE. BELGRANO'),
(2175, 'PJE. CULPINA'),
(803, 'PJE. DE LOS FRAILES'),
(2290, 'PJE. DEL PUEBLO'),
(2258, 'PJE. DEL TANGO'),
(804, 'PJE. JARRE'),
(2194, 'PJE. LA VICTORIA'),
(805, 'PJE. SAN PABLO'),
(2289, 'PJE.D.LA SOLIDARIDAD'),
(2005, 'PLATON'),
(806, 'PLAZA'),
(807, 'PLUS ULTRA'),
(2098, 'PLUTARCO'),
(808, 'PODESTA'),
(809, 'POINCARE'),
(2037, 'POLA'),
(810, 'POMPEYA'),
(811, 'PORTELA'),
(10181, 'PORTUGAL'),
(812, 'POSADAS'),
(813, 'POSTA DE YATASTO'),
(2243, 'POTOSI'),
(684, 'PRES. HECTOR CAMPORA'),
(2206, 'PRESIDENCIA DR.ILLIA'),
(855, 'PRESIDENTE PERON'),
(814, 'PRIMERA JUNTA'),
(815, 'PRINGLES'),
(816, 'PUAN'),
(2075, 'PUCARA'),
(817, 'PUCHEU'),
(818, 'PUEYRREDON'),
(10127, 'PUMACAHUA'),
(819, 'QUEQUEN'),
(820, 'QUERANDIES'),
(821, 'QUEROL'),
(822, 'QUESADA'),
(823, 'QUILMES'),
(10140, 'QUINTA LOLA ELINA'),
(824, 'QUINTANA'),
(825, 'QUIRNO COSTA'),
(192, 'QUIROGA CAMILA'),
(826, 'QUITO'),
(827, 'RAIMONDIA'),
(828, 'RAMALLO'),
(829, 'RAMIREZ'),
(830, 'RAMON LISTA'),
(831, 'RAMOS MEJIA'),
(832, 'RAMSAY'),
(10095, 'RANCHOS'),
(833, 'RATTI'),
(834, 'RAUCH'),
(835, 'RAWSON'),
(836, 'REALICO'),
(837, 'RECONQUISTA'),
(838, 'REILLY'),
(839, 'REMBRANDT'),
(840, 'REMEDIOS DE ESCALADA'),
(841, 'RENAN'),
(842, 'REPUBLIQUETAS'),
(843, 'RICALDON'),
(844, 'RICARDO BALBIN'),
(10076, 'RICARDO ROJAS'),
(846, 'RICCHIERI'),
(847, 'RICCIO'),
(10091, 'RICHIERI'),
(848, 'RICO'),
(1079, 'RIGANELLI'),
(849, 'RIGLOS'),
(10190, 'RIO CUARTO'),
(851, 'RIO DE JANEIRO'),
(852, 'RIO NEGRO'),
(2135, 'RIO TURBIO'),
(850, 'RIOBAMBA'),
(853, 'RIOJA'),
(854, 'RIPAMONTI'),
(856, 'RIVAROLA'),
(857, 'RIVAS'),
(858, 'RIVERA INDARTE'),
(2219, 'ROBERTO ARLT'),
(1099, 'ROCAMORA'),
(859, 'RODIN'),
(860, 'RODO'),
(70, 'RODRIGUEZ ANGEL'),
(861, 'RODRIGUEZ FLORES'),
(2041, 'RODRIGUEZ MIGUEL A.'),
(862, 'RODRIGUEZ PEÑA'),
(863, 'ROFFO'),
(864, 'ROJAS RICARDO'),
(865, 'ROLDAN'),
(2295, 'ROMANO GIULIO'),
(866, 'ROMERO'),
(867, 'RONDEAU'),
(868, 'ROSALES'),
(869, 'ROSARIO'),
(2095, 'ROSICH'),
(870, 'ROSSINI'),
(2092, 'RUBEN DARIO'),
(2103, 'RUGERIO BACON'),
(10066, 'RUTA 1003'),
(2139, 'RUTA 200 KILOMETRO'),
(2204, 'RUTA 7'),
(2142, 'RVDO.P.ANTONIO MERLO'),
(2137, 'RVDO.PADRE F.ESPINAL'),
(909, 'SA RGENTO CABRAL'),
(871, 'SAAVEDRA LAMAS'),
(875, 'SABATTINI AMADEO'),
(872, 'SADI CARNOT'),
(1053, 'SAENZ'),
(873, 'SAENZ PEÑA'),
(874, 'SALADA'),
(876, 'SALADILLO'),
(877, 'SALAS'),
(878, 'SALCEDO'),
(879, 'SALDIAS'),
(2156, 'SALEY TOMAS'),
(880, 'SALGARI'),
(881, 'SALGUERO'),
(882, 'SALOM'),
(883, 'SALTA'),
(1084, 'SALVADOR ROSSI'),
(10200, 'SALVIGNI'),
(884, 'SAMBOROMBOM'),
(1087, 'SAN A DEL CAMINO'),
(10110, 'SAN ALBERTO'),
(885, 'SAN ANTONIO'),
(886, 'SAN BENITO'),
(887, 'SAN BLAS'),
(10090, 'SAN CARLOS'),
(888, 'SAN FERNANDO'),
(889, 'SAN ISIDRO'),
(890, 'SAN JOSE'),
(2118, 'SAN JOSE OBRERO'),
(891, 'SAN JUAN'),
(10153, 'SAN JUSTO'),
(892, 'SAN LORENZO'),
(893, 'SAN LUIS'),
(894, 'SAN MARTIN'),
(10021, 'SAN PEDRO'),
(10209, 'SAN RAFAEL'),
(10183, 'SAN RAMON'),
(10208, 'SAN ROQUE'),
(10072, 'SAN SALVADOR'),
(895, 'SANABRIA'),
(10199, 'SANTA CATALINA'),
(896, 'SANTA ELENA'),
(897, 'SANTA FE'),
(898, 'SANTA ISABEL'),
(899, 'SANTA JULIA'),
(900, 'SANTA MARIA'),
(2126, 'SANTA ROSA'),
(901, 'SANTA TERESITA'),
(902, 'SANTANA'),
(903, 'SANTANDER'),
(904, 'SANTIAGO DEL ESTERO'),
(10016, 'SANTIAGO MONROE'),
(905, 'SANTIANO'),
(906, 'SANTO DE LA ESPADA'),
(907, 'SANTO DOMINGO'),
(679, 'SANTOS MOLINA PEDRO'),
(908, 'SARANDI'),
(2232, 'SARAVIA'),
(2039, 'SARAZA SATURNINO'),
(10042, 'SARGENTO CABRAL'),
(910, 'SARMIENTO'),
(911, 'SARRATEA'),
(2264, 'SAUGIL'),
(912, 'SAYOS'),
(947, 'SCALABRINI J.B.MONSE'),
(426, 'SCALABRINI ORTIZ R.'),
(914, 'SCHIAFFINO'),
(915, 'SCHUBERT'),
(35, 'SCHWEITZER ALBERT'),
(2143, 'SEBASTIAN EL CANO'),
(916, 'SEGUNDO SOMBRA'),
(917, 'SEGURA'),
(918, 'SEGUROLA'),
(919, 'SENECA'),
(920, 'SENET'),
(921, 'SENILLOSA'),
(2060, 'SEQUEIRA'),
(922, 'SERRANO'),
(10101, 'SIMON PEREZ'),
(10138, 'SIN NOMBRE'),
(923, 'SINCLAIR'),
(924, 'SIRELLI'),
(925, 'SIVORI'),
(2076, 'SOBERANIA'),
(10067, 'SOBREMONTE'),
(2007, 'SOCRATES'),
(926, 'SOLANET'),
(10132, 'SOLDADO DE LA INDEPENDENCIA'),
(10084, 'SOLDADO MOLINA'),
(927, 'SOLER'),
(928, 'SOLIS'),
(10055, 'SOLOM'),
(929, 'SOMELLERA'),
(930, 'SOPENA'),
(10089, 'SOULÉ'),
(931, 'STRAUSS'),
(2020, 'SUAREZ'),
(932, 'SUCRE'),
(933, 'SUD AMERICA'),
(934, 'SUECIA'),
(935, 'SUIPACHA'),
(936, 'SUIZA'),
(937, 'SULLIVAN ALEJANDRO'),
(2259, 'SUNCHALES'),
(938, 'SUPERI'),
(939, 'SUPPARO'),
(10147, 'TABLADA'),
(940, 'TABOADA'),
(941, 'TACUARI'),
(942, 'TAFI'),
(943, 'TAGLE'),
(944, 'TALA'),
(945, 'TALCAHUANO'),
(946, 'TAMARINDO'),
(948, 'TAPALQUE'),
(949, 'TARIJA'),
(950, 'TARTAGAL'),
(951, 'TASSO'),
(952, 'TELLIER'),
(1093, 'TEMPERLEY'),
(953, 'TEQUENDAMA'),
(954, 'TERAN'),
(955, 'TERRERO'),
(956, 'TERRY'),
(957, 'TIERRA DEL FUEGO'),
(1096, 'TIMBUES'),
(2163, 'TINOGASTA'),
(958, 'TIRADENTES'),
(959, 'TOAY'),
(961, 'TONELERO'),
(2034, 'TORNQUIST'),
(962, 'TORRENT'),
(963, 'TOSCANINI'),
(10082, 'TRADICION'),
(964, 'TRAFUL'),
(2174, 'TRANSITO COCOMAROLA'),
(966, 'TREINTA Y TRES'),
(967, 'TREJO'),
(968, 'TRELEW'),
(969, 'TRELLES'),
(970, 'TRENQUE LAUQUEN'),
(971, 'TRES ARROYOS'),
(10195, 'TRES DE FEBRERO'),
(972, 'TRES SARGENTOS'),
(973, 'TRIANA'),
(495, 'TRINIDAD'),
(975, 'TRIUNVIRATO'),
(2096, 'TRONADOR'),
(976, 'TRONGE'),
(977, 'TUCUMAN'),
(978, 'TUNEZ'),
(979, 'TUNUYAN'),
(980, 'TUPAC AMARU'),
(982, 'TUYUTI'),
(2045, 'UGARTE MANUEL'),
(983, 'UGARTECHE'),
(984, 'UNAMUNO'),
(985, 'UNANUE'),
(2033, 'UNIDAD POSTAL'),
(2176, 'UNO'),
(986, 'URDANETA'),
(2140, 'URDINARRAIN'),
(987, 'URIARTE'),
(988, 'URIEN'),
(989, 'URQUIZA'),
(990, 'URUGUAY'),
(991, 'USPALLATA'),
(1073, 'USUAHIA'),
(992, 'VACAREZZA'),
(993, 'VACCARO'),
(994, 'VALDERRAMA'),
(995, 'VALDEZ'),
(2141, 'VALDIVIA'),
(996, 'VALENTIN ALSINA'),
(997, 'VALENTIN GOMEZ'),
(2282, 'VALLEJOS JOSE'),
(998, 'VALPARAISO'),
(999, 'VARELA'),
(1000, 'VEGA'),
(1001, 'VELARDE'),
(1002, 'VELEZ SARSFIELD'),
(1003, 'VENANCIO FLORES'),
(1004, 'VENECIA'),
(1005, 'VENEZUELA'),
(10135, 'VENTURA BOCH'),
(10020, 'VENTURA BUSTOS'),
(1006, 'VERA'),
(10160, 'VERACRUZ'),
(1007, 'VERDI'),
(10022, 'VERGARA'),
(1009, 'VERNET'),
(59, 'VESPUCIO AMERICO'),
(1012, 'VIAMONTE'),
(2100, 'VICARIO DE MERLO'),
(1013, 'VICENTE LOPEZ'),
(1014, 'VICTOR HUGO'),
(1015, 'VICTOR MERCANTE'),
(1016, 'VICTORIA'),
(1017, 'VICTORIANO LOZA'),
(2162, 'VIDELA'),
(1018, 'VIDT'),
(1019, 'VIEDMA'),
(1020, 'VIENA'),
(1021, 'VIEYTES'),
(1022, 'VIGIL'),
(1072, 'VILCAPUCIO'),
(2134, 'VILELA'),
(10168, 'VILLA BOSCH'),
(10211, 'VILLA DE LUJAN'),
(1088, 'VILLAFAÑE'),
(2124, 'VINARA'),
(1023, 'VIRASORO'),
(331, 'VIRGEN DE COPACABANA'),
(2008, 'VIRGILIO'),
(10162, 'VIRREY AVILÉS'),
(1024, 'VIRREY DEL PINO'),
(10125, 'VITO DUMAS'),
(1025, 'VOLTA'),
(2015, 'VOLTAIRE'),
(10228, 'VUCETICH'),
(1026, 'WARNES'),
(1027, 'WASHINGTON'),
(1028, 'WILDE'),
(10109, 'WILLIANS MORRIS'),
(1029, 'YAPEYU'),
(1030, 'YATAY'),
(1031, 'YEGROS'),
(10052, 'YERBAL'),
(2072, 'YPIRANGA'),
(1032, 'ZABALA'),
(1033, 'ZABALETA'),
(2164, 'ZAMUDIO'),
(1034, 'ZAPALA'),
(2028, 'ZAPALERI'),
(1035, 'ZAPATA'),
(1036, 'ZAPIOLA'),
(1037, 'ZARATE'),
(1038, 'ZARRAGA'),
(1039, 'ZARRATEA'),
(1040, 'ZAVALIA'),
(1041, 'ZELADA'),
(1042, 'ZINNY'),
(1043, 'ZORRILLA'),
(1044, 'ZUVIRIA');

-- --------------------------------------------------------

--
-- Estructura de tabla para la tabla `datosPersonales`
--

CREATE TABLE `datosPersonales` (
  `id` int(11) NOT NULL,
  `fecha` datetime NOT NULL DEFAULT CURRENT_TIMESTAMP,
  `nombre` varchar(55) COLLATE utf8_spanish_ci NOT NULL,
  `apellido` varchar(100) COLLATE utf8_spanish_ci NOT NULL,
  `idSexo` int(11) NOT NULL,
  `idEstadoCivil` int(11) NOT NULL,
  `dni` int(8) NOT NULL,
  `telCelular` varchar(15) COLLATE utf8_spanish_ci NOT NULL,
  `telFijo` int(15) NOT NULL,
  `idDireccion` int(11) NOT NULL
) ENGINE=InnoDB DEFAULT CHARSET=utf8 COLLATE=utf8_spanish_ci;

--
-- Volcado de datos para la tabla `datosPersonales`
--

INSERT INTO `datosPersonales` (`id`, `fecha`, `nombre`, `apellido`, `idSexo`, `idEstadoCivil`, `dni`, `telCelular`, `telFijo`, `idDireccion`) VALUES
(1, '2018-06-21 11:13:13', 'luis', 'vega', 2, 1, 33667241, '2204977335', 1562478566, 1),
(4, '2018-06-21 12:29:57', 'matias', 'greco', 2, 1, 123456, '123645', 123345, 4),
(5, '2018-06-21 12:35:18', 'matias', 'greco', 2, 1, 123456, '123645', 123345, 5),
(6, '2018-06-21 12:36:26', 'matias', 'greco', 2, 1, 123456, '123645', 123345, 6),
(7, '2018-06-21 12:37:41', 'matias', 'greco', 2, 1, 123456, '123645', 123345, 7),
(8, '2018-06-21 12:37:49', 'matias', 'greco', 2, 1, 123456, '123645', 123345, 8),
(9, '2018-06-21 12:37:59', 'matias', 'greco', 2, 1, 123456, '123645', 123345, 9),
(10, '2018-06-21 12:38:16', 'matias', 'greco', 2, 1, 123456, '123645', 123345, 10),
(11, '2018-06-21 12:38:59', 'matias', 'greco', 2, 1, 123456, '123645', 123345, 11),
(12, '2018-06-21 12:39:07', 'matias', 'greco', 2, 1, 123456, '123645', 123345, 12);

-- --------------------------------------------------------

--
-- Estructura de tabla para la tabla `domicilios`
--

CREATE TABLE `domicilios` (
  `id` int(11) NOT NULL,
  `fecha` timestamp NOT NULL DEFAULT CURRENT_TIMESTAMP,
  `id_calle` int(11) NOT NULL,
  `numero` int(6) NOT NULL,
  `id_partido` int(11) NOT NULL
) ENGINE=InnoDB DEFAULT CHARSET=latin1;

--
-- Volcado de datos para la tabla `domicilios`
--

INSERT INTO `domicilios` (`id`, `fecha`, `id_calle`, `numero`, `id_partido`) VALUES
(1, '2018-06-21 14:13:13', 213, 2214, 82),
(2, '2018-06-21 14:15:01', 416, 123, 55),
(4, '2018-06-21 15:29:57', 5, 1234, 82),
(5, '2018-06-21 15:35:18', 5, 1234, 82),
(6, '2018-06-21 15:36:25', 5, 1234, 82),
(7, '2018-06-21 15:37:41', 5, 1234, 82),
(8, '2018-06-21 15:37:49', 5, 1234, 82),
(9, '2018-06-21 15:37:59', 5, 1234, 82),
(10, '2018-06-21 15:38:16', 5, 1234, 82),
(11, '2018-06-21 15:38:59', 5, 1234, 82),
(12, '2018-06-21 15:39:07', 5, 1234, 82);

-- --------------------------------------------------------

--
-- Estructura de tabla para la tabla `estadosCiviles`
--

CREATE TABLE `estadosCiviles` (
  `id` int(11) NOT NULL,
  `fecha` timestamp NOT NULL DEFAULT CURRENT_TIMESTAMP,
  `nombre` varchar(100) COLLATE utf8_spanish_ci NOT NULL
) ENGINE=InnoDB DEFAULT CHARSET=utf8 COLLATE=utf8_spanish_ci;

--
-- Volcado de datos para la tabla `estadosCiviles`
--

INSERT INTO `estadosCiviles` (`id`, `fecha`, `nombre`) VALUES
(1, '2018-06-20 23:28:52', 'Soltera/o'),
(2, '2018-06-20 23:29:03', 'Casada/o'),
(3, '2018-06-20 23:38:03', 'Divorciada/o'),
(4, '2018-06-20 23:39:57', 'Viuda/o');

-- --------------------------------------------------------

--
-- Estructura de tabla para la tabla `estudios`
--

CREATE TABLE `estudios` (
  `id` int(11) NOT NULL,
  `fecha` timestamp NOT NULL DEFAULT CURRENT_TIMESTAMP,
  `idDatoPersonal` int(11) NOT NULL,
  `casaEstudio` varchar(255) COLLATE utf8_spanish_ci NOT NULL,
  `nivel` varchar(255) COLLATE utf8_spanish_ci NOT NULL,
  `especialidad` varchar(255) COLLATE utf8_spanish_ci NOT NULL,
  `desde` datetime NOT NULL,
  `hasta` datetime NOT NULL
) ENGINE=InnoDB DEFAULT CHARSET=utf8 COLLATE=utf8_spanish_ci;

--
-- Volcado de datos para la tabla `estudios`
--

INSERT INTO `estudios` (`id`, `fecha`, `idDatoPersonal`, `casaEstudio`, `nivel`, `especialidad`, `desde`, `hasta`) VALUES
(1, '2018-06-21 14:13:13', 1, 'isft 177', 'terciario', 'sistemas', '2014-02-01 00:00:00', '2016-11-01 00:00:00'),
(4, '2018-06-21 15:29:57', 4, 'isft 172', 'terciario', 'sistemas', '2018-06-01 00:00:00', '2018-06-01 00:00:00'),
(5, '2018-06-21 15:35:18', 5, 'isft 172', 'terciario', 'sistemas', '2018-06-01 00:00:00', '2018-06-01 00:00:00'),
(6, '2018-06-21 15:36:26', 6, 'isft 172', 'terciario', 'sistemas', '2018-06-01 00:00:00', '2018-06-01 00:00:00'),
(7, '2018-06-21 15:37:41', 7, 'isft 172', 'terciario', 'sistemas', '2018-06-01 00:00:00', '2018-06-01 00:00:00'),
(8, '2018-06-21 15:37:49', 8, 'isft 172', 'terciario', 'sistemas', '2018-06-01 00:00:00', '2018-06-01 00:00:00'),
(9, '2018-06-21 15:37:59', 9, 'isft 172', 'terciario', 'sistemas', '2018-06-01 00:00:00', '2018-06-01 00:00:00'),
(10, '2018-06-21 15:38:16', 10, 'isft 172', 'terciario', 'sistemas', '2018-06-01 00:00:00', '2018-06-01 00:00:00'),
(11, '2018-06-21 15:38:59', 11, 'isft 172', 'terciario', 'sistemas', '2018-06-01 00:00:00', '2018-06-01 00:00:00'),
(12, '2018-06-21 15:39:07', 12, 'isft 172', 'terciario', 'sistemas', '2018-06-01 00:00:00', '2018-06-01 00:00:00');

-- --------------------------------------------------------

--
-- Estructura de tabla para la tabla `experienciasLaborales`
--

CREATE TABLE `experienciasLaborales` (
  `id` int(11) NOT NULL,
  `fecha` timestamp NOT NULL DEFAULT CURRENT_TIMESTAMP,
  `idDatoPersonal` int(11) NOT NULL,
  `empresa` varchar(255) COLLATE utf8_spanish_ci NOT NULL,
  `actividadEmpresa` varchar(255) COLLATE utf8_spanish_ci NOT NULL,
  `puesto` varchar(255) COLLATE utf8_spanish_ci NOT NULL,
  `nivel` varchar(255) COLLATE utf8_spanish_ci NOT NULL,
  `pais` varchar(255) COLLATE utf8_spanish_ci NOT NULL,
  `desde` varchar(10) COLLATE utf8_spanish_ci NOT NULL,
  `hasta` varchar(10) COLLATE utf8_spanish_ci NOT NULL,
  `areaPuesto` varchar(255) COLLATE utf8_spanish_ci NOT NULL,
  `descripcion` text COLLATE utf8_spanish_ci NOT NULL,
  `aCargo` int(5) NOT NULL,
  `referencia` varchar(255) COLLATE utf8_spanish_ci NOT NULL
) ENGINE=InnoDB DEFAULT CHARSET=utf8 COLLATE=utf8_spanish_ci;

--
-- Volcado de datos para la tabla `experienciasLaborales`
--

INSERT INTO `experienciasLaborales` (`id`, `fecha`, `idDatoPersonal`, `empresa`, `actividadEmpresa`, `puesto`, `nivel`, `pais`, `desde`, `hasta`, `areaPuesto`, `descripcion`, `aCargo`, `referencia`) VALUES
(1, '2018-06-21 14:13:13', 1, 'telecentro', 'telecomunicaciones', 'noc', '', 'argentina', '2010-03-01', '2015-05-01', 'soporte tecnico', 'tareas tecnicas', 0, 'foppy'),
(3, '2018-06-21 14:13:13', 1, 'telecentro', 'telecomunicaciones', 'noc', '', 'argentina', '2010-03-01', '2015-05-01', 'soporte tecnico', 'tareas tecnicas', 0, 'foppy'),
(5, '2018-06-21 15:29:57', 4, 'telistemas', 'redes', 'soporte', '', 'argentina', '2014-01-01', '2014-05-01', 'soporte', 'soporte', 0, 'pedro'),
(6, '2018-06-21 15:35:18', 5, 'telistemas', 'redes', 'soporte', '', 'argentina', '2014-01-01', '2014-05-01', 'soporte', 'soporte', 0, 'pedro'),
(7, '2018-06-21 15:36:26', 6, 'telistemas', 'redes', 'soporte', '', 'argentina', '2014-01-01', '2014-05-01', 'soporte', 'soporte', 0, 'pedro'),
(8, '2018-06-21 15:38:59', 1, 'telistemas', 'redes', 'soporte', '', 'argentina', '2014-01-01', '2014-05-01', 'soporte', 'soporte', 0, 'pedro'),
(9, '2018-06-21 15:39:07', 1, 'telistemas', 'redes', 'soporte', '', 'argentina', '2014-01-01', '2014-05-01', 'soporte', 'soporte', 0, 'pedro');

-- --------------------------------------------------------

--
-- Estructura de tabla para la tabla `idiomas`
--

CREATE TABLE `idiomas` (
  `id` int(11) NOT NULL,
  `fecha` timestamp NOT NULL DEFAULT CURRENT_TIMESTAMP,
  `idDatoPersonal` int(11) NOT NULL,
  `idioma` varchar(150) COLLATE utf8_spanish_ci NOT NULL,
  `oral` int(1) NOT NULL,
  `escrito` int(1) NOT NULL
) ENGINE=InnoDB DEFAULT CHARSET=utf8 COLLATE=utf8_spanish_ci;

--
-- Volcado de datos para la tabla `idiomas`
--

INSERT INTO `idiomas` (`id`, `fecha`, `idDatoPersonal`, `idioma`, `oral`, `escrito`) VALUES
(1, '2018-06-21 14:13:13', 1, 'ingles', 1, 3),
(4, '2018-06-21 15:29:57', 4, 'ingles', 1, 1),
(5, '2018-06-21 15:35:18', 5, 'ingles', 1, 1),
(6, '2018-06-21 15:36:26', 6, 'ingles', 1, 1),
(7, '2018-06-21 15:37:41', 7, 'ingles', 1, 1),
(8, '2018-06-21 15:37:49', 8, 'ingles', 1, 1),
(9, '2018-06-21 15:37:59', 9, 'ingles', 1, 1),
(10, '2018-06-21 15:38:16', 10, 'ingles', 1, 1),
(11, '2018-06-21 15:38:59', 11, 'ingles', 1, 1),
(12, '2018-06-21 15:39:07', 12, 'ingles', 1, 1);

-- --------------------------------------------------------

--
-- Estructura de tabla para la tabla `objetivosLaborales`
--

CREATE TABLE `objetivosLaborales` (
  `id` int(11) NOT NULL,
  `fecha` timestamp NOT NULL DEFAULT CURRENT_TIMESTAMP,
  `idDatoPersonal` int(11) NOT NULL,
  `objetivo` text COLLATE utf8_spanish_ci NOT NULL
) ENGINE=InnoDB DEFAULT CHARSET=utf8 COLLATE=utf8_spanish_ci;

--
-- Volcado de datos para la tabla `objetivosLaborales`
--

INSERT INTO `objetivosLaborales` (`id`, `fecha`, `idDatoPersonal`, `objetivo`) VALUES
(1, '2018-06-21 14:13:13', 1, 'crecimiento personal'),
(4, '2018-06-21 15:29:57', 4, 'prueba'),
(5, '2018-06-21 15:35:18', 5, 'prueba'),
(6, '2018-06-21 15:36:26', 6, 'prueba'),
(7, '2018-06-21 15:37:41', 7, 'prueba'),
(8, '2018-06-21 15:37:49', 8, 'prueba'),
(9, '2018-06-21 15:37:59', 9, 'prueba'),
(10, '2018-06-21 15:38:16', 10, 'prueba'),
(11, '2018-06-21 15:38:59', 11, 'prueba'),
(12, '2018-06-21 15:39:07', 12, 'prueba');

-- --------------------------------------------------------

--
-- Estructura de tabla para la tabla `paises`
--

CREATE TABLE `paises` (
  `id` int(3) NOT NULL,
  `nombre` varchar(50) CHARACTER SET utf8 COLLATE utf8_spanish_ci NOT NULL
) ENGINE=InnoDB DEFAULT CHARSET=latin1;

--
-- Volcado de datos para la tabla `paises`
--

INSERT INTO `paises` (`id`, `nombre`) VALUES
(1, 'AFGANISTÁN'),
(2, 'ALBANIA'),
(3, 'ALEMANIA'),
(4, 'ANDORRA'),
(5, 'ANGOLA'),
(6, 'ANTIGUA Y BARBUDA'),
(7, 'ARABIA SAUDITA'),
(8, 'ARGELIA'),
(9, 'ARGENTINA'),
(10, 'ARMENIA'),
(11, 'AUSTRALIA'),
(12, 'AUSTRIA'),
(13, 'AZERBAIYÁN'),
(14, 'BAHAMAS'),
(15, 'BANGLADÉS'),
(16, 'BARBADOS'),
(17, 'BARÉIN'),
(18, 'BÉLGICA'),
(19, 'BELICE'),
(20, 'BENÍN'),
(21, 'BIELORRUSIA'),
(22, 'BIRMANIA'),
(23, 'BOLIVIA'),
(24, 'BOSNIA-HERZEGOVINA'),
(25, 'BOTSUANA'),
(26, 'BRASIL'),
(27, 'BRUNÉI'),
(28, 'BULGARIA'),
(29, 'BURKINA FASO'),
(30, 'BURUNDI'),
(31, 'BUTÁN'),
(32, 'CABO VERDE'),
(33, 'CAMBOYA'),
(34, 'CAMERÚN'),
(35, 'CANADÁ'),
(36, 'CATAR'),
(37, 'CHAD'),
(38, 'CHILE'),
(39, 'CHINA'),
(40, 'CHIPRE'),
(41, 'COLOMBIA'),
(42, 'COMORAS'),
(43, 'CONGO'),
(44, 'COREA DEL NORTE'),
(45, 'COREA DEL SUR'),
(46, 'COSTA DE MARFIL'),
(47, 'COSTA RICA'),
(48, 'CROACIA'),
(49, 'CUBA'),
(50, 'DINAMARCA'),
(51, 'DOMINICA'),
(52, 'ECUADOR'),
(53, 'EGIPTO'),
(54, 'EL SALVADOR'),
(55, 'EMIRATOS ÁRABES UNIDOS'),
(56, 'ERITREA'),
(57, 'ESLOVAQUIA'),
(58, 'ESLOVENIA'),
(59, 'ESPAÑA'),
(60, 'ESTADOS UNIDOS'),
(61, 'ESTONIA'),
(62, 'ETIOPÍA'),
(63, 'FILIPINAS'),
(64, 'FINLANDIA'),
(65, 'FIYI'),
(66, 'FRANCIA'),
(67, 'GABÓN'),
(68, 'GAMBIA'),
(69, 'GEORGIA'),
(70, 'GHANA'),
(71, 'GRANADA'),
(72, 'GRECIA'),
(73, 'GUATEMALA'),
(74, 'GUINEA'),
(75, 'GUINEA ECUATORIAL'),
(76, 'GUINEA-BISÁU'),
(77, 'GUYANA'),
(78, 'HAITÍ'),
(79, 'HONDURAS'),
(80, 'HUNGRÍA'),
(81, 'INDIA'),
(82, 'INDONESIA'),
(83, 'IRAK'),
(84, 'IRÁN'),
(85, 'IRLANDA'),
(86, 'ISLANDIA'),
(87, 'ISLAS MARSHALL'),
(88, 'ISLAS SALOMÓN'),
(89, 'ISRAEL'),
(90, 'ITALIA'),
(91, 'JAMAICA'),
(92, 'JAPÓN'),
(93, 'JORDANIA'),
(94, 'KAZAJISTÁN'),
(95, 'KENIA'),
(96, 'KIRGUISTÁN'),
(97, 'KIRIBATI'),
(98, 'KOSOVO'),
(99, 'KUWAIT'),
(100, 'LAOS'),
(101, 'LESOTO'),
(102, 'LETONIA'),
(103, 'LÍBANO'),
(104, 'LIBERIA'),
(105, 'LIBIA'),
(106, 'LIECHTENSTEIN'),
(107, 'LITUANIA'),
(108, 'LUXEMBURGO'),
(109, 'MACEDONIA'),
(110, 'MADAGASCAR'),
(111, 'MALASIA'),
(112, 'MALAUI'),
(113, 'MALDIVAS'),
(114, 'MALÍ'),
(115, 'MALTA'),
(116, 'MARRUECOS'),
(117, 'MAURICIO'),
(118, 'MAURITANIA'),
(119, 'MÉXICO'),
(120, 'MICRONESIA'),
(121, 'MOLDAVIA'),
(122, 'MÓNACO'),
(123, 'MONGOLIA'),
(124, 'MONTENEGRO'),
(125, 'MOZAMBIQUE'),
(126, 'NAMIBIA'),
(127, 'NAURU'),
(128, 'NEPAL'),
(129, 'NICARAGUA'),
(130, 'NÍGER'),
(131, 'NIGERIA'),
(132, 'NORUEGA'),
(133, 'NUEVA ZELANDA'),
(134, 'OMÁN'),
(135, 'PAÍSES BAJOS'),
(136, 'PAKISTÁN'),
(137, 'PALAOS'),
(138, 'PALESTINA'),
(139, 'PANAMÁ'),
(140, 'PAPÚA NUEVA GUINEA'),
(141, 'PARAGUAY'),
(142, 'PERÚ'),
(143, 'POLONIA'),
(144, 'PORTUGAL'),
(145, 'REINO UNIDO'),
(146, 'REPÚBLICA CENTROAFRICANA'),
(147, 'REPÚBLICA CHECA'),
(148, 'REPÚBLICA DEMOCRÁTICA DEL CONGO'),
(149, 'REPÚBLICA DOMINICANA'),
(150, 'RUANDA'),
(151, 'RUMANIA'),
(152, 'RUSIA'),
(153, 'SAMOA'),
(154, 'SAN CRISTÓBAL Y NIEVES'),
(155, 'SAN MARINO'),
(156, 'SAN VICENTE Y LAS GRANADINAS'),
(157, 'SANTA LUCÍA'),
(158, 'SANTO TOMÉ Y PRÍNCIPE'),
(159, 'SENEGAL'),
(160, 'SERBIA'),
(161, 'SEYCHELLES'),
(162, 'SIERRA LEONA'),
(163, 'SINGAPUR'),
(164, 'SIRIA'),
(165, 'SOMALIA'),
(166, 'SRI LANKA'),
(167, 'SUAZILANDIA'),
(168, 'SUDÁFRICA'),
(169, 'SUDÁN'),
(170, 'SUDÁN DEL SUR'),
(171, 'SUECIA'),
(172, 'SUIZA'),
(173, 'SURINAM'),
(174, 'TAILANDIA'),
(175, 'TAIWÁN'),
(176, 'TANZANIA'),
(177, 'TAYIKISTÁN'),
(178, 'TIMOR ORIENTAL'),
(179, 'TOGO'),
(180, 'TONGA'),
(181, 'TRINIDAD Y TOBAGO'),
(182, 'TÚNEZ'),
(183, 'TURKMENISTÁN'),
(184, 'TURQUÍA'),
(185, 'TUVALU'),
(186, 'UCRANIA'),
(187, 'UGANDA'),
(188, 'URUGUAY'),
(189, 'UZBEKISTÁN'),
(190, 'VANUATU'),
(191, 'VATICANO'),
(192, 'VENEZUELA'),
(193, 'VIETNAM'),
(194, 'YEMEN'),
(195, 'YIBUTI'),
(196, 'ZAMBIA'),
(197, 'ZIMBABUE');

-- --------------------------------------------------------

--
-- Estructura de tabla para la tabla `partidos`
--

CREATE TABLE `partidos` (
  `id` int(11) NOT NULL,
  `id_provincia` int(2) NOT NULL,
  `nombre` varchar(100) NOT NULL
) ENGINE=InnoDB DEFAULT CHARSET=latin1;

--
-- Volcado de datos para la tabla `partidos`
--

INSERT INTO `partidos` (`id`, `id_provincia`, `nombre`) VALUES
(1, 1, 'ADOLFO ALSINA'),
(2, 1, 'ADOLFO GONZALES CHAVES'),
(523, 1, 'AHEDO'),
(3, 1, 'ALBERTI'),
(4, 1, 'ALMIRANTE BROWN'),
(5, 1, 'ARRECIFES'),
(6, 1, 'AVELLANEDA'),
(7, 1, 'AYACUCHO'),
(8, 1, 'AZUL'),
(9, 1, 'BAHÍA BLANCA'),
(10, 1, 'BALCARCE'),
(11, 1, 'BARADERO'),
(12, 1, 'BENITO JUÁREZ'),
(13, 1, 'BERAZATEGUI'),
(14, 1, 'BERISSO'),
(15, 1, 'BOLÍVAR'),
(16, 1, 'BRAGADO'),
(17, 1, 'BRANDSEN'),
(611, 1, 'CABA'),
(18, 1, 'CAMPANA'),
(19, 1, 'CAÑUELAS'),
(514, 1, 'CAPITAL FEDERAL'),
(20, 1, 'CAPITÁN SARMIENTO CARLOS'),
(21, 1, 'CARLOS CASARES'),
(22, 1, 'CARLOS TEJEDOR'),
(23, 1, 'CARMEN DE ARECO'),
(567, 1, 'CASTELAR'),
(24, 1, 'CASTELLI'),
(25, 1, 'CHACABUCO'),
(26, 1, 'CHASCOMÚS'),
(27, 1, 'CHIVILCOY'),
(634, 1, 'CIUDADELA'),
(28, 1, 'COLÓN'),
(29, 1, 'CORONEL DE MARINA LEONARDO ROSALES'),
(30, 1, 'CORONEL DORREGO'),
(31, 1, 'CORONEL PRINGLES'),
(32, 1, 'CORONEL SUÁREZ'),
(33, 1, 'DAIREAUX'),
(34, 1, 'DOLORES'),
(648, 1, 'DON BOSCO'),
(35, 1, 'ENSENADA'),
(36, 1, 'ESCOBAR'),
(37, 1, 'ESTEBAN ECHEVERRÍA'),
(38, 1, 'EXALTACIÓN DE LA CRUZ'),
(39, 1, 'EZEIZA'),
(40, 1, 'FLORENCIO VARELA'),
(41, 1, 'FLORENTINO AMEGHINO'),
(42, 1, 'GENERAL ALVARADO'),
(43, 1, 'GENERAL ALVEAR'),
(44, 1, 'GENERAL ARENALES'),
(45, 1, 'GENERAL BELGRANO'),
(46, 1, 'GENERAL GUIDO'),
(47, 1, 'GENERAL JUAN MADARIAGA'),
(48, 1, 'GENERAL LA MADRID'),
(49, 1, 'GENERAL LAS HERAS'),
(50, 1, 'GENERAL LAVALLE'),
(51, 1, 'GENERAL PAZ'),
(52, 1, 'GENERAL PINTO'),
(53, 1, 'GENERAL PUEYRREDÓN'),
(54, 1, 'GENERAL RODRÍGUEZ'),
(55, 1, 'GENERAL SAN MARTÍN'),
(56, 1, 'GENERAL VIAMONTE'),
(57, 1, 'GENERAL VILLEGAS'),
(58, 1, 'GUAMINÍ'),
(632, 1, 'HAEDO'),
(600, 1, 'HENDERSON'),
(59, 1, 'HIPÓLITO YRIGOYEN'),
(60, 1, 'HURLINGHAM'),
(601, 1, 'ISIDRO CASANOVA'),
(61, 1, 'ITUZAINGÓ'),
(62, 1, 'JOSÉ C. PAZ'),
(63, 1, 'JUNÍN'),
(64, 1, 'LA COSTA'),
(65, 1, 'LA MATANZA'),
(67, 1, 'LA PLATA'),
(66, 1, 'LANÚS'),
(68, 1, 'LAPRIDA'),
(69, 1, 'LAS FLORES'),
(70, 1, 'LEANDRO N. ALEM'),
(71, 1, 'LINCOLN'),
(72, 1, 'LOBERÍA'),
(73, 1, 'LOBOS'),
(74, 1, 'LOMAS DE ZAMORA'),
(75, 1, 'LUJÁN'),
(76, 1, 'MAGDALENA'),
(77, 1, 'MAIPÚ'),
(78, 1, 'MALVINAS ARGENTINAS'),
(79, 1, 'MAR CHIQUITA'),
(690, 1, 'MAR DEL PLATA'),
(80, 1, 'MARCOS PAZ'),
(585, 1, 'MATANZA'),
(81, 1, 'MERCEDES'),
(82, 1, 'MERLO'),
(83, 1, 'MONTE'),
(84, 1, 'MONTE HERMOSO'),
(85, 1, 'MORENO'),
(86, 1, 'MORÓN'),
(87, 1, 'NAVARRO'),
(88, 1, 'NECOCHEA'),
(89, 1, 'NUEVE DE JULIO (9 DE JULIO)'),
(90, 1, 'OLAVARRÍA'),
(562, 1, 'PADUA'),
(661, 1, 'PARTIDO GENERAL PUERREDON'),
(91, 1, 'PATAGONES'),
(92, 1, 'PEHUAJÓ'),
(93, 1, 'PELLEGRINI'),
(94, 1, 'PERGAMINO'),
(95, 1, 'PILA'),
(96, 1, 'PILAR'),
(97, 1, 'PINAMAR'),
(519, 1, 'PONTEVEDRA'),
(98, 1, 'PRESIDENTE PERÓN'),
(99, 1, 'PUAN'),
(100, 1, 'PUNTA INDIO'),
(101, 1, 'QUILMES'),
(102, 1, 'RAMALLO'),
(631, 1, 'RAMOS MEJÍA'),
(103, 1, 'RAUCH'),
(104, 1, 'RIVADAVIA'),
(105, 1, 'ROJAS'),
(106, 1, 'ROQUE PÉREZ'),
(107, 1, 'SAAVEDRA'),
(108, 1, 'SALADILLO'),
(109, 1, 'SALLIQUELÓ'),
(110, 1, 'SALTO'),
(111, 1, 'SAN ANDRÉS DE GILES'),
(112, 1, 'SAN ANTONIO DE ARECO'),
(113, 1, 'SAN CAYETANO'),
(114, 1, 'SAN FERNANDO'),
(115, 1, 'SAN ISIDRO'),
(553, 1, 'SAN MARTIN'),
(116, 1, 'SAN MIGUEL'),
(117, 1, 'SAN NICOLÁS'),
(118, 1, 'SAN PEDRO'),
(119, 1, 'SAN VICENTE'),
(120, 1, 'SUIPACHA'),
(121, 1, 'TANDIL'),
(122, 1, 'TAPALQUÉ'),
(123, 1, 'TIGRE'),
(124, 1, 'TORDILLO'),
(125, 1, 'TORNQUIST'),
(126, 1, 'TRENQUE LAUQUEN'),
(127, 1, 'TRES ARROYOS'),
(128, 1, 'TRES DE FEBRERO'),
(129, 1, 'TRES LOMAS'),
(628, 1, 'VALENTINA ALSINA'),
(130, 1, 'VEINTICINCO DE MAYO (25 DE MAYO)'),
(131, 1, 'VICENTE LÓPEZ'),
(132, 1, 'VILLA GESELL'),
(627, 1, 'VILLA MARTELLI'),
(515, 1, 'VILLA SARMIENTO'),
(535, 1, 'VILLA TESEI'),
(133, 1, 'VILLARINO'),
(134, 1, 'ZÁRATE'),
(135, 2, 'AMBATO'),
(136, 2, 'ANCASTI'),
(137, 2, 'ANDALGALÁ'),
(138, 2, 'ANTOFAGASTA DE LA SIERRA'),
(139, 2, 'BELÉN'),
(140, 2, 'CAPAYÁN'),
(141, 2, 'CAPITAL'),
(142, 2, 'EL ALTO'),
(143, 2, 'FRAY MAMERTO ESQUIÚ'),
(144, 2, 'LA PAZ'),
(145, 2, 'PACLÍN'),
(146, 2, 'POMÁN'),
(549, 2, 'SAN FERNANDO DEL VALLE DE CATAMARCA'),
(147, 2, 'SANTA MARÍA'),
(148, 2, 'SANTA ROSA'),
(149, 2, 'TINOGASTA'),
(150, 2, 'VALLE VIEJO'),
(151, 3, 'ALMIRANTE BROWN'),
(524, 3, 'BARRANQUERA'),
(152, 3, 'BERMEJO'),
(653, 3, 'CAMPO LARGO'),
(153, 3, 'CHACABUCO'),
(531, 3, 'CHARATA'),
(154, 3, 'COMANDANTE FERNÁNDEZ'),
(155, 3, 'DOCE DE OCTUBRE (12 DE OCTUBRE)'),
(156, 3, 'DOS DE ABRIL (2 DE ABRIL)'),
(157, 3, 'FRAY JUSTO SANTA MARÍA DE ORO'),
(158, 3, 'GENERAL BELGRANO'),
(159, 3, 'GENERAL DONOVAN'),
(160, 3, 'GENERAL GüEMES'),
(641, 3, 'GONZALEZ CATAN'),
(538, 3, 'HERMOSO CAMPO'),
(161, 3, 'INDEPENDENCIA'),
(560, 3, 'LA CLOTILDE'),
(517, 3, 'LAS BREÑAS'),
(162, 3, 'LIBERTAD'),
(163, 3, 'LIBERTADOR GENERAL SAN MARTÍN'),
(164, 3, 'MAIPÚ'),
(165, 3, 'MAYOR LUIS JORGE FONTANA'),
(166, 3, 'NUEVE DE JULIO (9 DE JULIO)'),
(167, 3, 'O´HIGGINS'),
(168, 3, 'PRESIDENCIA DE LA PLAZA'),
(169, 3, 'PRIMERO DE MAYO (1º DE MAYO)'),
(593, 3, 'PUERTO TIROL'),
(170, 3, 'QUITILIPI'),
(596, 3, 'RESISTENCIA'),
(551, 3, 'SAENZ PEÑA'),
(171, 3, 'SAN FERNANDO'),
(172, 3, 'SAN LORENZO'),
(597, 3, 'SANTA SYLVINA'),
(173, 3, 'SARGENTO CABRAL'),
(174, 3, 'TAPENAGÁ'),
(176, 4, 'BIEDMA'),
(177, 4, 'CUSHAMEN'),
(178, 4, 'ESCALANTE'),
(179, 4, 'FLORENTINO AMEGHINO'),
(180, 4, 'FUTALEUFÚ'),
(181, 4, 'GAIMAN'),
(182, 4, 'GASTRE'),
(183, 4, 'LANGUIÑEO'),
(184, 4, 'MÁRTIRES'),
(185, 4, 'PASO DE INDIOS'),
(186, 4, 'RAWSON'),
(187, 4, 'RÍO SENGUER'),
(188, 4, 'SARMIENTO'),
(189, 4, 'TEHUELCHES'),
(190, 4, 'TELSEN'),
(175, 4, 'VEINTICINCO DE MAYO (25 DE MAYO)'),
(191, 5, 'CALAMUCHITA'),
(668, 5, 'CAMPILLO.'),
(192, 5, 'CAPITAL'),
(193, 5, 'COLÓN'),
(194, 5, 'CRUZ DEL EJE'),
(620, 5, 'DESPEÑADEROS'),
(195, 5, 'GENERAL ROCA'),
(196, 5, 'GENERAL SAN MARTÍN'),
(197, 5, 'ISCHILÍN'),
(198, 5, 'JUÁREZ CELMAN'),
(199, 5, 'MARCOS JUÁREZ'),
(200, 5, 'MINAS'),
(636, 5, 'OLIVA PCI. CORDOBA'),
(637, 5, 'OLIVA PCIA.'),
(201, 5, 'POCHO'),
(202, 5, 'PRESIDENTE ROQUE SÁENZ PEÑA'),
(203, 5, 'PUNILLA'),
(204, 5, 'RÍO CUARTO'),
(205, 5, 'RÍO PRIMERO'),
(206, 5, 'RÍO SECO'),
(207, 5, 'RÍO SEGUNDO'),
(681, 5, 'SALSIPUEDES'),
(208, 5, 'SAN ALBERTO'),
(209, 5, 'SAN JAVIER'),
(210, 5, 'SAN JUSTO'),
(211, 5, 'SANTA MARÍA'),
(212, 5, 'SOBREMONTE'),
(213, 5, 'TERCERO ARRIBA'),
(214, 5, 'TOTORAL'),
(215, 5, 'TULUMBA'),
(216, 5, 'UNIÓN'),
(685, 5, 'VILLA CARLOS PAZ'),
(217, 6, 'BELLA VISTA'),
(218, 6, 'BERÓN DE ASTRADA'),
(219, 6, 'CAPITAL'),
(220, 6, 'CONCEPCIÓN'),
(221, 6, 'CURUZÚ CUATIÁ'),
(222, 6, 'EMPEDRADO'),
(223, 6, 'ESQUINA'),
(224, 6, 'GENERAL ALVEAR'),
(225, 6, 'GENERAL PAZ'),
(618, 6, 'GOBERNADOR VALENTIN VIRASORO'),
(226, 6, 'GOYA'),
(227, 6, 'ITATÍ'),
(228, 6, 'ITUZAINGÓ'),
(229, 6, 'LAVALLE'),
(230, 6, 'MBURUCUYÁ'),
(231, 6, 'MERCEDES'),
(232, 6, 'MONTE CASEROS'),
(233, 6, 'PASO DE LOS LIBRES'),
(234, 6, 'SALADAS'),
(235, 6, 'SAN COSME'),
(236, 6, 'SAN LUIS DEL PALMAR'),
(237, 6, 'SAN MARTÍN'),
(238, 6, 'SAN MIGUEL'),
(239, 6, 'SAN ROQUE'),
(577, 6, 'SANTA LUCIA'),
(240, 6, 'SANTO TOMÉ'),
(241, 6, 'SAUCE'),
(565, 7, 'BASUALDO'),
(242, 7, 'COLÓN'),
(677, 7, 'CONCEPCIÓN DEL URUGUAY'),
(243, 7, 'CONCORDIA'),
(244, 7, 'DIAMANTE'),
(245, 7, 'FEDERACIÓN'),
(246, 7, 'FEDERAL'),
(247, 7, 'FELICIANO'),
(248, 7, 'GUALEGUAY'),
(249, 7, 'GUALEGUAYCHÚ'),
(250, 7, 'ISLAS DEL IBICUY'),
(251, 7, 'LA PAZ'),
(252, 7, 'NOGOYÁ'),
(253, 7, 'PARANÁ'),
(254, 7, 'SAN SALVADOR'),
(255, 7, 'TALA'),
(256, 7, 'URUGUAY'),
(257, 7, 'VICTORIA'),
(258, 7, 'VILLAGUAY'),
(259, 8, 'BERMEJO'),
(689, 8, 'CAPITAL'),
(260, 8, 'FORMOSA'),
(261, 8, 'LAISHI'),
(262, 8, 'MATACOS'),
(263, 8, 'PATIÑO'),
(264, 8, 'PILAGÁS'),
(265, 8, 'PILCOMAYO'),
(266, 8, 'PIRANÉ'),
(267, 8, 'RAMÓN LISTA'),
(561, 8, 'RIACHO HU HU'),
(658, 9, 'ABRA PAMPA'),
(268, 9, 'COCHINOCA'),
(269, 9, 'DOCTOR MANUEL BELGRANO'),
(270, 9, 'EL CARMEN'),
(271, 9, 'HUMAHUACA'),
(272, 9, 'LEDESMA'),
(273, 9, 'PALPALÁ'),
(274, 9, 'RINCONADA'),
(275, 9, 'SAN ANTONIO'),
(276, 9, 'SAN PEDRO'),
(652, 9, 'SAN SALVADOR DE JUJUY'),
(277, 9, 'SANTA BÁRBARA'),
(278, 9, 'SANTA CATALINA'),
(279, 9, 'SUSQUES'),
(280, 9, 'TILCARA'),
(281, 9, 'TUMBAYA'),
(282, 9, 'VALLE GRANDE'),
(283, 9, 'YAVI'),
(284, 10, 'ATREUCÓ'),
(285, 10, 'CALEU CALEU'),
(286, 10, 'CAPITAL'),
(287, 10, 'CATRILÓ'),
(288, 10, 'CHALILEO'),
(289, 10, 'CHAPALEUFÚ'),
(290, 10, 'CHICAL CO'),
(291, 10, 'CONHELO'),
(292, 10, 'CURACÓ'),
(293, 10, 'GUATRACHÉ'),
(294, 10, 'HUCAL'),
(295, 10, 'LIHUEL CALEL'),
(296, 10, 'LIMAY MAHUIDA'),
(297, 10, 'LOVENTUÉ'),
(298, 10, 'MARACÓ'),
(299, 10, 'PUELÉN'),
(300, 10, 'QUEMÚ QUEMÚ'),
(301, 10, 'RANCUL'),
(302, 10, 'REALICÓ'),
(303, 10, 'TOAY'),
(304, 10, 'TRENEL'),
(305, 10, 'UTRACÁN'),
(651, 11, 'AMANA'),
(306, 11, 'ARAUCO'),
(307, 11, 'CAPITAL'),
(308, 11, 'CASTRO BARROS'),
(309, 11, 'CHAMICAL'),
(310, 11, 'CHILECITO'),
(311, 11, 'CORONEL FELIPE VARELA'),
(312, 11, 'FAMATINA'),
(313, 11, 'GENERAL ÁNGEL V. PEÑALOZA'),
(314, 11, 'GENERAL BELGRANO'),
(315, 11, 'GENERAL JUAN FACUNDO QUIROGA'),
(316, 11, 'GENERAL LAMADRID'),
(317, 11, 'GENERAL OCAMPO'),
(318, 11, 'GENERAL SAN MARTÍN'),
(319, 11, 'INDEPENDENCIA'),
(320, 11, 'ROSARIO VERA PEÑALOZA'),
(322, 11, 'SAN BLAS DE LOS SAUCES'),
(321, 11, 'SANAGASTA'),
(323, 11, 'VINCHINA'),
(324, 12, 'CAPITAL'),
(325, 12, 'GENERAL ALVEAR'),
(326, 12, 'GODOY CRUZ'),
(327, 12, 'GUAYMALLÉN'),
(328, 12, 'JUNÍN'),
(329, 12, 'LA PAZ'),
(330, 12, 'LAS HERAS'),
(331, 12, 'LAVALLE'),
(332, 12, 'LUJÁN DE CUYO'),
(333, 12, 'MAIPÚ'),
(334, 12, 'MALARGüE'),
(335, 12, 'RIVADAVIA'),
(336, 12, 'SAN CARLOS'),
(337, 12, 'SAN MARTÍN'),
(338, 12, 'SAN RAFAEL'),
(339, 12, 'SANTA ROSA'),
(340, 12, 'TUNUYÁN'),
(341, 12, 'TUPUNGATO'),
(342, 13, 'APÓSTOLES'),
(343, 13, 'CAINGUÁS'),
(344, 13, 'CANDELARIA'),
(569, 13, 'CAPIOVI'),
(345, 13, 'CAPITAL'),
(346, 13, 'CONCEPCIÓN'),
(347, 13, 'ELDORADO'),
(348, 13, 'GENERAL MANUEL BELGRANO'),
(349, 13, 'GUARANÍ'),
(350, 13, 'IGUAZÚ'),
(351, 13, 'LEANDRO N. ALEM'),
(352, 13, 'LIBERTADOR GENERAL SAN MARTÍN'),
(353, 13, 'MONTECARLO'),
(354, 13, 'OBERÁ'),
(599, 13, 'POSADAS'),
(355, 13, 'SAN IGNACIO'),
(356, 13, 'SAN JAVIER'),
(357, 13, 'SAN PEDRO'),
(358, 13, 'VEINTICINCO DE MAYO (25 DE MAYO)'),
(359, 14, 'ALUMINÉ'),
(360, 14, 'AÑELO'),
(361, 14, 'CATÁN LIL'),
(362, 14, 'CHOS MALAL'),
(363, 14, 'COLLÓN CURÁ'),
(364, 14, 'CONFLUENCIA'),
(365, 14, 'HUILICHES'),
(366, 14, 'LÁCAR'),
(367, 14, 'LONCOPUÉ'),
(368, 14, 'LOS LAGOS'),
(369, 14, 'MINAS'),
(370, 14, 'ÑORQUÍN'),
(371, 14, 'PEHUENCHES'),
(373, 14, 'PICÚN LEUFÚ'),
(372, 14, 'PICUNCHES'),
(374, 14, 'ZAPALA'),
(375, 15, 'ADOLFO ALSINA'),
(376, 15, 'AVELLANEDA'),
(377, 15, 'BARILOCHE'),
(670, 15, 'CIPOLLETTI'),
(378, 15, 'CONESA'),
(379, 15, 'EL CUY'),
(380, 15, 'GENERAL ROCA'),
(381, 15, 'ÑORQUINCÓ'),
(382, 15, 'NUEVE DE JULIO (9 DE JULIO)'),
(383, 15, 'PICHI MAHUIDA'),
(384, 15, 'PILCANIYEU'),
(385, 15, 'SAN ANTONIO'),
(386, 15, 'VALCHETA'),
(387, 15, 'VEINTICINCO DE MAYO (25 DE MAYO)'),
(388, 16, 'ANTA'),
(389, 16, 'CACHI'),
(390, 16, 'CAFAYATE'),
(391, 16, 'CAPITAL'),
(392, 16, 'CERRILLOS'),
(393, 16, 'CHICOANA'),
(673, 16, 'EL GALPON'),
(394, 16, 'GENERAL GüEMES'),
(395, 16, 'GENERAL JOSÉ DE SAN MARTÍN'),
(396, 16, 'GUACHIPAS'),
(397, 16, 'IRUYA'),
(398, 16, 'LA CALDERA'),
(399, 16, 'LA CANDELARIA'),
(400, 16, 'LA POMA'),
(401, 16, 'LA VIÑA'),
(402, 16, 'LOS ANDES'),
(403, 16, 'METÁN'),
(404, 16, 'MOLINOS'),
(405, 16, 'ORÁN'),
(406, 16, 'RIVADAVIA'),
(407, 16, 'ROSARIO DE LA FRONTERA'),
(408, 16, 'ROSARIO DE LERMA'),
(409, 16, 'SAN CARLOS'),
(410, 16, 'SANTA VICTORIA'),
(525, 16, 'TARTAGAL'),
(411, 17, 'ALBARDÓN'),
(412, 17, 'ANGACO'),
(413, 17, 'CALINGASTA'),
(414, 17, 'CAPITAL'),
(415, 17, 'CAUCETE'),
(416, 17, 'CHIMBAS'),
(417, 17, 'IGLESIA'),
(418, 17, 'JÁCHAL'),
(419, 17, 'NUEVE DE JULIO (9 DE JULIO)'),
(420, 17, 'POCITO'),
(421, 17, 'RAWSON'),
(422, 17, 'RIVADAVIA'),
(423, 17, 'SAN MARTÍN'),
(424, 17, 'SANTA LUCÍA'),
(425, 17, 'SARMIENTO'),
(426, 17, 'ULLUM'),
(427, 17, 'VALLE FÉRTIL'),
(428, 17, 'VEINTICINCO DE MAYO (25 DE MAYO)'),
(429, 17, 'ZONDA'),
(430, 18, 'AYACUCHO'),
(431, 18, 'BELGRANO'),
(432, 18, 'CHACABUCO'),
(433, 18, 'CORONEL PRINGLES'),
(434, 18, 'GENERAL PEDERNERA'),
(435, 18, 'GOBERNADOR DUPUY'),
(436, 18, 'JUNÍN'),
(437, 18, 'LA CAPITAL (JUAN MARTÍN DE PUEYRREDÓN)'),
(438, 18, 'LIBERTADOR GENERAL SAN MARTÍN'),
(566, 18, 'VILLA MERCEDES'),
(439, 19, 'CORPEN AIKE'),
(440, 19, 'DESEADO'),
(441, 19, 'GüER AIKE'),
(442, 19, 'LAGO ARGENTINO'),
(443, 19, 'LAGO BUENOS AIRES'),
(444, 19, 'MAGALLANES'),
(445, 19, 'RÍO CHICO'),
(446, 20, 'BELGRANO'),
(447, 20, 'CASEROS'),
(448, 20, 'CASTELLANOS'),
(449, 20, 'CONSTITUCIÓN'),
(450, 20, 'GARAY'),
(666, 20, 'GATO COLORADO'),
(451, 20, 'GENERAL LÓPEZ'),
(452, 20, 'GENERAL OBLIGADO'),
(453, 20, 'IRIONDO'),
(454, 20, 'LA CAPITAL'),
(455, 20, 'LAS COLONIAS'),
(686, 20, 'LAS TOSCAS'),
(456, 20, 'NUEVE DE JULIO (9 DE JULIO)'),
(457, 20, 'ROSARIO'),
(458, 20, 'SAN CRISTÓBAL'),
(459, 20, 'SAN JAVIER'),
(460, 20, 'SAN JERÓNIMO'),
(461, 20, 'SAN JUSTO'),
(462, 20, 'SAN LORENZO'),
(463, 20, 'SAN MARTÍN'),
(541, 20, 'SANTA MARGARITA'),
(464, 20, 'VERA'),
(575, 20, 'VILLA ANA'),
(614, 20, 'VILLA OCAMPO'),
(465, 21, 'AGUIRRE'),
(466, 21, 'ALBERDI'),
(579, 21, 'AÑATUYA'),
(467, 21, 'ATAMISQUI'),
(468, 21, 'AVELLANEDA'),
(469, 21, 'BANDA'),
(470, 21, 'BELGRANO'),
(471, 21, 'CAPITAL'),
(472, 21, 'CHOYA'),
(473, 21, 'COPO'),
(474, 21, 'FIGUEROA'),
(475, 21, 'GENERAL TABOADA'),
(476, 21, 'GUASAYÁN'),
(477, 21, 'JIMÉNEZ'),
(478, 21, 'JUAN F. IBARRA'),
(572, 21, 'LA BANDA'),
(684, 21, 'LABANDA'),
(479, 21, 'LORETO'),
(480, 21, 'MITRE'),
(481, 21, 'MORENO'),
(482, 21, 'OJO DE AGUA'),
(483, 21, 'PELLEGRINI'),
(484, 21, 'QUEBRACHOS'),
(602, 21, 'QUIMILI'),
(485, 21, 'RÍO HONDO'),
(486, 21, 'RIVADAVIA'),
(487, 21, 'ROBLES'),
(488, 21, 'SALAVINA'),
(489, 21, 'SAN MARTÍN'),
(490, 21, 'SARMIENTO'),
(491, 21, 'SILÍPICA'),
(576, 21, 'SUMAMPA'),
(492, 22, 'ANTÁRTIDA ARGENTINA'),
(493, 22, 'ISLAS DEL ATLÁNTICO SUR'),
(494, 22, 'RÍO GRANDE'),
(495, 22, 'USHUAIA'),
(555, 23, 'AGUILARES'),
(496, 23, 'BURRUYACÚ'),
(497, 23, 'CAPITAL'),
(498, 23, 'CHICLIGASTA'),
(563, 23, 'CONCEPCIÓN DE TUCUMAN'),
(499, 23, 'CRUZ ALTA'),
(500, 23, 'FAMAILLÁ'),
(564, 23, 'FLORIDA'),
(501, 23, 'GRANEROS'),
(502, 23, 'JUAN BAUTISTA ALBERDI'),
(595, 23, 'LA BANDA'),
(503, 23, 'LA COCHA'),
(504, 23, 'LEALES'),
(505, 23, 'LULES'),
(506, 23, 'MONTEROS'),
(674, 23, 'QUITILIPI'),
(507, 23, 'RÍO CHICO'),
(533, 23, 'SAN JOSE DE BUENA  VISTAS'),
(542, 23, 'SAN MIGUEL DE TUCUMAN'),
(508, 23, 'SIMOCA'),
(509, 23, 'TAFÍ DEL VALLE'),
(510, 23, 'TAFÍ VIEJO'),
(511, 23, 'TRANCAS'),
(512, 23, 'YERBA BUENA'),
(513, 25, 'CABA'),
(530, 25, 'CABALLITO'),
(578, 25, 'EL PALOMAR'),
(552, 25, 'EZEIZA'),
(521, 25, 'FLORES'),
(516, 25, 'MERLO'),
(649, 25, 'MORENO'),
(532, 25, 'PARQUE PATRICIOS'),
(635, 25, 'PATERNAL'),
(654, 26, 'JIPIJAPA'),
(518, 26, 'MANTA'),
(520, 27, 'MONTEVIDEO'),
(522, 28, 'MANGRULLO'),
(526, 29, 'CENTRAL'),
(528, 30, 'SAN PABLO'),
(616, 31, 'CUNDINAMARCA'),
(529, 31, 'GUAJIRA'),
(598, 31, 'LA GUAJIRA'),
(534, 32, 'ITAPUA'),
(571, 33, '-----'),
(642, 33, 'BALVANERA'),
(580, 33, 'BARRIO NORTE'),
(613, 33, 'BELGRANO'),
(537, 33, 'CABALLITO'),
(643, 33, 'CAPITAL FEDERAL'),
(540, 33, 'CAPITAL FEDRAL'),
(612, 33, 'COLEGIALES'),
(650, 33, 'DEVOTO'),
(536, 33, 'FLORES'),
(608, 33, 'FLORESTA'),
(639, 33, 'HAEDO'),
(587, 33, 'LA BOCA'),
(554, 33, 'MATADERO'),
(546, 33, 'MERLO'),
(609, 33, 'ONCE'),
(588, 33, 'PALERMO'),
(655, 33, 'PARQUE CENTENARIO'),
(550, 33, 'PARQUE PATRICIOS'),
(583, 33, 'PATERNAL'),
(656, 33, 'POMPEYA'),
(570, 33, 'SAN TELMO'),
(630, 33, 'VILLA CRESPO'),
(640, 33, 'VILLA DEL PARQUE'),
(574, 33, 'VILLA LUGANO'),
(573, 33, 'VILLA LURO'),
(544, 33, 'VILLA MARTELLI'),
(558, 33, 'VILLA PÚEYRREDON'),
(539, 34, 'POTOSI'),
(543, 35, 'BERGAMO'),
(545, 36, 'SANTIAGO DE CHILE'),
(547, 37, 'ORURO'),
(647, 38, 'LLALLAGUA'),
(548, 38, 'POTOSI'),
(557, 39, 'LIBERTADOR'),
(559, 40, 'ASUNCION'),
(667, 40, 'CAPITAL'),
(568, 41, 'LA PAZ'),
(581, 42, 'CANELONES'),
(645, 43, 'SUCRE'),
(582, 43, 'TARABUCO'),
(586, 44, 'ÑEEMBUCU'),
(589, 45, 'TACUAMBAREMBO'),
(590, 46, 'SANTA ROSA'),
(591, 47, 'COCHABAMBA'),
(592, 48, 'SAN JAVIER'),
(594, 49, 'YACUIBA'),
(603, 51, 'MASTA'),
(604, 52, 'DURAZNO'),
(605, 53, 'SUCRE'),
(606, 54, 'QUINTA REGIÓN'),
(610, 55, 'TRUJILLO'),
(617, 56, 'ORENCE'),
(619, 57, 'SANTA CRUZ DE LA SIERRA'),
(621, 58, 'MERLO'),
(622, 59, 'VELLAVISTA'),
(623, 60, 'CAAGUAZU'),
(624, 61, 'DEPARTAMENTO DE PAYSANDÚ'),
(625, 62, 'LIMA'),
(626, 63, 'LAMBAYEQUE'),
(629, 64, 'TORONTO'),
(633, 65, 'SANTIAGO DE CHILE'),
(638, 66, 'SAN FERNANDO'),
(644, 67, 'QUINDIO'),
(646, 68, 'CESAR'),
(657, 69, 'ANTOFAGASTA'),
(659, 70, 'MNHY'),
(660, 71, 'CHACO'),
(662, 72, 'MISIONES'),
(663, 73, 'ITA'),
(664, 74, 'CASA'),
(665, 75, 'CAMBYRETA'),
(671, 76, 'GUAYAQUIL'),
(672, 77, 'ÑUMI'),
(675, 78, 'RIVERA'),
(676, 79, 'ITAGUA'),
(678, 80, 'OTRA'),
(679, 81, 'CUENCA'),
(680, 82, 'CARTAGENA'),
(683, 83, 'HUANCAYO');

-- --------------------------------------------------------

--
-- Estructura de tabla para la tabla `provincias`
--

CREATE TABLE `provincias` (
  `id` int(11) NOT NULL,
  `nombre` varchar(50) CHARACTER SET utf8 COLLATE utf8_spanish_ci NOT NULL,
  `id_pais` int(3) NOT NULL,
  `id_usuario_carga` int(8) DEFAULT NULL
) ENGINE=InnoDB DEFAULT CHARSET=latin1;

--
-- Volcado de datos para la tabla `provincias`
--

INSERT INTO `provincias` (`id`, `nombre`, `id_pais`, `id_usuario_carga`) VALUES
(1, 'BUENOS AIRES', 9, NULL),
(2, 'CATAMARCA', 9, NULL),
(3, 'CHACO', 9, NULL),
(4, 'CHUBUT', 9, NULL),
(5, 'CORDOBA', 9, NULL),
(6, 'CORRIENTES', 9, NULL),
(7, 'ENTRE RIOS', 9, NULL),
(8, 'FORMOSA', 9, NULL),
(9, 'JUJUY', 9, NULL),
(10, 'LA PAMPA', 9, NULL),
(11, 'LA RIOJA', 9, NULL),
(12, 'MENDOZA', 9, NULL),
(13, 'MISIONES', 9, NULL),
(14, 'NEUQUEN', 9, NULL),
(15, 'RIO NEGRO', 9, NULL),
(16, 'SALTA', 9, NULL),
(17, 'SAN JUAN', 9, NULL),
(18, 'SAN LUIS', 9, NULL),
(19, 'SANTA CRUZ', 9, NULL),
(20, 'SANTA FE', 9, NULL),
(21, 'SANTIAGO DEL ESTERO', 9, NULL),
(22, 'TIERRA DEL FUEGO', 9, NULL),
(23, 'TUCUMAN', 9, NULL),
(25, 'CIUDAD AUTONOMA DE BUENOS AIRES', 9, NULL),
(26, 'MANABI', 52, 1009192),
(27, 'MONTEVIDEO', 188, 1011611),
(28, 'PASO YOBAY', 141, 8000163),
(29, 'LUQUE', 141, 8000190),
(30, 'SAN PABLO', 26, 1010158),
(31, 'GUAJIRA', 41, 1008773),
(32, 'SAN RAFAL', 141, 8000112),
(33, 'CAPITAL FEDERAL', 9, 1004015),
(34, 'BUSTILLO', 23, 1009232),
(35, 'BERGAMO', 90, 1010824),
(36, 'DPTO PEDRO AGUIRRE CERDA', 38, 1004100),
(37, 'ORURO', 23, 1008496),
(38, 'POTOSI', 23, 1008882),
(39, 'DISTRITO CAPITAL', 192, 1011583),
(40, 'ASUNCION', 141, 1010169),
(41, 'LA PAZ', 23, 1008795),
(42, 'CANELONES', 188, 1006223),
(43, 'CHUQUISA', 23, 1008429),
(44, 'ÑEEMBUCU', 141, 1008940),
(45, 'TACUAMBAREMBO', 188, 8000151),
(46, 'SANTA ROSA', 142, 1009140),
(47, 'COCHABAMBA', 23, 1008691),
(48, 'MAULE', 38, 1008936),
(49, 'TARIJA', 23, 1008623),
(51, 'SAFITA', 164, 1002674),
(52, 'DURAZNO', 188, 1009623),
(53, 'CHUQUISACA', 23, 1008443),
(54, 'VALPARAISO', 38, 8000339),
(55, 'LIBERTAD', 142, 1008856),
(56, 'ESPAÑA', 59, 1004842),
(57, 'SANTA CRUZ DE LA SIERRA', 23, 1008764),
(58, 'BUENOS AIRES', 142, 8001484),
(59, 'CALLAO', 142, 8001484),
(60, 'CAAGUAZU', 141, 1009701),
(61, 'DEPARTAMENTO DE PAYSANDÚ', 188, 1011139),
(62, 'CAPITAL', 142, 1004616),
(63, 'CHICLAYO', 142, 1008825),
(64, 'ONTÁRIO', 35, 8000270),
(65, 'LA UNION', 38, 1011075),
(66, 'MAGDALENA', 41, 1008614),
(67, 'CALARCA', 41, 1008409),
(68, 'CESAR', 41, 1009007),
(69, 'CALAMA', 38, 1008468),
(70, 'NHU', 10, 1011958),
(71, 'CHACO', 37, 1009880),
(72, 'SANTA ROSA', 141, 1006844),
(73, 'ITA', 141, 8001108),
(74, 'BOLIVIA', 23, 1007059),
(75, 'ENCARNACIÓN', 141, 1011903),
(76, 'GUAYAS', 52, 1008790),
(77, 'VILLARRICA', 141, 8000665),
(78, 'RIVERA', 188, 8000607),
(79, 'ITAGUA', 141, 1011091),
(80, 'OTRA', 38, 1006634),
(81, 'AZUAY', 52, 1008402),
(82, 'BOLIVAR', 41, 1008601),
(83, 'HUAMCAYO', 142, 1008365);

--
-- Índices para tablas volcadas
--

--
-- Indices de la tabla `calles`
--
ALTER TABLE `calles`
  ADD PRIMARY KEY (`id`),
  ADD UNIQUE KEY `nombre` (`nombre`);

--
-- Indices de la tabla `datosPersonales`
--
ALTER TABLE `datosPersonales`
  ADD PRIMARY KEY (`id`),
  ADD KEY `idEstadoCivil` (`idEstadoCivil`),
  ADD KEY `idDireccion` (`idDireccion`);

--
-- Indices de la tabla `domicilios`
--
ALTER TABLE `domicilios`
  ADD PRIMARY KEY (`id`),
  ADD KEY `id_calle` (`id_calle`),
  ADD KEY `id_partido` (`id_partido`);

--
-- Indices de la tabla `estadosCiviles`
--
ALTER TABLE `estadosCiviles`
  ADD PRIMARY KEY (`id`);

--
-- Indices de la tabla `estudios`
--
ALTER TABLE `estudios`
  ADD PRIMARY KEY (`id`),
  ADD KEY `idDatoPersonal` (`idDatoPersonal`);

--
-- Indices de la tabla `experienciasLaborales`
--
ALTER TABLE `experienciasLaborales`
  ADD PRIMARY KEY (`id`),
  ADD KEY `idDatoPersonal` (`idDatoPersonal`);

--
-- Indices de la tabla `idiomas`
--
ALTER TABLE `idiomas`
  ADD PRIMARY KEY (`id`),
  ADD KEY `idDatoPersonal` (`idDatoPersonal`);

--
-- Indices de la tabla `objetivosLaborales`
--
ALTER TABLE `objetivosLaborales`
  ADD PRIMARY KEY (`id`),
  ADD KEY `idDatoPersonal` (`idDatoPersonal`);

--
-- Indices de la tabla `paises`
--
ALTER TABLE `paises`
  ADD PRIMARY KEY (`id`),
  ADD UNIQUE KEY `nombre` (`nombre`);

--
-- Indices de la tabla `partidos`
--
ALTER TABLE `partidos`
  ADD PRIMARY KEY (`id`),
  ADD UNIQUE KEY `uq_provincia_partido` (`id_provincia`,`nombre`),
  ADD KEY `id_provincia` (`id_provincia`);

--
-- Indices de la tabla `provincias`
--
ALTER TABLE `provincias`
  ADD PRIMARY KEY (`id`),
  ADD UNIQUE KEY `uq_pais_provincia` (`id_pais`,`nombre`),
  ADD KEY `id_pais` (`id_pais`);

--
-- AUTO_INCREMENT de las tablas volcadas
--

--
-- AUTO_INCREMENT de la tabla `calles`
--
ALTER TABLE `calles`
  MODIFY `id` int(11) NOT NULL AUTO_INCREMENT, AUTO_INCREMENT=10233;
--
-- AUTO_INCREMENT de la tabla `datosPersonales`
--
ALTER TABLE `datosPersonales`
  MODIFY `id` int(11) NOT NULL AUTO_INCREMENT, AUTO_INCREMENT=13;
--
-- AUTO_INCREMENT de la tabla `domicilios`
--
ALTER TABLE `domicilios`
  MODIFY `id` int(11) NOT NULL AUTO_INCREMENT, AUTO_INCREMENT=13;
--
-- AUTO_INCREMENT de la tabla `estadosCiviles`
--
ALTER TABLE `estadosCiviles`
  MODIFY `id` int(11) NOT NULL AUTO_INCREMENT, AUTO_INCREMENT=5;
--
-- AUTO_INCREMENT de la tabla `estudios`
--
ALTER TABLE `estudios`
  MODIFY `id` int(11) NOT NULL AUTO_INCREMENT, AUTO_INCREMENT=13;
--
-- AUTO_INCREMENT de la tabla `experienciasLaborales`
--
ALTER TABLE `experienciasLaborales`
  MODIFY `id` int(11) NOT NULL AUTO_INCREMENT, AUTO_INCREMENT=11;
--
-- AUTO_INCREMENT de la tabla `idiomas`
--
ALTER TABLE `idiomas`
  MODIFY `id` int(11) NOT NULL AUTO_INCREMENT, AUTO_INCREMENT=13;
--
-- AUTO_INCREMENT de la tabla `objetivosLaborales`
--
ALTER TABLE `objetivosLaborales`
  MODIFY `id` int(11) NOT NULL AUTO_INCREMENT, AUTO_INCREMENT=13;
--
-- AUTO_INCREMENT de la tabla `paises`
--
ALTER TABLE `paises`
  MODIFY `id` int(3) NOT NULL AUTO_INCREMENT, AUTO_INCREMENT=198;
--
-- AUTO_INCREMENT de la tabla `partidos`
--
ALTER TABLE `partidos`
  MODIFY `id` int(11) NOT NULL AUTO_INCREMENT, AUTO_INCREMENT=691;
--
-- AUTO_INCREMENT de la tabla `provincias`
--
ALTER TABLE `provincias`
  MODIFY `id` int(11) NOT NULL AUTO_INCREMENT, AUTO_INCREMENT=84;
--
-- Restricciones para tablas volcadas
--

--
-- Filtros para la tabla `datosPersonales`
--
ALTER TABLE `datosPersonales`
  ADD CONSTRAINT `datosPersonales_ibfk_2` FOREIGN KEY (`idEstadoCivil`) REFERENCES `estadosCiviles` (`id`),
  ADD CONSTRAINT `datosPersonales_ibfk_3` FOREIGN KEY (`idDireccion`) REFERENCES `domicilios` (`id`);

--
-- Filtros para la tabla `domicilios`
--
ALTER TABLE `domicilios`
  ADD CONSTRAINT `domicilios_ibfk_1` FOREIGN KEY (`id_calle`) REFERENCES `calles` (`id`),
  ADD CONSTRAINT `domicilios_ibfk_4` FOREIGN KEY (`id_partido`) REFERENCES `partidos` (`id`);

--
-- Filtros para la tabla `estudios`
--
ALTER TABLE `estudios`
  ADD CONSTRAINT `estudios_ibfk_1` FOREIGN KEY (`idDatoPersonal`) REFERENCES `datosPersonales` (`id`) ON DELETE CASCADE;

--
-- Filtros para la tabla `experienciasLaborales`
--
ALTER TABLE `experienciasLaborales`
  ADD CONSTRAINT `experienciasLaborales_ibfk_1` FOREIGN KEY (`idDatoPersonal`) REFERENCES `datosPersonales` (`id`) ON DELETE CASCADE;

--
-- Filtros para la tabla `idiomas`
--
ALTER TABLE `idiomas`
  ADD CONSTRAINT `idiomas_ibfk_1` FOREIGN KEY (`idDatoPersonal`) REFERENCES `datosPersonales` (`id`) ON DELETE CASCADE;

--
-- Filtros para la tabla `objetivosLaborales`
--
ALTER TABLE `objetivosLaborales`
  ADD CONSTRAINT `objetivosLaborales_ibfk_1` FOREIGN KEY (`idDatoPersonal`) REFERENCES `datosPersonales` (`id`) ON DELETE CASCADE;

--
-- Filtros para la tabla `partidos`
--
ALTER TABLE `partidos`
  ADD CONSTRAINT `partidos_ibfk_1` FOREIGN KEY (`id_provincia`) REFERENCES `provincias` (`id`);

--
-- Filtros para la tabla `provincias`
--
ALTER TABLE `provincias`
  ADD CONSTRAINT `provincias_ibfk_1` FOREIGN KEY (`id_pais`) REFERENCES `paises` (`id`);

/*!40101 SET CHARACTER_SET_CLIENT=@OLD_CHARACTER_SET_CLIENT */;
/*!40101 SET CHARACTER_SET_RESULTS=@OLD_CHARACTER_SET_RESULTS */;
/*!40101 SET COLLATION_CONNECTION=@OLD_COLLATION_CONNECTION */;
