-- phpMyAdmin SQL Dump
-- version 4.7.0
-- https://www.phpmyadmin.net/
--
-- Host: 127.0.0.1
-- Generation Time: May 06, 2019 at 03:44 PM
-- Server version: 10.1.24-MariaDB
-- PHP Version: 7.1.6

SET SQL_MODE = "NO_AUTO_VALUE_ON_ZERO";
SET AUTOCOMMIT = 0;
START TRANSACTION;
SET time_zone = "+00:00";


/*!40101 SET @OLD_CHARACTER_SET_CLIENT=@@CHARACTER_SET_CLIENT */;
/*!40101 SET @OLD_CHARACTER_SET_RESULTS=@@CHARACTER_SET_RESULTS */;
/*!40101 SET @OLD_COLLATION_CONNECTION=@@COLLATION_CONNECTION */;
/*!40101 SET NAMES utf8mb4 */;

--
-- Database: `simple_solution`
--

-- --------------------------------------------------------

--
-- Table structure for table `ci_sessions`
--

CREATE TABLE `ci_sessions` (
  `id` varchar(40) NOT NULL,
  `ip_address` varchar(45) NOT NULL,
  `timestamp` int(10) UNSIGNED NOT NULL DEFAULT '0',
  `data` blob NOT NULL
) ENGINE=InnoDB DEFAULT CHARSET=latin1;

--
-- Dumping data for table `ci_sessions`
--

INSERT INTO `ci_sessions` (`id`, `ip_address`, `timestamp`, `data`) VALUES
('o4h5ju6eoeuigii6a15mknhls02jf87j', '::1', 1557079285, 0x5f5f63695f6c6173745f726567656e65726174657c693a313535373037323338343b757365725f73657373696f6e7c4f3a383a22737464436c617373223a32383a7b733a373a22757365725f6964223b733a313a2235223b733a31303a2266697273745f6e616d65223b733a343a22416d6f6c223b733a393a226c6173745f6e616d65223b733a393a224b656c7761646b6172223b733a31333a22656d61696c5f61646472657373223b733a32313a22616d6f6c6b68617261746540676d61696c2e636f6d223b733a31333a22757365725f70617373776f7264223b733a33323a226531306164633339343962613539616262653536653035376632306638383365223b733a31373a227374616e646172645f636c6173735f6964223b733a313a2239223b733a31363a227375626a6563745f636c6173735f6964223b733a313a2232223b733a31323a226f7267616e697a6174696f6e223b733a343a2274657374223b733a32353a226f7267616e697a6174696f6e5f70686f6e655f6e756d626572223b733a303a22223b733a31303a22796f75725f7469746c65223b733a303a22223b733a31303a22796f75725f70686f6e65223b733a383a223132333435363734223b733a373a2261646472657373223b733a303a22223b733a31363a22746561726d5f636f6e646974696f6e73223b733a313a2230223b733a31333a2270726f66696c655f70686f746f223b733a32343a222f6d656469612f70726f66696c652f36303333322e6a7067223b733a393a22757365725f74797065223b733a313a2232223b733a31343a227363686f6f6c5f636f6c6c616765223b733a333a22564d56223b733a31373a2269735f70726f66696c655f737461747573223b733a313a2231223b733a31353a22726567697374657265645f64617465223b733a31393a22323031392d30342d30322031383a32393a3134223b733a31333a22617070726f7665645f64617465223b733a31393a22303030302d30302d30302030303a30303a3030223b733a31323a227061796d656e745f6d6f6465223b733a303a22223b733a32313a22766572696669636174696f6e5f62795f656d61696c223b733a33323a223966633662626663386263373532353030323061363761386531613639643634223b733a32383a22766572696669636174696f6e5f62795f656d61696c5f737461747573223b733a313a2231223b733a31383a2272657365745f70617373776f72645f737472223b733a32353a22366877423072417439474b657a384d726c717a334537306b45223b733a31303a2269735f64656c65746564223b733a313a2230223b733a373a2263726561746564223b733a31393a22323031392d30342d30322031383a32393a3134223b733a383a226d6f646966696564223b733a31393a22323031392d30342d32382031383a30393a3230223b733a31303a22637265617465645f6279223b733a303a22223b733a31313a226d6f6469666965645f6279223b733a303a22223b7d6c6173745f73657373696f6e5f69647c693a39353b),
('l0tf49qk5t77mhjggogqv0io8jb85fkn', '::1', 1557082587, 0x5f5f63695f6c6173745f726567656e65726174657c693a313535373038323135373b757365725f73657373696f6e7c4f3a383a22737464436c617373223a32383a7b733a373a22757365725f6964223b733a313a2235223b733a31303a2266697273745f6e616d65223b733a343a22416d6f6c223b733a393a226c6173745f6e616d65223b733a393a224b656c7761646b6172223b733a31333a22656d61696c5f61646472657373223b733a32313a22616d6f6c6b68617261746540676d61696c2e636f6d223b733a31333a22757365725f70617373776f7264223b733a33323a226531306164633339343962613539616262653536653035376632306638383365223b733a31373a227374616e646172645f636c6173735f6964223b733a313a2239223b733a31363a227375626a6563745f636c6173735f6964223b733a313a2232223b733a31323a226f7267616e697a6174696f6e223b733a343a2274657374223b733a32353a226f7267616e697a6174696f6e5f70686f6e655f6e756d626572223b733a303a22223b733a31303a22796f75725f7469746c65223b733a303a22223b733a31303a22796f75725f70686f6e65223b733a383a223132333435363734223b733a373a2261646472657373223b733a303a22223b733a31363a22746561726d5f636f6e646974696f6e73223b733a313a2230223b733a31333a2270726f66696c655f70686f746f223b733a32343a222f6d656469612f70726f66696c652f36303333322e6a7067223b733a393a22757365725f74797065223b733a313a2232223b733a31343a227363686f6f6c5f636f6c6c616765223b733a333a22564d56223b733a31373a2269735f70726f66696c655f737461747573223b733a313a2231223b733a31353a22726567697374657265645f64617465223b733a31393a22323031392d30342d30322031383a32393a3134223b733a31333a22617070726f7665645f64617465223b733a31393a22303030302d30302d30302030303a30303a3030223b733a31323a227061796d656e745f6d6f6465223b733a303a22223b733a32313a22766572696669636174696f6e5f62795f656d61696c223b733a33323a223966633662626663386263373532353030323061363761386531613639643634223b733a32383a22766572696669636174696f6e5f62795f656d61696c5f737461747573223b733a313a2231223b733a31383a2272657365745f70617373776f72645f737472223b733a32353a22366877423072417439474b657a384d726c717a334537306b45223b733a31303a2269735f64656c65746564223b733a313a2230223b733a373a2263726561746564223b733a31393a22323031392d30342d30322031383a32393a3134223b733a383a226d6f646966696564223b733a31393a22323031392d30342d32382031383a30393a3230223b733a31303a22637265617465645f6279223b733a303a22223b733a31313a226d6f6469666965645f6279223b733a303a22223b7d6c6173745f73657373696f6e5f69647c693a39363b),
('3lj9b5b2pptvf6jr9v5qrr5uqnjh3c2h', '::1', 1557082796, 0x5f5f63695f6c6173745f726567656e65726174657c693a313535373038323739353b),
('pmtnkrgg279erfg9mam22uiltljjlvei', '::1', 1557082798, 0x5f5f63695f6c6173745f726567656e65726174657c693a313535373038323739383b),
('cnph0535lo7hc4hk1obpe9ncrn6av601', '::1', 1557082798, 0x5f5f63695f6c6173745f726567656e65726174657c693a313535373038323739383b),
('n2bea9gnch4434m711f2jeqjll4uprs0', '::1', 1557082859, 0x757365725f73657373696f6e7c4f3a383a22737464436c617373223a32383a7b733a373a22757365725f6964223b733a313a2235223b733a31303a2266697273745f6e616d65223b733a343a22416d6f6c223b733a393a226c6173745f6e616d65223b733a393a224b656c7761646b6172223b733a31333a22656d61696c5f61646472657373223b733a32313a22616d6f6c6b68617261746540676d61696c2e636f6d223b733a31333a22757365725f70617373776f7264223b733a33323a226531306164633339343962613539616262653536653035376632306638383365223b733a31373a227374616e646172645f636c6173735f6964223b733a313a2239223b733a31363a227375626a6563745f636c6173735f6964223b733a313a2232223b733a31323a226f7267616e697a6174696f6e223b733a343a2274657374223b733a32353a226f7267616e697a6174696f6e5f70686f6e655f6e756d626572223b733a303a22223b733a31303a22796f75725f7469746c65223b733a303a22223b733a31303a22796f75725f70686f6e65223b733a383a223132333435363734223b733a373a2261646472657373223b733a303a22223b733a31363a22746561726d5f636f6e646974696f6e73223b733a313a2230223b733a31333a2270726f66696c655f70686f746f223b733a32343a222f6d656469612f70726f66696c652f36303333322e6a7067223b733a393a22757365725f74797065223b733a313a2232223b733a31343a227363686f6f6c5f636f6c6c616765223b733a333a22564d56223b733a31373a2269735f70726f66696c655f737461747573223b733a313a2231223b733a31353a22726567697374657265645f64617465223b733a31393a22323031392d30342d30322031383a32393a3134223b733a31333a22617070726f7665645f64617465223b733a31393a22303030302d30302d30302030303a30303a3030223b733a31323a227061796d656e745f6d6f6465223b733a303a22223b733a32313a22766572696669636174696f6e5f62795f656d61696c223b733a33323a223966633662626663386263373532353030323061363761386531613639643634223b733a32383a22766572696669636174696f6e5f62795f656d61696c5f737461747573223b733a313a2231223b733a31383a2272657365745f70617373776f72645f737472223b733a32353a22366877423072417439474b657a384d726c717a334537306b45223b733a31303a2269735f64656c65746564223b733a313a2230223b733a373a2263726561746564223b733a31393a22323031392d30342d30322031383a32393a3134223b733a383a226d6f646966696564223b733a31393a22323031392d30342d32382031383a30393a3230223b733a31303a22637265617465645f6279223b733a303a22223b733a31313a226d6f6469666965645f6279223b733a303a22223b7d6c6173745f73657373696f6e5f69647c693a39373b5f5f63695f6c6173745f726567656e65726174657c693a313535373038323835373b),
('7ova4il1l9hsbnibk7869r9r7gtmsbuo', '::1', 1557083017, 0x5f5f63695f6c6173745f726567656e65726174657c693a313535373038323932333b757365725f73657373696f6e7c4f3a383a22737464436c617373223a32383a7b733a373a22757365725f6964223b733a313a2235223b733a31303a2266697273745f6e616d65223b733a343a22416d6f6c223b733a393a226c6173745f6e616d65223b733a393a224b656c7761646b6172223b733a31333a22656d61696c5f61646472657373223b733a32313a22616d6f6c6b68617261746540676d61696c2e636f6d223b733a31333a22757365725f70617373776f7264223b733a33323a226531306164633339343962613539616262653536653035376632306638383365223b733a31373a227374616e646172645f636c6173735f6964223b733a313a2239223b733a31363a227375626a6563745f636c6173735f6964223b733a313a2232223b733a31323a226f7267616e697a6174696f6e223b733a343a2274657374223b733a32353a226f7267616e697a6174696f6e5f70686f6e655f6e756d626572223b733a303a22223b733a31303a22796f75725f7469746c65223b733a303a22223b733a31303a22796f75725f70686f6e65223b733a383a223132333435363734223b733a373a2261646472657373223b733a303a22223b733a31363a22746561726d5f636f6e646974696f6e73223b733a313a2230223b733a31333a2270726f66696c655f70686f746f223b733a32343a222f6d656469612f70726f66696c652f36303333322e6a7067223b733a393a22757365725f74797065223b733a313a2232223b733a31343a227363686f6f6c5f636f6c6c616765223b733a333a22564d56223b733a31373a2269735f70726f66696c655f737461747573223b733a313a2231223b733a31353a22726567697374657265645f64617465223b733a31393a22323031392d30342d30322031383a32393a3134223b733a31333a22617070726f7665645f64617465223b733a31393a22303030302d30302d30302030303a30303a3030223b733a31323a227061796d656e745f6d6f6465223b733a303a22223b733a32313a22766572696669636174696f6e5f62795f656d61696c223b733a33323a223966633662626663386263373532353030323061363761386531613639643634223b733a32383a22766572696669636174696f6e5f62795f656d61696c5f737461747573223b733a313a2231223b733a31383a2272657365745f70617373776f72645f737472223b733a32353a22366877423072417439474b657a384d726c717a334537306b45223b733a31303a2269735f64656c65746564223b733a313a2230223b733a373a2263726561746564223b733a31393a22323031392d30342d30322031383a32393a3134223b733a383a226d6f646966696564223b733a31393a22323031392d30342d32382031383a30393a3230223b733a31303a22637265617465645f6279223b733a303a22223b733a31313a226d6f6469666965645f6279223b733a303a22223b7d6c6173745f73657373696f6e5f69647c693a39383b),
('9sosp6m5vcavldtq0dtj9uio1t43ooiv', '::1', 1557084253, 0x5f5f63695f6c6173745f726567656e65726174657c693a313535373038333330303b757365725f73657373696f6e7c4f3a383a22737464436c617373223a32383a7b733a373a22757365725f6964223b733a313a2235223b733a31303a2266697273745f6e616d65223b733a343a22416d6f6c223b733a393a226c6173745f6e616d65223b733a393a224b656c7761646b6172223b733a31333a22656d61696c5f61646472657373223b733a32313a22616d6f6c6b68617261746540676d61696c2e636f6d223b733a31333a22757365725f70617373776f7264223b733a33323a226531306164633339343962613539616262653536653035376632306638383365223b733a31373a227374616e646172645f636c6173735f6964223b733a313a2239223b733a31363a227375626a6563745f636c6173735f6964223b733a313a2232223b733a31323a226f7267616e697a6174696f6e223b733a343a2274657374223b733a32353a226f7267616e697a6174696f6e5f70686f6e655f6e756d626572223b733a303a22223b733a31303a22796f75725f7469746c65223b733a303a22223b733a31303a22796f75725f70686f6e65223b733a383a223132333435363734223b733a373a2261646472657373223b733a303a22223b733a31363a22746561726d5f636f6e646974696f6e73223b733a313a2230223b733a31333a2270726f66696c655f70686f746f223b733a32343a222f6d656469612f70726f66696c652f36303333322e6a7067223b733a393a22757365725f74797065223b733a313a2232223b733a31343a227363686f6f6c5f636f6c6c616765223b733a333a22564d56223b733a31373a2269735f70726f66696c655f737461747573223b733a313a2231223b733a31353a22726567697374657265645f64617465223b733a31393a22323031392d30342d30322031383a32393a3134223b733a31333a22617070726f7665645f64617465223b733a31393a22303030302d30302d30302030303a30303a3030223b733a31323a227061796d656e745f6d6f6465223b733a303a22223b733a32313a22766572696669636174696f6e5f62795f656d61696c223b733a33323a223966633662626663386263373532353030323061363761386531613639643634223b733a32383a22766572696669636174696f6e5f62795f656d61696c5f737461747573223b733a313a2231223b733a31383a2272657365745f70617373776f72645f737472223b733a32353a22366877423072417439474b657a384d726c717a334537306b45223b733a31303a2269735f64656c65746564223b733a313a2230223b733a373a2263726561746564223b733a31393a22323031392d30342d30322031383a32393a3134223b733a383a226d6f646966696564223b733a31393a22323031392d30342d32382031383a30393a3230223b733a31303a22637265617465645f6279223b733a303a22223b733a31313a226d6f6469666965645f6279223b733a303a22223b7d6c6173745f73657373696f6e5f69647c693a39393b),
('ovft60s26kjoaksj7fosgd0hui4h5abl', '::1', 1557118034, 0x5f5f63695f6c6173745f726567656e65726174657c693a313535373131303837373b757365725f73657373696f6e7c4f3a383a22737464436c617373223a32383a7b733a373a22757365725f6964223b733a313a2235223b733a31303a2266697273745f6e616d65223b733a343a22416d6f6c223b733a393a226c6173745f6e616d65223b733a393a224b656c7761646b6172223b733a31333a22656d61696c5f61646472657373223b733a32313a22616d6f6c6b68617261746540676d61696c2e636f6d223b733a31333a22757365725f70617373776f7264223b733a33323a226531306164633339343962613539616262653536653035376632306638383365223b733a31373a227374616e646172645f636c6173735f6964223b733a313a2239223b733a31363a227375626a6563745f636c6173735f6964223b733a313a2232223b733a31323a226f7267616e697a6174696f6e223b733a343a2274657374223b733a32353a226f7267616e697a6174696f6e5f70686f6e655f6e756d626572223b733a303a22223b733a31303a22796f75725f7469746c65223b733a303a22223b733a31303a22796f75725f70686f6e65223b733a383a223132333435363734223b733a373a2261646472657373223b733a303a22223b733a31363a22746561726d5f636f6e646974696f6e73223b733a313a2230223b733a31333a2270726f66696c655f70686f746f223b733a32343a222f6d656469612f70726f66696c652f36303333322e6a7067223b733a393a22757365725f74797065223b733a313a2232223b733a31343a227363686f6f6c5f636f6c6c616765223b733a333a22564d56223b733a31373a2269735f70726f66696c655f737461747573223b733a313a2231223b733a31353a22726567697374657265645f64617465223b733a31393a22323031392d30342d30322031383a32393a3134223b733a31333a22617070726f7665645f64617465223b733a31393a22303030302d30302d30302030303a30303a3030223b733a31323a227061796d656e745f6d6f6465223b733a303a22223b733a32313a22766572696669636174696f6e5f62795f656d61696c223b733a33323a223966633662626663386263373532353030323061363761386531613639643634223b733a32383a22766572696669636174696f6e5f62795f656d61696c5f737461747573223b733a313a2231223b733a31383a2272657365745f70617373776f72645f737472223b733a32353a22366877423072417439474b657a384d726c717a334537306b45223b733a31303a2269735f64656c65746564223b733a313a2230223b733a373a2263726561746564223b733a31393a22323031392d30342d30322031383a32393a3134223b733a383a226d6f646966696564223b733a31393a22323031392d30342d32382031383a30393a3230223b733a31303a22637265617465645f6279223b733a303a22223b733a31313a226d6f6469666965645f6279223b733a303a22223b7d6c6173745f73657373696f6e5f69647c693a3130303b6172676574646174657c733a323a223530223b),
('oc6qlnunudln1mb7ff878hd897ams5h5', '::1', 1557150223, 0x5f5f63695f6c6173745f726567656e65726174657c693a313535373132333935313b757365725f73657373696f6e7c4f3a383a22737464436c617373223a32383a7b733a373a22757365725f6964223b733a313a2235223b733a31303a2266697273745f6e616d65223b733a343a22416d6f6c223b733a393a226c6173745f6e616d65223b733a393a224b656c7761646b6172223b733a31333a22656d61696c5f61646472657373223b733a32313a22616d6f6c6b68617261746540676d61696c2e636f6d223b733a31333a22757365725f70617373776f7264223b733a33323a226531306164633339343962613539616262653536653035376632306638383365223b733a31373a227374616e646172645f636c6173735f6964223b733a313a2239223b733a31363a227375626a6563745f636c6173735f6964223b733a313a2232223b733a31323a226f7267616e697a6174696f6e223b733a343a2274657374223b733a32353a226f7267616e697a6174696f6e5f70686f6e655f6e756d626572223b733a303a22223b733a31303a22796f75725f7469746c65223b733a303a22223b733a31303a22796f75725f70686f6e65223b733a383a223132333435363734223b733a373a2261646472657373223b733a303a22223b733a31363a22746561726d5f636f6e646974696f6e73223b733a313a2230223b733a31333a2270726f66696c655f70686f746f223b733a32343a222f6d656469612f70726f66696c652f36303333322e6a7067223b733a393a22757365725f74797065223b733a313a2232223b733a31343a227363686f6f6c5f636f6c6c616765223b733a333a22564d56223b733a31373a2269735f70726f66696c655f737461747573223b733a313a2231223b733a31353a22726567697374657265645f64617465223b733a31393a22323031392d30342d30322031383a32393a3134223b733a31333a22617070726f7665645f64617465223b733a31393a22303030302d30302d30302030303a30303a3030223b733a31323a227061796d656e745f6d6f6465223b733a303a22223b733a32313a22766572696669636174696f6e5f62795f656d61696c223b733a33323a223966633662626663386263373532353030323061363761386531613639643634223b733a32383a22766572696669636174696f6e5f62795f656d61696c5f737461747573223b733a313a2231223b733a31383a2272657365745f70617373776f72645f737472223b733a32353a22366877423072417439474b657a384d726c717a334537306b45223b733a31303a2269735f64656c65746564223b733a313a2230223b733a373a2263726561746564223b733a31393a22323031392d30342d30322031383a32393a3134223b733a383a226d6f646966696564223b733a31393a22323031392d30342d32382031383a30393a3230223b733a31303a22637265617465645f6279223b733a303a22223b733a31313a226d6f6469666965645f6279223b733a303a22223b7d6c6173745f73657373696f6e5f69647c693a3130313b6172676574646174657c733a323a223530223b),
('mcca0nq4k2mnfctg6ekvp35k96n5o1rp', '::1', 1557124996, 0x5f5f63695f6c6173745f726567656e65726174657c693a313535373132343937313b),
('1i2sb4e7fps9jbgil2st9acrqehkcbrq', '::1', 1557144393, 0x757365725f73657373696f6e7c4f3a383a22737464436c617373223a32383a7b733a373a22757365725f6964223b733a313a2231223b733a31303a2266697273745f6e616d65223b733a363a224c6f6d657368223b733a393a226c6173745f6e616d65223b733a393a224b656c7761646b6172223b733a31333a22656d61696c5f61646472657373223b733a32323a226c6f6d65736835333837353540676d61696c2e636f6d223b733a31333a22757365725f70617373776f7264223b733a33323a226531306164633339343962613539616262653536653035376632306638383365223b733a31373a227374616e646172645f636c6173735f6964223b733a313a2239223b733a31363a227375626a6563745f636c6173735f6964223b733a313a2232223b733a31323a226f7267616e697a6174696f6e223b733a343a2274657374223b733a32353a226f7267616e697a6174696f6e5f70686f6e655f6e756d626572223b733a303a22223b733a31303a22796f75725f7469746c65223b733a343a2274657374223b733a31303a22796f75725f70686f6e65223b733a383a223132333435363738223b733a373a2261646472657373223b733a303a22223b733a31363a22746561726d5f636f6e646974696f6e73223b733a313a2230223b733a31333a2270726f66696c655f70686f746f223b733a32313a222f6d656469612f70726f66696c652f61322e6a7067223b733a393a22757365725f74797065223b733a313a2231223b733a31343a227363686f6f6c5f636f6c6c616765223b733a31333a2243656e7472616c20506f696e74223b733a31373a2269735f70726f66696c655f737461747573223b733a313a2231223b733a31353a22726567697374657265645f64617465223b733a31393a22323031392d30342d30322031383a32393a3134223b733a31333a22617070726f7665645f64617465223b733a31393a22303030302d30302d30302030303a30303a3030223b733a31323a227061796d656e745f6d6f6465223b733a303a22223b733a32313a22766572696669636174696f6e5f62795f656d61696c223b733a33323a223966633662626663386263373532353030323061363761386531613639643634223b733a32383a22766572696669636174696f6e5f62795f656d61696c5f737461747573223b733a313a2231223b733a31383a2272657365745f70617373776f72645f737472223b733a32353a22306f464d7a64736f375666526d525162303578716e75523531223b733a31303a2269735f64656c65746564223b733a313a2230223b733a373a2263726561746564223b733a31393a22323031392d30342d30322031383a32393a3134223b733a383a226d6f646966696564223b733a31393a22323031392d30342d32392031373a34383a3137223b733a31303a22637265617465645f6279223b733a303a22223b733a31313a226d6f6469666965645f6279223b733a303a22223b7d6c6173745f73657373696f6e5f69647c693a3130323b5f5f63695f6c6173745f726567656e65726174657c693a313535373134303735323b);

-- --------------------------------------------------------

--
-- Table structure for table `tbl_button_pallate`
--

CREATE TABLE `tbl_button_pallate` (
  `id` int(11) NOT NULL,
  `que_no` int(11) NOT NULL DEFAULT '0',
  `user_id` int(11) NOT NULL DEFAULT '0',
  `test_id` int(11) NOT NULL DEFAULT '0',
  `className` varchar(200) COLLATE utf16_unicode_ci NOT NULL,
  `subject` varchar(100) COLLATE utf16_unicode_ci NOT NULL,
  `save_time` varchar(100) COLLATE utf16_unicode_ci NOT NULL,
  `ans_time` varchar(100) COLLATE utf16_unicode_ci NOT NULL,
  `que_id` int(11) DEFAULT '0',
  `subjectname` varchar(255) COLLATE utf16_unicode_ci DEFAULT NULL,
  `fragment` int(11) NOT NULL DEFAULT '0',
  `created_at` datetime DEFAULT CURRENT_TIMESTAMP,
  `updated_at` datetime DEFAULT CURRENT_TIMESTAMP
) ENGINE=InnoDB DEFAULT CHARSET=utf16 COLLATE=utf16_unicode_ci;

--
-- Dumping data for table `tbl_button_pallate`
--

INSERT INTO `tbl_button_pallate` (`id`, `que_no`, `user_id`, `test_id`, `className`, `subject`, `save_time`, `ans_time`, `que_id`, `subjectname`, `fragment`, `created_at`, `updated_at`) VALUES
(30, 1, 5, 26, 'btnmarked', '1', '49:47', '2', 0, NULL, 1, '2019-05-06 18:09:57', '2019-05-06 18:09:57'),
(31, 3, 5, 26, 'btnanswered', '1', '49:53', '3', 22, NULL, 3, '2019-05-06 19:11:21', '2019-05-06 19:11:21');

-- --------------------------------------------------------

--
-- Table structure for table `tbl_completed_test`
--

CREATE TABLE `tbl_completed_test` (
  `id` int(11) NOT NULL,
  `user_id` int(11) NOT NULL DEFAULT '0',
  `test_id` int(11) NOT NULL DEFAULT '0',
  `total_question` int(11) DEFAULT '0',
  `max_mark` varchar(100) COLLATE utf16_unicode_ci DEFAULT NULL,
  `total_mark` float DEFAULT NULL,
  `total_wrong_que` int(11) DEFAULT NULL,
  `total_right_que` int(11) DEFAULT '0',
  `total_right_mark` varchar(100) COLLATE utf16_unicode_ci DEFAULT NULL,
  `total_wrong_mark` varchar(100) COLLATE utf16_unicode_ci DEFAULT NULL,
  `test_duration` varchar(100) COLLATE utf16_unicode_ci DEFAULT NULL,
  `time_taken` varchar(100) COLLATE utf16_unicode_ci DEFAULT NULL,
  `attempt_question` varchar(100) COLLATE utf16_unicode_ci DEFAULT NULL,
  `not_attempt_question` varchar(100) COLLATE utf16_unicode_ci DEFAULT NULL,
  `created` varchar(100) COLLATE utf16_unicode_ci NOT NULL,
  `created_at` datetime DEFAULT CURRENT_TIMESTAMP,
  `updated_at` datetime DEFAULT CURRENT_TIMESTAMP
) ENGINE=InnoDB DEFAULT CHARSET=utf16 COLLATE=utf16_unicode_ci;

--
-- Dumping data for table `tbl_completed_test`
--

INSERT INTO `tbl_completed_test` (`id`, `user_id`, `test_id`, `total_question`, `max_mark`, `total_mark`, `total_wrong_que`, `total_right_que`, `total_right_mark`, `total_wrong_mark`, `test_duration`, `time_taken`, `attempt_question`, `not_attempt_question`, `created`, `created_at`, `updated_at`) VALUES
(2, 5, 26, 3, '4', 2, 2, 1, '2', '0', NULL, '0:5', '3', '0', '06/05/2019', '2019-05-06 16:05:58', '2019-05-06 16:05:58'),
(3, 5, 26, 3, '4', 2, 2, 1, '2', '0', NULL, '0:4', '3', '0', '06/05/2019', '2019-05-06 16:07:06', '2019-05-06 16:07:06'),
(4, 5, 26, 3, '4', 2, 2, 1, '2', '0', NULL, '-1:-101', '3', '0', '06/05/2019', '2019-05-06 16:38:14', '2019-05-06 16:38:14');

-- --------------------------------------------------------

--
-- Table structure for table `tbl_exam_question`
--

CREATE TABLE `tbl_exam_question` (
  `id` int(11) NOT NULL,
  `exam_id` int(11) NOT NULL,
  `question_id` int(11) NOT NULL,
  `is_status` int(1) NOT NULL DEFAULT '1',
  `created` timestamp NOT NULL DEFAULT CURRENT_TIMESTAMP ON UPDATE CURRENT_TIMESTAMP
) ENGINE=InnoDB DEFAULT CHARSET=latin1;

-- --------------------------------------------------------

--
-- Table structure for table `tbl_invited_exam_requests`
--

CREATE TABLE `tbl_invited_exam_requests` (
  `id` int(11) NOT NULL,
  `student_id` int(11) NOT NULL,
  `teacher_id` int(11) NOT NULL,
  `exam_id` int(11) NOT NULL,
  `request_status` int(11) NOT NULL COMMENT '1 - Accept, 2 - Decline, 3 - Start, 4 - Complete',
  `request_date_time` datetime NOT NULL,
  `is_deleted` int(1) NOT NULL DEFAULT '0',
  `created` timestamp NOT NULL DEFAULT CURRENT_TIMESTAMP
) ENGINE=InnoDB DEFAULT CHARSET=latin1;

--
-- Dumping data for table `tbl_invited_exam_requests`
--

INSERT INTO `tbl_invited_exam_requests` (`id`, `student_id`, `teacher_id`, `exam_id`, `request_status`, `request_date_time`, `is_deleted`, `created`) VALUES
(1, 5, 1, 7, 1, '2019-05-04 14:24:00', 0, '2019-05-04 17:18:05'),
(2, 5, 1, 26, 1, '2019-05-04 14:24:00', 0, '2019-05-04 17:18:05');

-- --------------------------------------------------------

--
-- Table structure for table `tbl_manage_folder`
--

CREATE TABLE `tbl_manage_folder` (
  `folder_id` int(11) NOT NULL,
  `folder_name` varchar(100) NOT NULL,
  `is_status` tinyint(1) NOT NULL,
  `is_deleted` tinyint(1) NOT NULL DEFAULT '0',
  `created` datetime NOT NULL,
  `modified` timestamp NOT NULL DEFAULT '0000-00-00 00:00:00' ON UPDATE CURRENT_TIMESTAMP,
  `created_by` varchar(50) NOT NULL,
  `modified_by` varchar(50) NOT NULL
) ENGINE=InnoDB DEFAULT CHARSET=latin1;

-- --------------------------------------------------------

--
-- Table structure for table `tbl_module`
--

CREATE TABLE `tbl_module` (
  `_id` int(11) NOT NULL,
  `module_name` varchar(255) NOT NULL,
  `faIcon` varchar(255) NOT NULL,
  `Controller_name` varchar(255) NOT NULL,
  `method_name` varchar(255) NOT NULL,
  `status` int(11) NOT NULL,
  `is_all` int(11) NOT NULL,
  `module_type` int(11) NOT NULL,
  `section_id` int(11) NOT NULL
) ENGINE=InnoDB DEFAULT CHARSET=latin1;

--
-- Dumping data for table `tbl_module`
--

INSERT INTO `tbl_module` (`_id`, `module_name`, `faIcon`, `Controller_name`, `method_name`, `status`, `is_all`, `module_type`, `section_id`) VALUES
(1, 'Standard', '', 'MasterController', 'StandardExecute', 1, 1, 1, 1),
(2, 'General', '', 'SystemSettingController', 'GeneralSettingExecute', 1, 1, 1, 9),
(3, 'All Student List', '', 'StudentsController', 'getAllStudents', 1, 1, 1, 2),
(4, 'All Approved', '', 'StudentsController', 'getAllApprovedStudents', 1, 1, 1, 2),
(5, 'All Nonapproved', '', 'StudentsController', 'getAllNonApprovedStudents', 1, 1, 1, 5555),
(6, 'Pending', '', 'StudentsController', 'getAllDisapprovedStudents', 1, 1, 1, 2),
(7, 'All Teachers List', '', 'TeachersController', 'getAllTeachers', 1, 1, 1, 3),
(8, 'All Approved', '', 'TeachersController', 'getAllApprovedTeachers', 1, 1, 1, 3),
(9, 'All Non Approved', '', 'TeachersController', 'getAllNonApprovedTeachers', 1, 1, 1, 3),
(10, 'All Disapproved', '', 'TeachersController', 'getAllDisapprovedTeachers', 1, 1, 1, 3),
(11, 'Subject', '', 'MasterController', 'SubjectExecute', 1, 1, 1, 1);

-- --------------------------------------------------------

--
-- Table structure for table `tbl_question_anser`
--

CREATE TABLE `tbl_question_anser` (
  `que_ans_id` bigint(20) NOT NULL,
  `question_id` int(11) NOT NULL,
  `option_answer_id` int(11) NOT NULL
) ENGINE=InnoDB DEFAULT CHARSET=latin1;

--
-- Dumping data for table `tbl_question_anser`
--

INSERT INTO `tbl_question_anser` (`que_ans_id`, `question_id`, `option_answer_id`) VALUES
(1, 1, 1),
(2, 2, 6),
(3, 12, 17),
(4, 12, 18),
(5, 17, 19),
(6, 21, 25),
(7, 22, 27),
(8, 23, 32);

-- --------------------------------------------------------

--
-- Table structure for table `tbl_question_option_1`
--

CREATE TABLE `tbl_question_option_1` (
  `question_option_id` int(11) NOT NULL,
  `que_id` int(11) NOT NULL,
  `que_option` varchar(200) NOT NULL,
  `is_status` tinyint(1) NOT NULL,
  `is_deleted` tinyint(1) NOT NULL,
  `created` timestamp NOT NULL DEFAULT CURRENT_TIMESTAMP ON UPDATE CURRENT_TIMESTAMP,
  `modified` timestamp NOT NULL DEFAULT CURRENT_TIMESTAMP
) ENGINE=InnoDB DEFAULT CHARSET=latin1;

--
-- Dumping data for table `tbl_question_option_1`
--

INSERT INTO `tbl_question_option_1` (`question_option_id`, `que_id`, `que_option`, `is_status`, `is_deleted`, `created`, `modified`) VALUES
(1, 1, 'True', 0, 0, '2019-05-01 11:36:22', '2019-05-01 11:36:22'),
(2, 1, 'False', 0, 0, '2019-05-01 11:36:22', '2019-05-01 11:36:22'),
(3, 2, 'Nagpur', 0, 0, '2019-05-01 11:45:20', '2019-05-01 11:45:20'),
(4, 2, 'Pune', 0, 0, '2019-05-01 11:45:20', '2019-05-01 11:45:20'),
(5, 2, 'mumbai', 0, 0, '2019-05-01 11:45:20', '2019-05-01 11:45:20'),
(6, 2, 'Delhi', 0, 0, '2019-05-01 11:45:20', '2019-05-01 11:45:20'),
(7, 10, 'te', 0, 0, '2019-05-01 12:00:32', '2019-05-01 12:00:32'),
(8, 10, 't', 0, 0, '2019-05-01 12:00:32', '2019-05-01 12:00:32'),
(9, 10, 'h', 0, 0, '2019-05-01 12:00:32', '2019-05-01 12:00:32'),
(10, 10, 'f', 0, 0, '2019-05-01 12:00:32', '2019-05-01 12:00:32'),
(11, 11, 'te', 0, 0, '2019-05-01 12:00:43', '2019-05-01 12:00:43'),
(12, 11, 't', 0, 0, '2019-05-01 12:00:43', '2019-05-01 12:00:43'),
(13, 11, 'h', 0, 0, '2019-05-01 12:00:43', '2019-05-01 12:00:43'),
(14, 11, 'f', 0, 0, '2019-05-01 12:00:43', '2019-05-01 12:00:43'),
(15, 12, 'te', 0, 0, '2019-05-01 12:02:22', '2019-05-01 12:02:22'),
(16, 12, 't', 0, 0, '2019-05-01 12:02:22', '2019-05-01 12:02:22'),
(17, 12, 'fdf', 0, 0, '2019-05-01 12:02:22', '2019-05-01 12:02:22'),
(18, 12, 'fdf', 0, 0, '2019-05-01 12:02:22', '2019-05-01 12:02:22'),
(19, 17, 'short_ans short_ans\r\nshort_ans \r\nshort_ans short_ans', 0, 0, '2019-05-01 12:09:58', '2019-05-01 12:09:58'),
(20, 19, '1', 0, 0, '2019-05-01 13:19:33', '2019-05-01 13:19:33'),
(21, 20, '1', 0, 0, '2019-05-01 13:20:10', '2019-05-01 13:20:10'),
(22, 20, '3', 0, 0, '2019-05-01 13:20:10', '2019-05-01 13:20:10'),
(23, 20, '5', 0, 0, '2019-05-01 13:20:10', '2019-05-01 13:20:10'),
(24, 20, '7', 0, 0, '2019-05-01 13:20:10', '2019-05-01 13:20:10'),
(25, 21, 'True', 0, 0, '2019-05-01 14:34:05', '2019-05-01 14:34:05'),
(26, 21, 'False', 0, 0, '2019-05-01 14:34:05', '2019-05-01 14:34:05'),
(27, 22, 'largest railway station', 0, 0, '2019-05-05 11:24:57', '2019-05-05 11:24:57'),
(28, 22, 'highest railway station', 0, 0, '2019-05-05 11:24:57', '2019-05-05 11:24:57'),
(29, 22, 'longest railway station', 0, 0, '2019-05-05 11:24:57', '2019-05-05 11:24:57'),
(30, 22, 'None of the above', 0, 0, '2019-05-05 11:24:57', '2019-05-05 11:24:57'),
(31, 23, 'Asia', 0, 0, '2019-05-05 11:25:54', '2019-05-05 11:25:54'),
(32, 23, 'Africa', 0, 0, '2019-05-05 11:25:54', '2019-05-05 11:25:54'),
(33, 23, 'Europe', 0, 0, '2019-05-05 11:25:55', '2019-05-05 11:25:55'),
(34, 23, 'Australia', 0, 0, '2019-05-05 11:25:55', '2019-05-05 11:25:55'),
(35, 24, 'Australia', 0, 0, '2019-05-05 11:25:55', '2019-05-05 11:25:55'),
(36, 24, 'Europe', 0, 0, '2019-05-05 11:25:55', '2019-05-05 11:25:55'),
(37, 24, 'Africa', 0, 0, '2019-05-05 11:25:54', '2019-05-05 11:25:54'),
(38, 24, 'Asia', 0, 0, '2019-05-05 11:25:54', '2019-05-05 11:25:54');

-- --------------------------------------------------------

--
-- Table structure for table `tbl_question_pair`
--

CREATE TABLE `tbl_question_pair` (
  `pair_id` bigint(20) NOT NULL,
  `question_id` int(11) NOT NULL,
  `option_id` int(11) NOT NULL,
  `pair_option` varchar(100) NOT NULL
) ENGINE=InnoDB DEFAULT CHARSET=latin1;

--
-- Dumping data for table `tbl_question_pair`
--

INSERT INTO `tbl_question_pair` (`pair_id`, `question_id`, `option_id`, `pair_option`) VALUES
(1, 20, 21, '2'),
(2, 20, 22, '4'),
(3, 20, 23, '6'),
(4, 20, 24, '8');

-- --------------------------------------------------------

--
-- Table structure for table `tbl_que_creation`
--

CREATE TABLE `tbl_que_creation` (
  `que_id` int(11) NOT NULL,
  `que_name` varchar(55) NOT NULL,
  `que_type_id` int(11) DEFAULT NULL,
  `test_id` int(11) DEFAULT NULL,
  `que_points` int(11) NOT NULL,
  `que_image` varchar(100) DEFAULT NULL,
  `que_option` tinyint(1) NOT NULL,
  `que_rows` int(11) NOT NULL,
  `is_status` tinyint(1) NOT NULL,
  `is_deleted` int(1) NOT NULL DEFAULT '0',
  `created` datetime NOT NULL,
  `modified` timestamp NOT NULL DEFAULT '0000-00-00 00:00:00' ON UPDATE CURRENT_TIMESTAMP,
  `created_by` varchar(50) NOT NULL,
  `modified_by` varchar(50) NOT NULL
) ENGINE=InnoDB DEFAULT CHARSET=latin1;

--
-- Dumping data for table `tbl_que_creation`
--

INSERT INTO `tbl_que_creation` (`que_id`, `que_name`, `que_type_id`, `test_id`, `que_points`, `que_image`, `que_option`, `que_rows`, `is_status`, `is_deleted`, `created`, `modified`, `created_by`, `modified_by`) VALUES
(1, 'Narendra modi is a pm...?', 1, 26, 2, '', 0, 0, 0, 0, '2019-05-01 00:00:00', '2019-05-06 12:55:38', '', ''),
(2, 'Indian capital is [] ..?', 2, 24, 2, '', 0, 0, 0, 0, '2019-05-01 00:00:00', '0000-00-00 00:00:00', '', ''),
(3, 'Narendra modi is a pm...?', 3, 24, 2, '', 0, 0, 0, 0, '2019-05-01 00:00:00', '0000-00-00 00:00:00', '', ''),
(4, 'Narendra modi is a pm...?', 3, 24, 2, '', 0, 0, 0, 0, '2019-05-01 00:00:00', '0000-00-00 00:00:00', '', ''),
(5, 'Narendra modi is a pm...?', 3, 24, 2, '', 0, 0, 0, 0, '2019-05-01 00:00:00', '0000-00-00 00:00:00', '', ''),
(6, 'Narendra modi is a pm...?', 3, 24, 2, '', 0, 0, 0, 0, '2019-05-01 00:00:00', '0000-00-00 00:00:00', '', ''),
(7, 'Indian capital is [] ..?', 3, 24, 2, '', 0, 0, 0, 0, '2019-05-01 00:00:00', '0000-00-00 00:00:00', '', ''),
(8, 'Narendra modi is a pm...?', 3, 24, 2, '', 0, 0, 0, 0, '2019-05-01 00:00:00', '0000-00-00 00:00:00', '', ''),
(9, 'Narendra modi is a pm...?', 3, 24, 2, '', 0, 0, 0, 0, '2019-05-01 00:00:00', '0000-00-00 00:00:00', '', ''),
(10, 'Narendra modi is a pm...?', 3, 24, 2, '', 0, 0, 0, 0, '2019-05-01 00:00:00', '0000-00-00 00:00:00', '', ''),
(11, 'Narendra modi is a pm...?', 3, 24, 2, '', 0, 0, 0, 0, '2019-05-01 00:00:00', '0000-00-00 00:00:00', '', ''),
(12, 'Indian capital is [] ..?', 3, 24, 2, '', 0, 0, 0, 0, '2019-05-01 00:00:00', '0000-00-00 00:00:00', '', ''),
(13, 'Narendra modi is a pm...?', 4, 24, 2, '/media/question/a1.jpg', 0, 0, 0, 0, '2019-05-01 00:00:00', '0000-00-00 00:00:00', '', ''),
(14, 'Narendra modi is a pm...?', 4, 24, 2, '/media/question/a2.jpg', 0, 0, 0, 0, '2019-05-01 00:00:00', '0000-00-00 00:00:00', '', ''),
(15, 'Narendra modi is a pm...?', 4, 24, 2, '/media/question/a3.jpg', 0, 0, 0, 0, '2019-05-01 00:00:00', '0000-00-00 00:00:00', '', ''),
(16, 'Narendra modi is a pm...?', 4, 24, 2, '/media/question/a4.jpg', 0, 0, 0, 0, '2019-05-01 00:00:00', '0000-00-00 00:00:00', '', ''),
(17, 'Indian capital is [] ..?', 4, 26, 2, '', 0, 0, 0, 0, '2019-05-01 00:00:00', '2019-05-06 13:02:19', '', ''),
(18, 'Indian capital is [] ..?', 5, 24, 2, '', 0, 0, 0, 0, '2019-05-01 00:00:00', '0000-00-00 00:00:00', '', ''),
(19, 'Indian capital is [] ..?', 5, 24, 2, '', 0, 0, 0, 0, '2019-05-01 00:00:00', '0000-00-00 00:00:00', '', ''),
(20, 'Indian capital is [] ..?', 2, 26, 2, '', 0, 0, 0, 0, '2019-05-01 00:00:00', '2019-05-06 12:21:25', '', ''),
(21, 'test', 1, 6, 2, '', 0, 0, 0, 0, '2019-05-01 00:00:00', '0000-00-00 00:00:00', '', ''),
(22, 'Grand Central Terminal, Park Avenue, New York is the wo', 3, 26, 2, '', 0, 0, 0, 0, '2019-05-05 00:00:00', '2019-05-06 12:13:59', '', ''),
(23, 'Eritrea, which became the 182nd member of the UN in 199', 3, 26, 1, '', 0, 0, 0, 0, '2019-05-05 00:00:00', '0000-00-00 00:00:00', '', ''),
(24, 'Eritrea, which became the 182nd member of the UN in', 3, 26, 1, '', 0, 0, 0, 0, '2019-05-05 00:00:00', '0000-00-00 00:00:00', '', '');

-- --------------------------------------------------------

--
-- Table structure for table `tbl_q_type_master`
--

CREATE TABLE `tbl_q_type_master` (
  `question_type_id` int(11) NOT NULL,
  `question_type_name` varchar(55) NOT NULL,
  `is_status` tinyint(1) NOT NULL,
  `is_deleted` int(11) NOT NULL DEFAULT '0',
  `created` datetime NOT NULL,
  `modified` timestamp NOT NULL DEFAULT '0000-00-00 00:00:00' ON UPDATE CURRENT_TIMESTAMP,
  `created_by` varchar(50) NOT NULL,
  `modified_by` varchar(50) NOT NULL
) ENGINE=InnoDB DEFAULT CHARSET=latin1;

--
-- Dumping data for table `tbl_q_type_master`
--

INSERT INTO `tbl_q_type_master` (`question_type_id`, `question_type_name`, `is_status`, `is_deleted`, `created`, `modified`, `created_by`, `modified_by`) VALUES
(1, 'True or False', 1, 0, '0000-00-00 00:00:00', '2019-04-26 02:33:32', '0', '0'),
(2, 'Fill in the blank', 1, 0, '0000-00-00 00:00:00', '2019-04-26 02:33:35', '0', '0'),
(3, 'Multiple Select/Choice', 1, 0, '0000-00-00 00:00:00', '2019-04-26 02:33:37', '0', '0'),
(4, 'Short Answer', 1, 0, '0000-00-00 00:00:00', '2019-04-26 02:33:39', '0', '0'),
(5, 'Matching', 1, 0, '0000-00-00 00:00:00', '2019-04-26 02:33:42', '0', '0');

-- --------------------------------------------------------

--
-- Table structure for table `tbl_section`
--

CREATE TABLE `tbl_section` (
  `_id` int(11) NOT NULL,
  `sectionName` varchar(255) NOT NULL,
  `status` int(11) NOT NULL DEFAULT '1'
) ENGINE=InnoDB DEFAULT CHARSET=latin1;

--
-- Dumping data for table `tbl_section`
--

INSERT INTO `tbl_section` (`_id`, `sectionName`, `status`) VALUES
(1, 'Master', 1),
(2, 'Students', 1),
(3, 'Teachers', 1),
(4, 'Reports', 1),
(5, 'Exam', 1),
(6, 'Result', 1),
(7, 'Payments', 1),
(8, 'Blog', 1),
(9, 'System Setting', 1),
(10, 'Administrator', 1),
(11, 'CMS', 1),
(12, 'Promotions', 1);

-- --------------------------------------------------------

--
-- Table structure for table `tbl_standard_class`
--

CREATE TABLE `tbl_standard_class` (
  `standard_class_id` int(11) NOT NULL,
  `standard_class_name` varchar(60) NOT NULL,
  `is_status` int(1) NOT NULL,
  `is_deleted` tinyint(1) NOT NULL,
  `created` datetime NOT NULL,
  `modified` timestamp NOT NULL DEFAULT CURRENT_TIMESTAMP ON UPDATE CURRENT_TIMESTAMP,
  `created_by` varchar(60) NOT NULL,
  `modified_by` varchar(60) NOT NULL
) ENGINE=InnoDB DEFAULT CHARSET=latin1;

--
-- Dumping data for table `tbl_standard_class`
--

INSERT INTO `tbl_standard_class` (`standard_class_id`, `standard_class_name`, `is_status`, `is_deleted`, `created`, `modified`, `created_by`, `modified_by`) VALUES
(1, 'History', 0, 0, '0000-00-00 00:00:00', '2019-03-22 22:05:28', '', ''),
(2, 'test', 1, 0, '0000-00-00 00:00:00', '2019-03-23 13:58:33', '', ''),
(3, 'fsf', 1, 0, '0000-00-00 00:00:00', '2019-03-23 13:58:44', '', ''),
(4, 'trsy', 1, 0, '0000-00-00 00:00:00', '2019-03-23 14:23:27', '', ''),
(5, 'a', 0, 0, '0000-00-00 00:00:00', '2019-03-23 14:23:54', '', ''),
(6, 'eadfaf', 1, 0, '0000-00-00 00:00:00', '2019-03-23 14:24:28', '', ''),
(7, 'sd', 0, 0, '0000-00-00 00:00:00', '2019-03-23 14:24:52', '', ''),
(8, 'saddsd', 1, 0, '0000-00-00 00:00:00', '2019-03-23 14:27:22', '', ''),
(9, 'sdsd', 1, 0, '0000-00-00 00:00:00', '2019-03-23 14:27:30', '', ''),
(10, 'a', 1, 0, '0000-00-00 00:00:00', '2019-03-23 14:29:16', '', ''),
(11, 'a', 1, 0, '0000-00-00 00:00:00', '2019-03-23 14:29:21', '', ''),
(12, 'test', 0, 0, '0000-00-00 00:00:00', '2019-03-25 19:26:57', '', ''),
(13, 'test new', 1, 1, '0000-00-00 00:00:00', '2019-03-23 14:35:24', '', ''),
(14, 'fsddf', 1, 1, '0000-00-00 00:00:00', '2019-03-23 14:35:03', '', '');

-- --------------------------------------------------------

--
-- Table structure for table `tbl_subject_class`
--

CREATE TABLE `tbl_subject_class` (
  `subject_class_id` int(11) NOT NULL,
  `subject_class_name` varchar(60) NOT NULL,
  `is_status` tinyint(1) NOT NULL,
  `is_deleted` tinyint(1) NOT NULL,
  `created` datetime NOT NULL,
  `modified` timestamp NOT NULL DEFAULT CURRENT_TIMESTAMP ON UPDATE CURRENT_TIMESTAMP,
  `created_by` varchar(60) NOT NULL,
  `modified_by` varchar(60) NOT NULL
) ENGINE=InnoDB DEFAULT CHARSET=latin1;

--
-- Dumping data for table `tbl_subject_class`
--

INSERT INTO `tbl_subject_class` (`subject_class_id`, `subject_class_name`, `is_status`, `is_deleted`, `created`, `modified`, `created_by`, `modified_by`) VALUES
(1, 'English', 0, 0, '0000-00-00 00:00:00', '2019-04-02 18:09:40', '', ''),
(2, 'History', 1, 0, '0000-00-00 00:00:00', '2019-03-25 17:29:57', '', ''),
(3, 'Mathematics', 1, 1, '0000-00-00 00:00:00', '2019-03-25 19:31:38', '', ''),
(4, 'sdsd', 1, 1, '0000-00-00 00:00:00', '2019-03-25 19:22:46', '', '');

-- --------------------------------------------------------

--
-- Table structure for table `tbl_system_config`
--

CREATE TABLE `tbl_system_config` (
  `sysytem_config_id` int(11) NOT NULL,
  `system_config_key` varchar(255) NOT NULL,
  `system_config_value` text NOT NULL,
  `created` datetime NOT NULL,
  `modified` timestamp NOT NULL DEFAULT CURRENT_TIMESTAMP ON UPDATE CURRENT_TIMESTAMP,
  `created_by` varchar(60) NOT NULL,
  `modified_by` varchar(60) NOT NULL
) ENGINE=InnoDB DEFAULT CHARSET=latin1;

--
-- Dumping data for table `tbl_system_config`
--

INSERT INTO `tbl_system_config` (`sysytem_config_id`, `system_config_key`, `system_config_value`, `created`, `modified`, `created_by`, `modified_by`) VALUES
(1, 'company_name', 'Test Solution', '0000-00-00 00:00:00', '2019-03-21 05:49:11', '', ''),
(2, 'company_address', 'Nagpur', '0000-00-00 00:00:00', '2019-03-16 15:46:17', '', ''),
(3, 'company_website', 'www.test.com', '0000-00-00 00:00:00', '2019-03-16 15:46:25', '', ''),
(4, 'company_email', 'test@gmail.com', '0000-00-00 00:00:00', '2019-03-16 15:46:31', '', ''),
(5, 'company_phone', '9970426205', '0000-00-00 00:00:00', '2019-03-16 15:46:34', '', ''),
(6, 'company_fax', 'fax1', '0000-00-00 00:00:00', '2019-03-16 15:46:37', '', ''),
(7, 'dateformat', 'd.m.Y', '0000-00-00 00:00:00', '2019-03-16 16:09:03', '', ''),
(8, 'protocol', 'smtp', '0000-00-00 00:00:00', '2019-03-16 16:41:44', '', ''),
(9, 'mailpath', '', '0000-00-00 00:00:00', '2019-03-16 16:41:44', '', ''),
(10, 'smtp_host', '', '0000-00-00 00:00:00', '2019-03-16 16:41:44', '', ''),
(11, 'smtp_port', '', '0000-00-00 00:00:00', '2019-03-16 16:41:44', '', ''),
(12, 'smtp_crypto', '', '0000-00-00 00:00:00', '2019-03-16 16:41:44', '', ''),
(13, 'smtp_user', '', '0000-00-00 00:00:00', '2019-03-16 16:41:44', '', ''),
(14, 'smtp_pass', '', '0000-00-00 00:00:00', '2019-03-16 16:41:44', '', '');

-- --------------------------------------------------------

--
-- Table structure for table `tbl_test_creation`
--

CREATE TABLE `tbl_test_creation` (
  `test_id` int(11) NOT NULL,
  `test_name` varchar(60) NOT NULL,
  `test_uniqe_code` varchar(60) NOT NULL,
  `folder_id` int(11) DEFAULT NULL,
  `user_id` int(11) NOT NULL,
  `test_description` text,
  `test_instructions` text,
  `test_form_date` datetime NOT NULL,
  `test_to_date` datetime NOT NULL,
  `test_access_code` varchar(10) NOT NULL,
  `test_time_limit` varchar(20) NOT NULL,
  `test_question_random` int(1) NOT NULL DEFAULT '0',
  `test_status` int(3) NOT NULL,
  `is_status` tinyint(1) NOT NULL,
  `is_deleted` int(1) NOT NULL DEFAULT '0',
  `created` timestamp NOT NULL DEFAULT CURRENT_TIMESTAMP ON UPDATE CURRENT_TIMESTAMP,
  `modified` timestamp NULL DEFAULT CURRENT_TIMESTAMP,
  `created_by` varchar(50) NOT NULL,
  `modified_by` varchar(50) NOT NULL
) ENGINE=InnoDB DEFAULT CHARSET=latin1;

--
-- Dumping data for table `tbl_test_creation`
--

INSERT INTO `tbl_test_creation` (`test_id`, `test_name`, `test_uniqe_code`, `folder_id`, `user_id`, `test_description`, `test_instructions`, `test_form_date`, `test_to_date`, `test_access_code`, `test_time_limit`, `test_question_random`, `test_status`, `is_status`, `is_deleted`, `created`, `modified`, `created_by`, `modified_by`) VALUES
(6, 'Test', 'h9MAZ-Q9pLx-Fy1ei-EQR2x', NULL, 1, 'test', 'test', '2019-04-26 00:00:00', '2019-04-27 00:00:00', 'S2MQ5', '120', 1, 1, 1, 0, '2019-05-01 14:31:02', '2019-04-28 13:29:20', '', ''),
(7, '12th Standard math Test', 'W2fI9-XzmcK-VNDyE-be2GY', NULL, 12, '12th Standard math Test', '12th Standard math Test', '2019-04-28 00:00:00', '2019-04-30 00:00:00', 'UVW23', '20', 1, 1, 1, 0, '2019-04-28 14:58:22', '2019-04-28 14:58:22', '', ''),
(8, 'Test 2', 'z34wZ-d64vH-rNGL3-r9HJj', NULL, 12, 'test', 'test', '2019-05-02 00:00:00', '2019-05-31 00:00:00', '0WXYQ', '20', 1, 1, 1, 0, '2019-05-05 11:03:06', '2019-04-28 15:16:19', '', ''),
(9, 'Test 4', 'R1qDg-XtGBO-5OQL9-mED05', NULL, 12, 't', 't', '2019-04-28 00:00:00', '2019-04-28 00:00:00', '5TVGA', '130', 1, 1, 1, 0, '2019-04-28 15:16:29', '2019-04-28 15:16:29', '', ''),
(10, 'Test 4', 'PcW5R-tvMst-GGhvg-LI5bG', NULL, 12, 'd', 'd', '2019-04-28 00:00:00', '2019-04-28 00:00:00', '0MQJX', '20', 0, 1, 1, 0, '2019-04-28 15:16:40', '2019-04-28 15:16:40', '', ''),
(11, '12th Standard math Test', 'lzB9R-j1AfS-hMD23-Z4LWT', NULL, 12, 'test', 'test', '2019-04-28 00:00:00', '2019-04-28 00:00:00', 'Y5J0S', '40', 1, 1, 1, 0, '2019-04-28 16:12:02', '2019-04-28 16:12:02', '', ''),
(12, '12th Standard math Test', '0DvI7-OBTO8-5jD79-0V4zw', NULL, 12, 'test', 'test', '2019-04-28 00:00:00', '2019-04-30 00:00:00', '9C4PK', '40', 1, 1, 1, 0, '2019-04-28 16:24:36', '2019-04-28 16:24:36', '', ''),
(13, '12th Standard math Test', 'TPDzX-RnmJ2-hXMEk-wovLN', NULL, 12, 'Standard math Test', 'Standard math Test', '2019-04-28 00:00:00', '2019-04-28 00:00:00', '1OC8J', '20', 0, 1, 1, 0, '2019-04-28 16:37:38', '2019-04-28 16:37:38', '', ''),
(14, '12th Standard math Test', 'jtsYf-l7hhQ-GFYZl-2GgVq', NULL, 12, '1000', '1000', '2019-04-28 00:00:00', '2019-06-20 00:00:00', 'GOCZ8', '20', 0, 1, 1, 0, '2019-04-28 16:38:26', '2019-04-28 16:38:26', '', ''),
(15, '12th Standard math Test', 'Xsu4A-yy1gQ-zOaJD-ix488', NULL, 12, '1000', '1000', '2019-04-28 00:00:00', '2019-04-30 00:00:00', '8AS0B', '20', 0, 1, 1, 0, '2019-04-28 16:38:46', '2019-04-28 16:38:46', '', ''),
(16, '12th Standard math Test', 'PI2Ec-aoMhD-pmQBD-j98L6', NULL, 12, '1000', '1000', '2019-04-28 00:00:00', '2019-04-28 00:00:00', 'Y24PX', '20', 0, 1, 1, 0, '2019-04-28 16:39:54', '2019-04-28 16:39:54', '', ''),
(17, '12th Standard math Test', 'TJIgV-Q7E9X-BDcMJ-OTioO', NULL, 1, ' Standard math Test', ' Standard math Test', '2019-04-29 00:00:00', '2019-04-29 00:00:00', '92EB4', '20', 0, 1, 1, 0, '2019-04-29 08:19:55', '2019-04-29 08:19:55', '', ''),
(18, '12th Standard math Test', 'YN90X-CDUJQ-I4uf5-3JcFe', NULL, 1, 'create_question', 'create_question', '2019-04-30 00:00:00', '2019-04-30 00:00:00', 'T5163', '20', 1, 1, 1, 0, '2019-04-30 05:11:00', '2019-04-30 05:11:00', '', ''),
(19, '12th Standard math Test', 'Iz0dH-pX6Ms-xiI3O-Vh84x', NULL, 1, 'test', 'test', '2019-05-01 00:00:00', '2019-05-04 00:00:00', 'PS1QC', '60', 1, 1, 1, 0, '2019-05-02 16:26:03', '2019-05-01 07:45:37', '', ''),
(20, '12th Standard math Test', 'tNe23-K1WOR-sIpRH-k4x7m', NULL, 1, 'test', 'test', '2019-05-01 00:00:00', '2019-05-01 00:00:00', 'Q3ZEN', '20', 1, 1, 1, 0, '2019-05-01 07:52:18', '2019-05-01 07:52:18', '', ''),
(21, '12th Standard math Test', 'VRJNW-HXCva-lU61u-8hXOs', NULL, 1, 'test', 'test', '2019-05-01 00:00:00', '2019-05-01 00:00:00', 'MWUI1', '50', 1, 1, 1, 0, '2019-05-01 07:52:51', '2019-05-01 07:52:51', '', ''),
(22, '12th Standard math Test', 'us5ij-RUcpU-1kvF8-iEXaF', NULL, 1, 'test', 'test', '2019-05-01 00:00:00', '2019-05-01 00:00:00', 'W8UVX', '20', 1, 1, 1, 0, '2019-05-01 08:13:19', '2019-05-01 08:13:19', '', ''),
(23, '', '', NULL, 1, NULL, NULL, '1970-01-01 00:00:00', '1970-01-01 00:00:00', 'NSYGI', '', 0, 1, 1, 0, '2019-05-01 11:16:41', '2019-05-01 11:15:19', '', ''),
(24, '12th Standard math Test', 'Ps6Qi-RY8bY-5jDtw-o05fj', NULL, 1, 'test', 'test', '2019-05-01 00:00:00', '2019-05-01 00:00:00', 'D701I', '20', 1, 1, 1, 0, '2019-05-01 11:31:57', '2019-05-01 11:31:57', '', ''),
(25, '12th Standard math Test', 'Wryzd-YGjoE-aZrfa-YmU2h', NULL, 1, '12th Standard math Test', '12th Standard math Test', '2019-05-01 00:00:00', '2019-05-01 00:00:00', 'LZYY7', '60', 1, 1, 1, 0, '2019-05-02 16:27:04', '2019-05-01 13:49:57', '', ''),
(26, '12th Standard math Test', 'hpL6u-uEgGA-BZIxF-WWSVo', NULL, 1, 'test', 'lomesh@gmail.com', '2019-05-05 00:00:00', '2019-05-23 00:00:00', '4X4IA', '50', 1, 1, 1, 0, '2019-05-05 09:58:31', '2019-05-03 04:07:11', '', '');

-- --------------------------------------------------------

--
-- Table structure for table `tbl_user_login_status`
--

CREATE TABLE `tbl_user_login_status` (
  `session_id` int(11) NOT NULL,
  `usermaster_id` int(11) DEFAULT NULL,
  `ipAddress` varchar(50) DEFAULT NULL,
  `loginIn` datetime(6) DEFAULT NULL,
  `logOut` datetime(6) DEFAULT NULL
) ENGINE=InnoDB DEFAULT CHARSET=latin1;

--
-- Dumping data for table `tbl_user_login_status`
--

INSERT INTO `tbl_user_login_status` (`session_id`, `usermaster_id`, `ipAddress`, `loginIn`, `logOut`) VALUES
(1, 1, '::1', '2019-04-17 08:42:55.000000', '2019-04-17 08:42:59.000000'),
(2, 1, '::1', '2019-04-17 08:43:07.000000', '2019-04-17 08:46:30.000000'),
(3, 12, '::1', '2019-04-17 09:23:09.000000', '2019-04-17 09:25:51.000000'),
(4, 12, '::1', '2019-04-17 09:25:58.000000', '2019-04-17 09:26:17.000000'),
(5, 12, '::1', '2019-04-17 09:26:36.000000', '2019-04-17 09:26:44.000000'),
(6, 12, '::1', '2019-04-21 10:39:17.000000', '2019-04-21 11:16:19.000000'),
(7, 12, '::1', '2019-04-21 11:22:17.000000', '2019-04-21 11:54:11.000000'),
(8, 5, '::1', '2019-04-21 11:54:19.000000', '2019-04-21 12:01:30.000000'),
(9, 12, '::1', '2019-04-21 12:01:47.000000', '2019-04-21 12:02:13.000000'),
(10, 12, '::1', '2019-04-21 12:02:26.000000', '2019-04-21 12:02:53.000000'),
(11, 12, '::1', '2019-04-21 12:03:05.000000', '2019-04-21 12:03:46.000000'),
(12, 5, '::1', '2019-04-21 12:03:56.000000', '2019-04-21 12:04:10.000000'),
(13, 12, '::1', '2019-04-21 12:04:36.000000', '2019-04-21 12:18:11.000000'),
(14, 12, '::1', '2019-04-21 12:19:06.000000', '2019-04-21 12:19:24.000000'),
(15, 5, '::1', '2019-04-21 12:19:44.000000', '2019-04-21 12:20:01.000000'),
(16, 12, '::1', '2019-04-21 12:20:50.000000', '2019-04-21 12:25:51.000000'),
(17, 12, '::1', '2019-04-21 12:26:01.000000', '2019-04-21 12:37:35.000000'),
(18, 12, '::1', '2019-04-21 12:37:46.000000', '2019-04-21 13:17:22.000000'),
(19, 5, '::1', '2019-04-21 13:17:32.000000', '2019-04-21 14:01:22.000000'),
(20, 12, '::1', '2019-04-21 14:01:36.000000', '2019-04-21 14:03:16.000000'),
(21, 12, '::1', '2019-04-22 22:42:47.000000', '2019-04-22 23:23:01.000000'),
(22, 12, '::1', '2019-04-22 23:23:37.000000', '2019-04-22 23:23:37.000000'),
(23, 12, '::1', '2019-04-24 08:14:15.000000', '2019-04-24 08:37:27.000000'),
(24, 5, '::1', '2019-04-24 08:37:33.000000', '2019-04-24 08:37:45.000000'),
(25, 12, '::1', '2019-04-24 08:37:52.000000', '2019-04-24 08:55:11.000000'),
(26, 12, '::1', '2019-04-24 08:55:56.000000', '2019-04-24 09:31:21.000000'),
(27, 12, '::1', '2019-04-24 09:31:31.000000', '2019-04-24 09:31:42.000000'),
(28, 12, '::1', '2019-04-24 09:32:23.000000', '2019-04-24 09:34:46.000000'),
(29, 5, '::1', '2019-04-24 09:34:52.000000', '2019-04-24 09:35:24.000000'),
(30, 12, '::1', '2019-04-24 09:35:30.000000', '2019-04-24 11:00:25.000000'),
(31, 12, '::1', '2019-04-24 11:00:32.000000', '2019-04-24 11:00:33.000000'),
(32, 12, '::1', '2019-04-24 11:02:44.000000', '2019-04-24 11:21:55.000000'),
(33, 12, '::1', '2019-04-24 11:24:07.000000', '2019-04-24 11:44:25.000000'),
(34, 12, '::1', '2019-04-24 11:44:58.000000', '2019-04-24 11:45:37.000000'),
(35, 5, '::1', '2019-04-24 11:45:49.000000', '2019-04-24 11:46:09.000000'),
(36, 12, '::1', '2019-04-24 12:15:44.000000', '2019-04-24 12:20:48.000000'),
(37, 12, '::1', '2019-04-24 14:30:05.000000', '2019-04-24 14:53:04.000000'),
(38, 12, '::1', '2019-04-24 15:02:48.000000', '2019-04-24 15:56:42.000000'),
(39, 12, '::1', '2019-04-24 15:57:05.000000', '2019-04-24 16:33:55.000000'),
(40, 5, '::1', '2019-04-24 16:34:04.000000', '2019-04-24 16:34:20.000000'),
(41, 12, '::1', '2019-04-24 16:34:30.000000', '2019-04-24 16:34:30.000000'),
(42, 12, '::1', '2019-04-26 07:27:53.000000', '2019-04-26 07:27:53.000000'),
(43, 12, '::1', '2019-04-28 13:48:45.000000', '2019-04-28 14:50:41.000000'),
(44, 12, '::1', '2019-04-28 14:52:15.000000', '2019-04-28 14:52:15.000000'),
(45, 12, '::1', '2019-04-28 16:52:31.000000', '2019-04-28 18:05:46.000000'),
(46, 5, '::1', '2019-04-28 18:05:51.000000', '2019-04-28 18:13:08.000000'),
(47, 12, '::1', '2019-04-28 18:13:16.000000', '2019-04-28 18:21:38.000000'),
(48, 12, '::1', '2019-04-28 18:21:54.000000', '2019-04-28 18:59:30.000000'),
(49, 12, '::1', '2019-04-28 18:59:52.000000', '2019-04-28 22:17:51.000000'),
(50, 14, '::1', '2019-04-28 22:28:19.000000', '2019-04-28 22:28:29.000000'),
(51, 1, '::1', '2019-04-28 22:30:07.000000', '2019-04-28 22:38:58.000000'),
(52, 14, '::1', '2019-04-29 11:20:28.000000', '2019-04-29 11:22:01.000000'),
(53, 1, '::1', '2019-04-29 11:22:07.000000', '2019-04-29 11:22:07.000000'),
(54, 1, '::1', '2019-04-29 12:14:14.000000', '2019-04-29 12:37:45.000000'),
(55, 14, '::1', '2019-04-29 12:37:51.000000', '2019-04-29 12:40:31.000000'),
(56, 1, '::1', '2019-04-29 12:40:45.000000', '2019-04-29 12:40:45.000000'),
(57, 1, '::1', '2019-04-29 13:27:28.000000', '2019-04-29 13:42:02.000000'),
(58, 14, '::1', '2019-04-29 13:37:19.000000', '2019-04-29 13:37:19.000000'),
(59, 14, '::1', '2019-04-29 13:46:00.000000', '2019-04-29 13:49:02.000000'),
(60, 1, '::1', '2019-04-29 13:49:14.000000', '2019-04-29 14:01:04.000000'),
(61, 1, '::1', '2019-04-29 14:06:58.000000', '2019-04-29 14:33:07.000000'),
(62, 14, '::1', '2019-04-29 14:33:29.000000', '2019-04-29 15:10:32.000000'),
(63, 1, '::1', '2019-04-29 15:10:40.000000', '2019-04-29 15:13:14.000000'),
(64, 14, '::1', '2019-04-29 15:51:54.000000', '2019-04-29 15:52:03.000000'),
(65, 1, '::1', '2019-04-29 15:52:50.000000', '2019-04-29 16:17:36.000000'),
(66, 14, '::1', '2019-04-29 16:32:54.000000', '2019-04-29 17:11:25.000000'),
(67, 1, '::1', '2019-04-29 17:11:42.000000', '2019-04-29 17:21:47.000000'),
(68, 1, '::1', '2019-04-29 17:34:18.000000', '2019-04-29 17:52:34.000000'),
(69, 14, '::1', '2019-04-29 17:55:00.000000', '2019-04-29 17:56:36.000000'),
(70, 14, '::1', '2019-04-29 17:58:04.000000', '2019-04-29 17:58:04.000000'),
(71, 1, '::1', '2019-04-29 20:32:23.000000', '2019-04-29 20:32:23.000000'),
(72, 1, '::1', '2019-04-30 08:28:40.000000', '2019-04-30 10:14:19.000000'),
(73, 5, '::1', '2019-04-30 10:14:23.000000', '2019-04-30 10:17:32.000000'),
(74, 1, '::1', '2019-04-30 10:17:37.000000', '2019-04-30 10:18:17.000000'),
(75, 5, '::1', '2019-04-30 10:18:22.000000', '2019-04-30 10:26:56.000000'),
(76, 1, '::1', '2019-04-30 10:27:20.000000', '2019-04-30 10:27:20.000000'),
(77, 1, '::1', '2019-04-30 15:33:15.000000', '2019-04-30 15:47:03.000000'),
(78, 1, '::1', '2019-04-30 15:47:09.000000', '2019-04-30 15:47:09.000000'),
(79, 14, '::1', '2019-04-30 16:12:31.000000', '2019-04-30 16:26:43.000000'),
(80, 1, '::1', '2019-04-30 16:30:37.000000', '2019-04-30 16:30:37.000000'),
(81, 1, '::1', '2019-05-01 11:29:44.000000', '2019-05-01 11:29:44.000000'),
(82, 1, '::1', '2019-05-01 13:43:04.000000', '2019-05-01 13:43:04.000000'),
(83, 17, '::1', '2019-05-02 08:43:27.000000', '2019-05-02 08:43:27.000000'),
(84, 1, '::1', '2019-05-02 19:39:18.000000', '2019-05-02 19:39:18.000000'),
(85, 1, '::1', '2019-05-02 21:55:35.000000', '2019-05-02 21:55:35.000000'),
(86, 1, '::1', '2019-05-02 22:00:28.000000', '2019-05-02 22:00:28.000000'),
(87, 1, '::1', '2019-05-03 07:39:15.000000', '2019-05-03 07:39:15.000000'),
(88, 14, '::1', '2019-05-03 09:28:08.000000', '2019-05-03 09:36:08.000000'),
(89, 1, '::1', '2019-05-03 09:36:16.000000', '2019-05-03 09:36:16.000000'),
(90, 1, '::1', '2019-05-05 15:12:03.000000', '2019-05-05 16:15:49.000000'),
(91, 1, '::1', '2019-05-05 16:16:07.000000', '2019-05-05 16:16:14.000000'),
(92, 5, '::1', '2019-05-05 16:16:40.000000', '2019-05-05 16:49:03.000000'),
(93, 1, '::1', '2019-05-05 16:48:45.000000', '2019-05-05 16:48:45.000000'),
(94, 5, '::1', '2019-05-05 16:49:13.000000', '2019-05-05 16:49:13.000000'),
(95, 5, '::1', '2019-05-05 21:36:28.000000', '2019-05-05 21:36:28.000000'),
(96, 5, '::1', '2019-05-06 00:19:25.000000', '2019-05-06 00:19:25.000000'),
(97, 5, '::1', '2019-05-06 00:30:57.000000', '2019-05-06 00:30:57.000000'),
(98, 5, '::1', '2019-05-06 00:32:06.000000', '2019-05-06 00:32:06.000000'),
(99, 5, '::1', '2019-05-06 00:38:33.000000', '2019-05-06 00:38:33.000000'),
(100, 5, '::1', '2019-05-06 08:18:02.000000', '2019-05-06 08:18:02.000000'),
(101, 5, '::1', '2019-05-06 11:55:54.000000', '2019-05-06 11:55:54.000000'),
(102, 1, '::1', '2019-05-06 16:35:50.000000', '2019-05-06 16:35:50.000000');

-- --------------------------------------------------------

--
-- Table structure for table `tbl_user_question_answered`
--

CREATE TABLE `tbl_user_question_answered` (
  `id` int(11) NOT NULL,
  `user_id` int(11) NOT NULL,
  `test_id` int(11) NOT NULL,
  `question_id` int(11) NOT NULL,
  `answer_id` int(11) NOT NULL,
  `q_no` int(11) NOT NULL,
  `save_time` varchar(255) DEFAULT NULL,
  `answer_status` varchar(255) DEFAULT NULL,
  `created_at` datetime DEFAULT NULL,
  `updated_at` datetime NOT NULL DEFAULT CURRENT_TIMESTAMP,
  `exam_status` enum('0','1') NOT NULL DEFAULT '0' COMMENT '0 for incomplete,1 for complete'
) ENGINE=InnoDB DEFAULT CHARSET=latin1;

--
-- Dumping data for table `tbl_user_question_answered`
--

INSERT INTO `tbl_user_question_answered` (`id`, `user_id`, `test_id`, `question_id`, `answer_id`, `q_no`, `save_time`, `answer_status`, `created_at`, `updated_at`, `exam_status`) VALUES
(4, 5, 26, 22, 29, 0, '49:54', 'wrong', NULL, '2019-05-06 13:24:52', '0'),
(5, 5, 26, 24, 37, 0, '49:29', 'wrong', NULL, '2019-05-06 14:09:18', '0'),
(6, 5, 26, 23, 33, 0, '49:56', 'wrong', NULL, '2019-05-06 14:09:23', '0'),
(7, 5, 26, 20, 21, 0, '49:56', 'wrong', NULL, '2019-05-06 18:03:49', '0'),
(8, 5, 26, 1, 1, 0, '49:49', 'right', NULL, '2019-05-06 18:30:14', '0');

-- --------------------------------------------------------

--
-- Table structure for table `tbl_user_registration`
--

CREATE TABLE `tbl_user_registration` (
  `user_id` int(11) NOT NULL,
  `first_name` varchar(100) DEFAULT NULL,
  `last_name` varchar(100) DEFAULT NULL,
  `email_address` varchar(100) DEFAULT NULL,
  `user_password` varchar(100) DEFAULT NULL,
  `standard_class_id` int(11) DEFAULT NULL,
  `subject_class_id` int(11) DEFAULT NULL,
  `organization` varchar(255) DEFAULT NULL,
  `organization_phone_number` varchar(100) NOT NULL,
  `your_title` varchar(100) NOT NULL,
  `your_phone` varchar(100) DEFAULT NULL,
  `address` text NOT NULL,
  `tearm_conditions` tinyint(1) NOT NULL,
  `profile_photo` text NOT NULL,
  `user_type` int(11) NOT NULL COMMENT '1-Teacher, 2-Student',
  `school_collage` text NOT NULL,
  `is_profile_status` int(11) NOT NULL COMMENT ' 0 - Non-Approve, 1 - Approve , 2 - Disapprove ',
  `registered_date` datetime NOT NULL,
  `approved_date` datetime NOT NULL,
  `payment_mode` varchar(30) NOT NULL,
  `verification_by_email` varchar(255) NOT NULL,
  `verification_by_email_status` tinyint(1) NOT NULL DEFAULT '0' COMMENT '0-false,1-true',
  `reset_password_str` varchar(40) DEFAULT NULL,
  `is_deleted` int(11) NOT NULL DEFAULT '0',
  `created` datetime NOT NULL,
  `modified` timestamp NOT NULL DEFAULT CURRENT_TIMESTAMP ON UPDATE CURRENT_TIMESTAMP,
  `created_by` varchar(100) NOT NULL,
  `modified_by` varchar(100) NOT NULL
) ENGINE=InnoDB DEFAULT CHARSET=latin1;

--
-- Dumping data for table `tbl_user_registration`
--

INSERT INTO `tbl_user_registration` (`user_id`, `first_name`, `last_name`, `email_address`, `user_password`, `standard_class_id`, `subject_class_id`, `organization`, `organization_phone_number`, `your_title`, `your_phone`, `address`, `tearm_conditions`, `profile_photo`, `user_type`, `school_collage`, `is_profile_status`, `registered_date`, `approved_date`, `payment_mode`, `verification_by_email`, `verification_by_email_status`, `reset_password_str`, `is_deleted`, `created`, `modified`, `created_by`, `modified_by`) VALUES
(1, 'Lomesh', 'Kelwadkar', 'lomesh538755@gmail.com', 'e10adc3949ba59abbe56e057f20f883e', 9, 2, 'test', '', 'test', '12345678', '', 0, '/media/profile/a2.jpg', 1, 'Central Point', 1, '2019-04-02 18:29:14', '0000-00-00 00:00:00', '', '9fc6bbfc8bc75250020a67a8e1a69d64', 1, '0oFMzdso7VfRmRQb05xqnuR51', 0, '2019-04-02 18:29:14', '2019-04-29 12:18:17', '', ''),
(5, 'Amol', 'Kelwadkar', 'amolkharate@gmail.com', 'e10adc3949ba59abbe56e057f20f883e', 9, 2, 'test', '', '', '12345674', '', 0, '/media/profile/60332.jpg', 2, 'VMV', 1, '2019-04-02 18:29:14', '0000-00-00 00:00:00', '', '9fc6bbfc8bc75250020a67a8e1a69d64', 1, '6hwB0rAt9GKez8Mrlqz3E70kE', 0, '2019-04-02 18:29:14', '2019-04-28 12:39:20', '', ''),
(7, 'test', 'test', 'amol@gmail.com', 'e10adc3949ba59abbe56e057f20f883e', NULL, 2, 'test', '12345666', 'test', '123456546', 'testt', 0, '', 1, '', 0, '0000-00-00 00:00:00', '0000-00-00 00:00:00', '', '', 0, NULL, 1, '0000-00-00 00:00:00', '2019-04-17 03:41:57', '', ''),
(8, 'Lomesh', 'Kelwadkar', 'lomesh53872@gmail.com', 'e10adc3949ba59abbe56e057f20f883e', NULL, 2, 'Test', '9996666666', 'test', '9996663366', 'Nagpur Railway Station, Sitabuldi, Nagpur, Maharashtra, India', 1, '', 1, '', 1, '2019-04-05 09:12:06', '0000-00-00 00:00:00', '', '', 0, NULL, 1, '2019-04-05 09:12:06', '2019-04-17 03:42:00', '', ''),
(9, 'Lomesh', 'Kelwadkar', 'lomesh5387@gmail.com', 'e10adc3949ba59abbe56e057f20f883e', NULL, 2, 'Test', '7888888888', 'test', '9996663367', 'Nagpur, Maharashtra, India', 1, '', 1, '', 0, '2019-04-17 09:08:26', '0000-00-00 00:00:00', '', '', 0, NULL, 1, '2019-04-17 09:08:26', '2019-04-17 03:42:03', '', ''),
(10, 'Lomesh', 'Kelwadkar', 'lomesh5387@gmail.com', 'e10adc3949ba59abbe56e057f20f883e', NULL, 2, 'Test', '9996666666', 'test', '9996663366', 'Nagpur, Maharashtra, India', 1, '', 1, '', 0, '2019-04-17 09:12:40', '0000-00-00 00:00:00', '', '', 0, NULL, 1, '2019-04-17 09:12:40', '2019-04-17 03:43:42', '', ''),
(11, 'Lomesh', 'Kelwadkar', 'lomesh5387@gmail.com', 'e10adc3949ba59abbe56e057f20f883e', NULL, 2, 'Test', '9996666666', 'test', '9996663366', 'Nagpur, Maharashtra, India', 1, '', 1, '', 0, '2019-04-17 09:14:42', '0000-00-00 00:00:00', '', '', 0, NULL, 1, '2019-04-17 09:14:42', '2019-04-17 03:47:17', '', ''),
(12, 'Lomesh', 'Kelwadkar', 'lomesh5387@gmail.com', 'e10adc3949ba59abbe56e057f20f883e', NULL, 2, 'Test 12366', '9996666666', 'test', '9996663366', 'Nagpur, Maharashtra, India', 1, '/media/profile/pho_21.jpg', 1, '', 1, '2019-04-17 09:17:56', '0000-00-00 00:00:00', '', '', 0, NULL, 1, '2019-04-17 09:17:56', '2019-04-28 16:51:01', '', ''),
(13, 'Lomesh', 'Kelwadkar', 'lomesh5387@gmail.com', 'd41d8cd98f00b204e9800998ecf8427e', NULL, 2, 'Test', '9996666666', 'test', '9996663366', 'Nagpur, Maharashtra, India', 0, '', 1, '', 0, '2019-04-24 14:30:21', '0000-00-00 00:00:00', '', '', 0, NULL, 1, '2019-04-24 14:30:21', '2019-04-28 16:51:05', '', ''),
(14, 'Lomesh', 'Kelwadkar', 'lomesh5387@gmail.com', 'e10adc3949ba59abbe56e057f20f883e', 9, NULL, NULL, '', '', NULL, '', 0, '/media/profile/60333.jpg', 2, 'VMV', 1, '2019-04-28 22:21:14', '0000-00-00 00:00:00', '', '9fc6bbfc8bc75250020a67a8e1a69d64', 1, NULL, 0, '2019-04-28 22:21:14', '2019-04-29 11:03:20', '', ''),
(15, 'Lomesh', 'Kelwadkar', 'lomesh538744@gmail.com', 'e10adc3949ba59abbe56e057f20f883e', NULL, 2, 'Test 123', '9996666666', 'test', '9996663366', 'Nagoya, Aichi, Japan', 1, '', 1, '', 0, '2019-04-29 16:51:26', '0000-00-00 00:00:00', '', '', 0, NULL, 0, '2019-04-29 16:51:26', '2019-04-29 11:21:26', '', ''),
(16, 'Lomesh', 'Kelwadkar', 'lomesh53879@gmail.com', 'e10adc3949ba59abbe56e057f20f883e', 8, NULL, NULL, '', '', NULL, '', 0, '', 1, 'VMV', 1, '2019-04-29 16:53:19', '0000-00-00 00:00:00', '', 'b8c5430a26e66c04833ca6d5c6e5f7c2', 1, NULL, 0, '2019-04-29 16:53:19', '2019-05-02 03:02:27', '', ''),
(17, 'Rohit', 'Kelwadkar', 'rohit@gmail.com', 'e10adc3949ba59abbe56e057f20f883e', NULL, 2, 'Test', '8553652558', 'test', '7414252552', 'Nashville, TN, USA', 1, '', 1, '', 1, '2019-05-02 08:42:49', '0000-00-00 00:00:00', '', '', 0, NULL, 0, '2019-05-02 08:42:49', '2019-05-02 03:13:15', '', '');

-- --------------------------------------------------------

--
-- Table structure for table `users`
--

CREATE TABLE `users` (
  `user_id` int(11) NOT NULL,
  `user_email` varchar(255) NOT NULL DEFAULT '',
  `user_pass` varchar(60) NOT NULL DEFAULT '',
  `user_date` datetime NOT NULL,
  `admin_section` varchar(5000) DEFAULT NULL,
  `admin_module` varchar(5000) DEFAULT NULL,
  `user_modified` datetime NOT NULL,
  `user_last_login` datetime DEFAULT NULL,
  `user_permission` text NOT NULL,
  `userType` int(4) NOT NULL,
  `userStatus` tinyint(4) NOT NULL,
  `module_permission` text NOT NULL,
  `subModule_permission` text NOT NULL,
  `username` varchar(50) NOT NULL,
  `password` varchar(255) NOT NULL,
  `is_deleted` int(11) NOT NULL DEFAULT '0',
  `name` text NOT NULL,
  `gender` text NOT NULL,
  `mobile` text NOT NULL,
  `user_Type` int(11) NOT NULL DEFAULT '1'
) ENGINE=InnoDB DEFAULT CHARSET=utf8;

--
-- Dumping data for table `users`
--

INSERT INTO `users` (`user_id`, `user_email`, `user_pass`, `user_date`, `admin_section`, `admin_module`, `user_modified`, `user_last_login`, `user_permission`, `userType`, `userStatus`, `module_permission`, `subModule_permission`, `username`, `password`, `is_deleted`, `name`, `gender`, `mobile`, `user_Type`) VALUES
(1, 'admin@gmail.com', '$2a$08$l7uwxaOK2UbKOX8t.1yh.eKEfZ4TOaREBWamr16m2G0Y5lB/51u6m', '2016-11-05 17:36:38', '1,2,3,4,5,6,7,8,9,10,11,12,13,14,15,16,17,18,19', '1,2,3,4,5,6,7,8,9,10,11,12,13,14,15,16,17,18,19,30,31,32,33,34,35,36,37,38,39,40,41,42,43,44,45,46', '2017-06-17 11:44:17', '2019-04-29 13:09:34', 'dashboard,', 1, 0, '1,2,3,4,5,6,7,8,9,10,11,12,13,14,15,16,17,18,20,21,22,23,24,25,26,27,28,29,30,31,32,33,34,35,36', '1,2,3,4,5,6,7,8,14,9,10,11,12,13,14,15,16,17,18,19,20,21,22,23,24,25,26,27,28,29,30,31,32,33,34,35,36,37,38,39,40,41,42,43,44,45,46,47,48,49,50,51,52,53,54,55,56,57,58,59,60,61,62', 'test@gmail.com', '7cd9d2e3065cef4756b2b7132dc40042', 1, 'Asfak', '', '', 1);

--
-- Indexes for dumped tables
--

--
-- Indexes for table `ci_sessions`
--
ALTER TABLE `ci_sessions`
  ADD KEY `ci_sessions_timestamp` (`timestamp`);

--
-- Indexes for table `tbl_button_pallate`
--
ALTER TABLE `tbl_button_pallate`
  ADD PRIMARY KEY (`id`);

--
-- Indexes for table `tbl_completed_test`
--
ALTER TABLE `tbl_completed_test`
  ADD PRIMARY KEY (`id`);

--
-- Indexes for table `tbl_invited_exam_requests`
--
ALTER TABLE `tbl_invited_exam_requests`
  ADD PRIMARY KEY (`id`);

--
-- Indexes for table `tbl_manage_folder`
--
ALTER TABLE `tbl_manage_folder`
  ADD PRIMARY KEY (`folder_id`);

--
-- Indexes for table `tbl_module`
--
ALTER TABLE `tbl_module`
  ADD PRIMARY KEY (`_id`);

--
-- Indexes for table `tbl_question_anser`
--
ALTER TABLE `tbl_question_anser`
  ADD PRIMARY KEY (`que_ans_id`);

--
-- Indexes for table `tbl_question_option_1`
--
ALTER TABLE `tbl_question_option_1`
  ADD PRIMARY KEY (`question_option_id`);

--
-- Indexes for table `tbl_question_pair`
--
ALTER TABLE `tbl_question_pair`
  ADD PRIMARY KEY (`pair_id`);

--
-- Indexes for table `tbl_que_creation`
--
ALTER TABLE `tbl_que_creation`
  ADD PRIMARY KEY (`que_id`),
  ADD KEY `que_type_id` (`que_type_id`),
  ADD KEY `test_id` (`test_id`);

--
-- Indexes for table `tbl_q_type_master`
--
ALTER TABLE `tbl_q_type_master`
  ADD PRIMARY KEY (`question_type_id`);

--
-- Indexes for table `tbl_section`
--
ALTER TABLE `tbl_section`
  ADD PRIMARY KEY (`_id`);

--
-- Indexes for table `tbl_standard_class`
--
ALTER TABLE `tbl_standard_class`
  ADD PRIMARY KEY (`standard_class_id`);

--
-- Indexes for table `tbl_subject_class`
--
ALTER TABLE `tbl_subject_class`
  ADD PRIMARY KEY (`subject_class_id`);

--
-- Indexes for table `tbl_system_config`
--
ALTER TABLE `tbl_system_config`
  ADD PRIMARY KEY (`sysytem_config_id`);

--
-- Indexes for table `tbl_test_creation`
--
ALTER TABLE `tbl_test_creation`
  ADD PRIMARY KEY (`test_id`),
  ADD KEY `folder_id` (`folder_id`),
  ADD KEY `user_id` (`user_id`),
  ADD KEY `folder_id_2` (`folder_id`);

--
-- Indexes for table `tbl_user_login_status`
--
ALTER TABLE `tbl_user_login_status`
  ADD PRIMARY KEY (`session_id`);

--
-- Indexes for table `tbl_user_question_answered`
--
ALTER TABLE `tbl_user_question_answered`
  ADD PRIMARY KEY (`id`);

--
-- Indexes for table `tbl_user_registration`
--
ALTER TABLE `tbl_user_registration`
  ADD PRIMARY KEY (`user_id`),
  ADD KEY `standard_class_id` (`standard_class_id`),
  ADD KEY `subject_class_id` (`subject_class_id`);

--
-- Indexes for table `users`
--
ALTER TABLE `users`
  ADD PRIMARY KEY (`user_id`);

--
-- AUTO_INCREMENT for dumped tables
--

--
-- AUTO_INCREMENT for table `tbl_button_pallate`
--
ALTER TABLE `tbl_button_pallate`
  MODIFY `id` int(11) NOT NULL AUTO_INCREMENT, AUTO_INCREMENT=32;
--
-- AUTO_INCREMENT for table `tbl_completed_test`
--
ALTER TABLE `tbl_completed_test`
  MODIFY `id` int(11) NOT NULL AUTO_INCREMENT, AUTO_INCREMENT=5;
--
-- AUTO_INCREMENT for table `tbl_invited_exam_requests`
--
ALTER TABLE `tbl_invited_exam_requests`
  MODIFY `id` int(11) NOT NULL AUTO_INCREMENT, AUTO_INCREMENT=3;
--
-- AUTO_INCREMENT for table `tbl_manage_folder`
--
ALTER TABLE `tbl_manage_folder`
  MODIFY `folder_id` int(11) NOT NULL AUTO_INCREMENT;
--
-- AUTO_INCREMENT for table `tbl_module`
--
ALTER TABLE `tbl_module`
  MODIFY `_id` int(11) NOT NULL AUTO_INCREMENT, AUTO_INCREMENT=12;
--
-- AUTO_INCREMENT for table `tbl_question_anser`
--
ALTER TABLE `tbl_question_anser`
  MODIFY `que_ans_id` bigint(20) NOT NULL AUTO_INCREMENT, AUTO_INCREMENT=9;
--
-- AUTO_INCREMENT for table `tbl_question_option_1`
--
ALTER TABLE `tbl_question_option_1`
  MODIFY `question_option_id` int(11) NOT NULL AUTO_INCREMENT, AUTO_INCREMENT=39;
--
-- AUTO_INCREMENT for table `tbl_question_pair`
--
ALTER TABLE `tbl_question_pair`
  MODIFY `pair_id` bigint(20) NOT NULL AUTO_INCREMENT, AUTO_INCREMENT=5;
--
-- AUTO_INCREMENT for table `tbl_que_creation`
--
ALTER TABLE `tbl_que_creation`
  MODIFY `que_id` int(11) NOT NULL AUTO_INCREMENT, AUTO_INCREMENT=25;
--
-- AUTO_INCREMENT for table `tbl_q_type_master`
--
ALTER TABLE `tbl_q_type_master`
  MODIFY `question_type_id` int(11) NOT NULL AUTO_INCREMENT, AUTO_INCREMENT=6;
--
-- AUTO_INCREMENT for table `tbl_section`
--
ALTER TABLE `tbl_section`
  MODIFY `_id` int(11) NOT NULL AUTO_INCREMENT, AUTO_INCREMENT=13;
--
-- AUTO_INCREMENT for table `tbl_standard_class`
--
ALTER TABLE `tbl_standard_class`
  MODIFY `standard_class_id` int(11) NOT NULL AUTO_INCREMENT, AUTO_INCREMENT=15;
--
-- AUTO_INCREMENT for table `tbl_subject_class`
--
ALTER TABLE `tbl_subject_class`
  MODIFY `subject_class_id` int(11) NOT NULL AUTO_INCREMENT, AUTO_INCREMENT=5;
--
-- AUTO_INCREMENT for table `tbl_system_config`
--
ALTER TABLE `tbl_system_config`
  MODIFY `sysytem_config_id` int(11) NOT NULL AUTO_INCREMENT, AUTO_INCREMENT=15;
--
-- AUTO_INCREMENT for table `tbl_test_creation`
--
ALTER TABLE `tbl_test_creation`
  MODIFY `test_id` int(11) NOT NULL AUTO_INCREMENT, AUTO_INCREMENT=27;
--
-- AUTO_INCREMENT for table `tbl_user_login_status`
--
ALTER TABLE `tbl_user_login_status`
  MODIFY `session_id` int(11) NOT NULL AUTO_INCREMENT, AUTO_INCREMENT=103;
--
-- AUTO_INCREMENT for table `tbl_user_question_answered`
--
ALTER TABLE `tbl_user_question_answered`
  MODIFY `id` int(11) NOT NULL AUTO_INCREMENT, AUTO_INCREMENT=9;
--
-- AUTO_INCREMENT for table `tbl_user_registration`
--
ALTER TABLE `tbl_user_registration`
  MODIFY `user_id` int(11) NOT NULL AUTO_INCREMENT, AUTO_INCREMENT=18;
--
-- AUTO_INCREMENT for table `users`
--
ALTER TABLE `users`
  MODIFY `user_id` int(11) NOT NULL AUTO_INCREMENT, AUTO_INCREMENT=2;
--
-- Constraints for dumped tables
--

--
-- Constraints for table `tbl_que_creation`
--
ALTER TABLE `tbl_que_creation`
  ADD CONSTRAINT `tbl_que_creation_ibfk_1` FOREIGN KEY (`que_type_id`) REFERENCES `tbl_q_type_master` (`question_type_id`),
  ADD CONSTRAINT `tbl_que_creation_ibfk_2` FOREIGN KEY (`test_id`) REFERENCES `tbl_test_creation` (`test_id`);

--
-- Constraints for table `tbl_test_creation`
--
ALTER TABLE `tbl_test_creation`
  ADD CONSTRAINT `tbl_test_creation_ibfk_1` FOREIGN KEY (`folder_id`) REFERENCES `tbl_manage_folder` (`folder_id`),
  ADD CONSTRAINT `tbl_test_creation_ibfk_2` FOREIGN KEY (`user_id`) REFERENCES `tbl_user_registration` (`user_id`);

--
-- Constraints for table `tbl_user_registration`
--
ALTER TABLE `tbl_user_registration`
  ADD CONSTRAINT `tbl_user_registration_ibfk_1` FOREIGN KEY (`standard_class_id`) REFERENCES `tbl_standard_class` (`standard_class_id`),
  ADD CONSTRAINT `tbl_user_registration_ibfk_2` FOREIGN KEY (`subject_class_id`) REFERENCES `tbl_subject_class` (`subject_class_id`);
COMMIT;

/*!40101 SET CHARACTER_SET_CLIENT=@OLD_CHARACTER_SET_CLIENT */;
/*!40101 SET CHARACTER_SET_RESULTS=@OLD_CHARACTER_SET_RESULTS */;
/*!40101 SET COLLATION_CONNECTION=@OLD_COLLATION_CONNECTION */;
