-- MySQL dump 10.13  Distrib 8.0.23, for Win64 (x86_64)
--
-- Host: localhost    Database: univer
-- ------------------------------------------------------
-- Server version	8.0.23

/*!40101 SET @OLD_CHARACTER_SET_CLIENT=@@CHARACTER_SET_CLIENT */;
/*!40101 SET @OLD_CHARACTER_SET_RESULTS=@@CHARACTER_SET_RESULTS */;
/*!40101 SET @OLD_COLLATION_CONNECTION=@@COLLATION_CONNECTION */;
/*!50503 SET NAMES utf8 */;
/*!40103 SET @OLD_TIME_ZONE=@@TIME_ZONE */;
/*!40103 SET TIME_ZONE='+00:00' */;
/*!40014 SET @OLD_UNIQUE_CHECKS=@@UNIQUE_CHECKS, UNIQUE_CHECKS=0 */;
/*!40014 SET @OLD_FOREIGN_KEY_CHECKS=@@FOREIGN_KEY_CHECKS, FOREIGN_KEY_CHECKS=0 */;
/*!40101 SET @OLD_SQL_MODE=@@SQL_MODE, SQL_MODE='NO_AUTO_VALUE_ON_ZERO' */;
/*!40111 SET @OLD_SQL_NOTES=@@SQL_NOTES, SQL_NOTES=0 */;

--
-- Table structure for table `allset`
--

DROP TABLE IF EXISTS `allset`;
/*!40101 SET @saved_cs_client     = @@character_set_client */;
/*!50503 SET character_set_client = utf8mb4 */;
CREATE TABLE `allset` (
  `id` int NOT NULL,
  `forma_id` int DEFAULT NULL,
  `language_id` int DEFAULT NULL,
  `speciality_id` int DEFAULT NULL,
  `basis_id` int DEFAULT NULL,
  PRIMARY KEY (`id`)
) ENGINE=InnoDB DEFAULT CHARSET=utf8mb4 COLLATE=utf8mb4_0900_ai_ci;
/*!40101 SET character_set_client = @saved_cs_client */;

--
-- Dumping data for table `allset`
--

LOCK TABLES `allset` WRITE;
/*!40000 ALTER TABLE `allset` DISABLE KEYS */;
INSERT INTO `allset` VALUES (75,2,1,29,2),(76,2,3,29,2),(77,1,1,29,2),(78,1,3,29,2),(79,2,1,30,1),(80,2,1,31,1),(82,2,1,101,2),(83,1,1,101,2),(84,2,1,33,1),(85,1,1,33,1),(86,2,1,34,2),(87,1,1,34,1),(88,2,1,35,2),(89,1,1,35,2),(96,2,1,106,2),(98,2,2,107,2),(99,2,3,108,2),(100,2,1,110,2),(101,2,1,111,2),(102,2,1,112,2),(103,2,1,113,2),(104,2,1,114,2),(105,2,1,3,2),(107,1,1,445,2),(111,2,1,115,2),(112,2,1,117,2),(113,2,1,163,2),(120,2,1,613,2),(121,1,1,170,1),(122,2,1,455,2),(123,1,1,124,2),(128,2,1,189,2),(129,2,3,450,2),(130,1,1,453,2),(133,2,1,120,1),(134,2,1,121,2),(136,2,1,123,1),(138,2,1,126,2),(140,1,1,126,1),(141,2,1,128,2),(143,1,1,128,2),(144,1,1,130,2),(146,1,1,132,2),(150,2,1,135,2),(151,2,1,136,2),(152,1,1,136,2),(153,2,1,137,1),(154,2,1,138,2),(155,2,1,139,2),(156,2,1,140,2),(158,2,1,142,2),(159,2,1,143,2),(160,2,1,144,1),(161,2,1,145,1),(162,2,1,146,1),(163,1,1,146,1),(164,2,1,147,1),(165,2,1,148,2),(166,1,1,148,1),(167,2,1,149,2),(168,1,1,149,1),(169,2,1,150,2),(170,1,1,150,1),(171,2,1,151,2),(172,1,1,151,1),(173,2,1,153,2),(174,1,1,153,1),(175,2,1,621,2),(176,1,1,154,1),(177,2,1,622,2),(178,1,1,155,1),(179,1,1,156,1),(180,2,1,623,2),(181,1,1,157,1),(182,2,1,159,2),(183,1,1,159,1),(184,1,1,160,1),(185,2,1,161,2),(186,1,1,161,1),(187,2,1,162,2),(188,1,1,162,1),(189,2,1,165,2),(190,1,1,165,1),(192,2,1,167,2),(193,1,1,167,1),(195,2,1,169,2),(197,2,1,172,2),(198,1,1,172,1),(200,2,1,174,2),(201,1,1,174,1),(203,2,1,176,2),(204,2,1,180,2),(206,2,1,181,2),(209,2,1,183,2),(211,2,1,184,1),(213,2,1,185,2),(214,2,1,177,2),(216,2,1,179,2),(230,1,1,158,NULL),(238,2,1,451,NULL),(239,1,1,454,NULL),(240,2,3,452,NULL),(242,1,1,176,NULL),(246,1,1,114,NULL),(247,1,1,443,NULL),(248,1,3,443,NULL),(249,1,2,443,NULL),(250,2,1,444,NULL),(251,2,3,455,NULL),(253,2,1,447,NULL),(254,2,1,448,NULL),(255,2,1,449,NULL),(257,1,1,102,NULL),(259,2,1,574,NULL),(260,1,1,578,NULL),(261,1,1,579,NULL),(262,1,1,580,NULL),(267,2,1,587,NULL),(268,2,1,588,NULL),(269,1,1,588,NULL),(275,2,1,581,NULL),(276,2,1,582,NULL),(277,2,1,583,NULL),(278,2,1,584,NULL),(281,2,1,592,NULL),(282,2,1,593,NULL),(283,2,1,595,NULL),(285,2,1,611,NULL),(286,2,3,611,NULL),(287,2,1,4,NULL),(288,1,3,128,NULL),(289,1,1,624,NULL),(290,1,1,574,NULL),(291,1,1,169,NULL),(292,2,1,615,NULL),(293,1,1,615,NULL),(294,2,1,616,NULL),(295,2,1,609,NULL),(296,2,1,625,NULL),(297,2,1,626,NULL),(298,2,1,633,NULL),(299,2,1,634,NULL),(300,2,1,635,NULL),(301,1,3,124,NULL),(302,1,1,143,NULL),(303,1,1,636,NULL),(304,1,1,637,NULL),(305,2,1,641,NULL),(306,2,1,640,NULL),(307,2,1,642,NULL);
/*!40000 ALTER TABLE `allset` ENABLE KEYS */;
UNLOCK TABLES;

--
-- Table structure for table `basis`
--

DROP TABLE IF EXISTS `basis`;
/*!40101 SET @saved_cs_client     = @@character_set_client */;
/*!50503 SET character_set_client = utf8mb4 */;
CREATE TABLE `basis` (
  `id` int NOT NULL,
  `Name` varchar(45) DEFAULT NULL,
  PRIMARY KEY (`id`)
) ENGINE=InnoDB DEFAULT CHARSET=utf8mb4 COLLATE=utf8mb4_0900_ai_ci;
/*!40101 SET character_set_client = @saved_cs_client */;

--
-- Dumping data for table `basis`
--

LOCK TABLES `basis` WRITE;
/*!40000 ALTER TABLE `basis` DISABLE KEYS */;
INSERT INTO `basis` VALUES (1,'Договор'),(2,'Бюджет');
/*!40000 ALTER TABLE `basis` ENABLE KEYS */;
UNLOCK TABLES;

--
-- Table structure for table `faculty`
--

DROP TABLE IF EXISTS `faculty`;
/*!40101 SET @saved_cs_client     = @@character_set_client */;
/*!50503 SET character_set_client = utf8mb4 */;
CREATE TABLE `faculty` (
  `id` int NOT NULL,
  `name` varchar(45) DEFAULT NULL,
  PRIMARY KEY (`id`)
) ENGINE=InnoDB DEFAULT CHARSET=utf8mb4 COLLATE=utf8mb4_0900_ai_ci;
/*!40101 SET character_set_client = @saved_cs_client */;

--
-- Dumping data for table `faculty`
--

LOCK TABLES `faculty` WRITE;
/*!40000 ALTER TABLE `faculty` DISABLE KEYS */;
INSERT INTO `faculty` VALUES (1,'Инженерно-технический институт'),(2,'Физико-математический факультет'),(10,'Факультет физической культуры и спорта'),(11,'Институт истории, государства и права'),(53,'Естественно-географический факультет'),(54,'Аграрно-технологический факультет'),(55,'Институт языка и литературы'),(56,'Экономический факультет'),(57,'Медицинский факультет'),(58,'Факультет педагогики и психологии'),(59,'Рыбницкий филиал ПГУ'),(60,'Бендерский филиал ПГУ'),(61,'Факультет искусства и архитектуры'),(62,'Технический колледж им. Ю.А. Гагарина'),(63,'Бендерский политехнический филиал СПО и НПО'),(71,'Военный институт'),(73,NULL);
/*!40000 ALTER TABLE `faculty` ENABLE KEYS */;
UNLOCK TABLES;

--
-- Table structure for table `forma`
--

DROP TABLE IF EXISTS `forma`;
/*!40101 SET @saved_cs_client     = @@character_set_client */;
/*!50503 SET character_set_client = utf8mb4 */;
CREATE TABLE `forma` (
  `id` int NOT NULL,
  `Name` varchar(45) DEFAULT NULL,
  PRIMARY KEY (`id`)
) ENGINE=InnoDB DEFAULT CHARSET=utf8mb4 COLLATE=utf8mb4_0900_ai_ci;
/*!40101 SET character_set_client = @saved_cs_client */;

--
-- Dumping data for table `forma`
--

LOCK TABLES `forma` WRITE;
/*!40000 ALTER TABLE `forma` DISABLE KEYS */;
INSERT INTO `forma` VALUES (1,'Заочная'),(2,'Дневная');
/*!40000 ALTER TABLE `forma` ENABLE KEYS */;
UNLOCK TABLES;

--
-- Table structure for table `language`
--

DROP TABLE IF EXISTS `language`;
/*!40101 SET @saved_cs_client     = @@character_set_client */;
/*!50503 SET character_set_client = utf8mb4 */;
CREATE TABLE `language` (
  `id` int NOT NULL,
  `Name` varchar(45) DEFAULT NULL,
  PRIMARY KEY (`id`)
) ENGINE=InnoDB DEFAULT CHARSET=utf8mb4 COLLATE=utf8mb4_0900_ai_ci;
/*!40101 SET character_set_client = @saved_cs_client */;

--
-- Dumping data for table `language`
--

LOCK TABLES `language` WRITE;
/*!40000 ALTER TABLE `language` DISABLE KEYS */;
INSERT INTO `language` VALUES (1,'Русский'),(2,'Украинский'),(3,'Молдавский'),(4,'Английский'),(5,'Немецкий '),(6,'Испанский'),(7,'Французский');
/*!40000 ALTER TABLE `language` ENABLE KEYS */;
UNLOCK TABLES;

--
-- Table structure for table `speciality`
--

DROP TABLE IF EXISTS `speciality`;
/*!40101 SET @saved_cs_client     = @@character_set_client */;
/*!50503 SET character_set_client = utf8mb4 */;
CREATE TABLE `speciality` (
  `id` int NOT NULL,
  `name` varchar(200) DEFAULT NULL,
  `faculty_id` int DEFAULT NULL,
  PRIMARY KEY (`id`)
) ENGINE=InnoDB DEFAULT CHARSET=utf8mb4 COLLATE=utf8mb4_0900_ai_ci;
/*!40101 SET character_set_client = @saved_cs_client */;

--
-- Dumping data for table `speciality`
--

LOCK TABLES `speciality` WRITE;
/*!40000 ALTER TABLE `speciality` DISABLE KEYS */;
INSERT INTO `speciality` VALUES (3,'Математика со спец \"Компьютерная математика\"',2),(4,'Физика',2),(29,'Физическая культура',10),(30,'Физическая культура со спец. Физическая реабилитация',10),(31,'Физическая культура со спец. Менеджмент в ФКиС',10),(33,'Социология',11),(34,'Политология',11),(35,'Юриспруденция',11),(101,'История',11),(102,'Русский язык и литература',55),(103,'Молдавский язык и литература и русский язык и литература',55),(105,'Библиотековедение и библиография',55),(106,'Русский язык, литература и иностранный язык (анг.яз.)',55),(107,'Украинский язык, литература и иностранный язык',55),(108,'Молдавский язык, литература и иностранный язык',55),(110,'Теория и методика преподавания иняз и культ (анг.яз.) ',55),(111,'Теория и методика преподавания иняз и культ (фра.яз.) ',55),(112,'Перевод и переводоведение (анг.яз.)',55),(113,'Перевод и переводоведение (нем.яз.)',55),(114,'Журналистика',55),(115,'Информатика со спец \"Инф. технологии в образовании\"',2),(117,'Прикладная математика и информатика',2),(120,'География со спец. туризм ',53),(121,'Химия',53),(123,'Безопасность жизнедеятельности в техносфере',53),(124,'Педагогика и методика нач. образования',58),(126,'Педагогика и психология',58),(128,'Дошкольная педагогика и психология',58),(130,'Педагогика и методика дошк. образ. на базе сред.проф. образ.',58),(132,'Педагогика и методика нач. образ. на базе сред. проф. образ.',58),(135,'Музыкальное образ. с доп. спец. Искусствоведение',61),(136,'Социально-культурная деятельность',61),(137,'Актерское искусство',61),(138,'Архитектура',61),(139,'Англ. язык с доп спец. нем. яз. (анг.яз.)',59),(140,'Нем. язык с доп спец. англ. яз. (нем.яз.)',59),(142,'Информатика с доп.спец. \"Английский язык\"',59),(143,'Изобразит. искусство с доп.спец. \"Декоративное искусство и народные промыслы\"',59),(144,'Программное обеспечение выч.техники и автоматизир. систем',59),(145,'Прикладная информатика в экономике',59),(146,'Менеджмент организации',59),(147,'Дизайн со спец \"Дизайн костюма\", \"Графический дизайн\"',59),(148,'Бухгалтерский учет, анализ и аудит',56),(149,'Финансы и кредит со спец. \"Финансовый менеджмент\"',56),(150,'Финансы и кредит со спец. \"Банковское дело\"',56),(151,'Национальная экономика',56),(153,'Технология произв и перераб сх продукции',54),(154,'Агрономия',54),(155,'Плодоовощеводство и виноградарство',54),(156,'Плодоовощеводство и виноград. (с сокр. срок.)',54),(157,'Защита растений',54),(158,'Защита растений (с сокр. срок.)',54),(159,'Механизация сельского хозяйства',54),(160,'Механизация сельского хозяйства (с сокр. срок.)',54),(161,'Механизация переработки с/х продукции',54),(162,'Ветеринария',54),(163,'Лечебное дело',57),(165,'Промышленное и гражданское строительство',60),(167,'Теплогазоснабжение и вентиляция',60),(169,'Автомобили и автомобильное хозяйство',60),(170,'Электроснабжение',1),(172,'Металлургия, машиностроение и металлобработка',1),(174,'Информатика и вычислительная техника',1),(176,'Машины и аппараты пищевых производств',1),(177,'Технология машиностроения на базе 9 кл.',62),(179,'Электроснабжение на базе 9 кл.',62),(180,'Строительство и эксп. зданий и сооружений',63),(181,'Тех.обслуживание и ремонт автотранспорта',63),(183,'Монтаж и эксп. оборудования и систем газоснабжения',63),(184,'Автоматизированные системы обработки инф. и упр.',63),(185,'Тех.обслуживание и ремонт радиоэлектронной техники',63),(189,'Биология дневная',53),(443,'Обучение иностранному языку в раннем возрасте',55),(444,'Теория и методика преподавания иняз и культ (нем. яз.)',55),(445,'Математика со спец. \"Информатика\"',2),(447,'Прикладная математика',2),(448,'Физика и техника оптической связи',2),(449,'Микроэлектроника и твердотельная электроника',2),(450,'Биология с доп. спец. химия',53),(451,'География дневная',53),(452,'География с доп. спец. История',53),(453,'Биология заочная',53),(454,'География  заочная',53),(455,'Педагогика и методика нач. образ. с доп. спец. ин. яз.',58),(574,'Электрификация и автоматизация сельского хозяйства',54),(578,'Защита в чрезвычайных ситуациях',53),(579,'Лесное дело',53),(580,'Землеустройство и кадастры',53),(581,'Техническая эксплуатация и обслужив. электрич. и электромехан. оборуд. 9 кл. ',62),(582,'Монтаж и эксплуатация промышленного оборудования (по отраслям) 9кл.',62),(583,'Автоматизация технологических процессов и производств (по отраслям) 9кл.',62),(584,'Средства механизации и автоматизации (по отраслям) 9 кл.',62),(587,'Специальная дошкольная педагогика и психология',58),(588,'Социальная педагогика',58),(589,'Воспитательная работа в сухопутных войсках с доп. квал. по направлению \"Психология\"',71),(590,'Управление воинскими подразделениями (мотострелковые и танковые войска) с доп. квал. по направлению \"Менеджмент\" ',71),(591,'Командная тактичесая артиллерия с доп. квал. по направлению \"Прикладная математика и информатика\"  ',71),(592,'Мастер сухого строительства',63),(593,'Электромонтер по ремонту и обслуживанию',63),(595,'Слесарь',63),(609,'Технология машиностроения на базе 11 кл.',62),(611,'Физика с доп. спец.\"Математика\"',2),(613,'Энергетика, энергетическое машиностроение и электротехника',1),(615,'Сервис транспортных и технологических машин и оборудования',1),(616,'Вычислительные машины, комплексы, системы и сети (9 кл.)',62),(621,'Агрономия со специализацией «Агробизнес» ',54),(622,'Плодоовощеводство и виноградарство со специализацией «Фитодизайн»',54),(623,'Защита растений со специализацией «Фитосанитарный контроль»',54),(624,'Музыкальное образование',61),(625,'Электроснабжение на базе 11 кл.',62),(626,'Специальности военного института',71),(633,'Средства механизации и автоматизации 11 кл.',62),(634,'Промышленная электроника',2),(635,'Биология со спец. фитодизайн',53),(636,'Теплогазоснабжение и вентиляция с сокр. срок.',60),(637,'Автомобили и автомобильное хозяйство с сокр. срок.',60),(640,'Автоматизация технологических процессов и производств (по отраслям) 11кл.',62),(641,'Вычислительные машины, комплексы, системы и сети (11 кл.)',62),(642,'Техническая эксплуатация и обслужив. электрич. и электромехан. оборуд.  11 кл',62);
/*!40000 ALTER TABLE `speciality` ENABLE KEYS */;
UNLOCK TABLES;
/*!40103 SET TIME_ZONE=@OLD_TIME_ZONE */;

/*!40101 SET SQL_MODE=@OLD_SQL_MODE */;
/*!40014 SET FOREIGN_KEY_CHECKS=@OLD_FOREIGN_KEY_CHECKS */;
/*!40014 SET UNIQUE_CHECKS=@OLD_UNIQUE_CHECKS */;
/*!40101 SET CHARACTER_SET_CLIENT=@OLD_CHARACTER_SET_CLIENT */;
/*!40101 SET CHARACTER_SET_RESULTS=@OLD_CHARACTER_SET_RESULTS */;
/*!40101 SET COLLATION_CONNECTION=@OLD_COLLATION_CONNECTION */;
/*!40111 SET SQL_NOTES=@OLD_SQL_NOTES */;

-- Dump completed on 2021-04-20 15:44:09
