insert into prerequisitos(forca, codigo_curso) values (1, '45052');
insert into distemprereq(disciplina_id, prerequisito_id) values (7, 1);
insert into prereqcompdis(disciplina_id, prerequisito_id) values (3, 1);
insert into prerequisitos(forca, codigo_curso) values (1, '45052');
insert into distemprereq(disciplina_id, prerequisito_id) values (8, 2);
insert into prereqcompdis(disciplina_id, prerequisito_id) values (3, 2);
insert into prerequisitos(forca, codigo_curso) values (1, '45052');
insert into distemprereq(disciplina_id, prerequisito_id) values (9, 3);
insert into prereqcompdis(disciplina_id, prerequisito_id) values (3, 3);
insert into prerequisitos(forca, codigo_curso) values (1, '45052');
insert into distemprereq(disciplina_id, prerequisito_id) values (11, 4);
insert into prereqcompdis(disciplina_id, prerequisito_id) values (5, 4);
insert into prerequisitos(forca, codigo_curso) values (1, '45052');
insert into distemprereq(disciplina_id, prerequisito_id) values (12, 5);
insert into prereqcompdis(disciplina_id, prerequisito_id) values (6, 5);
insert into prerequisitos(forca, codigo_curso) values (1, '45052');
insert into distemprereq(disciplina_id, prerequisito_id) values (13, 6);
insert into prereqcompdis(disciplina_id, prerequisito_id) values (7, 6);
insert into prerequisitos(forca, codigo_curso) values (1, '45052');
insert into distemprereq(disciplina_id, prerequisito_id) values (14, 7);
insert into prereqcompdis(disciplina_id, prerequisito_id) values (3, 7);
insert into prerequisitos(forca, codigo_curso) values (1, '45052');
insert into distemprereq(disciplina_id, prerequisito_id) values (15, 8);
insert into prereqcompdis(disciplina_id, prerequisito_id) values (3, 8);
insert into prereqcompdis(disciplina_id, prerequisito_id) values (11, 8);
insert into prerequisitos(forca, codigo_curso) values (1, '45052');
insert into distemprereq(disciplina_id, prerequisito_id) values (16, 9);
insert into prereqcompdis(disciplina_id, prerequisito_id) values (7, 9);
insert into prerequisitos(forca, codigo_curso) values (1, '45052');
insert into distemprereq(disciplina_id, prerequisito_id) values (17, 10);
insert into prereqcompdis(disciplina_id, prerequisito_id) values (12, 10);
insert into prerequisitos(forca, codigo_curso) values (1, '45052');
insert into distemprereq(disciplina_id, prerequisito_id) values (18, 11);
insert into prereqcompdis(disciplina_id, prerequisito_id) values (7, 11);
insert into prerequisitos(forca, codigo_curso) values (1, '45052');
insert into distemprereq(disciplina_id, prerequisito_id) values (19, 12);
insert into prereqcompdis(disciplina_id, prerequisito_id) values (16, 12);
insert into prerequisitos(forca, codigo_curso) values (1, '45052');
insert into distemprereq(disciplina_id, prerequisito_id) values (20, 13);
insert into prereqcompdis(disciplina_id, prerequisito_id) values (7, 13);
insert into prereqcompdis(disciplina_id, prerequisito_id) values (8, 13);
insert into prerequisitos(forca, codigo_curso) values (1, '45052');
insert into distemprereq(disciplina_id, prerequisito_id) values (21, 14);
insert into prereqcompdis(disciplina_id, prerequisito_id) values (7, 14);
insert into prerequisitos(forca, codigo_curso) values (1, '45052');
insert into distemprereq(disciplina_id, prerequisito_id) values (23, 15);
insert into prereqcompdis(disciplina_id, prerequisito_id) values (19, 15);
insert into prereqcompdis(disciplina_id, prerequisito_id) values (21, 15);
insert into prerequisitos(forca, codigo_curso) values (1, '45052');
insert into distemprereq(disciplina_id, prerequisito_id) values (31, 16);
insert into prereqcompdis(disciplina_id, prerequisito_id) values (3, 16);
insert into prerequisitos(forca, codigo_curso) values (1, '45052');
insert into distemprereq(disciplina_id, prerequisito_id) values (32, 17);
insert into prereqcompdis(disciplina_id, prerequisito_id) values (7, 17);
insert into prerequisitos(forca, codigo_curso) values (1, '45052');
insert into distemprereq(disciplina_id, prerequisito_id) values (33, 18);
insert into prereqcompdis(disciplina_id, prerequisito_id) values (7, 18);
insert into prerequisitos(forca, codigo_curso) values (1, '45052');
insert into distemprereq(disciplina_id, prerequisito_id) values (35, 19);
insert into prereqcompdis(disciplina_id, prerequisito_id) values (10, 19);
insert into prerequisitos(forca, codigo_curso) values (1, '45052');
insert into distemprereq(disciplina_id, prerequisito_id) values (36, 20);
insert into prereqcompdis(disciplina_id, prerequisito_id) values (10, 20);
insert into prerequisitos(forca, codigo_curso) values (1, '45052');
insert into distemprereq(disciplina_id, prerequisito_id) values (39, 21);
insert into prereqcompdis(disciplina_id, prerequisito_id) values (12, 21);
insert into prerequisitos(forca, codigo_curso) values (1, '45052');
insert into distemprereq(disciplina_id, prerequisito_id) values (40, 22);
insert into prereqcompdis(disciplina_id, prerequisito_id) values (11, 22);
insert into prerequisitos(forca, codigo_curso) values (1, '45052');
insert into distemprereq(disciplina_id, prerequisito_id) values (41, 23);
insert into prereqcompdis(disciplina_id, prerequisito_id) values (2, 23);
insert into prerequisitos(forca, codigo_curso) values (1, '45052');
insert into distemprereq(disciplina_id, prerequisito_id) values (42, 24);
insert into prereqcompdis(disciplina_id, prerequisito_id) values (2, 24);
insert into prerequisitos(forca, codigo_curso) values (1, '45052');
insert into distemprereq(disciplina_id, prerequisito_id) values (47, 25);
insert into prereqcompdis(disciplina_id, prerequisito_id) values (8, 25);
insert into prerequisitos(forca, codigo_curso) values (1, '45052');
insert into distemprereq(disciplina_id, prerequisito_id) values (48, 26);
insert into prereqcompdis(disciplina_id, prerequisito_id) values (7, 26);
insert into prereqcompdis(disciplina_id, prerequisito_id) values (8, 26);
insert into prerequisitos(forca, codigo_curso) values (1, '45052');
insert into distemprereq(disciplina_id, prerequisito_id) values (49, 27);
insert into prereqcompdis(disciplina_id, prerequisito_id) values (7, 27);
insert into prerequisitos(forca, codigo_curso) values (1, '45052');
insert into distemprereq(disciplina_id, prerequisito_id) values (50, 28);
insert into prereqcompdis(disciplina_id, prerequisito_id) values (11, 28);
insert into prerequisitos(forca, codigo_curso) values (1, '45052');
insert into distemprereq(disciplina_id, prerequisito_id) values (53, 29);
insert into prereqcompdis(disciplina_id, prerequisito_id) values (10, 29);
insert into prereqcompdis(disciplina_id, prerequisito_id) values (12, 29);
insert into prerequisitos(forca, codigo_curso) values (1, '45052');
insert into distemprereq(disciplina_id, prerequisito_id) values (54, 30);
insert into prereqcompdis(disciplina_id, prerequisito_id) values (17, 30);
insert into prerequisitos(forca, codigo_curso) values (1, '45052');
insert into distemprereq(disciplina_id, prerequisito_id) values (55, 31);
insert into prereqcompdis(disciplina_id, prerequisito_id) values (10, 31);
insert into prereqcompdis(disciplina_id, prerequisito_id) values (6, 31);
insert into prerequisitos(forca, codigo_curso) values (1, '45052');
insert into distemprereq(disciplina_id, prerequisito_id) values (56, 32);
insert into prereqcompdis(disciplina_id, prerequisito_id) values (2, 32);
insert into prerequisitos(forca, codigo_curso) values (1, '45052');
insert into distemprereq(disciplina_id, prerequisito_id) values (57, 33);
insert into prereqcompdis(disciplina_id, prerequisito_id) values (11, 33);
insert into prereqcompdis(disciplina_id, prerequisito_id) values (39, 33);
insert into prerequisitos(forca, codigo_curso) values (1, '45052');
insert into distemprereq(disciplina_id, prerequisito_id) values (73, 34);
insert into prereqcompdis(disciplina_id, prerequisito_id) values (11, 34);
insert into prerequisitos(forca, codigo_curso) values (1, '45052');
insert into distemprereq(disciplina_id, prerequisito_id) values (74, 35);
insert into prereqcompdis(disciplina_id, prerequisito_id) values (7, 35);
insert into prerequisitos(forca, codigo_curso) values (1, '45052');
insert into distemprereq(disciplina_id, prerequisito_id) values (75, 36);
insert into prereqcompdis(disciplina_id, prerequisito_id) values (7, 36);
insert into prerequisitos(forca, codigo_curso) values (1, '45052');
insert into distemprereq(disciplina_id, prerequisito_id) values (76, 37);
insert into prereqcompdis(disciplina_id, prerequisito_id) values (7, 37);
insert into prerequisitos(forca, codigo_curso) values (1, '45052');
insert into distemprereq(disciplina_id, prerequisito_id) values (77, 38);
insert into prereqcompdis(disciplina_id, prerequisito_id) values (7, 38);
insert into prerequisitos(forca, codigo_curso) values (1, '45052');
insert into distemprereq(disciplina_id, prerequisito_id) values (79, 39);
insert into prereqcompdis(disciplina_id, prerequisito_id) values (16, 39);
insert into prerequisitos(forca, codigo_curso) values (1, '45052');
insert into distemprereq(disciplina_id, prerequisito_id) values (80, 40);
insert into prereqcompdis(disciplina_id, prerequisito_id) values (16, 40);
insert into prerequisitos(forca, codigo_curso) values (1, '45052');
insert into distemprereq(disciplina_id, prerequisito_id) values (81, 41);
insert into prereqcompdis(disciplina_id, prerequisito_id) values (7, 41);
insert into prerequisitos(forca, codigo_curso) values (1, '45052');
insert into distemprereq(disciplina_id, prerequisito_id) values (82, 42);
insert into prereqcompdis(disciplina_id, prerequisito_id) values (9, 42);
insert into prereqcompdis(disciplina_id, prerequisito_id) values (16, 42);
insert into prerequisitos(forca, codigo_curso) values (1, '45052');
insert into distemprereq(disciplina_id, prerequisito_id) values (83, 43);
insert into prereqcompdis(disciplina_id, prerequisito_id) values (18, 43);
insert into prerequisitos(forca, codigo_curso) values (1, '45052');
insert into distemprereq(disciplina_id, prerequisito_id) values (84, 44);
insert into prereqcompdis(disciplina_id, prerequisito_id) values (10, 44);
insert into prereqcompdis(disciplina_id, prerequisito_id) values (53, 44);
insert into prerequisitos(forca, codigo_curso) values (1, '45052');
insert into distemprereq(disciplina_id, prerequisito_id) values (85, 45);
insert into prereqcompdis(disciplina_id, prerequisito_id) values (53, 45);
insert into prerequisitos(forca, codigo_curso) values (1, '45052');
insert into distemprereq(disciplina_id, prerequisito_id) values (86, 46);
insert into prereqcompdis(disciplina_id, prerequisito_id) values (10, 46);
insert into prerequisitos(forca, codigo_curso) values (1, '45052');
insert into distemprereq(disciplina_id, prerequisito_id) values (87, 47);
insert into prereqcompdis(disciplina_id, prerequisito_id) values (5, 47);
insert into prereqcompdis(disciplina_id, prerequisito_id) values (11, 47);
insert into prerequisitos(forca, codigo_curso) values (1, '45052');
insert into distemprereq(disciplina_id, prerequisito_id) values (88, 48);
insert into prereqcompdis(disciplina_id, prerequisito_id) values (17, 48);
insert into prerequisitos(forca, codigo_curso) values (1, '45052');
insert into distemprereq(disciplina_id, prerequisito_id) values (88, 49);
insert into prereqcompdis(disciplina_id, prerequisito_id) values (39, 49);
insert into prereqcompdis(disciplina_id, prerequisito_id) values (17, 49);
insert into prerequisitos(forca, codigo_curso) values (1, '45052');
insert into distemprereq(disciplina_id, prerequisito_id) values (89, 50);
insert into prereqcompdis(disciplina_id, prerequisito_id) values (42, 50);
insert into prereqcompdis(disciplina_id, prerequisito_id) values (56, 50);
insert into prerequisitos(forca, codigo_curso) values (1, '45052');
insert into distemprereq(disciplina_id, prerequisito_id) values (104, 51);
insert into prereqcompdis(disciplina_id, prerequisito_id) values (7, 51);
insert into prerequisitos(forca, codigo_curso) values (1, '45052');
insert into distemprereq(disciplina_id, prerequisito_id) values (104, 52);
insert into prereqcompdis(disciplina_id, prerequisito_id) values (73, 52);
insert into prerequisitos(forca, codigo_curso) values (1, '45052');
insert into distemprereq(disciplina_id, prerequisito_id) values (105, 53);
insert into prereqcompdis(disciplina_id, prerequisito_id) values (16, 53);
insert into prerequisitos(forca, codigo_curso) values (1, '45052');
insert into distemprereq(disciplina_id, prerequisito_id) values (106, 54);
insert into prereqcompdis(disciplina_id, prerequisito_id) values (20, 54);
insert into prerequisitos(forca, codigo_curso) values (1, '45052');
insert into distemprereq(disciplina_id, prerequisito_id) values (108, 55);
insert into prereqcompdis(disciplina_id, prerequisito_id) values (7, 55);
insert into prerequisitos(forca, codigo_curso) values (1, '45052');
insert into distemprereq(disciplina_id, prerequisito_id) values (109, 56);
insert into prereqcompdis(disciplina_id, prerequisito_id) values (73, 56);
insert into prerequisitos(forca, codigo_curso) values (1, '45052');
insert into distemprereq(disciplina_id, prerequisito_id) values (110, 57);
insert into prereqcompdis(disciplina_id, prerequisito_id) values (7, 57);
insert into prereqcompdis(disciplina_id, prerequisito_id) values (4, 57);
insert into prerequisitos(forca, codigo_curso) values (1, '45052');
insert into distemprereq(disciplina_id, prerequisito_id) values (112, 58);
insert into prereqcompdis(disciplina_id, prerequisito_id) values (7, 58);
insert into prerequisitos(forca, codigo_curso) values (1, '45052');
insert into distemprereq(disciplina_id, prerequisito_id) values (113, 59);
insert into prereqcompdis(disciplina_id, prerequisito_id) values (19, 59);
insert into prerequisitos(forca, codigo_curso) values (1, '45052');
insert into distemprereq(disciplina_id, prerequisito_id) values (115, 60);
insert into prereqcompdis(disciplina_id, prerequisito_id) values (7, 60);
insert into prerequisitos(forca, codigo_curso) values (1, '45052');
insert into distemprereq(disciplina_id, prerequisito_id) values (117, 61);
insert into prereqcompdis(disciplina_id, prerequisito_id) values (20, 61);
insert into prerequisitos(forca, codigo_curso) values (1, '45052');
insert into distemprereq(disciplina_id, prerequisito_id) values (118, 62);
insert into prereqcompdis(disciplina_id, prerequisito_id) values (49, 62);
insert into prerequisitos(forca, codigo_curso) values (1, '45052');
insert into distemprereq(disciplina_id, prerequisito_id) values (119, 63);
insert into prereqcompdis(disciplina_id, prerequisito_id) values (7, 63);
insert into prerequisitos(forca, codigo_curso) values (1, '45052');
insert into distemprereq(disciplina_id, prerequisito_id) values (120, 64);
insert into prereqcompdis(disciplina_id, prerequisito_id) values (73, 64);
insert into prereqcompdis(disciplina_id, prerequisito_id) values (19, 64);
insert into prerequisitos(forca, codigo_curso) values (1, '45052');
insert into distemprereq(disciplina_id, prerequisito_id) values (121, 65);
insert into prereqcompdis(disciplina_id, prerequisito_id) values (7, 65);
insert into prerequisitos(forca, codigo_curso) values (1, '45052');
insert into distemprereq(disciplina_id, prerequisito_id) values (122, 66);
insert into prereqcompdis(disciplina_id, prerequisito_id) values (20, 66);
insert into prerequisitos(forca, codigo_curso) values (1, '45052');
insert into distemprereq(disciplina_id, prerequisito_id) values (123, 67);
insert into prereqcompdis(disciplina_id, prerequisito_id) values (73, 67);
insert into prerequisitos(forca, codigo_curso) values (1, '45052');
insert into distemprereq(disciplina_id, prerequisito_id) values (124, 68);
insert into prereqcompdis(disciplina_id, prerequisito_id) values (20, 68);
insert into prerequisitos(forca, codigo_curso) values (1, '45052');
insert into distemprereq(disciplina_id, prerequisito_id) values (125, 69);
insert into prereqcompdis(disciplina_id, prerequisito_id) values (84, 69);
insert into prerequisitos(forca, codigo_curso) values (1, '45052');
insert into distemprereq(disciplina_id, prerequisito_id) values (126, 70);
insert into prereqcompdis(disciplina_id, prerequisito_id) values (84, 70);
insert into prereqcompdis(disciplina_id, prerequisito_id) values (40, 70);
insert into prerequisitos(forca, codigo_curso) values (1, '45052');
insert into distemprereq(disciplina_id, prerequisito_id) values (127, 71);
insert into prereqcompdis(disciplina_id, prerequisito_id) values (87, 71);
insert into prereqcompdis(disciplina_id, prerequisito_id) values (17, 71);
insert into prerequisitos(forca, codigo_curso) values (1, '45052');
insert into distemprereq(disciplina_id, prerequisito_id) values (128, 72);
insert into prereqcompdis(disciplina_id, prerequisito_id) values (87, 72);
insert into prereqcompdis(disciplina_id, prerequisito_id) values (12, 72);
insert into prerequisitos(forca, codigo_curso) values (1, '45052');
insert into distemprereq(disciplina_id, prerequisito_id) values (129, 73);
insert into prereqcompdis(disciplina_id, prerequisito_id) values (17, 73);
insert into prerequisitos(forca, codigo_curso) values (1, '45052');
insert into distemprereq(disciplina_id, prerequisito_id) values (129, 74);
insert into prereqcompdis(disciplina_id, prerequisito_id) values (39, 74);
insert into prereqcompdis(disciplina_id, prerequisito_id) values (17, 74);
insert into prerequisitos(forca, codigo_curso) values (1, '45052');
insert into distemprereq(disciplina_id, prerequisito_id) values (131, 75);
insert into prereqcompdis(disciplina_id, prerequisito_id) values (90, 75);
insert into prerequisitos(forca, codigo_curso) values (1, '45052');
insert into distemprereq(disciplina_id, prerequisito_id) values (143, 76);
insert into prereqcompdis(disciplina_id, prerequisito_id) values (16, 76);
insert into prerequisitos(forca, codigo_curso) values (1, '45052');
insert into distemprereq(disciplina_id, prerequisito_id) values (144, 77);
insert into prereqcompdis(disciplina_id, prerequisito_id) values (2, 77);
insert into prerequisitos(forca, codigo_curso) values (1, '45052');
insert into distemprereq(disciplina_id, prerequisito_id) values (145, 78);
insert into prereqcompdis(disciplina_id, prerequisito_id) values (47, 78);
insert into prereqcompdis(disciplina_id, prerequisito_id) values (18, 78);
insert into prerequisitos(forca, codigo_curso) values (1, '45052');
insert into distemprereq(disciplina_id, prerequisito_id) values (147, 79);
insert into prereqcompdis(disciplina_id, prerequisito_id) values (11, 79);
insert into prerequisitos(forca, codigo_curso) values (1, '45052');
insert into distemprereq(disciplina_id, prerequisito_id) values (149, 80);
insert into prereqcompdis(disciplina_id, prerequisito_id) values (7, 80);
insert into prerequisitos(forca, codigo_curso) values (1, '45052');
insert into distemprereq(disciplina_id, prerequisito_id) values (151, 81);
insert into prereqcompdis(disciplina_id, prerequisito_id) values (7, 81);
insert into prerequisitos(forca, codigo_curso) values (1, '45052');
insert into distemprereq(disciplina_id, prerequisito_id) values (152, 82);
insert into prereqcompdis(disciplina_id, prerequisito_id) values (20, 82);
insert into prerequisitos(forca, codigo_curso) values (1, '45052');
insert into distemprereq(disciplina_id, prerequisito_id) values (154, 83);
insert into prereqcompdis(disciplina_id, prerequisito_id) values (18, 83);
insert into prereqcompdis(disciplina_id, prerequisito_id) values (117, 83);
insert into prerequisitos(forca, codigo_curso) values (1, '45052');
insert into distemprereq(disciplina_id, prerequisito_id) values (155, 84);
insert into prereqcompdis(disciplina_id, prerequisito_id) values (104, 84);
insert into prerequisitos(forca, codigo_curso) values (1, '45052');
insert into distemprereq(disciplina_id, prerequisito_id) values (156, 85);
insert into prereqcompdis(disciplina_id, prerequisito_id) values (106, 85);
insert into prerequisitos(forca, codigo_curso) values (1, '45052');
insert into distemprereq(disciplina_id, prerequisito_id) values (157, 86);
insert into prereqcompdis(disciplina_id, prerequisito_id) values (7, 86);
insert into prerequisitos(forca, codigo_curso) values (1, '45052');
insert into distemprereq(disciplina_id, prerequisito_id) values (159, 87);
insert into prereqcompdis(disciplina_id, prerequisito_id) values (16, 87);
insert into prerequisitos(forca, codigo_curso) values (1, '45052');
insert into distemprereq(disciplina_id, prerequisito_id) values (160, 88);
insert into prereqcompdis(disciplina_id, prerequisito_id) values (3, 88);
insert into prerequisitos(forca, codigo_curso) values (1, '45052');
insert into distemprereq(disciplina_id, prerequisito_id) values (162, 89);
insert into prereqcompdis(disciplina_id, prerequisito_id) values (47, 89);
insert into prerequisitos(forca, codigo_curso) values (1, '45052');
insert into distemprereq(disciplina_id, prerequisito_id) values (163, 90);
insert into prereqcompdis(disciplina_id, prerequisito_id) values (8, 90);
insert into prerequisitos(forca, codigo_curso) values (1, '45052');
insert into distemprereq(disciplina_id, prerequisito_id) values (164, 91);
insert into prereqcompdis(disciplina_id, prerequisito_id) values (2, 91);
insert into prereqcompdis(disciplina_id, prerequisito_id) values (19, 91);
insert into prereqcompdis(disciplina_id, prerequisito_id) values (10, 91);
insert into prereqcompdis(disciplina_id, prerequisito_id) values (11, 91);
insert into prereqcompdis(disciplina_id, prerequisito_id) values (17, 91);
insert into prerequisitos(forca, codigo_curso) values (1, '45052');
insert into distemprereq(disciplina_id, prerequisito_id) values (165, 92);
insert into prereqcompdis(disciplina_id, prerequisito_id) values (11, 92);
insert into prerequisitos(forca, codigo_curso) values (1, '45052');
insert into distemprereq(disciplina_id, prerequisito_id) values (166, 93);
insert into prereqcompdis(disciplina_id, prerequisito_id) values (2, 93);
insert into prereqcompdis(disciplina_id, prerequisito_id) values (19, 93);
insert into prereqcompdis(disciplina_id, prerequisito_id) values (10, 93);
insert into prereqcompdis(disciplina_id, prerequisito_id) values (11, 93);
insert into prereqcompdis(disciplina_id, prerequisito_id) values (17, 93);
insert into prerequisitos(forca, codigo_curso) values (1, '45052');
insert into distemprereq(disciplina_id, prerequisito_id) values (167, 94);
insert into prereqcompdis(disciplina_id, prerequisito_id) values (84, 94);
insert into prereqcompdis(disciplina_id, prerequisito_id) values (11, 94);
insert into prerequisitos(forca, codigo_curso) values (1, '45052');
insert into distemprereq(disciplina_id, prerequisito_id) values (168, 95);
insert into prereqcompdis(disciplina_id, prerequisito_id) values (10, 95);
insert into prerequisitos(forca, codigo_curso) values (1, '45052');
insert into distemprereq(disciplina_id, prerequisito_id) values (169, 96);
insert into prereqcompdis(disciplina_id, prerequisito_id) values (36, 96);
insert into prerequisitos(forca, codigo_curso) values (1, '45052');
insert into distemprereq(disciplina_id, prerequisito_id) values (170, 97);
insert into prereqcompdis(disciplina_id, prerequisito_id) values (128, 97);
insert into prereqcompdis(disciplina_id, prerequisito_id) values (17, 97);
insert into prerequisitos(forca, codigo_curso) values (1, '45052');
insert into distemprereq(disciplina_id, prerequisito_id) values (170, 98);
insert into prereqcompdis(disciplina_id, prerequisito_id) values (15, 98);
insert into prereqcompdis(disciplina_id, prerequisito_id) values (17, 98);
insert into prerequisitos(forca, codigo_curso) values (1, '45052');
insert into distemprereq(disciplina_id, prerequisito_id) values (171, 99);
insert into prereqcompdis(disciplina_id, prerequisito_id) values (2, 99);
insert into prereqcompdis(disciplina_id, prerequisito_id) values (17, 99);
insert into prerequisitos(forca, codigo_curso) values (1, '45052');
insert into distemprereq(disciplina_id, prerequisito_id) values (172, 100);
insert into prereqcompdis(disciplina_id, prerequisito_id) values (9, 100);
insert into prereqcompdis(disciplina_id, prerequisito_id) values (42, 100);
insert into prerequisitos(forca, codigo_curso) values (1, '45052');
insert into distemprereq(disciplina_id, prerequisito_id) values (185, 101);
insert into prereqcompdis(disciplina_id, prerequisito_id) values (49, 101);
insert into prerequisitos(forca, codigo_curso) values (1, '45052');
insert into distemprereq(disciplina_id, prerequisito_id) values (187, 102);
insert into prereqcompdis(disciplina_id, prerequisito_id) values (7, 102);
insert into prerequisitos(forca, codigo_curso) values (1, '45052');
insert into distemprereq(disciplina_id, prerequisito_id) values (192, 103);
insert into prereqcompdis(disciplina_id, prerequisito_id) values (106, 103);
insert into prerequisitos(forca, codigo_curso) values (1, '45052');
insert into distemprereq(disciplina_id, prerequisito_id) values (194, 104);
insert into prereqcompdis(disciplina_id, prerequisito_id) values (4, 104);
insert into prerequisitos(forca, codigo_curso) values (1, '45052');
insert into distemprereq(disciplina_id, prerequisito_id) values (195, 105);
insert into prereqcompdis(disciplina_id, prerequisito_id) values (16, 105);
insert into prerequisitos(forca, codigo_curso) values (1, '45052');
insert into distemprereq(disciplina_id, prerequisito_id) values (196, 106);
insert into prereqcompdis(disciplina_id, prerequisito_id) values (7, 106);
insert into prerequisitos(forca, codigo_curso) values (1, '45052');
insert into distemprereq(disciplina_id, prerequisito_id) values (198, 107);
insert into prereqcompdis(disciplina_id, prerequisito_id) values (150, 107);
insert into prerequisitos(forca, codigo_curso) values (1, '45052');
insert into distemprereq(disciplina_id, prerequisito_id) values (199, 108);
insert into prereqcompdis(disciplina_id, prerequisito_id) values (155, 108);
insert into prerequisitos(forca, codigo_curso) values (1, '45052');
insert into distemprereq(disciplina_id, prerequisito_id) values (200, 109);
insert into prereqcompdis(disciplina_id, prerequisito_id) values (164, 109);
insert into prerequisitos(forca, codigo_curso) values (1, '45052');
insert into distemprereq(disciplina_id, prerequisito_id) values (201, 110);
insert into prereqcompdis(disciplina_id, prerequisito_id) values (166, 110);
insert into prerequisitos(forca, codigo_curso) values (1, '45052');
insert into distemprereq(disciplina_id, prerequisito_id) values (202, 111);
insert into prereqcompdis(disciplina_id, prerequisito_id) values (167, 111);
insert into prerequisitos(forca, codigo_curso) values (1, '45052');
insert into distemprereq(disciplina_id, prerequisito_id) values (203, 112);
insert into prereqcompdis(disciplina_id, prerequisito_id) values (170, 112);
insert into prereqcompdis(disciplina_id, prerequisito_id) values (11, 112);
insert into prerequisitos(forca, codigo_curso) values (1, '45052');
insert into distemprereq(disciplina_id, prerequisito_id) values (203, 113);
insert into prereqcompdis(disciplina_id, prerequisito_id) values (11, 113);
insert into prereqcompdis(disciplina_id, prerequisito_id) values (17, 113);
insert into prerequisitos(forca, codigo_curso) values (1, '45052');
insert into distemprereq(disciplina_id, prerequisito_id) values (204, 114);
insert into prereqcompdis(disciplina_id, prerequisito_id) values (128, 114);
insert into prereqcompdis(disciplina_id, prerequisito_id) values (170, 114);
insert into prereqcompdis(disciplina_id, prerequisito_id) values (17, 114);
