-- phpMyAdmin SQL Dump
-- version 5.1.1
-- https://www.phpmyadmin.net/
--
-- Máy chủ: database-service
-- Thời gian đã tạo: Th1 25, 2022 lúc 05:14 PM
-- Phiên bản máy phục vụ: 5.6.51
-- Phiên bản PHP: 7.4.20

drop database vinplay_admin;
create database vinplay_admin;
use vinplay_admin;

SET SQL_MODE = "NO_AUTO_VALUE_ON_ZERO";
START TRANSACTION;
SET time_zone = "+00:00";


/*!40101 SET @OLD_CHARACTER_SET_CLIENT=@@CHARACTER_SET_CLIENT */;
/*!40101 SET @OLD_CHARACTER_SET_RESULTS=@@CHARACTER_SET_RESULTS */;
/*!40101 SET @OLD_COLLATION_CONNECTION=@@COLLATION_CONNECTION */;
/*!40101 SET NAMES utf8mb4 */;

--
-- Cơ sở dữ liệu: `vinplay_admin`
--

-- --------------------------------------------------------

--
-- Cấu trúc bảng cho bảng `access_link`
--

CREATE TABLE `access_link` (
  `ID` int(11) NOT NULL,
  `User_ID` int(11) DEFAULT NULL,
  `Group_ID` int(11) DEFAULT NULL,
  `Menu_ID` int(11) DEFAULT NULL,
  `Link` varchar(50) DEFAULT NULL
) ENGINE=InnoDB DEFAULT CHARSET=utf8 ROW_FORMAT=DYNAMIC;

--
-- Đang đổ dữ liệu cho bảng `access_link`
--

INSERT INTO `access_link` (`ID`, `User_ID`, `Group_ID`, `Menu_ID`, `Link`) VALUES
(51, 1, 3, 13, 'Hệ thống'),
(52, 1, 3, 19, 'admin'),
(53, 1, 3, 20, 'menu'),
(73, 2, 1, 13, 'hethong'),
(74, 2, 1, 21, 'report'),
(75, 2, 1, 22, '/detailmoney'),
(76, 3, 3, 13, 'hethong'),
(77, 3, 3, 28, 'noidung'),
(78, 3, 3, 29, 'news'),
(79, 3, 3, 30, 'catalog'),
(80, 3, 3, 31, 'tag'),
(81, 6, 5, 53, 'daily'),
(82, 6, 5, 54, 'agency/add'),
(83, 6, 5, 55, 'agency'),
(84, 6, 5, 56, 'agency/tranfermoney'),
(85, 8, 5, 53, 'daily'),
(86, 8, 5, 54, 'agency/add'),
(87, 8, 5, 55, 'agency'),
(88, 8, 5, 56, 'agency/tranfermoney'),
(89, 233, 9, 26, 'quanlytaikhoan'),
(90, 233, 9, 27, 'usergame'),
(91, 233, 9, 64, 'usergame/topcaothu'),
(92, 233, 9, 65, 'ccu'),
(93, 233, 9, 32, 'minigame'),
(94, 233, 9, 33, 'logminigame'),
(95, 233, 9, 34, 'logminigame/accounttaixiu'),
(96, 233, 9, 50, 'logminigame/logvqmm'),
(97, 233, 9, 59, 'logminigame/logbaucua'),
(98, 233, 9, 60, 'logminigame/logcaothap'),
(99, 233, 9, 61, 'logminigame/logminipoker'),
(100, 233, 9, 39, 'Loggiaodich'),
(101, 233, 9, 40, 'transaction'),
(102, 233, 9, 46, 'sukien'),
(103, 233, 9, 47, 'logminigame/reportthanhdu'),
(104, 233, 9, 48, 'event'),
(105, 233, 9, 57, 'logbai'),
(106, 233, 9, 58, 'loggamebai'),
(107, 329950, 11, 46, 'sukien'),
(108, 329950, 11, 95, 'mail/blockchat'),
(191, 100724, 13, 52, 'config/listconfig'),
(192, 100724, 13, 93, 'report/moneysystem'),
(193, 100724, 13, 40, 'transaction'),
(194, 100724, 13, 58, 'loggamebai'),
(195, 100724, 13, 27, 'usergame'),
(196, 100724, 13, 42, 'marketing'),
(197, 100724, 13, 71, 'report/rechargebycard'),
(198, 100724, 13, 39, 'Loggiaodich'),
(199, 100724, 13, 43, 'marketing/listcampaing'),
(200, 100724, 13, 80, 'report/rechargebybank'),
(201, 100724, 13, 94, 'report/moneyuser'),
(202, 100724, 13, 86, 'usergame/uservinplay'),
(203, 100724, 13, 44, 'transaction/freemoney'),
(204, 100724, 13, 96, 'logminigame/accounttaixiu'),
(205, 100724, 13, 62, 'mail/sendmail'),
(206, 100724, 13, 33, 'logminigame'),
(207, 100724, 13, 81, 'report/rechargebynganluong'),
(208, 100724, 13, 103, 'report/moneytotal'),
(209, 100724, 13, 87, 'usergame/useradmin'),
(210, 100724, 13, 26, 'quanlytaikhoan'),
(211, 100724, 13, 90, 'usergame/userbot'),
(212, 100724, 13, 41, 'marketing'),
(213, 100724, 13, 63, 'mail'),
(214, 100724, 13, 50, 'logminigame/logvqmm'),
(215, 100724, 13, 77, 'transaction/logtranfer'),
(216, 100724, 13, 73, 'marketing/campain'),
(217, 100724, 13, 76, 'transaction/openmoney'),
(218, 100724, 13, 67, 'ssss'),
(219, 100724, 13, 104, 'usergame/topuserbot'),
(220, 100724, 13, 88, 'usergame/userdaily1'),
(221, 100724, 13, 102, 'transaction/usergiftcode'),
(222, 100724, 13, 69, 'report/cashoutbycard'),
(223, 100724, 13, 32, 'minigame'),
(224, 100724, 13, 72, 'mail/sendmailgc'),
(225, 100724, 13, 24, 'groupuser'),
(226, 100724, 13, 60, 'logminigame/logcaothap'),
(227, 100724, 13, 78, 'mail/messageagent'),
(228, 100724, 13, 74, 'marketing/medium'),
(229, 100724, 13, 100, 'mail/sendmessagegc'),
(230, 100724, 13, 101, 'mail/sendmailgctrian'),
(231, 100724, 13, 108, 'report/chartmoneytotal'),
(232, 100724, 13, 89, 'usergame/userdaily2'),
(233, 100724, 13, 105, 'transaction/refundfee'),
(234, 100724, 13, 70, 'report/cashoutbytopup'),
(235, 100724, 13, 92, 'report'),
(236, 100724, 13, 79, 'usergame/uservippoint'),
(237, 100724, 13, 57, 'logbai'),
(238, 100724, 13, 37, 'actionadmin'),
(239, 100724, 13, 91, 'logminigame/logphienbaucua'),
(240, 100724, 13, 75, 'marketing/source'),
(241, 100724, 13, 109, 'marketing/sourcegiftcode'),
(242, 100724, 13, 97, 'logminigame/logbaucua'),
(243, 100724, 13, 46, 'sukien'),
(244, 100724, 13, 64, 'usergame/topcaothu'),
(245, 100724, 13, 36, 'action'),
(246, 100724, 13, 61, 'logminigame/logminipoker'),
(247, 100724, 13, 68, 'report/cashoutbybank'),
(248, 100724, 13, 65, 'ccu'),
(249, 100724, 13, 82, 'report/logsmsotp'),
(250, 100724, 13, 98, 'logminigame/logpokego'),
(251, 100724, 13, 51, 'configgame'),
(252, 100724, 13, 20, 'menu'),
(253, 100724, 13, 95, 'mail/blockchat'),
(254, 100724, 13, 83, 'report/logbrandname'),
(255, 100724, 13, 106, 'giftcode/giftcodemkt'),
(256, 100724, 13, 84, 'transaction/agentbuy'),
(257, 100724, 13, 107, 'giftcode/giftcodemktuse'),
(258, 100724, 13, 85, 'transaction/agentsale'),
(259, 100724, 13, 19, 'admin'),
(260, 100724, 13, 99, 'logminigame/logkhobau'),
(261, 100724, 13, 66, 'usergame/userlogin'),
(262, 100724, 13, 13, 'hethong'),
(263, 63604, 13, 52, 'config/listconfig'),
(264, 63604, 13, 93, 'report/moneysystem'),
(265, 63604, 13, 40, 'transaction'),
(266, 63604, 13, 58, 'loggamebai'),
(267, 63604, 13, 27, 'usergame'),
(268, 63604, 13, 42, 'marketing'),
(269, 63604, 13, 71, 'report/rechargebycard'),
(270, 63604, 13, 39, 'Loggiaodich'),
(271, 63604, 13, 43, 'marketing/listcampaing'),
(272, 63604, 13, 80, 'report/rechargebybank'),
(273, 63604, 13, 94, 'report/moneyuser'),
(274, 63604, 13, 86, 'usergame/uservinplay'),
(275, 63604, 13, 44, 'transaction/freemoney'),
(276, 63604, 13, 96, 'logminigame/accounttaixiu'),
(277, 63604, 13, 62, 'mail/sendmail'),
(278, 63604, 13, 33, 'logminigame'),
(279, 63604, 13, 81, 'report/rechargebynganluong'),
(280, 63604, 13, 103, 'report/moneytotal'),
(281, 63604, 13, 87, 'usergame/useradmin'),
(282, 63604, 13, 26, 'quanlytaikhoan'),
(283, 63604, 13, 90, 'usergame/userbot'),
(284, 63604, 13, 41, 'marketing'),
(285, 63604, 13, 63, 'mail'),
(286, 63604, 13, 50, 'logminigame/logvqmm'),
(287, 63604, 13, 77, 'transaction/logtranfer'),
(288, 63604, 13, 73, 'marketing/campain'),
(289, 63604, 13, 76, 'transaction/openmoney'),
(290, 63604, 13, 67, 'ssss'),
(291, 63604, 13, 104, 'usergame/topuserbot'),
(292, 63604, 13, 88, 'usergame/userdaily1'),
(293, 63604, 13, 102, 'transaction/usergiftcode'),
(294, 63604, 13, 69, 'report/cashoutbycard'),
(295, 63604, 13, 32, 'minigame'),
(296, 63604, 13, 72, 'mail/sendmailgc'),
(297, 63604, 13, 24, 'groupuser'),
(298, 63604, 13, 60, 'logminigame/logcaothap'),
(299, 63604, 13, 78, 'mail/messageagent'),
(300, 63604, 13, 74, 'marketing/medium'),
(301, 63604, 13, 100, 'mail/sendmessagegc'),
(302, 63604, 13, 101, 'mail/sendmailgctrian'),
(303, 63604, 13, 108, 'report/chartmoneytotal'),
(304, 63604, 13, 89, 'usergame/userdaily2'),
(305, 63604, 13, 105, 'transaction/refundfee'),
(306, 63604, 13, 70, 'report/cashoutbytopup'),
(307, 63604, 13, 92, 'report'),
(308, 63604, 13, 79, 'usergame/uservippoint'),
(309, 63604, 13, 57, 'logbai'),
(310, 63604, 13, 37, 'actionadmin'),
(311, 63604, 13, 91, 'logminigame/logphienbaucua'),
(312, 63604, 13, 75, 'marketing/source'),
(313, 63604, 13, 109, 'marketing/sourcegiftcode'),
(314, 63604, 13, 97, 'logminigame/logbaucua'),
(315, 63604, 13, 46, 'sukien'),
(316, 63604, 13, 64, 'usergame/topcaothu'),
(317, 63604, 13, 36, 'action'),
(318, 63604, 13, 61, 'logminigame/logminipoker'),
(319, 63604, 13, 68, 'report/cashoutbybank'),
(320, 63604, 13, 65, 'ccu'),
(321, 63604, 13, 82, 'report/logsmsotp'),
(322, 63604, 13, 98, 'logminigame/logpokego'),
(323, 63604, 13, 51, 'configgame'),
(324, 63604, 13, 20, 'menu'),
(325, 63604, 13, 95, 'mail/blockchat'),
(326, 63604, 13, 83, 'report/logbrandname'),
(327, 63604, 13, 106, 'giftcode/giftcodemkt'),
(328, 63604, 13, 84, 'transaction/agentbuy'),
(329, 63604, 13, 107, 'giftcode/giftcodemktuse'),
(330, 63604, 13, 85, 'transaction/agentsale'),
(331, 63604, 13, 19, 'admin'),
(332, 63604, 13, 99, 'logminigame/logkhobau'),
(333, 63604, 13, 66, 'usergame/userlogin'),
(334, 63604, 13, 13, 'hethong'),
(335, 236, 13, 52, 'config/listconfig'),
(336, 236, 13, 93, 'report/moneysystem'),
(337, 236, 13, 40, 'transaction'),
(338, 236, 13, 58, 'loggamebai'),
(339, 236, 13, 27, 'usergame'),
(340, 236, 13, 42, 'marketing'),
(341, 236, 13, 71, 'report/rechargebycard'),
(342, 236, 13, 39, 'Loggiaodich'),
(343, 236, 13, 43, 'marketing/listcampaing'),
(344, 236, 13, 80, 'report/rechargebybank'),
(345, 236, 13, 94, 'report/moneyuser'),
(346, 236, 13, 86, 'usergame/uservinplay'),
(347, 236, 13, 44, 'transaction/freemoney'),
(348, 236, 13, 96, 'logminigame/accounttaixiu'),
(349, 236, 13, 62, 'mail/sendmail'),
(350, 236, 13, 33, 'logminigame'),
(351, 236, 13, 81, 'report/rechargebynganluong'),
(352, 236, 13, 103, 'report/moneytotal'),
(353, 236, 13, 87, 'usergame/useradmin'),
(354, 236, 13, 26, 'quanlytaikhoan'),
(355, 236, 13, 90, 'usergame/userbot'),
(356, 236, 13, 41, 'marketing'),
(357, 236, 13, 63, 'mail'),
(358, 236, 13, 50, 'logminigame/logvqmm'),
(359, 236, 13, 77, 'transaction/logtranfer'),
(360, 236, 13, 73, 'marketing/campain'),
(361, 236, 13, 76, 'transaction/openmoney'),
(362, 236, 13, 67, 'ssss'),
(363, 236, 13, 104, 'usergame/topuserbot'),
(364, 236, 13, 88, 'usergame/userdaily1'),
(365, 236, 13, 102, 'transaction/usergiftcode'),
(366, 236, 13, 69, 'report/cashoutbycard'),
(367, 236, 13, 32, 'minigame'),
(368, 236, 13, 72, 'mail/sendmailgc'),
(369, 236, 13, 24, 'groupuser'),
(370, 236, 13, 60, 'logminigame/logcaothap'),
(371, 236, 13, 78, 'mail/messageagent'),
(372, 236, 13, 74, 'marketing/medium'),
(373, 236, 13, 100, 'mail/sendmessagegc'),
(374, 236, 13, 101, 'mail/sendmailgctrian'),
(375, 236, 13, 108, 'report/chartmoneytotal'),
(376, 236, 13, 89, 'usergame/userdaily2'),
(377, 236, 13, 105, 'transaction/refundfee'),
(378, 236, 13, 70, 'report/cashoutbytopup'),
(379, 236, 13, 92, 'report'),
(380, 236, 13, 79, 'usergame/uservippoint'),
(381, 236, 13, 57, 'logbai'),
(382, 236, 13, 37, 'actionadmin'),
(383, 236, 13, 91, 'logminigame/logphienbaucua'),
(384, 236, 13, 75, 'marketing/source'),
(385, 236, 13, 109, 'marketing/sourcegiftcode'),
(386, 236, 13, 97, 'logminigame/logbaucua'),
(387, 236, 13, 46, 'sukien'),
(388, 236, 13, 64, 'usergame/topcaothu'),
(389, 236, 13, 36, 'action'),
(390, 236, 13, 61, 'logminigame/logminipoker'),
(391, 236, 13, 68, 'report/cashoutbybank'),
(392, 236, 13, 65, 'ccu'),
(393, 236, 13, 82, 'report/logsmsotp'),
(394, 236, 13, 98, 'logminigame/logpokego'),
(395, 236, 13, 51, 'configgame'),
(396, 236, 13, 20, 'menu'),
(397, 236, 13, 95, 'mail/blockchat'),
(398, 236, 13, 83, 'report/logbrandname'),
(399, 236, 13, 106, 'giftcode/giftcodemkt'),
(400, 236, 13, 84, 'transaction/agentbuy'),
(401, 236, 13, 107, 'giftcode/giftcodemktuse'),
(402, 236, 13, 85, 'transaction/agentsale'),
(403, 236, 13, 19, 'admin'),
(404, 236, 13, 99, 'logminigame/logkhobau'),
(405, 236, 13, 66, 'usergame/userlogin'),
(406, 236, 13, 13, 'hethong'),
(581, 289, 14, 40, 'transaction'),
(582, 289, 14, 42, 'marketing'),
(583, 289, 14, 125, 'giftcode/mktadd'),
(584, 289, 14, 93, 'report/moneysystem'),
(585, 289, 14, 139, 'event/vippoint'),
(586, 289, 14, 58, 'loggamebai'),
(587, 289, 14, 27, 'usergame'),
(588, 289, 14, 71, 'report/rechargebycard'),
(589, 289, 14, 96, 'logminigame/accounttaixiu'),
(590, 289, 14, 44, 'transaction/freemoney'),
(591, 289, 14, 43, 'marketing/listcampaing'),
(592, 289, 14, 80, 'report/rechargebybank'),
(593, 289, 14, 126, 'giftcode/mktaddgc'),
(594, 289, 14, 94, 'report/moneyuser'),
(595, 289, 14, 86, 'usergame/uservinplay'),
(596, 289, 14, 140, 'event/uservippoint'),
(597, 289, 14, 33, 'logminigame'),
(598, 289, 14, 39, 'Loggiaodich'),
(599, 289, 14, 62, 'mail/sendmail'),
(600, 289, 14, 134, 'report/rechargebyiap'),
(601, 289, 14, 63, 'mail'),
(602, 289, 14, 117, 'giftcode/giftcodeadmin'),
(603, 289, 14, 81, 'report/rechargebynganluong'),
(604, 289, 14, 127, 'giftcode/giftcodemkt'),
(605, 289, 14, 103, 'report/moneytotal'),
(606, 289, 14, 87, 'usergame/useradmin'),
(607, 289, 14, 26, 'quanlytaikhoan'),
(608, 289, 14, 112, 'logaction'),
(609, 289, 14, 90, 'usergame/userbot'),
(610, 289, 14, 41, 'marketing'),
(611, 289, 14, 77, 'transaction/logtranfer'),
(612, 289, 14, 118, 'giftcode'),
(613, 289, 14, 76, 'transaction/openmoney'),
(614, 289, 14, 73, 'marketing/campain'),
(615, 289, 14, 32, 'minigame'),
(616, 289, 14, 102, 'transaction/usergiftcode'),
(617, 289, 14, 67, 'ssss'),
(618, 289, 14, 128, 'giftcode/giftcodemktuse'),
(619, 289, 14, 104, 'usergame/topuserbot'),
(620, 289, 14, 88, 'usergame/userdaily1'),
(621, 289, 14, 50, 'logminigame/logvqmm'),
(622, 289, 14, 69, 'report/cashoutbycard'),
(623, 289, 14, 92, 'report'),
(624, 289, 14, 72, 'mail/sendmailgc'),
(625, 289, 14, 78, 'mail/messageagent'),
(626, 289, 14, 119, 'giftcode/delgiftcode'),
(627, 289, 14, 74, 'marketing/medium'),
(628, 289, 14, 129, 'giftcode/delgiftcodemkt'),
(629, 289, 14, 105, 'transaction/refundfee'),
(630, 289, 14, 100, 'mail/sendmessagegc'),
(631, 289, 14, 137, 'transaction/huydoanhso'),
(632, 289, 14, 101, 'mail/sendmailgctrian'),
(633, 289, 14, 108, 'report/chartmoneytotal'),
(634, 289, 14, 89, 'usergame/userdaily2'),
(635, 289, 14, 60, 'logminigame/logcaothap'),
(636, 289, 14, 70, 'report/cashoutbytopup'),
(637, 289, 14, 114, 'giftcodedaily'),
(638, 289, 14, 91, 'logminigame/logphienbaucua'),
(639, 289, 14, 57, 'logbai'),
(640, 289, 14, 79, 'usergame/uservippoint'),
(641, 289, 14, 97, 'logminigame/logbaucua'),
(642, 289, 14, 120, 'giftcode/giftcodeuseadmin'),
(643, 289, 14, 75, 'marketing/source'),
(644, 289, 14, 130, 'giftcode/giftcodeusemarketing'),
(645, 289, 14, 109, 'marketing/sourcegiftcode'),
(646, 289, 14, 142, 'transaction/bonusds'),
(647, 289, 14, 46, 'sukien'),
(648, 289, 14, 64, 'usergame/topcaothu'),
(649, 289, 14, 65, 'ccu'),
(650, 289, 14, 144, 'user/resetpw'),
(651, 289, 14, 68, 'report/cashoutbybank'),
(652, 289, 14, 121, 'giftcode/giftcodeuse'),
(653, 289, 14, 131, 'giftcode/giftcodeusemkt'),
(654, 289, 14, 61, 'logminigame/logminipoker'),
(655, 289, 14, 124, 'giftcodemarketing'),
(656, 289, 14, 143, 'mail/sendmailfull'),
(657, 289, 14, 98, 'logminigame/logpokego'),
(658, 289, 14, 82, 'report/logsmsotp'),
(659, 289, 14, 122, 'giftcode/usergiftcode'),
(660, 289, 14, 132, 'giftcode/usergiftcodemkt'),
(661, 289, 14, 133, 'giftcode/nicknameusegiftcodemkt'),
(662, 289, 14, 138, 'vippointevent'),
(663, 289, 14, 66, 'usergame/userlogin'),
(664, 289, 14, 95, 'mail/blockchat'),
(665, 289, 14, 99, 'logminigame/logkhobau'),
(666, 289, 14, 83, 'report/logbrandname'),
(667, 289, 14, 146, 'logminigame/lognudiepvien'),
(668, 289, 14, 84, 'transaction/agentbuy'),
(669, 289, 14, 106, 'giftcode/giftcodemkt'),
(670, 289, 14, 85, 'transaction/agentsale'),
(671, 289, 14, 123, 'giftcode/nicknameusegiftcode'),
(672, 289, 14, 107, 'giftcode/giftcodemktuse'),
(673, 289, 14, 147, 'logminigame/logavenger'),
(674, 289, 14, 135, 'usergame/lockalluser'),
(675, 289, 14, 136, 'usergame/checkusername'),
(676, 289, 14, 141, 'usergame/updateinfo'),
(677, 289, 14, 37, 'actionadmin'),
(678, 329953, 13, 115, 'giftcode/adminadd'),
(679, 329953, 13, 27, 'usergame'),
(680, 329953, 13, 125, 'giftcode/mktadd'),
(681, 329953, 13, 40, 'transaction'),
(682, 329953, 13, 42, 'marketing'),
(683, 329953, 13, 110, 'setcau'),
(684, 329953, 13, 139, 'event/vippoint'),
(685, 329953, 13, 71, 'report/rechargebycard'),
(686, 329953, 13, 52, 'config/listconfig'),
(687, 329953, 13, 93, 'report/moneysystem'),
(688, 329953, 13, 58, 'loggamebai'),
(689, 329953, 13, 116, 'giftcode/add'),
(690, 329953, 13, 39, 'Loggiaodich'),
(691, 329953, 13, 62, 'mail/sendmail'),
(692, 329953, 13, 126, 'giftcode/mktaddgc'),
(693, 329953, 13, 96, 'logminigame/accounttaixiu'),
(694, 329953, 13, 44, 'transaction/freemoney'),
(695, 329953, 13, 43, 'marketing/listcampaing'),
(696, 329953, 13, 134, 'report/rechargebyiap'),
(697, 329953, 13, 111, 'soicau'),
(698, 329953, 13, 140, 'event/uservippoint'),
(699, 329953, 13, 86, 'usergame/uservinplay'),
(700, 329953, 13, 80, 'report/rechargebybank'),
(701, 329953, 13, 33, 'logminigame'),
(702, 329953, 13, 94, 'report/moneyuser'),
(703, 329953, 13, 103, 'report/moneytotal'),
(704, 329953, 13, 90, 'usergame/userbot'),
(705, 329953, 13, 41, 'marketing'),
(706, 329953, 13, 117, 'giftcode/giftcodeadmin'),
(707, 329953, 13, 63, 'mail'),
(708, 329953, 13, 127, 'giftcode/giftcodemkt'),
(709, 329953, 13, 112, 'logaction'),
(710, 329953, 13, 87, 'usergame/useradmin'),
(711, 329953, 13, 81, 'report/rechargebynganluong'),
(712, 329953, 13, 26, 'quanlytaikhoan'),
(713, 329953, 13, 88, 'usergame/userdaily1'),
(714, 329953, 13, 50, 'logminigame/logvqmm'),
(715, 329953, 13, 67, 'ssss'),
(716, 329953, 13, 104, 'usergame/topuserbot'),
(717, 329953, 13, 69, 'report/cashoutbycard'),
(718, 329953, 13, 118, 'giftcode'),
(719, 329953, 13, 128, 'giftcode/giftcodemktuse'),
(720, 329953, 13, 76, 'transaction/openmoney'),
(721, 329953, 13, 73, 'marketing/campain'),
(722, 329953, 13, 77, 'transaction/logtranfer'),
(723, 329953, 13, 32, 'minigame'),
(724, 329953, 13, 102, 'transaction/usergiftcode'),
(725, 329953, 13, 113, 'user/congtrutien'),
(726, 329953, 13, 137, 'transaction/huydoanhso'),
(727, 329953, 13, 101, 'mail/sendmailgctrian'),
(728, 329953, 13, 89, 'usergame/userdaily2'),
(729, 329953, 13, 60, 'logminigame/logcaothap'),
(730, 329953, 13, 108, 'report/chartmoneytotal'),
(731, 329953, 13, 70, 'report/cashoutbytopup'),
(732, 329953, 13, 72, 'mail/sendmailgc'),
(733, 329953, 13, 119, 'giftcode/delgiftcode'),
(734, 329953, 13, 78, 'mail/messageagent'),
(735, 329953, 13, 92, 'report'),
(736, 329953, 13, 24, 'groupuser'),
(737, 329953, 13, 129, 'giftcode/delgiftcodemkt'),
(738, 329953, 13, 74, 'marketing/medium'),
(739, 329953, 13, 105, 'transaction/refundfee'),
(740, 329953, 13, 100, 'mail/sendmessagegc'),
(741, 329953, 13, 114, 'giftcodedaily'),
(742, 329953, 13, 109, 'marketing/sourcegiftcode'),
(743, 329953, 13, 142, 'transaction/bonusds'),
(744, 329953, 13, 46, 'sukien'),
(745, 329953, 13, 64, 'usergame/topcaothu'),
(746, 329953, 13, 91, 'logminigame/logphienbaucua'),
(747, 329953, 13, 120, 'giftcode/giftcodeuseadmin'),
(748, 329953, 13, 79, 'usergame/uservippoint'),
(749, 329953, 13, 97, 'logminigame/logbaucua'),
(750, 329953, 13, 57, 'logbai'),
(751, 329953, 13, 130, 'giftcode/giftcodeusemarketing'),
(752, 329953, 13, 75, 'marketing/source'),
(753, 329953, 13, 131, 'giftcode/giftcodeusemkt'),
(754, 329953, 13, 124, 'giftcodemarketing'),
(755, 329953, 13, 68, 'report/cashoutbybank'),
(756, 329953, 13, 61, 'logminigame/logminipoker'),
(757, 329953, 13, 65, 'ccu'),
(758, 329953, 13, 121, 'giftcode/giftcodeuse'),
(759, 329953, 13, 144, 'user/resetpw'),
(760, 329953, 13, 36, 'action'),
(761, 329953, 13, 82, 'report/logsmsotp'),
(762, 329953, 13, 132, 'giftcode/usergiftcodemkt'),
(763, 329953, 13, 143, 'mail/sendmailfull'),
(764, 329953, 13, 51, 'configgame'),
(765, 329953, 13, 20, 'menu'),
(766, 329953, 13, 98, 'logminigame/logpokego'),
(767, 329953, 13, 122, 'giftcode/usergiftcode'),
(768, 329953, 13, 145, 'user/updatevpevent'),
(769, 329953, 13, 123, 'giftcode/nicknameusegiftcode'),
(770, 329953, 13, 148, 'user/refundbonus'),
(771, 329953, 13, 146, 'logminigame/lognudiepvien'),
(772, 329953, 13, 106, 'giftcode/giftcodemkt'),
(773, 329953, 13, 83, 'report/logbrandname'),
(774, 329953, 13, 133, 'giftcode/nicknameusegiftcodemkt'),
(775, 329953, 13, 107, 'giftcode/giftcodemktuse'),
(776, 329953, 13, 84, 'transaction/agentbuy'),
(777, 329953, 13, 138, 'vippointevent'),
(778, 329953, 13, 85, 'transaction/agentsale'),
(779, 329953, 13, 19, 'admin'),
(780, 329953, 13, 66, 'usergame/userlogin'),
(781, 329953, 13, 95, 'mail/blockchat'),
(782, 329953, 13, 99, 'logminigame/logkhobau'),
(783, 329953, 13, 147, 'logminigame/logavenger'),
(784, 329953, 13, 13, 'hethong'),
(785, 329953, 13, 135, 'usergame/lockalluser'),
(786, 329953, 13, 136, 'usergame/checkusername'),
(787, 329953, 13, 141, 'usergame/updateinfo'),
(788, 329953, 13, 37, 'actionadmin'),
(827, 329954, 15, 40, 'transaction'),
(828, 329954, 15, 93, 'report/moneysystem'),
(829, 329954, 15, 71, 'report/rechargebycard'),
(830, 329954, 15, 58, 'loggamebai'),
(831, 329954, 15, 27, 'usergame'),
(832, 329954, 15, 139, 'event/vippoint'),
(833, 329954, 15, 39, 'Loggiaodich'),
(834, 329954, 15, 140, 'event/uservippoint'),
(835, 329954, 15, 96, 'logminigame/accounttaixiu'),
(836, 329954, 15, 44, 'transaction/freemoney'),
(837, 329954, 15, 94, 'report/moneyuser'),
(838, 329954, 15, 62, 'mail/sendmail'),
(839, 329954, 15, 134, 'report/rechargebyiap'),
(840, 329954, 15, 86, 'usergame/uservinplay'),
(841, 329954, 15, 33, 'logminigame'),
(842, 329954, 15, 80, 'report/rechargebybank'),
(843, 329954, 15, 154, 'marketing/rechargevnd'),
(844, 329954, 15, 90, 'usergame/userbot'),
(845, 329954, 15, 41, 'marketing'),
(846, 329954, 15, 103, 'report/moneytotal'),
(847, 329954, 15, 63, 'mail'),
(848, 329954, 15, 150, 'report/rechargeby9029'),
(849, 329954, 15, 151, 'report/rechargeby8x98'),
(850, 329954, 15, 81, 'report/rechargebynganluong'),
(851, 329954, 15, 26, 'quanlytaikhoan'),
(852, 329954, 15, 69, 'report/cashoutbycard'),
(853, 329954, 15, 76, 'transaction/openmoney'),
(854, 329954, 15, 32, 'minigame'),
(855, 329954, 15, 102, 'transaction/usergiftcode'),
(856, 329954, 15, 77, 'transaction/logtranfer'),
(857, 329954, 15, 104, 'usergame/topuserbot'),
(858, 329954, 15, 88, 'usergame/userdaily1'),
(859, 329954, 15, 50, 'logminigame/logvqmm'),
(860, 329954, 15, 67, 'ssss'),
(861, 329954, 15, 100, 'mail/sendmessagegc'),
(862, 329954, 15, 92, 'report'),
(863, 329954, 15, 101, 'mail/sendmailgctrian'),
(864, 329954, 15, 70, 'report/cashoutbytopup'),
(865, 329954, 15, 105, 'transaction/refundfee'),
(866, 329954, 15, 72, 'mail/sendmailgc'),
(867, 329954, 15, 108, 'report/chartmoneytotal'),
(868, 329954, 15, 137, 'transaction/huydoanhso'),
(869, 329954, 15, 78, 'mail/messageagent'),
(870, 329954, 15, 89, 'usergame/userdaily2'),
(871, 329954, 15, 60, 'logminigame/logcaothap'),
(872, 329954, 15, 64, 'usergame/topcaothu'),
(873, 329954, 15, 91, 'logminigame/logphienbaucua'),
(874, 329954, 15, 109, 'marketing/sourcegiftcode'),
(875, 329954, 15, 46, 'sukien'),
(876, 329954, 15, 97, 'logminigame/logbaucua'),
(877, 329954, 15, 79, 'usergame/uservippoint'),
(878, 329954, 15, 57, 'logbai'),
(879, 329954, 15, 142, 'transaction/bonusds'),
(880, 329954, 15, 61, 'logminigame/logminipoker'),
(881, 329954, 15, 68, 'report/cashoutbybank'),
(882, 329954, 15, 65, 'ccu'),
(883, 329954, 15, 98, 'logminigame/logpokego'),
(884, 329954, 15, 143, 'mail/sendmailfull'),
(885, 329954, 15, 82, 'report/logsmsotp'),
(886, 329954, 15, 83, 'report/logbrandname'),
(887, 329954, 15, 84, 'transaction/agentbuy'),
(888, 329954, 15, 106, 'giftcode/giftcodemkt'),
(889, 329954, 15, 85, 'transaction/agentsale'),
(890, 329954, 15, 66, 'usergame/userlogin'),
(891, 329954, 15, 107, 'giftcode/giftcodemktuse'),
(892, 329954, 15, 99, 'logminigame/logkhobau'),
(893, 329954, 15, 146, 'logminigame/lognudiepvien'),
(894, 329954, 15, 138, 'vippointevent'),
(895, 329954, 15, 95, 'mail/blockchat'),
(896, 329954, 15, 147, 'logminigame/logavenger'),
(897, 329954, 15, 135, 'usergame/lockalluser'),
(898, 329954, 15, 136, 'usergame/checkusername'),
(899, 329954, 15, 141, 'usergame/updateinfo'),
(900, 329954, 15, 37, 'actionadmin'),
(901, 329954, 15, 153, 'report/checkmo9029'),
(902, 329955, 4, 27, 'usergame'),
(903, 329955, 4, 42, 'marketing'),
(904, 329955, 4, 58, 'loggamebai'),
(905, 329955, 4, 67, 'ssss'),
(906, 329955, 4, 71, 'report/rechargebycard'),
(907, 329955, 4, 106, 'giftcode/giftcodemkt'),
(908, 329955, 4, 107, 'giftcode/giftcodemktuse'),
(909, 329955, 4, 43, 'marketing/listcampaing'),
(910, 329955, 4, 96, 'logminigame/accounttaixiu'),
(911, 329955, 4, 154, 'marketing/rechargevnd'),
(912, 329955, 4, 33, 'logminigame'),
(913, 329955, 4, 102, 'transaction/usergiftcode'),
(914, 329955, 4, 50, 'logminigame/logvqmm'),
(915, 329955, 4, 73, 'marketing/campain'),
(916, 329955, 4, 155, 'giftcode'),
(917, 329955, 4, 26, 'quanlytaikhoan'),
(918, 329955, 4, 60, 'logminigame/logcaothap'),
(919, 329955, 4, 74, 'marketing/medium'),
(920, 329955, 4, 41, 'marketing'),
(921, 329955, 4, 64, 'usergame/topcaothu'),
(922, 329955, 4, 91, 'logminigame/logphienbaucua'),
(923, 329955, 4, 97, 'logminigame/logbaucua'),
(924, 329955, 4, 75, 'marketing/source'),
(925, 329955, 4, 61, 'logminigame/logminipoker'),
(926, 329955, 4, 65, 'ccu'),
(927, 329955, 4, 32, 'minigame'),
(928, 329955, 4, 57, 'logbai'),
(929, 329955, 4, 98, 'logminigame/logpokego'),
(930, 329955, 4, 66, 'usergame/userlogin'),
(931, 329955, 4, 46, 'sukien'),
(932, 329955, 4, 99, 'logminigame/logkhobau'),
(933, 329955, 4, 95, 'mail/blockchat'),
(934, 329955, 4, 37, 'actionadmin'),
(935, 321709, 17, 67, 'ssss'),
(936, 321709, 17, 106, 'giftcode/giftcodemkt'),
(937, 321709, 17, 40, 'transaction'),
(938, 321709, 17, 71, 'report/rechargebycard'),
(939, 321709, 17, 84, 'transaction/agentbuy'),
(940, 321709, 17, 33, 'logminigame'),
(941, 321709, 17, 27, 'usergame'),
(942, 321709, 17, 58, 'loggamebai'),
(943, 321709, 17, 134, 'report/rechargebyiap'),
(944, 321709, 17, 107, 'giftcode/giftcodemktuse'),
(945, 321709, 17, 96, 'logminigame/accounttaixiu'),
(946, 321709, 17, 44, 'transaction/freemoney'),
(947, 321709, 17, 86, 'usergame/uservinplay'),
(948, 321709, 17, 80, 'report/rechargebybank'),
(949, 321709, 17, 92, 'report'),
(950, 321709, 17, 85, 'transaction/agentsale'),
(951, 321709, 17, 150, 'report/rechargeby9029'),
(952, 321709, 17, 91, 'logminigame/logphienbaucua'),
(953, 321709, 17, 39, 'Loggiaodich'),
(954, 321709, 17, 151, 'report/rechargeby8x98'),
(955, 321709, 17, 81, 'report/rechargebynganluong'),
(956, 321709, 17, 102, 'transaction/usergiftcode'),
(957, 321709, 17, 77, 'transaction/logtranfer'),
(958, 321709, 17, 97, 'logminigame/logbaucua'),
(959, 321709, 17, 104, 'usergame/topuserbot'),
(960, 321709, 17, 155, 'giftcode'),
(961, 321709, 17, 61, 'logminigame/logminipoker'),
(962, 321709, 17, 70, 'report/cashoutbytopup'),
(963, 321709, 17, 26, 'quanlytaikhoan'),
(964, 321709, 17, 156, 'daily'),
(965, 321709, 17, 79, 'usergame/uservippoint'),
(966, 321709, 17, 60, 'logminigame/logcaothap'),
(967, 321709, 17, 65, 'ccu'),
(968, 321709, 17, 32, 'minigame'),
(969, 321709, 17, 98, 'logminigame/logpokego'),
(970, 321709, 17, 99, 'logminigame/logkhobau'),
(971, 321709, 17, 57, 'logbai'),
(972, 321709, 17, 82, 'report/logsmsotp'),
(973, 321709, 17, 66, 'usergame/userlogin'),
(974, 321709, 17, 46, 'sukien'),
(975, 321709, 17, 95, 'mail/blockchat'),
(976, 321709, 17, 146, 'logminigame/lognudiepvien'),
(977, 321709, 17, 83, 'report/logbrandname'),
(978, 321709, 17, 147, 'logminigame/logavenger'),
(979, 321709, 17, 50, 'logminigame/logvqmm'),
(980, 321709, 17, 173, 'logminigame/logvqvip'),
(981, 321709, 17, 153, 'report/checkmo9029'),
(982, 321709, 17, 37, 'actionadmin'),
(1000, 329952, 12, 67, 'ssss'),
(1001, 329952, 12, 176, 'report/doisoatthe'),
(1002, 329952, 12, 71, 'report/rechargebycard'),
(1003, 329952, 12, 134, 'report/rechargebyiap'),
(1004, 329952, 12, 80, 'report/rechargebybank'),
(1005, 329952, 12, 154, 'marketing/rechargevnd'),
(1006, 329952, 12, 81, 'report/rechargebynganluong'),
(1007, 329952, 12, 174, 'report/rechargebyvincard'),
(1008, 329952, 12, 150, 'report/rechargeby9029'),
(1009, 329952, 12, 151, 'report/rechargeby8x98'),
(1010, 329952, 12, 69, 'report/cashoutbycard'),
(1011, 329952, 12, 175, 'doisoat'),
(1012, 329952, 12, 70, 'report/cashoutbytopup'),
(1013, 329952, 12, 68, 'report/cashoutbybank'),
(1014, 329952, 12, 82, 'report/logsmsotp'),
(1015, 329952, 12, 83, 'report/logbrandname'),
(1016, 329952, 12, 153, 'report/checkmo9029'),
(1017, 329956, 16, 40, 'transaction'),
(1018, 329956, 16, 67, 'ssss'),
(1019, 329956, 16, 27, 'usergame'),
(1020, 329956, 16, 33, 'logminigame'),
(1021, 329956, 16, 42, 'marketing'),
(1022, 329956, 16, 71, 'report/rechargebycard'),
(1023, 329956, 16, 80, 'report/rechargebybank'),
(1024, 329956, 16, 154, 'marketing/rechargevnd'),
(1025, 329956, 16, 96, 'logminigame/accounttaixiu'),
(1026, 329956, 16, 44, 'transaction/freemoney'),
(1027, 329956, 16, 86, 'usergame/uservinplay'),
(1028, 329956, 16, 134, 'report/rechargebyiap'),
(1029, 329956, 16, 43, 'marketing/listcampaing'),
(1030, 329956, 16, 81, 'report/rechargebynganluong'),
(1031, 329956, 16, 174, 'report/rechargebyvincard'),
(1032, 329956, 16, 87, 'usergame/useradmin'),
(1033, 329956, 16, 150, 'report/rechargeby9029'),
(1034, 329956, 16, 90, 'usergame/userbot'),
(1035, 329956, 16, 151, 'report/rechargeby8x98'),
(1036, 329956, 16, 39, 'Loggiaodich'),
(1037, 329956, 16, 91, 'logminigame/logphienbaucua'),
(1038, 329956, 16, 97, 'logminigame/logbaucua'),
(1039, 329956, 16, 76, 'transaction/openmoney'),
(1040, 329956, 16, 88, 'usergame/userdaily1'),
(1041, 329956, 16, 69, 'report/cashoutbycard'),
(1042, 329956, 16, 73, 'marketing/campain'),
(1043, 329956, 16, 77, 'transaction/logtranfer'),
(1044, 329956, 16, 26, 'quanlytaikhoan'),
(1045, 329956, 16, 89, 'usergame/userdaily2'),
(1046, 329956, 16, 70, 'report/cashoutbytopup'),
(1047, 329956, 16, 61, 'logminigame/logminipoker'),
(1048, 329956, 16, 74, 'marketing/medium'),
(1049, 329956, 16, 75, 'marketing/source'),
(1050, 329956, 16, 79, 'usergame/uservippoint'),
(1051, 329956, 16, 109, 'marketing/sourcegiftcode'),
(1052, 329956, 16, 41, 'marketing'),
(1053, 329956, 16, 64, 'usergame/topcaothu'),
(1054, 329956, 16, 60, 'logminigame/logcaothap'),
(1055, 329956, 16, 32, 'minigame'),
(1056, 329956, 16, 98, 'logminigame/logpokego'),
(1057, 329956, 16, 68, 'report/cashoutbybank'),
(1058, 329956, 16, 65, 'ccu'),
(1059, 329956, 16, 82, 'report/logsmsotp'),
(1060, 329956, 16, 99, 'logminigame/logkhobau'),
(1061, 329956, 16, 83, 'report/logbrandname'),
(1062, 329956, 16, 146, 'logminigame/lognudiepvien'),
(1063, 329956, 16, 66, 'usergame/userlogin'),
(1064, 329956, 16, 147, 'logminigame/logavenger'),
(1065, 329956, 16, 50, 'logminigame/logvqmm'),
(1066, 329956, 16, 135, 'usergame/lockalluser'),
(1067, 329956, 16, 136, 'usergame/checkusername'),
(1068, 329956, 16, 141, 'usergame/updateinfo'),
(1069, 329956, 16, 173, 'logminigame/logvqvip'),
(1070, 329956, 16, 152, 'usergame/congxu'),
(1071, 329956, 16, 37, 'actionadmin'),
(1072, 329956, 16, 153, 'report/checkmo9029'),
(1073, 329957, 16, 27, 'usergame'),
(1074, 329957, 16, 33, 'logminigame'),
(1075, 329957, 16, 67, 'ssss'),
(1076, 329957, 16, 176, 'report/doisoatthe'),
(1077, 329957, 16, 42, 'marketing'),
(1078, 329957, 16, 71, 'report/rechargebycard'),
(1079, 329957, 16, 40, 'transaction'),
(1080, 329957, 16, 134, 'report/rechargebyiap'),
(1081, 329957, 16, 43, 'marketing/listcampaing'),
(1082, 329957, 16, 96, 'logminigame/accounttaixiu'),
(1083, 329957, 16, 80, 'report/rechargebybank'),
(1084, 329957, 16, 154, 'marketing/rechargevnd'),
(1085, 329957, 16, 86, 'usergame/uservinplay'),
(1086, 329957, 16, 44, 'transaction/freemoney'),
(1087, 329957, 16, 81, 'report/rechargebynganluong'),
(1088, 329957, 16, 174, 'report/rechargebyvincard'),
(1089, 329957, 16, 87, 'usergame/useradmin'),
(1090, 329957, 16, 177, 'report/reportupdatecard'),
(1091, 329957, 16, 90, 'usergame/userbot'),
(1092, 329957, 16, 150, 'report/rechargeby9029'),
(1093, 329957, 16, 151, 'report/rechargeby8x98'),
(1094, 329957, 16, 91, 'logminigame/logphienbaucua'),
(1095, 329957, 16, 39, 'Loggiaodich'),
(1096, 329957, 16, 76, 'transaction/openmoney'),
(1097, 329957, 16, 88, 'usergame/userdaily1'),
(1098, 329957, 16, 69, 'report/cashoutbycard'),
(1099, 329957, 16, 73, 'marketing/campain'),
(1100, 329957, 16, 77, 'transaction/logtranfer'),
(1101, 329957, 16, 97, 'logminigame/logbaucua'),
(1102, 329957, 16, 26, 'quanlytaikhoan'),
(1103, 329957, 16, 175, 'doisoat'),
(1104, 329957, 16, 89, 'usergame/userdaily2'),
(1105, 329957, 16, 61, 'logminigame/logminipoker'),
(1106, 329957, 16, 70, 'report/cashoutbytopup'),
(1107, 329957, 16, 74, 'marketing/medium'),
(1108, 329957, 16, 109, 'marketing/sourcegiftcode'),
(1109, 329957, 16, 41, 'marketing'),
(1110, 329957, 16, 64, 'usergame/topcaothu'),
(1111, 329957, 16, 60, 'logminigame/logcaothap'),
(1112, 329957, 16, 79, 'usergame/uservippoint'),
(1113, 329957, 16, 75, 'marketing/source'),
(1114, 329957, 16, 32, 'minigame'),
(1115, 329957, 16, 98, 'logminigame/logpokego'),
(1116, 329957, 16, 68, 'report/cashoutbybank'),
(1117, 329957, 16, 65, 'ccu'),
(1118, 329957, 16, 82, 'report/logsmsotp'),
(1119, 329957, 16, 99, 'logminigame/logkhobau'),
(1120, 329957, 16, 83, 'report/logbrandname'),
(1121, 329957, 16, 146, 'logminigame/lognudiepvien'),
(1122, 329957, 16, 66, 'usergame/userlogin'),
(1123, 329957, 16, 147, 'logminigame/logavenger'),
(1124, 329957, 16, 50, 'logminigame/logvqmm'),
(1125, 329957, 16, 135, 'usergame/lockalluser'),
(1126, 329957, 16, 136, 'usergame/checkusername'),
(1127, 329957, 16, 173, 'logminigame/logvqvip'),
(1128, 329957, 16, 141, 'usergame/updateinfo'),
(1129, 329957, 16, 152, 'usergame/congxu'),
(1130, 329957, 16, 37, 'actionadmin'),
(1131, 329957, 16, 153, 'report/checkmo9029'),
(1132, 329958, 18, 172, 'report/moneysystemnew'),
(1133, 329958, 18, 92, 'report'),
(1134, 329958, 18, 170, 'report/money'),
(1135, 329958, 18, 94, 'report/moneyuser'),
(1136, 329958, 18, 26, 'quanlytaikhoan'),
(1137, 329958, 18, 65, 'ccu'),
(1173, 57705, 19, 27, 'usergame'),
(1174, 57705, 19, 106, 'giftcode/giftcodemkt'),
(1175, 57705, 19, 181, 'marketing/reportmarketing'),
(1176, 57705, 19, 40, 'transaction'),
(1177, 57705, 19, 58, 'loggamebai'),
(1178, 57705, 19, 33, 'logminigame'),
(1179, 57705, 19, 42, 'marketing'),
(1180, 57705, 19, 43, 'marketing/listcampaing'),
(1181, 57705, 19, 107, 'giftcode/giftcodemktuse'),
(1182, 57705, 19, 96, 'logminigame/accounttaixiu'),
(1183, 57705, 19, 102, 'transaction/usergiftcode'),
(1184, 57705, 19, 91, 'logminigame/logphienbaucua'),
(1185, 57705, 19, 39, 'Loggiaodich'),
(1186, 57705, 19, 73, 'marketing/campain'),
(1187, 57705, 19, 97, 'logminigame/logbaucua'),
(1188, 57705, 19, 155, 'giftcode'),
(1189, 57705, 19, 26, 'quanlytaikhoan'),
(1190, 57705, 19, 61, 'logminigame/logminipoker'),
(1191, 57705, 19, 74, 'marketing/medium'),
(1192, 57705, 19, 60, 'logminigame/logcaothap'),
(1193, 57705, 19, 64, 'usergame/topcaothu'),
(1194, 57705, 19, 75, 'marketing/source'),
(1195, 57705, 19, 41, 'marketing'),
(1196, 57705, 19, 65, 'ccu'),
(1197, 57705, 19, 32, 'minigame'),
(1198, 57705, 19, 98, 'logminigame/logpokego'),
(1199, 57705, 19, 57, 'logbai'),
(1200, 57705, 19, 99, 'logminigame/logkhobau'),
(1201, 57705, 19, 146, 'logminigame/lognudiepvien'),
(1202, 57705, 19, 66, 'usergame/userlogin'),
(1203, 57705, 19, 147, 'logminigame/logavenger'),
(1204, 57705, 19, 192, 'logminigame/logvuongquocvin'),
(1205, 57705, 19, 50, 'logminigame/logvqmm'),
(1206, 57705, 19, 173, 'logminigame/logvqvip'),
(1207, 57705, 19, 37, 'actionadmin'),
(1264, 101461, 20, 27, 'usergame'),
(1265, 101461, 20, 181, 'marketing/reportmarketing'),
(1266, 101461, 20, 106, 'giftcode/giftcodemkt'),
(1267, 101461, 20, 42, 'marketing'),
(1268, 101461, 20, 58, 'loggamebai'),
(1269, 101461, 20, 33, 'logminigame'),
(1270, 101461, 20, 67, 'ssss'),
(1271, 101461, 20, 84, 'transaction/agentbuy'),
(1272, 101461, 20, 71, 'report/rechargebycard'),
(1273, 101461, 20, 96, 'logminigame/accounttaixiu'),
(1274, 101461, 20, 107, 'giftcode/giftcodemktuse'),
(1275, 101461, 20, 43, 'marketing/listcampaing'),
(1276, 101461, 20, 85, 'transaction/agentsale'),
(1277, 101461, 20, 154, 'marketing/rechargevnd'),
(1278, 101461, 20, 91, 'logminigame/logphienbaucua'),
(1279, 101461, 20, 102, 'transaction/usergiftcode'),
(1280, 101461, 20, 105, 'transaction/refundfee'),
(1281, 101461, 20, 155, 'giftcode'),
(1282, 101461, 20, 97, 'logminigame/logbaucua'),
(1283, 101461, 20, 73, 'marketing/campain'),
(1284, 101461, 20, 61, 'logminigame/logminipoker'),
(1285, 101461, 20, 142, 'transaction/bonusds'),
(1286, 101461, 20, 74, 'marketing/medium'),
(1287, 101461, 20, 26, 'quanlytaikhoan'),
(1288, 101461, 20, 184, 'transaction/logtranferdailytong'),
(1289, 101461, 20, 41, 'marketing'),
(1290, 101461, 20, 156, 'daily'),
(1291, 101461, 20, 60, 'logminigame/logcaothap'),
(1292, 101461, 20, 75, 'marketing/source'),
(1293, 101461, 20, 65, 'ccu'),
(1294, 101461, 20, 32, 'minigame'),
(1295, 101461, 20, 98, 'logminigame/logpokego'),
(1296, 101461, 20, 201, 'transaction/ratioagent'),
(1297, 101461, 20, 57, 'logbai'),
(1298, 101461, 20, 99, 'logminigame/logkhobau'),
(1299, 101461, 20, 46, 'sukien'),
(1300, 101461, 20, 95, 'mail/blockchat'),
(1301, 101461, 20, 66, 'usergame/userlogin'),
(1302, 101461, 20, 146, 'logminigame/lognudiepvien'),
(1303, 101461, 20, 192, 'logminigame/logvuongquocvin'),
(1304, 101461, 20, 147, 'logminigame/logavenger'),
(1305, 101461, 20, 50, 'logminigame/logvqmm'),
(1306, 101461, 20, 173, 'logminigame/logvqvip'),
(1307, 101461, 20, 37, 'actionadmin'),
(1308, 329959, 22, 67, 'ssss'),
(1309, 329959, 22, 71, 'report/rechargebycard'),
(1310, 329959, 22, 42, 'marketing'),
(1311, 329959, 22, 33, 'logminigame'),
(1312, 329959, 22, 176, 'report/doisoatthe'),
(1313, 329959, 22, 181, 'marketing/reportmarketing'),
(1314, 329959, 22, 96, 'logminigame/accounttaixiu'),
(1315, 329959, 22, 154, 'marketing/rechargevnd'),
(1316, 329959, 22, 43, 'marketing/listcampaing'),
(1317, 329959, 22, 91, 'logminigame/logphienbaucua'),
(1318, 329959, 22, 174, 'report/rechargebyvincard'),
(1319, 329959, 22, 97, 'logminigame/logbaucua'),
(1320, 329959, 22, 73, 'marketing/campain'),
(1321, 329959, 22, 74, 'marketing/medium'),
(1322, 329959, 22, 175, 'doisoat'),
(1323, 329959, 22, 61, 'logminigame/logminipoker'),
(1324, 329959, 22, 41, 'marketing'),
(1325, 329959, 22, 202, 'report/rechargebymegacard'),
(1326, 329959, 22, 60, 'logminigame/logcaothap'),
(1327, 329959, 22, 75, 'marketing/source'),
(1328, 329959, 22, 32, 'minigame'),
(1329, 329959, 22, 98, 'logminigame/logpokego'),
(1330, 329959, 22, 99, 'logminigame/logkhobau'),
(1331, 329959, 22, 146, 'logminigame/lognudiepvien'),
(1332, 329959, 22, 192, 'logminigame/logvuongquocvin'),
(1333, 329959, 22, 147, 'logminigame/logavenger'),
(1334, 329959, 22, 50, 'logminigame/logvqmm'),
(1335, 329959, 22, 173, 'logminigame/logvqvip'),
(1336, 329966, 24, 67, 'ssss'),
(1337, 329966, 24, 84, 'transaction/agentbuy'),
(1338, 329966, 24, 40, 'transaction'),
(1339, 329966, 24, 27, 'usergame'),
(1340, 329966, 24, 33, 'logminigame'),
(1341, 329966, 24, 71, 'report/rechargebycard'),
(1342, 329966, 24, 58, 'loggamebai'),
(1343, 329966, 24, 96, 'logminigame/accounttaixiu'),
(1344, 329966, 24, 85, 'transaction/agentsale'),
(1345, 329966, 24, 86, 'usergame/uservinplay'),
(1346, 329966, 24, 134, 'report/rechargebyiap'),
(1347, 329966, 24, 44, 'transaction/freemoney'),
(1348, 329966, 24, 92, 'report'),
(1349, 329966, 24, 80, 'report/rechargebybank'),
(1350, 329966, 24, 154, 'marketing/rechargevnd'),
(1351, 329966, 24, 91, 'logminigame/logphienbaucua'),
(1352, 329966, 24, 39, 'Loggiaodich'),
(1353, 329966, 24, 105, 'transaction/refundfee'),
(1354, 329966, 24, 150, 'report/rechargeby9029'),
(1355, 329966, 24, 177, 'report/reportupdatecard'),
(1356, 329966, 24, 151, 'report/rechargeby8x98'),
(1357, 329966, 24, 94, 'report/moneyuser'),
(1358, 329966, 24, 90, 'usergame/userbot'),
(1359, 329966, 24, 103, 'report/moneytotal'),
(1360, 329966, 24, 81, 'report/rechargebynganluong'),
(1361, 329966, 24, 174, 'report/rechargebyvincard'),
(1362, 329966, 24, 97, 'logminigame/logbaucua'),
(1363, 329966, 24, 69, 'report/cashoutbycard'),
(1364, 329966, 24, 216, 'report/rechargefromvtc'),
(1365, 329966, 24, 88, 'usergame/userdaily1'),
(1366, 329966, 24, 137, 'transaction/huydoanhso'),
(1367, 329966, 24, 77, 'transaction/logtranfer'),
(1368, 329966, 24, 104, 'usergame/topuserbot'),
(1369, 329966, 24, 26, 'quanlytaikhoan'),
(1370, 329966, 24, 70, 'report/cashoutbytopup'),
(1371, 329966, 24, 89, 'usergame/userdaily2'),
(1372, 329966, 24, 142, 'transaction/bonusds'),
(1373, 329966, 24, 183, 'transaction/refundi2b'),
(1374, 329966, 24, 108, 'report/chartmoneytotal'),
(1375, 329966, 24, 61, 'logminigame/logminipoker'),
(1376, 329966, 24, 156, 'daily'),
(1377, 329966, 24, 202, 'report/rechargebymegacard'),
(1378, 329966, 24, 79, 'usergame/uservippoint'),
(1379, 329966, 24, 64, 'usergame/topcaothu'),
(1380, 329966, 24, 60, 'logminigame/logcaothap'),
(1381, 329966, 24, 68, 'report/cashoutbybank'),
(1382, 329966, 24, 32, 'minigame'),
(1383, 329966, 24, 98, 'logminigame/logpokego'),
(1384, 329966, 24, 189, 'transaction/freemoneyagent'),
(1385, 329966, 24, 65, 'ccu'),
(1386, 329966, 24, 82, 'report/logsmsotp'),
(1387, 329966, 24, 99, 'logminigame/logkhobau'),
(1388, 329966, 24, 57, 'logbai'),
(1389, 329966, 24, 66, 'usergame/userlogin'),
(1390, 329966, 24, 83, 'report/logbrandname'),
(1391, 329966, 24, 146, 'logminigame/lognudiepvien'),
(1392, 329966, 24, 192, 'logminigame/logvuongquocvin'),
(1393, 329966, 24, 147, 'logminigame/logavenger'),
(1394, 329966, 24, 187, 'usergame/checkinfo'),
(1395, 329966, 24, 50, 'logminigame/logvqmm'),
(1396, 329966, 24, 135, 'usergame/lockalluser'),
(1397, 329966, 24, 136, 'usergame/checkusername'),
(1398, 329966, 24, 141, 'usergame/updateinfo'),
(1399, 329966, 24, 188, 'usergame/checkmobile'),
(1400, 329966, 24, 173, 'logminigame/logvqvip'),
(1401, 329966, 24, 37, 'actionadmin'),
(1402, 329966, 24, 153, 'report/checkmo9029'),
(1403, 329966, 24, 212, 'transaction/logchuyendoivinngoc'),
(1404, 329961, 6, 205, 'user/delgiftcode'),
(1405, 329961, 6, 58, 'loggamebai'),
(1406, 329961, 6, 172, 'report/moneysystemnew'),
(1407, 329961, 6, 84, 'transaction/agentbuy'),
(1408, 329961, 6, 42, 'marketing'),
(1409, 329961, 6, 161, 'giftcodevh/vhadd'),
(1410, 329961, 6, 71, 'report/rechargebycard'),
(1411, 329961, 6, 27, 'usergame'),
(1412, 329961, 6, 40, 'transaction'),
(1413, 329961, 6, 176, 'report/doisoatthe'),
(1414, 329961, 6, 115, 'giftcode/adminadd'),
(1415, 329961, 6, 125, 'giftcode/mktadd'),
(1416, 329961, 6, 106, 'giftcode/giftcodemkt'),
(1417, 329961, 6, 181, 'marketing/reportmarketing'),
(1418, 329961, 6, 214, 'pokertour/add'),
(1419, 329961, 6, 33, 'logminigame'),
(1420, 329961, 6, 139, 'event/vippoint'),
(1421, 329961, 6, 67, 'ssss'),
(1422, 329961, 6, 170, 'report/money'),
(1423, 329961, 6, 86, 'usergame/uservinplay'),
(1424, 329961, 6, 207, 'giftcode/delgiftcodemkt1'),
(1425, 329961, 6, 134, 'report/rechargebyiap'),
(1426, 329961, 6, 92, 'report'),
(1427, 329961, 6, 96, 'logminigame/accounttaixiu'),
(1428, 329961, 6, 85, 'transaction/agentsale'),
(1429, 329961, 6, 43, 'marketing/listcampaing'),
(1430, 329961, 6, 162, 'giftcodevh/vhaddgc'),
(1431, 329961, 6, 44, 'transaction/freemoney'),
(1432, 329961, 6, 180, 'report/doisoatnganluong'),
(1433, 329961, 6, 80, 'report/rechargebybank'),
(1434, 329961, 6, 154, 'marketing/rechargevnd'),
(1435, 329961, 6, 126, 'giftcode/mktaddgc'),
(1436, 329961, 6, 107, 'giftcode/giftcodemktuse'),
(1437, 329961, 6, 215, 'pokertour/updatecode'),
(1438, 329961, 6, 140, 'event/uservippoint'),
(1439, 329961, 6, 62, 'mail/sendmail'),
(1440, 329961, 6, 63, 'mail'),
(1441, 329961, 6, 193, 'report/doisoatmuamt'),
(1442, 329961, 6, 87, 'usergame/useradmin'),
(1443, 329961, 6, 91, 'logminigame/logphienbaucua'),
(1444, 329961, 6, 199, 'event/listbossxocdia'),
(1445, 329961, 6, 150, 'report/rechargeby9029'),
(1446, 329961, 6, 112, 'logaction'),
(1447, 329961, 6, 39, 'Loggiaodich'),
(1448, 329961, 6, 208, 'loggamebai/reportticketfree'),
(1449, 329961, 6, 151, 'report/rechargeby8x98'),
(1450, 329961, 6, 94, 'report/moneyuser'),
(1451, 329961, 6, 102, 'transaction/usergiftcode'),
(1452, 329961, 6, 105, 'transaction/refundfee'),
(1453, 329961, 6, 103, 'report/moneytotal'),
(1454, 329961, 6, 90, 'usergame/userbot'),
(1455, 329961, 6, 163, 'giftcodevh/giftcodevh'),
(1456, 329961, 6, 117, 'giftcode/giftcodeadmin'),
(1457, 329961, 6, 177, 'report/reportupdatecard'),
(1458, 329961, 6, 81, 'report/rechargebynganluong'),
(1459, 329961, 6, 174, 'report/rechargebyvincard'),
(1460, 329961, 6, 127, 'giftcode/giftcodemkt'),
(1461, 329961, 6, 128, 'giftcode/giftcodemktuse'),
(1462, 329961, 6, 171, 'giftcode/checkgiftcode'),
(1463, 329961, 6, 194, 'report/doisoatnapdt'),
(1464, 329961, 6, 69, 'report/cashoutbycard'),
(1465, 329961, 6, 216, 'report/rechargefromvtc'),
(1466, 329961, 6, 113, 'user/congtrutien'),
(1467, 329961, 6, 88, 'usergame/userdaily1'),
(1468, 329961, 6, 155, 'giftcode'),
(1469, 329961, 6, 97, 'logminigame/logbaucua'),
(1470, 329961, 6, 209, 'loggamebai/reportcodefree'),
(1471, 329961, 6, 77, 'transaction/logtranfer'),
(1472, 329961, 6, 137, 'transaction/huydoanhso'),
(1473, 329961, 6, 104, 'usergame/topuserbot'),
(1474, 329961, 6, 164, 'giftcodevh/giftcodevhuse'),
(1475, 329961, 6, 118, 'giftcode'),
(1476, 329961, 6, 178, 'usergame/logchangemobile'),
(1477, 329961, 6, 144, 'user/resetpw'),
(1478, 329961, 6, 183, 'transaction/refundi2b'),
(1479, 329961, 6, 61, 'logminigame/logminipoker'),
(1480, 329961, 6, 72, 'mail/sendmailgc'),
(1481, 329961, 6, 78, 'mail/messageagent'),
(1482, 329961, 6, 70, 'report/cashoutbytopup'),
(1483, 329961, 6, 185, 'user/congtientaixiu'),
(1484, 329961, 6, 26, 'quanlytaikhoan'),
(1485, 329961, 6, 175, 'doisoat'),
(1486, 329961, 6, 89, 'usergame/userdaily2'),
(1487, 329961, 6, 100, 'mail/sendmessagegc'),
(1488, 329961, 6, 213, 'pokertour'),
(1489, 329961, 6, 101, 'mail/sendmailgctrian'),
(1490, 329961, 6, 210, 'loggamebai/reportlocodefree'),
(1491, 329961, 6, 142, 'transaction/bonusds'),
(1492, 329961, 6, 190, 'report/doisoatvmg'),
(1493, 329961, 6, 108, 'report/chartmoneytotal'),
(1494, 329961, 6, 120, 'giftcode/giftcodeuseadmin'),
(1495, 329961, 6, 60, 'logminigame/logcaothap'),
(1496, 329961, 6, 79, 'usergame/uservippoint'),
(1497, 329961, 6, 130, 'giftcode/giftcodeusemarketing'),
(1498, 329961, 6, 145, 'user/updatevpevent'),
(1499, 329961, 6, 156, 'daily'),
(1500, 329961, 6, 204, 'event/listbonusnhiemvu'),
(1501, 329961, 6, 41, 'marketing'),
(1502, 329961, 6, 64, 'usergame/topcaothu'),
(1503, 329961, 6, 211, 'loggamebai/reportcodepokertour'),
(1504, 329961, 6, 109, 'marketing/sourcegiftcode'),
(1505, 329961, 6, 184, 'transaction/logtranferdailytong'),
(1506, 329961, 6, 166, 'giftcodevh/giftcodeusevanhanh'),
(1507, 329961, 6, 191, 'report/doisoatbrandname'),
(1508, 329961, 6, 218, 'user/congtruslot'),
(1509, 329961, 6, 202, 'report/rechargebymegacard'),
(1510, 329961, 6, 157, 'report/chartmoneyagent'),
(1511, 329961, 6, 189, 'transaction/freemoneyagent'),
(1512, 329961, 6, 167, 'giftcodevh/giftcodeusevh'),
(1513, 329961, 6, 68, 'report/cashoutbybank'),
(1514, 329961, 6, 121, 'giftcode/giftcodeuse'),
(1515, 329961, 6, 131, 'giftcode/giftcodeusemkt'),
(1516, 329961, 6, 148, 'user/refundbonus'),
(1517, 329961, 6, 195, 'report/reportbycard'),
(1518, 329961, 6, 200, 'user/delsecuser'),
(1519, 329961, 6, 32, 'minigame'),
(1520, 329961, 6, 98, 'logminigame/logpokego'),
(1521, 329961, 6, 65, 'ccu'),
(1522, 329961, 6, 57, 'logbai'),
(1523, 329961, 6, 168, 'giftcodevh/usergiftcodevh'),
(1524, 329961, 6, 122, 'giftcode/usergiftcode'),
(1525, 329961, 6, 132, 'giftcode/usergiftcodemkt'),
(1526, 329961, 6, 196, 'report/doisoat9029'),
(1527, 329961, 6, 99, 'logminigame/logkhobau'),
(1528, 329961, 6, 143, 'mail/sendmailfull'),
(1529, 329961, 6, 186, 'mail/sendmailvincard'),
(1530, 329961, 6, 82, 'report/logsmsotp'),
(1531, 329961, 6, 83, 'report/logbrandname'),
(1532, 329961, 6, 159, 'user/reportgc'),
(1533, 329961, 6, 169, 'giftcodevh/nicknameusegiftcodevh'),
(1534, 329961, 6, 123, 'giftcode/nicknameusegiftcode'),
(1535, 329961, 6, 95, 'mail/blockchat'),
(1536, 329961, 6, 133, 'giftcode/nicknameusegiftcodemkt'),
(1537, 329961, 6, 197, 'report/doisoat8x98'),
(1538, 329961, 6, 46, 'sukien'),
(1539, 329961, 6, 146, 'logminigame/lognudiepvien'),
(1540, 329961, 6, 182, 'user/delgiftcode1'),
(1541, 329961, 6, 66, 'usergame/userlogin'),
(1542, 329961, 6, 147, 'logminigame/logavenger'),
(1543, 329961, 6, 192, 'logminigame/logvuongquocvin'),
(1544, 329961, 6, 124, 'giftcodemarketing'),
(1545, 329961, 6, 138, 'vippointevent'),
(1546, 329961, 6, 198, 'report/doisoatvincard'),
(1547, 329961, 6, 160, 'giftcodevh'),
(1548, 329961, 6, 187, 'usergame/checkinfo'),
(1549, 329961, 6, 135, 'usergame/lockalluser'),
(1550, 329961, 6, 203, 'report/doisoatmegacard'),
(1551, 329961, 6, 136, 'usergame/checkusername'),
(1552, 329961, 6, 50, 'logminigame/logvqmm'),
(1553, 329961, 6, 141, 'usergame/updateinfo'),
(1554, 329961, 6, 173, 'logminigame/logvqvip'),
(1555, 329961, 6, 114, 'giftcodedaily'),
(1556, 329961, 6, 188, 'usergame/checkmobile'),
(1557, 329961, 6, 152, 'usergame/congxu'),
(1558, 329961, 6, 153, 'report/checkmo9029'),
(1559, 329961, 6, 37, 'actionadmin'),
(1560, 329961, 6, 212, 'transaction/logchuyendoivinngoc'),
(1561, 329961, 6, 179, 'actionadmin/loglogin'),
(1562, 329971, 19, 181, 'marketing/reportmarketing'),
(1563, 329971, 19, 40, 'transaction'),
(1564, 329971, 19, 106, 'giftcode/giftcodemkt'),
(1565, 329971, 19, 33, 'logminigame'),
(1566, 329971, 19, 42, 'marketing'),
(1567, 329971, 19, 58, 'loggamebai'),
(1568, 329971, 19, 67, 'ssss'),
(1569, 329971, 19, 27, 'usergame'),
(1570, 329971, 19, 71, 'report/rechargebycard'),
(1571, 329971, 19, 96, 'logminigame/accounttaixiu'),
(1572, 329971, 19, 107, 'giftcode/giftcodemktuse'),
(1573, 329971, 19, 43, 'marketing/listcampaing'),
(1574, 329971, 19, 154, 'marketing/rechargevnd'),
(1575, 329971, 19, 39, 'Loggiaodich'),
(1576, 329971, 19, 102, 'transaction/usergiftcode'),
(1577, 329971, 19, 91, 'logminigame/logphienbaucua'),
(1578, 329971, 19, 155, 'giftcode'),
(1579, 329971, 19, 97, 'logminigame/logbaucua'),
(1580, 329971, 19, 73, 'marketing/campain'),
(1581, 329971, 19, 26, 'quanlytaikhoan'),
(1582, 329971, 19, 61, 'logminigame/logminipoker'),
(1583, 329971, 19, 74, 'marketing/medium'),
(1584, 329971, 19, 41, 'marketing'),
(1585, 329971, 19, 60, 'logminigame/logcaothap'),
(1586, 329971, 19, 75, 'marketing/source'),
(1587, 329971, 19, 65, 'ccu'),
(1588, 329971, 19, 32, 'minigame'),
(1589, 329971, 19, 98, 'logminigame/logpokego'),
(1590, 329971, 19, 99, 'logminigame/logkhobau'),
(1591, 329971, 19, 57, 'logbai'),
(1592, 329971, 19, 66, 'usergame/userlogin'),
(1593, 329971, 19, 46, 'sukien'),
(1594, 329971, 19, 95, 'mail/blockchat'),
(1595, 329971, 19, 146, 'logminigame/lognudiepvien'),
(1596, 329971, 19, 147, 'logminigame/logavenger'),
(1597, 329971, 19, 192, 'logminigame/logvuongquocvin'),
(1598, 329971, 19, 50, 'logminigame/logvqmm'),
(1599, 329971, 19, 173, 'logminigame/logvqvip'),
(1600, 329971, 19, 37, 'actionadmin'),
(1760, 329963, 24, 27, 'usergame'),
(1761, 329963, 24, 33, 'logminigame'),
(1762, 329963, 24, 84, 'transaction/agentbuy'),
(1763, 329963, 24, 71, 'report/rechargebycard'),
(1764, 329963, 24, 58, 'loggamebai'),
(1765, 329963, 24, 40, 'transaction'),
(1766, 329963, 24, 67, 'ssss'),
(1767, 329963, 24, 134, 'report/rechargebyiap'),
(1768, 329963, 24, 85, 'transaction/agentsale'),
(1769, 329963, 24, 92, 'report'),
(1770, 329963, 24, 62, 'mail/sendmail'),
(1771, 329963, 24, 80, 'report/rechargebybank'),
(1772, 329963, 24, 154, 'marketing/rechargevnd'),
(1773, 329963, 24, 96, 'logminigame/accounttaixiu'),
(1774, 329963, 24, 86, 'usergame/uservinplay'),
(1775, 329963, 24, 170, 'report/money'),
(1776, 329963, 24, 44, 'transaction/freemoney'),
(1777, 329963, 24, 177, 'report/reportupdatecard'),
(1778, 329963, 24, 90, 'usergame/userbot'),
(1779, 329963, 24, 150, 'report/rechargeby9029'),
(1780, 329963, 24, 151, 'report/rechargeby8x98'),
(1781, 329963, 24, 105, 'transaction/refundfee'),
(1782, 329963, 24, 94, 'report/moneyuser'),
(1783, 329963, 24, 91, 'logminigame/logphienbaucua'),
(1784, 329963, 24, 63, 'mail'),
(1785, 329963, 24, 103, 'report/moneytotal'),
(1786, 329963, 24, 39, 'Loggiaodich'),
(1787, 329963, 24, 81, 'report/rechargebynganluong'),
(1788, 329963, 24, 174, 'report/rechargebyvincard'),
(1789, 329963, 24, 69, 'report/cashoutbycard'),
(1790, 329963, 24, 216, 'report/rechargefromvtc'),
(1791, 329963, 24, 77, 'transaction/logtranfer'),
(1792, 329963, 24, 137, 'transaction/huydoanhso'),
(1793, 329963, 24, 104, 'usergame/topuserbot'),
(1794, 329963, 24, 97, 'logminigame/logbaucua'),
(1795, 329963, 24, 88, 'usergame/userdaily1'),
(1796, 329963, 24, 89, 'usergame/userdaily2'),
(1797, 329963, 24, 100, 'mail/sendmessagegc'),
(1798, 329963, 24, 183, 'transaction/refundi2b'),
(1799, 329963, 24, 101, 'mail/sendmailgctrian'),
(1800, 329963, 24, 70, 'report/cashoutbytopup'),
(1801, 329963, 24, 61, 'logminigame/logminipoker'),
(1802, 329963, 24, 142, 'transaction/bonusds'),
(1803, 329963, 24, 72, 'mail/sendmailgc'),
(1804, 329963, 24, 108, 'report/chartmoneytotal'),
(1805, 329963, 24, 78, 'mail/messageagent'),
(1806, 329963, 24, 26, 'quanlytaikhoan'),
(1807, 329963, 24, 156, 'daily'),
(1808, 329963, 24, 64, 'usergame/topcaothu'),
(1809, 329963, 24, 60, 'logminigame/logcaothap'),
(1810, 329963, 24, 79, 'usergame/uservippoint'),
(1811, 329963, 24, 202, 'report/rechargebymegacard'),
(1812, 329963, 24, 65, 'ccu'),
(1813, 329963, 24, 189, 'transaction/freemoneyagent'),
(1814, 329963, 24, 32, 'minigame');
INSERT INTO `access_link` (`ID`, `User_ID`, `Group_ID`, `Menu_ID`, `Link`) VALUES
(1815, 329963, 24, 98, 'logminigame/logpokego'),
(1816, 329963, 24, 68, 'report/cashoutbybank'),
(1817, 329963, 24, 99, 'logminigame/logkhobau'),
(1818, 329963, 24, 143, 'mail/sendmailfull'),
(1819, 329963, 24, 186, 'mail/sendmailvincard'),
(1820, 329963, 24, 57, 'logbai'),
(1821, 329963, 24, 82, 'report/logsmsotp'),
(1822, 329963, 24, 146, 'logminigame/lognudiepvien'),
(1823, 329963, 24, 46, 'sukien'),
(1824, 329963, 24, 66, 'usergame/userlogin'),
(1825, 329963, 24, 95, 'mail/blockchat'),
(1826, 329963, 24, 83, 'report/logbrandname'),
(1827, 329963, 24, 147, 'logminigame/logavenger'),
(1828, 329963, 24, 192, 'logminigame/logvuongquocvin'),
(1829, 329963, 24, 50, 'logminigame/logvqmm'),
(1830, 329963, 24, 135, 'usergame/lockalluser'),
(1831, 329963, 24, 136, 'usergame/checkusername'),
(1832, 329963, 24, 187, 'usergame/checkinfo'),
(1833, 329963, 24, 173, 'logminigame/logvqvip'),
(1834, 329963, 24, 141, 'usergame/updateinfo'),
(1835, 329963, 24, 188, 'usergame/checkmobile'),
(1836, 329963, 24, 37, 'actionadmin'),
(1837, 329963, 24, 221, 'transaction/logsmsnotifi'),
(1838, 329963, 24, 153, 'report/checkmo9029'),
(1839, 329963, 24, 212, 'transaction/logchuyendoivinngoc'),
(1840, 329970, 27, 40, 'transaction'),
(1841, 329970, 27, 67, 'ssss'),
(1842, 329970, 27, 106, 'giftcode/giftcodemkt'),
(1843, 329970, 27, 27, 'usergame'),
(1844, 329970, 27, 39, 'Loggiaodich'),
(1845, 329970, 27, 102, 'transaction/usergiftcode'),
(1846, 329970, 27, 77, 'transaction/logtranfer'),
(1847, 329970, 27, 155, 'giftcode'),
(1848, 329970, 27, 26, 'quanlytaikhoan'),
(1849, 329970, 27, 156, 'daily'),
(1850, 329970, 27, 189, 'transaction/freemoneyagent'),
(1851, 329974, 13, 224, 'taixiu'),
(1852, 329974, 13, 42, 'marketing'),
(1853, 329974, 13, 176, 'report/doisoatthe'),
(1854, 329974, 13, 40, 'transaction'),
(1855, 329974, 13, 110, 'setcau'),
(1856, 329974, 13, 181, 'marketing/reportmarketing'),
(1857, 329974, 13, 52, 'config/listconfig'),
(1858, 329974, 13, 125, 'giftcode/mktadd'),
(1859, 329974, 13, 234, 'user/update'),
(1860, 329974, 13, 84, 'transaction/agentbuy'),
(1861, 329974, 13, 205, 'user/delgiftcode'),
(1862, 329974, 13, 214, 'pokertour/add'),
(1863, 329974, 13, 71, 'report/rechargebycard'),
(1864, 329974, 13, 27, 'usergame'),
(1865, 329974, 13, 172, 'report/moneysystemnew'),
(1866, 329974, 13, 115, 'giftcode/adminadd'),
(1867, 329974, 13, 58, 'loggamebai'),
(1868, 329974, 13, 33, 'logminigame'),
(1869, 329974, 13, 161, 'giftcodevh/vhadd'),
(1870, 329974, 13, 139, 'event/vippoint'),
(1871, 329974, 13, 226, 'xocxoc'),
(1872, 329974, 13, 106, 'giftcode/giftcodemkt'),
(1873, 329974, 13, 67, 'ssss'),
(1874, 329974, 13, 227, 'xocdia'),
(1875, 329974, 13, 207, 'giftcode/delgiftcodemkt1'),
(1876, 329974, 13, 148, 'user/refundbonus'),
(1877, 329974, 13, 86, 'usergame/uservinplay'),
(1878, 329974, 13, 43, 'marketing/listcampaing'),
(1879, 329974, 13, 180, 'report/doisoatnganluong'),
(1880, 329974, 13, 44, 'transaction/freemoney'),
(1881, 329974, 13, 111, 'soicau'),
(1882, 329974, 13, 96, 'logminigame/accounttaixiu'),
(1883, 329974, 13, 149, 'confignew/listconfig'),
(1884, 329974, 13, 126, 'giftcode/mktaddgc'),
(1885, 329974, 13, 92, 'report'),
(1886, 329974, 13, 231, 'transaction/openfreezemoney'),
(1887, 329974, 13, 62, 'mail/sendmail'),
(1888, 329974, 13, 170, 'report/money'),
(1889, 329974, 13, 85, 'transaction/agentsale'),
(1890, 329974, 13, 154, 'marketing/rechargevnd'),
(1891, 329974, 13, 215, 'pokertour/updatecode'),
(1892, 329974, 13, 116, 'giftcode/add'),
(1893, 329974, 13, 80, 'report/rechargebybank'),
(1894, 329974, 13, 134, 'report/rechargebyiap'),
(1895, 329974, 13, 162, 'giftcodevh/vhaddgc'),
(1896, 329974, 13, 219, 'transaction/topdoanhso'),
(1897, 329974, 13, 140, 'event/uservippoint'),
(1898, 329974, 13, 107, 'giftcode/giftcodemktuse'),
(1899, 329974, 13, 193, 'report/doisoatmuamt'),
(1900, 329974, 13, 151, 'report/rechargeby8x98'),
(1901, 329974, 13, 39, 'Loggiaodich'),
(1902, 329974, 13, 91, 'logminigame/logphienbaucua'),
(1903, 329974, 13, 90, 'usergame/userbot'),
(1904, 329974, 13, 208, 'loggamebai/reportticketfree'),
(1905, 329974, 13, 102, 'transaction/usergiftcode'),
(1906, 329974, 13, 177, 'report/reportupdatecard'),
(1907, 329974, 13, 225, 'user/blacklist'),
(1908, 329974, 13, 127, 'giftcode/giftcodemkt'),
(1909, 329974, 13, 94, 'report/moneyuser'),
(1910, 329974, 13, 232, 'user/logictaixiu'),
(1911, 329974, 13, 63, 'mail'),
(1912, 329974, 13, 105, 'transaction/refundfee'),
(1913, 329974, 13, 174, 'report/rechargebyvincard'),
(1914, 329974, 13, 199, 'event/listbossxocdia'),
(1915, 329974, 13, 112, 'logaction'),
(1916, 329974, 13, 87, 'usergame/useradmin'),
(1917, 329974, 13, 117, 'giftcode/giftcodeadmin'),
(1918, 329974, 13, 81, 'report/rechargebynganluong'),
(1919, 329974, 13, 150, 'report/rechargeby9029'),
(1920, 329974, 13, 163, 'giftcodevh/giftcodevh'),
(1921, 329974, 13, 118, 'giftcode'),
(1922, 329974, 13, 216, 'report/rechargefromvtc'),
(1923, 329974, 13, 164, 'giftcodevh/giftcodevhuse'),
(1924, 329974, 13, 194, 'report/doisoatnapdt'),
(1925, 329974, 13, 171, 'giftcode/checkgiftcode'),
(1926, 329974, 13, 155, 'giftcode'),
(1927, 329974, 13, 69, 'report/cashoutbycard'),
(1928, 329974, 13, 73, 'marketing/campain'),
(1929, 329974, 13, 209, 'loggamebai/reportcodefree'),
(1930, 329974, 13, 178, 'usergame/logchangemobile'),
(1931, 329974, 13, 77, 'transaction/logtranfer'),
(1932, 329974, 13, 128, 'giftcode/giftcodemktuse'),
(1933, 329974, 13, 137, 'transaction/huydoanhso'),
(1934, 329974, 13, 104, 'usergame/topuserbot'),
(1935, 329974, 13, 97, 'logminigame/logbaucua'),
(1936, 329974, 13, 113, 'user/congtrutien'),
(1937, 329974, 13, 88, 'usergame/userdaily1'),
(1938, 329974, 13, 144, 'user/resetpw'),
(1939, 329974, 13, 175, 'doisoat'),
(1940, 329974, 13, 61, 'logminigame/logminipoker'),
(1941, 329974, 13, 89, 'usergame/userdaily2'),
(1942, 329974, 13, 185, 'user/congtientaixiu'),
(1943, 329974, 13, 100, 'mail/sendmessagegc'),
(1944, 329974, 13, 101, 'mail/sendmailgctrian'),
(1945, 329974, 13, 213, 'pokertour'),
(1946, 329974, 13, 70, 'report/cashoutbytopup'),
(1947, 329974, 13, 74, 'marketing/medium'),
(1948, 329974, 13, 210, 'loggamebai/reportlocodefree'),
(1949, 329974, 13, 24, 'groupuser'),
(1950, 329974, 13, 72, 'mail/sendmailgc'),
(1951, 329974, 13, 235, 'usergame/topuserrecharge'),
(1952, 329974, 13, 190, 'report/doisoatvmg'),
(1953, 329974, 13, 183, 'transaction/refundi2b'),
(1954, 329974, 13, 78, 'mail/messageagent'),
(1955, 329974, 13, 142, 'transaction/bonusds'),
(1956, 329974, 13, 222, 'user/congtrutienbot'),
(1957, 329974, 13, 26, 'quanlytaikhoan'),
(1958, 329974, 13, 41, 'marketing'),
(1959, 329974, 13, 184, 'transaction/logtranferdailytong'),
(1960, 329974, 13, 109, 'marketing/sourcegiftcode'),
(1961, 329974, 13, 79, 'usergame/uservippoint'),
(1962, 329974, 13, 120, 'giftcode/giftcodeuseadmin'),
(1963, 329974, 13, 145, 'user/updatevpevent'),
(1964, 329974, 13, 166, 'giftcodevh/giftcodeusevanhanh'),
(1965, 329974, 13, 156, 'daily'),
(1966, 329974, 13, 75, 'marketing/source'),
(1967, 329974, 13, 103, 'report/moneytotal'),
(1968, 329974, 13, 211, 'loggamebai/reportcodepokertour'),
(1969, 329974, 13, 202, 'report/rechargebymegacard'),
(1970, 329974, 13, 130, 'giftcode/giftcodeusemarketing'),
(1971, 329974, 13, 191, 'report/doisoatbrandname'),
(1972, 329974, 13, 204, 'event/listbonusnhiemvu'),
(1973, 329974, 13, 60, 'logminigame/logcaothap'),
(1974, 329974, 13, 98, 'logminigame/logpokego'),
(1975, 329974, 13, 228, 'event/topthanhdu'),
(1976, 329974, 13, 233, 'daily'),
(1977, 329974, 13, 189, 'transaction/freemoneyagent'),
(1978, 329974, 13, 195, 'report/reportbycard'),
(1979, 329974, 13, 121, 'giftcode/giftcodeuse'),
(1980, 329974, 13, 200, 'user/delsecuser'),
(1981, 329974, 13, 32, 'minigame'),
(1982, 329974, 13, 167, 'giftcodevh/giftcodeusevh'),
(1983, 329974, 13, 36, 'action'),
(1984, 329974, 13, 65, 'ccu'),
(1985, 329974, 13, 108, 'report/chartmoneytotal'),
(1986, 329974, 13, 131, 'giftcode/giftcodeusemkt'),
(1987, 329974, 13, 68, 'report/cashoutbybank'),
(1988, 329974, 13, 220, 'transaction/logtranferagenttodailytong'),
(1989, 329974, 13, 157, 'report/chartmoneyagent'),
(1990, 329974, 13, 132, 'giftcode/usergiftcodemkt'),
(1991, 329974, 13, 99, 'logminigame/logkhobau'),
(1992, 329974, 13, 229, 'event/thungphasanh'),
(1993, 329974, 13, 196, 'report/doisoat9029'),
(1994, 329974, 13, 143, 'mail/sendmailfull'),
(1995, 329974, 13, 57, 'logbai'),
(1996, 329974, 13, 82, 'report/logsmsotp'),
(1997, 329974, 13, 20, 'menu'),
(1998, 329974, 13, 186, 'mail/sendmailvincard'),
(1999, 329974, 13, 201, 'transaction/ratioagent'),
(2000, 329974, 13, 168, 'giftcodevh/usergiftcodevh'),
(2001, 329974, 13, 122, 'giftcode/usergiftcode'),
(2002, 329974, 13, 123, 'giftcode/nicknameusegiftcode'),
(2003, 329974, 13, 95, 'mail/blockchat'),
(2004, 329974, 13, 133, 'giftcode/nicknameusegiftcodemkt'),
(2005, 329974, 13, 146, 'logminigame/lognudiepvien'),
(2006, 329974, 13, 230, 'event/toichontom'),
(2007, 329974, 13, 159, 'user/reportgc'),
(2008, 329974, 13, 46, 'sukien'),
(2009, 329974, 13, 182, 'user/delgiftcode1'),
(2010, 329974, 13, 19, 'admin'),
(2011, 329974, 13, 158, 'event/addbotcaothap'),
(2012, 329974, 13, 83, 'report/logbrandname'),
(2013, 329974, 13, 197, 'report/doisoat8x98'),
(2014, 329974, 13, 169, 'giftcodevh/nicknameusegiftcodevh'),
(2015, 329974, 13, 66, 'usergame/userlogin'),
(2016, 329974, 13, 198, 'report/doisoatvincard'),
(2017, 329974, 13, 223, 'transaction/sumrefundfee'),
(2018, 329974, 13, 51, 'configgame'),
(2019, 329974, 13, 124, 'giftcodemarketing'),
(2020, 329974, 13, 138, 'vippointevent'),
(2021, 329974, 13, 147, 'logminigame/logavenger'),
(2022, 329974, 13, 192, 'logminigame/logvuongquocvin'),
(2023, 329974, 13, 187, 'usergame/checkinfo'),
(2024, 329974, 13, 203, 'report/doisoatmegacard'),
(2025, 329974, 13, 236, 'transaction/topdoanhsoban'),
(2026, 329974, 13, 217, 'report/doisoatfromvtc'),
(2027, 329974, 13, 13, 'hethong'),
(2028, 329974, 13, 135, 'usergame/lockalluser'),
(2029, 329974, 13, 136, 'usergame/checkusername'),
(2030, 329974, 13, 160, 'giftcodevh'),
(2031, 329974, 13, 50, 'logminigame/logvqmm'),
(2032, 329974, 13, 114, 'giftcodedaily'),
(2033, 329974, 13, 188, 'usergame/checkmobile'),
(2034, 329974, 13, 173, 'logminigame/logvqvip'),
(2035, 329974, 13, 141, 'usergame/updateinfo'),
(2036, 329974, 13, 152, 'usergame/congxu'),
(2037, 329974, 13, 153, 'report/checkmo9029'),
(2038, 329974, 13, 221, 'transaction/logsmsnotifi'),
(2039, 329974, 13, 37, 'actionadmin'),
(2040, 329974, 13, 179, 'actionadmin/loglogin'),
(2041, 329974, 13, 212, 'transaction/logchuyendoivinngoc'),
(2570, 329975, 17, 106, 'giftcode/giftcodemkt'),
(2571, 329975, 17, 40, 'transaction'),
(2572, 329975, 17, 71, 'report/rechargebycard'),
(2573, 329975, 17, 27, 'usergame'),
(2574, 329975, 17, 84, 'transaction/agentbuy'),
(2575, 329975, 17, 33, 'logminigame'),
(2576, 329975, 17, 58, 'loggamebai'),
(2577, 329975, 17, 67, 'Report'),
(2578, 329975, 17, 96, 'logminigame/accounttaixiu'),
(2579, 329975, 17, 107, 'giftcode/giftcodemktuse'),
(2580, 329975, 17, 44, 'transaction/freemoney'),
(2581, 329975, 17, 80, 'report/rechargebybank'),
(2582, 329975, 17, 92, 'report'),
(2583, 329975, 17, 85, 'transaction/agentsale'),
(2584, 329975, 17, 86, 'usergame/uservinplay'),
(2585, 329975, 17, 134, 'report/rechargebyiap'),
(2586, 329975, 17, 151, 'report/rechargeby8x98'),
(2587, 329975, 17, 81, 'report/rechargebynganluong'),
(2588, 329975, 17, 94, 'report/moneyuser'),
(2589, 329975, 17, 102, 'transaction/usergiftcode'),
(2590, 329975, 17, 91, 'logminigame/logphienbaucua'),
(2591, 329975, 17, 39, 'Loggiaodich'),
(2592, 329975, 17, 150, 'report/rechargeby9029'),
(2593, 329975, 17, 97, 'logminigame/logbaucua'),
(2594, 329975, 17, 77, 'transaction/logtranfer'),
(2595, 329975, 17, 104, 'usergame/topuserbot'),
(2596, 329975, 17, 155, 'giftcode'),
(2597, 329975, 17, 88, 'usergame/userdaily1'),
(2598, 329975, 17, 26, 'quanlytaikhoan'),
(2599, 329975, 17, 89, 'usergame/userdaily2'),
(2600, 329975, 17, 61, 'logminigame/logminipoker'),
(2601, 329975, 17, 70, 'report/cashoutbytopup'),
(2602, 329975, 17, 156, 'daily'),
(2603, 329975, 17, 79, 'usergame/uservippoint'),
(2604, 329975, 17, 60, 'logminigame/logcaothap'),
(2605, 329975, 17, 32, 'minigame'),
(2606, 329975, 17, 98, 'logminigame/logpokego'),
(2607, 329975, 17, 65, 'ccu'),
(2608, 329975, 17, 99, 'logminigame/logkhobau'),
(2609, 329975, 17, 57, 'logbai'),
(2610, 329975, 17, 82, 'report/logsmsotp'),
(2611, 329975, 17, 46, 'sukien'),
(2612, 329975, 17, 95, 'mail/blockchat'),
(2613, 329975, 17, 66, 'usergame/userlogin'),
(2614, 329975, 17, 146, 'logminigame/lognudiepvien'),
(2615, 329975, 17, 83, 'report/logbrandname'),
(2616, 329975, 17, 147, 'logminigame/logavenger'),
(2617, 329975, 17, 135, 'usergame/lockalluser'),
(2618, 329975, 17, 50, 'logminigame/logvqmm'),
(2619, 329975, 17, 173, 'logminigame/logvqvip'),
(2620, 329975, 17, 153, 'report/checkmo9029'),
(2621, 329975, 17, 37, 'actionadmin'),
(2622, 329975, 17, 221, 'transaction/logsmsnotifi'),
(2698, 329978, 13, 42, 'marketing'),
(2699, 329978, 13, 227, 'xocdia'),
(2700, 329978, 13, 67, 'Report'),
(2701, 329978, 13, 172, 'report/moneysystemnew'),
(2702, 329978, 13, 139, 'event/vippoint'),
(2703, 329978, 13, 205, 'user/delgiftcode'),
(2704, 329978, 13, 224, 'taixiu'),
(2705, 329978, 13, 58, 'loggamebai'),
(2706, 329978, 13, 161, 'giftcodevh/vhadd'),
(2707, 329978, 13, 110, 'setcau'),
(2708, 329978, 13, 176, 'report/doisoatthe'),
(2709, 329978, 13, 27, 'usergame'),
(2710, 329978, 13, 234, 'user/update'),
(2711, 329978, 13, 71, 'report/rechargebycard'),
(2712, 329978, 13, 115, 'giftcode/adminadd'),
(2713, 329978, 13, 40, 'transaction'),
(2714, 329978, 13, 84, 'transaction/agentbuy'),
(2715, 329978, 13, 181, 'marketing/reportmarketing'),
(2716, 329978, 13, 214, 'pokertour/add'),
(2717, 329978, 13, 125, 'giftcode/mktadd'),
(2718, 329978, 13, 33, 'logminigame'),
(2719, 329978, 13, 106, 'giftcode/giftcodemkt'),
(2720, 329978, 13, 226, 'xocxoc'),
(2721, 329978, 13, 154, 'marketing/rechargevnd'),
(2722, 329978, 13, 170, 'report/money'),
(2723, 329978, 13, 126, 'giftcode/mktaddgc'),
(2724, 329978, 13, 107, 'giftcode/giftcodemktuse'),
(2725, 329978, 13, 43, 'marketing/listcampaing'),
(2726, 329978, 13, 92, 'report'),
(2727, 329978, 13, 86, 'usergame/uservinplay'),
(2728, 329978, 13, 140, 'event/uservippoint'),
(2729, 329978, 13, 207, 'giftcode/delgiftcodemkt1'),
(2730, 329978, 13, 148, 'user/refundbonus'),
(2731, 329978, 13, 96, 'logminigame/accounttaixiu'),
(2732, 329978, 13, 162, 'giftcodevh/vhaddgc'),
(2733, 329978, 13, 111, 'soicau'),
(2734, 329978, 13, 180, 'report/doisoatnganluong'),
(2735, 329978, 13, 219, 'transaction/topdoanhso'),
(2736, 329978, 13, 116, 'giftcode/add'),
(2737, 329978, 13, 44, 'transaction/freemoney'),
(2738, 329978, 13, 85, 'transaction/agentsale'),
(2739, 329978, 13, 231, 'transaction/openfreezemoney'),
(2740, 329978, 13, 62, 'mail/sendmail'),
(2741, 329978, 13, 215, 'pokertour/updatecode'),
(2742, 329978, 13, 193, 'report/doisoatmuamt'),
(2743, 329978, 13, 63, 'mail'),
(2744, 329978, 13, 127, 'giftcode/giftcodemkt'),
(2745, 329978, 13, 94, 'report/moneyuser'),
(2746, 329978, 13, 112, 'logaction'),
(2747, 329978, 13, 87, 'usergame/useradmin'),
(2748, 329978, 13, 91, 'logminigame/logphienbaucua'),
(2749, 329978, 13, 199, 'event/listbossxocdia'),
(2750, 329978, 13, 39, 'Loggiaodich'),
(2751, 329978, 13, 208, 'loggamebai/reportticketfree'),
(2752, 329978, 13, 163, 'giftcodevh/giftcodevh'),
(2753, 329978, 13, 225, 'user/blacklist'),
(2754, 329978, 13, 90, 'usergame/userbot'),
(2755, 329978, 13, 102, 'transaction/usergiftcode'),
(2756, 329978, 13, 232, 'user/logictaixiu'),
(2757, 329978, 13, 117, 'giftcode/giftcodeadmin'),
(2758, 329978, 13, 177, 'report/reportupdatecard'),
(2759, 329978, 13, 105, 'transaction/refundfee'),
(2760, 329978, 13, 118, 'giftcode'),
(2761, 329978, 13, 178, 'usergame/logchangemobile'),
(2762, 329978, 13, 137, 'transaction/huydoanhso'),
(2763, 329978, 13, 194, 'report/doisoatnapdt'),
(2764, 329978, 13, 128, 'giftcode/giftcodemktuse'),
(2765, 329978, 13, 171, 'giftcode/checkgiftcode'),
(2766, 329978, 13, 73, 'marketing/campain'),
(2767, 329978, 13, 113, 'user/congtrutien'),
(2768, 329978, 13, 69, 'report/cashoutbycard'),
(2769, 329978, 13, 88, 'usergame/userdaily1'),
(2770, 329978, 13, 104, 'usergame/topuserbot'),
(2771, 329978, 13, 97, 'logminigame/logbaucua'),
(2772, 329978, 13, 155, 'giftcode'),
(2773, 329978, 13, 209, 'loggamebai/reportcodefree'),
(2774, 329978, 13, 77, 'transaction/logtranfer'),
(2775, 329978, 13, 164, 'giftcodevh/giftcodevhuse'),
(2776, 329978, 13, 119, 'giftcode/delgiftcode'),
(2777, 329978, 13, 183, 'transaction/refundi2b'),
(2778, 329978, 13, 142, 'transaction/bonusds'),
(2779, 329978, 13, 72, 'mail/sendmailgc'),
(2780, 329978, 13, 222, 'user/congtrutienbot'),
(2781, 329978, 13, 24, 'groupuser'),
(2782, 329978, 13, 235, 'usergame/topuserrecharge'),
(2783, 329978, 13, 61, 'logminigame/logminipoker'),
(2784, 329978, 13, 78, 'mail/messageagent'),
(2785, 329978, 13, 175, 'doisoat'),
(2786, 329978, 13, 26, 'quanlytaikhoan'),
(2787, 329978, 13, 129, 'giftcode/delgiftcodemkt'),
(2788, 329978, 13, 144, 'user/resetpw'),
(2789, 329978, 13, 74, 'marketing/medium'),
(2790, 329978, 13, 185, 'user/congtientaixiu'),
(2791, 329978, 13, 70, 'report/cashoutbytopup'),
(2792, 329978, 13, 100, 'mail/sendmessagegc'),
(2793, 329978, 13, 89, 'usergame/userdaily2'),
(2794, 329978, 13, 101, 'mail/sendmailgctrian'),
(2795, 329978, 13, 213, 'pokertour'),
(2796, 329978, 13, 190, 'report/doisoatvmg'),
(2797, 329978, 13, 210, 'loggamebai/reportlocodefree'),
(2798, 329978, 13, 211, 'loggamebai/reportcodepokertour'),
(2799, 329978, 13, 218, 'user/congtruslot'),
(2800, 329978, 13, 79, 'usergame/uservippoint'),
(2801, 329978, 13, 60, 'logminigame/logcaothap'),
(2802, 329978, 13, 109, 'marketing/sourcegiftcode'),
(2803, 329978, 13, 120, 'giftcode/giftcodeuseadmin'),
(2804, 329978, 13, 204, 'event/listbonusnhiemvu'),
(2805, 329978, 13, 184, 'transaction/logtranferdailytong'),
(2806, 329978, 13, 156, 'daily'),
(2807, 329978, 13, 103, 'report/moneytotal'),
(2808, 329978, 13, 130, 'giftcode/giftcodeusemarketing'),
(2809, 329978, 13, 145, 'user/updatevpevent'),
(2810, 329978, 13, 75, 'marketing/source'),
(2811, 329978, 13, 64, 'usergame/topcaothu'),
(2812, 329978, 13, 191, 'report/doisoatbrandname'),
(2813, 329978, 13, 41, 'marketing'),
(2814, 329978, 13, 166, 'giftcodevh/giftcodeusevanhanh'),
(2815, 329978, 13, 167, 'giftcodevh/giftcodeusevh'),
(2816, 329978, 13, 233, 'daily'),
(2817, 329978, 13, 195, 'report/reportbycard'),
(2818, 329978, 13, 68, 'report/cashoutbybank'),
(2819, 329978, 13, 121, 'giftcode/giftcodeuse'),
(2820, 329978, 13, 228, 'event/topthanhdu'),
(2821, 329978, 13, 189, 'transaction/freemoneyagent'),
(2822, 329978, 13, 36, 'action'),
(2823, 329978, 13, 200, 'user/delsecuser'),
(2824, 329978, 13, 131, 'giftcode/giftcodeusemkt'),
(2825, 329978, 13, 108, 'report/chartmoneytotal'),
(2826, 329978, 13, 32, 'minigame'),
(2827, 329978, 13, 98, 'logminigame/logpokego'),
(2828, 329978, 13, 220, 'transaction/logtranferagenttodailytong'),
(2829, 329978, 13, 65, 'ccu'),
(2830, 329978, 13, 186, 'mail/sendmailvincard'),
(2831, 329978, 13, 20, 'menu'),
(2832, 329978, 13, 168, 'giftcodevh/usergiftcodevh'),
(2833, 329978, 13, 57, 'logbai'),
(2834, 329978, 13, 196, 'report/doisoat9029'),
(2835, 329978, 13, 122, 'giftcode/usergiftcode'),
(2836, 329978, 13, 229, 'event/thungphasanh'),
(2837, 329978, 13, 201, 'transaction/ratioagent'),
(2838, 329978, 13, 132, 'giftcode/usergiftcodemkt'),
(2839, 329978, 13, 143, 'mail/sendmailfull'),
(2840, 329978, 13, 82, 'report/logsmsotp'),
(2841, 329978, 13, 157, 'report/chartmoneyagent'),
(2842, 329978, 13, 99, 'logminigame/logkhobau'),
(2843, 329978, 13, 19, 'admin'),
(2844, 329978, 13, 66, 'usergame/userlogin'),
(2845, 329978, 13, 146, 'logminigame/lognudiepvien'),
(2846, 329978, 13, 182, 'user/delgiftcode1'),
(2847, 329978, 13, 159, 'user/reportgc'),
(2848, 329978, 13, 169, 'giftcodevh/nicknameusegiftcodevh'),
(2849, 329978, 13, 95, 'mail/blockchat'),
(2850, 329978, 13, 197, 'report/doisoat8x98'),
(2851, 329978, 13, 123, 'giftcode/nicknameusegiftcode'),
(2852, 329978, 13, 230, 'event/toichontom'),
(2853, 329978, 13, 46, 'sukien'),
(2854, 329978, 13, 133, 'giftcode/nicknameusegiftcodemkt'),
(2855, 329978, 13, 158, 'event/addbotcaothap'),
(2856, 329978, 13, 138, 'vippointevent'),
(2857, 329978, 13, 51, 'confignew/listconfig'),
(2858, 329978, 13, 147, 'logminigame/logavenger'),
(2859, 329978, 13, 192, 'logminigame/logvuongquocvin'),
(2860, 329978, 13, 198, 'report/doisoatvincard'),
(2861, 329978, 13, 124, 'giftcodemarketing'),
(2862, 329978, 13, 223, 'transaction/sumrefundfee'),
(2863, 329978, 13, 136, 'usergame/checkusername'),
(2864, 329978, 13, 50, 'logminigame/logvqmm'),
(2865, 329978, 13, 236, 'transaction/topdoanhsoban'),
(2866, 329978, 13, 160, 'giftcodevh'),
(2867, 329978, 13, 187, 'usergame/checkinfo'),
(2868, 329978, 13, 203, 'report/doisoatmegacard'),
(2869, 329978, 13, 13, 'hethong'),
(2870, 329978, 13, 135, 'usergame/lockalluser'),
(2871, 329978, 13, 217, 'report/doisoatfromvtc'),
(2872, 329978, 13, 141, 'usergame/updateinfo'),
(2873, 329978, 13, 173, 'logminigame/logvqvip'),
(2874, 329978, 13, 114, 'giftcodedaily'),
(2875, 329978, 13, 188, 'usergame/checkmobile'),
(2876, 329978, 13, 152, 'usergame/congxu'),
(2877, 329978, 13, 37, 'actionadmin'),
(2878, 329978, 13, 212, 'transaction/logchuyendoivinngoc'),
(2879, 329978, 13, 179, 'actionadmin/loglogin'),
(2880, 329977, 13, 227, 'xocdia'),
(2881, 329977, 13, 67, 'Report'),
(2882, 329977, 13, 172, 'report/moneysystemnew'),
(2883, 329977, 13, 139, 'event/vippoint'),
(2884, 329977, 13, 205, 'user/delgiftcode'),
(2885, 329977, 13, 224, 'taixiu'),
(2886, 329977, 13, 58, 'loggamebai'),
(2887, 329977, 13, 161, 'giftcodevh/vhadd'),
(2888, 329977, 13, 110, 'setcau'),
(2889, 329977, 13, 176, 'report/doisoatthe'),
(2890, 329977, 13, 27, 'usergame'),
(2891, 329977, 13, 234, 'user/update'),
(2892, 329977, 13, 71, 'report/rechargebycard'),
(2893, 329977, 13, 115, 'giftcode/adminadd'),
(2894, 329977, 13, 40, 'transaction'),
(2895, 329977, 13, 84, 'transaction/agentbuy'),
(2896, 329977, 13, 181, 'marketing/reportmarketing'),
(2897, 329977, 13, 214, 'pokertour/add'),
(2898, 329977, 13, 125, 'giftcode/mktadd'),
(2899, 329977, 13, 33, 'logminigame'),
(2900, 329977, 13, 106, 'giftcode/giftcodemkt'),
(2901, 329977, 13, 226, 'xocxoc'),
(2902, 329977, 13, 42, 'marketing'),
(2903, 329977, 13, 43, 'marketing/listcampaing'),
(2904, 329977, 13, 92, 'report'),
(2905, 329977, 13, 86, 'usergame/uservinplay'),
(2906, 329977, 13, 140, 'event/uservippoint'),
(2907, 329977, 13, 207, 'giftcode/delgiftcodemkt1'),
(2908, 329977, 13, 148, 'user/refundbonus'),
(2909, 329977, 13, 96, 'logminigame/accounttaixiu'),
(2910, 329977, 13, 162, 'giftcodevh/vhaddgc'),
(2911, 329977, 13, 111, 'soicau'),
(2912, 329977, 13, 180, 'report/doisoatnganluong'),
(2913, 329977, 13, 219, 'transaction/topdoanhso'),
(2914, 329977, 13, 116, 'giftcode/add'),
(2915, 329977, 13, 44, 'transaction/freemoney'),
(2916, 329977, 13, 85, 'transaction/agentsale'),
(2917, 329977, 13, 231, 'transaction/openfreezemoney'),
(2918, 329977, 13, 62, 'mail/sendmail'),
(2919, 329977, 13, 215, 'pokertour/updatecode'),
(2920, 329977, 13, 154, 'marketing/rechargevnd'),
(2921, 329977, 13, 170, 'report/money'),
(2922, 329977, 13, 126, 'giftcode/mktaddgc'),
(2923, 329977, 13, 107, 'giftcode/giftcodemktuse'),
(2924, 329977, 13, 127, 'giftcode/giftcodemkt'),
(2925, 329977, 13, 94, 'report/moneyuser'),
(2926, 329977, 13, 112, 'logaction'),
(2927, 329977, 13, 87, 'usergame/useradmin'),
(2928, 329977, 13, 91, 'logminigame/logphienbaucua'),
(2929, 329977, 13, 199, 'event/listbossxocdia'),
(2930, 329977, 13, 39, 'Loggiaodich'),
(2931, 329977, 13, 208, 'loggamebai/reportticketfree'),
(2932, 329977, 13, 163, 'giftcodevh/giftcodevh'),
(2933, 329977, 13, 225, 'user/blacklist'),
(2934, 329977, 13, 90, 'usergame/userbot'),
(2935, 329977, 13, 102, 'transaction/usergiftcode'),
(2936, 329977, 13, 232, 'user/logictaixiu'),
(2937, 329977, 13, 117, 'giftcode/giftcodeadmin'),
(2938, 329977, 13, 177, 'report/reportupdatecard'),
(2939, 329977, 13, 105, 'transaction/refundfee'),
(2940, 329977, 13, 193, 'report/doisoatmuamt'),
(2941, 329977, 13, 63, 'mail'),
(2942, 329977, 13, 194, 'report/doisoatnapdt'),
(2943, 329977, 13, 128, 'giftcode/giftcodemktuse'),
(2944, 329977, 13, 171, 'giftcode/checkgiftcode'),
(2945, 329977, 13, 73, 'marketing/campain'),
(2946, 329977, 13, 113, 'user/congtrutien'),
(2947, 329977, 13, 69, 'report/cashoutbycard'),
(2948, 329977, 13, 88, 'usergame/userdaily1'),
(2949, 329977, 13, 104, 'usergame/topuserbot'),
(2950, 329977, 13, 97, 'logminigame/logbaucua'),
(2951, 329977, 13, 155, 'giftcode'),
(2952, 329977, 13, 209, 'loggamebai/reportcodefree'),
(2953, 329977, 13, 77, 'transaction/logtranfer'),
(2954, 329977, 13, 164, 'giftcodevh/giftcodevhuse'),
(2955, 329977, 13, 118, 'giftcode'),
(2956, 329977, 13, 178, 'usergame/logchangemobile'),
(2957, 329977, 13, 137, 'transaction/huydoanhso'),
(2958, 329977, 13, 119, 'giftcode/delgiftcode'),
(2959, 329977, 13, 183, 'transaction/refundi2b'),
(2960, 329977, 13, 142, 'transaction/bonusds'),
(2961, 329977, 13, 72, 'mail/sendmailgc'),
(2962, 329977, 13, 222, 'user/congtrutienbot'),
(2963, 329977, 13, 24, 'groupuser'),
(2964, 329977, 13, 235, 'usergame/topuserrecharge'),
(2965, 329977, 13, 61, 'logminigame/logminipoker'),
(2966, 329977, 13, 78, 'mail/messageagent'),
(2967, 329977, 13, 175, 'doisoat'),
(2968, 329977, 13, 26, 'quanlytaikhoan'),
(2969, 329977, 13, 129, 'giftcode/delgiftcodemkt'),
(2970, 329977, 13, 144, 'user/resetpw'),
(2971, 329977, 13, 74, 'marketing/medium'),
(2972, 329977, 13, 185, 'user/congtientaixiu'),
(2973, 329977, 13, 70, 'report/cashoutbytopup'),
(2974, 329977, 13, 100, 'mail/sendmessagegc'),
(2975, 329977, 13, 89, 'usergame/userdaily2'),
(2976, 329977, 13, 101, 'mail/sendmailgctrian'),
(2977, 329977, 13, 213, 'pokertour'),
(2978, 329977, 13, 190, 'report/doisoatvmg'),
(2979, 329977, 13, 210, 'loggamebai/reportlocodefree'),
(2980, 329977, 13, 218, 'user/congtruslot'),
(2981, 329977, 13, 79, 'usergame/uservippoint'),
(2982, 329977, 13, 60, 'logminigame/logcaothap'),
(2983, 329977, 13, 109, 'marketing/sourcegiftcode'),
(2984, 329977, 13, 120, 'giftcode/giftcodeuseadmin'),
(2985, 329977, 13, 204, 'event/listbonusnhiemvu'),
(2986, 329977, 13, 184, 'transaction/logtranferdailytong'),
(2987, 329977, 13, 156, 'daily'),
(2988, 329977, 13, 103, 'report/moneytotal'),
(2989, 329977, 13, 130, 'giftcode/giftcodeusemarketing'),
(2990, 329977, 13, 145, 'user/updatevpevent'),
(2991, 329977, 13, 75, 'marketing/source'),
(2992, 329977, 13, 64, 'usergame/topcaothu'),
(2993, 329977, 13, 191, 'report/doisoatbrandname'),
(2994, 329977, 13, 41, 'marketing'),
(2995, 329977, 13, 166, 'giftcodevh/giftcodeusevanhanh'),
(2996, 329977, 13, 211, 'loggamebai/reportcodepokertour'),
(2997, 329977, 13, 233, 'daily'),
(2998, 329977, 13, 195, 'report/reportbycard'),
(2999, 329977, 13, 68, 'report/cashoutbybank'),
(3000, 329977, 13, 121, 'giftcode/giftcodeuse'),
(3001, 329977, 13, 228, 'event/topthanhdu'),
(3002, 329977, 13, 189, 'transaction/freemoneyagent'),
(3003, 329977, 13, 36, 'action'),
(3004, 329977, 13, 200, 'user/delsecuser'),
(3005, 329977, 13, 131, 'giftcode/giftcodeusemkt'),
(3006, 329977, 13, 108, 'report/chartmoneytotal'),
(3007, 329977, 13, 32, 'minigame'),
(3008, 329977, 13, 98, 'logminigame/logpokego'),
(3009, 329977, 13, 220, 'transaction/logtranferagenttodailytong'),
(3010, 329977, 13, 65, 'ccu'),
(3011, 329977, 13, 167, 'giftcodevh/giftcodeusevh'),
(3012, 329977, 13, 20, 'menu'),
(3013, 329977, 13, 168, 'giftcodevh/usergiftcodevh'),
(3014, 329977, 13, 57, 'logbai'),
(3015, 329977, 13, 196, 'report/doisoat9029'),
(3016, 329977, 13, 122, 'giftcode/usergiftcode'),
(3017, 329977, 13, 229, 'event/thungphasanh'),
(3018, 329977, 13, 201, 'transaction/ratioagent'),
(3019, 329977, 13, 132, 'giftcode/usergiftcodemkt'),
(3020, 329977, 13, 143, 'mail/sendmailfull'),
(3021, 329977, 13, 82, 'report/logsmsotp'),
(3022, 329977, 13, 157, 'report/chartmoneyagent'),
(3023, 329977, 13, 99, 'logminigame/logkhobau'),
(3024, 329977, 13, 186, 'mail/sendmailvincard'),
(3025, 329977, 13, 182, 'user/delgiftcode1'),
(3026, 329977, 13, 159, 'user/reportgc'),
(3027, 329977, 13, 169, 'giftcodevh/nicknameusegiftcodevh'),
(3028, 329977, 13, 95, 'mail/blockchat'),
(3029, 329977, 13, 197, 'report/doisoat8x98'),
(3030, 329977, 13, 123, 'giftcode/nicknameusegiftcode'),
(3031, 329977, 13, 230, 'event/toichontom'),
(3032, 329977, 13, 46, 'sukien'),
(3033, 329977, 13, 133, 'giftcode/nicknameusegiftcodemkt'),
(3034, 329977, 13, 158, 'event/addbotcaothap'),
(3035, 329977, 13, 19, 'admin'),
(3036, 329977, 13, 66, 'usergame/userlogin'),
(3037, 329977, 13, 146, 'logminigame/lognudiepvien'),
(3038, 329977, 13, 51, 'confignew/listconfig'),
(3039, 329977, 13, 147, 'logminigame/logavenger'),
(3040, 329977, 13, 192, 'logminigame/logvuongquocvin'),
(3041, 329977, 13, 198, 'report/doisoatvincard'),
(3042, 329977, 13, 124, 'giftcodemarketing'),
(3043, 329977, 13, 223, 'transaction/sumrefundfee'),
(3044, 329977, 13, 138, 'vippointevent'),
(3045, 329977, 13, 160, 'giftcodevh'),
(3046, 329977, 13, 187, 'usergame/checkinfo'),
(3047, 329977, 13, 203, 'report/doisoatmegacard'),
(3048, 329977, 13, 13, 'hethong'),
(3049, 329977, 13, 135, 'usergame/lockalluser'),
(3050, 329977, 13, 217, 'report/doisoatfromvtc'),
(3051, 329977, 13, 136, 'usergame/checkusername'),
(3052, 329977, 13, 50, 'logminigame/logvqmm'),
(3053, 329977, 13, 236, 'transaction/topdoanhsoban'),
(3054, 329977, 13, 141, 'usergame/updateinfo'),
(3055, 329977, 13, 173, 'logminigame/logvqvip'),
(3056, 329977, 13, 114, 'giftcodedaily'),
(3057, 329977, 13, 188, 'usergame/checkmobile'),
(3058, 329977, 13, 152, 'usergame/congxu'),
(3059, 329977, 13, 37, 'actionadmin'),
(3060, 329977, 13, 212, 'transaction/logchuyendoivinngoc'),
(3061, 329977, 13, 179, 'actionadmin/loglogin'),
(3062, 329982, 4, 33, 'logminigame'),
(3063, 329982, 4, 67, 'Report'),
(3064, 329982, 4, 71, 'report/rechargebycard'),
(3065, 329982, 4, 176, 'report/doisoatthe'),
(3066, 329982, 4, 27, 'usergame'),
(3067, 329982, 4, 181, 'marketing/reportmarketing'),
(3068, 329982, 4, 106, 'giftcode/giftcodemkt'),
(3069, 329982, 4, 42, 'marketing'),
(3070, 329982, 4, 58, 'loggamebai'),
(3071, 329982, 4, 154, 'marketing/rechargevnd'),
(3072, 329982, 4, 96, 'logminigame/accounttaixiu'),
(3073, 329982, 4, 107, 'giftcode/giftcodemktuse'),
(3074, 329982, 4, 43, 'marketing/listcampaing'),
(3075, 329982, 4, 105, 'transaction/refundfee'),
(3076, 329982, 4, 91, 'logminigame/logphienbaucua'),
(3077, 329982, 4, 102, 'transaction/usergiftcode'),
(3078, 329982, 4, 73, 'marketing/campain'),
(3079, 329982, 4, 155, 'giftcode'),
(3080, 329982, 4, 97, 'logminigame/logbaucua'),
(3081, 329982, 4, 74, 'marketing/medium'),
(3082, 329982, 4, 175, 'doisoat'),
(3083, 329982, 4, 26, 'quanlytaikhoan'),
(3084, 329982, 4, 61, 'logminigame/logminipoker'),
(3085, 329982, 4, 60, 'logminigame/logcaothap'),
(3086, 329982, 4, 75, 'marketing/source'),
(3087, 329982, 4, 41, 'marketing'),
(3088, 329982, 4, 156, 'daily'),
(3089, 329982, 4, 65, 'ccu'),
(3090, 329982, 4, 32, 'minigame'),
(3091, 329982, 4, 98, 'logminigame/logpokego'),
(3092, 329982, 4, 99, 'logminigame/logkhobau'),
(3093, 329982, 4, 57, 'logbai'),
(3094, 329982, 4, 146, 'logminigame/lognudiepvien'),
(3095, 329982, 4, 46, 'sukien'),
(3096, 329982, 4, 95, 'mail/blockchat'),
(3097, 329982, 4, 66, 'usergame/userlogin'),
(3098, 329982, 4, 147, 'logminigame/logavenger'),
(3099, 329982, 4, 192, 'logminigame/logvuongquocvin'),
(3100, 329982, 4, 50, 'logminigame/logvqmm'),
(3101, 329982, 4, 173, 'logminigame/logvqvip'),
(3102, 329982, 4, 37, 'actionadmin'),
(3103, 329983, 6, 67, 'Report'),
(3104, 329983, 6, 27, 'usergame'),
(3105, 329983, 6, 115, 'giftcode/adminadd'),
(3106, 329983, 6, 125, 'giftcode/mktadd'),
(3107, 329983, 6, 139, 'event/vippoint'),
(3108, 329983, 6, 40, 'transaction'),
(3109, 329983, 6, 205, 'user/delgiftcode'),
(3110, 329983, 6, 58, 'loggamebai'),
(3111, 329983, 6, 172, 'report/moneysystemnew'),
(3112, 329983, 6, 33, 'logminigame'),
(3113, 329983, 6, 71, 'report/rechargebycard'),
(3114, 329983, 6, 84, 'transaction/agentbuy'),
(3115, 329983, 6, 42, 'marketing'),
(3116, 329983, 6, 161, 'giftcodevh/vhadd'),
(3117, 329983, 6, 234, 'user/update'),
(3118, 329983, 6, 176, 'report/doisoatthe'),
(3119, 329983, 6, 181, 'marketing/reportmarketing'),
(3120, 329983, 6, 106, 'giftcode/giftcodemkt'),
(3121, 329983, 6, 214, 'pokertour/add'),
(3122, 329983, 6, 96, 'logminigame/accounttaixiu'),
(3123, 329983, 6, 107, 'giftcode/giftcodemktuse'),
(3124, 329983, 6, 62, 'mail/sendmail'),
(3125, 329983, 6, 215, 'pokertour/updatecode'),
(3126, 329983, 6, 126, 'giftcode/mktaddgc'),
(3127, 329983, 6, 134, 'report/rechargebyiap'),
(3128, 329983, 6, 170, 'report/money'),
(3129, 329983, 6, 140, 'event/uservippoint'),
(3130, 329983, 6, 44, 'transaction/freemoney'),
(3131, 329983, 6, 231, 'transaction/openfreezemoney'),
(3132, 329983, 6, 207, 'giftcode/delgiftcodemkt1'),
(3133, 329983, 6, 92, 'report'),
(3134, 329983, 6, 148, 'user/refundbonus'),
(3135, 329983, 6, 85, 'transaction/agentsale'),
(3136, 329983, 6, 43, 'marketing/listcampaing'),
(3137, 329983, 6, 80, 'report/rechargebybank'),
(3138, 329983, 6, 154, 'marketing/rechargevnd'),
(3139, 329983, 6, 86, 'usergame/uservinplay'),
(3140, 329983, 6, 162, 'giftcodevh/vhaddgc'),
(3141, 329983, 6, 180, 'report/doisoatnganluong'),
(3142, 329983, 6, 39, 'Loggiaodich'),
(3143, 329983, 6, 117, 'giftcode/giftcodeadmin'),
(3144, 329983, 6, 63, 'mail'),
(3145, 329983, 6, 193, 'report/doisoatmuamt'),
(3146, 329983, 6, 90, 'usergame/userbot'),
(3147, 329983, 6, 127, 'giftcode/giftcodemkt'),
(3148, 329983, 6, 150, 'report/rechargeby9029'),
(3149, 329983, 6, 177, 'report/reportupdatecard'),
(3150, 329983, 6, 199, 'event/listbossxocdia'),
(3151, 329983, 6, 208, 'loggamebai/reportticketfree'),
(3152, 329983, 6, 151, 'report/rechargeby8x98'),
(3153, 329983, 6, 94, 'report/moneyuser'),
(3154, 329983, 6, 112, 'logaction'),
(3155, 329983, 6, 102, 'transaction/usergiftcode'),
(3156, 329983, 6, 105, 'transaction/refundfee'),
(3157, 329983, 6, 81, 'report/rechargebynganluong'),
(3158, 329983, 6, 174, 'report/rechargebyvincard'),
(3159, 329983, 6, 87, 'usergame/useradmin'),
(3160, 329983, 6, 91, 'logminigame/logphienbaucua'),
(3161, 329983, 6, 163, 'giftcodevh/giftcodevh'),
(3162, 329983, 6, 88, 'usergame/userdaily1'),
(3163, 329983, 6, 164, 'giftcodevh/giftcodevhuse'),
(3164, 329983, 6, 97, 'logminigame/logbaucua'),
(3165, 329983, 6, 69, 'report/cashoutbycard'),
(3166, 329983, 6, 216, 'report/rechargefromvtc'),
(3167, 329983, 6, 118, 'giftcode'),
(3168, 329983, 6, 171, 'giftcode/checkgiftcode'),
(3169, 329983, 6, 194, 'report/doisoatnapdt'),
(3170, 329983, 6, 128, 'giftcode/giftcodemktuse'),
(3171, 329983, 6, 178, 'usergame/logchangemobile'),
(3172, 329983, 6, 209, 'loggamebai/reportcodefree'),
(3173, 329983, 6, 77, 'transaction/logtranfer'),
(3174, 329983, 6, 155, 'giftcode'),
(3175, 329983, 6, 113, 'user/congtrutien'),
(3176, 329983, 6, 104, 'usergame/topuserbot'),
(3177, 329983, 6, 137, 'transaction/huydoanhso'),
(3178, 329983, 6, 190, 'report/doisoatvmg'),
(3179, 329983, 6, 142, 'transaction/bonusds'),
(3180, 329983, 6, 89, 'usergame/userdaily2'),
(3181, 329983, 6, 72, 'mail/sendmailgc'),
(3182, 329983, 6, 222, 'user/congtrutienbot'),
(3183, 329983, 6, 70, 'report/cashoutbytopup'),
(3184, 329983, 6, 144, 'user/resetpw'),
(3185, 329983, 6, 78, 'mail/messageagent'),
(3186, 329983, 6, 185, 'user/congtientaixiu'),
(3187, 329983, 6, 235, 'usergame/topuserrecharge'),
(3188, 329983, 6, 183, 'transaction/refundi2b'),
(3189, 329983, 6, 100, 'mail/sendmessagegc'),
(3190, 329983, 6, 175, 'doisoat'),
(3191, 329983, 6, 210, 'loggamebai/reportlocodefree'),
(3192, 329983, 6, 61, 'logminigame/logminipoker'),
(3193, 329983, 6, 101, 'mail/sendmailgctrian'),
(3194, 329983, 6, 213, 'pokertour'),
(3195, 329983, 6, 26, 'quanlytaikhoan'),
(3196, 329983, 6, 202, 'report/rechargebymegacard'),
(3197, 329983, 6, 191, 'report/doisoatbrandname'),
(3198, 329983, 6, 109, 'marketing/sourcegiftcode'),
(3199, 329983, 6, 184, 'transaction/logtranferdailytong'),
(3200, 329983, 6, 166, 'giftcodevh/giftcodeusevanhanh'),
(3201, 329983, 6, 218, 'user/congtruslot'),
(3202, 329983, 6, 64, 'usergame/topcaothu'),
(3203, 329983, 6, 120, 'giftcode/giftcodeuseadmin'),
(3204, 329983, 6, 156, 'daily'),
(3205, 329983, 6, 41, 'marketing'),
(3206, 329983, 6, 130, 'giftcode/giftcodeusemarketing'),
(3207, 329983, 6, 145, 'user/updatevpevent'),
(3208, 329983, 6, 79, 'usergame/uservippoint'),
(3209, 329983, 6, 60, 'logminigame/logcaothap'),
(3210, 329983, 6, 103, 'report/moneytotal'),
(3211, 329983, 6, 204, 'event/listbonusnhiemvu'),
(3212, 329983, 6, 211, 'loggamebai/reportcodepokertour'),
(3213, 329983, 6, 108, 'report/chartmoneytotal'),
(3214, 329983, 6, 68, 'report/cashoutbybank'),
(3215, 329983, 6, 32, 'minigame'),
(3216, 329983, 6, 98, 'logminigame/logpokego'),
(3217, 329983, 6, 189, 'transaction/freemoneyagent'),
(3218, 329983, 6, 167, 'giftcodevh/giftcodeusevh'),
(3219, 329983, 6, 65, 'ccu'),
(3220, 329983, 6, 233, 'daily'),
(3221, 329983, 6, 195, 'report/reportbycard'),
(3222, 329983, 6, 121, 'giftcode/giftcodeuse'),
(3223, 329983, 6, 200, 'user/delsecuser'),
(3224, 329983, 6, 131, 'giftcode/giftcodeusemkt'),
(3225, 329983, 6, 228, 'event/topthanhdu'),
(3226, 329983, 6, 82, 'report/logsmsotp'),
(3227, 329983, 6, 229, 'event/thungphasanh'),
(3228, 329983, 6, 186, 'mail/sendmailvincard'),
(3229, 329983, 6, 157, 'report/chartmoneyagent'),
(3230, 329983, 6, 57, 'logbai'),
(3231, 329983, 6, 99, 'logminigame/logkhobau'),
(3232, 329983, 6, 168, 'giftcodevh/usergiftcodevh'),
(3233, 329983, 6, 196, 'report/doisoat9029'),
(3234, 329983, 6, 122, 'giftcode/usergiftcode'),
(3235, 329983, 6, 132, 'giftcode/usergiftcodemkt'),
(3236, 329983, 6, 143, 'mail/sendmailfull'),
(3237, 329983, 6, 182, 'user/delgiftcode1'),
(3238, 329983, 6, 83, 'report/logbrandname'),
(3239, 329983, 6, 230, 'event/toichontom'),
(3240, 329983, 6, 159, 'user/reportgc'),
(3241, 329983, 6, 66, 'usergame/userlogin'),
(3242, 329983, 6, 146, 'logminigame/lognudiepvien'),
(3243, 329983, 6, 95, 'mail/blockchat'),
(3244, 329983, 6, 169, 'giftcodevh/nicknameusegiftcodevh'),
(3245, 329983, 6, 197, 'report/doisoat8x98'),
(3246, 329983, 6, 123, 'giftcode/nicknameusegiftcode'),
(3247, 329983, 6, 133, 'giftcode/nicknameusegiftcodemkt'),
(3248, 329983, 6, 46, 'sukien'),
(3249, 329983, 6, 138, 'vippointevent'),
(3250, 329983, 6, 147, 'logminigame/logavenger'),
(3251, 329983, 6, 198, 'report/doisoatvincard'),
(3252, 329983, 6, 124, 'giftcodemarketing'),
(3253, 329983, 6, 192, 'logminigame/logvuongquocvin'),
(3254, 329983, 6, 203, 'report/doisoatmegacard'),
(3255, 329983, 6, 187, 'usergame/checkinfo'),
(3256, 329983, 6, 135, 'usergame/lockalluser'),
(3257, 329983, 6, 136, 'usergame/checkusername'),
(3258, 329983, 6, 50, 'logminigame/logvqmm'),
(3259, 329983, 6, 160, 'giftcodevh'),
(3260, 329983, 6, 188, 'usergame/checkmobile'),
(3261, 329983, 6, 141, 'usergame/updateinfo'),
(3262, 329983, 6, 173, 'logminigame/logvqvip'),
(3263, 329983, 6, 114, 'giftcodedaily'),
(3264, 329983, 6, 152, 'usergame/congxu'),
(3265, 329983, 6, 37, 'actionadmin'),
(3266, 329983, 6, 221, 'transaction/logsmsnotifi'),
(3267, 329983, 6, 153, 'report/checkmo9029'),
(3268, 329983, 6, 212, 'transaction/logchuyendoivinngoc'),
(3269, 329983, 6, 179, 'actionadmin/loglogin');

-- --------------------------------------------------------

--
-- Cấu trúc bảng cho bảng `action_admin`
--

CREATE TABLE `action_admin` (
  `id` int(11) NOT NULL,
  `action` varchar(255) CHARACTER SET utf8 COLLATE utf8_unicode_ci DEFAULT NULL
) ENGINE=InnoDB DEFAULT CHARSET=latin1 ROW_FORMAT=DYNAMIC;

-- --------------------------------------------------------

--
-- Cấu trúc bảng cho bảng `groupuser`
--

CREATE TABLE `groupuser` (
  `Id` int(11) NOT NULL,
  `Name` varchar(50) DEFAULT NULL,
  `Description` varchar(150) DEFAULT NULL,
  `Type` int(11) DEFAULT NULL
) ENGINE=InnoDB DEFAULT CHARSET=utf8 ROW_FORMAT=DYNAMIC;

--
-- Đang đổ dữ liệu cho bảng `groupuser`
--

INSERT INTO `groupuser` (`Id`, `Name`, `Description`, `Type`) VALUES
(4, 'MKT', '', NULL),
(6, 'VH', '', NULL),
(9, 'CSKH', '', NULL),
(10, 'LD', '', NULL),
(11, 'Blockchat', '', NULL),
(12, 'KT', '', NULL),
(13, 'ADM', '', NULL),
(14, 'MNG', '', NULL),
(15, 'VH1', '', NULL),
(16, 'DVL', '', NULL),
(17, 'CSKH1', '', NULL),
(18, 'SB', '', NULL),
(19, 'Lead MKT', '', NULL),
(20, 'Lead DL', '', NULL),
(21, 'Mkt - FB', '', NULL),
(22, 'KD', '', NULL),
(23, 'CG', '', NULL),
(24, 'VH2', '', NULL),
(25, 'LD1', '', NULL),
(26, 'MKT-DGT', '', NULL),
(27, 'MKT-DL', '', NULL),
(28, 'KT1', '', NULL),
(29, 'LDCSKH', '', NULL),
(30, 'CSKH', '', NULL);

-- --------------------------------------------------------

--
-- Cấu trúc bảng cho bảng `log_admin`
--

CREATE TABLE `log_admin` (
  `id` int(11) NOT NULL,
  `action` varchar(255) CHARACTER SET utf8 COLLATE utf8_unicode_ci DEFAULT NULL,
  `quantity` int(11) DEFAULT NULL,
  `money` bigint(20) DEFAULT NULL,
  `account_name` text CHARACTER SET utf8 COLLATE utf8_unicode_ci,
  `money_type` varchar(50) CHARACTER SET utf8 COLLATE utf8_unicode_ci DEFAULT NULL,
  `username` varchar(50) CHARACTER SET utf8 COLLATE utf8_unicode_ci DEFAULT NULL,
  `timestamp` timestamp NULL DEFAULT CURRENT_TIMESTAMP ON UPDATE CURRENT_TIMESTAMP,
  `reason` varchar(255) CHARACTER SET utf8 COLLATE utf8_unicode_ci DEFAULT NULL,
  `status` varchar(11) DEFAULT NULL
) ENGINE=InnoDB DEFAULT CHARSET=latin1 ROW_FORMAT=DYNAMIC;

--
-- Đang đổ dữ liệu cho bảng `log_admin`
--

-- --------------------------------------------------------

--
-- Cấu trúc bảng cho bảng `log_loginadmin`
--

CREATE TABLE `log_loginadmin` (
  `id` int(11) NOT NULL,
  `username` varchar(255) CHARACTER SET utf8 DEFAULT NULL,
  `nickname` varchar(255) CHARACTER SET utf8 DEFAULT NULL,
  `ip` varchar(255) CHARACTER SET utf8 DEFAULT NULL,
  `status` int(11) DEFAULT NULL,
  `agent` varchar(255) CHARACTER SET utf8 DEFAULT NULL,
  `action` varchar(255) CHARACTER SET utf8 DEFAULT NULL,
  `tool` varchar(255) CHARACTER SET utf8 DEFAULT NULL,
  `createdate` timestamp NULL DEFAULT CURRENT_TIMESTAMP ON UPDATE CURRENT_TIMESTAMP
) ENGINE=InnoDB DEFAULT CHARSET=latin1 ROW_FORMAT=DYNAMIC;

--
-- Đang đổ dữ liệu cho bảng `log_loginadmin`
--
-- --------------------------------------------------------

--
-- Cấu trúc bảng cho bảng `menu`
--

CREATE TABLE `menu` (
  `id` int(11) NOT NULL,
  `Name` varchar(100) DEFAULT NULL,
  `Param` int(11) DEFAULT '1',
  `Link` varchar(150) DEFAULT NULL,
  `Status` char(1) DEFAULT NULL,
  `Parrent_ID` int(11) DEFAULT NULL,
  `isThuong` int(1) DEFAULT '0',
  `isDaily` int(1) DEFAULT '0',
  `isSuper` int(1) DEFAULT '0'
) ENGINE=InnoDB DEFAULT CHARSET=utf8 ROW_FORMAT=DYNAMIC;

--
-- Đang đổ dữ liệu cho bảng `menu`
--

INSERT INTO `menu` (`id`, `Name`, `Param`, `Link`, `Status`, `Parrent_ID`, `isThuong`, `isDaily`, `isSuper`) VALUES
(13, 'Hệ thống', 11, 'hethong', 'A', -1, 1, 0, 0),
(19, 'Quản lý người dùng', 9, 'admin', 'A', 13, 1, 0, 0),
(20, 'Quản lý menu', 8, 'menu', 'A', 13, 1, 0, 0),
(24, 'Quản lý nhóm người dùng', 5, 'groupuser', 'A', 13, 1, 0, 0),
(26, 'Quản lý tài khoản', 5, 'quanlytaikhoan', 'A', -1, 1, 0, 0),
(27, 'Tài khoản đăng ký', 1, 'usergame', 'A', 26, 1, 0, 0),
(32, 'Log Mini game', 7, 'minigame', 'A', -1, 1, 0, 0),
(33, 'Lịch sử phiên tài xỉu', 1, 'logminigame', 'A', 32, 1, 0, 0),
(36, 'Hành động admin', 7, 'action', 'A', 156, 1, 0, 1),
(37, 'Log mở khóa tài khoản', 14, 'actionadmin', 'A', 26, 1, 0, 0),
(39, 'Log giao dịch', 3, 'Loggiaodich', 'A', -1, 1, 0, 0),
(40, 'Lịch sử giao dịch hệ thống', 1, 'transaction', 'A', 39, 1, 0, 0),
(41, 'Marketing', 6, 'marketing', 'A', -1, 1, 0, 0),
(42, 'Danh sách chiến dịch', 1, 'marketing', 'A', 41, 1, 0, 0),
(43, 'Danh sách campaign', 2, 'marketing/listcampaing', 'A', 41, 1, 1, 0),
(44, 'Lịch sử đóng băng tiền', 2, 'transaction/freemoney', 'A', 39, 1, 0, 0),
(46, 'Sự kiện', 9, 'sukien', 'A', -1, 1, 0, 0),
(50, 'Lịch sử vòng quay may mắn', 11, 'logminigame/logvqmm', 'A', 32, 1, 0, 0),
(51, 'Config', 10, 'configgame', 'A', -1, 1, 0, 0),
(52, 'Game Config', 1, 'config/listconfig', 'A', 51, 1, 0, 1),
(57, 'Log game bài', 8, 'logbai', 'A', -1, 1, 0, 0),
(58, 'Danh sách chơi game bài', 1, 'loggamebai', 'A', 57, 1, 0, 0),
(60, 'Lich sử cao thấp', 6, 'logminigame/logcaothap', 'A', 32, 1, 0, 0),
(61, 'Lich sử phiên minipoker', 5, 'logminigame/logminipoker', 'A', 32, 1, 0, 0),
(62, 'Gửi mail hệ thống', 2, 'mail/sendmail', 'A', 46, 1, 0, 0),
(63, 'Danh sách mail đã gửi', 3, 'mail', 'A', 46, 1, 0, 0),
(64, 'Top cao thủ', 6, 'usergame/topcaothu', 'A', 26, 1, 0, 0),
(65, 'CCU', 7, 'ccu', 'A', 26, 1, 0, 0),
(66, 'Lịch sử  tài khoản đăng nhập', 9, 'usergame/userlogin', 'A', 26, 1, 0, 0),
(67, 'Báo cáo', 1, 'Report', 'A', -1, 1, 0, 0),
(68, 'Chuyển khoản ngân hàng', 7, 'report/cashoutbybank', 'A', 67, 1, 0, 0),
(69, 'Mua mã thẻ', 4, 'report/cashoutbycard', 'A', 67, 1, 0, 0),
(70, 'Nạp tiền điện thoại', 5, 'report/cashoutbytopup', 'A', 67, 1, 0, 0),
(72, 'Gửi mail giftcode', 5, 'mail/sendmailgc', 'A', 46, 1, 0, 0),
(73, 'Campain', 4, 'marketing/campain', 'A', 41, 1, 0, 0),
(74, 'Medium', 5, 'marketing/medium', 'A', 41, 1, 0, 0),
(75, 'Source', 6, 'marketing/source', 'A', 41, 1, 0, 0),
(77, 'Chuyển khoản ', 4, 'transaction/logtranfer', 'A', 67, 1, 0, 0),
(78, 'Gửi tin nhắn', 5, 'mail/messageagent', 'A', 46, 1, 0, 0),
(79, 'Quản lý vippoint', 6, 'usergame/uservippoint', 'A', 26, 1, 0, 0),
(80, 'Nạp Coin qua ngân hàng(Napas)', 2, 'report/rechargebybank', 'A', 67, 0, 0, 0),
(81, 'Nạp Coin qua ngân hàng(Ngân lượng)', 3, 'report/rechargebynganluong', 'A', 67, 1, 0, 0),
(82, 'Lịch sử sms otp', 8, 'report/logsmsotp', 'A', 67, 1, 0, 0),
(83, 'Lịch sử brandname', 9, 'report/logbrandname', 'A', 67, 1, 0, 0),
(84, 'Mua Coin của đại lý', 1, 'transaction/agentbuy', 'A', 156, 1, 0, 0),
(85, 'Bán Coin cho đại lý', 2, 'transaction/agentsale', 'A', 156, 1, 0, 0),
(86, 'Tài khoản thường', 2, 'usergame/uservinplay', 'A', 26, 1, 0, 0),
(87, 'Tài khoản admin', 3, 'usergame/useradmin', 'A', 26, 1, 0, 0),
(88, 'Tài khoản đại lý cấp 1', 4, 'usergame/userdaily1', 'A', 26, 1, 0, 0),
(89, 'Tài khoản đại lý cấp 2', 5, 'usergame/userdaily2', 'A', 26, 1, 0, 0),
(90, 'Tài khoản bot', 3, 'usergame/userbot', 'A', 26, 1, 0, 0),
(91, 'Lịch sử phiên bầu cua', 3, 'logminigame/logphienbaucua', 'A', 32, 1, 0, 0),
(92, 'Luồng tiền', 2, 'report', 'A', -1, 1, 0, 0),
(94, 'Chi tiết người chơi', 3, 'report/moneyuser', 'A', 92, 1, 0, 0),
(95, 'Mở khóa chat', 9, 'mail/blockchat', 'A', 46, 1, 0, 0),
(96, 'Chi tiết tài xỉu', 2, 'logminigame/accounttaixiu', 'A', 32, 1, 0, 0),
(97, 'Chi tiết bầu cua', 4, 'logminigame/logbaucua', 'A', 32, 1, 0, 0),
(98, 'Log pokego', 7, 'logminigame/logpokego', 'A', 32, 1, 0, 0),
(99, 'Log kho báu', 8, 'logminigame/logkhobau', 'A', 32, 1, 0, 0),
(100, 'Gửi tin nhắn giftcode tri ân', 5, 'mail/sendmessagegc', 'A', 46, 1, 0, 0),
(101, 'Gửi mail giftcode tri ân', 5, 'mail/sendmailgctrian', 'A', 46, 1, 0, 0),
(102, 'Tài khoản giftcode', 3, 'transaction/usergiftcode', 'A', 155, 1, 0, 0),
(103, 'Tổng vin hiện tại', 6, 'report/moneytotal', 'A', 92, 1, 0, 0),
(104, 'Top chơi game', 4, 'usergame/topuserbot', 'A', 92, 1, 0, 0),
(105, 'Hoàn trả phí đại lý', 3, 'transaction/refundfee', 'A', 156, 1, 0, 0),
(106, 'Tìm kiếm giftcode', 1, 'giftcode/giftcodemkt', 'A', 155, 1, 0, 0),
(107, 'Thống kê giftcode', 2, 'giftcode/giftcodemktuse', 'A', 155, 1, 0, 0),
(108, 'Biểu đồ luồng tiền (User)', 7, 'report/chartmoneytotal', 'A', 92, 1, 0, 0),
(109, 'Nguồn giftcode', 6, 'marketing/sourcegiftcode', 'A', 155, 1, 0, 0),
(110, 'Set cầu tài xỉu', 1, 'setcau', 'A', 224, 0, 0, 1),
(111, 'Soi cầu tài xỉu', 2, 'soicau', 'A', 224, 0, 0, 1),
(112, 'Log hành động admin', 3, 'logaction', 'A', -1, 0, 0, 1),
(113, 'Cộng trừ tiền', 4, 'user/congtrutien', 'A', 233, 0, 0, 1),
(114, 'Giftcode đại lý', 12, 'giftcodedaily', 'A', -1, 0, 0, 1),
(115, 'Thêm vào kho', 1, 'giftcode/adminadd', 'A', 114, 0, 0, 1),
(116, 'Xuất giftcode', 2, 'giftcode/add', 'A', 114, 0, 0, 1),
(117, 'Danh sách trong kho', 3, 'giftcode/giftcodeadmin', 'A', 114, 0, 0, 1),
(118, 'Danh sách đã xuất', 4, 'giftcode', 'A', 114, 0, 0, 1),
(119, 'Thu hồi giftcode', 5, 'giftcode/delgiftcode', 'A', 114, 0, 0, 1),
(120, 'Thống kê giftcode trong kho', 6, 'giftcode/giftcodeuseadmin', 'A', 114, 0, 0, 1),
(121, 'Thống kê giftcode đã xuất', 7, 'giftcode/giftcodeuse', 'A', 114, 0, 0, 1),
(122, 'Tài khoản sử dụng giftcode', 8, 'giftcode/usergiftcode', 'A', 114, 0, 0, 1),
(123, 'Giftcode đã sử dụng theo nguồn', 9, 'giftcode/nicknameusegiftcode', 'A', 114, 0, 0, 1),
(124, 'Giftcode marketing', 10, 'giftcodemarketing', 'A', -1, 0, 0, 1),
(125, 'Thêm vào kho', 1, 'giftcode/mktadd', 'A', 124, 0, 0, 1),
(126, 'Xuất giftcode', 2, 'giftcode/mktaddgc', 'A', 124, 0, 0, 1),
(127, 'Danh sách trong kho', 3, 'giftcode/giftcodemkt', 'A', 124, 0, 0, 1),
(128, 'Danh sách đã xuất', 4, 'giftcode/giftcodemktuse', 'A', 124, 0, 0, 1),
(129, 'Thu hồi giftcode', 5, 'giftcode/delgiftcodemkt', 'A', 124, 0, 0, 1),
(130, 'Thống kê giftcode trong kho', 6, 'giftcode/giftcodeusemarketing', 'A', 124, 0, 0, 1),
(131, 'Thống kê giftcode đã xuất', 7, 'giftcode/giftcodeusemkt', 'A', 124, 0, 0, 1),
(132, 'Tài khoản sử dụng giftcode', 8, 'giftcode/usergiftcodemkt', 'A', 124, 0, 0, 1),
(133, 'Giftcode đã sử dụng theo nguồn', 9, 'giftcode/nicknameusegiftcodemkt', 'A', 124, 0, 0, 1),
(134, 'Nạp Coin qua IAP', 2, 'report/rechargebyiap', 'A', 67, 1, 0, 0),
(135, 'Khóa nhiều tài khoản', 11, 'usergame/lockalluser', 'A', 26, 1, 0, 0),
(136, 'Kiểm tra nick name', 11, 'usergame/checkusername', 'A', 26, 1, 0, 0),
(137, 'Hủy doanh số đại lý', 4, 'transaction/huydoanhso', 'A', 156, 1, 0, 0),
(138, 'Vippoint event', 10, 'vippointevent', 'A', -1, 1, 0, 0),
(139, 'Lịch sử vippoint event', 1, 'event/vippoint', 'A', 138, 1, 0, 0),
(140, 'Lịch sử user vippoint', 2, 'event/uservippoint', 'A', 138, 1, 0, 0),
(141, 'Cập nhật tài khoản', 12, 'usergame/updateinfo', 'A', 26, 1, 0, 0),
(142, 'Thưởng doanh số đại lý', 5, 'transaction/bonusds', 'A', 156, 1, 0, 0),
(143, 'Gửi mail giftcode full', 8, 'mail/sendmailfull', 'A', 46, 1, 0, 0),
(144, 'Reset password', 5, 'user/resetpw', 'A', -1, 0, 0, 1),
(145, 'Update vippoint event', 6, 'user/updatevpevent', 'A', -1, 0, 0, 1),
(146, 'Log nữ điệp viên', 9, 'logminigame/lognudiepvien', 'A', 32, 1, 0, 0),
(147, 'Log siêu anh hùng', 10, 'logminigame/logavenger', 'A', 32, 1, 0, 0),
(148, 'Hoàn trả phí, thưởng doanh số', 2, 'user/refundbonus', 'A', 233, 0, 0, 1),
(149, 'Config new', 2, 'confignew/listconfig', 'A', 51, 1, 0, 0),
(150, 'Nạp Coin 9029', 3, 'report/rechargeby9029', 'A', 67, 1, 0, 0),
(151, 'Nạp Coin 8x98', 3, 'report/rechargeby8x98', 'A', 67, 1, 0, 0),
(152, 'Cộng trừ tiền', 13, 'usergame/congxu', 'A', 26, 1, 0, 1),
(153, 'Kiểm tra tin nhắn 9029', 14, 'report/checkmo9029', 'A', 67, 0, 0, 0),
(154, 'Tiền nạp vào game (VNĐ)', 2, 'marketing/rechargevnd', 'A', 67, 1, 0, 0),
(155, 'Giftcode', 4, 'giftcode', 'A', -1, 1, 0, 0),
(156, 'Đại lý', 6, 'daily', 'A', -1, 1, 0, 0),
(157, 'Biểu đồ luồng tiền (Đại lý)', 8, 'report/chartmoneyagent', 'A', 92, 1, 0, 0),
(158, 'Thêm bot cao thấp', 9, 'event/addbotcaothap', 'A', 46, 1, 0, 0),
(159, 'Thống kê giftcode', 9, 'user/reportgc', 'A', -1, 0, 0, 1),
(160, 'Giftcode vận hành', 11, 'giftcodevh', 'A', -1, 0, 0, 1),
(161, 'Thêm vào kho', 1, 'giftcodevh/vhadd', 'A', 160, 0, 0, 1),
(162, 'Xuất giftcode', 2, 'giftcodevh/vhaddgc', 'A', 160, 0, 0, 1),
(163, 'Danh sách trong kho', 3, 'giftcodevh/giftcodevh', 'A', 160, 0, 0, 1),
(164, 'Danh sách đã xuất', 4, 'giftcodevh/giftcodevhuse', 'A', 160, 0, 0, 1),
(165, 'Thu hồi giftcode', 5, 'giftcodevh/delgiftcodevh', 'A', 160, 0, 0, 1),
(166, 'Thống kê giftcode trong kho', 6, 'giftcodevh/giftcodeusevanhanh', 'A', 160, 0, 0, 1),
(167, 'Thống kê giftcode đã xuất', 7, 'giftcodevh/giftcodeusevh', 'A', 160, 0, 0, 1),
(168, 'Tài khoản sử dụng giftcode', 8, 'giftcodevh/usergiftcodevh', 'A', 160, 0, 0, 1),
(169, 'Giftcode  sử dụng theo nguồn', 9, 'giftcodevh/nicknameusegiftcodevh', 'A', 160, 0, 0, 1),
(170, 'Hệ thống', 2, 'report/money', 'A', 92, 1, 0, 0),
(171, 'Kiểm tra giftcode\\', 4, 'giftcode/checkgiftcode', 'A', 155, 1, 0, 0),
(172, 'Chi tiết game', 1, 'report/moneysystemnew', 'A', 92, 1, 0, 0),
(173, 'Log vòng quay vip', 12, 'logminigame/logvqvip', 'A', 32, 1, 0, 0),
(174, 'Nạp Coin qua Wincard', 3, 'report/rechargebyvincard', 'A', 67, 1, 0, 0),
(175, 'Đối soát', 5, 'doisoat', 'A', -1, 1, 0, 0),
(176, 'Thẻ nạp', 1, 'report/doisoatthe', 'A', 175, 1, 0, 0),
(177, 'Lich sử cập nhật thẻ pendding', 3, 'report/reportupdatecard', 'A', 39, 1, 0, 0),
(178, 'Log thay đổi số điện thoại', 4, 'usergame/logchangemobile', 'A', 39, 1, 0, 0),
(179, 'Log login admin', 15, 'actionadmin/loglogin', 'A', 26, 1, 0, 0),
(180, 'Ngân lượng', 2, 'report/doisoatnganluong', 'A', 175, 1, 0, 0),
(181, 'Chỉ số marketing', 1, 'marketing/reportmarketing', 'A', 41, 1, 0, 0),
(182, 'Thu hồi giftcode', 9, 'user/delgiftcode1', 'A', -1, 0, 0, 1),
(183, 'Kiểm tra giao dịch ngân lương', 5, 'transaction/refundi2b', 'A', 39, 1, 0, 0),
(184, 'Lịch sử chuyển Coin cho đại lý tổng', 6, 'transaction/logtranferdailytong', 'A', 156, 1, 0, 0),
(185, 'Cộng tiền nhiều tài khoản', 5, 'user/congtientaixiu', 'A', -1, 0, 0, 1),
(186, 'Gửi mail Coincard', 8, 'mail/sendmailvincard', 'A', 46, 1, 0, 0),
(187, 'Kiểm tra tài khoản vip', 11, 'usergame/checkinfo', 'A', 26, 1, 0, 0),
(188, 'Kiểm tra số điện thoại', 12, 'usergame/checkmobile', 'A', 26, 1, 0, 0),
(189, 'Lịch sử đại lý đóng băng', 7, 'transaction/freemoneyagent', 'A', 156, 1, 0, 0),
(190, 'Đối soát VMG', 5, 'report/doisoatvmg', 'A', 175, 1, 0, 0),
(191, 'Đối soát brandname', 6, 'report/doisoatbrandname', 'A', 175, 1, 0, 0),
(192, 'Log Draemon', 10, 'logminigame/logvuongquocvin', 'A', 32, 1, 0, 0),
(193, 'Mua mã thẻ', 3, 'report/doisoatmuamt', 'A', 175, 1, 0, 0),
(194, 'Nạp điện thoại', 4, 'report/doisoatnapdt', 'A', 175, 1, 0, 0),
(195, 'Export data', 7, 'report/reportbycard', 'A', 175, 1, 0, 0),
(196, 'Đối soát 9029', 8, 'report/doisoat9029', 'A', 175, 1, 0, 0),
(197, 'Đối soát 8x98', 9, 'report/doisoat8x98', 'A', 175, 1, 0, 0),
(198, 'Đối soát Coincard', 10, 'report/doisoatvincard', 'A', 175, 1, 0, 0),
(199, 'Danh sách chủ bàn xóc đĩa', 3, 'event/listbossxocdia', 'A', 57, 1, 0, 0),
(200, 'Hủy bảo mật', 7, 'user/delsecuser', 'A', -1, 0, 0, 1),
(201, 'Tỉ lệ nhận thưởng Coincard', 8, 'transaction/ratioagent', 'A', 156, 1, 0, 0),
(202, 'Nạp vin qua Megacard', 6, 'report/rechargebymegacard', 'A', 67, 0, 0, 0),
(203, 'Megacard', 11, 'report/doisoatmegacard', 'A', 175, 0, 0, 0),
(204, 'Danh sách nhận thưởng nhiệm vụ', 6, 'event/listbonusnhiemvu', 'A', 39, 1, 0, 0),
(205, 'Theo thời gian', 1, 'user/delgiftcode', 'A', 182, 0, 0, 1),
(207, 'Theo file giftcode', 2, 'giftcode/delgiftcodemkt1', 'A', 182, 0, 0, 1),
(208, 'Thống kê vé free', 3, 'loggamebai/reportticketfree', 'A', 57, 1, 0, 0),
(209, 'Chi tiết code free', 4, 'loggamebai/reportcodefree', 'A', 57, 1, 0, 0),
(210, 'Chi tiết lô code free', 5, 'loggamebai/reportlocodefree', 'A', 57, 1, 0, 0),
(211, 'Thống kê code free', 6, 'loggamebai/reportcodepokertour', 'A', 57, 1, 0, 0),
(212, 'Lịch sử chuyển đổi Coin', 15, 'transaction/logchuyendoivinngoc', 'A', 67, 1, 0, 0),
(213, 'Pokertour', 5, 'pokertour', 'A', -1, 0, 0, 1),
(214, 'Xuất code Pokertour', 1, 'pokertour/add', 'A', 213, 0, 0, 1),
(215, 'Cập nhật trạng thái code free', 2, 'pokertour/updatecode', 'A', 213, 0, 0, 1),
(216, 'Nạp Coin từ VTC', 4, 'report/rechargefromvtc', 'A', 67, 1, 0, 0),
(217, 'Đối soát nạp Coin từ VTC', 11, 'report/doisoatfromvtc', 'A', 175, 1, 0, 0),
(218, 'Cộng trừ lượt quay slot', 6, 'user/congtruslot', 'A', -1, 0, 0, 1),
(219, 'Top doanh số liên minh', 2, 'transaction/topdoanhso', 'A', 156, 1, 0, 0),
(220, 'Lịch sử đại lý tổng chuyển vin', 7, 'transaction/logtranferagenttodailytong', 'A', 156, 1, 0, 0),
(221, 'Log tin nhắn notifi', 14, 'transaction/logsmsnotifi', 'A', 67, 1, 0, 0),
(222, 'Cộng trừ tiền bot', 5, 'user/congtrutienbot', 'A', -1, 0, 0, 1),
(223, 'Tổng hoàn phí đại lý', 10, 'transaction/sumrefundfee', 'A', 156, 1, 0, 0),
(224, 'Tài xỉu', 1, 'taixiu', 'A', -1, 0, 0, 1),
(225, 'Blacklist tài xỉu', 3, 'user/blacklist', 'A', 224, 0, 0, 1),
(226, 'Xóc đĩa', 1, 'xocxoc', 'A', -1, 0, 0, 1),
(227, 'Set cầu xóc đĩa', 1, 'xocdia', 'A', 226, 0, 0, 1),
(229, 'Thùng phá sảnh cao thấp', 8, 'event/thungphasanh', 'A', 39, 1, 0, 0),
(230, 'Tôi chọn tôm', 9, 'event/toichontom', 'A', 39, 1, 0, 0),
(231, 'Mở đóng băng', 2, 'transaction/openfreezemoney', 'A', 39, 1, 0, 0),
(232, 'Thuật toán', 3, 'user/logictaixiu', 'A', 224, 0, 0, 1),
(233, 'Đai lý', 7, 'daily', 'A', -1, 0, 0, 1),
(234, 'Cập nhật doanh số ', 1, 'user/update', 'A', 233, 0, 0, 1),
(236, 'Top doanh số bán', 11, 'transaction/topdoanhsoban', 'A', 156, 1, 0, 0),
(237, 'Giao dịch ngân hàng', 1, 'report/banktransactions', 'A', 67, 1, 0, 0),
(238, 'Game Lô Tô', 11, 'loto', 'A', -1, 1, 0, 0),
(239, 'Lịch sử cược', 11, 'loto/bethistory', 'A', 238, 1, 0, 0),
(240, 'Thông tin Loto', 11, 'loto/gameinfo', 'A', 238, 1, 0, 0),
(241, 'Thêm kết quả xổ số', 11, 'loto/addloto', 'A', 238, 1, 0, 0),
(242, 'Lấy kết quả quay sổ xố', 11, 'loto/lotolist', 'A', 238, 1, 0, 0),
(243, 'Tính kết quả cược', 11, 'loto/calculate', 'A', 238, 1, 0, 0),
(244, 'Cấu hình giải', 11, 'loto/configloto', 'A', 238, 1, 0, 0),
(245, 'Tỉ lệ cược/thắng', 11, 'loto/betrate', 'A', 238, 1, 0, 0),
(246, 'Rút ngân hàng', 11, 'report/bankwithdraw', 'A', 67, 1, 0, 0),
(247, 'Rút Momo', 11, 'report/momowithdraw', 'A', 67, 1, 0, 1),
(248, 'Cá 88', 11, 'ca88', 'A', -1, 1, 0, 0),
(249, 'Cấu hình cá', 11, 'ca88/caconfig', 'A', 248, 1, 0, 0),
(250, 'Cấu hình bank', 11, 'ca88/bankconfig', 'A', 248, 1, 0, 0),
(253, 'Log giao dịch', 11, 'ca88/transactionlog', 'A', 248, 1, 0, 0),
(255, 'Cấu hình hũ', 11, 'config/fundpotconfig', 'A', 51, 1, 0, 0),
(256, 'Cấu hình tài xỉu', 11, 'config/taixiuconfig', 'A', 51, 1, 0, 0),
(257, 'Log DOM', 11, 'logminigame/logspartan', 'A', 32, 1, 0, 0),
(258, 'Log Audition', 11, 'logminigame/logaudition', 'A', 32, 1, 0, 0),
(259, 'Quản lí Cash IN/OUT', 1, 'quan_li_cash_in_out', 'A', -1, 1, 0, 0),
(260, 'Phê duyệt rút thẻ', 1, 'paygate/cash_out_card_approve', 'A', 259, 1, 0, 0),
(262, 'Nạp thẻ DT', 1, 'report/rechargebycard', 'A', 259, 1, 0, 0),
(263, 'Lịch sử tiền user', 1, 'transaction/historymoneyuser', 'A', 39, 1, 0, 0),
(264, 'Danh sách nạp', 1, 'paygate/listrecharge', 'A', 259, 1, 0, 0),
(265, 'Danh sách rút', 1, 'paygate/listcashoutrequest', 'A', 259, 1, 0, 0),
(267, 'Đổi mật khẩu', 1, 'usergame/changepassword', 'A', 26, 1, 0, 0),
(268, 'Gửi Inbox', 13, 'usergame/sendinbox', 'A', 26, 1, 0, 1),
(269, 'Báo cáo nạp/rút NEW', 2, 'report/cashindata', 'A', 67, 1, 0, 0),
(271, 'Báo cáo User Đăng kí', 2, 'report/userreg', 'A', 67, 1, 0, 0),
(272, 'Báo cáo Rút tiền', 2, 'report/cashoutrequestreport', 'A', 67, 1, 0, 0);

-- --------------------------------------------------------

--
-- Cấu trúc bảng cho bảng `price_giftcode`
--

CREATE TABLE `price_giftcode` (
  `id` int(11) NOT NULL,
  `price` int(11) DEFAULT NULL,
  `money_type` int(11) DEFAULT NULL
) ENGINE=InnoDB DEFAULT CHARSET=latin1 ROW_FORMAT=DYNAMIC;

--
-- Đang đổ dữ liệu cho bảng `price_giftcode`
--

INSERT INTO `price_giftcode` (`id`, `price`, `money_type`) VALUES
(1, 10, 1),
(2, 20, 1),
(3, 50, 1),
(4, 100, 1),
(5, 1, 0),
(6, 3, 0),
(7, 5, 0),
(8, 9, 0),
(9, 10, 0),
(10, 200, 1),
(11, 500, 1),
(12, 1000, 1),
(13, 2000, 1),
(14, 5000, 1),
(15, 10000, 1),
(16, 20000, 1);

-- --------------------------------------------------------

--
-- Cấu trúc bảng cho bảng `rolemenu`
--

CREATE TABLE `rolemenu` (
  `Group_ID` int(11) NOT NULL,
  `Menu_ID` int(11) NOT NULL,
  `ID` int(11) NOT NULL,
  `Type` int(11) DEFAULT NULL
) ENGINE=InnoDB DEFAULT CHARSET=utf8 ROW_FORMAT=DYNAMIC;

--
-- Đang đổ dữ liệu cho bảng `rolemenu`
--

INSERT INTO `rolemenu` (`Group_ID`, `Menu_ID`, `ID`, `Type`) VALUES
(1, 13, 139, NULL),
(1, 21, 140, NULL),
(1, 22, 141, NULL),
(1, 26, 142, NULL),
(1, 27, 143, NULL),
(1, 35, 144, NULL),
(1, 28, 145, NULL),
(1, 29, 146, NULL),
(1, 30, 147, NULL),
(1, 31, 148, NULL),
(3, 28, 160, NULL),
(3, 29, 161, NULL),
(3, 30, 162, NULL),
(3, 31, 163, NULL),
(5, 53, 207, NULL),
(5, 54, 208, NULL),
(5, 55, 209, NULL),
(5, 56, 210, NULL),
(8, 13, 286, NULL),
(8, 19, 287, NULL),
(8, 20, 288, NULL),
(8, 24, 289, NULL),
(8, 25, 290, NULL),
(8, 36, 291, NULL),
(8, 37, 292, NULL),
(8, 26, 293, NULL),
(8, 27, 294, NULL),
(8, 64, 295, NULL),
(8, 32, 296, NULL),
(8, 33, 297, NULL),
(8, 34, 298, NULL),
(8, 50, 299, NULL),
(8, 59, 300, NULL),
(8, 60, 301, NULL),
(8, 61, 302, NULL),
(8, 39, 303, NULL),
(8, 40, 304, NULL),
(8, 44, 305, NULL),
(8, 41, 306, NULL),
(8, 42, 307, NULL),
(8, 43, 308, NULL),
(8, 46, 309, NULL),
(8, 47, 310, NULL),
(8, 48, 311, NULL),
(8, 62, 312, NULL),
(8, 63, 313, NULL),
(8, 51, 314, NULL),
(8, 52, 315, NULL),
(8, 57, 316, NULL),
(8, 58, 317, NULL),
(11, 46, 992, NULL),
(11, 95, 993, NULL),
(4, 26, 20241, NULL),
(4, 27, 20242, NULL),
(4, 37, 20243, NULL),
(4, 65, 20244, NULL),
(4, 66, 20245, NULL),
(4, 32, 20246, NULL),
(4, 33, 20247, NULL),
(4, 50, 20248, NULL),
(4, 60, 20249, NULL),
(4, 61, 20250, NULL),
(4, 91, 20251, NULL),
(4, 96, 20252, NULL),
(4, 97, 20253, NULL),
(4, 98, 20254, NULL),
(4, 99, 20255, NULL),
(4, 146, 20256, NULL),
(4, 147, 20257, NULL),
(4, 173, 20258, NULL),
(4, 192, 20259, NULL),
(4, 41, 20260, NULL),
(4, 42, 20261, NULL),
(4, 43, 20262, NULL),
(4, 73, 20263, NULL),
(4, 74, 20264, NULL),
(4, 75, 20265, NULL),
(4, 181, 20266, NULL),
(4, 46, 20267, NULL),
(4, 95, 20268, NULL),
(4, 57, 20269, NULL),
(4, 58, 20270, NULL),
(4, 67, 20271, NULL),
(4, 71, 20272, NULL),
(4, 154, 20273, NULL),
(4, 155, 20274, NULL),
(4, 102, 20275, NULL),
(4, 106, 20276, NULL),
(4, 107, 20277, NULL),
(4, 156, 20278, NULL),
(4, 105, 20279, NULL),
(4, 175, 20280, NULL),
(4, 176, 20281, NULL),
(23, 26, 20440, NULL),
(23, 65, 20441, NULL),
(22, 26, 21777, NULL),
(22, 27, 21778, NULL),
(22, 37, 21779, NULL),
(22, 65, 21780, NULL),
(22, 66, 21781, NULL),
(22, 86, 21782, NULL),
(22, 32, 21783, NULL),
(22, 33, 21784, NULL),
(22, 50, 21785, NULL),
(22, 60, 21786, NULL),
(22, 61, 21787, NULL),
(22, 91, 21788, NULL),
(22, 96, 21789, NULL),
(22, 97, 21790, NULL),
(22, 98, 21791, NULL),
(22, 99, 21792, NULL),
(22, 146, 21793, NULL),
(22, 147, 21794, NULL),
(22, 173, 21795, NULL),
(22, 192, 21796, NULL),
(22, 41, 21797, NULL),
(22, 42, 21798, NULL),
(22, 43, 21799, NULL),
(22, 73, 21800, NULL),
(22, 74, 21801, NULL),
(22, 75, 21802, NULL),
(22, 181, 21803, NULL),
(22, 67, 21804, NULL),
(22, 71, 21805, NULL),
(22, 154, 21806, NULL),
(22, 174, 21807, NULL),
(22, 202, 21808, NULL),
(22, 216, 21809, NULL),
(22, 175, 21810, NULL),
(22, 176, 21811, NULL),
(22, 217, 21812, NULL),
(9, 26, 21864, NULL),
(9, 27, 21865, NULL),
(9, 37, 21866, NULL),
(9, 65, 21867, NULL),
(9, 66, 21868, NULL),
(9, 86, 21869, NULL),
(9, 88, 21870, NULL),
(9, 89, 21871, NULL),
(9, 135, 21872, NULL),
(9, 32, 21873, NULL),
(9, 33, 21874, NULL),
(9, 50, 21875, NULL),
(9, 60, 21876, NULL),
(9, 61, 21877, NULL),
(9, 91, 21878, NULL),
(9, 96, 21879, NULL),
(9, 97, 21880, NULL),
(9, 98, 21881, NULL),
(9, 99, 21882, NULL),
(9, 146, 21883, NULL),
(9, 147, 21884, NULL),
(9, 39, 21885, NULL),
(9, 40, 21886, NULL),
(9, 44, 21887, NULL),
(9, 46, 21888, NULL),
(9, 95, 21889, NULL),
(9, 57, 21890, NULL),
(9, 58, 21891, NULL),
(9, 199, 21892, NULL),
(9, 67, 21893, NULL),
(9, 70, 21894, NULL),
(9, 71, 21895, NULL),
(9, 77, 21896, NULL),
(9, 80, 21897, NULL),
(9, 81, 21898, NULL),
(9, 82, 21899, NULL),
(9, 83, 21900, NULL),
(9, 134, 21901, NULL),
(9, 150, 21902, NULL),
(9, 151, 21903, NULL),
(9, 153, 21904, NULL),
(9, 174, 21905, NULL),
(9, 92, 21906, NULL),
(9, 104, 21907, NULL),
(9, 155, 21908, NULL),
(9, 102, 21909, NULL),
(9, 106, 21910, NULL),
(9, 107, 21911, NULL),
(9, 156, 21912, NULL),
(9, 84, 21913, NULL),
(9, 85, 21914, NULL),
(12, 39, 22506, NULL),
(12, 40, 22507, NULL),
(12, 67, 22508, NULL),
(12, 68, 22509, NULL),
(12, 69, 22510, NULL),
(12, 70, 22511, NULL),
(12, 71, 22512, NULL),
(12, 80, 22513, NULL),
(12, 81, 22514, NULL),
(12, 82, 22515, NULL),
(12, 83, 22516, NULL),
(12, 134, 22517, NULL),
(12, 150, 22518, NULL),
(12, 151, 22519, NULL),
(12, 153, 22520, NULL),
(12, 154, 22521, NULL),
(12, 174, 22522, NULL),
(12, 202, 22523, NULL),
(12, 216, 22524, NULL),
(12, 92, 22525, NULL),
(12, 103, 22526, NULL),
(12, 156, 22527, NULL),
(12, 184, 22528, NULL),
(12, 220, 22529, NULL),
(12, 175, 22530, NULL),
(12, 176, 22531, NULL),
(12, 180, 22532, NULL),
(12, 190, 22533, NULL),
(12, 191, 22534, NULL),
(12, 193, 22535, NULL),
(12, 194, 22536, NULL),
(12, 195, 22537, NULL),
(12, 196, 22538, NULL),
(12, 197, 22539, NULL),
(12, 198, 22540, NULL),
(12, 203, 22541, NULL),
(12, 217, 22542, NULL),
(25, 67, 23051, NULL),
(25, 68, 23052, NULL),
(25, 69, 23053, NULL),
(25, 70, 23054, NULL),
(25, 71, 23055, NULL),
(25, 77, 23056, NULL),
(25, 80, 23057, NULL),
(25, 81, 23058, NULL),
(25, 82, 23059, NULL),
(25, 83, 23060, NULL),
(25, 134, 23061, NULL),
(25, 150, 23062, NULL),
(25, 151, 23063, NULL),
(25, 153, 23064, NULL),
(25, 154, 23065, NULL),
(25, 174, 23066, NULL),
(25, 202, 23067, NULL),
(25, 212, 23068, NULL),
(25, 216, 23069, NULL),
(20, 26, 23079, NULL),
(20, 27, 23080, NULL),
(20, 37, 23081, NULL),
(20, 65, 23082, NULL),
(20, 66, 23083, NULL),
(20, 88, 23084, NULL),
(20, 89, 23085, NULL),
(20, 32, 23086, NULL),
(20, 33, 23087, NULL),
(20, 50, 23088, NULL),
(20, 60, 23089, NULL),
(20, 61, 23090, NULL),
(20, 91, 23091, NULL),
(20, 96, 23092, NULL),
(20, 97, 23093, NULL),
(20, 98, 23094, NULL),
(20, 99, 23095, NULL),
(20, 146, 23096, NULL),
(20, 147, 23097, NULL),
(20, 173, 23098, NULL),
(20, 192, 23099, NULL),
(20, 41, 23100, NULL),
(20, 42, 23101, NULL),
(20, 43, 23102, NULL),
(20, 73, 23103, NULL),
(20, 74, 23104, NULL),
(20, 75, 23105, NULL),
(20, 181, 23106, NULL),
(20, 46, 23107, NULL),
(20, 95, 23108, NULL),
(20, 57, 23109, NULL),
(20, 58, 23110, NULL),
(20, 67, 23111, NULL),
(20, 71, 23112, NULL),
(20, 77, 23113, NULL),
(20, 154, 23114, NULL),
(20, 155, 23115, NULL),
(20, 102, 23116, NULL),
(20, 106, 23117, NULL),
(20, 107, 23118, NULL),
(20, 156, 23119, NULL),
(20, 84, 23120, NULL),
(20, 85, 23121, NULL),
(20, 105, 23122, NULL),
(20, 142, 23123, NULL),
(20, 184, 23124, NULL),
(20, 189, 23125, NULL),
(20, 201, 23126, NULL),
(19, 26, 24612, NULL),
(19, 27, 24613, NULL),
(19, 37, 24614, NULL),
(19, 65, 24615, NULL),
(19, 66, 24616, NULL),
(19, 32, 24617, NULL),
(19, 33, 24618, NULL),
(19, 50, 24619, NULL),
(19, 60, 24620, NULL),
(19, 61, 24621, NULL),
(19, 91, 24622, NULL),
(19, 96, 24623, NULL),
(19, 97, 24624, NULL),
(19, 98, 24625, NULL),
(19, 99, 24626, NULL),
(19, 146, 24627, NULL),
(19, 147, 24628, NULL),
(19, 173, 24629, NULL),
(19, 192, 24630, NULL),
(19, 39, 24631, NULL),
(19, 40, 24632, NULL),
(19, 41, 24633, NULL),
(19, 42, 24634, NULL),
(19, 43, 24635, NULL),
(19, 73, 24636, NULL),
(19, 74, 24637, NULL),
(19, 75, 24638, NULL),
(19, 181, 24639, NULL),
(19, 46, 24640, NULL),
(19, 95, 24641, NULL),
(19, 57, 24642, NULL),
(19, 58, 24643, NULL),
(19, 67, 24644, NULL),
(19, 71, 24645, NULL),
(19, 154, 24646, NULL),
(19, 155, 24647, NULL),
(19, 102, 24648, NULL),
(19, 106, 24649, NULL),
(19, 107, 24650, NULL),
(19, 156, 24651, NULL),
(19, 84, 24652, NULL),
(19, 85, 24653, NULL),
(19, 105, 24654, NULL),
(19, 137, 24655, NULL),
(19, 142, 24656, NULL),
(19, 184, 24657, NULL),
(19, 189, 24658, NULL),
(19, 201, 24659, NULL),
(19, 219, 24660, NULL),
(19, 220, 24661, NULL),
(26, 26, 25132, NULL),
(26, 65, 25133, NULL),
(26, 41, 25134, NULL),
(26, 42, 25135, NULL),
(26, 43, 25136, NULL),
(26, 73, 25137, NULL),
(26, 74, 25138, NULL),
(26, 75, 25139, NULL),
(26, 181, 25140, NULL),
(27, 26, 25913, NULL),
(27, 27, 25914, NULL),
(27, 39, 25915, NULL),
(27, 40, 25916, NULL),
(27, 67, 25917, NULL),
(27, 77, 25918, NULL),
(27, 155, 25919, NULL),
(27, 102, 25920, NULL),
(27, 106, 25921, NULL),
(27, 156, 25922, NULL),
(27, 189, 25923, NULL),
(28, 156, 26283, NULL),
(28, 184, 26284, NULL),
(28, 220, 26285, NULL),
(18, 26, 27953, NULL),
(18, 27, 27954, NULL),
(18, 37, 27955, NULL),
(18, 65, 27956, NULL),
(18, 66, 27957, NULL),
(18, 79, 27958, NULL),
(18, 86, 27959, NULL),
(18, 88, 27960, NULL),
(18, 89, 27961, NULL),
(18, 32, 27962, NULL),
(18, 33, 27963, NULL),
(18, 50, 27964, NULL),
(18, 60, 27965, NULL),
(18, 61, 27966, NULL),
(18, 91, 27967, NULL),
(18, 96, 27968, NULL),
(18, 97, 27969, NULL),
(18, 98, 27970, NULL),
(18, 99, 27971, NULL),
(18, 146, 27972, NULL),
(18, 147, 27973, NULL),
(18, 173, 27974, NULL),
(18, 192, 27975, NULL),
(18, 39, 27976, NULL),
(18, 40, 27977, NULL),
(18, 41, 27978, NULL),
(18, 181, 27979, NULL),
(18, 57, 27980, NULL),
(18, 58, 27981, NULL),
(18, 67, 27982, NULL),
(18, 68, 27983, NULL),
(18, 69, 27984, NULL),
(18, 70, 27985, NULL),
(18, 71, 27986, NULL),
(18, 77, 27987, NULL),
(18, 80, 27988, NULL),
(18, 81, 27989, NULL),
(18, 134, 27990, NULL),
(18, 154, 27991, NULL),
(18, 174, 27992, NULL),
(18, 92, 27993, NULL),
(18, 94, 27994, NULL),
(18, 103, 27995, NULL),
(18, 104, 27996, NULL),
(18, 170, 27997, NULL),
(18, 172, 27998, NULL),
(18, 109, 27999, NULL),
(18, 156, 28000, NULL),
(18, 84, 28001, NULL),
(18, 85, 28002, NULL),
(18, 105, 28003, NULL),
(18, 142, 28004, NULL),
(18, 184, 28005, NULL),
(18, 219, 28006, NULL),
(18, 175, 28007, NULL),
(18, 176, 28008, NULL),
(18, 180, 28009, NULL),
(18, 224, 28010, NULL),
(18, 110, 28011, NULL),
(18, 111, 28012, NULL),
(18, 225, 28013, NULL),
(18, 232, 28014, NULL),
(14, 26, 29352, NULL),
(14, 27, 29353, NULL),
(14, 37, 29354, NULL),
(14, 65, 29355, NULL),
(14, 66, 29356, NULL),
(14, 79, 29357, NULL),
(14, 86, 29358, NULL),
(14, 87, 29359, NULL),
(14, 88, 29360, NULL),
(14, 89, 29361, NULL),
(14, 90, 29362, NULL),
(14, 135, 29363, NULL),
(14, 136, 29364, NULL),
(14, 141, 29365, NULL),
(14, 152, 29366, NULL),
(14, 32, 29367, NULL),
(14, 33, 29368, NULL),
(14, 50, 29369, NULL),
(14, 60, 29370, NULL),
(14, 61, 29371, NULL),
(14, 91, 29372, NULL),
(14, 96, 29373, NULL),
(14, 97, 29374, NULL),
(14, 98, 29375, NULL),
(14, 99, 29376, NULL),
(14, 146, 29377, NULL),
(14, 147, 29378, NULL),
(14, 173, 29379, NULL),
(14, 192, 29380, NULL),
(14, 39, 29381, NULL),
(14, 40, 29382, NULL),
(14, 44, 29383, NULL),
(14, 177, 29384, NULL),
(14, 178, 29385, NULL),
(14, 183, 29386, NULL),
(14, 204, 29387, NULL),
(14, 229, 29389, NULL),
(14, 230, 29390, NULL),
(14, 231, 29391, NULL),
(14, 41, 29392, NULL),
(14, 42, 29393, NULL),
(14, 43, 29394, NULL),
(14, 73, 29395, NULL),
(14, 74, 29396, NULL),
(14, 75, 29397, NULL),
(14, 46, 29398, NULL),
(14, 62, 29399, NULL),
(14, 63, 29400, NULL),
(14, 72, 29401, NULL),
(14, 78, 29402, NULL),
(14, 95, 29403, NULL),
(14, 100, 29404, NULL),
(14, 101, 29405, NULL),
(14, 143, 29406, NULL),
(14, 57, 29407, NULL),
(14, 58, 29408, NULL),
(14, 208, 29409, NULL),
(14, 209, 29410, NULL),
(14, 210, 29411, NULL),
(14, 211, 29412, NULL),
(14, 67, 29413, NULL),
(14, 68, 29414, NULL),
(14, 69, 29415, NULL),
(14, 70, 29416, NULL),
(14, 71, 29417, NULL),
(14, 77, 29418, NULL),
(14, 80, 29419, NULL),
(14, 81, 29420, NULL),
(14, 82, 29421, NULL),
(14, 83, 29422, NULL),
(14, 134, 29423, NULL),
(14, 150, 29424, NULL),
(14, 151, 29425, NULL),
(14, 153, 29426, NULL),
(14, 154, 29427, NULL),
(14, 174, 29428, NULL),
(14, 212, 29429, NULL),
(14, 216, 29430, NULL),
(14, 221, 29431, NULL),
(14, 92, 29432, NULL),
(14, 94, 29433, NULL),
(14, 103, 29434, NULL),
(14, 104, 29435, NULL),
(14, 108, 29436, NULL),
(14, 172, 29437, NULL),
(14, 112, 29439, NULL),
(14, 113, 29440, NULL),
(14, 114, 29441, NULL),
(14, 117, 29442, NULL),
(14, 118, 29443, NULL),
(14, 119, 29444, NULL),
(14, 120, 29445, NULL),
(14, 121, 29446, NULL),
(14, 122, 29447, NULL),
(14, 123, 29448, NULL),
(14, 124, 29449, NULL),
(14, 125, 29450, NULL),
(14, 126, 29451, NULL),
(14, 127, 29452, NULL),
(14, 128, 29453, NULL),
(14, 129, 29454, NULL),
(14, 130, 29455, NULL),
(14, 131, 29456, NULL),
(14, 132, 29457, NULL),
(14, 133, 29458, NULL),
(14, 138, 29459, NULL),
(14, 139, 29460, NULL),
(14, 140, 29461, NULL),
(14, 144, 29462, NULL),
(14, 155, 29463, NULL),
(14, 102, 29464, NULL),
(14, 106, 29465, NULL),
(14, 107, 29466, NULL),
(14, 109, 29467, NULL),
(14, 156, 29468, NULL),
(14, 84, 29469, NULL),
(14, 85, 29470, NULL),
(14, 105, 29471, NULL),
(14, 137, 29472, NULL),
(14, 142, 29473, NULL),
(14, 189, 29474, NULL),
(14, 223, 29475, NULL),
(14, 159, 29476, NULL),
(14, 160, 29477, NULL),
(14, 161, 29478, NULL),
(14, 162, 29479, NULL),
(14, 163, 29480, NULL),
(14, 164, 29481, NULL),
(14, 165, 29482, NULL),
(14, 166, 29483, NULL),
(14, 167, 29484, NULL),
(14, 168, 29485, NULL),
(14, 169, 29486, NULL),
(14, 182, 29487, NULL),
(14, 200, 29488, NULL),
(14, 213, 29489, NULL),
(14, 214, 29490, NULL),
(14, 215, 29491, NULL),
(14, 233, 29492, NULL),
(14, 148, 29493, NULL),
(14, 234, 29494, NULL),
(15, 26, 29495, NULL),
(15, 27, 29496, NULL),
(15, 37, 29497, NULL),
(15, 64, 29498, NULL),
(15, 65, 29499, NULL),
(15, 66, 29500, NULL),
(15, 79, 29501, NULL),
(15, 86, 29502, NULL),
(15, 88, 29503, NULL),
(15, 89, 29504, NULL),
(15, 90, 29505, NULL),
(15, 135, 29506, NULL),
(15, 136, 29507, NULL),
(15, 141, 29508, NULL),
(15, 187, 29509, NULL),
(15, 188, 29510, NULL),
(15, 32, 29511, NULL),
(15, 33, 29512, NULL),
(15, 50, 29513, NULL),
(15, 60, 29514, NULL),
(15, 61, 29515, NULL),
(15, 91, 29516, NULL),
(15, 96, 29517, NULL),
(15, 97, 29518, NULL),
(15, 98, 29519, NULL),
(15, 99, 29520, NULL),
(15, 146, 29521, NULL),
(15, 147, 29522, NULL),
(15, 173, 29523, NULL),
(15, 192, 29524, NULL),
(15, 39, 29525, NULL),
(15, 40, 29526, NULL),
(15, 44, 29527, NULL),
(15, 177, 29528, NULL),
(15, 183, 29529, NULL),
(15, 229, 29531, NULL),
(15, 230, 29532, NULL),
(15, 231, 29533, NULL),
(15, 41, 29534, NULL),
(15, 46, 29535, NULL),
(15, 62, 29536, NULL),
(15, 63, 29537, NULL),
(15, 72, 29538, NULL),
(15, 78, 29539, NULL),
(15, 95, 29540, NULL),
(15, 100, 29541, NULL),
(15, 101, 29542, NULL),
(15, 143, 29543, NULL),
(15, 186, 29544, NULL),
(15, 57, 29545, NULL),
(15, 58, 29546, NULL),
(15, 67, 29547, NULL),
(15, 68, 29548, NULL),
(15, 69, 29549, NULL),
(15, 70, 29550, NULL),
(15, 71, 29551, NULL),
(15, 77, 29552, NULL),
(15, 80, 29553, NULL),
(15, 81, 29554, NULL),
(15, 82, 29555, NULL),
(15, 83, 29556, NULL),
(15, 134, 29557, NULL),
(15, 150, 29558, NULL),
(15, 151, 29559, NULL),
(15, 153, 29560, NULL),
(15, 154, 29561, NULL),
(15, 174, 29562, NULL),
(15, 202, 29563, NULL),
(15, 212, 29564, NULL),
(15, 216, 29565, NULL),
(15, 221, 29566, NULL),
(15, 92, 29567, NULL),
(15, 94, 29568, NULL),
(15, 103, 29569, NULL),
(15, 104, 29570, NULL),
(15, 108, 29571, NULL),
(15, 138, 29573, NULL),
(15, 139, 29574, NULL),
(15, 140, 29575, NULL),
(15, 155, 29576, NULL),
(15, 102, 29577, NULL),
(15, 106, 29578, NULL),
(15, 107, 29579, NULL),
(15, 109, 29580, NULL),
(15, 171, 29581, NULL),
(15, 156, 29582, NULL),
(15, 84, 29583, NULL),
(15, 85, 29584, NULL),
(15, 105, 29585, NULL),
(15, 137, 29586, NULL),
(15, 142, 29587, NULL),
(15, 189, 29588, NULL),
(15, 222, 29589, NULL),
(24, 26, 29676, NULL),
(24, 27, 29677, NULL),
(24, 37, 29678, NULL),
(24, 64, 29679, NULL),
(24, 65, 29680, NULL),
(24, 66, 29681, NULL),
(24, 79, 29682, NULL),
(24, 86, 29683, NULL),
(24, 88, 29684, NULL),
(24, 89, 29685, NULL),
(24, 90, 29686, NULL),
(24, 135, 29687, NULL),
(24, 136, 29688, NULL),
(24, 141, 29689, NULL),
(24, 152, 29690, NULL),
(24, 187, 29691, NULL),
(24, 188, 29692, NULL),
(24, 32, 29693, NULL),
(24, 33, 29694, NULL),
(24, 50, 29695, NULL),
(24, 60, 29696, NULL),
(24, 61, 29697, NULL),
(24, 91, 29698, NULL),
(24, 96, 29699, NULL),
(24, 97, 29700, NULL),
(24, 98, 29701, NULL),
(24, 99, 29702, NULL),
(24, 146, 29703, NULL),
(24, 147, 29704, NULL),
(24, 173, 29705, NULL),
(24, 192, 29706, NULL),
(24, 39, 29707, NULL),
(24, 40, 29708, NULL),
(24, 44, 29709, NULL),
(24, 177, 29710, NULL),
(24, 183, 29711, NULL),
(24, 229, 29713, NULL),
(24, 230, 29714, NULL),
(24, 231, 29715, NULL),
(24, 46, 29716, NULL),
(24, 62, 29717, NULL),
(24, 63, 29718, NULL),
(24, 72, 29719, NULL),
(24, 78, 29720, NULL),
(24, 95, 29721, NULL),
(24, 100, 29722, NULL),
(24, 101, 29723, NULL),
(24, 143, 29724, NULL),
(24, 186, 29725, NULL),
(24, 57, 29726, NULL),
(24, 58, 29727, NULL),
(24, 67, 29728, NULL),
(24, 68, 29729, NULL),
(24, 69, 29730, NULL),
(24, 70, 29731, NULL),
(24, 71, 29732, NULL),
(24, 77, 29733, NULL),
(24, 80, 29734, NULL),
(24, 81, 29735, NULL),
(24, 82, 29736, NULL),
(24, 83, 29737, NULL),
(24, 134, 29738, NULL),
(24, 150, 29739, NULL),
(24, 151, 29740, NULL),
(24, 153, 29741, NULL),
(24, 154, 29742, NULL),
(24, 174, 29743, NULL),
(24, 202, 29744, NULL),
(24, 212, 29745, NULL),
(24, 216, 29746, NULL),
(24, 221, 29747, NULL),
(24, 92, 29748, NULL),
(24, 94, 29749, NULL),
(24, 103, 29750, NULL),
(24, 104, 29751, NULL),
(24, 108, 29752, NULL),
(24, 170, 29753, NULL),
(24, 156, 29755, NULL),
(24, 84, 29756, NULL),
(24, 85, 29757, NULL),
(24, 105, 29758, NULL),
(24, 137, 29759, NULL),
(24, 142, 29760, NULL),
(24, 189, 29761, NULL),
(24, 222, 29762, NULL),
(21, 26, 30163, NULL),
(21, 27, 30164, NULL),
(21, 39, 30165, NULL),
(21, 40, 30166, NULL),
(21, 67, 30167, NULL),
(21, 77, 30168, NULL),
(21, 155, 30169, NULL),
(21, 102, 30170, NULL),
(21, 106, 30171, NULL),
(21, 156, 30172, NULL),
(21, 189, 30173, NULL),
(10, 26, 30328, NULL),
(10, 65, 30329, NULL),
(10, 67, 30330, NULL),
(10, 68, 30331, NULL),
(10, 69, 30332, NULL),
(10, 70, 30333, NULL),
(10, 71, 30334, NULL),
(10, 81, 30335, NULL),
(10, 134, 30336, NULL),
(10, 154, 30337, NULL),
(10, 92, 30338, NULL),
(10, 170, 30339, NULL),
(10, 172, 30340, NULL),
(10, 156, 30341, NULL),
(10, 84, 30342, NULL),
(10, 85, 30343, NULL),
(16, 26, 30344, NULL),
(16, 27, 30345, NULL),
(16, 37, 30346, NULL),
(16, 65, 30347, NULL),
(16, 66, 30348, NULL),
(16, 79, 30349, NULL),
(16, 86, 30350, NULL),
(16, 87, 30351, NULL),
(16, 88, 30352, NULL),
(16, 89, 30353, NULL),
(16, 90, 30354, NULL),
(16, 135, 30355, NULL),
(16, 136, 30356, NULL),
(16, 141, 30357, NULL),
(16, 152, 30358, NULL),
(16, 32, 30359, NULL),
(16, 33, 30360, NULL),
(16, 50, 30361, NULL),
(16, 60, 30362, NULL),
(16, 61, 30363, NULL),
(16, 91, 30364, NULL),
(16, 96, 30365, NULL),
(16, 97, 30366, NULL),
(16, 98, 30367, NULL),
(16, 99, 30368, NULL),
(16, 146, 30369, NULL),
(16, 147, 30370, NULL),
(16, 173, 30371, NULL),
(16, 39, 30372, NULL),
(16, 40, 30373, NULL),
(16, 44, 30374, NULL),
(16, 177, 30375, NULL),
(16, 204, 30376, NULL),
(16, 229, 30378, NULL),
(16, 230, 30379, NULL),
(16, 41, 30380, NULL),
(16, 42, 30381, NULL),
(16, 43, 30382, NULL),
(16, 73, 30383, NULL),
(16, 74, 30384, NULL),
(16, 75, 30385, NULL),
(16, 46, 30386, NULL),
(16, 62, 30387, NULL),
(16, 63, 30388, NULL),
(16, 72, 30389, NULL),
(16, 78, 30390, NULL),
(16, 100, 30391, NULL),
(16, 101, 30392, NULL),
(16, 143, 30393, NULL),
(16, 51, 30394, NULL),
(16, 149, 30395, NULL),
(16, 57, 30396, NULL),
(16, 58, 30397, NULL),
(16, 67, 30398, NULL),
(16, 68, 30399, NULL),
(16, 69, 30400, NULL),
(16, 70, 30401, NULL),
(16, 71, 30402, NULL),
(16, 77, 30403, NULL),
(16, 80, 30404, NULL),
(16, 81, 30405, NULL),
(16, 82, 30406, NULL),
(16, 83, 30407, NULL),
(16, 134, 30408, NULL),
(16, 150, 30409, NULL),
(16, 151, 30410, NULL),
(16, 153, 30411, NULL),
(16, 154, 30412, NULL),
(16, 174, 30413, NULL),
(16, 202, 30414, NULL),
(16, 212, 30415, NULL),
(16, 216, 30416, NULL),
(16, 221, 30417, NULL),
(16, 92, 30418, NULL),
(16, 94, 30419, NULL),
(16, 103, 30420, NULL),
(16, 104, 30421, NULL),
(16, 108, 30422, NULL),
(16, 157, 30423, NULL),
(16, 170, 30424, NULL),
(16, 172, 30425, NULL),
(16, 109, 30427, NULL),
(16, 156, 30428, NULL),
(16, 84, 30429, NULL),
(16, 85, 30430, NULL),
(16, 105, 30431, NULL),
(16, 137, 30432, NULL),
(16, 142, 30433, NULL),
(16, 184, 30434, NULL),
(16, 189, 30435, NULL),
(16, 201, 30436, NULL),
(16, 219, 30437, NULL),
(16, 220, 30438, NULL),
(16, 223, 30439, NULL),
(16, 236, 30440, NULL),
(16, 175, 30441, NULL),
(16, 176, 30442, NULL),
(16, 180, 30443, NULL),
(16, 190, 30444, NULL),
(16, 191, 30445, NULL),
(16, 193, 30446, NULL),
(16, 194, 30447, NULL),
(16, 195, 30448, NULL),
(16, 196, 30449, NULL),
(16, 197, 30450, NULL),
(16, 198, 30451, NULL),
(16, 203, 30452, NULL),
(16, 217, 30453, NULL),
(17, 26, 31655, NULL),
(17, 27, 31656, NULL),
(17, 37, 31657, NULL),
(17, 65, 31658, NULL),
(17, 66, 31659, NULL),
(17, 79, 31660, NULL),
(17, 86, 31661, NULL),
(17, 88, 31662, NULL),
(17, 89, 31663, NULL),
(17, 135, 31664, NULL),
(17, 32, 31665, NULL),
(17, 33, 31666, NULL),
(17, 50, 31667, NULL),
(17, 60, 31668, NULL),
(17, 61, 31669, NULL),
(17, 91, 31670, NULL),
(17, 96, 31671, NULL),
(17, 97, 31672, NULL),
(17, 98, 31673, NULL),
(17, 99, 31674, NULL),
(17, 146, 31675, NULL),
(17, 147, 31676, NULL),
(17, 173, 31677, NULL),
(17, 39, 31678, NULL),
(17, 40, 31679, NULL),
(17, 44, 31680, NULL),
(17, 46, 31681, NULL),
(17, 95, 31682, NULL),
(17, 57, 31683, NULL),
(17, 58, 31684, NULL),
(17, 67, 31685, NULL),
(17, 70, 31686, NULL),
(17, 71, 31687, NULL),
(17, 77, 31688, NULL),
(17, 80, 31689, NULL),
(17, 81, 31690, NULL),
(17, 82, 31691, NULL),
(17, 83, 31692, NULL),
(17, 134, 31693, NULL),
(17, 150, 31694, NULL),
(17, 151, 31695, NULL),
(17, 153, 31696, NULL),
(17, 221, 31697, NULL),
(17, 92, 31698, NULL),
(17, 94, 31699, NULL),
(17, 104, 31700, NULL),
(17, 155, 31701, NULL),
(17, 102, 31702, NULL),
(17, 106, 31703, NULL),
(17, 107, 31704, NULL),
(17, 156, 31705, NULL),
(17, 84, 31706, NULL),
(17, 85, 31707, NULL),
(6, 26, 32368, NULL),
(6, 27, 32369, NULL),
(6, 37, 32370, NULL),
(6, 64, 32371, NULL),
(6, 65, 32372, NULL),
(6, 66, 32373, NULL),
(6, 79, 32374, NULL),
(6, 86, 32375, NULL),
(6, 87, 32376, NULL),
(6, 88, 32377, NULL),
(6, 89, 32378, NULL),
(6, 90, 32379, NULL),
(6, 135, 32380, NULL),
(6, 136, 32381, NULL),
(6, 141, 32382, NULL),
(6, 152, 32383, NULL),
(6, 179, 32384, NULL),
(6, 187, 32385, NULL),
(6, 188, 32386, NULL),
(6, 32, 32387, NULL),
(6, 33, 32388, NULL),
(6, 50, 32389, NULL),
(6, 60, 32390, NULL),
(6, 61, 32391, NULL),
(6, 91, 32392, NULL),
(6, 96, 32393, NULL),
(6, 97, 32394, NULL),
(6, 98, 32395, NULL),
(6, 99, 32396, NULL),
(6, 146, 32397, NULL),
(6, 147, 32398, NULL),
(6, 173, 32399, NULL),
(6, 192, 32400, NULL),
(6, 39, 32401, NULL),
(6, 40, 32402, NULL),
(6, 44, 32403, NULL),
(6, 178, 32404, NULL),
(6, 204, 32405, NULL),
(6, 228, 32406, NULL),
(6, 46, 32407, NULL),
(6, 62, 32408, NULL),
(6, 63, 32409, NULL),
(6, 72, 32410, NULL),
(6, 78, 32411, NULL),
(6, 95, 32412, NULL),
(6, 100, 32413, NULL),
(6, 101, 32414, NULL),
(6, 143, 32415, NULL),
(6, 51, 32416, NULL),
(6, 52, 32417, NULL),
(6, 149, 32418, NULL),
(6, 255, 32419, NULL),
(6, 57, 32420, NULL),
(6, 58, 32421, NULL),
(6, 199, 32422, NULL),
(6, 208, 32423, NULL),
(6, 209, 32424, NULL),
(6, 210, 32425, NULL),
(6, 211, 32426, NULL),
(6, 67, 32427, NULL),
(6, 68, 32428, NULL),
(6, 69, 32429, NULL),
(6, 71, 32430, NULL),
(6, 77, 32431, NULL),
(6, 82, 32432, NULL),
(6, 237, 32433, NULL),
(6, 246, 32434, NULL),
(6, 247, 32435, NULL),
(6, 92, 32436, NULL),
(6, 94, 32437, NULL),
(6, 103, 32438, NULL),
(6, 104, 32439, NULL),
(6, 108, 32440, NULL),
(6, 157, 32441, NULL),
(6, 170, 32442, NULL),
(6, 172, 32443, NULL),
(6, 235, 32444, NULL),
(6, 112, 32445, NULL),
(6, 138, 32446, NULL),
(6, 139, 32447, NULL),
(6, 140, 32448, NULL),
(6, 144, 32449, NULL),
(6, 145, 32450, NULL),
(6, 155, 32451, NULL),
(6, 102, 32452, NULL),
(6, 106, 32453, NULL),
(6, 107, 32454, NULL),
(6, 109, 32455, NULL),
(6, 171, 32456, NULL),
(6, 156, 32457, NULL),
(6, 84, 32458, NULL),
(6, 85, 32459, NULL),
(6, 105, 32460, NULL),
(6, 137, 32461, NULL),
(6, 142, 32462, NULL),
(6, 184, 32463, NULL),
(6, 189, 32464, NULL),
(6, 159, 32465, NULL),
(6, 160, 32466, NULL),
(6, 161, 32467, NULL),
(6, 162, 32468, NULL),
(6, 163, 32469, NULL),
(6, 164, 32470, NULL),
(6, 166, 32471, NULL),
(6, 167, 32472, NULL),
(6, 168, 32473, NULL),
(6, 169, 32474, NULL),
(6, 182, 32475, NULL),
(6, 205, 32476, NULL),
(6, 207, 32477, NULL),
(6, 185, 32478, NULL),
(6, 200, 32479, NULL),
(6, 213, 32480, NULL),
(6, 214, 32481, NULL),
(6, 215, 32482, NULL),
(6, 218, 32483, NULL),
(6, 222, 32484, NULL),
(6, 238, 32485, NULL),
(6, 239, 32486, NULL),
(6, 240, 32487, NULL),
(6, 241, 32488, NULL),
(6, 242, 32489, NULL),
(6, 243, 32490, NULL),
(6, 244, 32491, NULL),
(6, 245, 32492, NULL),
(6, 248, 32493, NULL),
(6, 249, 32494, NULL),
(6, 250, 32495, NULL),
(6, 253, 32496, NULL),
(13, 13, 32497, NULL),
(13, 19, 32498, NULL),
(13, 20, 32499, NULL),
(13, 24, 32500, NULL),
(13, 26, 32501, NULL),
(13, 27, 32502, NULL),
(13, 37, 32503, NULL),
(13, 64, 32504, NULL),
(13, 65, 32505, NULL),
(13, 66, 32506, NULL),
(13, 79, 32507, NULL),
(13, 86, 32508, NULL),
(13, 87, 32509, NULL),
(13, 88, 32510, NULL),
(13, 89, 32511, NULL),
(13, 90, 32512, NULL),
(13, 135, 32513, NULL),
(13, 136, 32514, NULL),
(13, 141, 32515, NULL),
(13, 152, 32516, NULL),
(13, 179, 32517, NULL),
(13, 187, 32518, NULL),
(13, 188, 32519, NULL),
(13, 32, 32520, NULL),
(13, 33, 32521, NULL),
(13, 50, 32522, NULL),
(13, 60, 32523, NULL),
(13, 61, 32524, NULL),
(13, 91, 32525, NULL),
(13, 96, 32526, NULL),
(13, 97, 32527, NULL),
(13, 98, 32528, NULL),
(13, 99, 32529, NULL),
(13, 146, 32530, NULL),
(13, 147, 32531, NULL),
(13, 173, 32532, NULL),
(13, 192, 32533, NULL),
(13, 39, 32534, NULL),
(13, 40, 32535, NULL),
(13, 44, 32536, NULL),
(13, 177, 32537, NULL),
(13, 178, 32538, NULL),
(13, 183, 32539, NULL),
(13, 204, 32540, NULL),
(13, 41, 32541, NULL),
(13, 42, 32542, NULL),
(13, 43, 32543, NULL),
(13, 73, 32544, NULL),
(13, 74, 32545, NULL),
(13, 75, 32546, NULL),
(13, 181, 32547, NULL),
(13, 46, 32548, NULL),
(13, 62, 32549, NULL),
(13, 63, 32550, NULL),
(13, 72, 32551, NULL),
(13, 78, 32552, NULL),
(13, 95, 32553, NULL),
(13, 100, 32554, NULL),
(13, 101, 32555, NULL),
(13, 143, 32556, NULL),
(13, 158, 32557, NULL),
(13, 51, 32558, NULL),
(13, 52, 32559, NULL),
(13, 149, 32560, NULL),
(13, 255, 32561, NULL),
(13, 256, 32562, NULL),
(13, 57, 32563, NULL),
(13, 58, 32564, NULL),
(13, 199, 32565, NULL),
(13, 208, 32566, NULL),
(13, 209, 32567, NULL),
(13, 210, 32568, NULL),
(13, 211, 32569, NULL),
(13, 67, 32570, NULL),
(13, 68, 32571, NULL),
(13, 69, 32572, NULL),
(13, 70, 32573, NULL),
(13, 77, 32575, NULL),
(13, 82, 32576, NULL),
(13, 246, 32579, NULL),
(13, 247, 32580, NULL),
(13, 92, 32581, NULL),
(13, 94, 32582, NULL),
(13, 103, 32583, NULL),
(13, 104, 32584, NULL),
(13, 108, 32585, NULL),
(13, 157, 32586, NULL),
(13, 170, 32587, NULL),
(13, 172, 32588, NULL),
(13, 112, 32589, NULL),
(13, 114, 32590, NULL),
(13, 115, 32591, NULL),
(13, 116, 32592, NULL),
(13, 117, 32593, NULL),
(13, 118, 32594, NULL),
(13, 119, 32595, NULL),
(13, 120, 32596, NULL),
(13, 121, 32597, NULL),
(13, 122, 32598, NULL),
(13, 123, 32599, NULL),
(13, 124, 32600, NULL),
(13, 125, 32601, NULL),
(13, 126, 32602, NULL),
(13, 127, 32603, NULL),
(13, 128, 32604, NULL),
(13, 129, 32605, NULL),
(13, 130, 32606, NULL),
(13, 131, 32607, NULL),
(13, 132, 32608, NULL),
(13, 133, 32609, NULL),
(13, 138, 32610, NULL),
(13, 139, 32611, NULL),
(13, 140, 32612, NULL),
(13, 144, 32613, NULL),
(13, 145, 32614, NULL),
(13, 155, 32615, NULL),
(13, 102, 32616, NULL),
(13, 106, 32617, NULL),
(13, 107, 32618, NULL),
(13, 109, 32619, NULL),
(13, 171, 32620, NULL),
(13, 156, 32621, NULL),
(13, 36, 32622, NULL),
(13, 84, 32623, NULL),
(13, 85, 32624, NULL),
(13, 105, 32625, NULL),
(13, 137, 32626, NULL),
(13, 142, 32627, NULL),
(13, 184, 32628, NULL),
(13, 189, 32629, NULL),
(13, 201, 32630, NULL),
(13, 219, 32631, NULL),
(13, 220, 32632, NULL),
(13, 223, 32633, NULL),
(13, 236, 32634, NULL),
(13, 159, 32635, NULL),
(13, 160, 32636, NULL),
(13, 161, 32637, NULL),
(13, 162, 32638, NULL),
(13, 163, 32639, NULL),
(13, 164, 32640, NULL),
(13, 166, 32641, NULL),
(13, 167, 32642, NULL),
(13, 168, 32643, NULL),
(13, 169, 32644, NULL),
(13, 182, 32645, NULL),
(13, 205, 32646, NULL),
(13, 207, 32647, NULL),
(13, 185, 32648, NULL),
(13, 200, 32649, NULL),
(13, 213, 32650, NULL),
(13, 214, 32651, NULL),
(13, 215, 32652, NULL),
(13, 218, 32653, NULL),
(13, 222, 32654, NULL),
(13, 233, 32655, NULL),
(13, 113, 32656, NULL),
(13, 148, 32657, NULL),
(13, 234, 32658, NULL),
(13, 238, 32659, NULL),
(13, 239, 32660, NULL),
(13, 240, 32661, NULL),
(13, 241, 32662, NULL),
(13, 242, 32663, NULL),
(13, 243, 32664, NULL),
(13, 244, 32665, NULL),
(13, 245, 32666, NULL),
(13, 248, 32667, NULL),
(13, 249, 32668, NULL),
(13, 250, 32669, NULL),
(13, 253, 32670, NULL),
(13, 257, 32671, NULL),
(13, 258, 32672, NULL),
(13, 259, 32675, NULL),
(13, 260, 32676, NULL),
(13, 263, 32677, NULL),
(13, 264, 32678, NULL),
(13, 266, 32679, NULL),
(13, 267, 32680, NULL),
(13, 268, 32681, NULL),
(13, 269, 32682, NULL),
(13, 271, 32684, NULL),
(13, 272, 32685, NULL),
(29, 13, 32689, NULL),
(29, 19, 32690, NULL),
(29, 20, 32691, NULL),
(29, 24, 32692, NULL),
(29, 26, 32693, NULL),
(29, 27, 32694, NULL),
(29, 37, 32695, NULL),
(29, 64, 32696, NULL),
(29, 65, 32697, NULL),
(29, 66, 32698, NULL),
(29, 79, 32699, NULL),
(29, 86, 32700, NULL),
(29, 87, 32701, NULL),
(29, 88, 32702, NULL),
(29, 89, 32703, NULL),
(29, 90, 32704, NULL),
(29, 135, 32705, NULL),
(29, 136, 32706, NULL),
(29, 141, 32707, NULL),
(29, 152, 32708, NULL),
(29, 179, 32709, NULL),
(29, 187, 32710, NULL),
(29, 188, 32711, NULL),
(29, 32, 32712, NULL),
(29, 33, 32713, NULL),
(29, 50, 32714, NULL),
(29, 60, 32715, NULL),
(29, 61, 32716, NULL),
(29, 91, 32717, NULL),
(29, 96, 32718, NULL),
(29, 97, 32719, NULL),
(29, 98, 32720, NULL),
(29, 99, 32721, NULL),
(29, 146, 32722, NULL),
(29, 147, 32723, NULL),
(29, 173, 32724, NULL),
(29, 192, 32725, NULL),
(29, 39, 32726, NULL),
(29, 40, 32727, NULL),
(29, 44, 32728, NULL),
(29, 177, 32729, NULL),
(29, 178, 32730, NULL),
(29, 183, 32731, NULL),
(29, 204, 32732, NULL),
(29, 41, 32733, NULL),
(29, 42, 32734, NULL),
(29, 43, 32735, NULL),
(29, 73, 32736, NULL),
(29, 74, 32737, NULL),
(29, 75, 32738, NULL),
(29, 181, 32739, NULL),
(29, 46, 32740, NULL),
(29, 62, 32741, NULL),
(29, 63, 32742, NULL),
(29, 72, 32743, NULL),
(29, 78, 32744, NULL),
(29, 95, 32745, NULL),
(29, 100, 32746, NULL),
(29, 101, 32747, NULL),
(29, 143, 32748, NULL),
(29, 158, 32749, NULL),
(29, 51, 32750, NULL),
(29, 52, 32751, NULL),
(29, 149, 32752, NULL),
(29, 255, 32753, NULL),
(29, 256, 32754, NULL),
(29, 57, 32755, NULL),
(29, 58, 32756, NULL),
(29, 199, 32757, NULL),
(29, 208, 32758, NULL),
(29, 209, 32759, NULL),
(29, 210, 32760, NULL),
(29, 211, 32761, NULL),
(29, 67, 32762, NULL),
(29, 68, 32763, NULL),
(29, 82, 32767, NULL),
(29, 92, 32770, NULL),
(29, 94, 32771, NULL),
(29, 103, 32772, NULL),
(29, 104, 32773, NULL),
(29, 108, 32774, NULL),
(29, 157, 32775, NULL),
(29, 170, 32776, NULL),
(29, 172, 32777, NULL),
(29, 112, 32778, NULL),
(29, 114, 32779, NULL),
(29, 115, 32780, NULL),
(29, 116, 32781, NULL),
(29, 117, 32782, NULL),
(29, 118, 32783, NULL),
(29, 119, 32784, NULL),
(29, 120, 32785, NULL),
(29, 121, 32786, NULL),
(29, 122, 32787, NULL),
(29, 123, 32788, NULL),
(29, 124, 32789, NULL),
(29, 125, 32790, NULL),
(29, 126, 32791, NULL),
(29, 127, 32792, NULL),
(29, 128, 32793, NULL),
(29, 129, 32794, NULL),
(29, 130, 32795, NULL),
(29, 131, 32796, NULL),
(29, 132, 32797, NULL),
(29, 133, 32798, NULL),
(29, 138, 32799, NULL),
(29, 139, 32800, NULL),
(29, 140, 32801, NULL),
(29, 144, 32802, NULL),
(29, 145, 32803, NULL),
(29, 155, 32804, NULL),
(29, 102, 32805, NULL),
(29, 106, 32806, NULL),
(29, 107, 32807, NULL),
(29, 109, 32808, NULL),
(29, 171, 32809, NULL),
(29, 156, 32810, NULL),
(29, 36, 32811, NULL),
(29, 84, 32812, NULL),
(29, 85, 32813, NULL),
(29, 105, 32814, NULL),
(29, 137, 32815, NULL),
(29, 142, 32816, NULL),
(29, 184, 32817, NULL),
(29, 189, 32818, NULL),
(29, 201, 32819, NULL),
(29, 219, 32820, NULL),
(29, 220, 32821, NULL),
(29, 223, 32822, NULL),
(29, 236, 32823, NULL),
(29, 159, 32824, NULL),
(29, 160, 32825, NULL),
(29, 161, 32826, NULL),
(29, 162, 32827, NULL),
(29, 163, 32828, NULL),
(29, 164, 32829, NULL),
(29, 166, 32830, NULL),
(29, 167, 32831, NULL),
(29, 168, 32832, NULL),
(29, 169, 32833, NULL),
(29, 182, 32834, NULL),
(29, 205, 32835, NULL),
(29, 207, 32836, NULL),
(29, 185, 32837, NULL),
(29, 200, 32838, NULL),
(29, 213, 32839, NULL),
(29, 214, 32840, NULL),
(29, 215, 32841, NULL),
(29, 218, 32842, NULL),
(29, 222, 32843, NULL),
(29, 233, 32844, NULL),
(29, 113, 32845, NULL),
(29, 148, 32846, NULL),
(29, 234, 32847, NULL),
(29, 238, 32848, NULL),
(29, 239, 32849, NULL),
(29, 240, 32850, NULL),
(29, 241, 32851, NULL),
(29, 242, 32852, NULL),
(29, 243, 32853, NULL),
(29, 244, 32854, NULL),
(29, 245, 32855, NULL),
(29, 248, 32856, NULL),
(29, 249, 32857, NULL),
(29, 250, 32858, NULL),
(29, 253, 32859, NULL),
(29, 257, 32860, NULL),
(29, 258, 32861, NULL),
(29, 259, 32862, NULL),
(29, 260, 32863, NULL),
(29, 263, 32864, NULL),
(29, 264, 32865, NULL),
(29, 266, 32866, NULL),
(29, 267, 32867, NULL),
(29, 268, 32868, NULL),
(29, 271, 32870, NULL),
(30, 13, 32944, NULL),
(30, 19, 32945, NULL),
(30, 20, 32946, NULL),
(30, 24, 32947, NULL),
(30, 26, 32948, NULL),
(30, 27, 32949, NULL),
(30, 37, 32950, NULL),
(30, 64, 32951, NULL),
(30, 65, 32952, NULL),
(30, 66, 32953, NULL),
(30, 79, 32954, NULL),
(30, 86, 32955, NULL),
(30, 87, 32956, NULL),
(30, 88, 32957, NULL),
(30, 89, 32958, NULL),
(30, 90, 32959, NULL),
(30, 135, 32960, NULL),
(30, 136, 32961, NULL),
(30, 141, 32962, NULL),
(30, 179, 32964, NULL),
(30, 187, 32965, NULL),
(30, 188, 32966, NULL),
(30, 32, 32967, NULL),
(30, 33, 32968, NULL),
(30, 50, 32969, NULL),
(30, 60, 32970, NULL),
(30, 61, 32971, NULL),
(30, 91, 32972, NULL),
(30, 96, 32973, NULL),
(30, 97, 32974, NULL),
(30, 98, 32975, NULL),
(30, 99, 32976, NULL),
(30, 146, 32977, NULL),
(30, 147, 32978, NULL),
(30, 173, 32979, NULL),
(30, 192, 32980, NULL),
(30, 39, 32981, NULL),
(30, 40, 32982, NULL),
(30, 44, 32983, NULL),
(30, 177, 32984, NULL),
(30, 178, 32985, NULL),
(30, 183, 32986, NULL),
(30, 204, 32987, NULL),
(30, 41, 32988, NULL),
(30, 42, 32989, NULL),
(30, 43, 32990, NULL),
(30, 73, 32991, NULL),
(30, 74, 32992, NULL),
(30, 75, 32993, NULL),
(30, 181, 32994, NULL),
(30, 46, 32995, NULL),
(30, 62, 32996, NULL),
(30, 63, 32997, NULL),
(30, 72, 32998, NULL),
(30, 78, 32999, NULL),
(30, 95, 33000, NULL),
(30, 100, 33001, NULL),
(30, 101, 33002, NULL),
(30, 143, 33003, NULL),
(30, 158, 33004, NULL),
(30, 51, 33005, NULL),
(30, 52, 33006, NULL),
(30, 149, 33007, NULL),
(30, 255, 33008, NULL),
(30, 256, 33009, NULL),
(30, 57, 33010, NULL),
(30, 58, 33011, NULL),
(30, 199, 33012, NULL),
(30, 208, 33013, NULL),
(30, 209, 33014, NULL),
(30, 210, 33015, NULL),
(30, 211, 33016, NULL),
(30, 67, 33017, NULL),
(30, 68, 33018, NULL),
(30, 82, 33022, NULL),
(30, 94, 33026, NULL),
(30, 103, 33027, NULL),
(30, 104, 33028, NULL),
(30, 108, 33029, NULL),
(30, 157, 33030, NULL),
(30, 170, 33031, NULL),
(30, 172, 33032, NULL),
(30, 112, 33033, NULL),
(30, 114, 33034, NULL),
(30, 115, 33035, NULL),
(30, 116, 33036, NULL),
(30, 117, 33037, NULL),
(30, 118, 33038, NULL),
(30, 119, 33039, NULL),
(30, 120, 33040, NULL),
(30, 121, 33041, NULL),
(30, 122, 33042, NULL),
(30, 123, 33043, NULL),
(30, 124, 33044, NULL),
(30, 125, 33045, NULL),
(30, 126, 33046, NULL),
(30, 127, 33047, NULL),
(30, 128, 33048, NULL),
(30, 129, 33049, NULL),
(30, 130, 33050, NULL),
(30, 131, 33051, NULL),
(30, 132, 33052, NULL),
(30, 133, 33053, NULL),
(30, 138, 33054, NULL),
(30, 139, 33055, NULL),
(30, 140, 33056, NULL),
(30, 144, 33057, NULL),
(30, 145, 33058, NULL),
(30, 155, 33059, NULL),
(30, 102, 33060, NULL),
(30, 106, 33061, NULL),
(30, 107, 33062, NULL),
(30, 109, 33063, NULL),
(30, 171, 33064, NULL),
(30, 156, 33065, NULL),
(30, 36, 33066, NULL),
(30, 84, 33067, NULL),
(30, 85, 33068, NULL),
(30, 105, 33069, NULL),
(30, 137, 33070, NULL),
(30, 142, 33071, NULL),
(30, 184, 33072, NULL),
(30, 189, 33073, NULL),
(30, 201, 33074, NULL),
(30, 219, 33075, NULL),
(30, 220, 33076, NULL),
(30, 223, 33077, NULL),
(30, 236, 33078, NULL),
(30, 159, 33079, NULL),
(30, 160, 33080, NULL),
(30, 161, 33081, NULL),
(30, 162, 33082, NULL),
(30, 163, 33083, NULL),
(30, 164, 33084, NULL),
(30, 166, 33085, NULL),
(30, 167, 33086, NULL),
(30, 168, 33087, NULL),
(30, 169, 33088, NULL),
(30, 182, 33089, NULL),
(30, 205, 33090, NULL),
(30, 207, 33091, NULL),
(30, 185, 33092, NULL),
(30, 200, 33093, NULL),
(30, 213, 33094, NULL),
(30, 214, 33095, NULL),
(30, 215, 33096, NULL),
(30, 218, 33097, NULL),
(30, 222, 33098, NULL),
(30, 233, 33099, NULL),
(30, 113, 33100, NULL),
(30, 148, 33101, NULL),
(30, 234, 33102, NULL),
(30, 238, 33103, NULL),
(30, 239, 33104, NULL),
(30, 240, 33105, NULL),
(30, 241, 33106, NULL),
(30, 242, 33107, NULL),
(30, 243, 33108, NULL),
(30, 244, 33109, NULL),
(30, 245, 33110, NULL),
(30, 248, 33111, NULL),
(30, 249, 33112, NULL),
(30, 250, 33113, NULL),
(30, 253, 33114, NULL),
(30, 257, 33115, NULL),
(30, 258, 33116, NULL),
(30, 259, 33117, NULL),
(30, 260, 33118, NULL),
(30, 263, 33119, NULL),
(30, 264, 33120, NULL),
(30, 266, 33121, NULL),
(30, 271, 33125, NULL),
(31, 13, 33126, NULL),
(31, 19, 33127, NULL),
(31, 20, 33128, NULL),
(31, 24, 33129, NULL),
(31, 26, 33130, NULL),
(31, 27, 33131, NULL),
(31, 37, 33132, NULL),
(31, 64, 33133, NULL),
(31, 65, 33134, NULL),
(31, 66, 33135, NULL),
(31, 79, 33136, NULL),
(31, 86, 33137, NULL),
(31, 87, 33138, NULL),
(31, 88, 33139, NULL),
(31, 89, 33140, NULL),
(31, 90, 33141, NULL),
(31, 135, 33142, NULL),
(31, 136, 33143, NULL),
(31, 141, 33144, NULL),
(31, 179, 33145, NULL),
(31, 187, 33146, NULL),
(31, 188, 33147, NULL),
(31, 32, 33148, NULL),
(31, 33, 33149, NULL),
(31, 50, 33150, NULL),
(31, 60, 33151, NULL),
(31, 61, 33152, NULL),
(31, 91, 33153, NULL),
(31, 96, 33154, NULL),
(31, 97, 33155, NULL),
(31, 98, 33156, NULL),
(31, 99, 33157, NULL),
(31, 146, 33158, NULL),
(31, 147, 33159, NULL),
(31, 173, 33160, NULL),
(31, 192, 33161, NULL),
(31, 39, 33162, NULL),
(31, 40, 33163, NULL),
(31, 44, 33164, NULL),
(31, 177, 33165, NULL),
(31, 178, 33166, NULL),
(31, 183, 33167, NULL),
(31, 204, 33168, NULL),
(31, 41, 33169, NULL),
(31, 42, 33170, NULL),
(31, 43, 33171, NULL),
(31, 73, 33172, NULL),
(31, 74, 33173, NULL),
(31, 75, 33174, NULL),
(31, 181, 33175, NULL),
(31, 46, 33176, NULL),
(31, 62, 33177, NULL),
(31, 63, 33178, NULL),
(31, 72, 33179, NULL),
(31, 78, 33180, NULL),
(31, 95, 33181, NULL),
(31, 100, 33182, NULL),
(31, 101, 33183, NULL),
(31, 143, 33184, NULL),
(31, 158, 33185, NULL),
(31, 51, 33186, NULL),
(31, 52, 33187, NULL),
(31, 149, 33188, NULL),
(31, 255, 33189, NULL),
(31, 256, 33190, NULL),
(31, 57, 33191, NULL),
(31, 58, 33192, NULL),
(31, 199, 33193, NULL),
(31, 208, 33194, NULL),
(31, 209, 33195, NULL),
(31, 210, 33196, NULL),
(31, 211, 33197, NULL),
(31, 67, 33198, NULL),
(31, 68, 33199, NULL),
(31, 82, 33200, NULL),
(31, 94, 33201, NULL),
(31, 103, 33202, NULL),
(31, 104, 33203, NULL),
(31, 108, 33204, NULL),
(31, 157, 33205, NULL),
(31, 170, 33206, NULL),
(31, 172, 33207, NULL),
(31, 112, 33208, NULL),
(31, 114, 33209, NULL),
(31, 115, 33210, NULL),
(31, 116, 33211, NULL),
(31, 117, 33212, NULL),
(31, 118, 33213, NULL),
(31, 119, 33214, NULL),
(31, 120, 33215, NULL),
(31, 121, 33216, NULL),
(31, 122, 33217, NULL),
(31, 123, 33218, NULL),
(31, 124, 33219, NULL),
(31, 125, 33220, NULL),
(31, 126, 33221, NULL),
(31, 127, 33222, NULL),
(31, 128, 33223, NULL),
(31, 129, 33224, NULL),
(31, 130, 33225, NULL),
(31, 131, 33226, NULL),
(31, 132, 33227, NULL),
(31, 133, 33228, NULL),
(31, 138, 33229, NULL),
(31, 139, 33230, NULL),
(31, 140, 33231, NULL),
(31, 144, 33232, NULL),
(31, 145, 33233, NULL),
(31, 155, 33234, NULL),
(31, 102, 33235, NULL),
(31, 106, 33236, NULL),
(31, 107, 33237, NULL),
(31, 109, 33238, NULL),
(31, 171, 33239, NULL),
(31, 156, 33240, NULL),
(31, 36, 33241, NULL),
(31, 84, 33242, NULL),
(31, 85, 33243, NULL),
(31, 105, 33244, NULL),
(31, 137, 33245, NULL),
(31, 142, 33246, NULL),
(31, 184, 33247, NULL),
(31, 189, 33248, NULL),
(31, 201, 33249, NULL),
(31, 219, 33250, NULL),
(31, 220, 33251, NULL),
(31, 223, 33252, NULL),
(31, 236, 33253, NULL),
(31, 159, 33254, NULL),
(31, 160, 33255, NULL),
(31, 161, 33256, NULL),
(31, 162, 33257, NULL),
(31, 163, 33258, NULL),
(31, 164, 33259, NULL),
(31, 166, 33260, NULL),
(31, 167, 33261, NULL),
(31, 168, 33262, NULL),
(31, 169, 33263, NULL),
(31, 182, 33264, NULL),
(31, 205, 33265, NULL),
(31, 207, 33266, NULL),
(31, 185, 33267, NULL),
(31, 200, 33268, NULL),
(31, 213, 33269, NULL),
(31, 214, 33270, NULL),
(31, 215, 33271, NULL),
(31, 218, 33272, NULL),
(31, 222, 33273, NULL),
(31, 233, 33274, NULL),
(31, 113, 33275, NULL),
(31, 148, 33276, NULL),
(31, 234, 33277, NULL),
(31, 238, 33278, NULL),
(31, 239, 33279, NULL),
(31, 240, 33280, NULL),
(31, 241, 33281, NULL),
(31, 242, 33282, NULL),
(31, 243, 33283, NULL),
(31, 244, 33284, NULL),
(31, 245, 33285, NULL),
(31, 248, 33286, NULL),
(31, 249, 33287, NULL),
(31, 250, 33288, NULL),
(31, 253, 33289, NULL),
(31, 257, 33290, NULL),
(31, 258, 33291, NULL),
(31, 263, 33294, NULL),
(31, 266, 33296, NULL),
(31, 271, 33297, NULL),
(31, 259, 33381, NULL),
(31, 260, 33382, NULL),
(31, 264, 33383, NULL);

-- --------------------------------------------------------

--
-- Cấu trúc bảng cho bảng `source_giftcode`
--

CREATE TABLE `source_giftcode` (
  `id` int(11) NOT NULL,
  `name` varchar(255) CHARACTER SET utf8 COLLATE utf8_unicode_ci DEFAULT NULL,
  `key` varchar(11) DEFAULT NULL,
  `type` int(11) DEFAULT NULL,
  `display` int(11) DEFAULT '0'
) ENGINE=InnoDB DEFAULT CHARSET=latin1 ROW_FORMAT=DYNAMIC;

--
-- Đang đổ dữ liệu cho bảng `source_giftcode`
--

INSERT INTO `source_giftcode` (`id`, `name`, `key`, `type`, `display`) VALUES
(5, 'Marketing 1', 'MK1', 1, 1),
(6, 'Marketing 2', 'MK2', 1, 1),
(7, 'Marketing 3', 'MK3', 1, 1),
(8, 'Marketing 4', 'MK4', 1, 1),
(9, 'Marketing 5', 'MK5', 1, 1),
(10, 'Marketing 6', 'MK6', 1, 1),
(11, 'Marketing 7', 'MK7', 1, 1),
(12, 'Marketing 8', 'MK8', 1, 1),
(13, 'Marketing 9', 'MK9', 1, 1),
(14, 'Event 1', 'EV1', 1, 1),
(15, 'Event 2', 'EV2', 1, 1),
(16, 'Event 3', 'EV3', 1, 1),
(17, 'Event 4', 'EV4', 1, 1),
(18, 'Event 5', 'EV5', 1, 1),
(19, 'TriAn1', 'TA1', 3, 1),
(20, 'TriAn2', 'TA2', 3, 1),
(21, 'TriAn3', 'TA3', 3, 1),
(22, 'TriAn4', 'TA4', 3, 1),
(23, 'TriAn5', 'TA5', 3, 1),
(25, 'CTV1', 'CT1', 1, 1),
(26, 'Event 6', 'EV6', 1, 1),
(27, 'Event 7', 'EV7', 1, 1),
(28, 'Market 1', 'MT1', 1, 1),
(29, 'Market2', 'MT2', 1, 1),
(30, 'Market 3', 'MT3', 1, 1),
(31, 'MEVE1', 'ME1', 1, 1),
(32, 'MEVE2', 'ME2', 1, 1),
(33, 'MEVE3', 'ME3', 1, 1),
(34, 'MEVE5', 'ME5', 1, 1),
(35, 'MEVE6', 'ME6', 1, 1),
(36, 'Tri ân 8', 'TA8', 3, 1),
(37, 'Event8', 'EV8', 1, 1),
(38, 'Event 9', 'EV9', 1, 1),
(39, 'LiXi2017', 'LX6', 3, 1),
(40, 'Event 10', 'E10', 1, 1),
(41, 'Event 11', 'E11', 1, 1),
(42, 'Event 12', 'E12', 1, 1),
(43, 'Event 13', 'E13', 1, 1),
(44, 'Event 14', 'E14', 1, 1),
(45, 'Event 15', 'E15', 1, 1),
(46, 'Event 16', 'E16', 1, 1),
(47, 'Event 17', 'E17', 1, 1),
(48, 'Event 18', 'E18', 1, 1),
(49, 'Event 19', 'E19', 1, 1),
(50, 'Event 20', 'E20', 1, 1),
(51, 'Event 21', 'E21', 1, 1),
(52, 'Event Offline', 'MO1', 1, 1),
(53, 'Event 22', 'E22', 1, 1),
(55, 'Event 23', 'E23', 1, 1),
(56, 'Khao Sat', 'MKS', 1, 1),
(57, 'Tri Ân mới', 'TAM', 3, 1),
(58, 'Test ', 'TES', 3, 1),
(59, 'Event 24', 'E24', 1, 1),
(60, 'Event25', 'E25', 1, 1),
(61, 'Event 26', 'E26', 1, 1),
(62, 'Khach 1', 'KH1', 3, 1),
(63, 'Event 27', 'E27', 1, 1),
(64, 'Event 28', 'E28', 1, 1),
(65, 'Event 29', 'E29', 1, 1),
(66, 'Event30', 'E30', 1, 1),
(67, 'Test 1', 'TE1', 3, 1),
(68, 'Vin card', 'VIN', 1, 1),
(69, 'Tri Ân 6', 'TA6', 3, 1),
(70, 'Tri Ân 7', 'TA7', 3, 1),
(71, 'Event31', 'E31', 1, 1),
(72, 'Event 32', 'E32', 1, 1),
(73, 'Event 33', 'E33', 1, 1),
(74, 'Vận hành_ Test', 'TE4', 3, 1),
(75, 'Event 40', 'E40', 1, 1),
(76, 'Event 41', 'E41', 1, 1),
(77, 'EVent google', 'E42', 1, 1),
(78, 'Event 43', 'E43', 1, 1),
(79, 'Event 44', 'E44', 1, 1),
(80, 'Event 45', 'E45', 1, 1),
(81, 'Vận hành tháng 4', 'V40', 3, 1),
(82, 'Event 46', 'E47', 1, 1),
(83, 'Vận hành 1', 'VH1', 3, 1),
(86, 'Event 48', 'E48', 1, 1),
(87, 'Event 49', 'E49', 1, 1),
(88, 'Event 50 ', 'E50', 1, 1),
(89, 'Event 51', 'E51', 1, 1),
(90, 'Event 52', 'E52', 1, 1),
(92, 'TRi An 9', 'TA9', 3, 1),
(93, 'Event 53', 'E53', 1, 1),
(94, 'Event 54', 'E54', 1, 1),
(95, 'Van hanh 3', 'VH3', 3, 1),
(96, 'Event 55', 'E55', 1, 1),
(97, 'Block1', 'BL1', 1, 1),
(98, 'Block2', 'BL2', 1, 1),
(99, 'Event 56', 'E56', 1, 1),
(100, 'Event 60', 'E60', 1, 1),
(101, 'Event 61', 'E61', 1, 1),
(102, 'Event 57', 'E57', 1, 1),
(103, 'Vận hành 5', 'VH5', 3, 1),
(104, 'New fanpage', 'NFP', 1, 1),
(105, 'Event58', 'E58', 1, 1),
(106, 'Event 59', 'E59', 1, 1),
(107, 'Event 62', 'E62', 1, 1),
(108, 'Event 63', 'E63', 1, 1),
(109, 'Event 56_bu 22 code', 'E65', 1, 1),
(110, 'Event 66', 'E66', 1, 1),
(111, 'Event 67', 'E67', 1, 1),
(112, 'Tri Ân tháng 5', 'TT5', 3, 1),
(113, 'Event 67', 'E67', 1, 1),
(114, 'Event 68', 'E68', 1, 1),
(115, 'Event 70', 'E70', 1, 1),
(116, 'Event 68', 'E68', 1, 1),
(117, 'Event 69', 'E69', 1, 1),
(118, 'Event 71', 'E71', 1, 1),
(119, 'Tri Ân Tháng 6', 'TT6', 3, 1),
(120, 'Event 72', 'E72', 1, 1),
(121, 'Vận Hành Tháng 6', 'KH6', 3, 1),
(122, 'Event 73', 'E73', 1, 1),
(123, 'Event 74', 'E74', 1, 1),
(124, 'Maketing tri ân tháng 6', 'MT6', 1, 1),
(125, 'Event 80', 'E80', 1, 1),
(126, 'Event 81', 'E81', 1, 1),
(127, 'Event 82', 'E82', 1, 1),
(128, 'Tri Ân Tháng 7', 'TT7', 3, 1),
(129, 'event85', 'E85', 1, 1),
(130, 'Vận Hành Tháng 7', 'KH7', 3, 1),
(131, 'E86', 'E86', 1, 1),
(132, 'E87', 'E87', 1, 1),
(133, 'event88', 'E88', 1, 1),
(134, 'event89', 'E89', 1, 1),
(135, 'Event 83', 'E83', 1, 1),
(136, 'Event 84', 'E84', 1, 1),
(137, 'Tri Ân Tháng 8', 'TT8', 3, 1),
(138, 'Event90', 'E90', 1, 1),
(139, 'Event 85', 'E85', 1, 1),
(140, 'Event 86', 'E86', 1, 1),
(142, 'event91', 'E91', 1, 1),
(143, 'Offline 1', 'OL1', 1, 1),
(144, 'event92', 'E92', 1, 1),
(145, 'event93', 'E93', 1, 1),
(146, 'Đại lý 1', 'D01', 1, 1),
(147, 'Xeng 1', 'XC1', 3, 1),
(148, 'Live', 'LIV', 1, 1),
(150, 'In Thẻ', 'INT', 3, 1),
(151, '10k Spam SMS', '10K', 1, 1),
(152, '500k code 10k Spam SMS', '10k2', 1, 1),
(153, 'Lô 500k code 10k lần 2', '10k3', 1, 1),
(154, 'Lô 500k code 10k lần 3', '10k4', 1, 1);

-- --------------------------------------------------------

--
-- Cấu trúc bảng cho bảng `url_builder`
--

CREATE TABLE `url_builder` (
  `id` int(11) NOT NULL,
  `url_web` varchar(50) DEFAULT NULL,
  `utm_source` varchar(50) DEFAULT NULL,
  `utm_medium` varchar(50) DEFAULT NULL,
  `utm_term` varchar(50) DEFAULT NULL,
  `utm_content` varchar(50) DEFAULT NULL,
  `utm_campaign` varchar(50) DEFAULT NULL,
  `url_generate` varchar(2000) DEFAULT NULL
) ENGINE=InnoDB DEFAULT CHARSET=utf8 ROW_FORMAT=DYNAMIC;

-- --------------------------------------------------------

--
-- Cấu trúc bảng cho bảng `user`
--

CREATE TABLE `user` (
  `ID` int(11) NOT NULL,
  `UserName` varchar(50) DEFAULT NULL,
  `Password` varchar(50) DEFAULT NULL,
  `NameAgent` varchar(50) CHARACTER SET utf8 COLLATE utf8_unicode_ci DEFAULT NULL,
  `FullName` varchar(100) DEFAULT NULL,
  `Email` varchar(50) DEFAULT NULL,
  `Address` varchar(50) DEFAULT NULL,
  `BirthDay` date DEFAULT NULL,
  `CMND` int(12) DEFAULT NULL,
  `Phone` varchar(255) CHARACTER SET utf8 COLLATE utf8_unicode_ci DEFAULT NULL,
  `Status` char(2) DEFAULT NULL,
  `ParentID` int(11) DEFAULT NULL,
  `Active` int(11) DEFAULT NULL,
  `isThuong` int(11) DEFAULT '2',
  `isSuper` int(11) DEFAULT '0',
  `Facebook` varchar(255) CHARACTER SET utf8 COLLATE utf8_unicode_ci DEFAULT NULL,
  `Key` varchar(11) CHARACTER SET utf8 COLLATE utf8_unicode_ci DEFAULT NULL,
  `Balance` bigint(20) DEFAULT NULL
) ENGINE=InnoDB DEFAULT CHARSET=utf8 ROW_FORMAT=DYNAMIC;

--
-- Đang đổ dữ liệu cho bảng `user`
--

INSERT INTO `user` (`ID`, `UserName`, `Password`, `NameAgent`, `FullName`, `Email`, `Address`, `BirthDay`, `CMND`, `Phone`, `Status`, `ParentID`, `Active`, `isThuong`, `isSuper`, `Facebook`, `Key`, `Balance`) VALUES
(329980, 'superadmin', 'd220be43fa9982bc26d40b637e8caf9c', NULL, 'superadmin', NULL, NULL, NULL, NULL, '0999999999', 'A', NULL, NULL, 2, 1, NULL, NULL, NULL),
(329981, 'leadcskh', '3ef94e8fc5fc6fc5d04ea0004f50297b', NULL, 'leadcskh', NULL, NULL, NULL, NULL, '0999999999', 'A', NULL, NULL, 2, 1, NULL, NULL, NULL),
(329982, 'cskh1', '3d16075f9dc58c78081c19a2164964f9', NULL, 'cskh1', NULL, NULL, NULL, NULL, '0999999999', 'A', NULL, NULL, 2, 1, NULL, NULL, NULL);

-- --------------------------------------------------------

--
-- Cấu trúc bảng cho bảng `useragent`
--

CREATE TABLE `useragent` (
  `id` int(11) NOT NULL,
  `username` varchar(50) COLLATE utf8_unicode_ci DEFAULT NULL,
  `nickname` varchar(50) COLLATE utf8_unicode_ci DEFAULT NULL,
  `password` varchar(50) COLLATE utf8_unicode_ci DEFAULT NULL,
  `nameagent` varchar(50) COLLATE utf8_unicode_ci DEFAULT NULL,
  `address` varchar(255) COLLATE utf8_unicode_ci DEFAULT NULL,
  `phone` varchar(50) COLLATE utf8_unicode_ci DEFAULT NULL,
  `email` varchar(50) COLLATE utf8_unicode_ci DEFAULT NULL,
  `facebook` varchar(255) COLLATE utf8_unicode_ci DEFAULT NULL,
  `key` varchar(2) COLLATE utf8_unicode_ci DEFAULT NULL,
  `status` varchar(2) COLLATE utf8_unicode_ci DEFAULT NULL,
  `parentid` int(11) DEFAULT NULL,
  `namebank` varchar(255) CHARACTER SET latin1 DEFAULT NULL,
  `nameaccount` varchar(255) CHARACTER SET latin1 DEFAULT NULL,
  `numberaccount` varchar(255) CHARACTER SET latin1 DEFAULT NULL,
  `show` int(11) DEFAULT '1',
  `active` int(11) DEFAULT '1',
  `createtime` datetime DEFAULT NULL,
  `updatetime` datetime DEFAULT NULL,
  `order` int(11) DEFAULT '1',
  `sms` int(11) DEFAULT '-1',
  `percent_bonus_vincard` int(11) DEFAULT NULL,
  `site` varchar(45) COLLATE utf8_unicode_ci DEFAULT NULL
) ENGINE=InnoDB DEFAULT CHARSET=utf8 COLLATE=utf8_unicode_ci ROW_FORMAT=DYNAMIC;

--
-- Đang đổ dữ liệu cho bảng `useragent`
--

INSERT INTO `useragent` (`id`, `username`, `nickname`, `password`, `nameagent`, `address`, `phone`, `email`, `facebook`, `key`, `status`, `parentid`, `namebank`, `nameaccount`, `numberaccount`, `show`, `active`, `createtime`, `updatetime`, `order`, `sms`, `percent_bonus_vincard`, `site`) VALUES
(62, 'tongdailywin999887', 'tongdailyhn123ff', NULL, 'Mr LONG', 'HA NOI', '0962377777‬', 'tongdailywin@gmail.com', '', 'PD', 'A', -1, 'MSB', 'HOANG THAI LONG', '0541225362875', 1, 1, '2016-10-28 07:58:13', '2016-11-11 16:47:45', 1, -1, 0, NULL);

-- --------------------------------------------------------

--
-- Cấu trúc bảng cho bảng `userrole`
--

CREATE TABLE `userrole` (
  `ID` int(11) NOT NULL,
  `User_ID` int(11) NOT NULL,
  `Group_ID` int(11) NOT NULL,
  `Type` int(11) DEFAULT NULL
) ENGINE=InnoDB DEFAULT CHARSET=utf8 ROW_FORMAT=DYNAMIC;

--
-- Đang đổ dữ liệu cho bảng `userrole`
--

INSERT INTO `userrole` (`ID`, `User_ID`, `Group_ID`, `Type`) VALUES
(142, 329980, 13, NULL),
(156, 329981, 29, NULL),
(157, 329982, 30, NULL);

--
-- Chỉ mục cho các bảng đã đổ
--

--
-- Chỉ mục cho bảng `access_link`
--
ALTER TABLE `access_link`
  ADD PRIMARY KEY (`ID`) USING BTREE;

--
-- Chỉ mục cho bảng `action_admin`
--
ALTER TABLE `action_admin`
  ADD PRIMARY KEY (`id`) USING BTREE;

--
-- Chỉ mục cho bảng `groupuser`
--
ALTER TABLE `groupuser`
  ADD PRIMARY KEY (`Id`) USING BTREE;

--
-- Chỉ mục cho bảng `log_admin`
--
ALTER TABLE `log_admin`
  ADD PRIMARY KEY (`id`) USING BTREE,
  ADD KEY `username_index` (`username`) USING BTREE;

--
-- Chỉ mục cho bảng `log_loginadmin`
--
ALTER TABLE `log_loginadmin`
  ADD PRIMARY KEY (`id`) USING BTREE,
  ADD KEY `nickname_index` (`nickname`) USING BTREE;

--
-- Chỉ mục cho bảng `menu`
--
ALTER TABLE `menu`
  ADD PRIMARY KEY (`id`) USING BTREE,
  ADD KEY `Name_index` (`Name`) USING BTREE,
  ADD KEY `Param_index` (`Param`) USING BTREE,
  ADD KEY `Link_index` (`Link`) USING BTREE,
  ADD KEY `Status_index` (`Status`) USING BTREE,
  ADD KEY `Parrent_ID_index` (`Parrent_ID`) USING BTREE,
  ADD KEY `isThuong_index` (`isThuong`) USING BTREE,
  ADD KEY `isDaily_index` (`isDaily`) USING BTREE,
  ADD KEY `isSuper_index` (`isSuper`) USING BTREE;

--
-- Chỉ mục cho bảng `price_giftcode`
--
ALTER TABLE `price_giftcode`
  ADD PRIMARY KEY (`id`) USING BTREE;

--
-- Chỉ mục cho bảng `rolemenu`
--
ALTER TABLE `rolemenu`
  ADD PRIMARY KEY (`ID`) USING BTREE,
  ADD KEY `Group_ID_index` (`Group_ID`) USING BTREE,
  ADD KEY `Menu_ID_index` (`Menu_ID`) USING BTREE,
  ADD KEY `Type_index` (`Type`) USING BTREE;

--
-- Chỉ mục cho bảng `source_giftcode`
--
ALTER TABLE `source_giftcode`
  ADD PRIMARY KEY (`id`) USING BTREE;

--
-- Chỉ mục cho bảng `url_builder`
--
ALTER TABLE `url_builder`
  ADD PRIMARY KEY (`id`) USING BTREE;

--
-- Chỉ mục cho bảng `user`
--
ALTER TABLE `user`
  ADD PRIMARY KEY (`ID`) USING BTREE,
  ADD KEY `UserName_index` (`UserName`) USING BTREE,
  ADD KEY `FullName_index` (`FullName`) USING BTREE,
  ADD KEY `Status_index` (`Status`) USING BTREE,
  ADD KEY `isThuong_index` (`isThuong`) USING BTREE,
  ADD KEY `isSuper_index` (`isSuper`) USING BTREE;

--
-- Chỉ mục cho bảng `useragent`
--
ALTER TABLE `useragent`
  ADD PRIMARY KEY (`id`) USING BTREE,
  ADD KEY `nickname_index` (`nickname`) USING BTREE,
  ADD KEY `status_index` (`status`) USING BTREE,
  ADD KEY `parentid_index` (`parentid`) USING BTREE,
  ADD KEY `show_index` (`show`) USING BTREE,
  ADD KEY `active_index` (`active`) USING BTREE,
  ADD KEY `sms_index` (`sms`) USING BTREE,
  ADD KEY `order_index` (`order`) USING BTREE,
  ADD KEY `percent_bonus_vincard` (`percent_bonus_vincard`) USING BTREE;

--
-- Chỉ mục cho bảng `userrole`
--
ALTER TABLE `userrole`
  ADD PRIMARY KEY (`ID`) USING BTREE;

--
-- AUTO_INCREMENT cho các bảng đã đổ
--

--
-- AUTO_INCREMENT cho bảng `access_link`
--
ALTER TABLE `access_link`
  MODIFY `ID` int(11) NOT NULL AUTO_INCREMENT, AUTO_INCREMENT=3270;

--
-- AUTO_INCREMENT cho bảng `action_admin`
--
ALTER TABLE `action_admin`
  MODIFY `id` int(11) NOT NULL AUTO_INCREMENT;

--
-- AUTO_INCREMENT cho bảng `groupuser`
--
ALTER TABLE `groupuser`
  MODIFY `Id` int(11) NOT NULL AUTO_INCREMENT, AUTO_INCREMENT=31;

--
-- AUTO_INCREMENT cho bảng `log_admin`
--
ALTER TABLE `log_admin`
  MODIFY `id` int(11) NOT NULL AUTO_INCREMENT, AUTO_INCREMENT=14030;

--
-- AUTO_INCREMENT cho bảng `log_loginadmin`
--
ALTER TABLE `log_loginadmin`
  MODIFY `id` int(11) NOT NULL AUTO_INCREMENT, AUTO_INCREMENT=11326;

--
-- AUTO_INCREMENT cho bảng `menu`
--
ALTER TABLE `menu`
  MODIFY `id` int(11) NOT NULL AUTO_INCREMENT, AUTO_INCREMENT=273;

--
-- AUTO_INCREMENT cho bảng `price_giftcode`
--
ALTER TABLE `price_giftcode`
  MODIFY `id` int(11) NOT NULL AUTO_INCREMENT, AUTO_INCREMENT=17;

--
-- AUTO_INCREMENT cho bảng `rolemenu`
--
ALTER TABLE `rolemenu`
  MODIFY `ID` int(11) NOT NULL AUTO_INCREMENT, AUTO_INCREMENT=33384;

--
-- AUTO_INCREMENT cho bảng `source_giftcode`
--
ALTER TABLE `source_giftcode`
  MODIFY `id` int(11) NOT NULL AUTO_INCREMENT, AUTO_INCREMENT=155;

--
-- AUTO_INCREMENT cho bảng `url_builder`
--
ALTER TABLE `url_builder`
  MODIFY `id` int(11) NOT NULL AUTO_INCREMENT;

--
-- AUTO_INCREMENT cho bảng `user`
--
ALTER TABLE `user`
  MODIFY `ID` int(11) NOT NULL AUTO_INCREMENT, AUTO_INCREMENT=329992;

--
-- AUTO_INCREMENT cho bảng `useragent`
--
ALTER TABLE `useragent`
  MODIFY `id` int(11) NOT NULL AUTO_INCREMENT, AUTO_INCREMENT=63;

--
-- AUTO_INCREMENT cho bảng `userrole`
--
ALTER TABLE `userrole`
  MODIFY `ID` int(11) NOT NULL AUTO_INCREMENT, AUTO_INCREMENT=167;
COMMIT;

/*!40101 SET CHARACTER_SET_CLIENT=@OLD_CHARACTER_SET_CLIENT */;
/*!40101 SET CHARACTER_SET_RESULTS=@OLD_CHARACTER_SET_RESULTS */;
/*!40101 SET COLLATION_CONNECTION=@OLD_COLLATION_CONNECTION */;
