-- --------------------------------------------------------
-- Host:                         127.0.0.1
-- Server version:               10.1.21-MariaDB - mariadb.org binary distribution
-- Server OS:                    Win32
-- HeidiSQL Version:             9.5.0.5280
-- --------------------------------------------------------

/*!40101 SET @OLD_CHARACTER_SET_CLIENT=@@CHARACTER_SET_CLIENT */;
/*!40101 SET NAMES utf8 */;
/*!50503 SET NAMES utf8mb4 */;
/*!40014 SET @OLD_FOREIGN_KEY_CHECKS=@@FOREIGN_KEY_CHECKS, FOREIGN_KEY_CHECKS=0 */;
/*!40101 SET @OLD_SQL_MODE=@@SQL_MODE, SQL_MODE='NO_AUTO_VALUE_ON_ZERO' */;

-- Dumping structure for table quanlyks.booking_room
DROP TABLE IF EXISTS `booking_room`;
CREATE TABLE IF NOT EXISTS `booking_room` (
  `BrBookingId` int(11) NOT NULL AUTO_INCREMENT,
  `BrCustomerName` varchar(50) NOT NULL,
  `BrCustomerEmail` varchar(50) NOT NULL,
  `BrCustomerPhone` varchar(50) NOT NULL,
  `BrRoomId` varchar(50) NOT NULL,
  `BrTransferRoomId` varchar(50) DEFAULT NULL,
  `BrTransferDate` text,
  `BrFromDate` text NOT NULL,
  `BrToDate` text NOT NULL,
  `BrNote` text NOT NULL,
  `BrStatus` int(1) NOT NULL COMMENT '0 - Ready, 1 - Stayed, 2 - Checked, 3 - Booked, 4 - Closed',
  `BrDeposit` int(11) DEFAULT NULL,
  `BrAldult` int(2) DEFAULT '0',
  `BrBaby` int(2) DEFAULT '0',
  `BrServices` text,
  `BrMode` varchar(10) DEFAULT '0' COMMENT '0 - None, 1 - Early, 2 - Before 16, 3 - After 16',
  `BrIsVAT` int(1) DEFAULT '0',
  `BrCreateUserId` varchar(50) NOT NULL,
  `BrCreatedDate` datetime NOT NULL DEFAULT CURRENT_TIMESTAMP,
  PRIMARY KEY (`BrBookingId`) USING BTREE,
  KEY `Rooms` (`BrRoomId`) USING BTREE,
  KEY `CreateUser` (`BrCreateUserId`) USING BTREE,
  KEY `Status` (`BrStatus`) USING BTREE,
  KEY `TransferRooms` (`BrTransferRoomId`) USING BTREE
) ENGINE=InnoDB AUTO_INCREMENT=84 DEFAULT CHARSET=utf8 ROW_FORMAT=COMPACT;

-- Dumping data for table quanlyks.booking_room: ~33 rows (approximately)
/*!40000 ALTER TABLE `booking_room` DISABLE KEYS */;
REPLACE INTO `booking_room` (`BrBookingId`, `BrCustomerName`, `BrCustomerEmail`, `BrCustomerPhone`, `BrRoomId`, `BrTransferRoomId`, `BrTransferDate`, `BrFromDate`, `BrToDate`, `BrNote`, `BrStatus`, `BrDeposit`, `BrAldult`, `BrBaby`, `BrServices`, `BrMode`, `BrIsVAT`, `BrCreateUserId`, `BrCreatedDate`) VALUES
	(0, 'qwertyuio', '', '', '14D4A6B9DBE8E194104624460995BE2F', '', NULL, '07-09-2018', '08-09-2018', '', 3, 0, 1, 0, '', '0', 0, '5a4dabc96d48d4b1744d1a6c57876531', '2018-07-03 09:19:43'),
	(6, 'a', '', '', '14D4A6B9DBE8E194104624460995BE2F', NULL, NULL, '22-06-2018', '26-06-2018', '', 1, 500000, 4, 0, '', '1:4||2', 1, '5a4dabc96d48d4b1744d1a6c57876531', '2018-06-22 07:05:40'),
	(8, 'b', '', '', 'F5D5C1A388392710CDAFD107DA186790', '', NULL, '18-06-2018', '21-06-2018', '', 3, 0, 1, 0, '', '0', 0, '5a4dabc96d48d4b1744d1a6c57876531', '2018-06-22 07:06:08'),
	(9, 'Example 22', '', '', 'D3FD84E3DF290744DAC5A35660CFECC3', '', NULL, '22-06-2018', '23-06-2018', 'This is note.\nThis is another note.', 3, 0, 1, 0, '', '0', 0, '5a4dabc96d48d4b1744d1a6c57876531', '2018-06-22 07:39:40'),
	(10, '1', '', '', 'e2c737da514561089dc532af9caf0014', '', NULL, '22-06-2018', '23-06-2018', '', 3, 0, 1, 0, '', '0', NULL, '5a4dabc96d48d4b1744d1a6c57876531', '2018-06-22 07:39:46'),
	(11, 'Example 22 33 44', '', '', 'b2bbadcd9dbd1a713dfe60f12a990cb1', '', NULL, '20-06-2018', '23-06-2018', '', 3, 0, 1, 0, '', '0', 0, '5a4dabc96d48d4b1744d1a6c57876531', '2018-06-22 07:39:51'),
	(12, 'c', '', '', 'cebf3ee19ac57b67916a955589eb3219', '', NULL, '21-06-2018', '23-06-2018', '', 3, 0, 0, 0, '', '0', NULL, '5a4dabc96d48d4b1744d1a6c57876531', '2018-06-22 07:42:22'),
	(13, 'Example', '', '', 'F5D5C1A388392710CDAFD107DA186790', '', NULL, '14-06-2018', '15-06-2018', '', 1, 200000, 0, 0, '11:1||12:1', '0', 0, '5a4dabc96d48d4b1744d1a6c57876531', '2018-06-28 10:48:46'),
	(14, 'Example 3', '', '', 'b2bbadcd9dbd1a713dfe60f12a990cb1', '', NULL, '14-06-2018', '15-06-2018', '', 3, 110000, 1, 0, '', '0', 0, '5a4dabc96d48d4b1744d1a6c57876531', '2018-06-29 06:09:21'),
	(15, 'Example 1', '', '', '14D4A6B9DBE8E194104624460995BE2F', '', NULL, '29-06-2018', '30-06-2018', '', 3, 0, 1, 0, '', '0', 0, '42f217e545b1a8351372b61609dd3866', '2018-06-29 09:39:36'),
	(16, 'Example 28', '', '', '14D4A6B9DBE8E194104624460995BE2F', '', NULL, '28-06-2018', '29-06-2018', '', 3, 0, 1, 0, '', '0', 0, '5a4dabc96d48d4b1744d1a6c57876531', '2018-07-01 07:13:21'),
	(17, 'Example 27', '', '', '14D4A6B9DBE8E194104624460995BE2F', '', NULL, '27-06-2018', '28-06-2018', '', 3, 0, 0, 0, '', '0', 0, '5a4dabc96d48d4b1744d1a6c57876531', '2018-07-01 07:13:36'),
	(18, 'Example 1_7', '', '', '14D4A6B9DBE8E194104624460995BE2F', '', NULL, '01-07-2018', '02-07-2018', '', 3, 0, 1, 0, '', '0', 0, '5a4dabc96d48d4b1744d1a6c57876531', '2018-07-01 07:16:20'),
	(19, 'Example 30/6', '', '', '14D4A6B9DBE8E194104624460995BE2F', '', NULL, '30-06-2018', '01-07-2018', '', 3, 0, 1, 0, '', '0', 0, '5a4dabc96d48d4b1744d1a6c57876531', '2018-07-01 07:16:33'),
	(20, 'Example 31_7', '', '', '14D4A6B9DBE8E194104624460995BE2F', '', NULL, '31-07-2018', '01-08-2018', '', 3, 0, 1, 0, '', '0', 0, '5a4dabc96d48d4b1744d1a6c57876531', '2018-07-01 07:42:27'),
	(21, 'Example 30_7', '', '', '14D4A6B9DBE8E194104624460995BE2F', '', NULL, '30-07-2018', '31-07-2018', '', 3, 0, 0, 0, '', '0', 0, '5a4dabc96d48d4b1744d1a6c57876531', '2018-07-01 07:42:41'),
	(22, 'Example 29_7', '', '', '14D4A6B9DBE8E194104624460995BE2F', '', NULL, '29-07-2018', '30-07-2018', '', 3, 0, 0, 0, '', '0', 0, '5a4dabc96d48d4b1744d1a6c57876531', '2018-07-01 07:43:07'),
	(23, 'Example 28_7', '', '', '14D4A6B9DBE8E194104624460995BE2F', '', NULL, '28-07-2018', '29-07-2018', '', 3, 0, 0, 0, '', '0', 0, '5a4dabc96d48d4b1744d1a6c57876531', '2018-07-01 07:43:20'),
	(24, 'Example 1_2', '', '', '14D4A6B9DBE8E194104624460995BE2F', '', NULL, '01-02-2018', '04-02-2018', '', 3, 0, 1, 0, '', '0', 0, '5a4dabc96d48d4b1744d1a6c57876531', '2018-07-02 02:23:21'),
	(25, 'Example 28_2', '', '', '14D4A6B9DBE8E194104624460995BE2F', '', NULL, '28-02-2018', '01-03-2018', '', 3, 0, 1, 0, '', '0', 0, '5a4dabc96d48d4b1744d1a6c57876531', '2018-07-02 02:24:45'),
	(26, 'Example 1_2', '', '', 'D3FD84E3DF290744DAC5A35660CFECC3', '', NULL, '01-02-2018', '02-02-2018', '', 3, 0, 0, 0, '', '0', 0, '5a4dabc96d48d4b1744d1a6c57876531', '2018-07-02 02:24:57'),
	(27, 'Example 5_7', '', '', 'D3FD84E3DF290744DAC5A35660CFECC3', '', NULL, '05-07-2018', '09-07-2018', '', 1, 150000, 4, 0, '3:1||6:1', '1:1||2', 1, '5a4dabc96d48d4b1744d1a6c57876531', '2018-07-02 02:53:34'),
	(28, 'Example 1_7 2', '', '', 'F5D5C1A388392710CDAFD107DA186790', '', NULL, '01-07-2018', '03-07-2018', '', 3, 0, 1, 0, '', '0', 0, '5a4dabc96d48d4b1744d1a6c57876531', '2018-07-02 03:02:32'),
	(29, 'Example 1_7 3', '', '', 'e2c737da514561089dc532af9caf0014', '', NULL, '01-07-2018', '04-07-2018', '', 3, 0, 1, 0, '', '0', 0, '5a4dabc96d48d4b1744d1a6c57876531', '2018-07-02 03:02:45'),
	(30, 'Example 2_7', '', '', 'b2bbadcd9dbd1a713dfe60f12a990cb1', '', NULL, '02-07-2018', '04-07-2018', '', 3, 0, 1, 0, '', '0', 0, '5a4dabc96d48d4b1744d1a6c57876531', '2018-07-02 03:04:41'),
	(31, 'Example 2_7 2', '', '', 'cebf3ee19ac57b67916a955589eb3219', '', NULL, '02-07-2018', '03-07-2018', '', 3, 0, 1, 0, '', '0', 0, '5a4dabc96d48d4b1744d1a6c57876531', '2018-07-02 07:46:34'),
	(32, 'Example 1_8 22 33 44 55 6', '', '', '14D4A6B9DBE8E194104624460995BE2F', '', NULL, '01-08-2018', '02-08-2018', '', 3, 0, 1, 0, '', '0', 0, '5a4dabc96d48d4b1744d1a6c57876531', '2018-07-02 09:03:54'),
	(33, 'Example 1_8 2', '', '', 'D3FD84E3DF290744DAC5A35660CFECC3', '', NULL, '01-08-2018', '03-08-2018', '', 3, 0, 1, 0, '', '0', 0, '5a4dabc96d48d4b1744d1a6c57876531', '2018-07-02 09:05:29'),
	(34, 'Example 2/8 33 44 55 66 7', '', '', 'F5D5C1A388392710CDAFD107DA186790', '', NULL, '02-08-2018', '03-08-2018', '', 3, 0, 1, 0, '', '0', 0, '5a4dabc96d48d4b1744d1a6c57876531', '2018-07-02 09:40:59'),
	(35, 'Example 2\\.6', '', '', 'ec90cbb7dc5aba67d1df0a7c7b0c588f', '', NULL, '21-06-2018', '22-06-2018', '', 3, 0, 1, 0, '', '0', 0, '5a4dabc96d48d4b1744d1a6c57876531', '2018-07-02 10:05:45'),
	(36, 'Anh Luận', '', '', '14D4A6B9DBE8E194104624460995BE2F', '', NULL, '04-07-2018', '05-07-2018', '', 3, 0, 1, 0, '9:1', '0', 0, '5a4dabc96d48d4b1744d1a6c57876531', '2018-07-03 08:41:28'),
	(37, 'Anh Khánh', '', '', '14D4A6B9DBE8E194104624460995BE2F', '', NULL, '03-07-2018', '04-07-2018', '', 1, 0, 1, 0, '9:1', '0', 0, '42f217e545b1a8351372b61609dd3866', '2018-07-03 08:42:26'),
	(38, 'chị Nam', '', '', 'D3FD84E3DF290744DAC5A35660CFECC3', '', NULL, '03-07-2018', '04-07-2018', '', 1, 0, 1, 0, '', '0', 0, '42f217e545b1a8351372b61609dd3866', '2018-07-03 08:44:12'),
	(39, 'Anh Luan 1', '', '', '14D4A6B9DBE8E194104624460995BE2F', '', NULL, '03-08-2018', '04-08-2018', '', 3, 0, 1, 0, '', '0', 0, '5a4dabc96d48d4b1744d1a6c57876531', '2018-07-03 09:13:48'),
	(40, 'qwertyuio', '', '', '14D4A6B9DBE8E194104624460995BE2F', '', NULL, '04-08-2018', '05-08-2018', '', 3, 0, 1, 0, '', '0', 0, '5a4dabc96d48d4b1744d1a6c57876531', '2018-07-03 09:16:05'),
	(41, 'qwertyuio', '', '', '14D4A6B9DBE8E194104624460995BE2F', '', NULL, '01-09-2018', '02-09-2018', '', 3, 0, 1, 0, '', '0', 0, '5a4dabc96d48d4b1744d1a6c57876531', '2018-07-03 09:18:14'),
	(42, 'qwertyuio', '', '', '14D4A6B9DBE8E194104624460995BE2F', '', NULL, '02-09-2018', '03-09-2018', '', 3, 0, 1, 0, '', '0', 0, '5a4dabc96d48d4b1744d1a6c57876531', '2018-07-03 09:18:22'),
	(43, 'qwertyuio', '', '', '14D4A6B9DBE8E194104624460995BE2F', '', NULL, '03-09-2018', '04-09-2018', '', 3, 0, 1, 0, '', '0', 0, '5a4dabc96d48d4b1744d1a6c57876531', '2018-07-03 09:18:30'),
	(44, 'qwertyuio', '', '', '14D4A6B9DBE8E194104624460995BE2F', '', NULL, '04-09-2018', '05-09-2018', '', 3, 0, 1, 0, '', '0', 0, '5a4dabc96d48d4b1744d1a6c57876531', '2018-07-03 09:18:38'),
	(45, 'qwertyuio', '', '', 'D3FD84E3DF290744DAC5A35660CFECC3', '', NULL, '02-09-2018', '06-09-2018', '', 3, 0, 1, 0, '', '0', 0, '5a4dabc96d48d4b1744d1a6c57876531', '2018-07-03 09:18:49'),
	(46, 'qwertyuio', '', '', 'F5D5C1A388392710CDAFD107DA186790', '', NULL, '04-09-2018', '07-09-2018', '', 3, 0, 1, 0, '', '0', 0, '5a4dabc96d48d4b1744d1a6c57876531', '2018-07-03 09:19:00'),
	(47, 'qwertyuio', '', '', '14D4A6B9DBE8E194104624460995BE2F', '', NULL, '05-09-2018', '06-09-2018', '', 3, 0, 1, 0, '', '0', 0, '5a4dabc96d48d4b1744d1a6c57876531', '2018-07-03 09:19:09'),
	(48, 'qwertyuio', '', '', '14D4A6B9DBE8E194104624460995BE2F', '', NULL, '06-09-2018', '07-09-2018', '', 3, 0, 1, 0, '', '0', 0, '5a4dabc96d48d4b1744d1a6c57876531', '2018-07-03 09:19:32'),
	(49, 'qwertyuio', '', '', '14D4A6B9DBE8E194104624460995BE2F', '', NULL, '08-09-2018', '09-09-2018', '', 3, 0, 1, 0, '', '0', 0, '5a4dabc96d48d4b1744d1a6c57876531', '2018-07-03 09:36:02'),
	(50, 'qwertyuio', '', '', '14D4A6B9DBE8E194104624460995BE2F', '', NULL, '09-09-2018', '10-09-2018', '', 3, 0, 1, 0, '', '0', 0, '5a4dabc96d48d4b1744d1a6c57876531', '2018-07-03 09:36:11'),
	(51, 'qwertyuio', '', '', '14D4A6B9DBE8E194104624460995BE2F', '', NULL, '10-09-2018', '11-09-2018', '', 3, 0, 1, 0, '', '0', 0, '5a4dabc96d48d4b1744d1a6c57876531', '2018-07-03 09:36:19'),
	(52, 'qwertyuio', '', '', '14D4A6B9DBE8E194104624460995BE2F', '', NULL, '11-09-2018', '12-09-2018', '', 3, 0, 1, 0, '', '0', 0, '5a4dabc96d48d4b1744d1a6c57876531', '2018-07-03 09:36:28'),
	(53, 'qwertyuio', '', '', '14D4A6B9DBE8E194104624460995BE2F', '', NULL, '12-09-2018', '13-09-2018', '', 3, 0, 1, 0, '', '0', 0, '5a4dabc96d48d4b1744d1a6c57876531', '2018-07-03 09:37:36'),
	(54, 'qwertyuiopasdfghjkl', '', '', '14D4A6B9DBE8E194104624460995BE2F', '', NULL, '01-10-2018', '02-10-2018', '', 3, 0, 1, 0, '', '0', 0, '5a4dabc96d48d4b1744d1a6c57876531', '2018-07-03 09:39:04'),
	(55, 'qwertyuiopasdfghjkl', '', '', '14D4A6B9DBE8E194104624460995BE2F', '', NULL, '02-10-2018', '03-10-2018', '', 3, 0, 1, 0, '', '0', 0, '5a4dabc96d48d4b1744d1a6c57876531', '2018-07-03 09:39:09'),
	(56, 'qwertyuiopasdfghjkl', '', '', '14D4A6B9DBE8E194104624460995BE2F', '', NULL, '03-10-2018', '04-10-2018', '', 3, 0, 1, 0, '', '0', 0, '5a4dabc96d48d4b1744d1a6c57876531', '2018-07-03 09:39:14'),
	(57, 'qwertyuiopasdfghjkl', '', '', '14D4A6B9DBE8E194104624460995BE2F', '', NULL, '04-10-2018', '05-10-2018', '', 3, 0, 1, 0, '', '0', 0, '5a4dabc96d48d4b1744d1a6c57876531', '2018-07-03 09:39:19'),
	(58, 'qwertyuiopasdfghjklzxcvbn', '', '', '14D4A6B9DBE8E194104624460995BE2F', '', NULL, '05-10-2018', '06-10-2018', '', 3, 0, 1, 0, '', '0', 0, '5a4dabc96d48d4b1744d1a6c57876531', '2018-07-03 09:54:01'),
	(59, 'qwertyuiopasdfghjklzxcvbn', '', '', '14D4A6B9DBE8E194104624460995BE2F', '', NULL, '01-11-2018', '02-11-2018', '', 3, 0, 1, 0, '', '0', 0, '5a4dabc96d48d4b1744d1a6c57876531', '2018-07-03 09:42:01'),
	(60, 'qwertyuiopasdfghjklzxcvbn', '', '', '14D4A6B9DBE8E194104624460995BE2F', '', NULL, '02-11-2018', '03-11-2018', '', 3, 0, 1, 0, '', '0', 0, '5a4dabc96d48d4b1744d1a6c57876531', '2018-07-03 09:42:33'),
	(61, 'qwertyuiopasdfghjkl', '', '', '14D4A6B9DBE8E194104624460995BE2F', '', NULL, '03-11-2018', '04-11-2018', '', 3, 0, 1, 0, '', '0', 0, '5a4dabc96d48d4b1744d1a6c57876531', '2018-07-03 09:42:54'),
	(62, 'Hoàng thị Mai Anh', '', '', 'F5D5C1A388392710CDAFD107DA186790', '', NULL, '03-07-2018', '04-07-2018', '', 3, 0, 1, 0, '', '0', 0, '5a4dabc96d48d4b1744d1a6c57876531', '2018-07-03 09:53:15'),
	(63, 'qwertyuiopasdfghjkl', '', '', '14D4A6B9DBE8E194104624460995BE2F', '', NULL, '06-10-2018', '07-10-2018', '', 3, 0, 1, 0, '', '0', 0, '5a4dabc96d48d4b1744d1a6c57876531', '2018-07-03 09:54:13'),
	(64, 'qwertyuiopasdfghjklzx', '', '', '14D4A6B9DBE8E194104624460995BE2F', '', NULL, '07-10-2018', '08-10-2018', '', 3, 0, 1, 0, '', '0', 0, '5a4dabc96d48d4b1744d1a6c57876531', '2018-07-03 09:54:26'),
	(65, 'qwertyuiopasdfghjkl', '', '', '14D4A6B9DBE8E194104624460995BE2F', '', NULL, '08-10-2018', '09-10-2018', '', 3, 0, 1, 0, '', '0', 0, '5a4dabc96d48d4b1744d1a6c57876531', '2018-07-03 09:54:46'),
	(66, 'qwertyuiopasdfghjkl', '', '', '14D4A6B9DBE8E194104624460995BE2F', '', NULL, '09-10-2018', '10-10-2018', '', 3, 0, 1, 0, '', '0', 0, '5a4dabc96d48d4b1744d1a6c57876531', '2018-07-03 10:04:02'),
	(67, 'qwertyuiopasdfghjkl', '', '', '14D4A6B9DBE8E194104624460995BE2F', '', NULL, '04-11-2018', '05-11-2018', '', 3, 0, 1, 0, '', '0', 0, '5a4dabc96d48d4b1744d1a6c57876531', '2018-07-03 10:07:37'),
	(68, 'qwertyuiopasdfghjkl', '', '', '14D4A6B9DBE8E194104624460995BE2F', '', NULL, '05-11-2018', '06-11-2018', '', 3, 0, 1, 0, '', '0', 0, '5a4dabc96d48d4b1744d1a6c57876531', '2018-07-03 10:07:43'),
	(69, 'qwertyuiopasdfghjkl', '', '', '14D4A6B9DBE8E194104624460995BE2F', '', NULL, '06-11-2018', '07-11-2018', '', 3, 0, 1, 0, '', '0', 0, '5a4dabc96d48d4b1744d1a6c57876531', '2018-07-03 10:07:49'),
	(70, 'qwertyuiopasdfghjkl', '', '', '14D4A6B9DBE8E194104624460995BE2F', '', NULL, '07-11-2018', '08-11-2018', '', 3, 0, 1, 0, '', '0', 0, '5a4dabc96d48d4b1744d1a6c57876531', '2018-07-03 10:07:56'),
	(71, 'qwertyuiopasdfghjkl', '', '', '14D4A6B9DBE8E194104624460995BE2F', '', NULL, '08-11-2018', '09-11-2018', '', 3, 0, 1, 0, '', '0', 0, '5a4dabc96d48d4b1744d1a6c57876531', '2018-07-03 10:08:03'),
	(72, 'qwertyuiopasdfghjkl', '', '', '14D4A6B9DBE8E194104624460995BE2F', '', NULL, '09-11-2018', '10-11-2018', '', 3, 0, 1, 0, '', '0', 0, '5a4dabc96d48d4b1744d1a6c57876531', '2018-07-03 10:08:10'),
	(73, 'qwertyuiopasdfghjkl', '', '', '14D4A6B9DBE8E194104624460995BE2F', '', NULL, '10-11-2018', '11-11-2018', '', 3, 0, 1, 0, '', '0', 0, '5a4dabc96d48d4b1744d1a6c57876531', '2018-07-03 10:19:38'),
	(74, 'qwertyuiopasdfghjkl', '', '', '14D4A6B9DBE8E194104624460995BE2F', '', NULL, '11-11-2018', '12-11-2018', '', 3, 0, 1, 0, '', '0', 0, '5a4dabc96d48d4b1744d1a6c57876531', '2018-07-03 10:19:46'),
	(75, 'qwertyuiopasdfghjkl', '', '', '14D4A6B9DBE8E194104624460995BE2F', '', NULL, '12-11-2018', '13-11-2018', '', 3, 0, 1, 0, '', '0', 0, '5a4dabc96d48d4b1744d1a6c57876531', '2018-07-03 10:19:53'),
	(76, 'qwertyuiopasdfghjkl', '', '', '14D4A6B9DBE8E194104624460995BE2F', '', NULL, '13-11-2018', '14-11-2018', '', 3, 0, 1, 0, '', '0', 0, '5a4dabc96d48d4b1744d1a6c57876531', '2018-07-03 10:19:59'),
	(77, 'qwertyuiopasdfghjkl', '', '', '14D4A6B9DBE8E194104624460995BE2F', '', NULL, '14-11-2018', '15-11-2018', '', 3, 0, 1, 0, '', '0', 0, '5a4dabc96d48d4b1744d1a6c57876531', '2018-07-03 10:20:05'),
	(78, 'qwertyuiopasdfghjkl', '', '', '14D4A6B9DBE8E194104624460995BE2F', '', NULL, '15-11-2018', '16-11-2018', '', 3, 0, 1, 0, '', '0', 0, '5a4dabc96d48d4b1744d1a6c57876531', '2018-07-03 10:20:13'),
	(79, 'qwertyuiopasdfghjkl', '', '', '14D4A6B9DBE8E194104624460995BE2F', '', NULL, '16-11-2018', '17-11-2018', '', 3, 0, 1, 0, '', '0', 0, '5a4dabc96d48d4b1744d1a6c57876531', '2018-07-03 10:20:20'),
	(80, 'qwertyuiopasdfghjkl', '', '', '14D4A6B9DBE8E194104624460995BE2F', '', NULL, '17-11-2018', '18-11-2018', '', 3, 0, 1, 0, '', '0', 0, '5a4dabc96d48d4b1744d1a6c57876531', '2018-07-03 10:20:27'),
	(81, 'qwertyuiopasdfghjkl', '', '', '14D4A6B9DBE8E194104624460995BE2F', '', NULL, '18-11-2018', '19-11-2018', '', 3, 0, 1, 0, '', '0', 0, '5a4dabc96d48d4b1744d1a6c57876531', '2018-07-03 10:20:38'),
	(82, 'qwertyuiopasdfghjkl', '', '', '14D4A6B9DBE8E194104624460995BE2F', '', NULL, '19-11-2018', '20-11-2018', '', 3, 0, 1, 0, '', '0', 0, '5a4dabc96d48d4b1744d1a6c57876531', '2018-07-03 10:20:44'),
	(83, '11 22 33 44 55 66 77 88 9', '', '', 'cebf3ee19ac57b67916a955589eb3219', '', NULL, '03-07-2018', '04-07-2018', '', 3, 0, 1, 0, '', '0', 0, '5a4dabc96d48d4b1744d1a6c57876531', '2018-07-03 10:23:38');
/*!40000 ALTER TABLE `booking_room` ENABLE KEYS */;

-- Dumping structure for table quanlyks.config
DROP TABLE IF EXISTS `config`;
CREATE TABLE IF NOT EXISTS `config` (
  `CfConfigId` varchar(50) NOT NULL,
  `CfName` varchar(50) DEFAULT NULL,
  `CfAlias` varchar(50) DEFAULT NULL,
  `CfValue` text,
  `CfCreatedDate` datetime DEFAULT CURRENT_TIMESTAMP,
  PRIMARY KEY (`CfConfigId`) USING BTREE
) ENGINE=InnoDB DEFAULT CHARSET=utf8 ROW_FORMAT=COMPACT;

-- Dumping data for table quanlyks.config: ~11 rows (approximately)
/*!40000 ALTER TABLE `config` DISABLE KEYS */;
REPLACE INTO `config` (`CfConfigId`, `CfName`, `CfAlias`, `CfValue`, `CfCreatedDate`) VALUES
	('', 'Tên Khách sạn', 'hotel-name', 'Khách Sạn Demo', '2018-06-07 14:37:05'),
	('1ac713007216c70d7b19433e3dc5731e', 'Giá phòng người lớn / 1 người', 'aldult', '100000', '2018-05-25 13:49:56'),
	('49704672ddfc31c3afce000550f28b5e', 'Đơn vị tiền tệ', 'currency', 'VNĐ', '2018-05-25 13:43:07'),
	('5394b98ed37cd79e174bc32a49a1a073', 'Tên Website', 'website-name', 'Quản lý khách sạn', '2018-05-25 13:49:56'),
	('68be316a72eb5d14e3c40ff9f962c6a4', 'VAT', 'vat', '10', '2018-06-05 00:37:41'),
	('6ebbc2a4a7b0863ebd4749cfe9aa95f9', 'Nhận phòng sớm', 'get-room-early', '1:100000||2:150000||4:250000||5:500000', '2018-05-25 13:49:56'),
	('7abd623eff0c0e7d1945132d767fafe8', 'Email', 'email', 'zolawebgroup@gmail.com', '2018-06-07 14:37:24'),
	('8e17ec05fc398bb49b3f48e88f7ef2e7', 'Số điện thoại', 'phone', '01674210615', '2018-06-07 14:37:59'),
	('a198493f632696d0e4e5d37c9cf83485', 'Địa chỉ', 'address', '72, Tên Đường Đây, Thừa Thiên Huế, Việt Nam', '2018-06-07 14:38:28'),
	('aa9c668a5430223533ce6bfc7c447b87', 'Website', 'website', 'zolawebgroup.com', '2018-06-07 14:38:49'),
	('d4349bc5b935d0d27cfcf92949e3c9e3', 'LoginUserInfo', 'login-user-info', '5a4dabc96d48d4b1744d1a6c57876531', '2018-05-24 02:47:44');
/*!40000 ALTER TABLE `config` ENABLE KEYS */;

-- Dumping structure for table quanlyks.logs
DROP TABLE IF EXISTS `logs`;
CREATE TABLE IF NOT EXISTS `logs` (
  `LgLogId` int(11) NOT NULL,
  `LgContent` text NOT NULL,
  `LgCreatedDate` datetime NOT NULL DEFAULT CURRENT_TIMESTAMP,
  PRIMARY KEY (`LgLogId`) USING BTREE
) ENGINE=InnoDB DEFAULT CHARSET=utf8 ROW_FORMAT=COMPACT COMMENT='Write log of every actitive on websites';

-- Dumping data for table quanlyks.logs: ~20 rows (approximately)
/*!40000 ALTER TABLE `logs` DISABLE KEYS */;
REPLACE INTO `logs` (`LgLogId`, `LgContent`, `LgCreatedDate`) VALUES
	(12238, 'Người dùng <b>admin</b> đã chỉnh sửa thông tin đặt phòng của khách: <b>qwertyuio</b>', '2018-07-03 04:17:05'),
	(15497, 'Người dùng <b>nhanviena</b> đã đăng xuất vào lúc: <b>03-07-2018 03:43:41 pm</b>', '2018-07-03 03:43:41'),
	(16327, 'Người dùng <b>admin</b> đã chỉnh sửa thông tin đặt phòng của khách: <b>qwertyuio</b>', '2018-07-03 04:36:02'),
	(41718, 'Người dùng <b>admin</b> đã chỉnh sửa thông tin đặt phòng của khách: <b>qwertyuiopasdfghjklzxcvbn</b>', '2018-07-03 04:42:33'),
	(47913, 'Người dùng <b>admin</b> đã chỉnh sửa thông tin đặt phòng của khách: <b>qwertyuiop</b>', '2018-07-03 04:36:28'),
	(68665, 'Người dùng <b>admin</b> đã chỉnh sửa thông tin đặt phòng của khách: <b>qwertyuiopasdfghjkl</b>', '2018-07-03 05:20:20'),
	(70008, 'Người dùng <b>admin</b> đã chỉnh sửa thông tin đặt phòng của khách: <b>qwertyuio</b>', '2018-07-03 04:18:14'),
	(83893, 'Người dùng <b>admin</b> đã chỉnh sửa thông tin đặt phòng của khách: <b>qwertyuiopasdfghjkl</b>', '2018-07-03 04:39:14'),
	(89844, 'Người dùng <b>admin</b> đã chỉnh sửa thông tin đặt phòng của khách: <b>qwertyuiopasdfghj</b>', '2018-07-03 04:39:40'),
	(93232, 'Người dùng <b>admin</b> đã chỉnh sửa thông tin đặt phòng của khách: <b>qwertyuiopasdfghjkl</b>', '2018-07-03 04:19:43'),
	(95368, 'Người dùng <b>admin</b> đã chỉnh sửa thông tin đặt phòng của khách: <b>qwertyuiopasdfghjkl</b>', '2018-07-03 05:20:13'),
	(99182, 'Người dùng <b>nhanviena</b> đã chỉnh sửa thông tin đặt phòng của khách: <b>chị Nam</b>', '2018-07-03 03:41:39'),
	(112793, 'Người dùng <b>admin</b> đã chỉnh sửa thông tin đặt phòng của khách: <b>qwertyuiop</b>', '2018-07-03 04:36:49'),
	(116150, 'Người dùng <b>admin</b> đã chỉnh sửa thông tin đặt phòng của khách: <b>qwertyuiopasdfghjkl</b>', '2018-07-03 05:07:56'),
	(120309, 'Người dùng <b>admin</b> đã chỉnh sửa thông tin đặt phòng của khách: <b>11 22 33 44 55 66 77 88 9</b>', '2018-07-03 03:50:42'),
	(144604, 'Người dùng <b>admin</b> đã đăng nhập vào lúc: <b>03-07-2018 03:43:49 pm</b>', '2018-07-03 03:43:49'),
	(169709, 'Người dùng <b>admin</b> đã chỉnh sửa thông tin đặt phòng của khách: <b>qwertyuiopasdfgh</b>', '2018-07-03 04:39:46'),
	(171998, 'Người dùng <b>admin</b> đã chỉnh sửa thông tin đặt phòng của khách: <b>qwertyuio</b>', '2018-07-03 04:36:11'),
	(173798, 'Người dùng <b>admin</b> đã chỉnh sửa thông tin đặt phòng của khách: <b>qwertyuiopasdfghjkl</b>', '2018-07-03 04:53:47'),
	(176453, 'Người dùng <b>admin</b> đã chỉnh sửa thông tin đặt phòng của khách: <b>qwertyuio</b>', '2018-07-03 04:35:55'),
	(179566, 'Người dùng <b>admin</b> đã chỉnh sửa thông tin đặt phòng của khách: <b>qwertyuiopasdfghjkl</b>', '2018-07-03 04:19:59'),
	(190247, 'Người dùng <b>admin</b> đã chỉnh sửa thông tin đặt phòng của khách: <b>qwertyuio</b>', '2018-07-03 04:37:43'),
	(206524, 'Người dùng <b>admin</b> đã đăng xuất vào lúc: <b>03-07-2018 03:43:55 pm</b>', '2018-07-03 03:43:55'),
	(214997, 'Người dùng <b>admin</b> đã chỉnh sửa thông tin đặt phòng của khách: <b>Anh Luận 1</b>', '2018-07-03 04:13:06'),
	(221344, 'Người dùng <b>admin</b> đã chỉnh sửa thông tin đặt phòng của khách: <b>qwertyuiopasdfghjkl</b>', '2018-07-03 04:54:13'),
	(222504, 'Người dùng <b>admin</b> đã chỉnh sửa thông tin đặt phòng của khách: <b>qwertyuiopas</b>', '2018-07-03 04:40:21'),
	(227936, 'Người dùng <b>admin</b> đã chỉnh sửa thông tin đặt phòng của khách: <b>qwertyuiopasdfg</b>', '2018-07-03 04:43:01'),
	(237671, 'Người dùng <b>admin</b> đã chỉnh sửa thông tin đặt phòng của khách: <b>qwertyuiopasdfghjkl</b>', '2018-07-03 05:20:06'),
	(240906, 'Người dùng <b>admin</b> đã chỉnh sửa thông tin đặt phòng của khách: <b>qwertyuiopasdfghjklzxcvbn</b>', '2018-07-03 04:42:27'),
	(245972, 'Người dùng <b>admin</b> đã chỉnh sửa thông tin đặt phòng của khách: <b>Anh Luận</b>', '2018-07-03 04:12:55'),
	(246857, 'Người dùng <b>admin</b> đã chỉnh sửa thông tin đặt phòng của khách: <b>a</b>', '2018-07-03 04:16:06'),
	(249604, 'Người dùng <b>admin</b> đã chỉnh sửa thông tin đặt phòng của khách: <b>11 22 33 44 55 66 77 88 9</b>', '2018-07-03 05:23:38'),
	(295319, 'Người dùng <b>admin</b> đã chỉnh sửa thông tin đặt phòng của khách: <b>qwertyuio</b>', '2018-07-03 04:18:38'),
	(300110, 'Người dùng <b>admin</b> đã chỉnh sửa thông tin đặt phòng của khách: <b>qwertyuiopasdfghjklzx</b>', '2018-07-03 04:54:26'),
	(314698, 'Người dùng <b>admin</b> đã chỉnh sửa thông tin đặt phòng của khách: <b>qwertyuiopasdfghjkl</b>', '2018-07-03 05:04:02'),
	(317963, 'Người dùng <b>admin</b> đã chỉnh sửa thông tin đặt phòng của khách: <b>qwertyuiop</b>', '2018-07-03 04:36:41'),
	(318329, 'Người dùng <b>admin</b> đã chỉnh sửa thông tin đặt phòng của khách: <b>qwertyuiopasdfghjkl</b>', '2018-07-03 05:08:03'),
	(375092, 'Người dùng <b>admin</b> đã chỉnh sửa thông tin đặt phòng của khách: <b>qwertyuiopasdfghjk</b>', '2018-07-03 04:39:28'),
	(409394, 'Người dùng <b>admin</b> đã chỉnh sửa thông tin đặt phòng của khách: <b>qwertyuiopasdfghjkl</b>', '2018-07-03 04:39:04'),
	(416749, 'Người dùng <b>admin</b> đã chỉnh sửa thông tin đặt phòng của khách: <b>qwertyuiopasdfghjkl</b>', '2018-07-03 05:20:38'),
	(427277, 'Người dùng <b>admin</b> đã chỉnh sửa thông tin đặt phòng của khách: <b>qwertyuiopasdfghjkl</b>', '2018-07-03 05:20:44'),
	(432740, 'Người dùng <b>admin</b> đã đăng xuất vào lúc: <b>02-07-2018 06:44:45 pm</b>', '2018-07-02 06:45:45'),
	(465210, 'Người dùng <b>admin</b> đã chỉnh sửa thông tin đặt phòng của khách: <b>qwertyuiopasdfghjkl</b>', '2018-07-03 05:08:10'),
	(482819, 'Người dùng <b>nhanviena</b> đã đăng nhập vào lúc: <b>02-07-2018 06:44:49 pm</b>', '2018-07-02 06:46:49'),
	(488343, 'Người dùng <b>admin</b> đã chỉnh sửa thông tin đặt phòng của khách: <b>qwertyuio</b>', '2018-07-03 04:18:49'),
	(490174, 'Người dùng <b>admin</b> đã chỉnh sửa thông tin đặt phòng của khách: <b>qwertyuiopasdfghjkl</b>', '2018-07-03 05:19:53'),
	(495240, 'Người dùng <b>admin</b> đã chỉnh sửa thông tin đặt phòng của khách: <b>qwertyuio</b>', '2018-07-03 04:18:30'),
	(506287, 'Người dùng <b>admin</b> đã chỉnh sửa thông tin đặt phòng của khách: <b>qwertyuio</b>', '2018-07-03 04:19:32'),
	(512299, 'Người dùng <b>admin</b> đã đăng nhập vào lúc: <b>02-07-2018 06:44:55 pm</b>', '2018-07-02 06:47:55'),
	(513215, 'Người dùng <b>admin</b> đã chỉnh sửa thông tin đặt phòng của khách: <b>qwertyuio</b>', '2018-07-03 04:35:48'),
	(518494, 'Người dùng <b>admin</b> đã chỉnh sửa thông tin đặt phòng của khách: <b>Hoàng thị Mai Anh</b>', '2018-07-03 04:53:15'),
	(522980, 'Người dùng <b>admin</b> đã chỉnh sửa thông tin đặt phòng của khách: <b>qqqqqqqqqqqqqqqqqqqqqqqqq</b>', '2018-07-03 04:42:01'),
	(561921, 'Người dùng <b>admin</b> đã chỉnh sửa thông tin đặt phòng của khách: <b>qwertyuio</b>', '2018-07-03 04:36:19'),
	(569581, 'Người dùng <b>admin</b> đã chỉnh sửa thông tin đặt phòng của khách: <b>Anh Luan 2</b>', '2018-07-03 04:14:06'),
	(570945, 'Người dùng <b>nhanviena</b> đã chỉnh sửa thông tin đặt phòng của khách: <b>Anh Luận</b>', '2018-07-03 03:38:55'),
	(573212, 'Người dùng <b>admin</b> đã chỉnh sửa thông tin đặt phòng của khách: <b>qwertyuiopasdf</b>', '2018-07-03 04:39:57'),
	(582764, 'Người dùng <b>admin</b> đã chỉnh sửa thông tin đặt phòng của khách: <b>qwert</b>', '2018-07-03 04:40:29'),
	(586884, 'Người dùng <b>admin</b> đã chỉnh sửa thông tin đặt phòng của khách: <b>qwertyuiopasdfghjkl</b>', '2018-07-03 05:19:59'),
	(590394, 'Người dùng <b>admin</b> đã chỉnh sửa thông tin đặt phòng của khách: <b>qwertyuiopasdfghjkl</b>', '2018-07-03 05:07:30'),
	(594056, 'Người dùng <b>admin</b> đã chỉnh sửa thông tin đặt phòng của khách: <b>qwertyuiopasd</b>', '2018-07-03 04:40:15'),
	(609314, 'Người dùng <b>admin</b> đã chỉnh sửa thông tin đặt phòng của khách: <b>qwertyuiopasdfg</b>', '2018-07-03 04:39:51'),
	(610138, 'Người dùng <b>admin</b> đã chỉnh sửa thông tin đặt phòng của khách: <b>qwertyuiopasdfghjkl</b>', '2018-07-03 05:07:49'),
	(620844, 'Người dùng <b>admin</b> đã đăng xuất vào lúc: <b>02-07-2018 06:49:28 pm</b>', '2018-07-02 06:49:28'),
	(636506, 'Người dùng <b>admin</b> đã chỉnh sửa thông tin đặt phòng của khách: <b>qwertyuiopasdfghjkl</b>', '2018-07-03 05:19:46'),
	(638947, 'Người dùng <b>admin</b> đã chỉnh sửa thông tin đặt phòng của khách: <b>qwertyuiopasdfghjkl</b>', '2018-07-03 04:19:19'),
	(641449, 'Người dùng <b>admin</b> đã chỉnh sửa thông tin đặt phòng của khách: <b>qwertyu</b>', '2018-07-03 04:16:47'),
	(641658, 'Người dùng <b>nhanviena</b> đã đăng nhập vào lúc: <b>03-07-2018 03:37:52 pm</b>', '2018-07-03 03:37:52'),
	(643616, 'Người dùng <b>admin</b> đã chỉnh sửa thông tin đặt phòng của khách: <b>qwertyuiopasdf</b>', '2018-07-03 04:43:06'),
	(654531, 'Người dùng <b>admin</b> đã đăng nhập vào lúc: <b>02-07-2018 06:49:38 pm</b>', '2018-07-02 06:49:38'),
	(654712, 'Người dùng <b>nhanviena</b> đã chỉnh sửa thông tin đặt phòng của khách: <b>Hoàng thị Mai Anh</b>', '2018-07-03 03:42:42'),
	(657532, 'Người dùng <b>admin</b> đã chỉnh sửa thông tin đặt phòng của khách: <b>qwerty</b>', '2018-07-03 04:16:38'),
	(659821, 'Người dùng <b>admin</b> đã chỉnh sửa thông tin đặt phòng của khách: <b>qwertyuiopas</b>', '2018-07-03 04:40:07'),
	(682465, 'Người dùng <b>admin</b> đã chỉnh sửa thông tin đặt phòng của khách: <b>qwertyuiopasdfghjkl</b>', '2018-07-03 04:54:46'),
	(692933, 'Người dùng <b>admin</b> đã chỉnh sửa thông tin đặt phòng của khách: <b>qwertyuiopasdfghjkl</b>', '2018-07-03 04:39:19'),
	(698334, 'Người dùng <b>admin</b> đã chỉnh sửa thông tin đặt phòng của khách: <b>qwertyuiopasdfghjkl</b>', '2018-07-03 05:07:37'),
	(711304, 'Người dùng <b>admin</b> đã chỉnh sửa thông tin đặt phòng của khách: <b>qwertyuiopasdfghjklzxcvbn</b>', '2018-07-03 04:54:01'),
	(725960, 'Người dùng <b>nhanviena</b> đã chỉnh sửa thông tin đặt phòng của khách: <b>Anh Khánh</b>', '2018-07-03 03:39:53'),
	(736329, 'Người dùng <b>admin</b> đã chỉnh sửa thông tin đặt phòng của khách: <b>qwertyuiopasdfghjkl</b>', '2018-07-03 05:19:38'),
	(747437, 'Người dùng <b>admin</b> đã chỉnh sửa thông tin đặt phòng của khách: <b>qwertyuiopasd</b>', '2018-07-03 04:40:02'),
	(747803, 'Người dùng <b>admin</b> đã chỉnh sửa thông tin đặt phòng của khách: <b>qwertyuiop</b>', '2018-07-03 04:16:56'),
	(750153, 'Người dùng <b>admin</b> đã chỉnh sửa thông tin đặt phòng của khách: <b>qwertyuiop</b>', '2018-07-03 04:37:36'),
	(751160, 'Người dùng <b>admin</b> đã chỉnh sửa thông tin đặt phòng của khách: <b>qwertyuio</b>', '2018-07-03 04:38:48'),
	(765961, 'Người dùng <b>admin</b> đã chỉnh sửa thông tin đặt phòng của khách: <b>Anh Luan 1</b>', '2018-07-03 04:13:48'),
	(766236, 'Người dùng <b>admin</b> đã chỉnh sửa thông tin đặt phòng của khách: <b>qwertyuiopasdfghjkl</b>', '2018-07-03 04:39:09'),
	(767074, 'Người dùng <b>admin</b> đã đăng nhập vào lúc: <b>03-07-2018 03:44:00 pm</b>', '2018-07-03 03:44:01'),
	(782805, 'Người dùng <b>admin</b> đã đăng xuất vào lúc: <b>03-07-2018 03:37:45 pm</b>', '2018-07-03 03:37:45'),
	(820954, 'Người dùng <b>admin</b> đã chỉnh sửa thông tin đặt phòng của khách: <b>qwert</b>', '2018-07-03 04:16:32'),
	(823243, 'Người dùng <b>admin</b> đã chỉnh sửa thông tin đặt phòng của khách: <b>qwertyuiopasdfghjkl</b>', '2018-07-03 05:07:44'),
	(824222, 'Người dùng <b>nhanviena</b> đã chỉnh sửa thông tin đặt phòng của khách: <b>fsdfsdafasdfasdfasdfasdfa</b>', '2018-07-03 03:42:10'),
	(824799, 'Người dùng <b>admin</b> đã chỉnh sửa thông tin đặt phòng của khách: <b>qwertyuio</b>', '2018-07-03 04:19:00'),
	(842392, 'Người dùng <b>nhanviena</b> đã chỉnh sửa thông tin đặt phòng của khách: <b>Anh Khánh</b>', '2018-07-03 03:40:11'),
	(857911, 'Người dùng <b>admin</b> đã chỉnh sửa thông tin đặt phòng của khách: <b>qwertyuiop</b>', '2018-07-03 04:19:09'),
	(858216, 'Người dùng <b>admin</b> đã chỉnh sửa thông tin đặt phòng của khách: <b>Anh Luận</b>', '2018-07-03 04:13:14'),
	(913788, 'Người dùng <b>admin</b> đã chỉnh sửa thông tin đặt phòng của khách: <b>qwertyuio</b>', '2018-07-03 04:18:22'),
	(921174, 'Người dùng <b>admin</b> đã chỉnh sửa thông tin đặt phòng của khách: <b>qwertyuio</b>', '2018-07-03 04:36:58'),
	(933625, 'Người dùng <b>admin</b> đã chỉnh sửa thông tin đặt phòng của khách: <b>qwertyuiopasdfghjkl</b>', '2018-07-03 04:38:10'),
	(939576, 'Người dùng <b>admin</b> đã chỉnh sửa thông tin đặt phòng của khách: <b>qwertyuiopasdf</b>', '2018-07-03 04:42:54'),
	(949791, 'Người dùng <b>admin</b> đã chỉnh sửa thông tin người dùng: <b>nhanviena</b>', '2018-07-03 03:37:37'),
	(954926, 'Người dùng <b>admin</b> đã chỉnh sửa thông tin đặt phòng của khách: <b>qwertyuiopasdfghjkl</b>', '2018-07-03 05:20:27'),
	(957477, 'Người dùng <b>nhanviena</b> đã chỉnh sửa thông tin đặt phòng của khách: <b>chị Nam</b>', '2018-07-03 03:41:47');
/*!40000 ALTER TABLE `logs` ENABLE KEYS */;

-- Dumping structure for table quanlyks.permission
DROP TABLE IF EXISTS `permission`;
CREATE TABLE IF NOT EXISTS `permission` (
  `PePermissionId` varchar(50) NOT NULL,
  `PeModuleName` varchar(50) DEFAULT NULL,
  `PeModuleAlias` varchar(50) DEFAULT NULL,
  `PeMode` int(1) DEFAULT '0' COMMENT '0 - Staff, 1 - Manager',
  `PeCreatedDate` datetime DEFAULT CURRENT_TIMESTAMP,
  PRIMARY KEY (`PePermissionId`) USING BTREE
) ENGINE=InnoDB DEFAULT CHARSET=utf8 ROW_FORMAT=COMPACT;

-- Dumping data for table quanlyks.permission: ~2 rows (approximately)
/*!40000 ALTER TABLE `permission` DISABLE KEYS */;
REPLACE INTO `permission` (`PePermissionId`, `PeModuleName`, `PeModuleAlias`, `PeMode`, `PeCreatedDate`) VALUES
	('0A022B15D0664F9E010B7B59232C7E4D', 'Staff', 'staff', 0, '2018-05-14 17:12:42'),
	('825A58891AA23780412B6AC9ABC1718A', 'Manager', 'manager', 1, '2018-05-14 17:15:03');
/*!40000 ALTER TABLE `permission` ENABLE KEYS */;

-- Dumping structure for table quanlyks.rooms
DROP TABLE IF EXISTS `rooms`;
CREATE TABLE IF NOT EXISTS `rooms` (
  `RoRoomId` varchar(50) NOT NULL,
  `RoName` varchar(50) NOT NULL,
  `RoAlias` varchar(50) DEFAULT NULL,
  `RoPrice` int(11) NOT NULL,
  `RoMaxAldult` int(11) DEFAULT '0',
  `RoMaxBaby` int(11) DEFAULT '0',
  `RoCreatedDate` datetime NOT NULL DEFAULT CURRENT_TIMESTAMP,
  PRIMARY KEY (`RoRoomId`) USING BTREE
) ENGINE=InnoDB DEFAULT CHARSET=utf8 ROW_FORMAT=COMPACT;

-- Dumping data for table quanlyks.rooms: ~9 rows (approximately)
/*!40000 ALTER TABLE `rooms` DISABLE KEYS */;
REPLACE INTO `rooms` (`RoRoomId`, `RoName`, `RoAlias`, `RoPrice`, `RoMaxAldult`, `RoMaxBaby`, `RoCreatedDate`) VALUES
	('14D4A6B9DBE8E194104624460995BE2F', '102 (Double)', '102-double', 450000, 2, 1, '2018-05-15 14:05:48'),
	('47f8694d10bb7383fb288aa71ddb4542', 'd', 'd', 1500000, 0, 0, '2018-06-22 07:12:58'),
	('b2bbadcd9dbd1a713dfe60f12a990cb1', '104 (Family)', '104-(Family)', 520000, 3, 2, '2018-05-23 07:41:06'),
	('b3087d6c1be84da147e3692b5ce10a41', 'c', 'c', 1250000, 0, 0, '2018-06-22 07:12:50'),
	('cebf3ee19ac57b67916a955589eb3219', 'a', 'a', 1000000, 0, 0, '2018-06-22 07:12:29'),
	('D3FD84E3DF290744DAC5A35660CFECC3', '202 (Family)', '202-family', 650000, 4, 2, '2018-05-15 14:07:37'),
	('e2c737da514561089dc532af9caf0014', '101 (Single)', '101-(Single)', 350000, 2, 1, '2018-05-22 14:46:32'),
	('ec90cbb7dc5aba67d1df0a7c7b0c588f', 'b', 'b', 600000, 0, 0, '2018-06-22 07:12:40'),
	('F5D5C1A388392710CDAFD107DA186790', '103 (Twin)', '103-twin', 550000, 2, 1, '2018-05-15 14:07:37');
/*!40000 ALTER TABLE `rooms` ENABLE KEYS */;

-- Dumping structure for table quanlyks.services
DROP TABLE IF EXISTS `services`;
CREATE TABLE IF NOT EXISTS `services` (
  `SrServiceId` int(11) NOT NULL AUTO_INCREMENT,
  `SrName` varchar(50) DEFAULT NULL,
  `SrAlias` varchar(50) DEFAULT NULL,
  `SrParentId` int(11) DEFAULT NULL,
  `SrPrice` int(50) DEFAULT NULL COMMENT '30000 / 1Kg',
  `SrCurrency` varchar(50) DEFAULT NULL,
  `SrCreatedDate` datetime NOT NULL DEFAULT CURRENT_TIMESTAMP,
  PRIMARY KEY (`SrServiceId`) USING BTREE,
  KEY `Parent` (`SrParentId`) USING BTREE
) ENGINE=InnoDB AUTO_INCREMENT=13 DEFAULT CHARSET=utf8 ROW_FORMAT=COMPACT;

-- Dumping data for table quanlyks.services: ~10 rows (approximately)
/*!40000 ALTER TABLE `services` DISABLE KEYS */;
REPLACE INTO `services` (`SrServiceId`, `SrName`, `SrAlias`, `SrParentId`, `SrPrice`, `SrCurrency`, `SrCreatedDate`) VALUES
	(1, 'Giặt là', 'giat-la', 0, NULL, NULL, '2018-05-01 16:55:53'),
	(3, 'Quần dài', 'quan-dai', 1, 50000, 'Cái', '2018-05-30 16:56:14'),
	(4, 'Áo dài', 'ao-dai', 1, 30000, 'Cái', '2018-05-30 16:56:26'),
	(5, 'Ăn uống', 'an-uong', 0, NULL, NULL, '2018-05-30 00:00:00'),
	(6, 'Pepsi', 'pepsi', 5, 11000, 'Chai', '2018-05-30 16:56:49'),
	(7, 'Coca', 'coca', 5, 10000, 'Chai', '2018-05-30 16:56:56'),
	(9, 'Đưa đón tại sân bay', 'dau-don-tai-san-bay', 0, 120000, 'Lần', '2018-05-30 16:57:24'),
	(10, 'Thuê xe', 'thue-xe-du-lich', 0, NULL, NULL, '2018-05-30 16:57:55'),
	(11, 'Xe 16 chỗ', 'xe-16-cho', 10, 350000, 'Chiếc', '2018-05-30 16:58:08'),
	(12, 'Xe 32 chỗ', 'xe-32-cho', 10, 500000, 'Chiếc', '2018-05-30 16:58:24');
/*!40000 ALTER TABLE `services` ENABLE KEYS */;

-- Dumping structure for table quanlyks.users
DROP TABLE IF EXISTS `users`;
CREATE TABLE IF NOT EXISTS `users` (
  `UsUserId` varchar(50) NOT NULL,
  `UsUserName` varchar(50) NOT NULL,
  `UsPassword` varchar(50) NOT NULL,
  `UsFullName` varchar(50) NOT NULL,
  `UsEmail` varchar(25) NOT NULL,
  `UsPhone` varchar(25) NOT NULL,
  `UsAddress` text,
  `UsAvatar` text,
  `UsCardNumber` varchar(20) DEFAULT NULL,
  `UsUserType` int(1) NOT NULL COMMENT '0 - Admin, 1 - Staff',
  `UsCreatedDate` datetime NOT NULL DEFAULT CURRENT_TIMESTAMP,
  PRIMARY KEY (`UsUserId`) USING BTREE,
  KEY `Permission` (`UsUserType`) USING BTREE
) ENGINE=InnoDB DEFAULT CHARSET=utf8 ROW_FORMAT=COMPACT;

-- Dumping data for table quanlyks.users: ~2 rows (approximately)
/*!40000 ALTER TABLE `users` DISABLE KEYS */;
REPLACE INTO `users` (`UsUserId`, `UsUserName`, `UsPassword`, `UsFullName`, `UsEmail`, `UsPhone`, `UsAddress`, `UsAvatar`, `UsCardNumber`, `UsUserType`, `UsCreatedDate`) VALUES
	('42f217e545b1a8351372b61609dd3866', 'nhanviena', '42f217e545b1a8351372b61609dd3866', 'Nhân viên A B', 'a@gmail.com', '123325435', 'sadassad', NULL, '213213123', 1, '2018-05-29 10:18:34'),
	('5a4dabc96d48d4b1744d1a6c57876531', 'admin', '5a4dabc96d48d4b1744d1a6c57876531', 'Admin', 'zolawebgroup@gmail.com', '2369584625', 'Thừa Thiên Huế', '', '3269812510', 0, '2018-05-14 17:24:00');
/*!40000 ALTER TABLE `users` ENABLE KEYS */;

/*!40101 SET SQL_MODE=IFNULL(@OLD_SQL_MODE, '') */;
/*!40014 SET FOREIGN_KEY_CHECKS=IF(@OLD_FOREIGN_KEY_CHECKS IS NULL, 1, @OLD_FOREIGN_KEY_CHECKS) */;
/*!40101 SET CHARACTER_SET_CLIENT=@OLD_CHARACTER_SET_CLIENT */;
