-- phpMyAdmin SQL Dump
-- version 4.8.2
-- https://www.phpmyadmin.net/
--
-- Máy chủ: 127.0.0.1
-- Thời gian đã tạo: Th10 04, 2018 lúc 06:22 AM
-- Phiên bản máy phục vụ: 10.1.34-MariaDB
-- Phiên bản PHP: 5.6.37

SET SQL_MODE = "NO_AUTO_VALUE_ON_ZERO";
SET AUTOCOMMIT = 0;
START TRANSACTION;
SET time_zone = "+00:00";


/*!40101 SET @OLD_CHARACTER_SET_CLIENT=@@CHARACTER_SET_CLIENT */;
/*!40101 SET @OLD_CHARACTER_SET_RESULTS=@@CHARACTER_SET_RESULTS */;
/*!40101 SET @OLD_COLLATION_CONNECTION=@@COLLATION_CONNECTION */;
/*!40101 SET NAMES utf8mb4 */;

--
-- Cơ sở dữ liệu: `nhathuoc365`
--

-- --------------------------------------------------------

--
-- Cấu trúc bảng cho bảng `categories`
--

CREATE TABLE `categories` (
  `category_id` int(11) NOT NULL,
  `title` varchar(254) CHARACTER SET utf8mb4 COLLATE utf8mb4_unicode_ci NOT NULL,
  `slug` varchar(254) COLLATE utf8_unicode_ci NOT NULL,
  `parent` int(11) DEFAULT NULL,
  `cate_getfly` int(8) DEFAULT NULL,
  `template` varchar(254) COLLATE utf8_unicode_ci DEFAULT NULL,
  `icon` varchar(200) COLLATE utf8_unicode_ci DEFAULT NULL,
  `description` longtext CHARACTER SET utf8mb4 COLLATE utf8mb4_unicode_ci,
  `image` varchar(254) COLLATE utf8_unicode_ci DEFAULT NULL,
  `post_type` varchar(254) COLLATE utf8_unicode_ci DEFAULT NULL,
  `is_hide` tinyint(4) DEFAULT NULL,
  `created_at` datetime DEFAULT NULL,
  `updated_at` datetime DEFAULT NULL,
  `deleted_at` datetime DEFAULT NULL
) ENGINE=MyISAM DEFAULT CHARSET=utf8 COLLATE=utf8_unicode_ci;

--
-- Đang đổ dữ liệu cho bảng `categories`
--

INSERT INTO `categories` (`category_id`, `title`, `slug`, `parent`, `cate_getfly`, `template`, `icon`, `description`, `image`, `post_type`, `is_hide`, `created_at`, `updated_at`, `deleted_at`) VALUES
(1, 'Sản phẩm', 'san-pham', 0, NULL, 'default', NULL, NULL, NULL, 'product', NULL, NULL, NULL, NULL),
(2, 'Sản phẩm mới', 'san-pham-moi', 1, NULL, 'default', NULL, NULL, NULL, 'product', NULL, NULL, '2018-09-25 03:20:40', NULL),
(3, 'Sản phẩm khuyến mãi', 'san-pham-khuyen-mai', 1, NULL, 'default', NULL, NULL, NULL, 'product', NULL, NULL, NULL, NULL),
(4, 'Sản phẩm tiêu biểu', 'san-pham-tieu-bieu', 1, NULL, 'default', NULL, NULL, NULL, 'product', NULL, NULL, NULL, NULL),
(5, 'Khuyến mãi đặc biệt', 'khuyen-mai-dac-biet', 1, NULL, 'default', NULL, NULL, NULL, 'product', NULL, NULL, '2018-09-25 03:21:36', NULL),
(6, 'Thực phẩm chức năng', 'thuc-pham-chuc-nang', 1, NULL, 'default', NULL, NULL, '/library/images/danhmucsp/a1.jpg', 'product', NULL, NULL, '2018-09-25 03:24:25', NULL),
(7, 'Hỗ trợ ung thư', 'ho-tro-ung-thu', 1, NULL, 'default', NULL, NULL, '/library/images/danhmucsp/a2.jpg', 'product', NULL, NULL, NULL, NULL),
(8, 'Tinh dầu', 'tinh-dau', 1, NULL, 'default', NULL, NULL, '/library/images/danhmucsp/a3.jpg', 'product', NULL, NULL, '2018-09-25 03:31:03', NULL),
(9, 'Vitamin - khoáng chất', 'vitamin-khoang-chat', 6, NULL, 'default', NULL, NULL, NULL, 'product', NULL, NULL, NULL, NULL),
(10, 'Thuốc bổ thần kinh', 'thuoc-bo-than-kinh', 6, NULL, 'default', NULL, NULL, NULL, 'product', NULL, NULL, NULL, NULL),
(11, 'Điều trị tiểu đường', 'dieu-tri-tieu-duong', 8, NULL, 'default', NULL, NULL, NULL, 'product', NULL, NULL, '2018-09-25 07:53:57', NULL),
(12, 'Nấm', 'nam', 7, NULL, 'default', NULL, NULL, NULL, 'product', NULL, NULL, NULL, NULL),
(13, 'Sản phẩm hỗ trợ', 'san-pham-ho-tro', 7, NULL, 'default', NULL, NULL, NULL, 'product', NULL, NULL, NULL, NULL),
(14, 'Tinh Dầu Organics', 'tinh-dau-organics', 8, NULL, 'default', NULL, NULL, NULL, 'product', NULL, NULL, NULL, NULL),
(15, 'Dầu Nền', 'dau-nen', 8, NULL, 'default', NULL, NULL, NULL, 'product', NULL, NULL, NULL, NULL),
(16, 'Chuyên trang', 'chuyen-trang', 0, NULL, 'chuyen-trang', NULL, NULL, NULL, 'post', NULL, NULL, '2018-10-01 02:43:28', NULL),
(17, 'Hỗ trợ ung thư', 'ho-tro-ung-thu', 16, NULL, 'default', NULL, NULL, NULL, 'post', NULL, NULL, '2018-10-01 02:57:13', NULL),
(18, 'Tinh Dầu Organics', 'tinh-dau-organics', 16, NULL, 'default', NULL, NULL, NULL, 'post', NULL, NULL, '2018-10-01 02:58:56', NULL),
(19, 'Làm đẹp', 'lam-dep', 16, NULL, 'default', NULL, NULL, NULL, 'post', NULL, NULL, '2018-10-01 02:59:02', NULL),
(20, 'Y khoa', 'y-khoa', 0, NULL, 'default', NULL, NULL, NULL, 'post', NULL, NULL, NULL, NULL),
(21, 'Video', 'video', 0, NULL, 'chuyen-trang', NULL, NULL, NULL, 'post', NULL, NULL, '2018-10-01 02:45:45', NULL),
(22, 'Chăm sóc trẻ', 'cham-soc-tre', 21, NULL, 'san-pham', NULL, NULL, NULL, 'post', NULL, NULL, '2018-10-01 02:29:58', NULL),
(23, 'Bài thuốc hay', 'bai-thuoc-hay', 21, NULL, 'san-pham', NULL, NULL, NULL, 'post', NULL, NULL, '2018-10-01 02:30:10', NULL),
(24, 'Tin tức', 'tin-tuc', 0, NULL, 'chuyen-trang', NULL, NULL, NULL, 'post', NULL, NULL, '2018-10-01 02:44:54', NULL),
(25, 'Làm đẹp và sức khỏe', 'lam-dep-va-suc-khoe', 24, NULL, 'san-pham', NULL, NULL, NULL, 'post', NULL, NULL, '2018-10-01 02:30:18', NULL),
(26, 'Kiến thức bệnh', 'kien-thuc-benh', 24, NULL, 'danh-muc-tin-tuc', NULL, NULL, NULL, 'post', NULL, NULL, '2018-10-01 02:31:54', NULL),
(27, 'test', 'test', 0, NULL, 'default', NULL, NULL, NULL, 'product', NULL, NULL, '2018-09-27 02:57:31', '2018-09-27 02:57:31'),
(28, 'test', 'test', 0, NULL, 'default', NULL, NULL, NULL, 'post', NULL, NULL, '2018-09-27 02:57:57', '2018-09-27 02:57:57'),
(29, 'Chứng từ sản phẩm', 'chung-tu-san-pham', 0, NULL, 'default', NULL, NULL, NULL, 'post', NULL, NULL, NULL, NULL),
(30, 'về chung tôi', 've-chung-toi', 0, NULL, 'default', NULL, NULL, NULL, 'post', NULL, NULL, NULL, NULL),
(31, 'dịch vụ  && hỗ trợ', 'dich-vu-ho-tro', 0, NULL, 'default', NULL, NULL, NULL, 'post', NULL, NULL, NULL, NULL);

-- --------------------------------------------------------

--
-- Cấu trúc bảng cho bảng `category_post`
--

CREATE TABLE `category_post` (
  `category_post_id` int(11) NOT NULL,
  `category_id` int(11) DEFAULT NULL,
  `post_id` int(11) DEFAULT NULL,
  `show_breadcrum` tinyint(4) DEFAULT NULL,
  `updated_at` datetime DEFAULT NULL,
  `created_at` datetime DEFAULT NULL,
  `deleted_at` datetime DEFAULT NULL
) ENGINE=MyISAM DEFAULT CHARSET=utf8 COLLATE=utf8_unicode_ci;

--
-- Đang đổ dữ liệu cho bảng `category_post`
--

INSERT INTO `category_post` (`category_post_id`, `category_id`, `post_id`, `show_breadcrum`, `updated_at`, `created_at`, `deleted_at`) VALUES
(1, 1, 6, NULL, NULL, NULL, NULL),
(2, 2, 6, NULL, NULL, NULL, NULL),
(3, 3, 6, NULL, NULL, NULL, NULL),
(4, 4, 6, NULL, NULL, NULL, NULL),
(5, 5, 6, NULL, NULL, NULL, NULL),
(6, 6, 6, NULL, NULL, NULL, NULL),
(7, 9, 6, NULL, NULL, NULL, NULL),
(8, 10, 6, NULL, NULL, NULL, NULL),
(9, 7, 6, NULL, NULL, NULL, NULL),
(10, 12, 6, NULL, NULL, NULL, NULL),
(11, 13, 6, NULL, NULL, NULL, NULL),
(12, 8, 6, NULL, NULL, NULL, NULL),
(13, 14, 6, NULL, NULL, NULL, NULL),
(14, 15, 6, NULL, NULL, NULL, NULL),
(15, 11, 6, NULL, NULL, NULL, NULL),
(16, 1, 7, NULL, '2018-09-25 07:12:44', NULL, '2018-09-25 07:12:44'),
(17, 2, 7, NULL, '2018-09-25 07:12:44', NULL, '2018-09-25 07:12:44'),
(18, 3, 7, NULL, '2018-09-25 07:12:44', NULL, '2018-09-25 07:12:44'),
(19, 4, 7, NULL, '2018-09-25 07:12:44', NULL, '2018-09-25 07:12:44'),
(20, 5, 7, NULL, '2018-09-25 07:12:44', NULL, '2018-09-25 07:12:44'),
(21, 6, 7, NULL, '2018-09-25 07:12:44', NULL, '2018-09-25 07:12:44'),
(22, 9, 7, NULL, '2018-09-25 07:12:44', NULL, '2018-09-25 07:12:44'),
(23, 10, 7, NULL, '2018-09-25 07:12:44', NULL, '2018-09-25 07:12:44'),
(24, 7, 7, NULL, '2018-09-25 07:12:44', NULL, '2018-09-25 07:12:44'),
(25, 12, 7, NULL, '2018-09-25 07:12:44', NULL, '2018-09-25 07:12:44'),
(26, 13, 7, NULL, '2018-09-25 07:12:44', NULL, '2018-09-25 07:12:44'),
(27, 8, 7, NULL, '2018-09-25 07:12:44', NULL, '2018-09-25 07:12:44'),
(28, 14, 7, NULL, '2018-09-25 07:12:44', NULL, '2018-09-25 07:12:44'),
(29, 15, 7, NULL, '2018-09-25 07:12:44', NULL, '2018-09-25 07:12:44'),
(30, 11, 7, NULL, '2018-09-25 07:12:44', NULL, '2018-09-25 07:12:44'),
(31, 1, 8, NULL, NULL, NULL, NULL),
(32, 2, 8, NULL, NULL, NULL, NULL),
(33, 3, 8, NULL, NULL, NULL, NULL),
(34, 4, 8, NULL, NULL, NULL, NULL),
(35, 5, 8, NULL, NULL, NULL, NULL),
(36, 6, 8, NULL, NULL, NULL, NULL),
(37, 9, 8, NULL, NULL, NULL, NULL),
(38, 10, 8, NULL, NULL, NULL, NULL),
(39, 7, 8, NULL, NULL, NULL, NULL),
(40, 12, 8, NULL, NULL, NULL, NULL),
(41, 13, 8, NULL, NULL, NULL, NULL),
(42, 8, 8, NULL, NULL, NULL, NULL),
(43, 14, 8, NULL, NULL, NULL, NULL),
(44, 15, 8, NULL, NULL, NULL, NULL),
(45, 11, 8, NULL, NULL, NULL, NULL),
(46, 1, 9, NULL, '2018-09-25 07:12:16', NULL, '2018-09-25 07:12:16'),
(47, 2, 9, NULL, '2018-09-25 07:12:16', NULL, '2018-09-25 07:12:16'),
(48, 3, 9, NULL, '2018-09-25 07:12:16', NULL, '2018-09-25 07:12:16'),
(49, 4, 9, NULL, '2018-09-25 07:12:16', NULL, '2018-09-25 07:12:16'),
(50, 5, 9, NULL, '2018-09-25 07:12:16', NULL, '2018-09-25 07:12:16'),
(51, 6, 9, NULL, '2018-09-25 07:12:16', NULL, '2018-09-25 07:12:16'),
(52, 9, 9, NULL, '2018-09-25 07:12:16', NULL, '2018-09-25 07:12:16'),
(53, 10, 9, NULL, '2018-09-25 07:12:16', NULL, '2018-09-25 07:12:16'),
(54, 7, 9, NULL, '2018-09-25 07:12:16', NULL, '2018-09-25 07:12:16'),
(55, 12, 9, NULL, '2018-09-25 07:12:16', NULL, '2018-09-25 07:12:16'),
(56, 13, 9, NULL, '2018-09-25 07:12:16', NULL, '2018-09-25 07:12:16'),
(57, 8, 9, NULL, '2018-09-25 07:12:16', NULL, '2018-09-25 07:12:16'),
(58, 14, 9, NULL, '2018-09-25 07:12:16', NULL, '2018-09-25 07:12:16'),
(59, 15, 9, NULL, '2018-09-25 07:12:16', NULL, '2018-09-25 07:12:16'),
(60, 11, 9, NULL, '2018-09-25 07:12:16', NULL, '2018-09-25 07:12:16'),
(61, 1, 9, NULL, '2018-09-25 07:18:47', NULL, '2018-09-25 07:18:47'),
(62, 2, 9, NULL, '2018-09-25 07:18:47', NULL, '2018-09-25 07:18:47'),
(63, 3, 9, NULL, '2018-09-25 07:18:47', NULL, '2018-09-25 07:18:47'),
(64, 4, 9, NULL, '2018-09-25 07:18:47', NULL, '2018-09-25 07:18:47'),
(65, 5, 9, NULL, '2018-09-25 07:18:47', NULL, '2018-09-25 07:18:47'),
(66, 6, 9, NULL, '2018-09-25 07:18:47', NULL, '2018-09-25 07:18:47'),
(67, 9, 9, NULL, '2018-09-25 07:18:47', NULL, '2018-09-25 07:18:47'),
(68, 10, 9, NULL, '2018-09-25 07:18:47', NULL, '2018-09-25 07:18:47'),
(69, 7, 9, NULL, '2018-09-25 07:18:47', NULL, '2018-09-25 07:18:47'),
(70, 12, 9, NULL, '2018-09-25 07:18:47', NULL, '2018-09-25 07:18:47'),
(71, 13, 9, NULL, '2018-09-25 07:18:47', NULL, '2018-09-25 07:18:47'),
(72, 8, 9, NULL, '2018-09-25 07:18:47', NULL, '2018-09-25 07:18:47'),
(73, 14, 9, NULL, '2018-09-25 07:18:47', NULL, '2018-09-25 07:18:47'),
(74, 15, 9, NULL, '2018-09-25 07:18:47', NULL, '2018-09-25 07:18:47'),
(75, 11, 9, NULL, '2018-09-25 07:18:47', NULL, '2018-09-25 07:18:47'),
(76, 1, 7, NULL, '2018-09-25 07:19:57', NULL, '2018-09-25 07:19:57'),
(77, 2, 7, NULL, '2018-09-25 07:19:57', NULL, '2018-09-25 07:19:57'),
(78, 3, 7, NULL, '2018-09-25 07:19:57', NULL, '2018-09-25 07:19:57'),
(79, 4, 7, NULL, '2018-09-25 07:19:57', NULL, '2018-09-25 07:19:57'),
(80, 5, 7, NULL, '2018-09-25 07:19:57', NULL, '2018-09-25 07:19:57'),
(81, 6, 7, NULL, '2018-09-25 07:19:57', NULL, '2018-09-25 07:19:57'),
(82, 9, 7, NULL, '2018-09-25 07:19:57', NULL, '2018-09-25 07:19:57'),
(83, 10, 7, NULL, '2018-09-25 07:19:57', NULL, '2018-09-25 07:19:57'),
(84, 7, 7, NULL, '2018-09-25 07:19:57', NULL, '2018-09-25 07:19:57'),
(85, 12, 7, NULL, '2018-09-25 07:19:57', NULL, '2018-09-25 07:19:57'),
(86, 13, 7, NULL, '2018-09-25 07:19:57', NULL, '2018-09-25 07:19:57'),
(87, 8, 7, NULL, '2018-09-25 07:19:57', NULL, '2018-09-25 07:19:57'),
(88, 14, 7, NULL, '2018-09-25 07:19:57', NULL, '2018-09-25 07:19:57'),
(89, 15, 7, NULL, '2018-09-25 07:19:57', NULL, '2018-09-25 07:19:57'),
(90, 11, 7, NULL, '2018-09-25 07:19:57', NULL, '2018-09-25 07:19:57'),
(91, 9, 10, NULL, NULL, NULL, NULL),
(92, 10, 10, NULL, NULL, NULL, NULL),
(93, 7, 10, NULL, NULL, NULL, NULL),
(94, 12, 10, NULL, NULL, NULL, NULL),
(95, 13, 10, NULL, NULL, NULL, NULL),
(96, 8, 10, NULL, NULL, NULL, NULL),
(97, 14, 10, NULL, NULL, NULL, NULL),
(98, 15, 10, NULL, NULL, NULL, NULL),
(99, 11, 10, NULL, NULL, NULL, NULL),
(100, 3, 11, NULL, NULL, NULL, NULL),
(101, 9, 11, NULL, NULL, NULL, NULL),
(102, 10, 11, NULL, NULL, NULL, NULL),
(103, 7, 11, NULL, NULL, NULL, NULL),
(104, 12, 11, NULL, NULL, NULL, NULL),
(105, 13, 11, NULL, NULL, NULL, NULL),
(106, 8, 11, NULL, NULL, NULL, NULL),
(107, 14, 11, NULL, NULL, NULL, NULL),
(108, 15, 11, NULL, NULL, NULL, NULL),
(109, 11, 11, NULL, NULL, NULL, NULL),
(110, 1, 13, NULL, '2018-09-25 07:30:42', NULL, '2018-09-25 07:30:42'),
(111, 2, 13, NULL, '2018-09-25 07:30:42', NULL, '2018-09-25 07:30:42'),
(112, 3, 13, NULL, '2018-09-25 07:30:42', NULL, '2018-09-25 07:30:42'),
(113, 4, 13, NULL, '2018-09-25 07:30:42', NULL, '2018-09-25 07:30:42'),
(114, 10, 13, NULL, '2018-09-25 07:30:42', NULL, '2018-09-25 07:30:42'),
(115, 7, 13, NULL, '2018-09-25 07:30:42', NULL, '2018-09-25 07:30:42'),
(116, 12, 13, NULL, '2018-09-25 07:30:42', NULL, '2018-09-25 07:30:42'),
(117, 13, 13, NULL, '2018-09-25 07:30:42', NULL, '2018-09-25 07:30:42'),
(118, 8, 13, NULL, '2018-09-25 07:30:42', NULL, '2018-09-25 07:30:42'),
(119, 14, 13, NULL, '2018-09-25 07:30:42', NULL, '2018-09-25 07:30:42'),
(120, 9, 12, NULL, '2018-09-25 07:18:21', NULL, '2018-09-25 07:18:21'),
(121, 10, 12, NULL, '2018-09-25 07:18:21', NULL, '2018-09-25 07:18:21'),
(122, 7, 12, NULL, '2018-09-25 07:18:21', NULL, '2018-09-25 07:18:21'),
(123, 13, 12, NULL, '2018-09-25 07:18:21', NULL, '2018-09-25 07:18:21'),
(124, 8, 12, NULL, '2018-09-25 07:18:21', NULL, '2018-09-25 07:18:21'),
(125, 14, 12, NULL, '2018-09-25 07:18:21', NULL, '2018-09-25 07:18:21'),
(126, 15, 12, NULL, '2018-09-25 07:18:21', NULL, '2018-09-25 07:18:21'),
(127, 11, 12, NULL, '2018-09-25 07:18:21', NULL, '2018-09-25 07:18:21'),
(128, 9, 12, NULL, '2018-09-25 07:31:34', NULL, '2018-09-25 07:31:34'),
(129, 10, 12, NULL, '2018-09-25 07:31:34', NULL, '2018-09-25 07:31:34'),
(130, 7, 12, NULL, '2018-09-25 07:31:34', NULL, '2018-09-25 07:31:34'),
(131, 13, 12, NULL, '2018-09-25 07:31:34', NULL, '2018-09-25 07:31:34'),
(132, 8, 12, NULL, '2018-09-25 07:31:34', NULL, '2018-09-25 07:31:34'),
(133, 14, 12, NULL, '2018-09-25 07:31:34', NULL, '2018-09-25 07:31:34'),
(134, 15, 12, NULL, '2018-09-25 07:31:34', NULL, '2018-09-25 07:31:34'),
(135, 11, 12, NULL, '2018-09-25 07:31:34', NULL, '2018-09-25 07:31:34'),
(136, 1, 9, NULL, '2018-09-25 07:39:20', NULL, '2018-09-25 07:39:20'),
(137, 2, 9, NULL, '2018-09-25 07:39:20', NULL, '2018-09-25 07:39:20'),
(138, 3, 9, NULL, '2018-09-25 07:39:20', NULL, '2018-09-25 07:39:20'),
(139, 4, 9, NULL, '2018-09-25 07:39:20', NULL, '2018-09-25 07:39:20'),
(140, 5, 9, NULL, '2018-09-25 07:39:20', NULL, '2018-09-25 07:39:20'),
(141, 6, 9, NULL, '2018-09-25 07:39:20', NULL, '2018-09-25 07:39:20'),
(142, 9, 9, NULL, '2018-09-25 07:39:20', NULL, '2018-09-25 07:39:20'),
(143, 10, 9, NULL, '2018-09-25 07:39:20', NULL, '2018-09-25 07:39:20'),
(144, 7, 9, NULL, '2018-09-25 07:39:20', NULL, '2018-09-25 07:39:20'),
(145, 12, 9, NULL, '2018-09-25 07:39:20', NULL, '2018-09-25 07:39:20'),
(146, 13, 9, NULL, '2018-09-25 07:39:20', NULL, '2018-09-25 07:39:20'),
(147, 8, 9, NULL, '2018-09-25 07:39:20', NULL, '2018-09-25 07:39:20'),
(148, 14, 9, NULL, '2018-09-25 07:39:20', NULL, '2018-09-25 07:39:20'),
(149, 15, 9, NULL, '2018-09-25 07:39:20', NULL, '2018-09-25 07:39:20'),
(150, 11, 9, NULL, '2018-09-25 07:39:20', NULL, '2018-09-25 07:39:20'),
(151, 1, 7, NULL, '2018-09-25 07:39:54', NULL, '2018-09-25 07:39:54'),
(152, 2, 7, NULL, '2018-09-25 07:39:54', NULL, '2018-09-25 07:39:54'),
(153, 3, 7, NULL, '2018-09-25 07:39:54', NULL, '2018-09-25 07:39:54'),
(154, 4, 7, NULL, '2018-09-25 07:39:54', NULL, '2018-09-25 07:39:54'),
(155, 5, 7, NULL, '2018-09-25 07:39:54', NULL, '2018-09-25 07:39:54'),
(156, 6, 7, NULL, '2018-09-25 07:39:54', NULL, '2018-09-25 07:39:54'),
(157, 9, 7, NULL, '2018-09-25 07:39:54', NULL, '2018-09-25 07:39:54'),
(158, 10, 7, NULL, '2018-09-25 07:39:54', NULL, '2018-09-25 07:39:54'),
(159, 7, 7, NULL, '2018-09-25 07:39:54', NULL, '2018-09-25 07:39:54'),
(160, 12, 7, NULL, '2018-09-25 07:39:54', NULL, '2018-09-25 07:39:54'),
(161, 13, 7, NULL, '2018-09-25 07:39:54', NULL, '2018-09-25 07:39:54'),
(162, 8, 7, NULL, '2018-09-25 07:39:54', NULL, '2018-09-25 07:39:54'),
(163, 14, 7, NULL, '2018-09-25 07:39:54', NULL, '2018-09-25 07:39:54'),
(164, 15, 7, NULL, '2018-09-25 07:39:54', NULL, '2018-09-25 07:39:54'),
(165, 11, 7, NULL, '2018-09-25 07:39:54', NULL, '2018-09-25 07:39:54'),
(166, 1, 14, NULL, NULL, NULL, NULL),
(167, 5, 14, NULL, NULL, NULL, NULL),
(168, 6, 14, NULL, NULL, NULL, NULL),
(169, 9, 14, NULL, NULL, NULL, NULL),
(170, 7, 14, NULL, NULL, NULL, NULL),
(171, 12, 14, NULL, NULL, NULL, NULL),
(172, 13, 14, NULL, NULL, NULL, NULL),
(173, 8, 14, NULL, NULL, NULL, NULL),
(174, 14, 14, NULL, NULL, NULL, NULL),
(175, 15, 14, NULL, NULL, NULL, NULL),
(176, 11, 14, NULL, NULL, NULL, NULL),
(177, 2, 15, NULL, '2018-09-26 04:31:33', NULL, '2018-09-26 04:31:33'),
(178, 4, 15, NULL, '2018-09-26 04:31:33', NULL, '2018-09-26 04:31:33'),
(179, 7, 15, NULL, '2018-09-26 04:31:33', NULL, '2018-09-26 04:31:33'),
(180, 13, 15, NULL, '2018-09-26 04:31:33', NULL, '2018-09-26 04:31:33'),
(181, 14, 15, NULL, '2018-09-26 04:31:33', NULL, '2018-09-26 04:31:33'),
(182, 15, 15, NULL, '2018-09-26 04:31:33', NULL, '2018-09-26 04:31:33'),
(183, 11, 15, NULL, '2018-09-26 04:31:33', NULL, '2018-09-26 04:31:33'),
(184, 1, 13, NULL, '2018-09-26 04:31:38', NULL, '2018-09-26 04:31:38'),
(185, 2, 13, NULL, '2018-09-26 04:31:38', NULL, '2018-09-26 04:31:38'),
(186, 3, 13, NULL, '2018-09-26 04:31:38', NULL, '2018-09-26 04:31:38'),
(187, 4, 13, NULL, '2018-09-26 04:31:38', NULL, '2018-09-26 04:31:38'),
(188, 10, 13, NULL, '2018-09-26 04:31:38', NULL, '2018-09-26 04:31:38'),
(189, 7, 13, NULL, '2018-09-26 04:31:38', NULL, '2018-09-26 04:31:38'),
(190, 12, 13, NULL, '2018-09-26 04:31:38', NULL, '2018-09-26 04:31:38'),
(191, 13, 13, NULL, '2018-09-26 04:31:38', NULL, '2018-09-26 04:31:38'),
(192, 8, 13, NULL, '2018-09-26 04:31:38', NULL, '2018-09-26 04:31:38'),
(193, 14, 13, NULL, '2018-09-26 04:31:38', NULL, '2018-09-26 04:31:38'),
(194, 1, 12, NULL, '2018-09-25 07:40:24', NULL, '2018-09-25 07:40:24'),
(195, 9, 12, NULL, '2018-09-25 07:40:24', NULL, '2018-09-25 07:40:24'),
(196, 10, 12, NULL, '2018-09-25 07:40:24', NULL, '2018-09-25 07:40:24'),
(197, 7, 12, NULL, '2018-09-25 07:40:24', NULL, '2018-09-25 07:40:24'),
(198, 13, 12, NULL, '2018-09-25 07:40:24', NULL, '2018-09-25 07:40:24'),
(199, 8, 12, NULL, '2018-09-25 07:40:24', NULL, '2018-09-25 07:40:24'),
(200, 14, 12, NULL, '2018-09-25 07:40:24', NULL, '2018-09-25 07:40:24'),
(201, 15, 12, NULL, '2018-09-25 07:40:24', NULL, '2018-09-25 07:40:24'),
(202, 11, 12, NULL, '2018-09-25 07:40:24', NULL, '2018-09-25 07:40:24'),
(203, 1, 9, NULL, '2018-09-25 07:40:13', NULL, '2018-09-25 07:40:13'),
(204, 2, 9, NULL, '2018-09-25 07:40:13', NULL, '2018-09-25 07:40:13'),
(205, 3, 9, NULL, '2018-09-25 07:40:13', NULL, '2018-09-25 07:40:13'),
(206, 4, 9, NULL, '2018-09-25 07:40:13', NULL, '2018-09-25 07:40:13'),
(207, 5, 9, NULL, '2018-09-25 07:40:13', NULL, '2018-09-25 07:40:13'),
(208, 6, 9, NULL, '2018-09-25 07:40:13', NULL, '2018-09-25 07:40:13'),
(209, 9, 9, NULL, '2018-09-25 07:40:13', NULL, '2018-09-25 07:40:13'),
(210, 10, 9, NULL, '2018-09-25 07:40:13', NULL, '2018-09-25 07:40:13'),
(211, 7, 9, NULL, '2018-09-25 07:40:13', NULL, '2018-09-25 07:40:13'),
(212, 12, 9, NULL, '2018-09-25 07:40:13', NULL, '2018-09-25 07:40:13'),
(213, 13, 9, NULL, '2018-09-25 07:40:13', NULL, '2018-09-25 07:40:13'),
(214, 8, 9, NULL, '2018-09-25 07:40:13', NULL, '2018-09-25 07:40:13'),
(215, 14, 9, NULL, '2018-09-25 07:40:13', NULL, '2018-09-25 07:40:13'),
(216, 15, 9, NULL, '2018-09-25 07:40:13', NULL, '2018-09-25 07:40:13'),
(217, 11, 9, NULL, '2018-09-25 07:40:13', NULL, '2018-09-25 07:40:13'),
(218, 1, 7, NULL, '2018-09-26 04:31:50', NULL, '2018-09-26 04:31:50'),
(219, 2, 7, NULL, '2018-09-26 04:31:50', NULL, '2018-09-26 04:31:50'),
(220, 3, 7, NULL, '2018-09-26 04:31:50', NULL, '2018-09-26 04:31:50'),
(221, 4, 7, NULL, '2018-09-26 04:31:50', NULL, '2018-09-26 04:31:50'),
(222, 5, 7, NULL, '2018-09-26 04:31:50', NULL, '2018-09-26 04:31:50'),
(223, 6, 7, NULL, '2018-09-26 04:31:50', NULL, '2018-09-26 04:31:50'),
(224, 9, 7, NULL, '2018-09-26 04:31:50', NULL, '2018-09-26 04:31:50'),
(225, 10, 7, NULL, '2018-09-26 04:31:50', NULL, '2018-09-26 04:31:50'),
(226, 7, 7, NULL, '2018-09-26 04:31:50', NULL, '2018-09-26 04:31:50'),
(227, 12, 7, NULL, '2018-09-26 04:31:50', NULL, '2018-09-26 04:31:50'),
(228, 13, 7, NULL, '2018-09-26 04:31:50', NULL, '2018-09-26 04:31:50'),
(229, 8, 7, NULL, '2018-09-26 04:31:50', NULL, '2018-09-26 04:31:50'),
(230, 14, 7, NULL, '2018-09-26 04:31:50', NULL, '2018-09-26 04:31:50'),
(231, 15, 7, NULL, '2018-09-26 04:31:50', NULL, '2018-09-26 04:31:50'),
(232, 11, 7, NULL, '2018-09-26 04:31:50', NULL, '2018-09-26 04:31:50'),
(233, 1, 9, NULL, '2018-09-26 04:31:46', NULL, '2018-09-26 04:31:46'),
(234, 2, 9, NULL, '2018-09-26 04:31:46', NULL, '2018-09-26 04:31:46'),
(235, 3, 9, NULL, '2018-09-26 04:31:46', NULL, '2018-09-26 04:31:46'),
(236, 4, 9, NULL, '2018-09-26 04:31:46', NULL, '2018-09-26 04:31:46'),
(237, 5, 9, NULL, '2018-09-26 04:31:46', NULL, '2018-09-26 04:31:46'),
(238, 6, 9, NULL, '2018-09-26 04:31:46', NULL, '2018-09-26 04:31:46'),
(239, 9, 9, NULL, '2018-09-26 04:31:46', NULL, '2018-09-26 04:31:46'),
(240, 10, 9, NULL, '2018-09-26 04:31:46', NULL, '2018-09-26 04:31:46'),
(241, 7, 9, NULL, '2018-09-26 04:31:46', NULL, '2018-09-26 04:31:46'),
(242, 12, 9, NULL, '2018-09-26 04:31:46', NULL, '2018-09-26 04:31:46'),
(243, 13, 9, NULL, '2018-09-26 04:31:46', NULL, '2018-09-26 04:31:46'),
(244, 8, 9, NULL, '2018-09-26 04:31:46', NULL, '2018-09-26 04:31:46'),
(245, 14, 9, NULL, '2018-09-26 04:31:46', NULL, '2018-09-26 04:31:46'),
(246, 15, 9, NULL, '2018-09-26 04:31:46', NULL, '2018-09-26 04:31:46'),
(247, 11, 9, NULL, '2018-09-26 04:31:46', NULL, '2018-09-26 04:31:46'),
(248, 1, 12, NULL, '2018-09-26 04:31:41', NULL, '2018-09-26 04:31:41'),
(249, 9, 12, NULL, '2018-09-26 04:31:41', NULL, '2018-09-26 04:31:41'),
(250, 10, 12, NULL, '2018-09-26 04:31:41', NULL, '2018-09-26 04:31:41'),
(251, 7, 12, NULL, '2018-09-26 04:31:41', NULL, '2018-09-26 04:31:41'),
(252, 13, 12, NULL, '2018-09-26 04:31:41', NULL, '2018-09-26 04:31:41'),
(253, 8, 12, NULL, '2018-09-26 04:31:41', NULL, '2018-09-26 04:31:41'),
(254, 14, 12, NULL, '2018-09-26 04:31:41', NULL, '2018-09-26 04:31:41'),
(255, 15, 12, NULL, '2018-09-26 04:31:41', NULL, '2018-09-26 04:31:41'),
(256, 11, 12, NULL, '2018-09-26 04:31:41', NULL, '2018-09-26 04:31:41'),
(257, 1, 16, NULL, '2018-09-26 04:31:29', NULL, '2018-09-26 04:31:29'),
(258, 4, 16, NULL, '2018-09-26 04:31:29', NULL, '2018-09-26 04:31:29'),
(259, 6, 16, NULL, '2018-09-26 04:31:29', NULL, '2018-09-26 04:31:29'),
(260, 7, 16, NULL, '2018-09-26 04:31:29', NULL, '2018-09-26 04:31:29'),
(261, 8, 16, NULL, '2018-09-26 04:31:29', NULL, '2018-09-26 04:31:29'),
(262, 14, 16, NULL, '2018-09-26 04:31:29', NULL, '2018-09-26 04:31:29'),
(263, 15, 16, NULL, '2018-09-26 04:31:29', NULL, '2018-09-26 04:31:29'),
(264, 11, 16, NULL, '2018-09-26 04:31:29', NULL, '2018-09-26 04:31:29'),
(265, 16, 17, NULL, NULL, NULL, NULL),
(266, 17, 17, NULL, NULL, NULL, NULL),
(267, 18, 17, NULL, NULL, NULL, NULL),
(268, 19, 17, NULL, NULL, NULL, NULL),
(269, 20, 17, NULL, NULL, NULL, NULL),
(270, 21, 17, NULL, NULL, NULL, NULL),
(271, 22, 17, NULL, NULL, NULL, NULL),
(272, 23, 17, NULL, NULL, NULL, NULL),
(273, 24, 17, NULL, NULL, NULL, NULL),
(274, 25, 17, NULL, NULL, NULL, NULL),
(275, 26, 17, NULL, NULL, NULL, NULL),
(276, 16, 18, NULL, '2018-09-28 03:34:06', NULL, '2018-09-28 03:34:06'),
(277, 17, 18, NULL, '2018-09-28 03:34:06', NULL, '2018-09-28 03:34:06'),
(278, 18, 18, NULL, '2018-09-28 03:34:06', NULL, '2018-09-28 03:34:06'),
(279, 19, 18, NULL, '2018-09-28 03:34:06', NULL, '2018-09-28 03:34:06'),
(280, 20, 19, NULL, '2018-09-28 03:29:24', NULL, '2018-09-28 03:29:24'),
(281, 21, 19, NULL, '2018-09-28 03:29:24', NULL, '2018-09-28 03:29:24'),
(282, 22, 19, NULL, '2018-09-28 03:29:24', NULL, '2018-09-28 03:29:24'),
(283, 23, 19, NULL, '2018-09-28 03:29:24', NULL, '2018-09-28 03:29:24'),
(284, 24, 20, NULL, '2018-09-28 03:29:07', NULL, '2018-09-28 03:29:07'),
(285, 25, 20, NULL, '2018-09-28 03:29:07', NULL, '2018-09-28 03:29:07'),
(286, 26, 20, NULL, '2018-09-28 03:29:07', NULL, '2018-09-28 03:29:07'),
(287, 16, 21, NULL, '2018-09-28 03:29:55', NULL, '2018-09-28 03:29:55'),
(288, 17, 21, NULL, '2018-09-28 03:29:55', NULL, '2018-09-28 03:29:55'),
(289, 18, 21, NULL, '2018-09-28 03:29:55', NULL, '2018-09-28 03:29:55'),
(290, 19, 21, NULL, '2018-09-28 03:29:55', NULL, '2018-09-28 03:29:55'),
(291, 20, 21, NULL, '2018-09-28 03:29:55', NULL, '2018-09-28 03:29:55'),
(292, 21, 21, NULL, '2018-09-28 03:29:55', NULL, '2018-09-28 03:29:55'),
(293, 22, 21, NULL, '2018-09-28 03:29:55', NULL, '2018-09-28 03:29:55'),
(294, 23, 21, NULL, '2018-09-28 03:29:55', NULL, '2018-09-28 03:29:55'),
(295, 24, 21, NULL, '2018-09-28 03:29:55', NULL, '2018-09-28 03:29:55'),
(296, 25, 21, NULL, '2018-09-28 03:29:55', NULL, '2018-09-28 03:29:55'),
(297, 26, 21, NULL, '2018-09-28 03:29:55', NULL, '2018-09-28 03:29:55'),
(298, 1, 22, NULL, '2018-09-26 04:31:25', NULL, '2018-09-26 04:31:25'),
(299, 2, 22, NULL, '2018-09-26 04:31:25', NULL, '2018-09-26 04:31:25'),
(300, 3, 22, NULL, '2018-09-26 04:31:25', NULL, '2018-09-26 04:31:25'),
(301, 4, 22, NULL, '2018-09-26 04:31:25', NULL, '2018-09-26 04:31:25'),
(302, 5, 22, NULL, '2018-09-26 04:31:25', NULL, '2018-09-26 04:31:25'),
(303, 6, 23, NULL, '2018-09-26 04:31:21', NULL, '2018-09-26 04:31:21'),
(304, 9, 23, NULL, '2018-09-26 04:31:21', NULL, '2018-09-26 04:31:21'),
(305, 10, 23, NULL, '2018-09-26 04:31:21', NULL, '2018-09-26 04:31:21'),
(306, 7, 24, NULL, '2018-09-26 04:31:16', NULL, '2018-09-26 04:31:16'),
(307, 12, 24, NULL, '2018-09-26 04:31:16', NULL, '2018-09-26 04:31:16'),
(308, 13, 25, NULL, '2018-09-26 04:31:08', NULL, '2018-09-26 04:31:08'),
(309, 8, 25, NULL, '2018-09-26 04:31:08', NULL, '2018-09-26 04:31:08'),
(310, 11, 25, NULL, '2018-09-26 04:31:08', NULL, '2018-09-26 04:31:08'),
(311, 14, 25, NULL, '2018-09-26 04:31:08', NULL, '2018-09-26 04:31:08'),
(312, 15, 25, NULL, '2018-09-26 04:31:08', NULL, '2018-09-26 04:31:08'),
(313, 1, 26, NULL, NULL, NULL, NULL),
(314, 1, 27, NULL, NULL, NULL, NULL),
(315, 1, 28, NULL, NULL, NULL, NULL),
(316, 1, 29, NULL, NULL, NULL, NULL),
(317, 1, 30, NULL, NULL, NULL, NULL),
(318, 1, 31, NULL, NULL, NULL, NULL),
(319, 1, 32, NULL, NULL, NULL, NULL),
(320, 1, 33, NULL, NULL, NULL, NULL),
(321, 1, 34, NULL, NULL, NULL, NULL),
(322, 13, 25, NULL, '2018-09-27 04:05:24', NULL, '2018-09-27 04:05:24'),
(323, 8, 25, NULL, '2018-09-27 04:05:24', NULL, '2018-09-27 04:05:24'),
(324, 11, 25, NULL, '2018-09-27 04:05:24', NULL, '2018-09-27 04:05:24'),
(325, 14, 25, NULL, '2018-09-27 04:05:24', NULL, '2018-09-27 04:05:24'),
(326, 15, 25, NULL, '2018-09-27 04:05:24', NULL, '2018-09-27 04:05:24'),
(327, 7, 24, NULL, '2018-09-27 04:05:37', NULL, '2018-09-27 04:05:37'),
(328, 12, 24, NULL, '2018-09-27 04:05:37', NULL, '2018-09-27 04:05:37'),
(329, 6, 23, NULL, '2018-09-28 07:56:20', NULL, '2018-09-28 07:56:20'),
(330, 9, 23, NULL, '2018-09-28 07:56:20', NULL, '2018-09-28 07:56:20'),
(331, 10, 23, NULL, '2018-09-28 07:56:20', NULL, '2018-09-28 07:56:20'),
(332, 1, 22, NULL, '2018-09-27 04:04:47', NULL, '2018-09-27 04:04:47'),
(333, 2, 22, NULL, '2018-09-27 04:04:47', NULL, '2018-09-27 04:04:47'),
(334, 3, 22, NULL, '2018-09-27 04:04:47', NULL, '2018-09-27 04:04:47'),
(335, 4, 22, NULL, '2018-09-27 04:04:47', NULL, '2018-09-27 04:04:47'),
(336, 5, 22, NULL, '2018-09-27 04:04:47', NULL, '2018-09-27 04:04:47'),
(337, 1, 16, NULL, '2018-10-03 04:19:19', NULL, '2018-10-03 04:19:19'),
(338, 4, 16, NULL, '2018-10-03 04:19:19', NULL, '2018-10-03 04:19:19'),
(339, 6, 16, NULL, '2018-10-03 04:19:19', NULL, '2018-10-03 04:19:19'),
(340, 7, 16, NULL, '2018-10-03 04:19:19', NULL, '2018-10-03 04:19:19'),
(341, 8, 16, NULL, '2018-10-03 04:19:19', NULL, '2018-10-03 04:19:19'),
(342, 11, 16, NULL, '2018-10-03 04:19:19', NULL, '2018-10-03 04:19:19'),
(343, 14, 16, NULL, '2018-10-03 04:19:19', NULL, '2018-10-03 04:19:19'),
(344, 15, 16, NULL, '2018-10-03 04:19:19', NULL, '2018-10-03 04:19:19'),
(345, 2, 15, NULL, '2018-10-03 04:19:25', NULL, '2018-10-03 04:19:25'),
(346, 4, 15, NULL, '2018-10-03 04:19:25', NULL, '2018-10-03 04:19:25'),
(347, 7, 15, NULL, '2018-10-03 04:19:25', NULL, '2018-10-03 04:19:25'),
(348, 13, 15, NULL, '2018-10-03 04:19:25', NULL, '2018-10-03 04:19:25'),
(349, 11, 15, NULL, '2018-10-03 04:19:25', NULL, '2018-10-03 04:19:25'),
(350, 14, 15, NULL, '2018-10-03 04:19:25', NULL, '2018-10-03 04:19:25'),
(351, 15, 15, NULL, '2018-10-03 04:19:25', NULL, '2018-10-03 04:19:25'),
(352, 1, 13, NULL, '2018-10-03 04:19:32', NULL, '2018-10-03 04:19:32'),
(353, 2, 13, NULL, '2018-10-03 04:19:32', NULL, '2018-10-03 04:19:32'),
(354, 3, 13, NULL, '2018-10-03 04:19:32', NULL, '2018-10-03 04:19:32'),
(355, 4, 13, NULL, '2018-10-03 04:19:32', NULL, '2018-10-03 04:19:32'),
(356, 10, 13, NULL, '2018-10-03 04:19:32', NULL, '2018-10-03 04:19:32'),
(357, 7, 13, NULL, '2018-10-03 04:19:32', NULL, '2018-10-03 04:19:32'),
(358, 12, 13, NULL, '2018-10-03 04:19:32', NULL, '2018-10-03 04:19:32'),
(359, 13, 13, NULL, '2018-10-03 04:19:32', NULL, '2018-10-03 04:19:32'),
(360, 8, 13, NULL, '2018-10-03 04:19:32', NULL, '2018-10-03 04:19:32'),
(361, 14, 13, NULL, '2018-10-03 04:19:32', NULL, '2018-10-03 04:19:32'),
(362, 1, 12, NULL, '2018-10-03 04:19:39', NULL, '2018-10-03 04:19:39'),
(363, 9, 12, NULL, '2018-10-03 04:19:39', NULL, '2018-10-03 04:19:39'),
(364, 10, 12, NULL, '2018-10-03 04:19:39', NULL, '2018-10-03 04:19:39'),
(365, 7, 12, NULL, '2018-10-03 04:19:39', NULL, '2018-10-03 04:19:39'),
(366, 13, 12, NULL, '2018-10-03 04:19:39', NULL, '2018-10-03 04:19:39'),
(367, 8, 12, NULL, '2018-10-03 04:19:39', NULL, '2018-10-03 04:19:39'),
(368, 11, 12, NULL, '2018-10-03 04:19:39', NULL, '2018-10-03 04:19:39'),
(369, 14, 12, NULL, '2018-10-03 04:19:39', NULL, '2018-10-03 04:19:39'),
(370, 15, 12, NULL, '2018-10-03 04:19:39', NULL, '2018-10-03 04:19:39'),
(371, 1, 9, NULL, '2018-09-27 04:05:01', NULL, '2018-09-27 04:05:01'),
(372, 2, 9, NULL, '2018-09-27 04:05:01', NULL, '2018-09-27 04:05:01'),
(373, 3, 9, NULL, '2018-09-27 04:05:01', NULL, '2018-09-27 04:05:01'),
(374, 4, 9, NULL, '2018-09-27 04:05:01', NULL, '2018-09-27 04:05:01'),
(375, 5, 9, NULL, '2018-09-27 04:05:01', NULL, '2018-09-27 04:05:01'),
(376, 6, 9, NULL, '2018-09-27 04:05:01', NULL, '2018-09-27 04:05:01'),
(377, 9, 9, NULL, '2018-09-27 04:05:01', NULL, '2018-09-27 04:05:01'),
(378, 10, 9, NULL, '2018-09-27 04:05:01', NULL, '2018-09-27 04:05:01'),
(379, 7, 9, NULL, '2018-09-27 04:05:01', NULL, '2018-09-27 04:05:01'),
(380, 12, 9, NULL, '2018-09-27 04:05:01', NULL, '2018-09-27 04:05:01'),
(381, 13, 9, NULL, '2018-09-27 04:05:01', NULL, '2018-09-27 04:05:01'),
(382, 8, 9, NULL, '2018-09-27 04:05:01', NULL, '2018-09-27 04:05:01'),
(383, 11, 9, NULL, '2018-09-27 04:05:01', NULL, '2018-09-27 04:05:01'),
(384, 14, 9, NULL, '2018-09-27 04:05:01', NULL, '2018-09-27 04:05:01'),
(385, 15, 9, NULL, '2018-09-27 04:05:01', NULL, '2018-09-27 04:05:01'),
(386, 1, 7, NULL, '2018-09-27 04:05:08', NULL, '2018-09-27 04:05:08'),
(387, 2, 7, NULL, '2018-09-27 04:05:08', NULL, '2018-09-27 04:05:08'),
(388, 3, 7, NULL, '2018-09-27 04:05:08', NULL, '2018-09-27 04:05:08'),
(389, 4, 7, NULL, '2018-09-27 04:05:08', NULL, '2018-09-27 04:05:08'),
(390, 5, 7, NULL, '2018-09-27 04:05:08', NULL, '2018-09-27 04:05:08'),
(391, 6, 7, NULL, '2018-09-27 04:05:08', NULL, '2018-09-27 04:05:08'),
(392, 9, 7, NULL, '2018-09-27 04:05:08', NULL, '2018-09-27 04:05:08'),
(393, 10, 7, NULL, '2018-09-27 04:05:08', NULL, '2018-09-27 04:05:08'),
(394, 7, 7, NULL, '2018-09-27 04:05:08', NULL, '2018-09-27 04:05:08'),
(395, 12, 7, NULL, '2018-09-27 04:05:08', NULL, '2018-09-27 04:05:08'),
(396, 13, 7, NULL, '2018-09-27 04:05:08', NULL, '2018-09-27 04:05:08'),
(397, 8, 7, NULL, '2018-09-27 04:05:08', NULL, '2018-09-27 04:05:08'),
(398, 11, 7, NULL, '2018-09-27 04:05:08', NULL, '2018-09-27 04:05:08'),
(399, 14, 7, NULL, '2018-09-27 04:05:08', NULL, '2018-09-27 04:05:08'),
(400, 15, 7, NULL, '2018-09-27 04:05:08', NULL, '2018-09-27 04:05:08'),
(401, 2, 35, NULL, '2018-09-27 03:27:54', NULL, '2018-09-27 03:27:54'),
(402, 2, 35, NULL, '2018-09-27 03:40:01', NULL, '2018-09-27 03:40:01'),
(403, 2, 35, NULL, NULL, NULL, NULL),
(404, 1, 22, NULL, '2018-10-03 04:19:11', NULL, '2018-10-03 04:19:11'),
(405, 2, 22, NULL, '2018-10-03 04:19:11', NULL, '2018-10-03 04:19:11'),
(406, 3, 22, NULL, '2018-10-03 04:19:11', NULL, '2018-10-03 04:19:11'),
(407, 4, 22, NULL, '2018-10-03 04:19:11', NULL, '2018-10-03 04:19:11'),
(408, 5, 22, NULL, '2018-10-03 04:19:11', NULL, '2018-10-03 04:19:11'),
(409, 1, 9, NULL, '2018-10-03 04:19:45', NULL, '2018-10-03 04:19:45'),
(410, 2, 9, NULL, '2018-10-03 04:19:45', NULL, '2018-10-03 04:19:45'),
(411, 3, 9, NULL, '2018-10-03 04:19:45', NULL, '2018-10-03 04:19:45'),
(412, 4, 9, NULL, '2018-10-03 04:19:45', NULL, '2018-10-03 04:19:45'),
(413, 5, 9, NULL, '2018-10-03 04:19:45', NULL, '2018-10-03 04:19:45'),
(414, 6, 9, NULL, '2018-10-03 04:19:45', NULL, '2018-10-03 04:19:45'),
(415, 9, 9, NULL, '2018-10-03 04:19:45', NULL, '2018-10-03 04:19:45'),
(416, 10, 9, NULL, '2018-10-03 04:19:45', NULL, '2018-10-03 04:19:45'),
(417, 7, 9, NULL, '2018-10-03 04:19:45', NULL, '2018-10-03 04:19:45'),
(418, 12, 9, NULL, '2018-10-03 04:19:45', NULL, '2018-10-03 04:19:45'),
(419, 13, 9, NULL, '2018-10-03 04:19:45', NULL, '2018-10-03 04:19:45'),
(420, 8, 9, NULL, '2018-10-03 04:19:45', NULL, '2018-10-03 04:19:45'),
(421, 11, 9, NULL, '2018-10-03 04:19:45', NULL, '2018-10-03 04:19:45'),
(422, 14, 9, NULL, '2018-10-03 04:19:45', NULL, '2018-10-03 04:19:45'),
(423, 15, 9, NULL, '2018-10-03 04:19:45', NULL, '2018-10-03 04:19:45'),
(424, 1, 7, NULL, '2018-10-03 04:19:51', NULL, '2018-10-03 04:19:51'),
(425, 2, 7, NULL, '2018-10-03 04:19:51', NULL, '2018-10-03 04:19:51'),
(426, 3, 7, NULL, '2018-10-03 04:19:51', NULL, '2018-10-03 04:19:51'),
(427, 4, 7, NULL, '2018-10-03 04:19:51', NULL, '2018-10-03 04:19:51'),
(428, 5, 7, NULL, '2018-10-03 04:19:51', NULL, '2018-10-03 04:19:51'),
(429, 6, 7, NULL, '2018-10-03 04:19:51', NULL, '2018-10-03 04:19:51'),
(430, 9, 7, NULL, '2018-10-03 04:19:51', NULL, '2018-10-03 04:19:51'),
(431, 10, 7, NULL, '2018-10-03 04:19:51', NULL, '2018-10-03 04:19:51'),
(432, 7, 7, NULL, '2018-10-03 04:19:51', NULL, '2018-10-03 04:19:51'),
(433, 12, 7, NULL, '2018-10-03 04:19:51', NULL, '2018-10-03 04:19:51'),
(434, 13, 7, NULL, '2018-10-03 04:19:51', NULL, '2018-10-03 04:19:51'),
(435, 8, 7, NULL, '2018-10-03 04:19:51', NULL, '2018-10-03 04:19:51'),
(436, 11, 7, NULL, '2018-10-03 04:19:51', NULL, '2018-10-03 04:19:51'),
(437, 14, 7, NULL, '2018-10-03 04:19:51', NULL, '2018-10-03 04:19:51'),
(438, 15, 7, NULL, '2018-10-03 04:19:51', NULL, '2018-10-03 04:19:51'),
(439, 5, 25, NULL, '2018-09-27 04:48:12', NULL, '2018-09-27 04:48:12'),
(440, 13, 25, NULL, '2018-09-27 04:48:12', NULL, '2018-09-27 04:48:12'),
(441, 8, 25, NULL, '2018-09-27 04:48:12', NULL, '2018-09-27 04:48:12'),
(442, 11, 25, NULL, '2018-09-27 04:48:12', NULL, '2018-09-27 04:48:12'),
(443, 14, 25, NULL, '2018-09-27 04:48:12', NULL, '2018-09-27 04:48:12'),
(444, 15, 25, NULL, '2018-09-27 04:48:12', NULL, '2018-09-27 04:48:12'),
(445, 7, 24, NULL, '2018-09-27 04:05:55', NULL, '2018-09-27 04:05:55'),
(446, 12, 24, NULL, '2018-09-27 04:05:55', NULL, '2018-09-27 04:05:55'),
(447, 5, 24, NULL, '2018-09-28 07:56:14', NULL, '2018-09-28 07:56:14'),
(448, 7, 24, NULL, '2018-09-28 07:56:14', NULL, '2018-09-28 07:56:14'),
(449, 12, 24, NULL, '2018-09-28 07:56:14', NULL, '2018-09-28 07:56:14'),
(450, 5, 25, NULL, '2018-09-27 05:53:11', NULL, '2018-09-27 05:53:11'),
(451, 13, 25, NULL, '2018-09-27 05:53:11', NULL, '2018-09-27 05:53:11'),
(452, 8, 25, NULL, '2018-09-27 05:53:11', NULL, '2018-09-27 05:53:11'),
(453, 11, 25, NULL, '2018-09-27 05:53:11', NULL, '2018-09-27 05:53:11'),
(454, 14, 25, NULL, '2018-09-27 05:53:11', NULL, '2018-09-27 05:53:11'),
(455, 15, 25, NULL, '2018-09-27 05:53:11', NULL, '2018-09-27 05:53:11'),
(456, 5, 25, NULL, '2018-09-27 05:53:23', NULL, '2018-09-27 05:53:23'),
(457, 13, 25, NULL, '2018-09-27 05:53:23', NULL, '2018-09-27 05:53:23'),
(458, 8, 25, NULL, '2018-09-27 05:53:23', NULL, '2018-09-27 05:53:23'),
(459, 11, 25, NULL, '2018-09-27 05:53:23', NULL, '2018-09-27 05:53:23'),
(460, 14, 25, NULL, '2018-09-27 05:53:23', NULL, '2018-09-27 05:53:23'),
(461, 15, 25, NULL, '2018-09-27 05:53:23', NULL, '2018-09-27 05:53:23'),
(462, 5, 25, NULL, '2018-09-28 07:56:10', NULL, '2018-09-28 07:56:10'),
(463, 13, 25, NULL, '2018-09-28 07:56:10', NULL, '2018-09-28 07:56:10'),
(464, 8, 25, NULL, '2018-09-28 07:56:10', NULL, '2018-09-28 07:56:10'),
(465, 11, 25, NULL, '2018-09-28 07:56:10', NULL, '2018-09-28 07:56:10'),
(466, 14, 25, NULL, '2018-09-28 07:56:10', NULL, '2018-09-28 07:56:10'),
(467, 15, 25, NULL, '2018-09-28 07:56:10', NULL, '2018-09-28 07:56:10'),
(468, 1, 37, NULL, NULL, NULL, NULL),
(469, 16, 20, NULL, '2018-09-28 03:33:46', NULL, '2018-09-28 03:33:46'),
(470, 17, 20, NULL, '2018-09-28 03:33:46', NULL, '2018-09-28 03:33:46'),
(471, 18, 20, NULL, '2018-09-28 03:33:46', NULL, '2018-09-28 03:33:46'),
(472, 19, 20, NULL, '2018-09-28 03:33:46', NULL, '2018-09-28 03:33:46'),
(473, 20, 20, NULL, '2018-09-28 03:33:46', NULL, '2018-09-28 03:33:46'),
(474, 21, 20, NULL, '2018-09-28 03:33:46', NULL, '2018-09-28 03:33:46'),
(475, 22, 20, NULL, '2018-09-28 03:33:46', NULL, '2018-09-28 03:33:46'),
(476, 23, 20, NULL, '2018-09-28 03:33:46', NULL, '2018-09-28 03:33:46'),
(477, 24, 20, NULL, '2018-09-28 03:33:46', NULL, '2018-09-28 03:33:46'),
(478, 25, 20, NULL, '2018-09-28 03:33:46', NULL, '2018-09-28 03:33:46'),
(479, 26, 20, NULL, '2018-09-28 03:33:46', NULL, '2018-09-28 03:33:46'),
(480, 16, 19, NULL, '2018-09-28 03:33:56', NULL, '2018-09-28 03:33:56'),
(481, 17, 19, NULL, '2018-09-28 03:33:56', NULL, '2018-09-28 03:33:56'),
(482, 18, 19, NULL, '2018-09-28 03:33:56', NULL, '2018-09-28 03:33:56'),
(483, 19, 19, NULL, '2018-09-28 03:33:56', NULL, '2018-09-28 03:33:56'),
(484, 20, 19, NULL, '2018-09-28 03:33:56', NULL, '2018-09-28 03:33:56'),
(485, 21, 19, NULL, '2018-09-28 03:33:56', NULL, '2018-09-28 03:33:56'),
(486, 22, 19, NULL, '2018-09-28 03:33:56', NULL, '2018-09-28 03:33:56'),
(487, 23, 19, NULL, '2018-09-28 03:33:56', NULL, '2018-09-28 03:33:56'),
(488, 24, 19, NULL, '2018-09-28 03:33:56', NULL, '2018-09-28 03:33:56'),
(489, 25, 19, NULL, '2018-09-28 03:33:56', NULL, '2018-09-28 03:33:56'),
(490, 26, 19, NULL, '2018-09-28 03:33:56', NULL, '2018-09-28 03:33:56'),
(491, 20, 21, NULL, '2018-09-28 03:33:35', NULL, '2018-09-28 03:33:35'),
(492, 21, 21, NULL, '2018-09-28 03:33:35', NULL, '2018-09-28 03:33:35'),
(493, 22, 21, NULL, '2018-09-28 03:33:35', NULL, '2018-09-28 03:33:35'),
(494, 23, 21, NULL, '2018-09-28 03:33:35', NULL, '2018-09-28 03:33:35'),
(495, 24, 21, NULL, '2018-09-28 03:33:35', NULL, '2018-09-28 03:33:35'),
(496, 25, 21, NULL, '2018-09-28 03:33:35', NULL, '2018-09-28 03:33:35'),
(497, 26, 21, NULL, '2018-09-28 03:33:35', NULL, '2018-09-28 03:33:35'),
(498, 16, 21, NULL, '2018-10-01 03:51:07', NULL, '2018-10-01 03:51:07'),
(499, 17, 21, NULL, '2018-10-01 03:51:07', NULL, '2018-10-01 03:51:07'),
(500, 18, 21, NULL, '2018-10-01 03:51:07', NULL, '2018-10-01 03:51:07'),
(501, 19, 21, NULL, '2018-10-01 03:51:07', NULL, '2018-10-01 03:51:07'),
(502, 20, 20, NULL, NULL, NULL, NULL),
(503, 21, 19, NULL, NULL, NULL, NULL),
(504, 22, 19, NULL, NULL, NULL, NULL),
(505, 23, 18, NULL, NULL, NULL, NULL),
(506, 24, 18, NULL, NULL, NULL, NULL),
(507, 25, 18, NULL, NULL, NULL, NULL),
(508, 26, 18, NULL, NULL, NULL, NULL),
(509, 24, 38, NULL, NULL, NULL, NULL),
(510, 25, 38, NULL, NULL, NULL, NULL),
(511, 26, 38, NULL, NULL, NULL, NULL),
(512, 21, 39, NULL, NULL, NULL, NULL),
(513, 22, 39, NULL, NULL, NULL, NULL),
(514, 23, 39, NULL, NULL, NULL, NULL),
(515, 16, 40, NULL, NULL, NULL, NULL),
(516, 17, 40, NULL, NULL, NULL, NULL),
(517, 18, 40, NULL, NULL, NULL, NULL),
(518, 19, 40, NULL, NULL, NULL, NULL),
(519, 20, 40, NULL, NULL, NULL, NULL),
(520, 29, 41, NULL, '2018-09-28 08:13:33', NULL, '2018-09-28 08:13:33'),
(521, 5, 25, NULL, '2018-10-03 04:18:45', NULL, '2018-10-03 04:18:45'),
(522, 13, 25, NULL, '2018-10-03 04:18:45', NULL, '2018-10-03 04:18:45'),
(523, 8, 25, NULL, '2018-10-03 04:18:45', NULL, '2018-10-03 04:18:45'),
(524, 11, 25, NULL, '2018-10-03 04:18:45', NULL, '2018-10-03 04:18:45'),
(525, 14, 25, NULL, '2018-10-03 04:18:45', NULL, '2018-10-03 04:18:45'),
(526, 15, 25, NULL, '2018-10-03 04:18:45', NULL, '2018-10-03 04:18:45'),
(527, 5, 24, NULL, '2018-10-03 04:18:51', NULL, '2018-10-03 04:18:51'),
(528, 7, 24, NULL, '2018-10-03 04:18:51', NULL, '2018-10-03 04:18:51'),
(529, 12, 24, NULL, '2018-10-03 04:18:51', NULL, '2018-10-03 04:18:51'),
(530, 6, 23, NULL, '2018-10-03 04:18:57', NULL, '2018-10-03 04:18:57'),
(531, 9, 23, NULL, '2018-10-03 04:18:57', NULL, '2018-10-03 04:18:57'),
(532, 10, 23, NULL, '2018-10-03 04:18:57', NULL, '2018-10-03 04:18:57'),
(533, 29, 41, NULL, NULL, NULL, NULL),
(534, 30, 42, NULL, NULL, NULL, NULL),
(535, 30, 43, NULL, NULL, NULL, NULL),
(536, 30, 44, NULL, NULL, NULL, NULL),
(537, 30, 45, NULL, NULL, NULL, NULL),
(538, 31, 46, NULL, NULL, NULL, NULL),
(539, 31, 47, NULL, NULL, NULL, NULL),
(540, 31, 48, NULL, NULL, NULL, NULL),
(541, 31, 49, NULL, NULL, NULL, NULL),
(542, 16, 21, NULL, NULL, NULL, NULL),
(543, 5, 25, NULL, '2018-10-03 04:29:50', NULL, '2018-10-03 04:29:50'),
(544, 13, 25, NULL, '2018-10-03 04:29:50', NULL, '2018-10-03 04:29:50'),
(545, 8, 25, NULL, '2018-10-03 04:29:50', NULL, '2018-10-03 04:29:50'),
(546, 11, 25, NULL, '2018-10-03 04:29:50', NULL, '2018-10-03 04:29:50'),
(547, 14, 25, NULL, '2018-10-03 04:29:50', NULL, '2018-10-03 04:29:50'),
(548, 15, 25, NULL, '2018-10-03 04:29:50', NULL, '2018-10-03 04:29:50'),
(549, 5, 24, NULL, '2018-10-03 04:29:54', NULL, '2018-10-03 04:29:54'),
(550, 7, 24, NULL, '2018-10-03 04:29:54', NULL, '2018-10-03 04:29:54'),
(551, 12, 24, NULL, '2018-10-03 04:29:54', NULL, '2018-10-03 04:29:54'),
(552, 6, 23, NULL, '2018-10-03 04:19:04', NULL, '2018-10-03 04:19:04'),
(553, 9, 23, NULL, '2018-10-03 04:19:04', NULL, '2018-10-03 04:19:04'),
(554, 10, 23, NULL, '2018-10-03 04:19:04', NULL, '2018-10-03 04:19:04'),
(555, 6, 23, NULL, '2018-10-03 04:29:57', NULL, '2018-10-03 04:29:57'),
(556, 9, 23, NULL, '2018-10-03 04:29:57', NULL, '2018-10-03 04:29:57'),
(557, 10, 23, NULL, '2018-10-03 04:29:57', NULL, '2018-10-03 04:29:57'),
(558, 1, 22, NULL, '2018-10-03 04:30:00', NULL, '2018-10-03 04:30:00'),
(559, 2, 22, NULL, '2018-10-03 04:30:00', NULL, '2018-10-03 04:30:00'),
(560, 3, 22, NULL, '2018-10-03 04:30:00', NULL, '2018-10-03 04:30:00'),
(561, 4, 22, NULL, '2018-10-03 04:30:00', NULL, '2018-10-03 04:30:00'),
(562, 5, 22, NULL, '2018-10-03 04:30:00', NULL, '2018-10-03 04:30:00'),
(563, 1, 16, NULL, '2018-10-03 04:30:04', NULL, '2018-10-03 04:30:04'),
(564, 4, 16, NULL, '2018-10-03 04:30:04', NULL, '2018-10-03 04:30:04'),
(565, 6, 16, NULL, '2018-10-03 04:30:04', NULL, '2018-10-03 04:30:04'),
(566, 7, 16, NULL, '2018-10-03 04:30:04', NULL, '2018-10-03 04:30:04'),
(567, 8, 16, NULL, '2018-10-03 04:30:04', NULL, '2018-10-03 04:30:04'),
(568, 11, 16, NULL, '2018-10-03 04:30:04', NULL, '2018-10-03 04:30:04'),
(569, 14, 16, NULL, '2018-10-03 04:30:04', NULL, '2018-10-03 04:30:04'),
(570, 15, 16, NULL, '2018-10-03 04:30:04', NULL, '2018-10-03 04:30:04'),
(571, 2, 15, NULL, '2018-10-03 04:30:08', NULL, '2018-10-03 04:30:08'),
(572, 4, 15, NULL, '2018-10-03 04:30:08', NULL, '2018-10-03 04:30:08'),
(573, 7, 15, NULL, '2018-10-03 04:30:08', NULL, '2018-10-03 04:30:08'),
(574, 13, 15, NULL, '2018-10-03 04:30:08', NULL, '2018-10-03 04:30:08'),
(575, 11, 15, NULL, '2018-10-03 04:30:08', NULL, '2018-10-03 04:30:08'),
(576, 14, 15, NULL, '2018-10-03 04:30:08', NULL, '2018-10-03 04:30:08'),
(577, 15, 15, NULL, '2018-10-03 04:30:08', NULL, '2018-10-03 04:30:08'),
(578, 1, 13, NULL, '2018-10-03 04:30:11', NULL, '2018-10-03 04:30:11'),
(579, 2, 13, NULL, '2018-10-03 04:30:11', NULL, '2018-10-03 04:30:11'),
(580, 3, 13, NULL, '2018-10-03 04:30:11', NULL, '2018-10-03 04:30:11'),
(581, 4, 13, NULL, '2018-10-03 04:30:11', NULL, '2018-10-03 04:30:11'),
(582, 10, 13, NULL, '2018-10-03 04:30:11', NULL, '2018-10-03 04:30:11'),
(583, 7, 13, NULL, '2018-10-03 04:30:11', NULL, '2018-10-03 04:30:11'),
(584, 12, 13, NULL, '2018-10-03 04:30:11', NULL, '2018-10-03 04:30:11'),
(585, 13, 13, NULL, '2018-10-03 04:30:11', NULL, '2018-10-03 04:30:11'),
(586, 8, 13, NULL, '2018-10-03 04:30:11', NULL, '2018-10-03 04:30:11'),
(587, 14, 13, NULL, '2018-10-03 04:30:11', NULL, '2018-10-03 04:30:11'),
(588, 1, 12, NULL, '2018-10-03 04:30:15', NULL, '2018-10-03 04:30:15'),
(589, 9, 12, NULL, '2018-10-03 04:30:15', NULL, '2018-10-03 04:30:15'),
(590, 10, 12, NULL, '2018-10-03 04:30:15', NULL, '2018-10-03 04:30:15'),
(591, 7, 12, NULL, '2018-10-03 04:30:15', NULL, '2018-10-03 04:30:15'),
(592, 13, 12, NULL, '2018-10-03 04:30:15', NULL, '2018-10-03 04:30:15'),
(593, 8, 12, NULL, '2018-10-03 04:30:15', NULL, '2018-10-03 04:30:15'),
(594, 11, 12, NULL, '2018-10-03 04:30:15', NULL, '2018-10-03 04:30:15'),
(595, 14, 12, NULL, '2018-10-03 04:30:15', NULL, '2018-10-03 04:30:15'),
(596, 15, 12, NULL, '2018-10-03 04:30:15', NULL, '2018-10-03 04:30:15'),
(597, 1, 9, NULL, '2018-10-03 04:30:19', NULL, '2018-10-03 04:30:19'),
(598, 2, 9, NULL, '2018-10-03 04:30:19', NULL, '2018-10-03 04:30:19'),
(599, 3, 9, NULL, '2018-10-03 04:30:19', NULL, '2018-10-03 04:30:19'),
(600, 4, 9, NULL, '2018-10-03 04:30:19', NULL, '2018-10-03 04:30:19'),
(601, 5, 9, NULL, '2018-10-03 04:30:19', NULL, '2018-10-03 04:30:19'),
(602, 6, 9, NULL, '2018-10-03 04:30:19', NULL, '2018-10-03 04:30:19'),
(603, 9, 9, NULL, '2018-10-03 04:30:19', NULL, '2018-10-03 04:30:19'),
(604, 10, 9, NULL, '2018-10-03 04:30:19', NULL, '2018-10-03 04:30:19'),
(605, 7, 9, NULL, '2018-10-03 04:30:19', NULL, '2018-10-03 04:30:19'),
(606, 12, 9, NULL, '2018-10-03 04:30:19', NULL, '2018-10-03 04:30:19'),
(607, 13, 9, NULL, '2018-10-03 04:30:19', NULL, '2018-10-03 04:30:19'),
(608, 8, 9, NULL, '2018-10-03 04:30:19', NULL, '2018-10-03 04:30:19'),
(609, 11, 9, NULL, '2018-10-03 04:30:19', NULL, '2018-10-03 04:30:19'),
(610, 14, 9, NULL, '2018-10-03 04:30:19', NULL, '2018-10-03 04:30:19'),
(611, 15, 9, NULL, '2018-10-03 04:30:19', NULL, '2018-10-03 04:30:19'),
(612, 1, 7, NULL, '2018-10-03 04:30:37', NULL, '2018-10-03 04:30:37'),
(613, 2, 7, NULL, '2018-10-03 04:30:37', NULL, '2018-10-03 04:30:37'),
(614, 3, 7, NULL, '2018-10-03 04:30:37', NULL, '2018-10-03 04:30:37'),
(615, 4, 7, NULL, '2018-10-03 04:30:37', NULL, '2018-10-03 04:30:37'),
(616, 5, 7, NULL, '2018-10-03 04:30:37', NULL, '2018-10-03 04:30:37'),
(617, 6, 7, NULL, '2018-10-03 04:30:37', NULL, '2018-10-03 04:30:37'),
(618, 9, 7, NULL, '2018-10-03 04:30:37', NULL, '2018-10-03 04:30:37'),
(619, 10, 7, NULL, '2018-10-03 04:30:37', NULL, '2018-10-03 04:30:37'),
(620, 7, 7, NULL, '2018-10-03 04:30:37', NULL, '2018-10-03 04:30:37'),
(621, 12, 7, NULL, '2018-10-03 04:30:37', NULL, '2018-10-03 04:30:37'),
(622, 13, 7, NULL, '2018-10-03 04:30:37', NULL, '2018-10-03 04:30:37'),
(623, 8, 7, NULL, '2018-10-03 04:30:37', NULL, '2018-10-03 04:30:37'),
(624, 11, 7, NULL, '2018-10-03 04:30:37', NULL, '2018-10-03 04:30:37'),
(625, 14, 7, NULL, '2018-10-03 04:30:37', NULL, '2018-10-03 04:30:37'),
(626, 15, 7, NULL, '2018-10-03 04:30:37', NULL, '2018-10-03 04:30:37'),
(627, 5, 25, NULL, NULL, NULL, NULL),
(628, 13, 25, NULL, NULL, NULL, NULL),
(629, 8, 25, NULL, NULL, NULL, NULL),
(630, 11, 25, NULL, NULL, NULL, NULL),
(631, 14, 25, NULL, NULL, NULL, NULL),
(632, 15, 25, NULL, NULL, NULL, NULL),
(633, 5, 24, NULL, NULL, NULL, NULL),
(634, 7, 24, NULL, NULL, NULL, NULL),
(635, 12, 24, NULL, NULL, NULL, NULL),
(636, 6, 23, NULL, NULL, NULL, NULL),
(637, 9, 23, NULL, NULL, NULL, NULL),
(638, 10, 23, NULL, NULL, NULL, NULL),
(639, 1, 22, NULL, NULL, NULL, NULL),
(640, 2, 22, NULL, NULL, NULL, NULL),
(641, 3, 22, NULL, NULL, NULL, NULL),
(642, 4, 22, NULL, NULL, NULL, NULL),
(643, 5, 22, NULL, NULL, NULL, NULL),
(644, 1, 16, NULL, NULL, NULL, NULL),
(645, 4, 16, NULL, NULL, NULL, NULL),
(646, 6, 16, NULL, NULL, NULL, NULL),
(647, 7, 16, NULL, NULL, NULL, NULL),
(648, 8, 16, NULL, NULL, NULL, NULL),
(649, 11, 16, NULL, NULL, NULL, NULL),
(650, 14, 16, NULL, NULL, NULL, NULL),
(651, 15, 16, NULL, NULL, NULL, NULL),
(652, 2, 15, NULL, NULL, NULL, NULL),
(653, 4, 15, NULL, NULL, NULL, NULL),
(654, 7, 15, NULL, NULL, NULL, NULL),
(655, 13, 15, NULL, NULL, NULL, NULL),
(656, 11, 15, NULL, NULL, NULL, NULL),
(657, 14, 15, NULL, NULL, NULL, NULL),
(658, 15, 15, NULL, NULL, NULL, NULL),
(659, 1, 13, NULL, NULL, NULL, NULL),
(660, 2, 13, NULL, NULL, NULL, NULL),
(661, 3, 13, NULL, NULL, NULL, NULL),
(662, 4, 13, NULL, NULL, NULL, NULL),
(663, 10, 13, NULL, NULL, NULL, NULL),
(664, 7, 13, NULL, NULL, NULL, NULL),
(665, 12, 13, NULL, NULL, NULL, NULL),
(666, 13, 13, NULL, NULL, NULL, NULL),
(667, 8, 13, NULL, NULL, NULL, NULL),
(668, 14, 13, NULL, NULL, NULL, NULL),
(669, 1, 12, NULL, NULL, NULL, NULL),
(670, 9, 12, NULL, NULL, NULL, NULL),
(671, 10, 12, NULL, NULL, NULL, NULL),
(672, 7, 12, NULL, NULL, NULL, NULL),
(673, 13, 12, NULL, NULL, NULL, NULL),
(674, 8, 12, NULL, NULL, NULL, NULL),
(675, 11, 12, NULL, NULL, NULL, NULL),
(676, 14, 12, NULL, NULL, NULL, NULL),
(677, 15, 12, NULL, NULL, NULL, NULL),
(678, 1, 9, NULL, NULL, NULL, NULL),
(679, 2, 9, NULL, NULL, NULL, NULL),
(680, 3, 9, NULL, NULL, NULL, NULL),
(681, 4, 9, NULL, NULL, NULL, NULL),
(682, 5, 9, NULL, NULL, NULL, NULL),
(683, 6, 9, NULL, NULL, NULL, NULL),
(684, 9, 9, NULL, NULL, NULL, NULL),
(685, 10, 9, NULL, NULL, NULL, NULL),
(686, 7, 9, NULL, NULL, NULL, NULL),
(687, 12, 9, NULL, NULL, NULL, NULL),
(688, 13, 9, NULL, NULL, NULL, NULL),
(689, 8, 9, NULL, NULL, NULL, NULL),
(690, 11, 9, NULL, NULL, NULL, NULL),
(691, 14, 9, NULL, NULL, NULL, NULL),
(692, 15, 9, NULL, NULL, NULL, NULL),
(693, 1, 7, NULL, NULL, NULL, NULL),
(694, 2, 7, NULL, NULL, NULL, NULL),
(695, 3, 7, NULL, NULL, NULL, NULL),
(696, 4, 7, NULL, NULL, NULL, NULL),
(697, 5, 7, NULL, NULL, NULL, NULL),
(698, 6, 7, NULL, NULL, NULL, NULL),
(699, 9, 7, NULL, NULL, NULL, NULL),
(700, 10, 7, NULL, NULL, NULL, NULL),
(701, 7, 7, NULL, NULL, NULL, NULL),
(702, 12, 7, NULL, NULL, NULL, NULL),
(703, 13, 7, NULL, NULL, NULL, NULL),
(704, 8, 7, NULL, NULL, NULL, NULL),
(705, 11, 7, NULL, NULL, NULL, NULL),
(706, 14, 7, NULL, NULL, NULL, NULL),
(707, 15, 7, NULL, NULL, NULL, NULL);

-- --------------------------------------------------------

--
-- Cấu trúc bảng cho bảng `comments`
--

CREATE TABLE `comments` (
  `comment_id` int(11) NOT NULL,
  `content` longtext COLLATE utf8_unicode_ci NOT NULL,
  `user_id` int(11) DEFAULT NULL,
  `post_id` int(11) DEFAULT NULL,
  `customer_name` varchar(255) COLLATE utf8_unicode_ci DEFAULT NULL,
  `customer_email` varchar(255) COLLATE utf8_unicode_ci DEFAULT NULL,
  `customer_phone` varchar(255) COLLATE utf8_unicode_ci DEFAULT NULL,
  `rating` int(11) DEFAULT NULL,
  `parent` int(11) DEFAULT NULL,
  `created_at` date DEFAULT NULL,
  `updated_at` date DEFAULT NULL,
  `deleted_at` datetime DEFAULT NULL
) ENGINE=MyISAM DEFAULT CHARSET=utf8 COLLATE=utf8_unicode_ci;

-- --------------------------------------------------------

--
-- Cấu trúc bảng cho bảng `contact`
--

CREATE TABLE `contact` (
  `contact_id` int(11) NOT NULL,
  `name` varchar(254) CHARACTER SET utf8mb4 COLLATE utf8mb4_unicode_ci DEFAULT NULL,
  `phone` varchar(254) CHARACTER SET utf8mb4 COLLATE utf8mb4_unicode_ci DEFAULT NULL,
  `email` varchar(254) CHARACTER SET utf8mb4 COLLATE utf8mb4_unicode_ci DEFAULT NULL,
  `address` varchar(254) CHARACTER SET utf8mb4 COLLATE utf8mb4_unicode_ci DEFAULT NULL,
  `message` longtext CHARACTER SET utf8mb4 COLLATE utf8mb4_unicode_ci,
  `created_at` datetime DEFAULT NULL,
  `updated_at` datetime DEFAULT NULL,
  `deleted_at` datetime DEFAULT NULL
) ENGINE=InnoDB DEFAULT CHARSET=latin1;

--
-- Đang đổ dữ liệu cho bảng `contact`
--

INSERT INTO `contact` (`contact_id`, `name`, `phone`, `email`, `address`, `message`, `created_at`, `updated_at`, `deleted_at`) VALUES
(1, 'a', '1', 'tttthang1996@gmail.com', '1', 'aaa', '2018-10-03 03:55:22', '2018-10-03 03:55:22', NULL);

-- --------------------------------------------------------

--
-- Cấu trúc bảng cho bảng `facebook_save_uid`
--

CREATE TABLE `facebook_save_uid` (
  `facebook_save_uid_id` int(11) NOT NULL,
  `uid_list` longtext CHARACTER SET utf8mb4 COLLATE utf8mb4_unicode_ci,
  `created_at` datetime DEFAULT NULL,
  `updated_at` datetime DEFAULT NULL,
  `status` tinyint(4) DEFAULT NULL,
  `start` int(11) DEFAULT NULL,
  `deleted_at` datetime DEFAULT NULL
) ENGINE=InnoDB DEFAULT CHARSET=latin1;

-- --------------------------------------------------------

--
-- Cấu trúc bảng cho bảng `facebook_setting`
--

CREATE TABLE `facebook_setting` (
  `facebook_id` int(11) NOT NULL,
  `accesstoken` varchar(255) COLLATE utf8mb4_unicode_ci DEFAULT NULL,
  `like_minimum` int(11) DEFAULT NULL,
  `comment_minimum` int(11) DEFAULT NULL,
  `groups` longtext COLLATE utf8mb4_unicode_ci,
  `face_ids` longtext COLLATE utf8mb4_unicode_ci,
  `updated_at` datetime DEFAULT NULL,
  `deleted_at` datetime DEFAULT NULL
) ENGINE=InnoDB DEFAULT CHARSET=utf8mb4 COLLATE=utf8mb4_unicode_ci;

-- --------------------------------------------------------

--
-- Cấu trúc bảng cho bảng `filter`
--

CREATE TABLE `filter` (
  `filter_id` int(11) NOT NULL,
  `name_filter` varchar(255) CHARACTER SET utf8mb4 COLLATE utf8mb4_unicode_ci DEFAULT NULL,
  `group_filter_id` int(11) NOT NULL,
  `theme_code` varchar(255) CHARACTER SET utf8mb4 COLLATE utf8mb4_unicode_ci DEFAULT NULL,
  `user_email` varchar(255) CHARACTER SET utf8mb4 COLLATE utf8mb4_unicode_ci DEFAULT NULL,
  `created_at` datetime DEFAULT NULL,
  `updated_at` datetime DEFAULT NULL,
  `deleted_at` datetime DEFAULT NULL
) ENGINE=InnoDB DEFAULT CHARSET=latin1;

--
-- Đang đổ dữ liệu cho bảng `filter`
--

INSERT INTO `filter` (`filter_id`, `name_filter`, `group_filter_id`, `theme_code`, `user_email`, `created_at`, `updated_at`, `deleted_at`) VALUES
(1, 'dưới 500.000 đ', 1, NULL, NULL, NULL, NULL, NULL),
(2, '500.000 - 1.000.000đ', 1, NULL, NULL, NULL, NULL, NULL),
(3, '1.000.000 - 2.000.000đ', 1, NULL, NULL, NULL, NULL, NULL),
(4, '2.000.000 - 5.000.000đ', 1, NULL, NULL, NULL, NULL, NULL),
(5, '≥ 5.000.000đ', 1, NULL, NULL, NULL, NULL, NULL),
(6, 'Bayshore Pharmaceuticals LLC', 2, NULL, NULL, NULL, NULL, NULL),
(7, 'Biosense - Hàn Quốc', 2, NULL, NULL, NULL, NULL, NULL),
(8, 'Botania', 2, NULL, NULL, NULL, NULL, NULL),
(9, 'Care Line Australia Pty Ltd', 2, NULL, NULL, NULL, NULL, NULL),
(10, 'Cơ sở SX Đông dược Đông Hải', 2, NULL, NULL, NULL, NULL, NULL),
(11, 'Công ty Cổ phần Capital', 2, NULL, NULL, NULL, NULL, NULL);

-- --------------------------------------------------------

--
-- Cấu trúc bảng cho bảng `group_filter`
--

CREATE TABLE `group_filter` (
  `group_filter_id` int(11) NOT NULL,
  `group_name` varchar(255) CHARACTER SET utf8mb4 COLLATE utf8mb4_unicode_ci DEFAULT NULL,
  `theme_code` varchar(255) CHARACTER SET utf8mb4 COLLATE utf8mb4_unicode_ci DEFAULT NULL,
  `user_email` varchar(255) CHARACTER SET utf8mb4 COLLATE utf8mb4_unicode_ci DEFAULT NULL,
  `created_at` datetime DEFAULT NULL,
  `updated_at` datetime DEFAULT NULL,
  `deleted_at` datetime DEFAULT NULL COMMENT '0: chưa xóa. 1: đã xóa.'
) ENGINE=InnoDB DEFAULT CHARSET=latin1;

--
-- Đang đổ dữ liệu cho bảng `group_filter`
--

INSERT INTO `group_filter` (`group_filter_id`, `group_name`, `theme_code`, `user_email`, `created_at`, `updated_at`, `deleted_at`) VALUES
(1, 'Giá sản phẩm', NULL, NULL, NULL, NULL, NULL),
(2, 'Thương hiệu', NULL, NULL, NULL, NULL, NULL);

-- --------------------------------------------------------

--
-- Cấu trúc bảng cho bảng `group_mail`
--

CREATE TABLE `group_mail` (
  `group_mail_id` int(11) NOT NULL,
  `name` varchar(255) CHARACTER SET utf8 COLLATE utf8_unicode_ci DEFAULT NULL,
  `description` longtext CHARACTER SET utf8 COLLATE utf8_unicode_ci,
  `updated_at` datetime DEFAULT NULL,
  `deleted_at` datetime DEFAULT NULL
) ENGINE=InnoDB DEFAULT CHARSET=latin1;

-- --------------------------------------------------------

--
-- Cấu trúc bảng cho bảng `information`
--

CREATE TABLE `information` (
  `infor_id` int(11) NOT NULL,
  `slug_type_input` varchar(254) COLLATE utf8_unicode_ci DEFAULT NULL,
  `content` longtext CHARACTER SET utf8mb4 COLLATE utf8mb4_unicode_ci,
  `updated_at` datetime DEFAULT NULL,
  `deleted_at` datetime DEFAULT NULL
) ENGINE=MyISAM DEFAULT CHARSET=utf8 COLLATE=utf8_unicode_ci;

--
-- Đang đổ dữ liệu cho bảng `information`
--

INSERT INTO `information` (`infor_id`, `slug_type_input`, `content`, `updated_at`, `deleted_at`) VALUES
(1, 'domain', 'http://nhathuoc365.local/', '2018-09-28 01:50:55', NULL),
(2, 'logo', '/library/images/thongtintrang/_1521431633.png', NULL, NULL),
(3, 'icon', '/library/images/thongtintrang/_1521431633.png', NULL, NULL),
(4, 'hotline', '0359784920', '2018-10-04 02:55:55', NULL),
(5, 'so-dien-thoai', '0987881008', '2018-10-04 02:55:55', NULL),
(6, 'thoi-gian-lam-viec', 'Từ 8h00 - 20h30', NULL, NULL),
(7, 'dia-chi', '59 ngõ 42 Phố Sài Đồng - Long Biên - Hà Nội', '2018-10-04 03:24:11', NULL),
(8, 'email', 'Email: cskh.thuocuytin@gmail.com', '2018-10-04 03:24:11', NULL),
(9, 'nhung-facebook', '<div id=\"fb-root\"></div>\r\n<script>(function(d, s, id) {\r\n  var js, fjs = d.getElementsByTagName(s)[0];\r\n  if (d.getElementById(id)) return;\r\n  js = d.createElement(s); js.id = id;\r\n  js.src = \'https://connect.facebook.net/vi_VN/sdk.js#xfbml=1&version=v3.1\';\r\n  fjs.parentNode.insertBefore(js, fjs);\r\n}(document, \'script\', \'facebook-jssdk\'));</script>\r\n<div class=\"fb-page\" data-href=\"https://www.facebook.com/Nh%C3%A0-thu%E1%BB%91c-uy-t%C3%ADn-thuocuytincomvn-332655160834725/\" data-tabs=\"timeline\" data-small-header=\"false\" data-adapt-container-width=\"true\" data-hide-cover=\"false\" data-show-facepile=\"true\"><blockquote cite=\"https://www.facebook.com/Nh%C3%A0-thu%E1%BB%91c-uy-t%C3%ADn-thuocuytincomvn-332655160834725/\" class=\"fb-xfbml-parse-ignore\"><a href=\"https://www.facebook.com/Nh%C3%A0-thu%E1%BB%91c-uy-t%C3%ADn-thuocuytincomvn-332655160834725/\">Nhà thuốc uy tín - thuocuytin.com.vn</a></blockquote></div>', '2018-10-04 03:24:11', NULL),
(10, 'copy-right', 'Copyright © 2018 Bản quyền thuộc về VN3C.NET', NULL, NULL),
(11, 'dien-thoai', 'Điện thoại: 0987881008  Mobile: 0359784920', '2018-10-04 02:55:55', NULL),
(12, 'thuong-hieu', '/library/images/thongtintrang/t2.jpg', NULL, NULL),
(13, 'nhung-ban-do', '<iframe src=\"https://www.google.com/maps/embed?pb=!1m18!1m12!1m3!1d3726.0303801587697!2d105.80598591540681!3d20.951295086040354!2m3!1f0!2f0!3f0!3m2!1i1024!2i768!4f13.1!3m3!1m2!1s0x3135ad80ceca5e1d%3A0x98fcfe3f75b15cb1!2zQ8O0bmcgdHkgY-G7lSBwaOG6p24gY8O0bmcgbmdo4buHIHZuM2MgVmnhu4d0IE5hbQ!5e0!3m2!1svi!2s!4v1538125095213\" width=\"100%\" height=\"450\" frameborder=\"0\" style=\"border:0\" allowfullscreen></iframe>', NULL, NULL),
(14, 'meta_title', 'nha thuoc 365', NULL, NULL),
(15, 'meta_description', 'nha thuoc 365', NULL, NULL),
(16, 'meta_keyword', 'nha thuoc 365', NULL, NULL);

-- --------------------------------------------------------

--
-- Cấu trúc bảng cho bảng `information_general`
--

CREATE TABLE `information_general` (
  `infor_id` int(11) NOT NULL,
  `slug` varchar(255) CHARACTER SET utf8mb4 COLLATE utf8mb4_unicode_ci DEFAULT NULL,
  `content` varchar(255) CHARACTER SET utf8mb4 COLLATE utf8mb4_unicode_ci DEFAULT NULL,
  `created_at` datetime DEFAULT NULL,
  `updated_at` datetime DEFAULT NULL,
  `deleted_at` datetime DEFAULT NULL
) ENGINE=InnoDB DEFAULT CHARSET=latin1;

-- --------------------------------------------------------

--
-- Cấu trúc bảng cho bảng `input`
--

CREATE TABLE `input` (
  `input_id` int(11) NOT NULL,
  `type_input_slug` varchar(254) CHARACTER SET utf8mb4 COLLATE utf8mb4_unicode_ci NOT NULL,
  `content` longtext CHARACTER SET utf8mb4 COLLATE utf8mb4_unicode_ci,
  `post_id` int(11) DEFAULT NULL,
  `updated_at` datetime DEFAULT NULL,
  `deleted_at` datetime DEFAULT NULL,
  `cate_id` int(11) DEFAULT NULL
) ENGINE=MyISAM DEFAULT CHARSET=utf8 COLLATE=utf8_unicode_ci;

--
-- Đang đổ dữ liệu cho bảng `input`
--

INSERT INTO `input` (`input_id`, `type_input_slug`, `content`, `post_id`, `updated_at`, `deleted_at`, `cate_id`) VALUES
(1, 'thuong-hieu', 'Olympian Labs - Mỹ', 25, '2018-09-27 04:05:24', '2018-09-27 04:05:24', NULL),
(2, 'thuong-hieu', 'Olympian Labs - Mỹ', 24, '2018-09-27 04:05:37', '2018-09-27 04:05:37', NULL),
(3, 'thuong-hieu', 'Olympian Labs - Mỹ', 23, '2018-09-28 07:56:20', '2018-09-28 07:56:20', NULL),
(4, 'thuong-hieu', 'Olympian Labs - Mỹ', 22, '2018-09-27 04:04:47', '2018-09-27 04:04:47', NULL),
(5, 'thuong-hieu', 'Olympian Labs - Mỹ', 16, '2018-10-03 04:19:19', '2018-10-03 04:19:19', NULL),
(6, 'thuong-hieu', 'Olympian Labs - Mỹ', 15, '2018-10-03 04:19:25', '2018-10-03 04:19:25', NULL),
(7, 'thuong-hieu', 'Olympian Labs - Mỹ', 13, '2018-10-03 04:19:32', '2018-10-03 04:19:32', NULL),
(8, 'thuong-hieu', 'Olympian Labs - Mỹ', 12, '2018-10-03 04:19:39', '2018-10-03 04:19:39', NULL),
(9, 'thuong-hieu', 'Olympian Labs - Mỹ', 9, '2018-09-27 04:05:01', '2018-09-27 04:05:01', NULL),
(10, 'thuong-hieu', 'Olympian Labs - Mỹ', 7, '2018-09-27 04:05:08', '2018-09-27 04:05:08', NULL),
(11, 'kiem-tra-truong-du-lieu', '123124', NULL, '2018-09-27 02:56:57', '2018-09-27 02:56:57', 27),
(12, 'kiem-tra-truong-du-lieu', '12', NULL, NULL, NULL, 27),
(13, 'kiem-tra-truong-du-lieu', '12', NULL, '2018-09-27 02:57:48', '2018-09-27 02:57:48', 28),
(14, 'kiem-tra-truong-du-lieu', '12232', NULL, NULL, NULL, 28),
(15, 'thuong-hieu', NULL, 35, '2018-09-27 03:27:54', '2018-09-27 03:27:54', NULL),
(16, 'thuong-hieu', NULL, 35, '2018-09-27 03:40:01', '2018-09-27 03:40:01', NULL),
(17, 'thuong-hieu', NULL, 35, NULL, NULL, NULL),
(18, 'thuong-hieu', NULL, 36, '2018-09-27 03:41:08', '2018-09-27 03:41:08', NULL),
(19, 'thuong-hieu', NULL, 36, NULL, NULL, NULL),
(20, 'thuong-hieu', 'Olympian Labs - Mỹ', 22, '2018-10-03 04:19:11', '2018-10-03 04:19:11', NULL),
(21, 'thuong-hieu', 'Olympian Labs - Mỹ', 9, '2018-10-03 04:19:45', '2018-10-03 04:19:45', NULL),
(22, 'thuong-hieu', 'Olympian Labs - Mỹ', 7, '2018-10-03 04:19:51', '2018-10-03 04:19:51', NULL),
(23, 'thuong-hieu', 'Olympian Labs - Mỹ', 25, '2018-09-27 04:48:12', '2018-09-27 04:48:12', NULL),
(24, 'thuong-hieu', 'Olympian Labs - Mỹ', 24, '2018-09-27 04:05:55', '2018-09-27 04:05:55', NULL),
(25, 'thuong-hieu', 'Olympian Labs - Mỹ', 24, '2018-09-28 07:56:14', '2018-09-28 07:56:14', NULL),
(26, 'thuong-hieu', 'Olympian Labs - Mỹ', 25, '2018-09-27 05:53:11', '2018-09-27 05:53:11', NULL),
(27, 'thuong-hieu', 'Olympian Labs - Mỹ', 25, '2018-09-27 05:53:23', '2018-09-27 05:53:23', NULL),
(28, 'thuong-hieu', 'Olympian Labs - Mỹ', 25, '2018-09-28 07:56:10', '2018-09-28 07:56:10', NULL),
(29, 'thuong-hieu', NULL, 37, NULL, NULL, NULL),
(30, 'kiem-tra-truong-du-lieu', NULL, NULL, NULL, NULL, 6),
(31, 'icon-danh-muc', '/library/images/danhmucsp/thuc-pham-giam-can-an-kieng-1517387699.png', NULL, NULL, NULL, 6),
(32, 'backgruod-icon', '#52ad1f', NULL, NULL, NULL, 6),
(33, 'backgruod-title', '#71bf44', NULL, NULL, NULL, 6),
(34, 'kiem-tra-truong-du-lieu', NULL, NULL, NULL, NULL, 7),
(35, 'icon-danh-muc', '/library/images/danhmucsp/ho-tro-dieu-tri-ung-thu-ung-buou-1517387719.png', NULL, NULL, NULL, 7),
(36, 'backgruod-icon', '#f06922', NULL, NULL, NULL, 7),
(37, 'backgruod-title', '#fe9144', NULL, NULL, NULL, 7),
(38, 'kiem-tra-truong-du-lieu', NULL, NULL, NULL, NULL, 8),
(39, 'icon-danh-muc', '/library/images/danhmucsp/tinh-dau-1517387636.png', NULL, NULL, NULL, 8),
(40, 'backgruod-icon', '#f06922', NULL, NULL, NULL, 8),
(41, 'backgruod-title', '#fe9144', NULL, NULL, NULL, 8),
(42, 'icon-danh-muc', '/library/images/danhmucsp/san-pham-khuyen-mai-1517387799(1).png', NULL, NULL, NULL, 1),
(43, 'backgruod-icon', NULL, NULL, NULL, NULL, 1),
(44, 'backgruod-title', NULL, NULL, NULL, NULL, 1),
(45, 'icon-danh-muc', '/library/images/danhmucsp/san-pham-khuyen-mai-1517387799.png', NULL, NULL, NULL, 2),
(46, 'backgruod-icon', NULL, NULL, NULL, NULL, 2),
(47, 'backgruod-title', NULL, NULL, NULL, NULL, 2),
(48, 'icon-danh-muc', '/library/images/danhmucsp/san-pham-khuyen-mai-1517387799.png', NULL, NULL, NULL, 3),
(49, 'backgruod-icon', NULL, NULL, NULL, NULL, 3),
(50, 'backgruod-title', NULL, NULL, NULL, NULL, 3),
(51, 'icon-danh-muc', '/library/images/danhmucsp/san-pham-khuyen-mai-1517387799.png', NULL, NULL, NULL, 4),
(52, 'backgruod-icon', NULL, NULL, NULL, NULL, 4),
(53, 'backgruod-title', NULL, NULL, NULL, NULL, 4),
(54, 'icon-danh-muc', '/library/images/danhmucsp/san-pham-khuyen-mai-1517387799.png', NULL, NULL, NULL, 5),
(55, 'backgruod-icon', NULL, NULL, NULL, NULL, 5),
(56, 'backgruod-title', NULL, NULL, NULL, NULL, 5),
(57, 'icon-danh-muc', '/library/images/danhmucsp/san-pham-khuyen-mai-1517387799.png', NULL, NULL, NULL, 9),
(58, 'backgruod-icon', NULL, NULL, NULL, NULL, 9),
(59, 'backgruod-title', NULL, NULL, NULL, NULL, 9),
(60, 'icon-danh-muc', '/library/images/danhmucsp/san-pham-khuyen-mai-1517387799.png', NULL, NULL, NULL, 10),
(61, 'backgruod-icon', NULL, NULL, NULL, NULL, 10),
(62, 'backgruod-title', NULL, NULL, NULL, NULL, 10),
(63, 'icon-danh-muc', '/library/images/danhmucsp/san-pham-khuyen-mai-1517387799(1).png', NULL, NULL, NULL, 12),
(64, 'backgruod-icon', NULL, NULL, NULL, NULL, 12),
(65, 'backgruod-title', NULL, NULL, NULL, NULL, 12),
(66, 'icon-danh-muc', '/library/images/danhmucsp/san-pham-khuyen-mai-1517387799.png', NULL, NULL, NULL, 13),
(67, 'backgruod-icon', NULL, NULL, NULL, NULL, 13),
(68, 'backgruod-title', NULL, NULL, NULL, NULL, 13),
(69, 'icon-danh-muc', '/library/images/danhmucsp/san-pham-khuyen-mai-1517387799.png', NULL, NULL, NULL, 11),
(70, 'backgruod-icon', NULL, NULL, NULL, NULL, 11),
(71, 'backgruod-title', NULL, NULL, NULL, NULL, 11),
(72, 'icon-danh-muc', '/library/images/danhmucsp/san-pham-khuyen-mai-1517387799.png', NULL, NULL, NULL, 14),
(73, 'backgruod-icon', NULL, NULL, NULL, NULL, 14),
(74, 'backgruod-title', NULL, NULL, NULL, NULL, 14),
(75, 'icon-danh-muc', '/library/images/danhmucsp/san-pham-khuyen-mai-1517387799(1).png', NULL, NULL, NULL, 15),
(76, 'backgruod-icon', NULL, NULL, NULL, NULL, 15),
(77, 'backgruod-title', NULL, NULL, NULL, NULL, 15),
(78, 'thuong-hieu', 'Olympian Labs - Mỹ', 25, '2018-10-03 04:18:45', '2018-10-03 04:18:45', NULL),
(79, 'link-chung-tu', 'tin-tuc/chung-tu-san-pham-agaricus-mycelia-tablet-vien-the-nam-agaricus', 25, '2018-10-03 04:18:45', '2018-10-03 04:18:45', NULL),
(80, 'thuong-hieu', 'Olympian Labs - Mỹ', 24, '2018-10-03 04:18:51', '2018-10-03 04:18:51', NULL),
(81, 'link-chung-tu', 'tin-tuc/chung-tu-san-pham-agaricus-mycelia-tablet-vien-the-nam-agaricus', 24, '2018-10-03 04:18:51', '2018-10-03 04:18:51', NULL),
(82, 'thuong-hieu', 'Olympian Labs - Mỹ', 23, '2018-10-03 04:18:57', '2018-10-03 04:18:57', NULL),
(83, 'link-chung-tu', 'tin-tuc/chung-tu-san-pham-agaricus-mycelia-tablet-vien-the-nam-agaricus', 23, '2018-10-03 04:18:57', '2018-10-03 04:18:57', NULL),
(84, 'thuong-hieu', 'Olympian Labs - Mỹ', 25, '2018-10-03 04:29:50', '2018-10-03 04:29:50', NULL),
(85, 'link-chung-tu', 'tin-tuc/chung-tu-san-pham-agaricus-mycelia-tablet-vien-the-nam-agaricus', 25, '2018-10-03 04:29:50', '2018-10-03 04:29:50', NULL),
(86, 'banner-san-pham', '/library/images/sanpham/banner.png', 25, '2018-10-03 04:29:50', '2018-10-03 04:29:50', NULL),
(87, 'thuong-hieu', 'Olympian Labs - Mỹ', 24, '2018-10-03 04:29:54', '2018-10-03 04:29:54', NULL),
(88, 'link-chung-tu', 'tin-tuc/chung-tu-san-pham-agaricus-mycelia-tablet-vien-the-nam-agaricus', 24, '2018-10-03 04:29:54', '2018-10-03 04:29:54', NULL),
(89, 'banner-san-pham', '/library/images/sanpham/banner.png', 24, '2018-10-03 04:29:54', '2018-10-03 04:29:54', NULL),
(90, 'thuong-hieu', 'Olympian Labs - Mỹ', 23, '2018-10-03 04:19:04', '2018-10-03 04:19:04', NULL),
(91, 'link-chung-tu', 'tin-tuc/chung-tu-san-pham-agaricus-mycelia-tablet-vien-the-nam-agaricus', 23, '2018-10-03 04:19:04', '2018-10-03 04:19:04', NULL),
(92, 'banner-san-pham', NULL, 23, '2018-10-03 04:19:04', '2018-10-03 04:19:04', NULL),
(93, 'thuong-hieu', 'Olympian Labs - Mỹ', 23, '2018-10-03 04:29:57', '2018-10-03 04:29:57', NULL),
(94, 'link-chung-tu', 'tin-tuc/chung-tu-san-pham-agaricus-mycelia-tablet-vien-the-nam-agaricus', 23, '2018-10-03 04:29:57', '2018-10-03 04:29:57', NULL),
(95, 'banner-san-pham', '/library/images/sanpham/banner.png', 23, '2018-10-03 04:29:57', '2018-10-03 04:29:57', NULL),
(96, 'thuong-hieu', 'Olympian Labs - Mỹ', 22, '2018-10-03 04:30:00', '2018-10-03 04:30:00', NULL),
(97, 'link-chung-tu', NULL, 22, '2018-10-03 04:30:00', '2018-10-03 04:30:00', NULL),
(98, 'banner-san-pham', '/library/images/sanpham/banner.png', 22, '2018-10-03 04:30:00', '2018-10-03 04:30:00', NULL),
(99, 'thuong-hieu', 'Olympian Labs - Mỹ', 16, '2018-10-03 04:30:04', '2018-10-03 04:30:04', NULL),
(100, 'link-chung-tu', NULL, 16, '2018-10-03 04:30:04', '2018-10-03 04:30:04', NULL),
(101, 'banner-san-pham', '/library/images/sanpham/banner.png', 16, '2018-10-03 04:30:04', '2018-10-03 04:30:04', NULL),
(102, 'thuong-hieu', 'Olympian Labs - Mỹ', 15, '2018-10-03 04:30:08', '2018-10-03 04:30:08', NULL),
(103, 'link-chung-tu', NULL, 15, '2018-10-03 04:30:08', '2018-10-03 04:30:08', NULL),
(104, 'banner-san-pham', '/library/images/sanpham/banner.png', 15, '2018-10-03 04:30:08', '2018-10-03 04:30:08', NULL),
(105, 'thuong-hieu', 'Olympian Labs - Mỹ', 13, '2018-10-03 04:30:11', '2018-10-03 04:30:11', NULL),
(106, 'link-chung-tu', NULL, 13, '2018-10-03 04:30:11', '2018-10-03 04:30:11', NULL),
(107, 'banner-san-pham', '/library/images/sanpham/banner.png', 13, '2018-10-03 04:30:11', '2018-10-03 04:30:11', NULL),
(108, 'thuong-hieu', 'Olympian Labs - Mỹ', 12, '2018-10-03 04:30:15', '2018-10-03 04:30:15', NULL),
(109, 'link-chung-tu', NULL, 12, '2018-10-03 04:30:15', '2018-10-03 04:30:15', NULL),
(110, 'banner-san-pham', '/library/images/sanpham/banner.png', 12, '2018-10-03 04:30:15', '2018-10-03 04:30:15', NULL),
(111, 'thuong-hieu', 'Olympian Labs - Mỹ', 9, '2018-10-03 04:30:19', '2018-10-03 04:30:19', NULL),
(112, 'link-chung-tu', NULL, 9, '2018-10-03 04:30:19', '2018-10-03 04:30:19', NULL),
(113, 'banner-san-pham', '/library/images/sanpham/banner.png', 9, '2018-10-03 04:30:19', '2018-10-03 04:30:19', NULL),
(114, 'thuong-hieu', 'Olympian Labs - Mỹ', 7, '2018-10-03 04:30:37', '2018-10-03 04:30:37', NULL),
(115, 'link-chung-tu', NULL, 7, '2018-10-03 04:30:37', '2018-10-03 04:30:37', NULL),
(116, 'banner-san-pham', '/library/images/sanpham/banner.png', 7, '2018-10-03 04:30:37', '2018-10-03 04:30:37', NULL),
(117, 'thuong-hieu', 'Olympian Labs - Mỹ', 25, NULL, NULL, NULL),
(118, 'link-chung-tu', 'tin-tuc/chung-tu-san-pham-agaricus-mycelia-tablet-vien-the-nam-agaricus', 25, NULL, NULL, NULL),
(119, 'banner-san-pham', '/library/images/sanpham/banner.png', 25, NULL, NULL, NULL),
(120, 'mo-ta-banner', 'Kẽm Gluconate là sản phẩm bổ sung kẽm và vitamin C, hỗ trợ tăng cường tối ưu hệ miễn dịch, tăng sức đề kháng, giảm rối loạn tiêu hóa, phòng ngừa nhiễm trùng và cảm cúm ở trẻ nhỏ và người lớn.', 25, NULL, NULL, NULL),
(121, 'thuong-hieu', 'Olympian Labs - Mỹ', 24, NULL, NULL, NULL),
(122, 'link-chung-tu', 'tin-tuc/chung-tu-san-pham-agaricus-mycelia-tablet-vien-the-nam-agaricus', 24, NULL, NULL, NULL),
(123, 'banner-san-pham', '/library/images/sanpham/banner.png', 24, NULL, NULL, NULL),
(124, 'mo-ta-banner', 'Kẽm Gluconate là sản phẩm bổ sung kẽm và vitamin C, hỗ trợ tăng cường tối ưu hệ miễn dịch, tăng sức đề kháng, giảm rối loạn tiêu hóa, phòng ngừa nhiễm trùng và cảm cúm ở trẻ nhỏ và người lớn.', 24, NULL, NULL, NULL),
(125, 'thuong-hieu', 'Olympian Labs - Mỹ', 23, NULL, NULL, NULL),
(126, 'link-chung-tu', 'tin-tuc/chung-tu-san-pham-agaricus-mycelia-tablet-vien-the-nam-agaricus', 23, NULL, NULL, NULL),
(127, 'banner-san-pham', '/library/images/sanpham/banner.png', 23, NULL, NULL, NULL),
(128, 'mo-ta-banner', 'Kẽm Gluconate là sản phẩm bổ sung kẽm và vitamin C, hỗ trợ tăng cường tối ưu hệ miễn dịch, tăng sức đề kháng, giảm rối loạn tiêu hóa, phòng ngừa nhiễm trùng và cảm cúm ở trẻ nhỏ và người lớn.', 23, NULL, NULL, NULL),
(129, 'thuong-hieu', 'Olympian Labs - Mỹ', 22, NULL, NULL, NULL),
(130, 'link-chung-tu', NULL, 22, NULL, NULL, NULL),
(131, 'banner-san-pham', '/library/images/sanpham/banner.png', 22, NULL, NULL, NULL),
(132, 'mo-ta-banner', 'Kẽm Gluconate là sản phẩm bổ sung kẽm và vitamin C, hỗ trợ tăng cường tối ưu hệ miễn dịch, tăng sức đề kháng, giảm rối loạn tiêu hóa, phòng ngừa nhiễm trùng và cảm cúm ở trẻ nhỏ và người lớn.', 22, NULL, NULL, NULL),
(133, 'thuong-hieu', 'Olympian Labs - Mỹ', 16, NULL, NULL, NULL),
(134, 'link-chung-tu', NULL, 16, NULL, NULL, NULL),
(135, 'banner-san-pham', '/library/images/sanpham/banner.png', 16, NULL, NULL, NULL),
(136, 'mo-ta-banner', 'Kẽm Gluconate là sản phẩm bổ sung kẽm và vitamin C, hỗ trợ tăng cường tối ưu hệ miễn dịch, tăng sức đề kháng, giảm rối loạn tiêu hóa, phòng ngừa nhiễm trùng và cảm cúm ở trẻ nhỏ và người lớn.', 16, NULL, NULL, NULL),
(137, 'thuong-hieu', 'Olympian Labs - Mỹ', 15, NULL, NULL, NULL),
(138, 'link-chung-tu', NULL, 15, NULL, NULL, NULL),
(139, 'banner-san-pham', '/library/images/sanpham/banner.png', 15, NULL, NULL, NULL),
(140, 'mo-ta-banner', 'Kẽm Gluconate là sản phẩm bổ sung kẽm và vitamin C, hỗ trợ tăng cường tối ưu hệ miễn dịch, tăng sức đề kháng, giảm rối loạn tiêu hóa, phòng ngừa nhiễm trùng và cảm cúm ở trẻ nhỏ và người lớn.', 15, NULL, NULL, NULL),
(141, 'thuong-hieu', 'Olympian Labs - Mỹ', 13, NULL, NULL, NULL),
(142, 'link-chung-tu', NULL, 13, NULL, NULL, NULL),
(143, 'banner-san-pham', '/library/images/sanpham/banner.png', 13, NULL, NULL, NULL),
(144, 'mo-ta-banner', 'Kẽm Gluconate là sản phẩm bổ sung kẽm và vitamin C, hỗ trợ tăng cường tối ưu hệ miễn dịch, tăng sức đề kháng, giảm rối loạn tiêu hóa, phòng ngừa nhiễm trùng và cảm cúm ở trẻ nhỏ và người lớn.', 13, NULL, NULL, NULL),
(145, 'thuong-hieu', 'Olympian Labs - Mỹ', 12, NULL, NULL, NULL),
(146, 'link-chung-tu', NULL, 12, NULL, NULL, NULL),
(147, 'banner-san-pham', '/library/images/sanpham/banner.png', 12, NULL, NULL, NULL),
(148, 'mo-ta-banner', 'Kẽm Gluconate là sản phẩm bổ sung kẽm và vitamin C, hỗ trợ tăng cường tối ưu hệ miễn dịch, tăng sức đề kháng, giảm rối loạn tiêu hóa, phòng ngừa nhiễm trùng và cảm cúm ở trẻ nhỏ và người lớn.', 12, NULL, NULL, NULL),
(149, 'thuong-hieu', 'Olympian Labs - Mỹ', 9, NULL, NULL, NULL),
(150, 'link-chung-tu', NULL, 9, NULL, NULL, NULL),
(151, 'banner-san-pham', '/library/images/sanpham/banner.png', 9, NULL, NULL, NULL),
(152, 'mo-ta-banner', 'Kẽm Gluconate là sản phẩm bổ sung kẽm và vitamin C, hỗ trợ tăng cường tối ưu hệ miễn dịch, tăng sức đề kháng, giảm rối loạn tiêu hóa, phòng ngừa nhiễm trùng và cảm cúm ở trẻ nhỏ và người lớn.', 9, NULL, NULL, NULL),
(153, 'thuong-hieu', 'Olympian Labs - Mỹ', 7, NULL, NULL, NULL),
(154, 'link-chung-tu', NULL, 7, NULL, NULL, NULL),
(155, 'banner-san-pham', '/library/images/sanpham/banner.png', 7, NULL, NULL, NULL),
(156, 'mo-ta-banner', 'Kẽm Gluconate là sản phẩm bổ sung kẽm và vitamin C, hỗ trợ tăng cường tối ưu hệ miễn dịch, tăng sức đề kháng, giảm rối loạn tiêu hóa, phòng ngừa nhiễm trùng và cảm cúm ở trẻ nhỏ và người lớn.', 7, NULL, NULL, NULL),
(157, 'vi-tri', '1', 52, NULL, NULL, NULL),
(158, 'link-san-pham', 'agaricus-mycelia-tablet-vien-the-nam-agaricus', 52, NULL, NULL, NULL),
(159, 'vi-tri', '2', 53, NULL, NULL, NULL),
(160, 'link-san-pham', 'tinh-chat-nghe-aki-ukon-nano-nano-aki-ukon-turmeric-extract-granule', 53, NULL, NULL, NULL),
(161, 'vi-tri', '2', 54, NULL, NULL, NULL),
(162, 'link-san-pham', 'combo-2-lo-sp-baby-one-tri-so-mui-nghet-mui-cho-be-13', 54, NULL, NULL, NULL),
(163, 'vi-tri', '2', 55, NULL, NULL, NULL),
(164, 'link-san-pham', 'tinh-dau-huong-quyen-ru-dung-cho-tu-quan-ao', 55, NULL, NULL, NULL),
(165, 'vi-tri', '2', 56, NULL, NULL, NULL),
(166, 'link-san-pham', 'tinh-dau-huong-quyen-ru-dung-cho-tu-quan-ao', 56, NULL, NULL, NULL);

-- --------------------------------------------------------

--
-- Cấu trúc bảng cho bảng `mail_config`
--

CREATE TABLE `mail_config` (
  `mail_config_id` int(11) NOT NULL,
  `user_id` int(11) NOT NULL COMMENT 'Tên hiển thị khi gửi',
  `email_send` varchar(255) COLLATE utf8mb4_unicode_ci DEFAULT NULL COMMENT 'Email hiển thị khi gửi',
  `name_send` varchar(255) COLLATE utf8mb4_unicode_ci DEFAULT NULL,
  `email` varchar(255) COLLATE utf8mb4_unicode_ci DEFAULT NULL COMMENT 'Tài khoản dùng để gửi mail',
  `password` varchar(255) COLLATE utf8mb4_unicode_ci DEFAULT NULL COMMENT 'Mật khẩu khi gửi mail',
  `address_server` varchar(255) COLLATE utf8mb4_unicode_ci DEFAULT NULL COMMENT 'Địa chỉ máy chủ khi gửi',
  `port` varchar(255) COLLATE utf8mb4_unicode_ci DEFAULT NULL,
  `email_receive` varchar(255) COLLATE utf8mb4_unicode_ci DEFAULT NULL,
  `sign` longtext COLLATE utf8mb4_unicode_ci COMMENT 'Chữ ký gửi mail',
  `created_at` datetime DEFAULT NULL,
  `updated_at` datetime DEFAULT NULL,
  `method` tinyint(4) DEFAULT NULL COMMENT 'Phương thức thanh toán:\n0: SMTP\n1: API',
  `supplier` varchar(255) COLLATE utf8mb4_unicode_ci DEFAULT NULL COMMENT 'Nhà cung cấp',
  `api_key` varchar(255) COLLATE utf8mb4_unicode_ci DEFAULT NULL,
  `driver` varchar(255) COLLATE utf8mb4_unicode_ci DEFAULT NULL,
  `encryption` varchar(255) COLLATE utf8mb4_unicode_ci DEFAULT NULL,
  `host` varchar(255) COLLATE utf8mb4_unicode_ci DEFAULT NULL,
  `deleted_at` datetime DEFAULT NULL COMMENT '0: chưa xóa.\n1: đã xóa.'
) ENGINE=InnoDB DEFAULT CHARSET=utf8mb4 COLLATE=utf8mb4_unicode_ci;

-- --------------------------------------------------------

--
-- Cấu trúc bảng cho bảng `members_facebook`
--

CREATE TABLE `members_facebook` (
  `member_id` int(11) NOT NULL,
  `uid` varchar(255) CHARACTER SET utf8mb4 COLLATE utf8mb4_unicode_ci DEFAULT NULL,
  `name` varchar(400) CHARACTER SET utf8mb4 COLLATE utf8mb4_unicode_ci DEFAULT NULL,
  `email` varchar(255) CHARACTER SET utf8mb4 COLLATE utf8mb4_unicode_ci DEFAULT NULL,
  `phone` varchar(255) CHARACTER SET utf8mb4 COLLATE utf8mb4_unicode_ci DEFAULT NULL,
  `status` tinyint(4) DEFAULT NULL,
  `created_at` datetime DEFAULT NULL,
  `updated_at` datetime DEFAULT NULL,
  `deleted_at` datetime DEFAULT NULL
) ENGINE=InnoDB DEFAULT CHARSET=latin1;

-- --------------------------------------------------------

--
-- Cấu trúc bảng cho bảng `menus`
--

CREATE TABLE `menus` (
  `menu_id` int(11) NOT NULL,
  `title` varchar(255) COLLATE utf8_unicode_ci DEFAULT NULL,
  `slug` varchar(255) COLLATE utf8_unicode_ci DEFAULT NULL,
  `location` varchar(255) COLLATE utf8_unicode_ci DEFAULT NULL,
  `image` varchar(255) COLLATE utf8_unicode_ci DEFAULT NULL,
  `created_at` datetime DEFAULT NULL,
  `updated_at` datetime DEFAULT NULL,
  `deleted_at` datetime DEFAULT NULL
) ENGINE=MyISAM DEFAULT CHARSET=utf8 COLLATE=utf8_unicode_ci;

--
-- Đang đổ dữ liệu cho bảng `menus`
--

INSERT INTO `menus` (`menu_id`, `title`, `slug`, `location`, `image`, `created_at`, `updated_at`, `deleted_at`) VALUES
(1, 'menu chính', 'menu-chinh', 'menu-chinh', NULL, NULL, NULL, NULL),
(2, 'menu danh mục sản phẩm', 'menu-danh-muc-san-pham', 'menu-cate-tab-index', NULL, NULL, NULL, NULL),
(3, 'danh mục sản phẩm', 'danh-muc-san-pham', 'side-left-menu', NULL, NULL, NULL, NULL),
(4, 'menu tin tức trang chủ', 'menu-tin-tuc-trang-chu', 'show-category-new', NULL, NULL, NULL, NULL),
(5, 'slide bar tin tức', 'slide-bar-tin-tuc', 'show-slide-category-new', NULL, NULL, NULL, NULL);

-- --------------------------------------------------------

--
-- Cấu trúc bảng cho bảng `menu_element`
--

CREATE TABLE `menu_element` (
  `menu_element_id` int(11) NOT NULL,
  `menu_slug` varchar(255) COLLATE utf8_unicode_ci DEFAULT NULL,
  `url` varchar(255) COLLATE utf8_unicode_ci DEFAULT NULL,
  `title_show` varchar(255) COLLATE utf8_unicode_ci DEFAULT NULL,
  `menu_level` int(11) DEFAULT NULL,
  `menu_image` varchar(255) COLLATE utf8_unicode_ci DEFAULT NULL,
  `updated_at` datetime DEFAULT NULL,
  `created_at` datetime DEFAULT NULL,
  `deleted_at` datetime DEFAULT NULL
) ENGINE=MyISAM DEFAULT CHARSET=utf8 COLLATE=utf8_unicode_ci;

--
-- Đang đổ dữ liệu cho bảng `menu_element`
--

INSERT INTO `menu_element` (`menu_element_id`, `menu_slug`, `url`, `title_show`, `menu_level`, `menu_image`, `updated_at`, `created_at`, `deleted_at`) VALUES
(1, 'menu-chinh', '/', 'Trang chủ', 1, NULL, '2018-09-25 08:39:32', NULL, '2018-09-25 08:39:32'),
(2, 'menu-chinh', '/cua-hang/san-pham', 'Sản phẩm', 1, NULL, '2018-09-25 08:39:32', NULL, '2018-09-25 08:39:32'),
(3, 'menu-chinh', '/cua-hang/san-pham-moi', 'Sản phẩm mới', 2, NULL, '2018-09-25 08:39:32', NULL, '2018-09-25 08:39:32'),
(4, 'menu-chinh', '/cua-hang/san-pham-tieu-bieu', 'Sản phẩm tiêu biểu', 2, NULL, '2018-09-25 08:39:32', NULL, '2018-09-25 08:39:32'),
(5, 'menu-chinh', '/cua-hang/san-pham-khuyen-mai', 'Sản phẩm khuyến mãi', 2, NULL, '2018-09-25 08:39:32', NULL, '2018-09-25 08:39:32'),
(6, 'menu-chinh', '/danh-muc/chuyen-trang', 'Chuyên trang', 1, NULL, '2018-09-25 08:39:32', NULL, '2018-09-25 08:39:32'),
(7, 'menu-chinh', '/danh-muc/tinh-dau-organics', 'Tinh Dầu Organics', 2, NULL, '2018-09-25 08:39:32', NULL, '2018-09-25 08:39:32'),
(8, 'menu-chinh', '/danh-muc/lam-dep', 'Làm đẹp', 2, NULL, '2018-09-25 08:39:32', NULL, '2018-09-25 08:39:32'),
(9, 'menu-chinh', '/danh-muc/y-khoa', 'Y khoa', 1, NULL, '2018-09-25 08:39:32', NULL, '2018-09-25 08:39:32'),
(10, 'menu-chinh', '/danh-muc/video', 'Video', 1, NULL, '2018-09-25 08:39:32', NULL, '2018-09-25 08:39:32'),
(11, 'menu-chinh', '/lien-he', 'Liên hệ', 1, NULL, '2018-09-25 08:39:32', NULL, '2018-09-25 08:39:32'),
(12, 'menu-danh-muc-san-pham', '/cua-hang/thuc-pham-chuc-nang', 'Thực phẩm chức năng', 1, '/library/images/danhmucsp/a1.jpg', '2018-09-25 09:19:42', NULL, '2018-09-25 09:19:42'),
(13, 'menu-danh-muc-san-pham', '/cua-hang/ho-tro-ung-thu', 'Hỗ trợ ung thư', 1, '/library/images/danhmucsp/a2.jpg', '2018-09-25 09:19:42', NULL, '2018-09-25 09:19:42'),
(14, 'menu-danh-muc-san-pham', '/cua-hang/tinh-dau', 'Tinh dầu', 1, '/library/images/danhmucsp/a3.jpg', '2018-09-25 09:19:42', NULL, '2018-09-25 09:19:42'),
(15, 'danh-muc-san-pham', '/cua-hang/thuc-pham-chuc-nang', 'Thực phẩm chức năng', 1, '/library/images/danhmucsp/a1.jpg', '2018-09-25 08:54:34', NULL, '2018-09-25 08:54:34'),
(16, 'danh-muc-san-pham', '/cua-hang/tinh-dau', 'Tinh dầu', 1, '/library/images/danhmucsp/a3.jpg', '2018-09-25 08:54:34', NULL, '2018-09-25 08:54:34'),
(17, 'danh-muc-san-pham', '/cua-hang/ho-tro-ung-thu', 'Hỗ trợ ung thư', 1, '/library/images/danhmucsp/a2.jpg', '2018-09-25 08:54:34', NULL, '2018-09-25 08:54:34'),
(18, 'danh-muc-san-pham', '/cua-hang/san-pham-khuyen-mai', 'Sản phẩm khuyến mãi', 1, NULL, '2018-09-25 08:54:34', NULL, '2018-09-25 08:54:34'),
(19, 'danh-muc-san-pham', '/cua-hang/san-pham-tieu-bieu', 'Sản phẩm tiêu biểu', 1, NULL, '2018-09-25 08:54:34', NULL, '2018-09-25 08:54:34'),
(20, 'danh-muc-san-pham', '/cua-hang/san-pham-moi', 'Sản phẩm mới', 1, NULL, '2018-09-25 08:54:34', NULL, '2018-09-25 08:54:34'),
(21, 'menu-chinh', '/lien-he', 'Liên hệ', 1, NULL, '2018-09-25 08:40:19', NULL, '2018-09-25 08:40:19'),
(22, 'menu-chinh', '/danh-muc/video', 'Video', 1, NULL, '2018-09-25 08:40:19', NULL, '2018-09-25 08:40:19'),
(23, 'menu-chinh', '/danh-muc/y-khoa', 'Y khoa', 1, NULL, '2018-09-25 08:40:19', NULL, '2018-09-25 08:40:19'),
(24, 'menu-chinh', '/danh-muc/chuyen-trang', 'Chuyên trang', 1, NULL, '2018-09-25 08:40:19', NULL, '2018-09-25 08:40:19'),
(25, 'menu-chinh', '/danh-muc/tinh-dau-organics', 'Tinh Dầu Organics', 1, NULL, '2018-09-25 08:40:19', NULL, '2018-09-25 08:40:19'),
(26, 'menu-chinh', '/danh-muc/lam-dep', 'Làm đẹp', 1, NULL, '2018-09-25 08:40:19', NULL, '2018-09-25 08:40:19'),
(27, 'menu-chinh', '/cua-hang/san-pham', 'Sản phẩm', 1, NULL, '2018-09-25 08:40:19', NULL, '2018-09-25 08:40:19'),
(28, 'menu-chinh', '/cua-hang/san-pham-moi', 'Sản phẩm mới', 1, NULL, '2018-09-25 08:40:19', NULL, '2018-09-25 08:40:19'),
(29, 'menu-chinh', '/cua-hang/san-pham-tieu-bieu', 'Sản phẩm tiêu biểu', 1, NULL, '2018-09-25 08:40:19', NULL, '2018-09-25 08:40:19'),
(30, 'menu-chinh', '/cua-hang/san-pham-khuyen-mai', 'Sản phẩm khuyến mãi', 1, NULL, '2018-09-25 08:40:19', NULL, '2018-09-25 08:40:19'),
(31, 'menu-chinh', '/', 'Trang chủ', 1, NULL, '2018-09-25 08:40:19', NULL, '2018-09-25 08:40:19'),
(32, 'menu-chinh', '/lien-he', 'Liên hệ', 1, NULL, '2018-10-02 04:37:06', NULL, '2018-10-02 04:37:06'),
(33, 'menu-chinh', '/danh-muc/video', 'Video', 1, NULL, '2018-10-02 04:37:06', NULL, '2018-10-02 04:37:06'),
(34, 'menu-chinh', '/danh-muc/y-khoa', 'Y khoa', 1, NULL, '2018-10-02 04:37:06', NULL, '2018-10-02 04:37:06'),
(35, 'menu-chinh', '/danh-muc/chuyen-trang', 'Chuyên trang', 1, NULL, '2018-10-02 04:37:06', NULL, '2018-10-02 04:37:06'),
(36, 'menu-chinh', '/danh-muc/lam-dep', 'Làm đẹp', 2, NULL, '2018-10-02 04:37:06', NULL, '2018-10-02 04:37:06'),
(37, 'menu-chinh', '/danh-muc/tinh-dau-organics', 'Tinh Dầu Organics', 2, NULL, '2018-10-02 04:37:06', NULL, '2018-10-02 04:37:06'),
(38, 'menu-chinh', '/cua-hang/san-pham', 'Sản phẩm', 1, NULL, '2018-10-02 04:37:06', NULL, '2018-10-02 04:37:06'),
(39, 'menu-chinh', '/cua-hang/san-pham-moi', 'Sản phẩm mới', 2, NULL, '2018-10-02 04:37:06', NULL, '2018-10-02 04:37:06'),
(40, 'menu-chinh', '/cua-hang/san-pham-khuyen-mai', 'Sản phẩm khuyến mãi', 2, NULL, '2018-10-02 04:37:06', NULL, '2018-10-02 04:37:06'),
(41, 'menu-chinh', '/cua-hang/san-pham-tieu-bieu', 'Sản phẩm tiêu biểu', 2, NULL, '2018-10-02 04:37:06', NULL, '2018-10-02 04:37:06'),
(42, 'menu-chinh', '/', 'Trang chủ', 1, NULL, '2018-10-02 04:37:06', NULL, '2018-10-02 04:37:06'),
(43, 'danh-muc-san-pham', '/cua-hang/thuc-pham-chuc-nang', 'Thực phẩm chức năng', 1, '/library/images/danhmucsp/a1.jpg', '2018-09-25 09:00:03', NULL, '2018-09-25 09:00:03'),
(44, 'danh-muc-san-pham', '/cua-hang/vitamin-khoang-chat', 'Vitamin - khoáng chất', 2, NULL, '2018-09-25 09:00:03', NULL, '2018-09-25 09:00:03'),
(45, 'danh-muc-san-pham', '/cua-hang/vitamin-khoang-chat', 'Vitamin - khoáng chất', 2, NULL, '2018-09-25 09:00:03', NULL, '2018-09-25 09:00:03'),
(46, 'danh-muc-san-pham', '/cua-hang/tinh-dau', 'Tinh dầu', 1, '/library/images/danhmucsp/a3.jpg', '2018-09-25 09:00:03', NULL, '2018-09-25 09:00:03'),
(47, 'danh-muc-san-pham', '/cua-hang/tinh-dau-organics', 'Tinh Dầu Organics', 2, NULL, '2018-09-25 09:00:03', NULL, '2018-09-25 09:00:03'),
(48, 'danh-muc-san-pham', '/cua-hang/dieu-tri-tieu-duong', 'Điều trị tiểu đường', 2, NULL, '2018-09-25 09:00:03', NULL, '2018-09-25 09:00:03'),
(49, 'danh-muc-san-pham', '/cua-hang/dau-nen', 'Dầu Nền', 2, NULL, '2018-09-25 09:00:03', NULL, '2018-09-25 09:00:03'),
(50, 'danh-muc-san-pham', '/cua-hang/ho-tro-ung-thu', 'Hỗ trợ ung thư', 1, '/library/images/danhmucsp/a2.jpg', '2018-09-25 09:00:03', NULL, '2018-09-25 09:00:03'),
(51, 'danh-muc-san-pham', '/cua-hang/san-pham-ho-tro', 'Sản phẩm hỗ trợ', 2, NULL, '2018-09-25 09:00:03', NULL, '2018-09-25 09:00:03'),
(52, 'danh-muc-san-pham', '/cua-hang/nam', 'Nấm', 2, NULL, '2018-09-25 09:00:03', NULL, '2018-09-25 09:00:03'),
(53, 'danh-muc-san-pham', '/cua-hang/san-pham-khuyen-mai', 'Sản phẩm khuyến mãi', 1, NULL, '2018-09-25 09:00:03', NULL, '2018-09-25 09:00:03'),
(54, 'danh-muc-san-pham', '/cua-hang/san-pham-tieu-bieu', 'Sản phẩm tiêu biểu', 1, NULL, '2018-09-25 09:00:03', NULL, '2018-09-25 09:00:03'),
(55, 'danh-muc-san-pham', '/cua-hang/san-pham-moi', 'Sản phẩm mới', 1, NULL, '2018-09-25 09:00:03', NULL, '2018-09-25 09:00:03'),
(56, 'danh-muc-san-pham', '/cua-hang/thuc-pham-chuc-nang', 'Thực phẩm chức năng', 1, '/library/images/danhmucsp/a1.jpg', NULL, NULL, NULL),
(57, 'danh-muc-san-pham', '/cua-hang/vitamin-khoang-chat', 'Vitamin - khoáng chất', 2, NULL, NULL, NULL, NULL),
(58, 'danh-muc-san-pham', '/cua-hang/tinh-dau', 'Tinh dầu', 1, '/library/images/danhmucsp/a3.jpg', NULL, NULL, NULL),
(59, 'danh-muc-san-pham', '/cua-hang/tinh-dau-organics', 'Tinh Dầu Organics', 2, NULL, NULL, NULL, NULL),
(60, 'danh-muc-san-pham', '/cua-hang/dieu-tri-tieu-duong', 'Điều trị tiểu đường', 2, NULL, NULL, NULL, NULL),
(61, 'danh-muc-san-pham', '/cua-hang/dau-nen', 'Dầu Nền', 2, NULL, NULL, NULL, NULL),
(62, 'danh-muc-san-pham', '/cua-hang/ho-tro-ung-thu', 'Hỗ trợ ung thư', 1, '/library/images/danhmucsp/a2.jpg', NULL, NULL, NULL),
(63, 'danh-muc-san-pham', '/cua-hang/san-pham-ho-tro', 'Sản phẩm hỗ trợ', 2, NULL, NULL, NULL, NULL),
(64, 'danh-muc-san-pham', '/cua-hang/nam', 'Nấm', 2, NULL, NULL, NULL, NULL),
(65, 'danh-muc-san-pham', '/cua-hang/san-pham-khuyen-mai', 'Sản phẩm khuyến mãi', 1, NULL, NULL, NULL, NULL),
(66, 'danh-muc-san-pham', '/cua-hang/san-pham-tieu-bieu', 'Sản phẩm tiêu biểu', 1, NULL, NULL, NULL, NULL),
(67, 'danh-muc-san-pham', '/cua-hang/san-pham-moi', 'Sản phẩm mới', 1, NULL, NULL, NULL, NULL),
(68, 'menu-danh-muc-san-pham', '/cua-hang/thuc-pham-chuc-nang', 'Thực phẩm chức năng', 1, '/library/images/danhmucsp/a1.jpg', NULL, NULL, NULL),
(69, 'menu-danh-muc-san-pham', '/cua-hang/vitamin-khoang-chat', 'Vitamin - khoáng chất', 2, NULL, NULL, NULL, NULL),
(70, 'menu-danh-muc-san-pham', '/cua-hang/thuoc-bo-than-kinh', 'Thuốc bổ thần kinh', 2, NULL, NULL, NULL, NULL),
(71, 'menu-danh-muc-san-pham', '/cua-hang/ho-tro-ung-thu', 'Hỗ trợ ung thư', 1, '/library/images/danhmucsp/a2.jpg', NULL, NULL, NULL),
(72, 'menu-danh-muc-san-pham', '/cua-hang/san-pham-ho-tro', 'Sản phẩm hỗ trợ', 2, NULL, NULL, NULL, NULL),
(73, 'menu-danh-muc-san-pham', '/cua-hang/nam', 'Nấm', 2, NULL, NULL, NULL, NULL),
(74, 'menu-danh-muc-san-pham', '/cua-hang/tinh-dau', 'Tinh dầu', 1, '/library/images/danhmucsp/a3.jpg', NULL, NULL, NULL),
(75, 'menu-danh-muc-san-pham', '/cua-hang/tinh-dau-organics', 'Tinh Dầu Organics', 2, NULL, NULL, NULL, NULL),
(76, 'menu-danh-muc-san-pham', '/cua-hang/dau-nen', 'Dầu Nền', 2, NULL, NULL, NULL, NULL),
(77, 'menu-danh-muc-san-pham', '/cua-hang/dieu-tri-tieu-duong', 'Điều trị tiểu đường', 2, NULL, NULL, NULL, NULL),
(78, 'menu-tin-tuc-trang-chu', '/danh-muc/chuyen-trang', 'Chuyên trang', 1, NULL, NULL, NULL, NULL),
(79, 'menu-tin-tuc-trang-chu', '/danh-muc/tin-tuc', 'Tin tức', 1, NULL, NULL, NULL, NULL),
(80, 'slide-bar-tin-tuc', '/danh-muc/kien-thuc-benh', 'Kiến thức bệnh', 1, NULL, '2018-09-28 03:36:05', NULL, '2018-09-28 03:36:05'),
(81, 'slide-bar-tin-tuc', '/danh-muc/lam-dep-va-suc-khoe', 'Làm đẹp và sức khỏe', 1, NULL, '2018-09-28 03:36:05', NULL, '2018-09-28 03:36:05'),
(82, 'slide-bar-tin-tuc', '/danh-muc/tin-tuc', 'Tin tức', 1, NULL, '2018-09-28 03:36:05', NULL, '2018-09-28 03:36:05'),
(83, 'slide-bar-tin-tuc', '/danh-muc/bai-thuoc-hay', 'Bài thuốc hay', 1, NULL, '2018-09-28 03:36:05', NULL, '2018-09-28 03:36:05'),
(84, 'slide-bar-tin-tuc', '/danh-muc/video', 'Video', 1, NULL, '2018-09-28 03:36:05', NULL, '2018-09-28 03:36:05'),
(85, 'slide-bar-tin-tuc', '/danh-muc/chuyen-trang', 'Chuyên trang', 1, NULL, '2018-09-28 03:36:05', NULL, '2018-09-28 03:36:05'),
(86, 'slide-bar-tin-tuc', '/danh-muc/tin-tuc', 'Tin tức', 1, NULL, '2018-10-01 02:34:00', NULL, '2018-10-01 02:34:00'),
(87, 'slide-bar-tin-tuc', '/danh-muc/cham-soc-tre', 'Chăm sóc trẻ', 1, NULL, '2018-10-01 02:34:00', NULL, '2018-10-01 02:34:00'),
(88, 'slide-bar-tin-tuc', '/danh-muc/video', 'Video', 1, NULL, '2018-10-01 02:34:00', NULL, '2018-10-01 02:34:00'),
(89, 'slide-bar-tin-tuc', '/danh-muc/chuyen-trang', 'Chuyên trang', 1, NULL, '2018-10-01 02:34:00', NULL, '2018-10-01 02:34:00'),
(90, 'slide-bar-tin-tuc', '/danh-muc/tinh-dau-organics', 'Tinh Dầu Organics', 1, NULL, NULL, NULL, NULL),
(91, 'slide-bar-tin-tuc', '/danh-muc/ho-tro-ung-thu', 'Hỗ trợ ung thư', 1, NULL, NULL, NULL, NULL),
(92, 'slide-bar-tin-tuc', '/danh-muc/video', 'Video', 1, NULL, NULL, NULL, NULL),
(93, 'menu-chinh', '/', 'Trang chủ', 1, NULL, '2018-10-02 04:37:38', NULL, '2018-10-02 04:37:38'),
(94, 'menu-chinh', '/cua-hang/san-pham', 'Sản phẩm', 1, NULL, '2018-10-02 04:37:38', NULL, '2018-10-02 04:37:38'),
(95, 'menu-chinh', '/cua-hang/san-pham-moi', 'Sản phẩm mới', 1, NULL, '2018-10-02 04:37:38', NULL, '2018-10-02 04:37:38'),
(96, 'menu-chinh', '/cua-hang/san-pham-khuyen-mai', 'Sản phẩm khuyến mãi', 1, NULL, '2018-10-02 04:37:38', NULL, '2018-10-02 04:37:38'),
(97, 'menu-chinh', '/cua-hang/san-pham-tieu-bieu', 'Sản phẩm tiêu biểu', 1, NULL, '2018-10-02 04:37:38', NULL, '2018-10-02 04:37:38'),
(98, 'menu-chinh', '/danh-muc/chuyen-trang', 'Chuyên trang', 1, NULL, '2018-10-02 04:37:38', NULL, '2018-10-02 04:37:38'),
(99, 'menu-chinh', '/danh-muc/lam-dep', 'Làm đẹp', 1, NULL, '2018-10-02 04:37:38', NULL, '2018-10-02 04:37:38'),
(100, 'menu-chinh', '/danh-muc/tinh-dau-organics', 'Tinh Dầu Organics', 1, NULL, '2018-10-02 04:37:38', NULL, '2018-10-02 04:37:38'),
(101, 'menu-chinh', '/danh-muc/y-khoa', 'Y khoa', 1, NULL, '2018-10-02 04:37:38', NULL, '2018-10-02 04:37:38'),
(102, 'menu-chinh', '/danh-muc/video', 'Video', 1, NULL, '2018-10-02 04:37:38', NULL, '2018-10-02 04:37:38'),
(103, 'menu-chinh', '/trang/nha-thuoc-benh-vien', 'Nhà thuốc bệnh viên', 1, NULL, '2018-10-02 04:37:38', NULL, '2018-10-02 04:37:38'),
(104, 'menu-chinh', '/lien-he', 'Liên hệ', 1, NULL, '2018-10-02 04:37:38', NULL, '2018-10-02 04:37:38'),
(105, 'menu-chinh', '/', 'Trang chủ', 1, NULL, '2018-10-02 04:38:03', NULL, '2018-10-02 04:38:03'),
(106, 'menu-chinh', '/cua-hang/san-pham', 'Sản phẩm', 1, NULL, '2018-10-02 04:38:03', NULL, '2018-10-02 04:38:03'),
(107, 'menu-chinh', '/cua-hang/san-pham-khuyen-mai', 'Sản phẩm khuyến mãi', 2, NULL, '2018-10-02 04:38:03', NULL, '2018-10-02 04:38:03'),
(108, 'menu-chinh', '/cua-hang/san-pham-moi', 'Sản phẩm mới', 2, NULL, '2018-10-02 04:38:03', NULL, '2018-10-02 04:38:03'),
(109, 'menu-chinh', '/cua-hang/san-pham-tieu-bieu', 'Sản phẩm tiêu biểu', 2, NULL, '2018-10-02 04:38:03', NULL, '2018-10-02 04:38:03'),
(110, 'menu-chinh', '/danh-muc/chuyen-trang', 'Chuyên trang', 1, NULL, '2018-10-02 04:38:03', NULL, '2018-10-02 04:38:03'),
(111, 'menu-chinh', '/danh-muc/lam-dep', 'Làm đẹp', 1, NULL, '2018-10-02 04:38:03', NULL, '2018-10-02 04:38:03'),
(112, 'menu-chinh', '/danh-muc/tinh-dau-organics', 'Tinh Dầu Organics', 2, NULL, '2018-10-02 04:38:03', NULL, '2018-10-02 04:38:03'),
(113, 'menu-chinh', '/danh-muc/y-khoa', 'Y khoa', 1, NULL, '2018-10-02 04:38:03', NULL, '2018-10-02 04:38:03'),
(114, 'menu-chinh', '/danh-muc/video', 'Video', 1, NULL, '2018-10-02 04:38:03', NULL, '2018-10-02 04:38:03'),
(115, 'menu-chinh', '/trang/nha-thuoc-benh-vien', 'Nhà thuốc bệnh viên', 1, NULL, '2018-10-02 04:38:03', NULL, '2018-10-02 04:38:03'),
(116, 'menu-chinh', '/lien-he', 'Liên hệ', 1, NULL, '2018-10-02 04:38:03', NULL, '2018-10-02 04:38:03'),
(117, 'menu-chinh', '/', 'Trang chủ', 1, NULL, '2018-10-02 04:38:27', NULL, '2018-10-02 04:38:27'),
(118, 'menu-chinh', '/cua-hang/san-pham', 'Sản phẩm', 1, NULL, '2018-10-02 04:38:27', NULL, '2018-10-02 04:38:27'),
(119, 'menu-chinh', '/cua-hang/san-pham-khuyen-mai', 'Sản phẩm khuyến mãi', 2, NULL, '2018-10-02 04:38:27', NULL, '2018-10-02 04:38:27'),
(120, 'menu-chinh', '/cua-hang/san-pham-moi', 'Sản phẩm mới', 2, NULL, '2018-10-02 04:38:27', NULL, '2018-10-02 04:38:27'),
(121, 'menu-chinh', '/cua-hang/san-pham-tieu-bieu', 'Sản phẩm tiêu biểu', 2, NULL, '2018-10-02 04:38:27', NULL, '2018-10-02 04:38:27'),
(122, 'menu-chinh', '/danh-muc/chuyen-trang', 'Chuyên trang', 1, NULL, '2018-10-02 04:38:27', NULL, '2018-10-02 04:38:27'),
(123, 'menu-chinh', '/danh-muc/lam-dep', 'Làm đẹp', 1, NULL, '2018-10-02 04:38:27', NULL, '2018-10-02 04:38:27'),
(124, 'menu-chinh', '/danh-muc/tinh-dau-organics', 'Tinh Dầu Organics', 2, NULL, '2018-10-02 04:38:27', NULL, '2018-10-02 04:38:27'),
(125, 'menu-chinh', '/danh-muc/y-khoa', 'Y khoa', 2, NULL, '2018-10-02 04:38:27', NULL, '2018-10-02 04:38:27'),
(126, 'menu-chinh', '/danh-muc/video', 'Video', 1, NULL, '2018-10-02 04:38:27', NULL, '2018-10-02 04:38:27'),
(127, 'menu-chinh', '/trang/nha-thuoc-benh-vien', 'Nhà thuốc bệnh viên', 1, NULL, '2018-10-02 04:38:27', NULL, '2018-10-02 04:38:27'),
(128, 'menu-chinh', '/lien-he', 'Liên hệ', 1, NULL, '2018-10-02 04:38:27', NULL, '2018-10-02 04:38:27'),
(129, 'menu-chinh', '/', 'Trang chủ', 1, NULL, NULL, NULL, NULL),
(130, 'menu-chinh', '/cua-hang/san-pham', 'Sản phẩm', 1, NULL, NULL, NULL, NULL),
(131, 'menu-chinh', '/cua-hang/san-pham-khuyen-mai', 'Sản phẩm khuyến mãi', 2, NULL, NULL, NULL, NULL),
(132, 'menu-chinh', '/cua-hang/san-pham-moi', 'Sản phẩm mới', 2, NULL, NULL, NULL, NULL),
(133, 'menu-chinh', '/cua-hang/san-pham-tieu-bieu', 'Sản phẩm tiêu biểu', 2, NULL, NULL, NULL, NULL),
(134, 'menu-chinh', '/danh-muc/chuyen-trang', 'Chuyên trang', 1, NULL, NULL, NULL, NULL),
(135, 'menu-chinh', '/danh-muc/lam-dep', 'Làm đẹp', 1, NULL, NULL, NULL, NULL),
(136, 'menu-chinh', '/danh-muc/tinh-dau-organics', 'Tinh Dầu Organics', 2, NULL, NULL, NULL, NULL),
(137, 'menu-chinh', '/danh-muc/y-khoa', 'Y khoa', 2, NULL, NULL, NULL, NULL),
(138, 'menu-chinh', '/danh-muc/video', 'Video', 2, NULL, NULL, NULL, NULL),
(139, 'menu-chinh', '/trang/nha-thuoc-benh-vien', 'Nhà thuốc bệnh viên', 1, NULL, NULL, NULL, NULL),
(140, 'menu-chinh', '/lien-he', 'Liên hệ', 1, NULL, NULL, NULL, NULL);

-- --------------------------------------------------------

--
-- Cấu trúc bảng cho bảng `migrations`
--

CREATE TABLE `migrations` (
  `id` int(10) UNSIGNED NOT NULL,
  `migration` varchar(255) COLLATE utf8mb4_unicode_ci NOT NULL,
  `batch` int(11) NOT NULL
) ENGINE=InnoDB DEFAULT CHARSET=utf8mb4 COLLATE=utf8mb4_unicode_ci;

-- --------------------------------------------------------

--
-- Cấu trúc bảng cho bảng `notification`
--

CREATE TABLE `notification` (
  `notify_id` int(11) NOT NULL,
  `content` longtext CHARACTER SET utf8mb4 COLLATE utf8mb4_unicode_ci NOT NULL,
  `URL` varchar(255) CHARACTER SET utf8mb4 COLLATE utf8mb4_unicode_ci NOT NULL,
  `title` varchar(255) CHARACTER SET utf8mb4 COLLATE utf8mb4_unicode_ci NOT NULL,
  `status` tinyint(4) NOT NULL,
  `created_at` datetime NOT NULL,
  `updated_at` datetime NOT NULL,
  `deleted_at` datetime DEFAULT NULL
) ENGINE=InnoDB DEFAULT CHARSET=latin1;

--
-- Đang đổ dữ liệu cho bảng `notification`
--

INSERT INTO `notification` (`notify_id`, `content`, `URL`, `title`, `status`, `created_at`, `updated_at`, `deleted_at`) VALUES
(1, 'Bạn vừa có đơn hàng mới', 'http://nhathuoc365.local/admin/don-hang', 'Đơn hàng', 0, '2018-10-02 07:30:41', '2018-10-02 07:30:41', NULL);

-- --------------------------------------------------------

--
-- Cấu trúc bảng cho bảng `orders`
--

CREATE TABLE `orders` (
  `order_id` int(11) NOT NULL,
  `code_sale_id` int(11) DEFAULT NULL,
  `user_id` int(11) NOT NULL,
  `total_price` int(11) DEFAULT NULL,
  `cost_ship` int(11) DEFAULT NULL,
  `cost_point` int(11) DEFAULT NULL,
  `cost_sale` int(11) DEFAULT NULL,
  `shipping_address` varchar(255) COLLATE utf8_unicode_ci DEFAULT NULL,
  `shipping_city` varchar(255) COLLATE utf8_unicode_ci DEFAULT NULL,
  `shipping_name` varchar(255) COLLATE utf8_unicode_ci DEFAULT NULL,
  `shipping_email` varchar(255) COLLATE utf8_unicode_ci DEFAULT NULL,
  `shipping_phone` varchar(255) COLLATE utf8_unicode_ci DEFAULT NULL,
  `shipping_note` longtext CHARACTER SET utf8mb4 COLLATE utf8mb4_unicode_ci,
  `status` tinyint(4) DEFAULT '0' COMMENT '0. khởi tao đơn hàng\n1. đặt hàng thành công\n2. đã nhận đơn hàng\n3. đang vận chuyển\n4. đã giao hàng ',
  `ip_customer` varchar(255) COLLATE utf8_unicode_ci DEFAULT NULL,
  `note_admin` longtext COLLATE utf8_unicode_ci,
  `is_mail_customer` tinyint(4) DEFAULT NULL,
  `created_at` datetime DEFAULT NULL,
  `updated_at` datetime DEFAULT NULL,
  `method_payment` varchar(255) COLLATE utf8_unicode_ci DEFAULT NULL,
  `deleted_at` datetime DEFAULT NULL
) ENGINE=MyISAM DEFAULT CHARSET=utf8 COLLATE=utf8_unicode_ci;

--
-- Đang đổ dữ liệu cho bảng `orders`
--

INSERT INTO `orders` (`order_id`, `code_sale_id`, `user_id`, `total_price`, `cost_ship`, `cost_point`, `cost_sale`, `shipping_address`, `shipping_city`, `shipping_name`, `shipping_email`, `shipping_phone`, `shipping_note`, `status`, `ip_customer`, `note_admin`, `is_mail_customer`, `created_at`, `updated_at`, `method_payment`, `deleted_at`) VALUES
(1, NULL, 1, 100000, 0, 0, 0, 'sdsdsdssdsds', NULL, 'aaaaaaa', 'sdsds@gmail.com', '11111111111111', NULL, 1, '127.0.0.1', NULL, NULL, '2018-10-02 07:30:41', '2018-10-02 07:30:41', '', NULL);

-- --------------------------------------------------------

--
-- Cấu trúc bảng cho bảng `order_bank`
--

CREATE TABLE `order_bank` (
  `order_bank_id` int(11) NOT NULL,
  `name_bank` varchar(255) COLLATE utf8_unicode_ci DEFAULT NULL,
  `number_bank` varchar(255) COLLATE utf8_unicode_ci DEFAULT NULL,
  `manager_account` varchar(255) COLLATE utf8_unicode_ci DEFAULT NULL,
  `branch` varchar(255) COLLATE utf8_unicode_ci DEFAULT NULL,
  `created_at` datetime DEFAULT NULL,
  `updated_at` datetime DEFAULT NULL,
  `deleted_at` datetime DEFAULT NULL
) ENGINE=MyISAM DEFAULT CHARSET=utf8 COLLATE=utf8_unicode_ci;

-- --------------------------------------------------------

--
-- Cấu trúc bảng cho bảng `order_code_sale`
--

CREATE TABLE `order_code_sale` (
  `order_code_sale_id` int(11) NOT NULL,
  `code` varchar(255) COLLATE utf8_unicode_ci DEFAULT NULL,
  `method_sale` tinyint(4) DEFAULT NULL COMMENT '0: theo tiền, 1 theo %',
  `sale` varchar(255) COLLATE utf8_unicode_ci DEFAULT NULL,
  `many_use` int(11) DEFAULT NULL,
  `start` datetime DEFAULT NULL,
  `end` datetime DEFAULT NULL,
  `created_at` datetime DEFAULT NULL,
  `updated_at` datetime DEFAULT NULL,
  `deleted_at` datetime DEFAULT NULL
) ENGINE=MyISAM DEFAULT CHARSET=utf8 COLLATE=utf8_unicode_ci;

-- --------------------------------------------------------

--
-- Cấu trúc bảng cho bảng `order_items`
--

CREATE TABLE `order_items` (
  `item_id` int(11) NOT NULL,
  `product_id` int(11) NOT NULL,
  `order_id` int(11) NOT NULL,
  `description` longtext COLLATE utf8_unicode_ci,
  `size` varchar(255) COLLATE utf8_unicode_ci DEFAULT NULL,
  `currency` varchar(45) COLLATE utf8_unicode_ci DEFAULT NULL,
  `properties` longtext COLLATE utf8_unicode_ci,
  `quantity` int(11) DEFAULT NULL,
  `cost` int(254) DEFAULT NULL,
  `created_at` datetime DEFAULT NULL,
  `updated_at` datetime DEFAULT NULL,
  `deleted_at` datetime DEFAULT NULL
) ENGINE=MyISAM DEFAULT CHARSET=utf8 COLLATE=utf8_unicode_ci;

--
-- Đang đổ dữ liệu cho bảng `order_items`
--

INSERT INTO `order_items` (`item_id`, `product_id`, `order_id`, `description`, `size`, `currency`, `properties`, `quantity`, `cost`, `created_at`, `updated_at`, `deleted_at`) VALUES
(1, 7, 1, NULL, NULL, 'vnd', NULL, 1, 195000, NULL, NULL, NULL);

-- --------------------------------------------------------

--
-- Cấu trúc bảng cho bảng `order_ship`
--

CREATE TABLE `order_ship` (
  `order_ship_id` int(11) NOT NULL,
  `method_ship` varchar(255) COLLATE utf8_unicode_ci DEFAULT NULL,
  `cost` varchar(255) COLLATE utf8_unicode_ci DEFAULT NULL,
  `created_at` datetime DEFAULT NULL,
  `updated_at` datetime DEFAULT NULL,
  `deleted_at` datetime DEFAULT NULL
) ENGINE=MyISAM DEFAULT CHARSET=utf8 COLLATE=utf8_unicode_ci;

-- --------------------------------------------------------

--
-- Cấu trúc bảng cho bảng `posts`
--

CREATE TABLE `posts` (
  `post_id` int(11) NOT NULL,
  `title` varchar(254) CHARACTER SET utf8mb4 COLLATE utf8mb4_unicode_ci NOT NULL,
  `description` longtext CHARACTER SET utf8mb4 COLLATE utf8mb4_unicode_ci,
  `content` longtext CHARACTER SET utf8mb4 COLLATE utf8mb4_unicode_ci,
  `template` varchar(254) COLLATE utf8_unicode_ci DEFAULT NULL,
  `tags` varchar(255) COLLATE utf8_unicode_ci DEFAULT NULL,
  `slug` varchar(254) COLLATE utf8_unicode_ci DEFAULT NULL,
  `user_id` varchar(45) COLLATE utf8_unicode_ci DEFAULT NULL,
  `is_hide` tinyint(4) DEFAULT NULL,
  `image` varchar(254) COLLATE utf8_unicode_ci DEFAULT NULL,
  `product_list` longtext COLLATE utf8_unicode_ci,
  `post_type` varchar(254) COLLATE utf8_unicode_ci DEFAULT NULL,
  `visiable` tinyint(4) DEFAULT '0' COMMENT '0: ẩn, 1 hiện',
  `category_string` longtext COLLATE utf8_unicode_ci,
  `meta_title` varchar(255) COLLATE utf8_unicode_ci DEFAULT NULL,
  `meta_description` longtext COLLATE utf8_unicode_ci,
  `meta_keyword` varchar(255) COLLATE utf8_unicode_ci DEFAULT NULL,
  `created_at` datetime DEFAULT NULL,
  `updated_at` datetime DEFAULT NULL,
  `deleted_at` datetime DEFAULT NULL
) ENGINE=MyISAM DEFAULT CHARSET=utf8 COLLATE=utf8_unicode_ci;

--
-- Đang đổ dữ liệu cho bảng `posts`
--

INSERT INTO `posts` (`post_id`, `title`, `description`, `content`, `template`, `tags`, `slug`, `user_id`, `is_hide`, `image`, `product_list`, `post_type`, `visiable`, `category_string`, `meta_title`, `meta_description`, `meta_keyword`, `created_at`, `updated_at`, `deleted_at`) VALUES
(1, '1', NULL, NULL, 'default', NULL, '1', NULL, NULL, '/library/images/slider/s1.png', NULL, 'slider', 0, NULL, NULL, NULL, NULL, NULL, '2018-09-25 03:03:34', NULL),
(2, '2', NULL, NULL, 'default', NULL, '2', NULL, NULL, '/library/images/slider/s2.png', NULL, 'slider', 0, NULL, NULL, NULL, NULL, NULL, '2018-09-25 03:03:45', NULL),
(3, 'Miễn phí vận chuyển', 'Cho đơn hàng trên 300.000 VNĐ', NULL, 'default', NULL, 'mien-phi-van-chuyen', NULL, NULL, '/library/images/sologan/oto.png', NULL, 'sologan', 0, NULL, NULL, NULL, NULL, NULL, '2018-09-25 03:05:15', NULL),
(4, 'Hỗ trợ đổi hàng', 'Trong vòng 30 ngày', NULL, 'default', NULL, 'ho-tro-doi-hang', NULL, NULL, '/library/images/sologan/dola.png', NULL, 'sologan', 0, NULL, NULL, NULL, NULL, NULL, '2018-09-25 03:05:39', NULL),
(5, 'Đặt hàng trực tuyến', 'SĐT: 1800 8155(Miễn phí)', NULL, 'default', NULL, 'dat-hang-truc-tuyen', NULL, NULL, '/library/images/sologan/tainghe.png', NULL, 'sologan', 0, NULL, NULL, NULL, NULL, NULL, '2018-09-25 03:06:23', NULL),
(6, 'F1 CARE COMPLEX- VITAMIN TỔNG HỢP SỐ 1 CHO BÀ BẦU', NULL, '<ul>\r\n	<li>Loại sản phẩm:&nbsp;Vitamin - kho&aacute;ng chất</li>\r\n	<li>Dạng b&agrave;o chế:&nbsp;Vi&ecirc;n nang cứng</li>\r\n	<li>Quy c&aacute;ch sản phẩm:&nbsp;Lọ x 30v</li>\r\n	<li>H&agrave;m lượng:&nbsp;Nhiều th&agrave;nh phần</li>\r\n</ul>', 'default', NULL, 'f1-care-complex-vitamin-tong-hop-so-1-cho-ba-bau', NULL, NULL, '/library/images/sanpham/s1.jpg', NULL, 'product', 0, 'Sản phẩm,Sản phẩm mới,Sản phẩm khuyến mãi,Sản phẩm tiêu biểu,Khuyến mãi đặc biệt,Thực phẩm chức năng,Hỗ trợ ung thư,Tinh dầu,Vitamin - khoáng chất,Thuốc bổ thần kinh,Điều trị tiểu đường,Nấm,Sản phẩm hỗ trợ,Tinh Dầu Organics,Dầu Nền', NULL, NULL, NULL, NULL, '2018-09-25 07:05:19', NULL),
(7, 'F1 CARE COMPLEX- VITAMIN TỔNG HỢP SỐ 1 CHO BÀ BẦU', NULL, '<p><strong>TẦM QUAN TRỌNG CỦA VIỆC BỔ SUNG VITAMIN TỔNG HỢP CHO B&Agrave; BẦU</strong></p>\r\n\r\n<p>Sự thiếu hụt những chất dinh dưỡng quan trọng c&oacute; thể l&agrave; nguy&ecirc;n nh&acirc;n dẫn đến c&aacute;c biến chứng kh&aacute;c nhau trong thời kỳ mang thai v&agrave; sinh nở, bao gồm tiền sản giật, hạn chế sự ph&aacute;t triển của thai nhi, dị tật ống thần kinh sinh non v&agrave; sinh con nhẹ c&acirc;n. V&igrave; vậy, việc&nbsp;<a href=\"https://f1care.com/blogs/nhu-cau-ve-cac-loai-vi-chat/f1-care-complex-bo-sung-23-vitamin-va-khoang-chat-can-thiet-cho-mot-thai-ky-khoe-manh\">bổ sung vitamin tổng hợp cho b&agrave; bầu</a>&nbsp;được khuy&ecirc;n l&agrave; cần thiết nhằm bảo vệ sức khỏe của b&agrave; mẹ v&agrave; thai nhi.&nbsp;</p>\r\n\r\n<p><strong>VI&Ecirc;N UỐNG VITAMIN TỔNG HỢP F1 CARE COMPLEX - BỔ SUNG ĐẦY ĐỦ C&Aacute;C VITAMIN V&Agrave; KHO&Aacute;NG CHẤT CẦN THIẾT CHO SỨC KHỎE CỦA MẸ V&Agrave; SỰ PH&Aacute;T TRIỂN CỦA THAI NHI</strong></p>\r\n\r\n<p><strong>C&Ocirc;NG DỤNG:</strong></p>\r\n\r\n<p>- Cung cấp đầy đủ 23 loại vitamin v&agrave; kho&aacute;ng chất cho mẹ v&agrave; thai nhi, đảm bảo cho một thai kỳ khỏe mạnh</p>\r\n\r\n<p>- Ngăn ngừa dị tật ở thai nhi</p>\r\n\r\n<p>- Gi&uacute;p thai nhi ph&aacute;t triển to&agrave;n diện, khỏe mạnh, tăng cường tr&iacute; n&atilde;o</p>\r\n\r\n<p>- Giảm c&aacute;c triệu chứng ngh&eacute;n của thai kỳ như n&ocirc;n mửa, k&eacute;m ăn, cao huyết &aacute;p</p>\r\n\r\n<p>- Cố định đạm v&agrave; đường trong cơ thể người mẹ, hỗ trợ ngăn ngừa gout v&agrave; tiểu đường thai kỳ.</p>\r\n\r\n<p><img alt=\"f1 care complex bệnh viện phụ sản trung ương\" src=\"https://nhathuoc365.vn/upload_images/images/f1%20care.JPG\" /></p>\r\n\r\n<p><em>F1 Care Complex - Vitamin tổng hợp cho b&agrave; bầu được ưa chuộng tại Mỹ cũng đang được nhiều nh&agrave; thuốc lớn, uy t&iacute;n v&agrave; c&aacute;c b&aacute;c sĩ tin tưởng khuy&ecirc;n d&ugrave;ng.</em></p>\r\n\r\n<p><strong>I. F1 CARE COMPLEX bổ sung 23 vitamin v&agrave; c&aacute;c nguy&ecirc;n tố vi l</strong><strong>ượng&nbsp;</strong><strong>quan trọng nhất</strong><strong>&nbsp;gi&uacute;p&nbsp;</strong><strong>mẹ bầu</strong><strong>&nbsp;lu&ocirc;n khỏe mạnh,&nbsp;</strong><strong>ngăn ngừa dị tật ở thai nhi, gi&uacute;p thai nhi khỏe mạnh</strong><strong>&nbsp;ph&aacute;t triển to&agrave;n diện</strong><strong>, th&ocirc;ng minh.</strong></p>\r\n\r\n<p>Bữa ăn h&agrave;ng ng&agrave;y thường kh&ocirc;ng cung cấp đủ c&aacute;c vi chất cần thiết nhất cho cơ thể, đặc biệt l&agrave; đối với phụ nữ mang thai nhu cầu về năng lượng v&agrave; c&aacute;c chất dinh dưỡng đ&ograve;i hỏi cao hơn mức b&igrave;nh thường rất nhiều. Do đ&oacute;, c&aacute;c b&aacute;c sĩ, chuy&ecirc;n gia khuyến c&aacute;o thai phụ cần bổ sung nhiều loại vi chất dinh dưỡng khi mang thai để thai nhi ph&aacute;t triển to&agrave;n diện, khỏe mạnh v&agrave; th&ocirc;ng minh.</p>\r\n\r\n<p><strong>1. DHA v&agrave; Axit folic ngăn ngừa dị tật thai nhi gi&uacute;p b&eacute; th&ocirc;ng minh, ph&aacute;t triển tr&iacute; n&atilde;o to&agrave;n diện</strong></p>\r\n\r\n<p><strong>Axit folic - Ngăn ngừa dị tật ống thần kinh</strong></p>\r\n\r\n<p>Để giảm thiểu nguy cơ khuyết tật ống thần kinh ở trẻ sơ sinh, c&aacute;c nghi&ecirc;n cứu v&agrave; chuy&ecirc;n gia khuyến c&aacute;o b&agrave; bầu cần bổ sung liều 400 mcg &ndash; 500 mcg acid folic mỗi ng&agrave;y, bắt đầu từ &iacute;t nhất 1 th&aacute;ng trước khi c&oacute; bầu. Những trường hợp bị thiếu acid folic (th&ocirc;ng qua x&eacute;t nghiệm), c&oacute; thể được khuyến c&aacute;o sử dụng 600 mcg acid folic mỗi ng&agrave;y.</p>\r\n\r\n<p><strong>F1 Care Complex</strong>&nbsp;c&oacute; chứa 600 mcg acid folic đ&aacute;p ứng đ&uacute;ng đủ liều lượng acid folic h&agrave;ng ng&agrave;y d&agrave;nh cho đa số b&agrave; bầu mang thai để ph&ograve;ng tr&aacute;nh khuyết tật ống thần kinh v&agrave; một số vấn đề kh&aacute;c do thiếu&nbsp;<a href=\"https://f1care.com/blogs/bo-sung-truoc-khi-mang-bau/bo-sung-axit-folic-ba-bau-can-dac-biet-luu-y-dieu-nay\">acid folic</a>&nbsp;g&acirc;y n&ecirc;n.</p>\r\n\r\n<p><strong>DHA - Ph&aacute;t triển n&atilde;o bộ to&agrave;n diện cho b&eacute;</strong></p>\r\n\r\n<p>DHA l&agrave; dưỡng chất quan trọng đối với sự ph&aacute;t triển v&agrave; chức năng của n&atilde;o, thần kinh v&agrave; mắt của thai nhi. Thậm ch&iacute;, những dưỡng chất n&agrave;y c&ograve;n c&oacute; thể ngăn ngừa sinh non, gi&uacute;p người mẹ giảm trầm cảm khi mang thai v&agrave; sau khi sinh, giảm nguy cơ mắc chứng tiền sản giật trong thai kỳ. DHA c&oacute; vai tr&ograve; quan trọng như vậy nhưng cơ thể ch&uacute;ng ta kh&ocirc;ng tự tạo ra DHA m&agrave; cần lấy từ thức ăn, thuốc uống b&ecirc;n ngo&agrave;i.</p>\r\n\r\n<p>Để b&ugrave; đắp lượng thiếu hụt DHA trong chế độ ăn uống th&igrave; cung cấp trực tiếp DHA từ c&aacute;c sản phẩm bổ sung như&nbsp;<strong>F1 Care Complex</strong>&nbsp;l&agrave; lựa chọn tối ưu cho mẹ l&uacute;c n&agrave;y.</p>\r\n\r\n<p><strong>Sự kết hợp của folic acid v&agrave; DHA v&agrave; c&aacute;c vitamin kho&aacute;ng chất quan trọng trong F1 Care Complex l&agrave; sự lựa chọn ho&agrave;n hảo gi&uacute;p bổ sung một c&aacute;ch đầy đủ nhất c&aacute;c vitamin, kho&aacute;ng chất quan trọng để đảm bảo cho sự ph&aacute;t triển của thai nhi v&agrave; sức khỏe của mẹ bầu.</strong></p>\r\n\r\n<p><strong>2. F1 Care Complex cung cấp đầy đủ c&aacute;c loại vitamin quan trọng, cần thiết nhất cho mẹ bầu</strong></p>\r\n\r\n<p><strong>- Vitamin A</strong></p>\r\n\r\n<p>Tổ chức Y tế Thế giới khuyến c&aacute;o đối với phụ nữ mang thai n&ecirc;n bổ sung lượng vitamin A từ 1.232 (IU) - 2.664 (IU)/ng&agrave;y. Th&ocirc;ng thường chỉ cần ăn uống đủ chất th&igrave; cũng đ&atilde; c&oacute; thể bổ sung đủ vitamin A. Tuy nhi&ecirc;n, trong qu&aacute; tr&igrave;nh chế biến v&agrave; hấp thu, lượng vitamin A c&oacute; thể bị mất đi do đ&oacute; b&agrave; bầu c&oacute; thể bổ sung th&ecirc;m vitamin A trong c&aacute;c loại vi&ecirc;n uống vitamin tổng hợp.&nbsp;F1 Care Complex cung cấp 3000IU với lượng hấp thụ v&agrave;o cơ thể mẹ l&agrave; 32% khoảng&nbsp;960 IU c&ugrave;ng với lượng vitamin A từ thực phẩm h&agrave;ng ng&agrave;y sẽ gi&uacute;p mẹ bầu đ&aacute;p ứng được nhu cầu&nbsp;&nbsp;vitamin A&nbsp;cần thiết.</p>\r\n\r\n<p><strong>- Nh&oacute;m vitamin B</strong></p>\r\n\r\n<p><strong>Vitamin B1 (thiamin)</strong>:&nbsp;c&oacute; t&aacute;c dụng gi&uacute;p mẹ v&agrave; thai nhi chuyển h&oacute;a carbohydrates th&agrave;nh năng lượng. B1 c&ograve;n rất tốt cho sự ph&aacute;t triển tr&iacute; n&atilde;o của thai nhi.&nbsp;<strong>F1 Care Complex&nbsp;</strong>c&oacute; chứa 3mg vitamin B1 với lượng hấp thu l&ecirc;n tới hơn 200%<strong>.</strong></p>\r\n\r\n<p><strong>Vitamin B2 (riboflavin)</strong>: Lượng vitamin B2 tối thiểu được khuy&ecirc;n d&ugrave;ng trong thời gian mang thai l&agrave; 1,4 mg. Vitamin B2 gi&uacute;p giải ph&oacute;ng năng lượng từ chất b&eacute;o, protein (chất đạm), v&agrave; tinh bột. Th&agrave;nh phần&nbsp;Vitamin B2 trong&nbsp;<strong>F1 Care Complex&nbsp;</strong>l&agrave; 3,4mg.</p>\r\n\r\n<p><img alt=\" F1 Care Complex\" src=\"https://nhathuoc365.vn/upload_images/images/F1-care---so-1-danh-cho-ba-bau3.jpg\" /></p>', 'default', NULL, 'f1-care-complex-vitamin-tong-hop-so-1-cho-ba-bau-7', NULL, NULL, '/library/images/sanpham/s1.jpg', NULL, 'product', 0, 'Sản phẩm,Sản phẩm mới,Sản phẩm khuyến mãi,Sản phẩm tiêu biểu,Khuyến mãi đặc biệt,Thực phẩm chức năng,Hỗ trợ ung thư,Tinh dầu,Vitamin - khoáng chất,Thuốc bổ thần kinh,Điều trị tiểu đường,Nấm,Sản phẩm hỗ trợ,Tinh Dầu Organics,Dầu Nền', NULL, NULL, NULL, NULL, '2018-10-03 04:30:37', NULL),
(8, 'GREEN CALCIUM - BỔ SUNG CANXI HỮU CƠ CHO BÀ BẦU', NULL, '<ul>\r\n	<li>Loại sản phẩm:&nbsp;Vitamin - kho&aacute;ng chất</li>\r\n	<li>Dạng b&agrave;o chế:&nbsp;Vi&ecirc;n n&eacute;n</li>\r\n	<li>Quy c&aacute;ch sản phẩm:&nbsp;Hộp 1 lọ x 100 vi&ecirc;n</li>\r\n	<li>H&agrave;m lượng:&nbsp;Nhiều th&agrave;nh phần</li>\r\n</ul>', 'default', NULL, 'green-calcium-bo-sung-canxi-huu-co-cho-ba-bau', NULL, NULL, '/library/images/sanpham/s2.1.png', NULL, 'product', 0, 'Sản phẩm,Sản phẩm mới,Sản phẩm khuyến mãi,Sản phẩm tiêu biểu,Khuyến mãi đặc biệt,Thực phẩm chức năng,Hỗ trợ ung thư,Tinh dầu,Vitamin - khoáng chất,Thuốc bổ thần kinh,Điều trị tiểu đường,Nấm,Sản phẩm hỗ trợ,Tinh Dầu Organics,Dầu Nền', NULL, NULL, NULL, NULL, '2018-09-25 07:09:38', NULL),
(9, 'COMBO TINH DẦU CÚC LA MÃ VÀ TINH DẦU BABY ONE', NULL, '<ul>\r\n	<li>\r\n	<p>R&ecirc; chuột l&ecirc;n h&igrave;nh để ph&oacute;ng to</p>\r\n\r\n	<h1>EF 2001 BERM KAIN PREMIUM - HỖ TRỢ ĐIỀU TRỊ UNG THƯ</h1>\r\n\r\n	<p>Thương hiệu:&nbsp;<a href=\"https://nhathuoc365.vn/thuong-hieu-cong-ty-co-phan-berm-nhat-ban-th19\">C&ocirc;ng ty cổ phần BERM Nhật Bản</a></p>\r\n\r\n	<p>M&atilde; sản phẩm:&nbsp;BRMPRE</p>\r\n	</li>\r\n	<li>Loại sản phẩm:&nbsp;Khuẩn</li>\r\n	<li>Dạng b&agrave;o chế:&nbsp;Dạng bột</li>\r\n	<li>Quy c&aacute;ch sản phẩm:&nbsp;Hộp 70g</li>\r\n	<li>H&agrave;m lượng:&nbsp;35 g&oacute;i x 2g</li>\r\n	<li>\r\n	<p>7.950.000 đ</p>\r\n\r\n	<form action=\"https://nhathuoc365.vn/index.php?module=product&amp;view=cart&amp;task=addCartMB&amp;id=535\" id=\"formQuantity\" method=\"post\">Số lượng:\r\n	<p><input name=\"quantity\" type=\"text\" value=\"1\" /></p>\r\n	</form>\r\n\r\n	<p><a href=\"javascript:void(0)\">ĐẶT H&Agrave;NG</a><a href=\"javascript:void(0)\" id=\"add-cart-detail\" title=\"Cho vào giỏ hàng\">TH&Ecirc;M V&Agrave;O GIỎ H&Agrave;NG</a>&nbsp;&nbsp;</p>\r\n\r\n	<p>Ngại đặt h&agrave;ng?</p>\r\n\r\n	<p>Gọi ngay Hotline: 1800 8155<br />\r\n	(Tư vấn miễn ph&iacute; - Thời gian: 8h00 - 20h30)</p>\r\n\r\n	<p>Ngại gọi điện? Vui l&ograve;ng nhập số điện thoại</p>\r\n\r\n	<form action=\"https://nhathuoc365.vn/ef-2001-berm-kain-premium-ho-tro-dieu-tri-ung-thu-pd535#\" id=\"frm_call_me535\" method=\"post\">\r\n	<p><input name=\"txt_phone\" type=\"text\" /><a href=\"javascript:void(0)\">Gọi lại cho t&ocirc;i ngay</a></p>\r\n	</form>\r\n\r\n	<p>Gợi &yacute; t&igrave;m kiếm:</p>\r\n\r\n	<p><a href=\"https://nhathuoc365.vn/tim-kiem-san-pham/?keyword=ung-th%C6%B0\" title=\"\">ung thư,</a>&nbsp;<a href=\"https://nhathuoc365.vn/tim-kiem-san-pham/?keyword=-%C4%91i%E1%BB%81u-tr%E1%BB%8B-ung-th%C6%B0\" title=\"\">điều trị ung thư,</a>&nbsp;<a href=\"https://nhathuoc365.vn/tim-kiem-san-pham/?keyword=-t%C4%83ng-s%E1%BB%A9c-%C4%91%E1%BB%81-kh%C3%A1ng\" title=\"\">tăng sức đề kh&aacute;ng,</a>&nbsp;<a href=\"https://nhathuoc365.vn/tim-kiem-san-pham/?keyword=-b%E1%BB%87nh-%C4%91%C6%B0%E1%BB%9Dng-ru%E1%BB%99t\" title=\"\">bệnh đường ruột,</a></p>\r\n\r\n	<p><strong>C&Ocirc;NG DỤNG:</strong></p>\r\n\r\n	<p>Chứa một lượng rất lớn vi khuẩn EF 2001 (7,5 ngh&igrave;n tỷ /1 g&oacute;i), BeRM KAIN Premium cung cấp lượng lớn c&aacute;c &ldquo;chất tăng cường đ&aacute;p ứng sinh học&rdquo;, c&oacute; t&aacute;c dụng tăng k&iacute;ch th&iacute;ch đ&aacute;p ứng miễn dịch tự nhi&ecirc;n cũng như đ&aacute;p ứng miễn dịch đặc hiệu của cơ thể, gi&uacute;p:</p>\r\n\r\n	<p>- Gi&uacute;p hệ miễn dịch to&agrave;n diện, tăng sức đề kh&aacute;ng cho cơ thể một c&aacute;ch mạnh mẽ hơn. Gi&uacute;p ph&ograve;ng chống, loại bỏ c&ugrave;ng l&agrave;m sạch cơ thể bằng c&aacute;ch loại bỏ vi tr&ugrave;ng v&agrave; vật lạ x&acirc;m nhập v&agrave;o cơ thể từ b&ecirc;n ngo&agrave;i v&agrave; do cơ thể sản sinh ra từ b&ecirc;n trong như: (tế b&agrave;o ung thư, tế b&agrave;o chết, cholesterol xấu, vv..).</p>\r\n\r\n	<p>- Chống lại sự ph&aacute;t triển của c&aacute;c khối u.</p>\r\n\r\n	<p>- Ph&ograve;ng ngừa v&agrave; hỗ trợ điều trị ung thư, đặc biệt n&acirc;ng cao thể trạng cho c&aacute;c đối tượng đang điều trị h&oacute;a hay xạ trị.</p>\r\n\r\n	<p>- Tăng cường, hỗ trợ chức năng ti&ecirc;u h&oacute;a, gi&uacute;p hệ ti&ecirc;u h&oacute;a lu&ocirc;n khỏe mạnh, hỗ trợ điều trị c&aacute;c bệnh đường ruột.</p>\r\n\r\n	<p>&nbsp;</p>\r\n\r\n	<p><img alt=\"\" src=\"https://nhathuoc365.vn/upload_images/images/dong-hanh-cung-benh-nhan-ung-thu.jpg\" /></p>\r\n\r\n	<p><em>Đừng để ung thư l&agrave; &quot;&aacute;n tử&quot;</em></p>\r\n\r\n	<p>&nbsp;</p>\r\n\r\n	<p><strong>CƠ CHẾ T&Aacute;C ĐỘNG</strong></p>\r\n\r\n	<p>Vi khuẩn Enterococcus faecalis EF2001 l&agrave; một thế hệ mới của vi khuẩn axit lactic, được tạo ra sau qu&aacute; tr&igrave;nh xử l&iacute; nhiệt vi khuẩn sinh acid lactic</p>\r\n\r\n	<p>EF 2001 chứa một lượng lớn c&aacute;c &ldquo;chất tăng cường đ&aacute;p ứng sinh học&rdquo; (biological response modifiers-BRMs), c&oacute; t&aacute;c dụng tăng k&iacute;ch th&iacute;ch đ&aacute;p ứng miễn dịch tự nhi&ecirc;n của cơ thể, tăng cường hoạt động của c&aacute;c đại thực b&agrave;o, hệ thống bạch cầu trong cơ thể, tăng số lượng kh&aacute;ng thể gi&uacute;p loại trừ c&aacute;c t&aacute;c nh&acirc;n lạ x&acirc;m nhập cơ thể, gi&uacute;p cơ thể khỏe mạnh. Qu&aacute; tr&igrave;nh xử l&iacute; nhiệt vi khuẩn sinh acid lactic tạo ra EF 2001 mang lại hiệu quả t&aacute;c dụng của acid lactic cao hơn nhiều so với th&ocirc;ng thường nhờ những &nbsp;lợi &iacute;ch sau:</p>\r\n\r\n	<p>- C&oacute; khả năng tạo ra một lựợng lớn hơn vi khuẩn sinh acid lactics với liều d&ugrave;ng nhỏ hơn (hơn 7,5 ngh&igrave;n tỉ vi khuẩn được tạo ra tr&ecirc;n 1g)</p>\r\n\r\n	<p>- Vi khuẩn được tạo ra kh&ocirc;ng phải vi khuẩn sống n&ecirc;n c&oacute; khả năng ổn định ở nhiệt độ cao.</p>\r\n\r\n	<p>- Kh&ocirc;ng &nbsp;tạo ra acid lactic mới, do đ&oacute; chất lượng, hoạt t&iacute;nh của vi khuẩn được ổn định.</p>\r\n\r\n	<p>- Kh&ocirc;ng c&oacute; t&iacute;nh acid, do đ&oacute; kh&ocirc;ng ảnh hưởng tới m&ugrave;i vị khi uống.</p>\r\n\r\n	<p>&nbsp;</p>\r\n\r\n	<p><img alt=\"\" src=\"https://nhathuoc365.vn/upload_images/images/tieu-diet-ung-thu-a(2).jpg\" /></p>\r\n\r\n	<p>&nbsp;</p>\r\n\r\n	<p><strong>MỘT SỐ TH&Ocirc;NG TIN VỀ SẢN PHẨM</strong></p>\r\n\r\n	<p>Quy c&aacute;ch đ&oacute;ng g&oacute;i:&nbsp;Hộp 70g (35 g&oacute;i x 2 g).</p>\r\n\r\n	<p>Dạng b&agrave;o chế:&nbsp;Bột</p>\r\n\r\n	<p>Th&agrave;nh phần:&nbsp;Vi khuẩn Enterococcus faecalis EF2001: 7,5 ngh&igrave;n tỷ vi khuẩn/g&oacute;i.</p>\r\n\r\n	<p><strong>LIỀU LƯỢNG:</strong></p>\r\n\r\n	<p>- Người muốn ph&ograve;ng bệnh, tăng cường miễn dịch:&nbsp; D&ugrave;ng 01 g&oacute;i/ ng&agrave;y.</p>\r\n\r\n	<p>- Người đang điều trị ung thư: 02-03 g&oacute;i/ng&agrave;y, 1 g&oacute;i/lần.<br />\r\n	- Pha uống c&ugrave;ng với nước ấm. Uống trước ăn hoặc sau ăn hoặc trước khi đi ngủ (với liều d&ugrave;ng 03 g&oacute;i/ng&agrave;y).</p>\r\n\r\n	<p><strong>ĐỐI TƯỢNG SỬ DỤNG:</strong></p>\r\n\r\n	<p>D&agrave;nh cho mọi đối tượng. Đặc biệt l&agrave; c&aacute;c đối tượng mắc c&aacute;c bệnh nan y v&agrave; suy giảm miễn dịch, c&aacute;c bệnh nh&acirc;n đang trong qu&aacute; tr&igrave;nh điều trị bệnh ung thư, người muốn ph&ograve;ng bệnh ung thư.</p>\r\n\r\n	<p><em><strong>Lưu &yacute;:</strong></em>&nbsp;Trẻ em dưới 3 tuổi n&ecirc;n hỏi &yacute; kiến b&aacute;c sỹ dinh dưỡng trước khi d&ugrave;ng.</p>\r\n\r\n	<p><strong>BẢO QUẢN:</strong></p>\r\n	</li>\r\n</ul>', 'default', NULL, 'combo-tinh-dau-cuc-la-ma-va-tinh-dau-baby-one', NULL, NULL, '/library/images/sanpham/s2.1.png', NULL, 'product', 0, 'Sản phẩm,Sản phẩm mới,Sản phẩm khuyến mãi,Sản phẩm tiêu biểu,Khuyến mãi đặc biệt,Thực phẩm chức năng,Hỗ trợ ung thư,Tinh dầu,Vitamin - khoáng chất,Thuốc bổ thần kinh,Điều trị tiểu đường,Nấm,Sản phẩm hỗ trợ,Tinh Dầu Organics,Dầu Nền', NULL, NULL, NULL, NULL, '2018-10-03 04:30:19', NULL),
(10, 'COMBO 2 LỌ SP BABY ONE TRỊ SỔ MŨI, NGHẸT MŨI CHO BÉ', NULL, '<ul>\r\n	<li>Loại sản phẩm:&nbsp;Tinh Dầu Organics</li>\r\n	<li>Dạng b&agrave;o chế:&nbsp;Dung dịch</li>\r\n	<li>Quy c&aacute;ch sản phẩm:&nbsp;2 lọ 10 ml</li>\r\n	<li>H&agrave;m lượng:&nbsp;10ml/hộp</li>\r\n</ul>', 'default', NULL, 'combo-2-lo-sp-baby-one-tri-so-mui-nghet-mui-cho-be', NULL, NULL, NULL, NULL, 'product', 0, 'Hỗ trợ ung thư,Tinh dầu,Vitamin - khoáng chất,Thuốc bổ thần kinh,Điều trị tiểu đường,Nấm,Sản phẩm hỗ trợ,Tinh Dầu Organics,Dầu Nền', NULL, NULL, NULL, NULL, '2018-09-25 07:14:25', NULL),
(11, 'COMBO 2 LỌ SP BABY ONE TRỊ SỔ MŨI, NGHẸT MŨI CHO BÉ', NULL, '<ul>\r\n	<li>Loại sản phẩm:&nbsp;Tinh Dầu Organics</li>\r\n	<li>Dạng b&agrave;o chế:&nbsp;Dung dịch</li>\r\n	<li>Quy c&aacute;ch sản phẩm:&nbsp;2 lọ 10 ml</li>\r\n	<li>H&agrave;m lượng:&nbsp;10ml/hộp</li>\r\n</ul>', 'default', NULL, 'combo-2-lo-sp-baby-one-tri-so-mui-nghet-mui-cho-be-11', NULL, NULL, '/library/images/sanpham/s3.1.png', NULL, 'product', 0, 'Sản phẩm khuyến mãi,Hỗ trợ ung thư,Tinh dầu,Vitamin - khoáng chất,Thuốc bổ thần kinh,Điều trị tiểu đường,Nấm,Sản phẩm hỗ trợ,Tinh Dầu Organics,Dầu Nền', NULL, NULL, NULL, NULL, '2018-09-25 07:15:49', NULL),
(12, 'EF 2001 BERM KAIN PREMIUM - HỖ TRỢ ĐIỀU TRỊ UNG THƯ', NULL, '<p><strong>C&Ocirc;NG DỤNG</strong></p>\r\n\r\n<p><strong>&nbsp;Tinh dầu Tr&agrave;m v&agrave; tinh dầu Khuynh Diệp</strong>&nbsp;mang lại nhiều lợi &iacute;ch kh&ocirc;ng ngờ cho trẻ trong việc ph&ograve;ng chống v&agrave; điều trị nhiều chứng bệnh thường gặp:</p>\r\n\r\n<p><strong>- Tinh dầu Tr&agrave;m</strong>&nbsp;gi&uacute;p b&eacute; ph&ograve;ng chống v&agrave; điều trị c&aacute;c vấn đề li&ecirc;n quan đến đường h&ocirc; hấp dưới như: vi&ecirc;m phế quản, vi&ecirc;m thanh quản, vi&ecirc;m phổi, hen phế quản, ho, hen suyễn.</p>\r\n\r\n<p><strong>- Tinh dầu Khuynh Diệp</strong>&nbsp;gi&uacute;p b&eacute; ph&ograve;ng v&agrave; điều trị c&aacute;c vấn đề li&ecirc;n quan đến đường h&ocirc; hấp tr&ecirc;n như: sổ mũi, ngạt mũi, hắt hơi, cảm c&uacute;m, vi&ecirc;m xoang mũi, vi&ecirc;m họng, sốt&hellip;</p>\r\n\r\n<p><strong>LIỀU LƯỢNG</strong></p>\r\n\r\n<p><strong>&nbsp;- Khi b&eacute; bị cảm c&uacute;m, vi&ecirc;m phế quản, vi&ecirc;m thanh quản, vi&ecirc;m phổi, ho:</strong>&nbsp;V&agrave;o mỗi buổi tối trước khi đi ngủ, mẹ b&ocirc;i tinh dầu Tr&agrave;m v&agrave;o gan b&agrave;n tay v&agrave; ch&acirc;n của b&eacute; sẽ gi&uacute;p b&eacute; ph&ograve;ng tr&aacute;nh cũng như điều trị cảm c&uacute;m, giảm ho v&agrave; giảm sốt cực kỳ hiệu quả. Ngo&agrave;i ra, mẹ cũng c&oacute; thể nhỏ v&agrave;i giọt tinh dầu Tr&agrave;m v&agrave;o chậu nước tắm; b&ocirc;i l&ecirc;n yếm, cổ &aacute;o hoặc thoa l&ecirc;n lưng, ngực v&agrave; cổ của b&eacute;. Khi cho b&eacute; đi ra ngo&agrave;i, để ph&ograve;ng chống gi&oacute; m&aacute;y, cảm mạo cho b&eacute; mẹ c&oacute; thể thoa &iacute;t tinh dầu Tr&agrave;m l&ecirc;n cổ, lưng, gan b&agrave;n ch&acirc;n, b&agrave;n tay của b&eacute;; hoặc qu&agrave;ng cho b&eacute; một chiếc khăn c&oacute; xức dầu tr&agrave;m.&nbsp;&nbsp;</p>\r\n\r\n<p><strong>- Khi b&eacute; bị cảm c&uacute;m, vi&ecirc;m xoang mũi, ngạt mũi:</strong>&nbsp;mẹ thoa tinh dầu Khuynh Diệp l&ecirc;n gan b&agrave;n ch&acirc;n hoặc gan b&agrave;n tay của b&eacute; để gi&uacute;p b&eacute; th&ocirc;ng mũi, hết hắt hơi, điều trị nhanh v&agrave; triệt để sổ mũi, ngạt mũi, ngăn ngừa, hạn chế v&agrave; điều trị cảm c&uacute;m.... Ngo&agrave;i ra, mẹ c&oacute; thể thoa tinh dầu Khuynh Diệp l&ecirc;n cổ, ngực, lưng của b&eacute; hoặc nhỏ từ 1-2 giọt l&ecirc;n gối, cổ &aacute;o hoặc chiếc khăn quấn ở cổ b&eacute;, hương thơm của tinh dầu b&eacute; sẽ ngửi được. B&eacute; sẽ ngay lập tức hết sổ mũi, ngạt mũi một c&aacute;ch k&igrave; diệu.</p>\r\n\r\n<p><strong>- Khi b&eacute; bị c&ocirc;n tr&ugrave;ng cắn:</strong>&nbsp;Với nốt muỗi đốt, mẹ thoa tinh dầu Tr&agrave;m l&ecirc;n vết cắn, sau 2-3 ph&uacute;t l&agrave; vết cắn sẽ hết đỏ, hết ngứa v&agrave; hết sưng. Với vết kiến cắn, kể cả kiến ba khoang, mẹ chỉ cần thoa tinh dầu Khuynh Diệp l&ecirc;n v&ugrave;ng bị đau của b&eacute; rồi nhẹ nh&agrave;ng massage, chỉ sau 1-2 ph&uacute;t l&agrave; b&eacute; hết ngứa ng&aacute;y, vết cắn hết sưng.&nbsp;</p>\r\n\r\n<p><strong>- Khi b&eacute; c&oacute; dấu hiệu bị hen ph&ecirc;́ quản:&nbsp;</strong>Khi b&eacute; c&oacute; c&aacute;c tri&ecirc;̣u chứng hen ph&ecirc;́ quản như xu&acirc;́t hi&ecirc;̣n cơn ho v&ecirc;̀ đ&ecirc;m khi đang ngủ, đờm trắng d&iacute;nh, nghe ph&ocirc;̉i c&oacute; ti&ecirc;́ng r&iacute;t, kh&ograve; kh&egrave;&hellip; mẹ c&oacute; th&ecirc;̉ sử dụng v&agrave;i giọt tinh d&acirc;̀u Tr&agrave;m th&acirc;́m v&agrave;o b&ocirc;ng (hoặc gi&acirc;́y ăn) cho b&eacute; h&iacute;t ngửi từ 10-15 ph&uacute;t. Đồng thời, mẹ xoa tinh dầu Tr&agrave;m v&agrave;o gan b&agrave;n ch&acirc;n v&agrave; gan b&agrave;n tay b&eacute;. Mẹ sẽ cảm nhận được hiệu quả tức th&igrave; chỉ sau 15 ph&uacute;t sử dụng.</p>\r\n\r\n<p><strong>KHUYẾN C&Aacute;O</strong></p>\r\n\r\n<p>Để an to&agrave;n cho c&aacute;c loại da, tr&aacute;nh dị ứng bạn n&ecirc;n b&ocirc;i thử l&ecirc;n mu b&agrave;n tay trước khi sử dụng.&nbsp;</p>\r\n\r\n<p><em>* Lưu &yacute;: SP kh&ocirc;ng phải l&agrave; thuốc, kh&ocirc;ng c&oacute; t&aacute;c dụng thay thế thuốc chữa bệnh. Hiệu quả của SP c&oacute; thể phụ thuộc v&agrave;o cơ địa của người d&ugrave;ng v&agrave; c&oacute; th&ecirc;̉ thay đ&ocirc;̉i tùy theo tình trạng th&ecirc;̉ ch&acirc;́t m&ocirc;̃i nguời.</em></p>\r\n\r\n<p><em>C&aacute;c loại tinh dầu của An Organics l&agrave; loại tinh dầu cao cấp, được chiết xuất từ 100% nguy&ecirc;n liệu sạch m&agrave; kh&ocirc;ng c&oacute; sự can thiệp của bất kỳ một chất h&oacute;a học n&agrave;o trong nu&ocirc;i trồng cũng như sản xuất chế biến n&ecirc;n rất an to&agrave;n v&agrave; kh&ocirc;ng hề g&acirc;y t&aacute;c dụng phụ. Sản phẩm đ&atilde; được trải qua c&aacute;c bước kiểm tra nghi&ecirc;m ngặt, đạt ti&ecirc;u chuẩn ISO, c&oacute; chứng chỉ Organic của Hiệp hội Organic thế giới.</em></p>\r\n\r\n<p><strong>TẠI SAO BẠN N&Ecirc;N MUA H&Agrave;NG TR&Ecirc;N&nbsp; NHATHUOC365.VN&nbsp; &nbsp; &nbsp;&nbsp;</strong></p>\r\n\r\n<p>Nhathuoc365.vn tự h&agrave;o l&agrave; 1 địa chỉ chuy&ecirc;n cung cấp c&aacute;c sản phẩm chăm s&oacute;c sức khoẻ uy t&iacute;n từ năm 2012 v&agrave; li&ecirc;n tục được b&igrave;nh chọn v&agrave;o tốp c&aacute;c Website b&aacute;n h&agrave;ng chất lượng v&agrave; uy t&iacute;n. Khi mua h&agrave;ng tại&nbsp; nhathuoc365.vn&nbsp; Bạn sẽ c&oacute; những lợi &iacute;ch sau đ&acirc;y:&nbsp; &nbsp; &nbsp;&nbsp;</p>\r\n\r\n<p>1. Mua h&agrave;ng tại 1 địa chỉ uy t&iacute;n, đ&aacute;ng tin cậy, bạn kh&ocirc;ng bao giờ phải lo lắng về chất lượng sản phẩm (Nh&agrave; thuốc 365 đạt chứng nhận danh hiệu &ldquo;Sản phẩm, dịch vụ uy t&iacute;n chất lượng 2015.</p>\r\n\r\n<p>2. Nhathuoc365.vn l&agrave; nh&agrave; ph&acirc;n phối ch&iacute;nh h&atilde;ng của những thương hiệu h&agrave;ng đầu tr&ecirc;n thế giới về c&aacute;c sản phẩm chăm s&oacute;c sức khoẻ như Careline, Olympian Labs, Nature&rsquo;s Plus, Vitamins For Life...&nbsp; &nbsp;&nbsp;</p>\r\n\r\n<p>3. Được tư vấn miễn ph&iacute; c&aacute;c th&ocirc;ng tin về sức khoẻ v&agrave; sản phẩm trước, trong v&agrave; sau khi mua h&agrave;ng bởi đội ngũ B&aacute;c sĩ v&agrave; chuy&ecirc;n gia nhiều năm kinh nghiệm&nbsp; &nbsp;&nbsp;</p>\r\n\r\n<p>4. Mua h&agrave;ng nhanh gọn, thuận tiện, tiết kiệm thời gian v&agrave; chi ph&iacute;.&nbsp; &nbsp; &nbsp;</p>\r\n\r\n<p>5. Chỉ thanh to&aacute;n khi nhận h&agrave;ng.&nbsp; &nbsp;&nbsp;</p>\r\n\r\n<h2><strong>NH&Agrave; THUỐC 365 &ndash; UY T&Iacute;N H&Agrave;NG ĐẦU VIỆT NAM!</strong></h2>\r\n\r\n<p>C&aacute;c loại Tinh dầu của An Organics l&agrave; loại tinh dầu cao cấp nhất, được chiết xuất từ 100% nguy&ecirc;n liệu sạch m&agrave; kh&ocirc;ng c&oacute; sự can thiệp của bất kỳ một chất h&oacute;a học n&agrave;o trong nu&ocirc;i trồng cũng như sản xuất chế biến n&ecirc;n rất an to&agrave;n v&agrave; kh&ocirc;ng hề g&acirc;y t&aacute;c dụng phụ. Sản phẩm đ&atilde; được trải qua c&aacute;c kh&acirc;u kiểm tra nghi&ecirc;m ngặt, đạt ti&ecirc;u chuẩn ISO, c&oacute; chứng chỉ Organics của c&aacute;c hiệp hội Organics thế giới.</p>', 'default', NULL, 'combo-2-lo-sp-baby-one-tri-so-mui-nghet-mui-cho-be-12', NULL, NULL, '/library/images/sanpham/s4.png', NULL, 'product', 0, 'Sản phẩm,Hỗ trợ ung thư,Tinh dầu,Vitamin - khoáng chất,Thuốc bổ thần kinh,Điều trị tiểu đường,Sản phẩm hỗ trợ,Tinh Dầu Organics,Dầu Nền', NULL, NULL, NULL, NULL, '2018-10-03 04:30:15', NULL),
(13, 'COMBO 2 LỌ SP BABY ONE TRỊ SỔ MŨI, NGHẸT MŨI CHO BÉ', NULL, '<p><strong>C&Ocirc;NG DỤNG</strong></p>\r\n\r\n<p>Tinh dầu tr&agrave;m nguy&ecirc;n chất An Organics:</p>\r\n\r\n<p>- Đặc biệt hữu hiệu trong việc ph&ograve;ng v&agrave; hỗ trợ điều trị c&aacute;c bệnh h&ocirc; hấp dưới như vi&ecirc;m phế quản, vi&ecirc;m thanh quản, vi&ecirc;m phổi, hen phế quản, ho, thở kh&ograve; kh&egrave;...</p>\r\n\r\n<p>- Ph&ograve;ng gi&oacute; m&aacute;y, ph&ograve;ng cảm lạnh</p>\r\n\r\n<p>- Điều trị vết muỗi đốt, kiến cắn</p>\r\n\r\n<p>&nbsp;Tinh dầu Tr&agrave;m An Organics đ&atilde; được kiểm nghiệm v&agrave; chứng nhận bởi Viện Khoa học v&agrave; C&ocirc;ng nghệ Việt Nam.</p>\r\n\r\n<p>&nbsp; &nbsp;<img alt=\"\" src=\"https://nhathuoc365.vn/upload_images/images/TRAM(3).jpg\" /></p>\r\n\r\n<p><strong>QUY TR&Igrave;NH SẢN XUẤT TINH DẦU TR&Agrave;M NGUY&Ecirc;N CHẤT AN ORGANICS</strong></p>\r\n\r\n<p><strong><img alt=\"\" src=\"https://nhathuoc365.vn/upload_images/images/kiem-nghiem-tinh-dau(1)(4).png\" /></strong></p>\r\n\r\n<p><strong>LIỀU LƯỢNG V&Agrave; C&Aacute;CH D&Ugrave;NG</strong></p>\r\n\r\n<p>&nbsp;- Ph&ograve;ng v&agrave; hỗ trợ điều trị cảm c&uacute;m, vi&ecirc;m phế quản, vi&ecirc;m thanh quản, vi&ecirc;m phổi, ho: V&agrave;o mỗi buổi tối trước khi đi ngủ, mẹ thoa tinh dầu Tr&agrave;m v&agrave;o gan b&agrave;n ch&acirc;n, gan b&agrave;n tay của của con. Nếu trời qu&aacute; lạnh c&oacute; thể đi một đ&ocirc;i tất mỏng v&agrave;o ch&acirc;n cho b&eacute;.</p>\r\n\r\n<p>- Ph&ograve;ng v&agrave; hỗ trợ đi&ecirc;̀u trị b&ecirc;̣nh hen ph&ecirc;́ quản: Khi b&eacute; c&oacute; c&aacute;c tri&ecirc;̣u chứng hen ph&ecirc;́ quản như xu&acirc;́t hi&ecirc;̣n cơn ho v&ecirc;̀ đ&ecirc;m khi đang ngủ, đờm trắng d&iacute;nh, nghe ph&ocirc;̉i c&oacute; ti&ecirc;́ng r&iacute;t, kh&ograve; kh&egrave;&hellip; mẹ thoa tinh dầu Tr&agrave;m v&agrave;o gan b&agrave;n ch&acirc;n của b&eacute;; Sử dụng v&agrave;i giọt tinh d&acirc;̀u Tr&agrave;m th&acirc;́m v&agrave;o b&ocirc;ng (hoặc gi&acirc;́y ăn), để c&aacute;ch mũi b&eacute; 2-3 cm rồi cho b&eacute; h&iacute;t ngửi từ 10-15 ph&uacute;t.</p>\r\n\r\n<p>- Tr&aacute;nh gi&oacute;, ph&ograve;ng cảm lạnh: Khi tắm cho con, mẹ c&oacute; thể nhỏ từ 1-2 giọt tinh dầu Tr&agrave;m v&agrave;o nước tắm của b&eacute;. Sau khi tắm xong, mẹ lau kh&ocirc; người b&eacute; rồi thoa một ch&uacute;t tinh dầu tr&agrave;m v&agrave;o ch&acirc;n, tay b&eacute; kết hợp massage nhẹ nh&agrave;ng. Khi cho b&eacute; ra ngo&agrave;i trời, để ph&ograve;ng chống gi&oacute; m&aacute;y, cảm mạo cho b&eacute; mẹ c&oacute; thể thoa &iacute;t tinh dầu Tr&agrave;m v&agrave;o gan b&agrave;n ch&acirc;n, gan b&agrave;n tay, hoặc qu&agrave;ng cho b&eacute; một chiếc khăn c&oacute; xức tinh dầu Tr&agrave;m.</p>\r\n\r\n<p>- Khi b&eacute; bị muỗi đốt: Mẹ thoa trực tiếp tinh dầu Tr&agrave;m l&ecirc;n vết cắn sẽ nhanh l&agrave;m dịu vết đỏ, giảm sưng, hết ngứa.&nbsp;</p>\r\n\r\n<p><strong>KHUYẾN C&Aacute;O</strong></p>\r\n\r\n<p>- Kh&ocirc;ng được uống.</p>\r\n\r\n<p>- Kh&ocirc;ng để tinh dầu rơi v&agrave;o mắt, kh&ocirc;ng thoa tinh dầu v&agrave;o c&aacute;c vết thương hở.</p>\r\n\r\n<p>- Kh&ocirc;ng ti&ecirc;́p tục sử dụng tinh d&acirc;̀u n&ecirc;́u phát hi&ecirc;̣n có mùi, màu sắc lạ hoặc khi bị dị ứng xảy ra.&nbsp;</p>\r\n\r\n<p>- Trước khi b&ocirc;i diện rộng, bạn n&ecirc;n b&ocirc;i thử l&ecirc;n mu b&agrave;n tay để thử khả năng k&iacute;ch ứng của da.&nbsp;</p>\r\n\r\n<p><strong>BẢO QUẢN</strong></p>\r\n\r\n<p>- Bảo quản nơi kh&ocirc; r&aacute;o, tho&aacute;ng m&aacute;t, tr&aacute;nh &aacute;nh nắng trực tiếp.</p>\r\n\r\n<p>- Đ&acirc;̣y k&iacute;n lọ sau khi sử dụng. Để xa t&acirc;̀m tay trẻ em.&nbsp;</p>\r\n\r\n<p><strong>Lưu &yacute;:&nbsp;</strong>Sản phẩm kh&ocirc;ng phải l&agrave; thuốc v&agrave; kh&ocirc;ng c&oacute; t&aacute;c dụng thay thế thuốc chữa bệnh</p>\r\n\r\n<p>&nbsp;*T&aacute;c dụng c&oacute; thể kh&aacute;c nhau tuỳ cơ địa của người d&ugrave;ng*&nbsp;</p>\r\n\r\n<p><strong>CAM KẾT VỀ CHẤT LƯỢNG</strong></p>\r\n\r\n<p>Theo Hiệp hội Organic, loại tinh dầu tr&agrave;m được xem l&agrave; nguy&ecirc;n chất, hảo hạng, c&oacute; t&aacute;c dụng trị liệu tốt nhất khi c&oacute; h&agrave;m lượng Cineole đạt 40-60%. Kh&ocirc;ng nhiều loại tinh dầu đảm bảo con số l&yacute; tưởng n&agrave;y, nếu kh&ocirc;ng muốn n&oacute;i l&agrave; chỉ đếm được tr&ecirc;n đầu ng&oacute;n tay. V&agrave; tinh dầu tr&agrave;m nguy&ecirc;n chất An Organics l&agrave; một trong số &iacute;t loại c&oacute; h&agrave;m lượng đạt đến mức ho&agrave;n hảo đ&oacute; (56,62%).</p>\r\n\r\n<p>Sản phẩm tinh dầu tr&agrave;m An Organics được Viện khoa học v&agrave; c&ocirc;ng nghệ Việt Nam kiểm định v&agrave; chứng nhận về chất lượng th&agrave;nh phần.&nbsp;</p>', 'default', NULL, 'combo-2-lo-sp-baby-one-tri-so-mui-nghet-mui-cho-be-13', NULL, NULL, '/library/images/sanpham/s3.1.png', NULL, 'product', 0, 'Sản phẩm,Sản phẩm mới,Sản phẩm khuyến mãi,Sản phẩm tiêu biểu,Hỗ trợ ung thư,Tinh dầu,Thuốc bổ thần kinh,Nấm,Sản phẩm hỗ trợ,Tinh Dầu Organics', NULL, NULL, NULL, NULL, '2018-10-03 04:30:11', NULL),
(14, 'OKINAWA FUCOIDAN - HỖ TRỢ ĐIỀU TRỊ UNG THƯ', NULL, '<ul>\r\n	<li>Loại sản phẩm:&nbsp;Fucoidan</li>\r\n	<li>Dạng b&agrave;o chế:&nbsp;Vi&ecirc;n nang cứng</li>\r\n	<li>Quy c&aacute;ch sản phẩm:&nbsp;Hộp 1 lọ x 180 vi&ecirc;n</li>\r\n	<li>H&agrave;m lượng:&nbsp;295mg/vi&ecirc;n</li>\r\n</ul>', 'default', NULL, 'okinawa-fucoidan-ho-tro-dieu-tri-ung-thu', NULL, NULL, '/library/images/sanpham/okinawa-fucoidan-ho-tro-dieu-tri-ung-thu-1519788513.png', NULL, 'product', 0, 'Sản phẩm,Khuyến mãi đặc biệt,Thực phẩm chức năng,Hỗ trợ ung thư,Tinh dầu,Vitamin - khoáng chất,Điều trị tiểu đường,Nấm,Sản phẩm hỗ trợ,Tinh Dầu Organics,Dầu Nền', NULL, NULL, NULL, NULL, '2018-09-25 07:24:02', NULL);
INSERT INTO `posts` (`post_id`, `title`, `description`, `content`, `template`, `tags`, `slug`, `user_id`, `is_hide`, `image`, `product_list`, `post_type`, `visiable`, `category_string`, `meta_title`, `meta_description`, `meta_keyword`, `created_at`, `updated_at`, `deleted_at`) VALUES
(15, 'OKINAWA FUCOIDAN - HỖ TRỢ ĐIỀU TRỊ UNG THƯ', NULL, '<p style=\"margin-left:0px; margin-right:0px; text-align:justify\"><span style=\"font-size:14px\"><span style=\"color:#333333\"><span style=\"font-family:arial\"><span style=\"background-color:#ffffff\"><span style=\"font-size:14px\"><span style=\"font-family:arial,helvetica,sans-serif\"><span style=\"font-size:14px\"><span style=\"color:#ff0000\"><span style=\"font-size:16px\"><strong>C&Ocirc;NG DỤNG:</strong></span></span></span></span></span></span></span></span></span></p>\r\n\r\n<p style=\"margin-left:0px; margin-right:0px; text-align:justify\"><span style=\"font-size:14px\"><span style=\"color:#333333\"><span style=\"font-family:arial\"><span style=\"background-color:#ffffff\"><span style=\"font-size:14px\"><span style=\"font-family:arial,helvetica,sans-serif\"><span style=\"font-size:14px\">- Hỗ trợ ph&ograve;ng ngừa v&agrave; hỗ trợ điều trị ung thư. &Aacute;p dụng cho mọi loại ung thư v&agrave; bất k&igrave; giai đoạn n&agrave;o của bệnh.</span></span></span></span></span></span></span></p>\r\n\r\n<div style=\"-webkit-text-stroke-width:0px; margin-bottom:0px; margin-left:0px; margin-right:0px; margin-top:0px; padding:0px; text-align:start\">\r\n<p style=\"margin-left:0px; margin-right:0px; text-align:justify\"><span style=\"font-size:14px\"><span style=\"color:#333333\"><span style=\"font-family:arial\"><span style=\"background-color:#ffffff\"><span style=\"font-size:14px\"><span style=\"font-size:14px\"><span style=\"font-family:arial,helvetica,sans-serif\"><span style=\"font-size:14px\">- N&acirc;ng cao sức đề kh&aacute;ng, miễn dịch cho cơ thể.</span></span></span></span></span></span></span></span></p>\r\n\r\n<p style=\"margin-left:0px; margin-right:0px; text-align:justify\"><span style=\"font-size:14px\"><span style=\"color:#333333\"><span style=\"font-family:arial\"><span style=\"background-color:#ffffff\"><span style=\"font-size:14px\"><span style=\"font-size:14px\"><span style=\"font-family:arial,helvetica,sans-serif\"><span style=\"font-size:14px\">- Hỗ trợ ph&ograve;ng ngừa v&agrave; hỗ trợ điều trị bệnh l&iacute; tim mạch như chứng xơ vữa động mạch, tăng mỡ m&aacute;u, gi&uacute;p điều h&ograve;a huyết &aacute;p.</span></span></span></span></span></span></span></span></p>\r\n\r\n<p style=\"margin-left:0px; margin-right:0px; text-align:justify\"><span style=\"font-size:14px\"><span style=\"color:#333333\"><span style=\"font-family:arial\"><span style=\"background-color:#ffffff\"><span style=\"font-size:14px\"><span style=\"font-size:14px\"><span style=\"font-family:arial,helvetica,sans-serif\"><span style=\"font-size:14px\">- Bảo vệ ni&ecirc;m mạc dạ d&agrave;y, gi&uacute;p&nbsp;l&agrave;m l&agrave;nh chỗ vi&ecirc;m, loại trừ vi khuẩn HP (Một trong những t&aacute;c nh&acirc;n g&acirc;y vi&ecirc;m lo&eacute;t dạ d&agrave;y, t&aacute; tr&agrave;ng v&agrave;&nbsp;ung thư dạ d&agrave;y).</span></span></span></span></span></span></span></span></p>\r\n\r\n<p style=\"margin-left:0px; margin-right:0px; text-align:justify\"><span style=\"font-size:14px\"><span style=\"color:#333333\"><span style=\"font-family:arial\"><span style=\"background-color:#ffffff\"><span style=\"font-size:14px\"><span style=\"font-size:14px\"><span style=\"font-family:arial,helvetica,sans-serif\"><span style=\"font-size:14px\">- Ức chế cơ chế g&acirc;y b&eacute;o ph&igrave;.</span></span></span></span></span></span></span></span></p>\r\n\r\n<p style=\"margin-left:0px; margin-right:0px; text-align:justify\"><span style=\"font-size:14px\"><span style=\"color:#333333\"><span style=\"font-family:arial\"><span style=\"background-color:#ffffff\"><span style=\"font-size:14px\"><span style=\"font-size:14px\"><span style=\"font-family:arial,helvetica,sans-serif\"><span style=\"font-size:14px\">- Điều h&ograve;a cơ thể, ph&ograve;ng ngừa bệnh tật, k&eacute;o d&agrave;i tuổi thọ.</span></span></span></span></span></span></span></span></p>\r\n\r\n<p style=\"margin-left:0px; margin-right:0px; text-align:justify\"><span style=\"font-size:14px\"><span style=\"color:#333333\"><span style=\"font-family:arial\"><span style=\"background-color:#ffffff\"><span style=\"font-size:14px\"><span style=\"font-size:14px\"><span style=\"font-family:arial,helvetica,sans-serif\"><span style=\"font-size:14px\">Fucoidan Okinawa l&agrave; sản phẩm với th&agrave;nh phần ch&iacute;nh Fucoidan được chiết xuất từ loại tảo n&acirc;u Mozuku ở Nhật Bản, c&oacute; t&aacute;c dụng vượt trội trong việc ph&ograve;ng ngừa v&agrave; hỗ trợ điều trị ung thư. Sử dụng quy tr&igrave;nh sản xuất Kanehide Bio đ&atilde; được cấp bằng s&aacute;ng chế của Viện Quốc Gia Khoa Học C&ocirc;ng Nghiệp v&agrave; C&ocirc;ng Nghệ (AIST) của Tokyo, Nhật Bản, sau qu&aacute; tr&igrave;nh chiết xuất Fucoidan tiếp tục được chiết t&aacute;ch theo trọng lượng ph&acirc;n tử th&ocirc;ng qua qu&aacute; tr&igrave;nh si&ecirc;u lọc để đạt độ tinh khiết cao, gi&uacute;p ph&aacute;t huy t&aacute;c dụng của Fucoidan, đạt hiệu quả cao nhất.</span></span></span></span></span></span></span></span></p>\r\n\r\n<p style=\"margin-left:0px; margin-right:0px; text-align:justify\"><span style=\"font-size:14px\"><span style=\"color:#333333\"><span style=\"font-family:arial\"><span style=\"background-color:#ffffff\"><span style=\"font-size:14px\"><span style=\"font-size:14px\"><span style=\"font-family:arial,helvetica,sans-serif\"><span style=\"font-size:14px\">Fucoidan l&agrave; một nguồn gốc chất nhờn được t&igrave;m thấy trong c&aacute;c loại tảo n&acirc;u như Kombu, Wakame (Mekabu), Mozuku v&agrave; loại chất xơ h&ograve;a tan trong nước. Về nghi&ecirc;n cứu khoa học, Fucoidan l&agrave; một chuỗi ph&acirc;n tử cao polysaccharide c&oacute; th&agrave;nh phần ch&iacute;nh l&agrave; sulfate fucose. Theo y học hiện đại th&igrave; lo&agrave;i thực vật n&agrave;o c&oacute; h&agrave;m lượng sunfat cao th&igrave; đều c&oacute; t&aacute;c dụng chữa bệnh cao. V&agrave; cũng ch&iacute;nh v&igrave; l&yacute; do n&agrave;y con người đ&atilde; bắt đầu t&igrave;m c&aacute;ch để khai th&aacute;c lợi &iacute;ch từ c&aacute;c loại rong biển chứa Fucoidan.</span></span></span></span></span></span></span></span></p>\r\n\r\n<p style=\"margin-left:0px; margin-right:0px; text-align:justify\"><span style=\"font-size:14px\"><span style=\"color:#333333\"><span style=\"font-family:arial\"><span style=\"background-color:#ffffff\"><span style=\"font-size:14px\"><span style=\"font-size:14px\"><span style=\"font-family:arial,helvetica,sans-serif\"><span style=\"font-size:14px\">C&aacute;c dẫn chứng khoa học cho thấy Fucoidan đem lại nhiều hiệu quả trong hỗ trợ điều trị ung thư như: k&iacute;ch th&iacute;ch c&aacute;c tế b&agrave;o ung thư &ldquo;tự chết&rdquo;, ức chế qu&aacute; tr&igrave;nh x&acirc;m lấn, di căn v&agrave; tăng cường hệ miễn dịch cơ thể.</span></span></span></span></span></span></span></span></p>\r\n\r\n<p style=\"margin-left:0px; margin-right:0px; text-align:justify\"><span style=\"font-size:14px\"><span style=\"color:#333333\"><span style=\"font-family:arial\"><span style=\"background-color:#ffffff\"><span style=\"font-size:14px\"><span style=\"font-size:14px\"><span style=\"font-family:arial,helvetica,sans-serif\"><span style=\"color:#ff0000\"><span style=\"font-size:16px\"><strong>CƠ CHẾ T&Aacute;C ĐỘNG CỦA FUCOIDAN L&Ecirc;N TẾ B&Agrave;O UNG THƯ</strong></span></span></span></span></span></span></span></span></span></p>\r\n\r\n<p style=\"margin-left:0px; margin-right:0px; text-align:center\"><span style=\"font-size:14px\"><span style=\"color:#333333\"><span style=\"font-family:arial\"><span style=\"background-color:#ffffff\"><span style=\"font-size:14px\"><span style=\"font-size:14px\"><span style=\"font-family:arial,helvetica,sans-serif\"><img alt=\"okinawa fucoidan\" src=\"https://nhathuoc365.vn/upload_images/images/okinawa-fuocidan.jpg\" style=\"border:0px; box-sizing:border-box; color:transparent; font-size:0px; height:434px; margin:0px; padding:0px; vertical-align:middle; width:600px\" /></span></span></span></span></span></span></span></p>\r\n\r\n<p style=\"margin-left:0px; margin-right:0px; text-align:center\"><span style=\"font-size:14px\"><span style=\"color:#333333\"><span style=\"font-family:arial\"><span style=\"background-color:#ffffff\"><span style=\"font-size:14px\"><span style=\"font-size:14px\"><span style=\"font-family:arial,helvetica,sans-serif\"><em><span style=\"font-size:14px\">Với 3 cơ chế chống lại tế b&agrave;o ung thư, Fucoidan c&oacute; t&aacute;c dụng trong ph&ograve;ng ngừa v&agrave; hỗ trợ điều trị ung thư ở mọi giai đoạn.</span></em></span></span></span></span></span></span></span></p>\r\n\r\n<p style=\"margin-left:0px; margin-right:0px; text-align:justify\"><span style=\"font-size:14px\"><span style=\"color:#333333\"><span style=\"font-family:arial\"><span style=\"background-color:#ffffff\"><span style=\"font-size:14px\"><span style=\"font-size:14px\"><span style=\"font-family:arial,helvetica,sans-serif\"><span style=\"font-size:14px\">Với cơ chế chống lại tế b&agrave;o ung thư, Fucoidan c&oacute; t&aacute;c dụng trong ph&ograve;ng ngừa v&agrave; hỗ trợ điều trị ung thư ở mọi giai đoạn. Cụ thể:</span></span></span></span></span></span></span></span></p>\r\n\r\n<p style=\"margin-left:0px; margin-right:0px; text-align:justify\"><span style=\"font-size:14px\"><span style=\"color:#333333\"><span style=\"font-family:arial\"><span style=\"background-color:#ffffff\"><span style=\"font-size:14px\"><span style=\"font-size:14px\"><span style=\"font-family:arial,helvetica,sans-serif\"><span style=\"font-size:14px\">-<strong>&nbsp;Giai đoạn ph&ograve;ng ngừa</strong>: Fucoidan gi&uacute;p cơ thể tăng cường hệ miễn dịch l&ecirc;n nhanh ch&oacute;ng, tương đương với việc uống Đ&ocirc;ng Tr&ugrave;ng Hạ Thảo hay Nh&acirc;n s&acirc;m. Khi hệ miễn dịch khỏe mạnh, khả năng ph&aacute;t hiện v&agrave; ti&ecirc;u diệt c&aacute;c tế b&agrave;o lạ sẽ được n&acirc;ng l&ecirc;n đ&aacute;ng kể</span></span></span></span></span></span></span></span></p>\r\n\r\n<p style=\"margin-left:0px; margin-right:0px; text-align:justify\"><span style=\"font-size:14px\"><span style=\"color:#333333\"><span style=\"font-family:arial\"><span style=\"background-color:#ffffff\"><span style=\"font-size:14px\"><span style=\"font-size:14px\"><span style=\"font-family:arial,helvetica,sans-serif\"><span style=\"font-size:14px\">-&nbsp;<strong>Giai đoạn ung thư can thiệp bằng phẫu thuật</strong>: Đ&acirc;y l&agrave; giai đoạn ung thư ph&aacute;t hiện sớm, chỉ cần chữa trị bằng phẫu thuật kết hợp ki&ecirc;n tr&igrave; sử dụng Okinawa Fucoidan th&igrave; phần lớn người bệnh đều phục hồi ho&agrave;n to&agrave;n.</span></span></span></span></span></span></span></span></p>\r\n\r\n<p style=\"margin-left:0px; margin-right:0px; text-align:justify\"><span style=\"font-size:14px\"><span style=\"color:#333333\"><span style=\"font-family:arial\"><span style=\"background-color:#ffffff\"><span style=\"font-size:14px\"><span style=\"font-size:14px\"><span style=\"font-family:arial,helvetica,sans-serif\"><span style=\"font-size:14px\">-&nbsp;<strong>Đối với những người ung thư ở giai đoạn nặng cần Xạ trị hoặc h&oacute;a trị</strong>: Việc sử dụng Fucoidan gần như l&agrave; bắt buộc. Bởi:</span></span></span></span></span></span></span></span></p>\r\n\r\n<p style=\"margin-left:0px; margin-right:0px; text-align:justify\"><span style=\"font-size:14px\"><span style=\"color:#333333\"><span style=\"font-family:arial\"><span style=\"background-color:#ffffff\"><span style=\"font-size:14px\"><span style=\"font-size:14px\"><span style=\"font-family:arial,helvetica,sans-serif\"><span style=\"font-size:14px\">Fucoidan c&oacute; t&aacute;c dụng k&iacute;ch hoạt qu&aacute; tr&igrave;nh tự chết của tế b&agrave;o ung thư, đồng thời bao v&acirc;y lại tế b&agrave;o ung thư khiến ch&uacute;ng kh&ocirc;ng thể di căn qua khu vực kh&aacute;c. Điều n&agrave;y tạo điều kiện thuận lợi cho việc can thiệp&nbsp;của c&aacute;c phương ph&aacute;p kh&aacute;c.&nbsp;</span></span></span></span></span></span></span></span></p>\r\n\r\n<p style=\"margin-left:0px; margin-right:0px; text-align:justify\"><span style=\"font-size:14px\"><span style=\"color:#333333\"><span style=\"font-family:arial\"><span style=\"background-color:#ffffff\"><span style=\"font-size:14px\"><span style=\"font-size:14px\"><span style=\"font-family:arial,helvetica,sans-serif\"><span style=\"font-size:14px\">Khi can thiệp&nbsp;bằng phương ph&aacute;p h&oacute;a, xạ trị cơ thể người bệnh bị suy kiệt nhanh ch&oacute;ng. Sử dụng Okinawa Fucoidan sẽ gi&uacute;p người bệnh nhanh ch&oacute;ng phục hồi sau mỗi lần điều trị.</span></span></span></span></span></span></span></span></p>\r\n\r\n<p style=\"margin-left:0px; margin-right:0px; text-align:justify\"><span style=\"font-size:14px\"><span style=\"color:#333333\"><span style=\"font-family:arial\"><span style=\"background-color:#ffffff\"><span style=\"font-size:14px\"><span style=\"font-size:14px\"><span style=\"font-family:arial,helvetica,sans-serif\"><span style=\"font-size:14px\">Điều n&agrave;y c&oacute; &yacute; nghĩa đặc biệt quan trọng bởi v&igrave; c&oacute; tới 70% người ung thư tử vong do cơ thể bị suy kiệt khi d&ugrave;ng h&oacute;a trị, xạ trị. Nhiều nghi&ecirc;n cứu đ&atilde; chỉ ra rằng Fucoidan c&oacute; thể ngăn chặn sự ph&aacute;t triển của c&aacute;c tế b&agrave;o ung thư v&agrave; bảo vệ tế b&agrave;o thần kinh.</span></span></span></span></span></span></span></span></p>\r\n\r\n<p style=\"margin-left:0px; margin-right:0px; text-align:justify\"><span style=\"font-size:14px\"><span style=\"color:#333333\"><span style=\"font-family:arial\"><span style=\"background-color:#ffffff\"><span style=\"font-size:14px\"><span style=\"font-size:16px\"><span style=\"font-size:16px\"><span style=\"font-family:arial,helvetica,sans-serif\"><strong>OKINAWA FUCOIDAN T&Aacute;C ĐỘNG L&Ecirc;N C&Aacute;C TẾ B&Agrave;O UNG THƯ NHƯ THẾ N&Agrave;O?</strong></span></span></span></span></span></span></span></span></p>\r\n\r\n<p style=\"margin-left:0px; margin-right:0px; text-align:justify\"><span style=\"font-size:14px\"><span style=\"color:#333333\"><span style=\"font-family:arial\"><span style=\"background-color:#ffffff\"><span style=\"font-size:14px\"><span style=\"font-size:14px\"><span style=\"font-size:14px\"><span style=\"font-family:arial,helvetica,sans-serif\"><strong>1. T&aacute;c dụng ti&ecirc;u diệt tế b&agrave;o ung thư:</strong></span></span></span></span></span></span></span></span></p>\r\n\r\n<p style=\"margin-left:0px; margin-right:0px; text-align:justify\"><span style=\"font-size:14px\"><span style=\"color:#333333\"><span style=\"font-family:arial\"><span style=\"background-color:#ffffff\"><span style=\"font-size:14px\"><span style=\"font-size:14px\"><span style=\"font-family:arial,helvetica,sans-serif\"><span style=\"font-size:14px\">Fucoidan k&iacute;ch th&iacute;ch tế b&agrave;o ung thư tự ti&ecirc;u diệt theo chu tr&igrave;nh chết tự nhi&ecirc;n của tế b&agrave;o (Apoptosis). Fucoidan c&oacute; t&aacute;c dụng &nbsp;hoạt h&oacute;a gen ức chế khối u P53, l&agrave;m cho c&aacute;c tế b&agrave;o ung thư sẽ tự ti&ecirc;u diệt theo chu tr&igrave;nh Apoptosis. C&aacute;c tế b&agrave;o ung thư sẽ bị c&ocirc; lập, co lại v&agrave; ph&acirc;n hủy m&agrave; kh&ocirc;ng l&agrave;m ảnh hưởng đến c&aacute;c tế b&agrave;o b&igrave;nh thường xung quanh. Điều n&agrave;y gi&uacute;p hạn chế t&aacute;c dụng phụ so với biện ph&aacute;p h&oacute;a trị liệu hiện nay.</span></span></span></span></span></span></span></span></p>\r\n\r\n<p style=\"margin-left:0px; margin-right:0px; text-align:justify\"><span style=\"font-size:14px\"><span style=\"color:#333333\"><span style=\"font-family:arial\"><span style=\"background-color:#ffffff\"><span style=\"font-size:14px\"><span style=\"font-size:14px\"><span style=\"font-family:arial,helvetica,sans-serif\"><strong><span style=\"font-size:14px\">2. T&aacute;c dụng chống ung thư di căn t&aacute;i ph&aacute;t:</span></strong></span></span></span></span></span></span></span></p>\r\n\r\n<p style=\"margin-left:0px; margin-right:0px; text-align:justify\"><span style=\"font-size:14px\"><span style=\"color:#333333\"><span style=\"font-family:arial\"><span style=\"background-color:#ffffff\"><span style=\"font-size:14px\"><span style=\"font-size:14px\"><span style=\"font-family:arial,helvetica,sans-serif\"><span style=\"font-size:14px\">Fucoidan c&oacute; t&aacute;c dụng ngăn chặn sự h&igrave;nh th&agrave;nh mạch m&aacute;u mới của c&aacute;c tế b&agrave;o ung thư. C&aacute;c tế b&agrave;o ung thư c&oacute; khả năng x&acirc;m lấn c&aacute;c tế b&agrave;o l&acirc;n cận, bằng c&aacute;ch tiết ra một loại enzym metalloproteinase, ch&uacute;ng l&agrave;m hủy hoại c&aacute;c tế b&agrave;o l&acirc;n cận v&agrave; h&igrave;nh th&agrave;nh n&ecirc;n mạch m&aacute;ch mới ri&ecirc;ng lẻ để nu&ocirc;i khối u. Fucoidan ngăn chặn qu&aacute; tr&igrave;nh h&igrave;nh th&agrave;nh mạch m&aacute;u mới n&agrave;y, đồng nghĩa với việc l&agrave;m mất nguồn dinh dưỡng nu&ocirc;i khối u, c&aacute;c tế b&agrave;o ung thư sẽ bị ti&ecirc;u diệt do kh&ocirc;ng được cung cấp năng lượng, do đ&oacute; cũng kh&ocirc;ng thể di căn tới c&aacute;c vị tr&iacute; kh&aacute;c. Một giả thiết nữa được t&igrave;m ra l&agrave; Fucoidan ức chế qu&aacute; tr&igrave;nh gắn kết c&aacute;c tế b&agrave;o khối u với tiểu cầu, qu&aacute; tr&igrave;nh n&agrave;y khởi đầu cho hiện tượng di căn của khối u. Những cơ chế n&agrave;y cho thấy Fucoidan c&oacute; t&aacute;c dụng chống hiện tượng di căn của ung thư.</span></span></span></span></span></span></span></span></p>\r\n\r\n<p style=\"margin-left:0px; margin-right:0px; text-align:justify\"><span style=\"font-size:14px\"><span style=\"color:#333333\"><span style=\"font-family:arial\"><span style=\"background-color:#ffffff\"><span style=\"font-size:14px\"><span style=\"font-size:14px\"><span style=\"font-family:arial,helvetica,sans-serif\"><span style=\"font-size:14px\"><strong>3. T&aacute;c dụng tăng cường hoạt động của hệ miễn dịch:</strong></span></span></span></span></span></span></span></span></p>\r\n\r\n<p style=\"margin-left:0px; margin-right:0px; text-align:justify\"><span style=\"font-size:14px\"><span style=\"color:#333333\"><span style=\"font-family:arial\"><span style=\"background-color:#ffffff\"><span style=\"font-size:14px\"><span style=\"font-size:14px\"><span style=\"font-family:arial,helvetica,sans-serif\"><span style=\"font-size:14px\">Ch&uacute;ng ta muốn khỏe mạnh trước ti&ecirc;n phải c&oacute; hệ miễn dịch khỏe mạnh. Người bệnh c&agrave;ng cần c&oacute; sức khỏe để chống chọi với bệnh tật. C&aacute;c tế b&agrave;o ung thư x&acirc;m lấn v&agrave; hủy hoại c&aacute;c tế b&agrave;o bạch cầu khiến hệ miễn dịch ch&uacute;ng ta suy yếu, cơ thể mất đề kh&aacute;ng, dễ nhiễm virus, kh&ocirc;ng c&oacute; khả năng kh&aacute;ng lại ung thư. Do được chiết xuất từ tảo trong đại dương, Fucoidan c&oacute; chứa rất nhiều kho&aacute;ng chất, protein, cacbonhydrate&hellip;gi&uacute;p cho cơ thể ch&uacute;ng ta được tăng cường hệ miễn dịch, n&acirc;ng cao sức đề kh&aacute;ng, phục hồi chức năng bạch cầu, hỗ trợ qu&aacute; tr&igrave;nh đại thực b&agrave;o, gi&uacute;p ngăn ngừa v&agrave; đẩy l&ugrave;i bệnh ung thư hiệu quả.</span></span></span></span></span></span></span></span></p>\r\n\r\n<p style=\"margin-left:0px; margin-right:0px; text-align:justify\"><span style=\"font-size:14px\"><span style=\"color:#333333\"><span style=\"font-family:arial\"><span style=\"background-color:#ffffff\"><span style=\"font-size:14px\"><span style=\"font-size:14px\"><span style=\"font-family:arial,helvetica,sans-serif\"><span style=\"font-size:14px\"><strong>4. T&aacute;c dụng của fucoidan trong việc giảm cholesterol:</strong></span></span></span></span></span></span></span></span></p>\r\n\r\n<p style=\"margin-left:0px; margin-right:0px; text-align:justify\"><span style=\"font-size:14px\"><span style=\"color:#333333\"><span style=\"font-family:arial\"><span style=\"background-color:#ffffff\"><span style=\"font-size:14px\"><span style=\"font-size:14px\"><span style=\"font-family:arial,helvetica,sans-serif\"><span style=\"font-size:14px\">Với bản chất l&agrave; một chất xơ, Fucoidan hấp thu lượng cholesterol c&oacute; trong thức ăn v&agrave; giải ph&oacute;ng ch&uacute;ng ra ngo&agrave;i cơ thể, từ đ&oacute; ngăn chặn sự gia tăng h&agrave;m lượng cholesterol trong cơ thể. C&aacute;c nghi&ecirc;n cứu v&agrave; thử nghiệm l&acirc;m s&agrave;ng cho thấy Fucoidan c&oacute; t&aacute;c dụng l&agrave;m giảm mỡ m&aacute;u, giảm mức LDL-Cholesterol, tăng mức HDL-Cholesterol.&nbsp;</span></span></span></span></span></span></span></span></p>\r\n\r\n<p style=\"margin-left:0px; margin-right:0px; text-align:justify\"><span style=\"font-size:14px\"><span style=\"color:#333333\"><span style=\"font-family:arial\"><span style=\"background-color:#ffffff\"><span style=\"font-size:14px\"><span style=\"font-size:14px\"><span style=\"font-family:arial,helvetica,sans-serif\"><span style=\"color:#ff0000\"><span style=\"font-size:16px\"><strong>TẠI SAO NGƯỜI BỆNH LẠI COI OKINAWA FUCOIDAN L&Agrave; GIẢI PH&Aacute;P TỐI ƯU NHẤT?</strong></span></span></span></span></span></span></span></span></span></p>\r\n\r\n<p style=\"margin-left:0px; margin-right:0px; text-align:justify\"><span style=\"font-size:14px\"><span style=\"color:#333333\"><span style=\"font-family:arial\"><span style=\"background-color:#ffffff\"><span style=\"font-size:14px\"><span style=\"font-size:14px\"><span style=\"font-family:arial,helvetica,sans-serif\"><span style=\"font-size:14px\">-&nbsp;<strong>H&agrave;m lượng Fucoidan cao</strong>: Fucoidan Okinawa c&oacute; h&agrave;m lượng tinh chất Fucoidan l&agrave; 295 mg/vi&ecirc;n- cao hơn rất nhiều so với c&aacute;c sản phẩm Fucoidan tr&ecirc;n thị trường. N&oacute; cũng được coi l&agrave; tỉ lệ v&agrave;ng 100% nguy&ecirc;n chất, kh&ocirc;ng pha trộn với bất kỳ nguy&ecirc;n liệu n&agrave;o kh&aacute;c. Đ&acirc;y l&agrave; h&agrave;m lượng tối ưu d&ugrave;ng để ph&ograve;ng v&agrave; hỗ trợ điều trị ung thư.</span></span></span></span></span></span></span></span></p>\r\n\r\n<p style=\"margin-left:0px; margin-right:0px; text-align:justify\"><span style=\"font-size:14px\"><span style=\"color:#333333\"><span style=\"font-family:arial\"><span style=\"background-color:#ffffff\"><span style=\"font-size:14px\"><span style=\"font-size:14px\"><span style=\"font-family:arial,helvetica,sans-serif\"><span style=\"font-size:14px\">&nbsp;-&nbsp;<strong>Sử dụng c&ocirc;ng nghệ sản xuất th&ocirc;ng minh v&agrave; hiện đại bậc nhất thế giới:</strong>&nbsp;Fucoidan Okinawa được sử dụng quy tr&igrave;nh sản xuất Kanehide Bio, đ&atilde; được cấp bằng s&aacute;ng chế của Viện Quốc Gia Khoa Học C&ocirc;ng Nghiệp v&agrave; C&ocirc;ng Nghệ (AIST) của Tokyo, Nhật Bản, sau qu&aacute; tr&igrave;nh chiết xuất Fucoidan tiếp tục được chiết t&aacute;ch theo trọng lượng ph&acirc;n tử th&ocirc;ng qua qu&aacute; tr&igrave;nh si&ecirc;u lọc để đạt độ tinh khiết cao, gi&uacute;p ph&aacute;t huy t&aacute;c dụng của Fucoidan, đạt hiệu quả cao nhất.&nbsp;</span></span></span></span></span></span></span></span></p>\r\n\r\n<p style=\"margin-left:0px; margin-right:0px; text-align:justify\"><span style=\"font-size:14px\"><span style=\"color:#333333\"><span style=\"font-family:arial\"><span style=\"background-color:#ffffff\"><span style=\"font-size:14px\"><span style=\"font-size:14px\"><span style=\"font-family:arial,helvetica,sans-serif\"><span style=\"font-size:14px\"><strong>- Nguồn nguy&ecirc;n liệu sạch tuyệt đối:</strong>&nbsp;V&ugrave;ng biển Okinawa c&aacute;ch xa lục địa v&agrave; được biết đến l&agrave; v&ugrave;ng biển sạch chưa từng bị &ocirc; nhiễm hay bị t&aacute;c động bởi m&ocirc;i trường sinh sống của con người. Tảo n&acirc;u Mozuku được nu&ocirc;i dưỡng v&agrave; ph&aacute;t triển mạnh mẽ dưới l&agrave;n s&oacute;ng m&aacute;t sạch v&agrave; gi&agrave;u &aacute;nh nắng mặt trời. Quy tr&igrave;nh thu hoạch tảo n&acirc;u tại v&ugrave;ng biển n&agrave;y cũng được thực hiện v&agrave; bảo vệ khắt khe cho sự lưu giữ của chất v&agrave;ng Fucoidan trong tảo n&acirc;u - thứ &ldquo;r&aacute;c của l&ograve;ng đại dương&rdquo;.Ch&iacute;nh v&igrave; thế Fucoidan được chiết xuất từ tảo n&acirc;u Mozuku đạt đến độ sạch, tinh khiết&nbsp;</span></span></span></span></span></span></span></span></p>\r\n</div>', 'default', NULL, 'okinawa-fucoidan-ho-tro-dieu-tri-ung-thu-15', NULL, NULL, '/library/images/sanpham/medium_combo-okinawa-fucoidan-ho-tro-dieu-tri-ung-thu.png', NULL, 'product', 0, 'Sản phẩm mới,Sản phẩm tiêu biểu,Hỗ trợ ung thư,Điều trị tiểu đường,Sản phẩm hỗ trợ,Tinh Dầu Organics,Dầu Nền', NULL, NULL, NULL, NULL, '2018-10-03 04:30:08', NULL),
(16, 'AGARICUS MYCELIA TABLET - VIÊN THỂ NẤM AGARICUS', NULL, '<p>R&ecirc; chuột l&ecirc;n h&igrave;nh để ph&oacute;ng to</p>\r\n\r\n<h1>AGARICUS MYCELIA TABLET - VI&Ecirc;N THỂ NẤM AGARICUS</h1>\r\n\r\n<p>Thương hiệu:&nbsp;<a href=\"https://nhathuoc365.vn/thuong-hieu-kanehide-bio-coltd-th18\">Kanehide Bio Co.LTD</a></p>\r\n\r\n<p>M&atilde; sản phẩm:&nbsp;AGMO</p>\r\n\r\n<ul>\r\n	<li>Loại sản phẩm:&nbsp;Nấm</li>\r\n	<li>Dạng b&agrave;o chế:&nbsp;Vi&ecirc;n n&eacute;n</li>\r\n	<li>Quy c&aacute;ch sản phẩm:&nbsp;Hộp 1 lọ x 300 vi&ecirc;n</li>\r\n	<li>H&agrave;m lượng:&nbsp;Nhiều th&agrave;nh phần</li>\r\n</ul>\r\n\r\n<p>2.490.000 đ</p>\r\n\r\n<form action=\"https://nhathuoc365.vn/index.php?module=product&amp;view=cart&amp;task=addCartMB&amp;id=45\" id=\"formQuantity\" method=\"post\">Số lượng:\r\n<p><input name=\"quantity\" type=\"text\" value=\"1\" /></p>\r\n</form>\r\n\r\n<p><a href=\"javascript:void(0)\">ĐẶT H&Agrave;NG</a><a href=\"javascript:void(0)\" id=\"add-cart-detail\" title=\"Cho vào giỏ hàng\">TH&Ecirc;M V&Agrave;O GIỎ H&Agrave;NG</a>&nbsp;&nbsp;</p>\r\n\r\n<p>Ngại đặt h&agrave;ng?</p>\r\n\r\n<p>Gọi ngay Hotline: 1800 8155<br />\r\n(Tư vấn miễn ph&iacute; - Thời gian: 8h00 - 20h30)</p>\r\n\r\n<p>Ngại gọi điện? Vui l&ograve;ng nhập số điện thoại</p>\r\n\r\n<form action=\"https://nhathuoc365.vn/agaricus-mycelia-tablet-vien-the-nam-agaricus-pd45#\" id=\"frm_call_me45\" method=\"post\">\r\n<p><input name=\"txt_phone\" type=\"text\" /><a href=\"javascript:void(0)\">Gọi lại cho t&ocirc;i ngay</a></p>\r\n</form>\r\n\r\n<p>Gợi &yacute; t&igrave;m kiếm:</p>\r\n\r\n<p><a href=\"https://nhathuoc365.vn/tim-kiem-san-pham/?keyword=UNG-TH%C6%AF\" title=\"\">UNG THƯ,</a>&nbsp;<a href=\"https://nhathuoc365.vn/tim-kiem-san-pham/?keyword=-TH%E1%BA%BA-N%E1%BA%A4M\" title=\"\">THẺ NẤM,</a>&nbsp;<a href=\"https://nhathuoc365.vn/tim-kiem-san-pham/?keyword=-PH%C3%92NG-NG%E1%BB%AAA-UNG-TH%C6%AF\" title=\"\">PH&Ograve;NG NGỪA UNG THƯ,</a></p>\r\n\r\n<p><strong>C&Ocirc;NG DỤNG:</strong></p>\r\n\r\n<p>&nbsp;</p>\r\n\r\n<p>- Tăng cường hệ miễn dịch cho cơ thể , loại bỏ độc tố v&agrave; c&aacute;c gốc tự do , gi&uacute;p thanh lọc cơ thể.</p>\r\n\r\n<p>&nbsp;</p>\r\n\r\n<p>- Ph&ograve;ng ngừa v&agrave; hỗ trợ điều trị ung thư.</p>\r\n\r\n<p>&nbsp;</p>\r\n\r\n<p>- Hỗ trợ dinh dưỡng ho&agrave;n hảo cho người bệnh ung thư , người ăn ki&ecirc;ng .</p>\r\n\r\n<p>&nbsp;</p>\r\n\r\n<p>- Hỗ trợ điều trị bệnh tiểu đường , vi&ecirc;m da, vi&ecirc;m lo&eacute;t dạ d&agrave;y t&aacute; tr&agrave;ng.</p>\r\n\r\n<p>&nbsp;</p>\r\n\r\n<p><strong>Vi&ecirc;n thể nấm Agaricus</strong>&nbsp;gi&uacute;p tăng cường hệ miễn dịch, thanh lọc cơ thể, gi&uacute;p kh&aacute;ng vi&ecirc;m, kh&aacute;ng khuẩn, c&oacute; t&aacute;c dụng chống oxy h&oacute;a v&agrave; chống virus hiệu quả, ngăn ngừa v&agrave; hỗ trợ điều trị ung thư.</p>\r\n\r\n<p>&nbsp;</p>\r\n\r\n<p><strong>VI&Ecirc;N THỂ NẤM AGRICUS ĐƯỢC NU&Ocirc;I TRỒNG, B&Agrave;O CHẾ NHƯ THẾ N&Agrave;O?</strong></p>\r\n\r\n<p>&nbsp;</p>\r\n\r\n<p>Tại viện sinh học Kanehide,&nbsp;<strong>vi&ecirc;n thể nấm Agaricus</strong>&nbsp;được trồng trong nh&agrave; k&iacute;nh th&acirc;n thiện với m&ocirc;i trường tự nhi&ecirc;n, mỗi c&acirc;y nấm được chăm s&oacute;c rất cẩn thận từ kh&acirc;u lựa chọn giống, &aacute;p dụng m&ocirc; h&igrave;nh trồng tr&ecirc;n b&atilde; của c&acirc;y m&iacute;a đường, đạt tỉ lệ tối ưu về ph&acirc;n v&agrave; nước n&ecirc;n đạt hiệu quả cao về độ dinh dưỡng cũng như c&aacute;c hoạt chất b&ecirc;n trong. Bằng việc ứng dụng c&ocirc;ng nghệ b&agrave;o chế hiện đại, c&aacute;c chuy&ecirc;n gia Kanehide Bio đ&atilde; tr&iacute;ch xuất to&agrave;n bộ tinh chất nấm Agaricus để b&agrave;o chế dưới dạng vi&ecirc;n nang, tạo n&ecirc;n một sản phẩm rất tốt cho sức khoẻ cho những người c&oacute; chế độ ăn uống ki&ecirc;ng khem, suy giảm miễn dịch , c&aacute;c bệnh về ung thư v&agrave; lối sống</p>\r\n\r\n<p>&nbsp;</p>\r\n\r\n<p><strong>TẠI SAO BỆNH NH&Acirc;N UNG THƯ N&Ecirc;N D&Ugrave;NG VI&Ecirc;N THỂ NẤM AGARICUS</strong></p>\r\n\r\n<p>&nbsp;</p>\r\n\r\n<p>T&igrave;nh trạng ung thư trở n&ecirc;n nghi&ecirc;m trọng khi thể lực bệnh nh&acirc;n suy kiệt. T&igrave;nh trạng suy kiệt c&oacute; thể l&agrave; phản ứng phụ của qu&aacute; tr&igrave;nh điều trị: h&oacute;a trị, xạ trị, phẫu thuật hoặc do t&acirc;m l&yacute; ch&aacute;n nản, lo lắng của người bệnh nhưng phần nhiều l&agrave; do ch&iacute;nh khối u g&acirc;y ra. C&aacute;c khối u ph&aacute;t triển, di căn, lấy c&aacute;c chất dinh dưỡng của cơ thể, bỏ đ&oacute;i c&aacute;c tế b&agrave;o bạch cầu, l&agrave;m suy yếu cần sức đề kh&aacute;ng dẫn đến t&igrave;nh trạng tử vong của bệnh nh&acirc;n ung thư ng&agrave;y c&agrave;ng nhanh.</p>\r\n\r\n<p>&nbsp;</p>\r\n\r\n<p><img alt=\"\" src=\"https://nhathuoc365.vn/upload_images/images/1-vien-the-nam.jpg\" /></p>\r\n\r\n<p>&nbsp;</p>\r\n\r\n<p>Bằng cơ chế c&ocirc; lập tế b&agrave;o ung thư, bỏ đ&oacute;i v&agrave; cắt đứt c&aacute;c tua lan rộng của tế b&agrave;o ung thư, vi&ecirc;n thể nấm Agaricus c&oacute; t&aacute;c dụng đặc hiệu trong việc kiểm so&aacute;t sự ph&aacute;t triển của c&aacute;c khối ung thư mới h&igrave;nh th&agrave;nh v&agrave; di căn. Vi&ecirc;n thể nấm Agaricus chứa nhiều loại vitamin, amino acids v&agrave; sợi quan trọng, đặc biệt l&agrave; h&agrave;m lượng lớn Beta 1,3- Glucan v&agrave; Beta 1,6 &ndash; glucan c&oacute; t&aacute;c dụng k&iacute;ch hoạt đại thực b&agrave;o macrophage - một loại bạch cầu gi&uacute;p bảo vệ v&agrave; tăng cường hệ miễn dịch v&agrave; tạo ra c&aacute;c đ&aacute;p ứng tối ưu chống lại c&aacute;c tế b&agrave;o ung thư đang di căn. Nh&oacute;m polysaccharid bao gồm &szlig; (1-3) D-glucan v&agrave; &szlig; (1-6) D - glucan c&oacute; sức mạnh chống tế b&agrave;o khối u sarcoma 180 để hỗ trợ điều trị ung thư tối ưu.</p>\r\n\r\n<p>&nbsp;</p>\r\n\r\n<p>B&ecirc;n cạnh đ&oacute;, vi&ecirc;n thể nấm Agaricus&nbsp; c&ograve;n gi&uacute;p bồi bổ v&agrave; tăng cường sức khỏe, chống oxy h&oacute;a để ngăn ngừa v&agrave; chống l&atilde;o ho&aacute; tự nhi&ecirc;n, điều h&ograve;a nội tiết tố, gi&uacute;p da s&aacute;ng hồng v&agrave; mịn m&agrave;ng. Đồng thời, vi&ecirc;n thể nấm Agaricus ph&ograve;ng v&agrave; hỗ trợ điều trị đ&aacute;i th&aacute;o đường, cao huyết &aacute;p, mỡ m&aacute;u&hellip; chữa bệnh ở đường ti&ecirc;u h&oacute;a, điều trị vi&ecirc;m lo&eacute;t dạ d&agrave;y, hỗ trợ phục hồi nhanh cho người đang điều trị bệnh, người vừa phẫu thuật, kh&aacute;ng virus&hellip;</p>\r\n\r\n<p>&nbsp;</p>\r\n\r\n<p><strong>ĐỐI TƯỢNG N&Agrave;O N&Ecirc;N SỬ DỤNG VI&Ecirc;N THỂ NẤM AGARICUS</strong></p>\r\n\r\n<p>&nbsp;</p>\r\n\r\n<p>-&nbsp; D&ugrave;ng cho c&aacute;c bệnh nh&acirc;n ung thư , tiểu đường,&nbsp; đối tượng c&oacute; c&aacute;c bệnh về da , dạ d&agrave;y.</p>\r\n\r\n<p>&nbsp;</p>\r\n\r\n<p>&minus; Bệnh nh&acirc;n sau qu&aacute; tr&igrave;nh xạ trị, h&oacute;a trị, sức khỏe suy giảm.</p>\r\n\r\n<p>&nbsp;</p>\r\n\r\n<p>&minus; D&ugrave;ng kết hợp với Fucoidan cho việc hỗ trợ điều trị ung thư hiệu quả cao hơn.</p>\r\n\r\n<p>&nbsp;</p>\r\n\r\n<p><strong>TH&Ocirc;NG TIN KH&Aacute;C VỀ VI&Ecirc;N THỂ NẤM AGARICUS&nbsp;&nbsp;</strong></p>\r\n\r\n<p>&nbsp;</p>\r\n\r\n<p>M&atilde; sản phẩm: AGMO</p>\r\n\r\n<p>&nbsp;</p>\r\n\r\n<p>Loại sản phẩm: Thực phẩm chức năng</p>\r\n\r\n<p>&nbsp;</p>\r\n\r\n<p>H&atilde;ng sản xuất: Kanehide Bio Co.LTD</p>\r\n\r\n<p>&nbsp;</p>\r\n\r\n<p>Nh&agrave; ph&acirc;n phối: nhathuoc365.vn</p>\r\n\r\n<p>&nbsp;</p>\r\n\r\n<p>Dạng b&agrave;o chế: Vi&ecirc;n n&eacute;n</p>\r\n\r\n<p>&nbsp;</p>\r\n\r\n<p>Quy c&aacute;ch đ&oacute;ng g&oacute;i: Hộp 300 vi&ecirc;n n&eacute;n</p>\r\n\r\n<p>&nbsp;</p>\r\n\r\n<p><strong>LIỀU D&Ugrave;NG, C&Aacute;CH D&Ugrave;NG</strong></p>\r\n\r\n<p>&nbsp;</p>\r\n\r\n<p>Uống 10 vi&ecirc;n /ng&agrave;y, chia 2 lần, 5 vi&ecirc;n/lần.</p>\r\n\r\n<p>&nbsp;</p>\r\n\r\n<p>Uống với nước ấm trước hay sau ăn đều được.</p>\r\n\r\n<p>&nbsp;</p>\r\n\r\n<p><strong>Lưu &yacute;:&nbsp;</strong>Sản phẩm kh&ocirc;ng phải l&agrave; thuốc, kh&ocirc;ng c&oacute; t&aacute;c dụng thay thế thuốc chữa bệnh.</p>\r\n\r\n<p>&nbsp;</p>', 'default', NULL, 'agaricus-mycelia-tablet-vien-the-nam-agaricus', NULL, NULL, '/library/images/sanpham/s5.jpg', NULL, 'product', 0, 'Sản phẩm,Sản phẩm tiêu biểu,Thực phẩm chức năng,Hỗ trợ ung thư,Tinh dầu,Điều trị tiểu đường,Tinh Dầu Organics,Dầu Nền', NULL, NULL, NULL, NULL, '2018-10-03 04:30:04', NULL),
(17, 'Có nên sử dụng Fucoidan khi bị ung thư?', 'Nếu bạn bị ung thư và đang băn khoăn có nên sử dụng Fucoidan hay không thì hãy đọc bài viết này. Đọc xong, bạn sẽ hiểu được thực hư về tác dụng của Fucoidan qua đó đưa ra quyết định đúng đắn nhất.', '<p><strong>C&Ugrave;NG THỐNG NHẤT QUAN ĐIỂM</strong></p>\r\n\r\n<p>Trước ti&ecirc;n, ch&uacute;ng ta c&ugrave;ng thống nhất một điều rằng: Ung thư kh&ocirc;ng phải l&agrave; dấu chấm hết, n&oacute; chỉ l&agrave; sự bắt đầu của một cuộc chiến m&agrave; ở đ&oacute;, nếu bạn l&agrave;m chủ được tr&iacute; tuệ v&agrave; niềm tin bạn sẽ l&agrave; người&nbsp;<strong>Chiến Thắng</strong>. Nếu bạn đồng &yacute; với điều n&agrave;y, h&atilde;y đọc tiếp, c&ograve;n kh&ocirc;ng h&atilde;y dừng tại đ&acirc;y.</p>\r\n\r\n<p>Sở dĩ, ch&uacute;ng ta cần thống nhất quan điểm tr&ecirc;n&nbsp;bởi v&igrave; trong qu&aacute; tr&igrave;nh điều trị ung thư, c&oacute; 2 điều quan trọng nhất, đ&oacute; l&agrave;:</p>\r\n\r\n<p>- Giữ vững tinh thần cho người bệnh: Trong nghi&ecirc;n cứu thực hiện năm 2015 của đại học Harvard chỉ ra rằng, tinh thần tốt c&ugrave;ng một chế độ luyện tập thường xuy&ecirc;n sẽ l&agrave;m cho miễn dịch của cơ thể hoạt động hiệu quả. M&agrave; hệ miễn dịch l&agrave; bức tường quan trọng nhất trong việc chiến đấu với tế b&agrave;o ung thư.</p>\r\n\r\n<p>- Tăng cường sức khỏe thể chất: Cho d&ugrave; d&ugrave;ng bất cứ phương ph&aacute;p điều trị n&agrave;o (h&oacute;a trị, xạ trị, phẫu thuật, uống fucoidan, nấm, xạ đen&hellip;) th&igrave; việc tăng cường sức khỏe cũng l&agrave; điều quan trọng. Đặc biệt, trong c&aacute;c phương ph&aacute;p can thiệp t&acirc;y y, cơ thể phải khỏe mạnh mới c&oacute; thể đ&aacute;p ứng được c&aacute;c phương ph&aacute;p trị liệu.</p>\r\n\r\n<p><img alt=\"có nên sử dụng fucoidan khi bị ung thư\" src=\"https://nhathuoc365.vn/upload_images/images/co-nen-su-dung-fucoidan-1.png\" /></p>\r\n\r\n<p><strong>FUCOIDAN L&Agrave; G&Igrave;? N&Oacute; C&Oacute; PHẢI L&Agrave; THẦN DƯỢC CHỮA UNG THƯ?</strong></p>\r\n\r\n<p>Xin thưa, kh&ocirc;ng c&oacute; bất cứ thứ g&igrave; hiện nay được xem&nbsp;l&agrave; thần dược chữa khỏi được ung. Nếu c&oacute;, thứ đ&oacute; phải được b&aacute;n với gi&aacute; h&agrave;ng tỷ đồng chứ kh&ocirc;ng phải l&agrave; v&agrave;i triệu đồng.</p>\r\n\r\n<p>Việc c&oacute; chữa khỏi được ung thư c&ograve;n phụ thuộc v&agrave;o nhiều yếu tố như t&igrave;nh trạng bệnh, giai đoạn ph&aacute;t hiện bệnh, ph&aacute;c đồ điều trị, cơ chế th&iacute;ch nghi của cơ thể, cơ chế dung nạp những chất điều trị đưa v&agrave;o cơ thể&hellip;. N&oacute;i chung l&agrave; phức tạp. Nhưng nếu bạn hỏi, Fucoidan c&oacute; t&aacute;c dụng trong việc hỗ trợ điều trị ung thư kh&ocirc;ng th&igrave; c&acirc;u trả lời l&agrave; C&Oacute;.</p>\r\n\r\n<p><strong>TẠI SAO N&Oacute;I FUCOIDAN C&Oacute; T&Aacute;C DỤNG TRONG VIỆC HỖ TRỢ ĐIỀU TRỊ UNG THƯ?</strong></p>\r\n\r\n<p>Fucoidan được nghi&ecirc;n cứu v&agrave; ph&aacute;t triển bởi Tiến sỹ, B&aacute;c sĩ Daisuke Tachikawa Nhật Bản. Trước khi được đưa v&agrave;o sử dụng, sản phẩm đ&atilde; được nghi&ecirc;n cứu, thử nghiệm trong nhiều năm liền về t&iacute;nh an to&agrave;n cũng như hiệu quả đối với người bệnh. Hiện nay, ở Nhật, Fucoidan được b&aacute;n rộng r&atilde;i v&agrave; được rất nhiều bệnh nh&acirc;n Ung thư sử dụng.</p>\r\n\r\n<p>Hiệu quả trong việc ti&ecirc;u diệt tế b&agrave;o ung thư của Fucoidan đ&atilde; được ng&agrave;i Tiến Sỹ dẫn chứng trong cuốn s&aacute;ch nổi tiếng nhất về Fucoidan, cuốn&nbsp;<em>&quot;Hợp chất Fucoidan mang lại sức khỏe v&agrave; hi vọng&quot;</em>. Trong đ&oacute; c&oacute; những dẫn chứng ch&acirc;n thực về những người bị ung thư v&agrave; đ&atilde; c&oacute; hiệu quả r&otilde; rệt sau khi sử dụng Fucoidan như c&ocirc; Shimosato Hideko sống ở Kanagawa bị ung thư v&ograve;m họng (Trang 38,&nbsp;<em>Hợp chất Fucoidan mang lại sức khỏe v&agrave; hi vọng</em>) hay c&ocirc; Chine Natsumi sống ở Tokyo bị Ung thư phổi (Trang 143,&nbsp;<em>Hợp chất Fucoidan mang lại sức khỏe v&agrave; hi vọng</em>). C&ograve;n nhiều v&iacute; dụ ở nhiều người v&agrave; nhiều loại ung thư kh&aacute;c nhau tr&ecirc;n thế giới cũng đ&atilde; được tr&iacute;ch dẫn. Bạn c&oacute; thể t&igrave;m đọc v&agrave; kiểm chứng. Đ&acirc;y l&agrave; c&aacute;c nghi&ecirc;n cứu của c&aacute;c B&aacute;c sỹ tại Đại học danh tiếng Fukuoka của Nhật n&ecirc;n rất đ&aacute;ng tin cậy.</p>\r\n\r\n<p><img alt=\"sức mạnh kỳ diệu của Fucoidan\" src=\"https://nhathuoc365.vn/upload_images/images/sach-fucoidan-a.png\" /></p>\r\n\r\n<p><em>Nếu bạn c&ograve;n nghi ngờ về c&ocirc;ng dụng của Fucoidan th&igrave; h&atilde;y t&igrave;m đọc cuốn s&aacute;ch n&agrave;y</em></p>\r\n\r\n<p><strong>Cơ chế t&aacute;c dụng của Fucoidan l&ecirc;n tế b&agrave;o ung thư</strong></p>\r\n\r\n<p>Trong nghi&ecirc;n cứu của m&igrave;nh, B&aacute;c sĩ Daisuke Tachikawa đ&atilde; chỉ ra cơ chế tại sao Fucoidan c&oacute; thể c&ocirc; lập, ti&ecirc;u diệt v&agrave; ngăn chặn tế b&agrave;o ung thư l&acirc;y lan, đồng thời cũng l&agrave;m r&otilde; t&aacute;c dụng của n&oacute; trong việc tăng cường hệ miễn dịch của cơ thể. Cụ thể như sau:</p>\r\n\r\n<p><strong><em>1. T&aacute;c dụng ti&ecirc;u diệt tế b&agrave;o ung thư</em></strong></p>\r\n\r\n<p>Fucoidan k&iacute;ch th&iacute;ch tế b&agrave;o ung thư tự ti&ecirc;u diệt theo chu tr&igrave;nh chết tự nhi&ecirc;n của tế b&agrave;o (Apoptosis). Fucoidan c&oacute; t&aacute;c dụng hoạt h&oacute;a gen ức chế khối u P53, l&agrave;m cho c&aacute;c tế b&agrave;o ung thư sẽ tự ti&ecirc;u diệt theo chu tr&igrave;nh Apoptosis. C&aacute;c tế b&agrave;o ung thư sẽ bị c&ocirc; lập, co lại v&agrave; ph&acirc;n hủy m&agrave; kh&ocirc;ng l&agrave;m ảnh hưởng đến c&aacute;c tế b&agrave;o b&igrave;nh thường xung quanh. Điều n&agrave;y gi&uacute;p hạn chế t&aacute;c dụng phụ so với biện ph&aacute;p h&oacute;a trị liệu hiện nay.</p>\r\n\r\n<p><strong><em>2. Ngăn ngừa h&igrave;nh th&agrave;nh mạch m&aacute;u mới</em></strong></p>\r\n\r\n<p>Fucoidan c&oacute; t&aacute;c dụng ngăn chặn sự h&igrave;nh th&agrave;nh mạch m&aacute;u mới của c&aacute;c tế b&agrave;o ung thư. C&aacute;c tế b&agrave;o ung thư c&oacute; khả năng x&acirc;m lấn c&aacute;c tế b&agrave;o l&acirc;n cận, bằng c&aacute;ch tiết ra một loại enzym metalloproteinase, ch&uacute;ng l&agrave;m hủy hoại c&aacute;c tế b&agrave;o l&acirc;n cận v&agrave; h&igrave;nh th&agrave;nh n&ecirc;n mạch m&aacute;u mới ri&ecirc;ng lẻ để nu&ocirc;i khối u. Fucoidan ngăn chặn qu&aacute; tr&igrave;nh h&igrave;nh th&agrave;nh mạch m&aacute;u mới n&agrave;y, đồng nghĩa với việc l&agrave;m mất nguồn dinh dưỡng nu&ocirc;i khối u, c&aacute;c tế b&agrave;o ung thư sẽ bị ti&ecirc;u diệt do kh&ocirc;ng được cung cấp năng lượng, do đ&oacute; cũng kh&ocirc;ng thể di căn tới c&aacute;c vị tr&iacute; kh&aacute;c. Một giả thiết nữa được t&igrave;m ra l&agrave; Fucoidan ức chế qu&aacute; tr&igrave;nh gắn kết c&aacute;c tế b&agrave;o khối u với tiểu cầu, qu&aacute; tr&igrave;nh n&agrave;y khởi đầu cho hiện tượng di căn của khối u. Những cơ chế n&agrave;y cho thấy Fucoidan c&oacute; t&aacute;c dụng chống hiện tượng di căn của ung thư.</p>\r\n\r\n<p><strong><em>3. Tăng cường hoạt động của hệ miễn dịch</em></strong></p>\r\n\r\n<p>C&aacute;c tế b&agrave;o ung thư x&acirc;m lấn v&agrave; hủy hoại c&aacute;c tế b&agrave;o bạch cầu khiến hệ miễn dịch ch&uacute;ng ta suy yếu, cơ thể mất đề kh&aacute;ng, dễ nhiễm virus, kh&ocirc;ng c&oacute; khả năng kh&aacute;ng lại ung thư. Fucoidan được chiết xuất từ tảo n&acirc;u mozuku tại v&ugrave;ng biển Okinawa của Nhật Bản, chứa rất nhiều kho&aacute;ng chất, protein, cacbonhydrate&hellip;gi&uacute;p cho cơ thể người bệnh được tăng cường hệ miễn dịch, n&acirc;ng cao sức đề kh&aacute;ng, phục hồi chức năng bạch cầu, hỗ trợ qu&aacute; tr&igrave;nh đại thực b&agrave;o, gi&uacute;p ngăn ngừa v&agrave; đẩy l&ugrave;i bệnh ung thư hiệu quả.</p>\r\n\r\n<p>Tất nhi&ecirc;n, đ&acirc;y chỉ l&agrave; những lời giải th&iacute;ch đơn giản, cơ chế cụ thể của n&oacute; l&agrave; cả một sự tiến bộ của y học nh&acirc;n loại. Quan trọng l&agrave; ch&uacute;ng ta biết n&oacute; c&oacute; hiệu quả.</p>\r\n\r\n<p><img alt=\"có nên dùng fucoidan khi bị ung thư\" src=\"https://nhathuoc365.vn/upload_images/images/co-nen-su-dung-fucoidan-4.png\" /></p>\r\n\r\n<p><em>Fucoidan kh&ocirc;ng phải thần dược chữa ung thư nhưng c&oacute; t&aacute;c dụng hỗ trợ điều trị bệnh ung thư</em></p>\r\n\r\n<p><strong>CƠ CHẾ ĐIỀU TRỊ UNG THƯ BẤT CỨ BỆNH NH&Acirc;N N&Agrave;O CŨNG CẦN TU&Acirc;N THỦ</strong></p>\r\n\r\n<p>Tới đ&acirc;y ch&uacute;ng ta quay lại c&acirc;u&nbsp; chuyện người bệnh cần l&agrave;m g&igrave; khi ph&aacute;t hiện ung thư. Tất nhi&ecirc;n l&agrave; ch&uacute;ng ta kh&ocirc;ng thể tự ph&aacute;t hiện m&igrave;nh bị ung thư, ch&uacute;ng ta chỉ ph&aacute;t hiện ung thư khi được tầm so&aacute;t hoặc được ph&aacute;t hiện trong một lần thăm kh&aacute;m bệnh n&agrave;o đ&oacute;. Khi ph&aacute;t hiện bệnh, việc đầu ti&ecirc;n ch&uacute;ng ta cần l&agrave;m l&agrave; tu&acirc;n theo phương ph&aacute;p điều trị m&agrave; b&aacute;c sĩ đưa ra. Nhưng d&ugrave; c&oacute; sử dụng ph&aacute;c đồ điều trị n&agrave;o th&igrave; cũng phải tu&acirc;n theo cơ chế:</p>\r\n\r\n<p>1 - Ti&ecirc;u diệt tế b&agrave;o ung thư (cắt, truyền h&oacute;a chất, chạy tia xạ, uống c&aacute;c chất c&oacute; khả năng ti&ecirc;u diệt tế b&agrave;o ung thư&hellip;.)</p>\r\n\r\n<p>2 - Tăng cường sức khỏe cho cơ thể (Sức khỏe hệ miễn dịch v&agrave; sức khỏe tổng thể).</p>', 'default', NULL, 'co-nen-su-dung-fucoidan-khi-bi-ung-thu', NULL, NULL, '/library/images/tintuc/t1.png', '', 'post', 0, 'Chuyên trang,Hỗ trợ ung thư,Tinh Dầu Organics,Làm đẹp,Y khoa,Video,Chăm sóc trẻ,Bài thuốc hay,Tin tức,Làm đẹp và sức khỏe,Kiến thức bệnh', NULL, NULL, NULL, NULL, '2018-09-25 07:43:31', NULL);
INSERT INTO `posts` (`post_id`, `title`, `description`, `content`, `template`, `tags`, `slug`, `user_id`, `is_hide`, `image`, `product_list`, `post_type`, `visiable`, `category_string`, `meta_title`, `meta_description`, `meta_keyword`, `created_at`, `updated_at`, `deleted_at`) VALUES
(18, 'Beta Glucan là gì và minh chứng khoa học về tăng cường hệ miễn dịch?', 'Chính phủ Nhật Bản cấp bằng sáng chế # JP 03.133.934 vào năm 1991 cho việc sử dụng beta glucan từ nấm Polyphorus confluens cho hoạt động chống ung bướu nói chung do các nghiên cứu đã được thực hiện trên động vật chứng minh giá trị của nó nhiều lần. Cơ quan sáng chế quốc tế phê duyệt WO 98 27.992 vào năm 1998 cho beta glucan chiết xuất từ nấm Agaricus blazei (thường ăn được) cho khả năng chống ung bướu nói chung và đặc biệt chống lại bệnh Ung Thư thể rắn. Chính phủ Nhật Bản sau đó cấp bằng sáng chế # JP10 287.284 vào năm 1998 cho việc sử dụng beta glucan nhằm hạn chế sự tăng trưởng khối u bằng cách kích hoạt tế bào “sát thủ tự nhiên”.', '<p>&beta;-Glucan (beta-glucan) l&agrave; hợp chất đường li&ecirc;n ph&acirc;n tử được tạo n&ecirc;n từ c&aacute;c đơn ph&acirc;n tử D-glucose gắn với nhau qua li&ecirc;n kết &beta;-glycoside.</p>\r\n\r\n<p>&nbsp;&ldquo;Ch&uacute;ng t&ocirc;i đ&atilde; chứng minh rằng những polysaccharides c&oacute; khả năng miễn dịch ở mức cao.&rdquo; C&aacute;c th&ocirc;ng số rất phức tạp như alpha-TNF, GGF kh&aacute;ng thể, v&agrave; NO (oxit nitơ) được đo một c&aacute;ch cẩn thận trong c&aacute;c động vật được th&iacute; nghiệm. Nghi&ecirc;n cứu như thế n&agrave;y sẽ hướng tới c&aacute;c nghi&ecirc;n cứu về t&aacute;c dụng của beta glucan đối với những bệnh nh&acirc;n Ung Thư.</p>\r\n\r\n<p>&nbsp;&beta;-Glucan (beta-glucan) l&agrave; hợp chất đường li&ecirc;n ph&acirc;n tử được tạo n&ecirc;n từ c&aacute;c đơn ph&acirc;n tử D-glucose gắn với nhau qua li&ecirc;n kết &beta;-glycoside. C&aacute;c &beta;-Glucan l&agrave; nh&oacute;m c&aacute;c ph&acirc;n tử được ph&acirc;n biệt dựa v&agrave;o ph&acirc;n tử khối, độ h&ograve;a tan, độ nhớt v&agrave; cấu tr&uacute;c kh&ocirc;ng gian 3 chiều. C&aacute;c hợp chất n&agrave;y thường tồn tại dưới dạng phổ biến l&agrave; cellulose của thực vật, vỏ c&aacute;m của hạt ngũ cốc, th&agrave;nh tế b&agrave;o của nấm men, nấm v&agrave; vi khuẩn. Một số loại &beta;-Glucan được sử dụng như chất dinh dưỡng ở người như hợp chất tạo mịn v&agrave; chất sơ h&ograve;a tan, tuy nhi&ecirc;n lại c&oacute; thể bị biến đổi trong trong qu&aacute; tr&igrave;nh đun s&ocirc;i.</p>\r\n\r\n<p>&ldquo;Ch&uacute;ng t&ocirc;i đ&atilde; chứng minh rằng những polysaccharides c&oacute; khả năng miễn dịch ở mức cao.&rdquo; C&aacute;c th&ocirc;ng số rất phức tạp như alpha-TNF, GGF kh&aacute;ng thể, v&agrave; NO (oxit nitơ) được đo một c&aacute;ch cẩn thận trong c&aacute;c động vật được th&iacute; nghiệm. Nghi&ecirc;n cứu như thế n&agrave;y sẽ hướng tới c&aacute;c nghi&ecirc;n cứu về t&aacute;c dụng của beta glucan đối với những bệnh nh&acirc;n Ung Thư.</p>\r\n\r\n<p>Beta Glucan l&agrave; sản phẩm c&oacute; hi&ecirc;u quả trong bệnh ung thư &nbsp;được khẳng định bằng c&aacute;c nghi&ecirc;n cứu khoa học chứ &nbsp;kh&ocirc;ng phải tin đồn hay truyền khẩu . &nbsp;Trong tất cả c&aacute;c nghi&ecirc;n cứu về c&aacute;c t&aacute;c dụng kh&aacute;c nhau của beta glucan, ch&uacute;ng ta sẽ bất ngờ khi thấy c&oacute; rất nhiều b&agrave;i li&ecirc;n quan đến Ung Thư v&agrave; c&aacute;c khối u. N&oacute; kh&ocirc;ng chỉ l&agrave; c&aacute;c đại thực b&agrave;o tấn c&ocirc;ng c&aacute;c khối u, m&agrave; c&ograve;n c&aacute;c tế b&agrave;o &ldquo;s&aacute;t thủ tự nhi&ecirc;n&rdquo; (NK), tế b&agrave;o s&aacute;t thủ T, lymphokines v&agrave; interleukin-1 v&agrave; &ndash; 2. Tất cả những thuật ngữ khoa học n&agrave;y hướng ch&uacute;ng ta đến c&aacute;c qu&aacute; tr&igrave;nh kh&aacute;c nhau m&agrave; ch&uacute;ng ta d&ugrave;ng để tấn c&ocirc;ng c&aacute;c tế b&agrave;o khối u v&agrave; ti&ecirc;u diệt ch&uacute;ng. C&oacute; h&agrave;ng chục nghi&ecirc;n cứu về c&aacute;c đặc t&iacute;nh chống khối u của beta glucan chỉ trong mười lăm năm qua, v&agrave; ch&uacute;ng t&ocirc;i sẽ cố gắng đề cập đến c&agrave;ng nhiều c&agrave;ng tốt. Th&ocirc;ng qua c&aacute;c nghi&ecirc;n cứu khoa học kỹ lưỡng, c&aacute;c kết quả đ&aacute;ng kinh ngạc, ch&uacute;ng ta c&oacute; thể kết luận chưa c&oacute; hoạt chất n&agrave;o đến từ thi&ecirc;n nhi&ecirc;n được nghi&ecirc;n cứu v&agrave; c&oacute; nhiều hứa hẹn trong điều trị bệnh ung thư hơn Beta Glucan .</p>\r\n\r\n<p>T&agrave;i liệu Tạp ch&iacute; tham khảo sẽ kh&ocirc;ng được đề cập nhằm gi&uacute;p đơn giản h&oacute;a v&agrave; ngắn gọn. Hầu hết c&aacute;c c&ocirc;ng tr&igrave;nh nghi&ecirc;n cứu được thực hiện với c&aacute;c loại nấm ăn v&agrave; nấm, nhưng tất cả đều chứa beta glucans 1,3. Hiệu quả tương tự sẽ đạt được với c&aacute;c chiết xuất từ yến mạch, men bia v&agrave; glucan l&uacute;a mạch. Khoa học đ&atilde; biết về khả năng chống Ung Thư, khối u của beta glucan trong hơn mười lăm năm nay v&agrave; đ&atilde; đến l&uacute;c ứng dụng ch&uacute;ng cho điều trị ở người.</p>\r\n\r\n<p>Tại trường đại học Kobe Women tại Nhật Bản beta glucan nấm maitake (Grifola frondosa) cho thấy khả năng chống khối u r&otilde; r&agrave;ng khi được d&ugrave;ng để chống lại Ung Thư MM-46 v&agrave; IMC (chỉ đơn giản l&agrave; t&ecirc;n c&aacute;c loại Ung Thư) ở chuột. Một lần nữa ở beta glucan từ nấm Cochliobolus ức chế sự ph&aacute;t triển của khối u rắn Sarcoma 180 (d&ograve;ng phổ biến nhất) ở chuột. Tại Trung t&acirc;m Nghi&ecirc;n cứu Năng lượng hạt nh&acirc;n tại Bỉ beta glucan từ nấm Lentinus (Lentinus edodes) gi&uacute;p giữ c&aacute;c tế b&agrave;o Ung Thư hạch c&oacute; trong m&aacute;u của chuột.</p>\r\n\r\n<p><em><iframe frameborder=\"0\" height=\"315\" src=\"https://www.youtube.com/embed/AwJXpPAobc8\" width=\"560\"></iframe></em></p>\r\n\r\n<p><em>Video Clip: Beta Glucan k&iacute;ch th&iacute;ch hệ miễn dịch tấn c&ocirc;ng&nbsp;tế b&agrave;o ung thư v&agrave; virus x&acirc;m nhập cơ thể</em></p>\r\n\r\n<p>Tại Đại học Kobe trong c&ugrave;ng một th&agrave;nh phố, chiết xuất c&oacute; chứa beta glucan của bốn loại nấm (G. frondosa, L. edodes, F. velutipes, v&agrave; M. giganteus)) đ&atilde; được nghi&ecirc;n cứu về khả năng hoạt động chống khối u. &ldquo;Ch&uacute;ng t&ocirc;i đ&atilde; chứng minh rằng những polysaccharides c&oacute; khả năng miễn dịch ở mức cao.&rdquo; C&aacute;c th&ocirc;ng số rất phức tạp như alpha-TNF, GGF kh&aacute;ng thể, v&agrave; NO (oxit nitơ) được đo một c&aacute;ch cẩn thận trong c&aacute;c động vật được th&iacute; nghiệm. Nghi&ecirc;n cứu như thế n&agrave;y sẽ hướng tới c&aacute;c nghi&ecirc;n cứu về t&aacute;c dụng của beta glucan đối với những bệnh nh&acirc;n Ung Thư.</p>\r\n\r\n<p>Tại Đại học Dược Tokyo của Nhật Bản beta glucan maitake c&oacute; hoạt động chống khối u MM-46 v&agrave; &ldquo;đồng vận&rdquo; (syngenic) với khối u n&oacute;i chung. Một lần nữa, tại Đại học Dược phẩm Tokyo beta glucan từ nấm Sclerotinia đ&atilde; được chứng minh l&agrave; c&oacute; hiệu quả chống khối u rắn Sarcoma 180 ở chuột. Họ gọi đ&acirc;y l&agrave; tr&iacute;ch xuất &ldquo;SSG&rdquo; v&agrave; n&oacute;i: &ldquo;SSG l&agrave; một glucan chống u bướu hữu &iacute;ch m&agrave; bằng c&aacute;ch thay đổi phản ứng sinh học.&rdquo; Một nghi&ecirc;n cứu thứ ba tại đại học n&agrave;y về tr&iacute;ch xuất SSG l&agrave; bằng chứng nữa về họat động chống u bướu. Một nghi&ecirc;n cứu thứ tư tại đại học n&agrave;y sử dụng c&ugrave;ng một loại SSG, nhưng lần n&agrave;y đối với di căn Ung Thư phổi hoặc Ung Thư phổi bằng c&aacute;ch sử dụng c&aacute;c tế b&agrave;o cấy gh&eacute;p phổi Lewis ở chuột. Chỉ trong 10 ng&agrave;y, tế b&agrave;o Ung Thư phổi bị ức chế ngay cả khi SSG đơn giản l&agrave; được cho v&agrave;o trong thức ăn h&agrave;ng ng&agrave;y của chuột. Một nghi&ecirc;n cứu thứ năm sử dụng c&ugrave;ng một &ldquo;OL&rdquo; chiết xuất từ Omphalia hoặc nấm &ldquo;leiwan&rdquo; cho thấy &ldquo;OL-2 chỉ r&otilde; c&aacute;c t&iacute;nh năng đặc trưng về t&iacute;nh chất ho&aacute; l&yacute; của n&oacute; v&agrave; hoạt động chống u bướu.&rdquo; Sau n&agrave;y tại cũng trường đại học n&agrave;y beta glucan chiết xuất từ nấm S. crispa đ&atilde; được chứng minh l&agrave; điều trị u bướu mạnh mẽ khi cho chuột uống.&rdquo;Liều lượng CA1 (chiết xuất) được điều chỉnh tốc độ hồi phục số lượng của mỗi loại tế b&agrave;o.&rdquo;</p>\r\n\r\n<p>Tại Đại học Regensburg ở Đức beta glucan chiết xuất từ nấm Phytophthora họat động hiệu quả chống khối u rắn Sarcoma 180 ở chuột. Một lần nữa, ở Đại học Regensburg beta glucans lấy từ loại nấm kh&aacute;c nhau v&agrave; được sử dụng th&agrave;nh c&ocirc;ng một lần nữa điều trị khối u rắn Sarcoma 180 ở chuột. Họ thấy rằng tất cả glucan d&ugrave; được lấy từ nguồn n&agrave;o đều họat động rất hiệu quả. Trọng lượng khối u đ&atilde; giảm 72-99 phần trăm chỉ trong ba mươi ng&agrave;y m&agrave; kh&ocirc;ng điều trị bằng một phương ph&aacute;p n&agrave;o kh&aacute;c! Một nghi&ecirc;n cứu thứ ba cũng được thực hiện ở đ&acirc;y bằng c&aacute;ch sử dụng chiết xuất từ nấm Glomerella với kết quả ấn tượng l&agrave; 100 phần trăm Sarcoma I80 v&agrave; MC.SC-1 (một biến dạng Ung Thư cơ bản) khối u bướu dạng sợi (fibrosarcoma) được kiềm chế. Họ nhấn mạnh, &ldquo;một cấu tr&uacute;c c&oacute; trật tự cao của glucan l&agrave; kh&ocirc;ng cần thiết cho c&aacute;c hoạt động chống u bướu&rdquo; Một đ&aacute;nh gi&aacute; chung về beta glucans đ&atilde; được thực hiện tại Đức tại Đại học Georg-August. Bản đ&aacute;nh gi&aacute; n&agrave;y xem x&eacute;t lại c&aacute;c nguồn kh&aacute;c nhau, cấu tr&uacute;c, c&aacute;c t&aacute;c động l&ecirc;n hệ miễn dịch v&agrave; ứng dụng l&acirc;m s&agrave;ng đối với khả năng ph&ograve;ng chống u bướu hiệu quả của beta glucan.</p>\r\n\r\n<p>Tại Viện Nghi&ecirc;n cứu khoa học đời sống tại Nhật Bản beta glucan nấm Tr&ugrave;ng Thảo (cordyceps mushroom) đ&atilde; được nghi&ecirc;n cứu cho hoạt động chống u bướu v&agrave; cấu tr&uacute;c được so s&aacute;nh cho phản ứng sinh học. Như thường lệ c&aacute;c cấu tr&uacute;c 1,3 l&agrave; yếu tố cơ bản được xem x&eacute;t để x&aacute;c thực beta glucan. Một nghi&ecirc;n cứu kh&aacute;c với c&aacute;c tế b&agrave;o Ung Thư phổi đ&atilde; được thực hiện tại Mayo Clinic nổi tiếng thế giới ở Minnesota. Chỉ trong mười bốn ng&agrave;y sự ph&aacute;t triển Ung Thư phổi đ&atilde; bị hạn chế v&agrave; những con chuột được bổ sung beta glucan c&ograve;n sống trong khi những con chuột kh&ocirc;ng được bổ sung beta glucan đều đ&atilde; chết.</p>\r\n\r\n<p>Tại Đại học th&agrave;nh phố Osaka ở Nhật Bản loại nấm Linh chi nổi tiếng (Ganoderma lucidum) được sử dụng như một nguồn cung cấp beta glucan v&agrave; được thử nghiệm cho hoạt động chống u bướu. Như thường lệ, c&aacute;c nh&agrave; nghi&ecirc;n cứu nhấn mạnh cấu tr&uacute;c xương sống cơ bản đ&uacute;ng 1,3 v&agrave; kh&ocirc;ng phải l&agrave; 1,4 hoặc 1,6 nh&aacute;nh. Họ nhận thấy cấu tr&uacute;c n&agrave;y chống lại một c&aacute;ch mạnh mẽ khối u rắn Sarcoma 180 ở chuột. Gần đ&oacute; tại Đại học Osaka một bản nhận x&eacute;t ho&agrave;n chỉnh dựa tr&ecirc;n 54 t&agrave;i liệu tham khảo kh&aacute;c nhau của nhiều nghi&ecirc;n cứu thực hiện về c&aacute;c hoạt động chống u bướu, c&aacute;c cấu tr&uacute;c, cơ chế hoạt động v&agrave; c&aacute;c ứng dụng l&acirc;m s&agrave;ng.</p>\r\n\r\n<p>Poria Cocos l&agrave; một loại nấm Trung Quốc cổ điển được sử dụng trong thảo dược truyền thống của họ trong nhiều thế kỷ. N&oacute; c&ograve;n được gọi l&agrave; hoelen hoặc fu ling. Tại Đại học Vũ H&aacute;n ở Trung Quốc beta glucan được chiết xuất từ Poria v&agrave; được nghi&ecirc;n cứu để xem l&agrave;m thế n&agrave;o n&oacute; hạn chế cả Sarcoma 180 v&agrave; Ehrlich (một chủng kh&aacute;c) Ung Thư biểu m&ocirc;. Họ đ&atilde; rất th&agrave;nh c&ocirc;ng trong điều trị cả hai loại bệnh n&agrave;y ở chuột.</p>\r\n\r\n<p>Tại Đại học Shizuoka ở Nhật Bản beta glucan từ nấm Linh chi, maitake v&agrave;&nbsp;<a href=\"http://nhathuoc365.vn/gioi-thieu-1478/okinawa-fucoidan-va-vien-the-nam-agaricus-suc-manh-hiep-dong-day-lui-ung-thu.html\">Agaricus&nbsp;</a>đồng bằng (thường được ăn), tất cả đều được so s&aacute;nh về khả năng chống u bướu. C&aacute;c bước tiến h&agrave;nh th&iacute; nghiệm tr&ecirc;n chuột được cấy khối u rắn Sarcoma 180 đ&atilde; được tiến h&agrave;nh đồng nhất v&agrave; c&aacute;c kết quả đều th&agrave;nh c&ocirc;ng. Một nghi&ecirc;n cứu thứ hai tại trường đại học n&agrave;y, l</p>', 'default', NULL, 'beta-glucan-la-gi-va-minh-chung-khoa-hoc-ve-tang-cuong-he-mien-dich', NULL, NULL, '/library/images/tintuc/t3.jpg', '', 'post', 0, 'Bài thuốc hay,Tin tức,Làm đẹp và sức khỏe,Kiến thức bệnh', NULL, NULL, NULL, NULL, '2018-09-28 03:34:06', NULL),
(19, 'Probiotics được chứng minh có tác dụng đặc biệt phòng ngừa cảm cúm', 'Chủng men L. CASEI 431™, thuộc Lactobacillus paracasei subsp. Paracasei, 1 loại Probiotics phổ biến đã được chứng minh là có tác dụng đặc biệt trong phòng ngừa cảm cúm và các bệnh thông thường- Kết quả từ nghiên cứu lâm sàng lớn nhất thế giới về Probiotics của Tập đoàn men sống Châu Âu Chris Hansen', '<p>Chủng men L. CASEI 431&trade;, thuộc Lactobacillus paracasei subsp. Paracasei, 1 loại Probiotics phổ biến đ&atilde; được chứng minh l&agrave; c&oacute; t&aacute;c dụng đặc biệt trong ph&ograve;ng ngừa cảm c&uacute;m v&agrave; c&aacute;c bệnh th&ocirc;ng thường- Kết quả từ nghi&ecirc;n cứu l&acirc;m s&agrave;ng lớn nhất thế giới về Probiotics của Tập đo&agrave;n men sống Ch&acirc;u &Acirc;u Chris Hansen</p>\r\n\r\n<p>Năm 2011, Tập đo&agrave;n men sống hiện đại Ch&acirc;u &Acirc;u - CHR Hansen (Đan Mạch) đ&atilde; tiến h&agrave;nh thử nghiệm tr&ecirc;n 1.100 đối tượng tại Đan Mạch v&agrave; Đức... với mục đ&iacute;ch t&igrave;m hiểu t&aacute;c động của chủng men L. CASEI 431&trade; trong việc ph&ograve;ng ngừa cảm c&uacute;m. Trải qua 2 năm tiến h&agrave;nh, nghi&ecirc;n cứu n&agrave;y đ&atilde; chứng minh được việc sử dụng chủng men L. CASEI 431&trade; c&oacute; thể gi&uacute;p r&uacute;t ngắn thời gian bị cảm c&uacute;m v&agrave; bệnh cảm th&ocirc;ng thường với số ng&agrave;y bệnh giảm từ 8.1 ng&agrave;y (đối với nh&oacute;m d&ugrave;ng giả dược) xuống c&ograve;n 4.8 ng&agrave;y; đồng thời l&agrave;m giảm việc sử dụng thuốc kh&aacute;ng sinh từ 38 lần xuống chỉ c&ograve;n 22 lần.</p>\r\n\r\n<p><img alt=\"\" src=\"https://nhathuoc365.vn/upload_images/images/probiotics-duoc-chung-minh-co-tac-dung-dac-biet-phong-ngua-cam-cum-h--nh-1-1502943608-width660height330.jpg\" /></p>\r\n\r\n<p>Kh&ocirc;ng những thế, c&aacute;c nh&agrave; khoa học cũng thấy được, chủng men n&agrave;y c&ograve;n gi&uacute;p giảm việc sử dụng c&aacute;c biện ph&aacute;p chăm s&oacute;c sức khỏe (chỉ 22% so với nh&oacute;m d&ugrave;ng giả dược l&agrave; 28%). To&agrave;n bộ kết quả n&agrave;y cũng đ&atilde; được đăng tải tr&ecirc;n tr&ecirc;n Tạp ch&iacute; Mỹ Clinical Nutrition v&agrave;o th&aacute;ng 6 năm 2015.</p>\r\n\r\n<p>Được biết, L. CASEI 431&trade; đ&atilde; được sử dụng tr&ecirc;n to&agrave;n thế giới từ năm 1995 m&agrave; kh&ocirc;ng g&acirc;y n&ecirc;n bất kỳ t&aacute;c dụng phụ n&agrave;o. C&oacute; hơn 20 nghi&ecirc;n cứu l&acirc;m s&agrave;ng thực hiện về chủng men n&agrave;y, được thử nghiệm từ trẻ sơ sinh đến người lớn trong nhiều lĩnh vực kh&aacute;c nhau. Đ&acirc;y cũng l&agrave; chủng men được nhắc đến trong hơn 80 ấn phẩm khoa học uy t&iacute;n tr&ecirc;n to&agrave;n cầu.</p>\r\n\r\n<p>Hiện nay, chủng L. CASEI 431&trade; được sản xuất trong nhiều d&ograve;ng sản phẩm kh&aacute;c nhau, t&ugrave;y v&agrave;o mục đ&iacute;ch sử dụng. Tại Việt Nam, sữa chua uống Vinamilk Probi l&agrave; sản phẩm sử dụng chủng men n&agrave;y, năm 2015&nbsp; - 2016 sản phẩm đ&atilde; được Viện Dinh Dưỡng Quốc Gia Việt Nam chứng minh l&acirc;m s&agrave;ng về hiệu quả tăng cường đề kh&aacute;ng, hạn chế cảm c&uacute;m.</p>', 'default', NULL, 'probiotics-duoc-chung-minh-co-tac-dung-dac-biet-phong-ngua-cam-cum', NULL, NULL, '/library/images/tintuc/t5.jpg', '', 'post', 0, 'Video,Chăm sóc trẻ', NULL, NULL, NULL, NULL, '2018-09-28 03:33:56', NULL),
(20, 'Công dụng chữa bệnh vô cùng bất ngờ từ quả ổi', 'Ổi là một loại quả chứa một “kho dinh dưỡng” mà thiên nhiên đã hào phóng ban tặng cho chúng ta. Ngoài việc chứa rất nhiều vitamin khoáng chất giúp làm đẹp còn có tác dụng chữa bệnh thần kỳ!', '<p>Ổi l&agrave; một loại quả chứa một &ldquo;kho dinh dưỡng&rdquo; m&agrave; thi&ecirc;n nhi&ecirc;n đ&atilde; h&agrave;o ph&oacute;ng ban tặng cho ch&uacute;ng ta. Ngo&agrave;i việc chứa rất nhiều vitamin kho&aacute;ng chất gi&uacute;p l&agrave;m đẹp c&ograve;n c&oacute; t&aacute;c dụng chữa bệnh thần kỳ!</p>\r\n\r\n<p>L&agrave; loại quả v&ocirc; c&ugrave;ng gần gũi nhưng kh&ocirc;ng phải ai cũng biết được hết t&aacute;c dụng m&agrave; n&oacute; mang lại cho con người. Ổi chứa h&agrave;m lượng gi&aacute; trị dinh dưỡng rất cao, chứa &iacute;t chất b&eacute;o b&atilde;o h&ograve;a, chứa nhiều chất xơ, vitamin C, A, kẽm, Kali v&agrave; mangan, &hellip; Ổi gi&uacute;p l&agrave;m giảm cholesterol trong m&aacute;u. Ăn ổi thường xuy&ecirc;n v&agrave; đ&uacute;ng c&aacute;ch c&oacute; t&aacute;c dụng tăng cường hệ thống miễn dịch, l&agrave;m đẹp, giảm c&acirc;n v&agrave; một số t&aacute;c dụng chữa bệnh kh&aacute;c.</p>\r\n\r\n<p>Dưới đ&acirc;y l&agrave; 6 c&ocirc;ng dụng chữa bệnh &lsquo;thần k&igrave;&rsquo; từ quả ổi m&agrave; mọi người n&ecirc;n biết.</p>\r\n\r\n<ol>\r\n	<li><strong>Tăng cường hệ miễn dịch</strong></li>\r\n</ol>\r\n\r\n<p><img alt=\"\" src=\"https://nhathuoc365.vn/upload_images/images/%E1%BB%95i%201.jpg\" /></p>\r\n\r\n<p>Ổi&nbsp;chứa lượng vitamin C cao hơn gấp 4 lần so với lượng vitamin C c&oacute; trong quả cam. Vitamin C gi&uacute;p tăng cường hệ miễn dịch, tăng sức đề kh&aacute;ng, gi&uacute;p cơ thể khỏe mạnh để tr&aacute;nh được những con virus nguy hại x&acirc;m nhập v&agrave;o cơ thể như virus cảm c&uacute;m, cảm lạnh, ph&ograve;ng tr&aacute;nh rất tốt c&aacute;c bệnh về đường h&ocirc; hấp.</p>\r\n\r\n<p>Đặc biệt đối với b&agrave; bầu, ăn&nbsp;ổi gi&uacute;p cải thiện hệ thống miễn dịch, loại bỏ c&aacute;c vấn đề sức khỏe kh&aacute;c như đau răng, chảy m&aacute;u nướu răng, vi&ecirc;m lo&eacute;t, mạch m&aacute;u bị vỡ&hellip; B&agrave; bầu&nbsp;ăn ổi thường xuy&ecirc;n ngăn ngừa nguy cơ bị trĩ v&agrave; t&aacute;o b&oacute;n khi mang thai.</p>\r\n\r\n<ol>\r\n	<li value=\"2\"><strong>Ngăn ngừa cao huyết &aacute;p</strong></li>\r\n</ol>\r\n\r\n<p><img alt=\"\" src=\"https://nhathuoc365.vn/upload_images/images/%E1%BB%95i%202.png\" /></p>\r\n\r\n<p>Những nghi&ecirc;n cứu khoa học đ&atilde; chỉ ra nếu ch&uacute;ng ta nạp qu&aacute; nhiều c&aacute;c thực phẩm kh&ocirc;ng c&oacute; chất xơ th&igrave; rất dễ mắc chứng bệnh huyết &aacute;p cao, thực phẩm được ti&ecirc;u thụ sẽ nhanh ch&oacute;ng chuyển th&agrave;nh đường, m&agrave; nạp nhiều đường sẽ cực kỳ kh&ocirc;ng tốt cho sức khỏe. Nhưng trong quả ổi lại l&agrave;m được điều n&agrave;y, ổi chứa r&aacute;t nhiều chất xơ, c&oacute; chỉ số đường huyết thấp&nbsp; n&ecirc;n c&oacute; t&aacute;c dụng tuyệt với cho việc hạ huyết &aacute;p. Ổi gi&uacute;p l&agrave;m giảm cholesterol trong m&aacute;u, ngăn ngừa qu&aacute; tr&igrave;nh l&agrave;m m&aacute;u trở n&ecirc;n đặc, l&agrave;m tăng t&iacute;nh linh th&ocirc;ng của m&aacute;u được dễ d&agrave;ng hơn.</p>\r\n\r\n<ol>\r\n	<li value=\"3\"><strong>Ngăn ngừa ung thư</strong></li>\r\n</ol>\r\n\r\n<p><img alt=\"\" src=\"https://nhathuoc365.vn/upload_images/images/%E1%BB%95i%203.png\" /></p>\r\n\r\n<p>L&aacute; ổi c&oacute; những th&agrave;nh phần gi&uacute;p ngăn ngừa bệnh ung thư, trong ruột ổi chứa th&agrave;nh phần lypocene rất cao v&agrave; chất folate trong ổi gi&uacute;p ngăn ngừa ung thư dạ d&agrave;y.</p>\r\n\r\n<ol>\r\n	<li value=\"4\"><strong>Giảm nguy cơ thiếu m&aacute;u hiệu quả</strong></li>\r\n</ol>\r\n\r\n<p><img alt=\"\" src=\"https://nhathuoc365.vn/upload_images/images/%E1%BB%95i%204.jpg\" /></p>\r\n\r\n<p>Trong ổi c&oacute; rất nhiều chất dinh dưỡng gi&uacute;p l&agrave;m giảm nguy cơ thiếu m&aacute;u hiệu quả. Uống nước &eacute;p ổi v&agrave; ăn uống đủ chất hằng sẽ c&oacute; t&aacute;c dụng ngang như bạn bổ sung sắt v&agrave; c&aacute;c thực phẩm chức năng kh&aacute;c. V&igrave; ổi c&oacute; nhều dưỡng chất l&agrave;m tăng nồng độ hemoglobin trong m&aacute;u từ đ&oacute; l&agrave;m giảm nguy cơ thiếu m&aacute;u trong cơ thể.</p>\r\n\r\n<ol>\r\n	<li value=\"5\"><strong>Ngăn ngừa b&eacute;o ph&igrave;</strong></li>\r\n</ol>', 'default', NULL, 'cong-dung-chua-benh-vo-cung-bat-ngo-tu-qua-oi', NULL, NULL, '/library/images/tintuc/t6.jpg', '', 'post', 0, 'Y khoa', NULL, NULL, NULL, NULL, '2018-09-28 03:33:46', NULL),
(21, '9 loại trái cây giàu canxi, mẹ ăn nhiều cho con cao lớn, thông minh', 'Trong thai kỳ, bà bầu cần bổ sung canxi để giúp xương và răng bé chắc khỏe. Đồng thời giúp phát triển tim, hệ thần kinh và cơ bắp. Nếu bà bầu không cung cấp đủ lượng canxi cần thiết, con sinh ra có thể mắc các bệnh lý về xương, dẫn đến thấp lùn, còi cọc và chậm lớn. Ngoài ra một đứa trẻ thiếu canxi cũng rất vất vả cho người mẹ khi chăm sóc bởi trẻ thường hay khóc đêm và vặn mình', '<p>Những loại tr&aacute;i c&acirc;y gi&agrave;u canxi vừa ngon vừa gi&agrave;u dinh dưỡng dưới đ&acirc;y sẽ l&agrave; lựa chọn c&oacute; lợi cho cả b&agrave; bầu lẫn thai nhi trong những giai đoạn ph&aacute;t triển v&agrave;ng suốt thai kỳ.</p>\r\n\r\n<p>Trong thai kỳ, b&agrave; bầu cần bổ sung canxi để gi&uacute;p xương v&agrave; răng b&eacute; chắc khỏe. Đồng thời gi&uacute;p ph&aacute;t triển tim, hệ thần kinh v&agrave; cơ bắp. Nếu b&agrave; bầu kh&ocirc;ng cung cấp đủ lượng canxi cần thiết, con sinh ra c&oacute; thể mắc c&aacute;c bệnh l&yacute; về xương, dẫn đến thấp l&ugrave;n, c&ograve;i cọc v&agrave; chậm lớn. Ngo&agrave;i ra một đứa trẻ thiếu canxi cũng rất vất vả cho người mẹ khi chăm s&oacute;c bởi trẻ thường hay kh&oacute;c đ&ecirc;m v&agrave; vặn m&igrave;nh.</p>\r\n\r\n<p><img alt=\"\" src=\"https://nhathuoc365.vn/upload_images/images/trai-cay-ba-bau(2).png\" /></p>\r\n\r\n<p><strong>Lượng canxi m&agrave; mẹ bầu cần trong suốt thai kỳ</strong></p>\r\n\r\n<p>Kh&ocirc;ng chỉ trong thai kỳ m&agrave; ngay trước thai kỳ mẹ cần bổ sung canxi hợp l&yacute;, sau sinh mẹ cũng cần tiếp tục bổ sung canxi để gi&uacute;p ph&aacute;t triển hệ xương của b&eacute; cũng như tăng sức khỏe hệ xương của mẹ, ph&ograve;ng chống lo&atilde;ng xương.</p>\r\n\r\n<p>Trong thai kỳ, mẹ bầu cần bổ sung canxi theo từng giai đoạn.</p>\r\n\r\n<p>- 3 th&aacute;ng đầu: 800mg canxi/ng&agrave;y</p>\r\n\r\n<p>- 3 th&aacute;ng giữa: 1200mg canxi/ng&agrave;y</p>\r\n\r\n<p>- 3 th&aacute;ng cuối: 1500mg canxi/ng&agrave;y</p>\r\n\r\n<p>Một số b&agrave; bầu chọn vi&ecirc;n uống canxi, c&oacute; b&agrave; bầu bổ sung canxi qua thức ăn h&agrave;ng ng&agrave;y trong c&aacute;c loại như: t&ocirc;m, cua, c&aacute;, ghẹ, sữa&hellip; Tuy nhi&ecirc;n, kh&ocirc;ng chỉ trong c&aacute;c loại thức ăn n&agrave;y, m&agrave; trong tr&aacute;i c&acirc;y cũng chứa một lượng lớn canxi, b&agrave; bầu c&oacute; thể nh&acirc;m nhi tr&aacute;i c&acirc;y suốt cả ng&agrave;y m&agrave; kh&ocirc;ng lo tăng c&acirc;n qu&aacute; mức lại bổ sung đủ lượng canxi cần thiết cho sự ph&aacute;t triển của b&eacute;.</p>\r\n\r\n<p><strong>Top 9 loại tr&aacute;i c&acirc;y gi&agrave;u canxi tốt cho b&agrave; bầu</strong></p>\r\n\r\n<p><strong>1/ Quả d&acirc;u t&acirc;y</strong></p>', 'default', NULL, '9-loai-trai-cay-giau-canxi-me-an-nhieu-cho-con-cao-lon-thong-minh', NULL, NULL, '/library/images/tintuc/t7.png', '', 'post', 0, 'Chuyên trang', NULL, NULL, NULL, NULL, '2018-10-01 03:51:07', NULL),
(50, 'Nhà thuốc bệnh viên', NULL, NULL, 'danh-muc-tin-tuc', NULL, 'nha-thuoc-benh-vien', NULL, NULL, NULL, '', 'page', 0, NULL, NULL, NULL, NULL, NULL, '2018-10-01 04:07:49', NULL),
(22, 'GREEN CALCIUM 30 VIÊN - BỔ SUNG CANXI HỮU CƠ CHO BÀ BẦU VÀ TRẺ NH', NULL, '<p><strong>C&Ocirc;NG DỤNG:</strong></p>\r\n\r\n<p>- Bổ sung canxi hữu cơ dễ hấp thu, gi&uacute;p ph&ograve;ng chống lo&atilde;ng xương, thiếu canxi mạn, tụt canxi trong m&aacute;u</p>\r\n\r\n<p>- Tăng mật độ xương gi&uacute;p xương chắc khỏe, gi&uacute;p chắc răng, ngăn ngừa g&atilde;y xương</p>\r\n\r\n<p>- Đảm bảo sự ph&aacute;t triển tốt của mẹ v&agrave; thai nhi, giảm tỷ lệ nguy cơ tiền sản giật v&agrave; sinh non</p>\r\n\r\n<p>- Duy tr&igrave; huyết &aacute;p ổn định, điều h&ograve;a nhịp tim, tăng sức đề kh&aacute;ng&nbsp;v&agrave; tăng cường miễn dịch.</p>\r\n\r\n<p>- Gi&uacute;p trẻ tăng cường ph&aacute;t triển chiều cao, chống c&ograve;i xương, suy dinh dưỡng</p>\r\n\r\n<p><strong>ƯU ĐIỂM VƯỢT TRỘI CỦA GREEN CALCIUM</strong></p>\r\n\r\n<p><strong>CUNG CẤP 1000MG CANXI HỮU CƠ C&Ugrave;NG C&Ocirc;NG THỨC ƯU VIỆT GI&Uacute;P CƠ THỂ HẤP THU CANXI HIỆU QUẢ NHẤT</strong></p>\r\n\r\n<p><strong>1. Chiết xuất ho&agrave;n to&agrave;n l&agrave; canxi hữu cơ</strong></p>\r\n\r\n<p><strong>Canxi hữu c</strong><strong>ơ</strong>&nbsp;l&agrave; chất được cấu th&agrave;nh từ ion Canxi với c&aacute;c loại hợp chất hữu cơ, v&iacute; dụ như Canxi Gluconat (T&ecirc;n đầy đủ Canxi Lactac Gluconat).</p>\r\n\r\n<p>C&ograve;n&nbsp;<strong>Canxi v&ocirc; c</strong><strong>ơ&nbsp;</strong>l&agrave; chất được cấu th&agrave;nh từ ion Canxi với c&aacute;c hợp chất v&ocirc; cơ, v&iacute; dụ như: Canxi Cacbonat, Canxi sulfate (CaSO4), Canxi chloride (CaCl&not;2) &hellip; Về m&ugrave;i vị th&igrave; Canxi v&ocirc; cơ thường c&oacute; vị tanh, ng&aacute;i v&agrave; kh&oacute; uống, c&ograve;n Canxi hữu cơ th&igrave; c&oacute; m&ugrave;i vị tự nhi&ecirc;n v&agrave; thơm ngon hơn.</p>\r\n\r\n<p>&diams;&nbsp;<strong>Tại sao canxi hữu cơ lại tốt hơn c&aacute;c loại canxi v&ocirc; cơ?</strong></p>\r\n\r\n<p>Canxi tại ruột được hấp thu theo cơ chế vận chuyển thụ động, do đ&oacute; muốn hấp thu được Canxi th&igrave; n&oacute; phải ở dạng h&ograve;a tan hoặc li&ecirc;n kết với hợp chất hữu cơ (dạng Canxi hữu cơ) th&igrave; mới hấp thu được. V&igrave; vậy, cơ thể người dễ d&agrave;ng hấp thu Canxi hữu cơ v&agrave; kh&ocirc;ng g&acirc;y lắng đọng tại thận.&nbsp;C&ograve;n Canxi v&ocirc; cơ th&igrave; cơ thể người rất kh&oacute; hấp thu, c&oacute; thể g&acirc;y sỏi thận v&agrave; sỏi b&agrave;ng quang hoặc g&acirc;y rối loạn ti&ecirc;u h&oacute;a (ti&ecirc;u chảy, t&aacute;o b&oacute;n).</p>\r\n\r\n<p><img alt=\"Green canxi\" src=\"https://nhathuoc365.vn/upload_images/images/cover-green-canxi-02.jpg\" /></p>\r\n\r\n<p><strong>2. C&ocirc;ng thức D3 + K2 gi&uacute;p hấp thụ canxi một c&aacute;ch hiệu quả nhất</strong></p>\r\n\r\n<p>&diams;&nbsp;<strong>Vitamin D3</strong></p>\r\n\r\n<p>Vitamin D3 đ&oacute;ng vai tr&ograve; l&agrave; chất gi&uacute;p tăng hấp thụ canxi (tạo ra c&aacute;c nguy&ecirc;n b&agrave;o osteocalcin ở ruột, tăng t&aacute;i hấp thu canxi ở thận v&agrave; tăng canxi h&oacute;a sụn gi&uacute;p xương ph&aacute;t triển d&agrave;i ra.</p>\r\n\r\n<p>Vitamin D3 gi&uacute;p tăng cường hấp thu Canxi qua ruột. Nếu kh&ocirc;ng c&oacute; vitamin D3 th&igrave; cơ thể chỉ hấp thu được khoảng 10% lượng canxi bổ sung v&agrave;o.</p>\r\n\r\n<p>Bạn c&oacute; thể t&igrave;m thấy mối li&ecirc;n kết giữa Canxi, vitamin D3 v&agrave; K2 c&ugrave;ng đa dạng c&aacute;c kho&aacute;ng chất cần thiết cho xương như Magie, Vitamin C... trong 1 số sản phẩm thực phẩm bổ sung canxi như Green Canxi. V&agrave; sử dụng c&aacute;c loại sản phẩm n&agrave;y ch&iacute;nh l&agrave; một trong những biện ph&aacute;p điều trị lo&atilde;ng xương kh&ocirc;ng phải d&ugrave;ng thuốc.</p>\r\n\r\n<p>&diams;&nbsp;<strong>Vitamin K2</strong></p>\r\n\r\n<p>Được xem l&agrave; một nh&acirc;n tố kh&ocirc;ng thể thiếu gi&uacute;p k&iacute;ch hoạt c&aacute;c nguy&ecirc;n b&agrave;o cấu tạo xương (osteocalcin).</p>\r\n\r\n<p>Khi cơ thể thiếu Vitamin K2, osteocalcin d&ugrave; đ&atilde; được tạo ra nhưng vẫn kh&ocirc;ng c&oacute; khả năng gắn v&agrave; mang canxi v&agrave;o khung xương. Hơn nữa, sự kết hợp giữa Vitamin K2 v&agrave; Vitamin D3 gi&uacute;p hấp thu v&agrave; vận chuyển Canxi v&agrave;o tận xương v&agrave; ngăn canxi đến chỗ nguy hiểm l&agrave; th&agrave;nh mạch m&aacute;u v&agrave; m&ocirc; mềm để g&acirc;y t&aacute;c dụng phụ (Xơ vữa động mạch, v&ocirc;i h&oacute;a m&ocirc; mềm, lắng đọng canxi g&acirc;y sỏi thận&hellip;).</p>\r\n\r\n<p>Cần nhớ rằng, vitamin K2 sẽ kh&ocirc;ng thể hoạt động hiệu quả một m&igrave;nh. Cần phải cung cấp cho cơ thể đủ vitamin D3 trong chế độ ăn hoặc từ thực phẩm bổ sung do vitamin D3 c&oacute; t&aacute;c dụng hiệp đồng với vitamin K2.</p>\r\n\r\n<p><img alt=\"Vitamin K2\" src=\"https://nhathuoc365.vn/upload_images/images/Untitled(1).png\" /></p>\r\n\r\n<p><em>C&aacute;c osteocalcin sau khi được k&iacute;ch hoạt mới c&oacute; khả năng gắn kết để đưa canxi từ m&aacute;u gắn v&agrave;o xương v&agrave; ức chế sự t&iacute;ch tụ canxi ở th&agrave;nh mạch m&aacute;u.</em></p>\r\n\r\n<p><strong>&nbsp;</strong>&diams;&nbsp;<strong>Magie</strong></p>\r\n\r\n<p>Magie c&oacute; v&agrave;i tr&ograve; cực kỳ quan trọng đối với cơ thể. N&oacute; l&agrave; th&agrave;nh phần thiết yếu gi&uacute;p&nbsp;x&acirc;y dựng c&aacute;c tổ chức m&ocirc; trong đ&oacute; c&oacute; xương, tham gia v&agrave;o th&agrave;nh phần của nhiều loại men điều h&ograve;a c&aacute;c chức năng kh&aacute;c nhau của cơ thể.&nbsp;</p>\r\n\r\n<p>&diams;&nbsp;<strong>Vitamin C</strong></p>', 'default', NULL, 'green-calcium-30-vien-bo-sung-canxi-huu-co-cho-ba-bau-va-tre-nh', NULL, NULL, '/library/images/sanpham/s2(1).png', NULL, 'product', 0, 'Sản phẩm,Sản phẩm mới,Sản phẩm khuyến mãi,Sản phẩm tiêu biểu,Khuyến mãi đặc biệt', NULL, NULL, NULL, NULL, '2018-10-03 04:30:00', NULL),
(23, 'BONI-SMOK- NƯỚC SÚC MIỆNG CAI THUỐC LÁ', NULL, '<p><strong>C&Ocirc;NG DỤNG</strong></p>\r\n\r\n<p>- L&agrave;m sạch miệng, chống h&ocirc;i miệng, ph&ograve;ng vi&ecirc;m lợi, ngừa s&acirc;u răng.</p>\r\n\r\n<p>- L&agrave;m thay đổi m&ugrave;i vị thuốc l&aacute; khi h&uacute;t.</p>\r\n\r\n<p>- Gi&uacute;p bạn sớm bỏ thuốc l&aacute;.</p>\r\n\r\n<p><strong>CƠ CHẾ CAI THUỐC L&Aacute; CỦA BONI-SMOK</strong></p>\r\n\r\n<p>Với th&agrave;nh phần thảo dược như bồ c&ocirc;ng anh, kim ng&acirc;n hoa, c&uacute;c hoa...Boni smok sẽ phản ứng với nicotine trong kh&oacute;i thuốc l&agrave;m mất vị ngon v&agrave; m&ugrave;i thơm của thuốc l&aacute;, gi&uacute;p bạn hết cơn th&egrave;m thuốc. Nước&nbsp;s&uacute;c miệng boni smok kh&ocirc;ng g&acirc;y t&aacute;c dụng phụ, an to&agrave;n cho cơ thể gi&uacute;p l&agrave;m sạch miệng, chống h&ocirc;i miệng, ph&ograve;ng ngừa vi&ecirc;m lợi v&agrave; s&acirc;u răng.&nbsp;Tỷ lệ cai thuốc l&aacute; th&agrave;nh c&ocirc;ng kh&aacute; cao, hiệu quả với cả những người nghiện thuốc l&aacute; l&acirc;u năm. T&ugrave;y theo mức độ nặng nhẹ của bệnh nh&acirc;n c&oacute; thể cai thuốc l&aacute; trong v&ograve;ng 3-7 ng&agrave;y.</p>\r\n\r\n<p><img alt=\"\" src=\"https://nhathuoc365.vn/upload_images/images/nuoc-suc-mieng-cai-thuoc-la-boni-smok-1-jpg-1471515436-18082016171716(1).jpg\" /></p>\r\n\r\n<p><strong>TH&Agrave;NH PHẦN</strong></p>\r\n\r\n<p>&nbsp;- Tinh chất kim ng&acirc;n hoa: 5g</p>\r\n\r\n<p>&nbsp;- Tinh chất bồ c&ocirc;ng anh:&nbsp; 5g</p>\r\n\r\n<p>&nbsp;- Tinh chất c&uacute;c hoa: 5g</p>\r\n\r\n<p>&nbsp;- Tinh dầu quế: 0.5g</p>\r\n\r\n<p>&nbsp;- Acid citric: 1g</p>\r\n\r\n<p>- Natri sunfat: 0,15g</p>\r\n\r\n<p>&nbsp;- Nước cất vừa đủ: 250m</p>\r\n\r\n<p><strong>C&Aacute;CH SỬ DỤNG</strong></p>\r\n\r\n<p>Ng&agrave;y s&uacute;c miệng 2-3 lần, mỗi lần 10-20 ml trước khi h&uacute;t thuốc. S&uacute;c miệng trong khoảng 30 gi&acirc;y. Kh&ocirc;ng được uống</p>\r\n\r\n<p><strong>BẢO QUẢN:</strong>&nbsp;Để nơi kh&ocirc; m&aacute;t, tr&aacute;nh &aacute;nh s&aacute;ng mặt trời</p>\r\n\r\n<p>Ch&uacute; &yacute;: Kh&ocirc;ng được uống</p>\r\n\r\n<p>Chưa c&oacute; b&aacute;o c&aacute;o</p>\r\n\r\n<p>Sản phẩm kh&ocirc;ng&nbsp; phải l&agrave; thuốc, kh&ocirc;ng c&oacute; t&aacute;c dụng thay thế thuốc chữa bệnh.</p>', 'default', NULL, 'boni-smok-nuoc-suc-mieng-cai-thuoc-la', NULL, NULL, '/library/images/sanpham/s3.jpeg', NULL, 'product', 0, 'Thực phẩm chức năng,Vitamin - khoáng chất,Thuốc bổ thần kinh', NULL, NULL, NULL, NULL, '2018-10-03 04:29:57', NULL),
(24, 'TINH CHẤT NGHỆ AKI UKON NANO - NANO AKI UKON TURMERIC EXTRACT GRANULE', NULL, '<p style=\"margin-left:0px; margin-right:0px; text-align:justify\"><span style=\"font-size:12.8px\"><span style=\"background-color:#ffffff\"><span style=\"color:#222222\"><span style=\"font-family:arial,sans-serif\"><span style=\"font-size:12.8px\"><span style=\"font-family:arial,helvetica,sans-serif\"><span style=\"font-size:16px\"><span style=\"font-size:16px\"><span style=\"color:#ff0000\"><strong>C&Ocirc;NG DỤNG:</strong></span></span></span></span></span></span></span></span></span></p>\r\n\r\n<p style=\"margin-left:0px; margin-right:0px; text-align:justify\"><span style=\"font-size:12.8px\"><span style=\"background-color:#ffffff\"><span style=\"color:#222222\"><span style=\"font-family:arial,sans-serif\">&nbsp;</span></span></span></span></p>\r\n\r\n<p style=\"margin-left:0px; margin-right:0px; text-align:justify\"><span style=\"font-size:12.8px\"><span style=\"background-color:#ffffff\"><span style=\"color:#222222\"><span style=\"font-family:arial,sans-serif\"><span style=\"font-size:12.8px\"><span style=\"font-family:arial,helvetica,sans-serif\"><span style=\"font-size:14px\"><span style=\"font-size:14px\">- Được&nbsp;sản xuất theo c&ocirc;ng nghệ tạo hạt nano, c&oacute; t&aacute;c dụng gi&uacute;p tăng cường khả năng hấp thu cơ thể, cho t&aacute;c dụng nhanh ch&oacute;ng v&agrave; hiệu quả cao.</span></span></span></span></span></span></span></span></p>\r\n\r\n<p style=\"margin-left:0px; margin-right:0px; text-align:justify\"><span style=\"font-size:12.8px\"><span style=\"background-color:#ffffff\"><span style=\"color:#222222\"><span style=\"font-family:arial,sans-serif\">&nbsp;</span></span></span></span></p>\r\n\r\n<p style=\"margin-left:0px; margin-right:0px; text-align:justify\"><span style=\"font-size:12.8px\"><span style=\"background-color:#ffffff\"><span style=\"color:#222222\"><span style=\"font-family:arial,sans-serif\"><span style=\"font-size:12.8px\"><span style=\"font-family:arial,helvetica,sans-serif\"><span style=\"font-size:14px\"><span style=\"font-size:14px\"><span style=\"color:#333333\">- Chống oxy h&oacute;a, chống vi&ecirc;m mạnh, trung h&ograve;a c&aacute;c gốc tự do, ngăn ngừa đột biến tế b&agrave;o, tăng cường miễn dịch, gi&uacute;p ph&ograve;ng ngừa ung thư hiệu quả.</span></span></span></span></span></span></span></span></span></p>\r\n\r\n<p style=\"margin-left:0px; margin-right:0px; text-align:justify\"><span style=\"font-size:14px\"><span style=\"color:#333333\"><span style=\"font-family:arial\"><span style=\"background-color:#ffffff\"><span style=\"font-size:14px\"><span style=\"font-family:arial,helvetica,sans-serif\"><span style=\"font-size:14px\">- Hoạt h&oacute;a qu&aacute; tr&igrave;nh tự chết của tế b&agrave;o ung thư, ngăn chặn tế b&agrave;o ung thư nhận được nguồn dinh dưỡng, l&agrave;m khối ung thư bị c&ocirc; lập, tự hủy, hiệu quả cao trong việc điều trị ung thư.</span></span></span></span></span></span></span></p>\r\n\r\n<p style=\"margin-left:0px; margin-right:0px; text-align:justify\"><span style=\"font-size:14px\"><span style=\"color:#333333\"><span style=\"font-family:arial\"><span style=\"background-color:#ffffff\"><span style=\"font-size:14px\"><span style=\"font-family:arial,helvetica,sans-serif\"><span style=\"font-size:14px\">- Tăng cường tiết chất nh&agrave;y bảo vệ dạ d&agrave;y, ức chế hoạt động của vi khuẩn Hp, đồng thời th&uacute;c đẩy qu&aacute; tr&igrave;nh t&aacute;i tạo ni&ecirc;m mạc dạ d&agrave;y, gi&uacute;p nhanh liền vết lo&eacute;t,&nbsp; Tinh chất Nghệ Aki Ukon Nano&nbsp;gi&uacute;p ph&ograve;ng ngừa, hỗ trợ điều trị&nbsp; v&agrave; ngăn ngừa t&aacute;i ph&aacute;t tr&igrave;nh trạng vi&ecirc;m lo&eacute;t dạ d&agrave;y&nbsp; t&aacute; tr&agrave;ng hiệu quả.</span></span></span></span></span></span></span></p>\r\n\r\n<p style=\"margin-left:0px; margin-right:0px; text-align:justify\"><span style=\"font-size:14px\"><span style=\"color:#333333\"><span style=\"font-family:arial\"><span style=\"background-color:#ffffff\"><span style=\"font-size:14px\"><span style=\"font-family:arial,helvetica,sans-serif\"><span style=\"font-size:14px\">- Theo Đ&ocirc;ng y, tinh chất nghệ c&ograve;n gi&uacute;p bổ huyết, gi&uacute;p hoạt huyết, c&oacute; t&aacute;c dụng gi&uacute;p tăng cường lưu th&ocirc;ng kh&iacute; huyết; mặt kh&aacute;c tinh chất nghệ gi&uacute;p nu&ocirc;i dưỡng da, chống oxy h&oacute;a, cho trẻ h&oacute;a da cũng như nhanh liền vết sẹo tr&ecirc;n da, c&oacute; khả năng tăng cường h&igrave;nh th&agrave;nh da non, nhanh liền vết thương.</span></span></span></span></span></span></span></p>\r\n\r\n<p style=\"margin-left:0px; margin-right:0px; text-align:justify\"><span style=\"font-size:14px\"><span style=\"color:#333333\"><span style=\"font-family:arial\"><span style=\"background-color:#ffffff\"><span style=\"font-size:14px\"><span style=\"font-family:arial,helvetica,sans-serif\"><span style=\"font-size:16px\"><strong>CƠ CHẾ T&Aacute;C DỤNG:</strong></span></span></span></span></span></span></span></p>\r\n\r\n<p style=\"margin-left:0px; margin-right:0px; text-align:start\"><span style=\"font-size:14px\"><span style=\"color:#333333\"><span style=\"font-family:arial\"><span style=\"background-color:#ffffff\"><span style=\"font-size:14px\"><span style=\"font-family:arial,helvetica,sans-serif\"><span style=\"font-size:14px\">Chiết xuất tinh chất nghệ m&ugrave;a thu cho h&agrave;m lượng Curcumin cao.</span></span></span></span></span></span></span></p>\r\n\r\n<p style=\"margin-left:0px; margin-right:0px; text-align:start\"><span style=\"font-size:14px\"><span style=\"color:#333333\"><span style=\"font-family:arial\"><span style=\"background-color:#ffffff\"><span style=\"font-size:14px\"><span style=\"font-family:arial,helvetica,sans-serif\"><span style=\"font-size:14px\">- Curcumin l&agrave; hợp chất chống oxy h&oacute;a mạnh, gi&uacute;p trung h&ograve;a c&aacute;c gốc tự do, ngăn chặn việc biến đổi cấu tr&uacute;c&nbsp; tế b&agrave;o. B&ecirc;n cạnh đ&oacute;, curcumin c&ograve;n c&oacute; t&aacute;c dụng chống vi&ecirc;m hiệu quả do c&oacute; khả năng ức chế h&igrave;nh th&agrave;nh c&aacute;c chất g&acirc;y vi&ecirc;m. Qu&aacute; tr&igrave;nh vi&ecirc;m l&acirc;u ng&agrave;y sẽ c&oacute; nguy cơ cao dẫn tới bệnh ung thư. Trong qu&aacute; tr&igrave;nh bị ung thư cũng xảy ra vi&ecirc;m g&acirc;y n&ecirc;n t&igrave;nh trạng suy kiệt, giảm c&acirc;n ở bệnh nh&acirc;n. Bởi vậy, curcumin c&oacute; t&aacute;c dụng ph&ograve;ng bệnh, gi&uacute;p ph&ograve;ng ngừa ung thư cũng như nhiều bệnh l&yacute; kh&aacute;c.</span></span></span></span></span></span></span></p>\r\n\r\n<p style=\"margin-left:0px; margin-right:0px; text-align:start\"><span style=\"font-size:14px\"><span style=\"color:#333333\"><span style=\"font-family:arial\"><span style=\"background-color:#ffffff\"><span style=\"font-size:14px\"><span style=\"font-family:arial,helvetica,sans-serif\"><span style=\"font-size:14px\">- Curcumin l&agrave; chất huỷ diệt ung thư&nbsp; theo cơ chế huỷ diệt từng bước c&aacute;c tế b&agrave;o &aacute;c t&iacute;nh m&agrave; kh&ocirc;ng ảnh hưởng tới tế b&agrave;o l&agrave;nh t&iacute;nh. Curcumin đ&atilde; đuợc c&aacute;c nh&agrave; khoa học thế giới cho l&agrave; chất ti&ecirc;u biểu nhất cho thế hệ mới c&aacute;c chất chống ung thư. T&aacute;c dụng ph&ograve;ng ngừa ung thư mạnh, ngăn chặn 3 giai đoạn của bệnh ung thư:</span></span></span></span></span></span></span></p>\r\n\r\n<p style=\"margin-left:0px; margin-right:0px; text-align:start\"><span style=\"font-size:14px\"><span style=\"color:#333333\"><span style=\"font-family:arial\"><span style=\"background-color:#ffffff\"><span style=\"font-size:14px\"><span style=\"font-family:arial,helvetica,sans-serif\"><span style=\"font-size:14px\">&nbsp;+ Giai đoạn h&igrave;nh th&agrave;nh: Curcumin g&acirc;y ức chế qu&aacute; tr&igrave;nh sao ch&eacute;p tế b&agrave;o ung thư, giảm đột biến tế b&agrave;o,&nbsp; trung h&ograve;a gốc tự do &ndash; t&aacute;c nh&acirc;n h&igrave;nh th&agrave;nh tế b&agrave;o ung thư.</span></span></span></span></span></span></span></p>\r\n\r\n<p style=\"margin-left:0px; margin-right:0px; text-align:start\"><span style=\"font-size:14px\"><span style=\"color:#333333\"><span style=\"font-family:arial\"><span style=\"background-color:#ffffff\"><span style=\"font-size:14px\"><span style=\"font-family:arial,helvetica,sans-serif\"><span style=\"font-size:14px\">&nbsp;+ Giai đoạn ph&aacute;t triển: Curcumin đẩy nhanh qu&aacute; tr&igrave;nh tự chết của tế b&agrave;o ung thư, l&agrave;m gia tăng về số lượng c&aacute;c tế b&agrave;o miễn dịch gi&uacute;p tấn c&ocirc;ng c&oacute; chọn lọc tế b&agrave;o ung thư.</span></span></span></span></span></span></span></p>\r\n\r\n<p style=\"margin-left:0px; margin-right:0px; text-align:start\"><span style=\"font-size:14px\"><span style=\"color:#333333\"><span style=\"font-family:arial\"><span style=\"background-color:#ffffff\"><span style=\"font-size:14px\"><span style=\"font-family:arial,helvetica,sans-serif\"><span style=\"font-size:14px\">&nbsp;+ Giai đoạn di căn ung thư: Curcumin l&agrave;m suy giảm sự h&igrave;nh th&agrave;nh mạch m&aacute;u,&nbsp; l&agrave;m tế b&agrave;o ung thư chết do kh&ocirc;ng c&oacute; dưỡng chất để nu&ocirc;i dưỡng, ngăn chặn qu&aacute; tr&igrave;nh di căn ung thư.</span></span></span></span></span></span></span></p>\r\n\r\n<p style=\"margin-left:0px; margin-right:0px; text-align:start\"><span style=\"font-size:14px\"><span style=\"color:#333333\"><span style=\"font-family:arial\"><span style=\"background-color:#ffffff\"><span style=\"font-size:14px\"><span style=\"font-family:arial,helvetica,sans-serif\"><span style=\"font-size:14px\">Đặc biệt, Curcumin kh&ocirc;ng g&acirc;y t&aacute;c dụng phụ, l&agrave;m giảm độc t&iacute;nh của xạ trị, h&oacute;a trị.</span></span></span></span></span></span></span></p>\r\n\r\n<p style=\"margin-left:0px; margin-right:0px; text-align:start\"><span style=\"font-size:14px\"><span style=\"color:#333333\"><span style=\"font-family:arial\"><span style=\"background-color:#ffffff\"><span style=\"font-size:14px\"><span style=\"font-family:arial,helvetica,sans-serif\"><span style=\"font-size:14px\">- Curcumin gi&uacute;p tăng cường tiết chất nh&agrave;y bảo vệ dạ d&agrave;y, ức chế hoạt động của vi khuẩn Hp, đồng thời th&uacute;c đẩy qu&aacute; tr&igrave;nh t&aacute;i tạo ni&ecirc;m mạc dạ d&agrave;y, gi&uacute;p nhanh liền vết lo&eacute;t, n&ecirc;n gi&uacute;p ph&ograve;ng ngừa, hỗ trợ điều trị&nbsp; v&agrave; ngăn ngừa t&aacute;i ph&aacute;t tr&igrave;nh trạng vi&ecirc;m lo&eacute;t dạ d&agrave;y&nbsp; t&aacute; tr&agrave;ng hiệu quả.</span></span></span></span></span></span></span></p>\r\n\r\n<p style=\"margin-left:0px; margin-right:0px; text-align:start\"><span style=\"font-size:14px\"><span style=\"color:#333333\"><span style=\"font-family:arial\"><span style=\"background-color:#ffffff\"><span style=\"font-size:14px\"><span style=\"font-family:arial,helvetica,sans-serif\"><span style=\"font-size:14px\">- Curcumin gi&uacute;p phục hồi v&agrave; tăng cường chức năng giải độc của gan. Curcumin gi&uacute;p h&igrave;nh th&agrave;nh c&aacute;c enzym giải độc cho gan. Đặc biệt l&agrave; Glutathion S- transferase, l&agrave;m hạ men gan, tăng cường chức năng gan; chống oxy h&oacute;a, trung h&ograve;a c&aacute;c gốc tự do, gi&uacute;p bảo vệ tế b&agrave;o gan; giảm xơ gan, giảm nồng độ Cholesterol trong m&aacute;u v&igrave; thế c&oacute; khả năng giảm sự h&igrave;nh th&agrave;nh gan nhiễm mỡ v&agrave; gi&uacute;p lợi mật.</span></span></span></span></span></span></span></p>\r\n\r\n<p style=\"margin-left:0px; margin-right:0px; text-align:start\"><span style=\"font-size:14px\"><span style=\"color:#333333\"><span style=\"font-family:arial\"><span style=\"background-color:#ffffff\"><span style=\"font-size:14px\"><span style=\"font-family:arial,helvetica,sans-serif\"><span style=\"font-size:14px\">&nbsp;[<em>Tr&iacute;ch từ t&agrave;i liệu nghi&ecirc;n cứu l&acirc;m s&agrave;ng của Mỹ v&agrave; Viện sinh học Kanehide của Nhật bản c&ugrave;ng với c&aacute;c nghi&ecirc;n cứu của GS. TS Đ&agrave;o Văn Phan ( Đại học Y H&agrave; Nội ) về t&aacute;c dụng của Curcumin với sức khỏe con người</em>.].</span></span></span></span></span></span></span></p>\r\n\r\n<p style=\"margin-left:0px; margin-right:0px; text-align:center\"><span style=\"font-size:14px\"><span style=\"color:#333333\"><span style=\"font-family:arial\"><span style=\"background-color:#ffffff\">&nbsp;</span></span></span></span></p>\r\n\r\n<p style=\"margin-left:0px; margin-right:0px; text-align:center\"><span style=\"font-size:14px\"><span style=\"color:#333333\"><span style=\"font-family:arial\"><span style=\"background-color:#ffffff\"><span style=\"font-size:14px\"><span style=\"font-family:arial,helvetica,sans-serif\"><span style=\"font-size:14px\"><img alt=\"tinh chất nghệ mùa xuân\" src=\"https://nhathuoc365.vn/upload_images/images/tinh-chat-nghe-aki-ukon-nano-nano-aki-ukon-turmeric-extract-granule3.png\" style=\"border:0px; box-sizing:border-box; color:transparent; font-size:0px; height:376px; margin:0px; padding:0px; vertical-align:middle; width:600px\" /></span></span></span></span></span></span></span></p>\r\n\r\n<p style=\"margin-left:0px; margin-right:0px; text-align:center\"><span style=\"font-size:14px\"><span style=\"color:#333333\"><span style=\"font-family:arial\"><span style=\"background-color:#ffffff\"><span style=\"font-size:14px\"><span style=\"font-family:arial,helvetica,sans-serif\"><span style=\"font-size:14px\"><em>Cơ chế t&aacute;c dụng của th&agrave;nh phần curcumin c&oacute; trong tinh chất nghệ nano dạng g&oacute;i</em></span></span></span></span></span></span></span></p>\r\n\r\n<p style=\"margin-left:0px; margin-right:0px; text-align:start\"><span style=\"font-size:14px\"><span style=\"color:#333333\"><span style=\"font-family:arial\"><span style=\"background-color:#ffffff\"><span style=\"font-size:14px\"><span style=\"font-family:arial,helvetica,sans-serif\"><span style=\"font-size:16px\"><span style=\"font-size:16px\"><span style=\"color:#ff0000\"><strong>TH&Agrave;NH PHẦN V&Agrave; C&Ocirc;NG DỤNG CỦA MỘT SỐ TH&Agrave;NH PHẦN CH&Iacute;NH C&Oacute; TRONG TINH CHẤT NGHỆ AKI UKON NANO</strong></span></span></span></span></span></span></span></span></span></p>\r\n\r\n<p style=\"margin-left:0px; margin-right:0px; text-align:start\"><span style=\"font-size:12.8px\"><span style=\"background-color:#ffffff\"><span style=\"color:#222222\"><span style=\"font-family:arial,sans-serif\"><span style=\"font-size:12.8px\"><span style=\"font-family:arial,helvetica,sans-serif\"><span style=\"font-size:14px\">Chiết xuất tinh chất nghệ m&ugrave;a thu (Okinawa)</span></span></span></span></span></span></span></p>\r\n\r\n<p style=\"margin-left:0px; margin-right:0px; text-align:start\"><span style=\"font-size:12.8px\"><span style=\"background-color:#ffffff\"><span style=\"color:#222222\"><span style=\"font-family:arial,sans-serif\">&nbsp;</span></span></span></span></p>\r\n\r\n<p style=\"margin-left:0px; margin-right:0px; text-align:start\"><span style=\"font-size:12.8px\"><span style=\"background-color:#ffffff\"><span style=\"color:#222222\"><span style=\"font-family:arial,sans-serif\"><span style=\"font-size:12.8px\"><span style=\"font-family:arial,helvetica,sans-serif\"><span style=\"font-size:14px\">Dextrin</span></span></span></span></span></span></span></p>\r\n\r\n<p style=\"margin-left:0px; margin-right:0px; text-align:start\"><span style=\"font-size:12.8px\"><span style=\"background-color:#ffffff\"><span style=\"color:#222222\"><span style=\"font-family:arial,sans-serif\">&nbsp;</span></span></span></span></p>\r\n\r\n<p style=\"margin-left:0px; margin-right:0px; text-align:start\"><span style=\"font-size:12.8px\"><span style=\"background-color:#ffffff\"><span style=\"color:#222222\"><span style=\"font-family:arial,sans-serif\"><span style=\"font-size:12.8px\"><span style=\"font-family:arial,helvetica,sans-serif\"><span style=\"font-size:14px\">Lecithine đậu n&agrave;nh</span></span></span></span></span></span></span></p>\r\n\r\n<p style=\"margin-left:0px; margin-right:0px; text-align:start\"><span style=\"font-size:12.8px\"><span style=\"background-color:#ffffff\"><span style=\"color:#222222\"><span style=\"font-family:arial,sans-serif\">&nbsp;</span></span></span></span></p>\r\n\r\n<p style=\"margin-left:0px; margin-right:0px; text-align:start\"><span style=\"font-size:12.8px\"><span style=\"background-color:#ffffff\"><span style=\"color:#222222\"><span style=\"font-family:arial,sans-serif\"><span style=\"font-size:12.8px\"><span style=\"font-family:arial,helvetica,sans-serif\"><span style=\"font-size:14px\">Trehalose</span></span></span></span></span></span></span></p>\r\n\r\n<p style=\"margin-left:0px; margin-right:0px; text-align:start\"><span style=\"font-size:12.8px\"><span style=\"background-color:#ffffff\"><span style=\"color:#222222\"><span style=\"font-family:arial,sans-serif\">&nbsp;</span></span></span></span></p>\r\n\r\n<p style=\"margin-left:0px; margin-right:0px; text-align:start\"><span style=\"font-size:12.8px\"><span style=\"background-color:#ffffff\"><span style=\"color:#222222\"><span style=\"font-family:arial,sans-serif\"><span style=\"font-size:12.8px\"><span style=\"font-family:arial,helvetica,sans-serif\"><span style=\"font-size:14px\">Calcium phosphate</span></span></span></span></span></span></span></p>\r\n\r\n<p style=\"margin-left:0px; margin-right:0px; text-align:start\"><span style=\"font-size:12.8px\"><span style=\"background-color:#ffffff\"><span style=\"color:#222222\"><span style=\"font-family:arial,sans-serif\">&nbsp;</span></span></span></span></p>', 'default', NULL, 'tinh-chat-nghe-aki-ukon-nano-nano-aki-ukon-turmeric-extract-granule', NULL, NULL, '/library/images/sanpham/a1.jpg', NULL, 'product', 0, 'Khuyến mãi đặc biệt,Hỗ trợ ung thư,Nấm', NULL, NULL, NULL, NULL, '2018-10-03 04:29:54', NULL);
INSERT INTO `posts` (`post_id`, `title`, `description`, `content`, `template`, `tags`, `slug`, `user_id`, `is_hide`, `image`, `product_list`, `post_type`, `visiable`, `category_string`, `meta_title`, `meta_description`, `meta_keyword`, `created_at`, `updated_at`, `deleted_at`) VALUES
(25, 'TINH DẦU HƯƠNG QUYẾN RŨ – DÙNG CHO TỦ QUẦN ÁO', NULL, '<p>R&ecirc; chuột l&ecirc;n h&igrave;nh để ph&oacute;ng to</p>\r\n\r\n<h1>TINH DẦU HƯƠNG QUYẾN RŨ &ndash; D&Ugrave;NG CHO TỦ QUẦN &Aacute;O</h1>\r\n\r\n<p>Thương hiệu:&nbsp;<a href=\"https://nhathuoc365.vn/thuong-hieu-an-organics-th1\">An Organics</a></p>\r\n\r\n<p>M&atilde; sản phẩm:&nbsp;TD10</p>\r\n\r\n<ul>\r\n	<li>Loại sản phẩm:&nbsp;Tinh dầu kh&aacute;c</li>\r\n	<li>Dạng b&agrave;o chế:&nbsp;Dung dịch</li>\r\n	<li>Quy c&aacute;ch sản phẩm:&nbsp;Hộp 1 lọ x 5ml</li>\r\n	<li>H&agrave;m lượng:&nbsp;Nhiều th&agrave;nh phần</li>\r\n</ul>\r\n\r\n<p>195.000 đ</p>\r\n\r\n<form action=\"https://nhathuoc365.vn/index.php?module=product&amp;view=cart&amp;task=addCartMB&amp;id=445\" id=\"formQuantity\" method=\"post\">Số lượng:\r\n<p><input name=\"quantity\" type=\"text\" value=\"1\" /></p>\r\n</form>\r\n\r\n<p><a href=\"javascript:void(0)\">ĐẶT H&Agrave;NG</a><a href=\"javascript:void(0)\" id=\"add-cart-detail\" title=\"Cho vào giỏ hàng\">TH&Ecirc;M V&Agrave;O GIỎ H&Agrave;NG</a>&nbsp;&nbsp;</p>\r\n\r\n<p>Ngại đặt h&agrave;ng?</p>\r\n\r\n<p>Gọi ngay Hotline: 1800 8155<br />\r\n(Tư vấn miễn ph&iacute; - Thời gian: 8h00 - 20h30)</p>\r\n\r\n<p>Ngại gọi điện? Vui l&ograve;ng nhập số điện thoại</p>\r\n\r\n<form action=\"https://nhathuoc365.vn/tinh-dau-huong-quyen-ru-dung-cho-tu-quan-ao-pd445#\" id=\"frm_call_me445\" method=\"post\">\r\n<p><input name=\"txt_phone\" type=\"text\" /><a href=\"javascript:void(0)\">Gọi lại cho t&ocirc;i ngay</a></p>\r\n</form>\r\n\r\n<p>Gợi &yacute; t&igrave;m kiếm:</p>\r\n\r\n<p><a href=\"https://nhathuoc365.vn/tim-kiem-san-pham/?keyword=Tinh-d%E1%BA%A7u\" title=\"\">Tinh dầu,</a>&nbsp;<a href=\"https://nhathuoc365.vn/tim-kiem-san-pham/?keyword=-tinh-d%E1%BA%A7u-kh%E1%BB%AD-m%C3%B9i\" title=\"\">tinh dầu khử m&ugrave;i,</a>&nbsp;<a href=\"https://nhathuoc365.vn/tim-kiem-san-pham/?keyword=-kh%E1%BB%AD-m%C3%B9i-qu%E1%BA%A7n-%C3%A1o\" title=\"\">khử m&ugrave;i quần &aacute;o,</a>&nbsp;<a href=\"https://nhathuoc365.vn/tim-kiem-san-pham/?keyword=-tinh-d%E1%BA%A7u-h%C6%B0%C6%A1ng\" title=\"\">tinh dầu hương,</a></p>\r\n\r\n<p><strong>C&Ocirc;NG DỤNG</strong></p>\r\n\r\n<p>- Tinh dầu hương quyến rũ với t&ocirc;ng m&ugrave;i chủ đạo l&agrave; Ngọc lan t&acirc;y gi&uacute;p khử tr&ugrave;ng, s&aacute;t khuẩn, xua tan m&ugrave;i ẩm mốc, m&ugrave;i sợi vải kh&oacute; chịu trong tủ quần &aacute;o.&nbsp;&nbsp;</p>\r\n\r\n<p dir=\"ltr\">- Tinh chất từ tinh dầu hương quyến rũ dễ lan tỏa v&agrave; thấm s&acirc;u, gi&uacute;p quần &aacute;o giữ được hương thơm bền l&acirc;u v&agrave; quyến rũ. M&ugrave;i hương nhẹ dịu, kh&ocirc;ng g&acirc;y &ldquo;cho&aacute;ng v&aacute;ng, đau đầu&rdquo; như những loại tinh dầu pha trộn hương liệu hay t&uacute;i thơm nh&acirc;n tạo.</p>\r\n\r\n<p dir=\"ltr\">- M&ugrave;i hương Ngọc lan t&acirc;y chủ đạo tạo sự quyến rũ, ấn tượng với người đối diện khi tiếp x&uacute;c, tạo cảm hứng cho c&aacute;c c&acirc;u chuyện v&agrave; k&iacute;ch th&iacute;ch t&igrave;nh cảm lứa đ&ocirc;i.</p>\r\n\r\n<p dir=\"ltr\">- Kh&ocirc;ng chỉ thế, tinh dầu Ngọc Lan T&acirc;y c&ograve;n c&oacute; t&aacute;c dụng an thần, thư gi&atilde;n, trấn an đầu &oacute;c.</p>\r\n\r\n<p dir=\"ltr\"><strong>TH&Agrave;NH PHẦN CH&Iacute;NH</strong></p>\r\n\r\n<p>Chiết xuất từ tinh dầu Ngọc Lan t&acirc;y</p>\r\n\r\n<p><img alt=\"\" src=\"https://nhathuoc365.vn/upload_images/images/tinh-dau-huong-quyen-ru-dung-cho-tu-quan-ao-1521884201.png\" /></p>\r\n\r\n<p>&nbsp;</p>\r\n\r\n<p><strong>HƯỚNG DẪN SỬ DỤNG</strong></p>\r\n\r\n<p>Mở nắp gỗ, bỏ n&uacute;t nhựa ph&iacute;a trong, vặn lại nắp gỗ như cũ. Treo ở vị tr&iacute; bất k&igrave; trong tủ quần &aacute;o.&nbsp;</p>\r\n\r\n<p>Ngo&agrave;i c&ocirc;ng dụng để tr&ocirc;ng tủ quần &aacute;o, sản phẩm c&oacute; thể dễ d&agrave;ng sử dụng tại cơ quan, văn ph&ograve;ng, ph&ograve;ng kh&aacute;ch, ph&ograve;ng tắm hay tr&ecirc;n b&agrave;n l&agrave;m việc, tr&ecirc;n xe &ocirc; t&ocirc;... cũng sẽ khiến cho kh&ocirc;ng gian thơm m&aacute;t, thanh khiết, &ecirc;m dịu v&agrave; ngọt ng&agrave;o.</p>\r\n\r\n<p><strong>Khuyến c&aacute;o</strong></p>\r\n\r\n<p dir=\"ltr\">- Kh&ocirc;ng ăn, uống hay để tinh dầu rớt v&agrave;o mắt v&agrave; v&ugrave;ng nhạy cảm. Trong trường hợp sản phẩm d&iacute;nh v&agrave;o mắt h&atilde;y rửa kỹ bằng nước sạch.</p>\r\n\r\n<p dir=\"ltr\">- Kh&ocirc;ng nhỏ trực tiếp v&agrave;o lửa/nến hay nước tắm n&oacute;ng.</p>\r\n\r\n<p>&nbsp;</p>', 'default', NULL, 'tinh-dau-huong-quyen-ru-dung-cho-tu-quan-ao', NULL, NULL, '/library/images/sanpham/q1.png', NULL, 'product', 0, 'Khuyến mãi đặc biệt,Tinh dầu,Điều trị tiểu đường,Sản phẩm hỗ trợ,Tinh Dầu Organics,Dầu Nền', NULL, NULL, NULL, NULL, '2018-10-03 04:29:50', NULL),
(26, '1', NULL, NULL, 'default', NULL, '1-26', NULL, NULL, NULL, NULL, 'product', 0, 'Sản phẩm', NULL, NULL, NULL, NULL, '2018-09-26 03:39:55', '2018-09-26 03:39:55'),
(27, '1', NULL, NULL, 'default', NULL, '1-27', NULL, NULL, NULL, NULL, 'product', 0, 'Sản phẩm', NULL, NULL, NULL, NULL, '2018-09-26 03:39:46', '2018-09-26 03:39:46'),
(28, '1', NULL, NULL, 'default', NULL, '1-28', NULL, NULL, NULL, NULL, 'product', 0, 'Sản phẩm', NULL, NULL, NULL, NULL, '2018-09-26 03:39:42', '2018-09-26 03:39:42'),
(29, '1', NULL, NULL, 'default', NULL, '1-29', NULL, NULL, NULL, NULL, 'product', 0, 'Sản phẩm', NULL, NULL, NULL, NULL, '2018-09-26 03:39:20', '2018-09-26 03:39:20'),
(30, '1', NULL, NULL, 'default', NULL, '1-30', NULL, NULL, NULL, NULL, 'product', 0, 'Sản phẩm', NULL, NULL, NULL, NULL, '2018-09-26 03:39:37', '2018-09-26 03:39:37'),
(31, '1', NULL, NULL, 'default', NULL, '1-31', NULL, NULL, NULL, NULL, 'product', 0, 'Sản phẩm', NULL, NULL, NULL, NULL, '2018-09-26 03:39:33', '2018-09-26 03:39:33'),
(32, '1', NULL, NULL, 'default', NULL, '1-32', NULL, NULL, NULL, NULL, 'product', 0, 'Sản phẩm', NULL, NULL, NULL, NULL, '2018-09-26 03:37:23', '2018-09-26 03:37:23'),
(33, '1', NULL, NULL, 'default', NULL, '1-33', NULL, NULL, NULL, NULL, 'product', 0, 'Sản phẩm', NULL, NULL, NULL, NULL, '2018-09-26 03:37:17', '2018-09-26 03:37:17'),
(34, '1', NULL, NULL, 'default', NULL, '1-34', NULL, NULL, NULL, NULL, 'product', 0, 'Sản phẩm', NULL, NULL, NULL, NULL, '2018-09-26 03:37:09', '2018-09-26 03:37:09'),
(35, 'test 1', NULL, NULL, 'default', NULL, 'test-1', NULL, NULL, NULL, NULL, 'product', 0, 'Sản phẩm mới', NULL, NULL, NULL, NULL, '2018-09-27 03:40:21', '2018-09-27 03:40:21'),
(36, 'test1', NULL, NULL, 'default', NULL, 'test1', NULL, NULL, NULL, NULL, 'product', 0, '', NULL, NULL, NULL, NULL, '2018-09-27 03:41:19', '2018-09-27 03:41:19'),
(37, 'test 1', NULL, NULL, 'default', NULL, 'test-1', NULL, NULL, NULL, NULL, 'product', 0, 'Sản phẩm', NULL, NULL, NULL, NULL, '2018-09-27 05:53:56', '2018-09-27 05:53:56'),
(38, '\"Giải quyết\" tình trạng rụng tóc với 3 kinh nghiệm đơn giản', 'Bên cạnh làn da mịn màng, nụ cười rạng rỡ, đôi mắt hút hồn..., một mái tóc khỏe khoắn, suôn mượt cũng là “vũ khí” tối thượng giúp bạn tạo thiện cảm với người xung quanh. Dù là kiểu tóc gợn sóng bồng bềnh, tém tinh nghịch hay xù cá tính thì sự bóng mượt, căng tràn sức sống của tóc sẽ giúp bạn tự tin và duyên dáng hơn.', '<p>B&ecirc;n cạnh l&agrave;n da mịn m&agrave;ng, nụ cười rạng rỡ, đ&ocirc;i mắt h&uacute;t hồn..., một m&aacute;i t&oacute;c khỏe khoắn, su&ocirc;n mượt cũng l&agrave; &ldquo;vũ kh&iacute;&rdquo; tối thượng gi&uacute;p bạn tạo thiện cảm với người xung quanh. D&ugrave; l&agrave; kiểu t&oacute;c gợn s&oacute;ng bồng bềnh, t&eacute;m tinh nghịch hay x&ugrave; c&aacute; t&iacute;nh th&igrave; sự b&oacute;ng mượt, căng tr&agrave;n sức sống của t&oacute;c sẽ gi&uacute;p bạn tự tin v&agrave; duy&ecirc;n d&aacute;ng hơn.</p>\r\n\r\n<p><img alt=\"\" src=\"https://nhathuoc365.vn/upload_images/images/toc%20bong%20benh%201(1).jpg\" /></p>\r\n\r\n<p>Tuy nhi&ecirc;n, để sở hữu một suối m&acirc;y bồng bềnh l&agrave; chuyện kh&ocirc;ng hề dễ d&agrave;ng. C&agrave;ng lớn tuổi, t&oacute;c c&oacute; xu hướng rụng nhiều. Đồng thời, cuộc sống căng thẳng v&agrave; m&ocirc;i trường &ocirc; nhiễm cũng l&agrave; nguy&ecirc;n nh&acirc;n l&agrave;m giảm đi số lượng t&oacute;c đ&aacute;ng kể.</p>\r\n\r\n<p>Nghi&ecirc;n cứu gần đ&acirc;y cho thấy: 78% số người được hỏi đ&atilde; từng uốn hoặc nhuộm t&oacute;c, trong đ&oacute; 15% l&agrave; thực hiện thường xuy&ecirc;n mỗi th&aacute;ng. Điều n&agrave;y, sẽ khiến t&oacute;c tổn thương, mất đi sự b&oacute;ng khỏe vốn c&oacute;.</p>\r\n\r\n<p><strong>BẠN CẢM THẤY MẤT TỰ TIN VỚI M&Aacute;I T&Oacute;C G&Atilde;Y RỤNG, XƠ RỐI CỦA M&Igrave;NH?</strong></p>\r\n\r\n<p>Tự ti, mặc cảm, ch&aacute;n nản l&agrave; những cảm x&uacute;c bạn gặp phải khi đối mặt với t&igrave;nh trạng t&oacute;c rụng nhiều, xơ rối, da đầu nhờn dầu&hellip;Bạn lu&ocirc;n khao kh&aacute;t c&oacute; m&aacute;i t&oacute;c bu&ocirc;ng d&agrave;i gợn s&oacute;ng tự nhi&ecirc;n, kh&ocirc;ng qu&aacute; khu&ocirc;n mẫu v&agrave; tạo cảm gi&aacute;c mềm mại. Nhưng t&oacute;c mỏng &eacute;p s&aacute;t v&agrave;o da dầu khiến bạn kh&ocirc;ng thể tạo kiểu ưng &yacute;, khu&ocirc;n mặt d&ugrave; trang điểm tinh tế nhưng m&aacute;i mỏng xơ ph&aacute; vỡ tất cả khiến bạn tr&ocirc;ng thật gượng gạo v&agrave; &ldquo;gi&agrave;&rdquo; đi cả v&agrave;i tuổi.</p>\r\n\r\n<p>Bạn biết kh&ocirc;ng: Nang t&oacute;c giống như rễ c&acirc;y, l&agrave; nguồn sống của t&oacute;c. Nếu nang t&oacute;c bị teo dần đồng nghĩa với việc bạn t&oacute;c sẽ bị rụng ở điểm đ&oacute;.&nbsp;</p>\r\n\r\n<p><img alt=\"\" src=\"https://nhathuoc365.vn/upload_images/images/nang%20toc.jpg\" /></p>\r\n\r\n<p><em>Nang t&oacute;c giống như rễ c&acirc;y, l&agrave; nguồn sống của t&oacute;c</em></p>\r\n\r\n<p>V&igrave; vậy, để tr&aacute;nh l&agrave;m tổn thương nang t&oacute;c, khi ph&aacute;t hiện thấy hiện tượng rụng t&oacute;c bạn cần c&oacute; biện ph&aacute;p điều trị kịp thời để t&oacute;c sớm mọc trở lại.&nbsp;Chuy&ecirc;n gia chăm s&oacute;c t&oacute;c h&agrave;ng đầu thế giới sẽ bật m&iacute; c&ugrave;ng bạn những b&iacute; k&iacute;p cơ bản gi&uacute;p m&aacute;i t&oacute;c của bạn đẹp l&ecirc;n tr&ocirc;ng thấy mỗi ng&agrave;y. C&ugrave;ng kh&aacute;m ph&aacute; bạn nh&eacute;!</p>\r\n\r\n<p><strong>3 KINH NGHIỆM GI&Uacute;P GIẢM RỤNG - K&Iacute;CH TH&Iacute;CH T&Oacute;C MỌC NHANH, B&Oacute;NG KHỎE</strong></p>\r\n\r\n<p><strong>1. Phục hồi v&agrave; bảo vệ t&oacute;c hư tổn, g&atilde;y rụng từ b&ecirc;n ngo&agrave;i</strong></p>\r\n\r\n<p>Việc gia tăng &aacute;p lực cho t&oacute;c khi sử dụng c&aacute;c loại thuốc uốn, nhuộm, duỗi t&oacute;c hay t&aacute;c động cơ học của m&aacute;y sấy, m&aacute;y l&agrave;m xoăn&hellip; cũng ch&iacute;nh l&agrave; c&aacute;ch bạn đang &ldquo;h&agrave;nh hạ&rdquo; m&aacute;i t&oacute;c của m&igrave;nh. N&oacute; ảnh hưởng lớn tới lớp lipid v&agrave; vảy keratin ở biểu b&igrave; khiến ch&uacute;ng li&ecirc;n kết kh&ocirc;ng chặt chẽ với nhau. Đ&acirc;y ch&iacute;nh l&agrave; nguy&ecirc;n nh&acirc;n khiến l&otilde;i t&oacute;c bị kh&ocirc;, nang t&oacute;c teo lại v&agrave; c&aacute;c sợi t&oacute;c cũng lần lượt &ldquo;ra đi&rdquo;.&nbsp;Để tr&aacute;nh l&agrave;m tổn thương t&oacute;c từ b&ecirc;n ngo&agrave;i bạn h&atilde;y:&nbsp;</p>\r\n\r\n<p><strong>Hạn chế d&ugrave;ng m&aacute;y sấy t&oacute;c:</strong>&nbsp;Sức n&oacute;ng l&agrave;m yếu protein trong t&oacute;c. Việc li&ecirc;n tục d&ugrave;ng nhiệt l&agrave;m kh&ocirc; t&oacute;c c&oacute; thể dẫn đến t&oacute;c gi&ograve;n, yếu v&agrave; dễ rụng m&agrave; c&oacute; lẽ kh&ocirc;ng xảy ra nếu kh&ocirc;ng d&ugrave;ng m&aacute;y sấy t&oacute;c. N&ecirc;n để kh&ocirc; tự nhi&ecirc;n l&agrave; tốt nhất cho t&oacute;c, do đ&oacute; bạn n&ecirc;n cố gắng l&agrave;m thế hơn l&agrave; d&ugrave;ng nhiệt để l&agrave;m kh&ocirc; t&oacute;c.</p>\r\n\r\n<p><strong>Tr&aacute;nh uốn, duỗi t&oacute;c:</strong>&nbsp;hoạt động của qu&aacute; tr&igrave;nh uốn duỗi t&oacute;c l&agrave; bẻ g&atilde;y c&aacute;c li&ecirc;n kết b&ecirc;n trong t&oacute;c v&agrave; sau đ&oacute; định h&igrave;nh t&oacute;c theo c&aacute;ch kh&aacute;c để duỗi thẳng hoặc uốn quăn. Qu&aacute; tr&igrave;nh n&agrave;y l&agrave;m yếu t&oacute;c, khiến t&oacute;c xỉn m&agrave;u, kh&ocirc; v&agrave; gi&ograve;n.<br />\r\n<strong>Bớt nhuộm t&oacute;c bằng h&oacute;a chất, tẩy t&oacute;c hoặc k&eacute;o t&oacute;c qu&aacute; căng.</strong></p>', 'default', NULL, 'giai-quyet-tinh-trang-rung-toc-voi-3-kinh-nghiem-don-gian', NULL, NULL, '/library/images/tintuc/t1.jpg', '', 'post', 0, 'Tin tức,Làm đẹp và sức khỏe,Kiến thức bệnh', NULL, NULL, NULL, NULL, '2018-09-28 07:25:37', NULL),
(39, 'Trang chủTin tứcLàm đẹp và sức khỏe Bầu bí thèm chua – Đã có ngay 6 món vừa tốt cho con lại giải cơn thèm cho mẹ.', 'Nghén thèm chua là phản ứng sinh lý rất bình thường trong thời kỳ mang bầu của me. Tuy nhiên nếu ăn đồ chua quá nhiều hoặc không đúng cách sẽ gây ảnh hưởng rất lớn đến thai nhi. Mẹ chỉ cần ăn 6 món dưới đây để thỏa mãn vị giác của mình mà vẫn an toàn và tốt cho thai nhi.', '<p>Ngh&eacute;n th&egrave;m chua l&agrave; phản ứng sinh l&yacute; rất b&igrave;nh thường trong thời kỳ mang bầu của me. Tuy nhi&ecirc;n nếu ăn đồ chua qu&aacute; nhiều hoặc kh&ocirc;ng đ&uacute;ng c&aacute;ch sẽ g&acirc;y ảnh hưởng rất lớn đến thai nhi. Mẹ chỉ cần ăn 6 m&oacute;n dưới đ&acirc;y để thỏa m&atilde;n vị gi&aacute;c của m&igrave;nh m&agrave; vẫn an to&agrave;n v&agrave; tốt cho thai nhi.</p>\r\n\r\n<p>T&igrave;nh trạng thai ngh&eacute;n l&agrave; t&igrave;nh trạng chung của tất cả c&aacute;c chị em đang mang bầu, c&oacute; người ngh&eacute;n mặn, ngh&eacute;n ngọt hay ngh&eacute;n chua hoặc ngh&eacute;n những đồ ăn m&agrave; trước giờ m&igrave;nh rất gh&eacute;t. Nhưng m&agrave; ngh&eacute;n g&igrave; m&agrave; ăn qu&aacute; nhiều cũng đều k tốt cho thai nhi đặc biệt l&agrave; ngh&eacute;n chua! Mẹ ăn chua qu&aacute; nhiều sẽ g&acirc;y ảnh hưởng đến qu&aacute; tr&igrave;nh hấp thụ chất dinh dưỡng ở trẻ nhỏ, thai nhi c&ograve;i cọc, k&eacute;m ph&aacute;t triển trong bụng mẹ. Vậy l&agrave;m sao để giải cơn th&egrave;m của mẹ m&agrave; vẫn tốt cho b&eacute;. H&atilde;y &aacute;p dụng ngay 6 loại thực phẩm dưới đ&acirc;y nh&eacute;!</p>\r\n\r\n<p><strong>6 loại thực phẩm chua tốt cho thai nhi</strong></p>\r\n\r\n<ol>\r\n	<li>\r\n	<p><strong>Sữa chua</strong></p>\r\n	</li>\r\n</ol>\r\n\r\n<p><img alt=\"\" src=\"https://nhathuoc365.vn/upload_images/images/ngh%C3%A9n%20chua%201.jpg\" /></p>\r\n\r\n<p>Chắc hẳn ai trong số ch&uacute;ng ta cũng đều biết đến lợi &iacute;ch của sữa chua với sức khỏe của con người. Sữa chua l&agrave; m&oacute;n ăn l&agrave;nh t&iacute;nh, bổ dưỡng v&agrave; tốt cho tất cả mọi người ở những độ tuổi kh&aacute;c nhau. B&agrave; bầu n&ecirc;n ăn sữa chua để lợi cho đường ti&ecirc;u h&oacute;a, v&agrave; bổ sung canxi th&ecirc;m cho cơ thể. Mẹ bầu chỉ cần ăn 226 gam sữa chua th&ocirc;i l&agrave; đ&atilde; cung cấp được khoảng 30 &ndash; 40% canxi cần cung cấp cho cơ thể mỗi ng&agrave;y rồi. Trong sữa chua c&oacute; vị chua gi&uacute;p đ&aacute;nh lừa cảm gi&aacute;c th&egrave;m chua của mẹ m&agrave; c&ograve;n gi&uacute;p cho qu&aacute; tr&igrave;nh ph&aacute;t triển hệ xương của b&eacute; nữa. Mặt kh&aacute;c c&ograve;n gi&uacute;p da của b&eacute; v&agrave; mẹ hồng h&agrave;o tươi sang hơn.</p>\r\n\r\n<ol>\r\n	<li value=\"2\">\r\n	<p><strong>Canh chua</strong></p>\r\n	</li>\r\n</ol>\r\n\r\n<p><img alt=\"\" src=\"https://nhathuoc365.vn/upload_images/images/ngh%C3%A9n%20chua.jpg\" /></p>\r\n\r\n<p>L&agrave; loại canh v&ocirc; c&ugrave;ng dễ ăn khi thời tiết oi bức, v&ocirc; c&ugrave;ng gần gũi với tất cả mọi nh&agrave; m&agrave; lại rất ph&ugrave; hợp để giải cơn th&egrave;m chua cho mẹ bầu. Khi thời tiết nắng n&oacute;ng canh chua gi&uacute;p giải nhiệt cơ thể, tăng nước ối. Khi thời tiết lạnh lẽo sẽ cung cấp vitamin v&agrave; nước cũng l&agrave;m cơ thể n&oacute;ng l&ecirc;n bởi vị cay nồng.</p>\r\n\r\n<ol>\r\n	<li value=\"3\">\r\n	<p><strong>C&aacute;c loại quả họ nh&agrave; chanh: Bưởi, cam, qu&yacute;t, chanh</strong></p>\r\n	</li>\r\n</ol>', 'default', NULL, 'trang-chutin-tuclam-dep-va-suc-khoe-bau-bi-them-chua-da-co-ngay-6-mon-vua-tot-cho-con-lai-giai-con-them-cho-me', NULL, NULL, '/library/images/tintuc/t2.jpg', '', 'post', 0, 'Video,Chăm sóc trẻ,Bài thuốc hay', NULL, NULL, NULL, NULL, '2018-09-28 07:31:03', NULL),
(40, 'Vui tết thiếu nhi-Săn ngay quà khủng', 'Nhân ngày quốc tế thiếu nhi 1/6, Nhà thuốc 365 triển khai chương trình khuyến mại đặc biệt. Giảm ngay 16% cho khách hàng đặt mua các sản phẩm dành cho trẻ em. Mẹ nhanh tay săn ngay quà khủng cho con nhé.', '<p>C&aacute;c mẹ ch&uacute; &yacute; nh&eacute;, chương tr&igrave;nh&nbsp;<strong>Khuyến mại HOT</strong>&nbsp;của Nh&agrave; thuốc 365 chỉ diễn ra 1 ng&agrave;y duy nhất th&ocirc;i (1/6/2018). Vậy n&ecirc;n c&aacute;c mẹ nhớ phải đặt h&agrave;ng đ&uacute;ng ng&agrave;y nh&eacute;.</p>\r\n\r\n<p>Chương tr&igrave;nh cụ thể như sau: Giảm ngay 16% cho kh&aacute;ch h&agrave;ng đặt mua tất cả c&aacute;c sản phẩm d&agrave;nh cho trẻ em trong ng&agrave;y 1/6.</p>\r\n\r\n<p><strong>Lưu &yacute;:</strong>&nbsp;Chương tr&igrave;nh kh&ocirc;ng &aacute;p dụng đồng thời với c&aacute;c chương tr&igrave;nh khuyến mại hiện c&oacute; tr&ecirc;n Nh&agrave; thuốc.</p>\r\n\r\n<p>Ri&ecirc;ng đối với d&ograve;ng sản phẩm&nbsp;<strong>Baby Plex</strong>, chương tr&igrave;nh Khuyến mại&nbsp;sẽ được &aacute;p dụng đồng thời với chương tr&igrave;nh đang chạy tr&ecirc;n Nh&agrave; thuốc. Nghĩa l&agrave;, khi mẹ&nbsp;<strong>mua Baby Plex với gi&aacute; 390.000</strong>&nbsp;(Gi&aacute; gốc 450.000) sẽ được&nbsp;<strong>giảm ngay 16%</strong>&nbsp;chỉ c&ograve;n 328.000đ. Đồng thời, kh&aacute;ch h&agrave;ng được<strong>&nbsp;tặng th&ecirc;m 1 bịch khăn sữa Nhật</strong>&nbsp;cho b&eacute;.</p>\r\n\r\n<p>Để đặt h&agrave;ng v&agrave; được tư vấn, qu&yacute; kh&aacute;ch h&agrave;ng vui l&ograve;ng li&ecirc;n hệ&nbsp;<strong>Hotline 1800 8155</strong>.</p>', 'default', NULL, 'vui-tet-thieu-nhi-san-ngay-qua-khung', NULL, NULL, '/library/images/tintuc/1-6-02.jpg', '', 'post', 0, 'Chuyên trang,Hỗ trợ ung thư,Tinh Dầu Organics,Làm đẹp,Y khoa', NULL, NULL, NULL, NULL, '2018-09-28 07:31:53', NULL),
(41, 'Chứng từ  sản phẩm AGARICUS MYCELIA TABLET - VIÊN THỂ NẤM AGARICUS', NULL, '<p>Chứng từ của sản phẩm</p>\r\n\r\n<p>&nbsp;</p>\r\n\r\n<p><img alt=\"\" src=\"/library/images/tintuc/ct.jpg\" style=\"height:281px; width:179px\" /></p>\r\n\r\n<p><img alt=\"\" src=\"/library/images/tintuc/ct2.jpg\" style=\"height:800px; width:618px\" /></p>\r\n\r\n<p>&nbsp;</p>', 'default', NULL, 'chung-tu-san-pham-agaricus-mycelia-tablet-vien-the-nam-agaricus', NULL, NULL, NULL, '', 'post', 0, 'Chứng từ sản phẩm', NULL, NULL, NULL, NULL, '2018-09-28 08:13:33', NULL),
(42, 'Câu hỏi thường gặp', NULL, NULL, 'default', NULL, 'cau-hoi-thuong-gap', NULL, NULL, NULL, '', 'post', 0, 'về chung tôi', NULL, NULL, NULL, NULL, '2018-09-28 08:33:36', NULL),
(43, 'Chính sách bảo mật', NULL, NULL, 'default', NULL, 'chinh-sach-bao-mat', NULL, NULL, NULL, '', 'post', 0, 'về chung tôi', NULL, NULL, NULL, NULL, '2018-09-28 08:33:45', NULL),
(44, 'Quy định sử dụng', NULL, NULL, 'default', NULL, 'quy-dinh-su-dung', NULL, NULL, NULL, '', 'post', 0, 'về chung tôi', NULL, NULL, NULL, NULL, '2018-09-28 08:33:56', NULL),
(45, 'Giới thiệu về công ty', NULL, NULL, 'default', NULL, 'gioi-thieu-ve-cong-ty', NULL, NULL, NULL, '', 'post', 0, 'về chung tôi', NULL, NULL, NULL, NULL, '2018-09-28 08:34:08', NULL),
(46, 'Chính sách đổi hàng', NULL, NULL, 'default', NULL, 'chinh-sach-doi-hang', NULL, NULL, NULL, '', 'post', 0, 'dịch vụ  && hỗ trợ', NULL, NULL, NULL, NULL, '2018-09-28 08:34:17', NULL),
(47, 'Chính sách vận chuyển', NULL, NULL, 'default', NULL, 'chinh-sach-van-chuyen', NULL, NULL, NULL, '', 'post', 0, 'dịch vụ  && hỗ trợ', NULL, NULL, NULL, NULL, '2018-09-28 08:34:26', NULL),
(48, 'Hình thức thanh toán', NULL, NULL, 'default', NULL, 'hinh-thuc-thanh-toan', NULL, NULL, NULL, '', 'post', 0, 'dịch vụ  && hỗ trợ', NULL, NULL, NULL, NULL, '2018-09-28 08:34:35', NULL),
(49, 'Hướng dẫn mua hàng', NULL, NULL, 'default', NULL, 'huong-dan-mua-hang', NULL, NULL, NULL, '', 'post', 0, 'dịch vụ  && hỗ trợ', NULL, NULL, NULL, NULL, '2018-09-28 08:34:43', NULL),
(51, 'Bệnh viện Quân y 103 tổ chức hội diễn văn nghệ quần chúng 2018', NULL, '<p><em>Ng&agrave;y 19/9/2018, Hội diễn Nghệ thuật quần ch&uacute;ng Bệnh viện Qu&acirc;n y 103 đ&atilde; ch&iacute;nh thức khai mạc. Hội diễn l&agrave; s&acirc;n chơi thiết thực, bổ &iacute;ch, l&agrave;nh mạnh g&oacute;p phần n&acirc;ng cao đời sống tinh thần cho c&aacute;n bộ, nh&acirc;n vi&ecirc;n, chiến sĩ thiết thực lập th&agrave;nh t&iacute;ch ch&agrave;o mừng Đại hội thi đua quyết thắng Bệnh viện Qu&acirc;n y 103 giai đoạn 2013-2018 hướng tới ch&agrave;o mừng 70 năm ng&agrave;y truyền thống Học viện Qu&acirc;n y</em></p>', 'default', NULL, 'benh-vien-103', NULL, NULL, '/library/images/nhathuoclienket/1.jpg', NULL, 'nha-thuoc-lien-ket', 0, NULL, NULL, NULL, NULL, NULL, '2018-10-01 04:23:54', NULL),
(52, '1', NULL, NULL, 'default', NULL, '1-52', NULL, NULL, '/library/images/bannersanpham_index/zin-c-1533179152.png', NULL, 'banner-san-pham', 0, NULL, NULL, NULL, NULL, NULL, '2018-10-04 01:50:58', NULL),
(53, '2', NULL, NULL, 'default', NULL, '2-53', NULL, NULL, '/library/images/bannersanpham_index/2.png', NULL, 'banner-san-pham', 0, NULL, NULL, NULL, NULL, NULL, '2018-10-04 01:52:08', NULL),
(54, '3', NULL, NULL, 'default', NULL, '3', NULL, NULL, '/library/images/bannersanpham_index/3.png', NULL, 'banner-san-pham', 0, NULL, NULL, NULL, NULL, NULL, '2018-10-04 01:52:38', NULL),
(55, '4', NULL, NULL, 'default', NULL, '4', NULL, NULL, '/library/images/bannersanpham_index/4.png', NULL, 'banner-san-pham', 0, NULL, NULL, NULL, NULL, NULL, '2018-10-04 01:53:04', NULL),
(56, '5', NULL, NULL, 'default', NULL, '5', NULL, NULL, '/library/images/bannersanpham_index/5.png', NULL, 'banner-san-pham', 0, NULL, NULL, NULL, NULL, NULL, '2018-10-04 01:53:26', NULL);

-- --------------------------------------------------------

--
-- Cấu trúc bảng cho bảng `post_facebook`
--

CREATE TABLE `post_facebook` (
  `post_facebook_id` int(11) NOT NULL,
  `post_id` int(11) DEFAULT NULL,
  `content` longtext COLLATE utf8mb4_unicode_ci,
  `images` longtext COLLATE utf8mb4_unicode_ci,
  `link` varchar(255) COLLATE utf8mb4_unicode_ci DEFAULT NULL,
  `name_album` varchar(255) COLLATE utf8mb4_unicode_ci DEFAULT NULL,
  `post_me` tinyint(4) DEFAULT NULL COMMENT '0: không\n1: có',
  `fanpages` longtext COLLATE utf8mb4_unicode_ci,
  `created_at` datetime DEFAULT NULL,
  `updated_at` datetime DEFAULT NULL,
  `deleted_at` datetime DEFAULT NULL,
  `face_ids` longtext COLLATE utf8mb4_unicode_ci
) ENGINE=InnoDB DEFAULT CHARSET=utf8mb4 COLLATE=utf8mb4_unicode_ci;

-- --------------------------------------------------------

--
-- Cấu trúc bảng cho bảng `products`
--

CREATE TABLE `products` (
  `product_id` int(11) NOT NULL,
  `code` varchar(254) CHARACTER SET utf8mb4 COLLATE utf8mb4_unicode_ci DEFAULT NULL,
  `post_id` int(11) DEFAULT NULL,
  `price` int(254) DEFAULT NULL,
  `size` varchar(255) COLLATE utf8_unicode_ci DEFAULT NULL,
  `discount` int(254) DEFAULT NULL,
  `price_deal` int(254) DEFAULT NULL,
  `deal_end` datetime DEFAULT NULL,
  `updated_at` datetime DEFAULT NULL,
  `discount_start` datetime DEFAULT NULL,
  `discount_end` datetime DEFAULT NULL,
  `image_list` longtext COLLATE utf8_unicode_ci,
  `filter` longtext COLLATE utf8_unicode_ci,
  `properties` varchar(255) CHARACTER SET utf8mb4 COLLATE utf8mb4_unicode_ci DEFAULT NULL,
  `buy_together` longtext COLLATE utf8_unicode_ci,
  `buy_after` longtext COLLATE utf8_unicode_ci,
  `deleted_at` datetime DEFAULT NULL,
  `origin_price` varchar(255) COLLATE utf8_unicode_ci DEFAULT NULL
) ENGINE=MyISAM DEFAULT CHARSET=utf8 COLLATE=utf8_unicode_ci;

--
-- Đang đổ dữ liệu cho bảng `products`
--

INSERT INTO `products` (`product_id`, `code`, `post_id`, `price`, `size`, `discount`, `price_deal`, `deal_end`, `updated_at`, `discount_start`, `discount_end`, `image_list`, `filter`, `properties`, `buy_together`, `buy_after`, `deleted_at`, `origin_price`) VALUES
(1, 'F1CARE', 7, 350000, NULL, 0, 100000, '2019-09-27 04:04:00', '2018-10-03 04:30:37', NULL, NULL, '/library/images/sanpham/s1.jpg,/library/images/sanpham/s2.jpg', 'dưới 500.000 đ,Bayshore Pharmaceuticals LLC', '<ul>\r\n	<li>Loại sản phẩm:&nbsp;Vitamin - kho&aacute;ng chất</li>\r\n	<li>Dạng b&agrave;o chế:&nbsp;Vi&ecirc;n nang cứng</li>\r\n	<li>Quy c&aacute;ch sản phẩm:&nbsp;Lọ x 30v</li>\r\n	<li>H&agrave;m lượng:&nbsp;Nhiều th&agrave;nh phần</li>\r\n</ul>', NULL, NULL, NULL, '0'),
(2, 'fF333', 9, 750000, NULL, 0, 100000, '2019-09-27 04:04:00', '2018-10-03 04:30:19', NULL, NULL, '/library/images/sanpham/s2.png,/library/images/sanpham/s4.png', '500.000 - 1.000.000đ,Cơ sở SX Đông dược Đông Hải', '<ul>\r\n	<li>Loại sản phẩm:&nbsp;Tinh Dầu Organics</li>\r\n	<li>Dạng b&agrave;o chế:&nbsp;Dung dịch</li>\r\n	<li>Quy c&aacute;ch sản phẩm:&nbsp;Combo 2 lọ</li>\r\n	<li>H&agrave;m lượng:&nbsp;Nhiều th&agrave;nh phần</li>\r\n</ul>', NULL, NULL, NULL, '0'),
(3, 'F1CAa', 12, 750000, NULL, 0, 0, '2018-10-03 04:18:00', '2018-10-03 04:30:15', NULL, NULL, '/library/images/sanpham/s4.png', 'dưới 500.000 đ,Bayshore Pharmaceuticals LLC', '<ul>\r\n	<li>Loại sản phẩm:&nbsp;Khuẩn</li>\r\n	<li>Dạng b&agrave;o chế:&nbsp;Dạng bột</li>\r\n	<li>Quy c&aacute;ch sản phẩm:&nbsp;Hộp 70g</li>\r\n	<li>H&agrave;m lượng:&nbsp;35 g&oacute;i x 2g</li>\r\n</ul>', NULL, NULL, NULL, '0'),
(4, '04', 13, 750000, NULL, 500000, 0, '2018-10-03 04:18:00', '2018-10-03 04:30:11', NULL, NULL, '/library/images/sanpham/s3.1.png,/library/images/sanpham/s3.png', '500.000 - 1.000.000đ,Cơ sở SX Đông dược Đông Hải', '<ul>\r\n	<li>Loại sản phẩm:&nbsp;Tinh Dầu Organics</li>\r\n	<li>Dạng b&agrave;o chế:&nbsp;Dung dịch</li>\r\n	<li>Quy c&aacute;ch sản phẩm:&nbsp;Combo 3 lọ 10 ml</li>\r\n	<li>H&agrave;m lượng:&nbsp;10ml/lọ</li>\r\n</ul>', NULL, NULL, NULL, '0'),
(5, 'FCD180', 15, 2600000, NULL, 2500000, 0, '2018-10-03 04:18:00', '2018-10-03 04:30:08', NULL, NULL, '/library/images/sanpham/medium_combo-okinawa-fucoidan-ho-tro-dieu-tri-ung-thu.png,/library/images/sanpham/okinawa-fucoidan-ho-tro-dieu-tri-ung-thu-1519788513.png', '500.000 - 1.000.000đ,Botania,Cơ sở SX Đông dược Đông Hải', '<ul>\r\n	<li>Loại sản phẩm:&nbsp;Fucoidan</li>\r\n	<li>Dạng b&agrave;o chế:&nbsp;Vi&ecirc;n nang cứng</li>\r\n	<li>Quy c&aacute;ch sản phẩm:&nbsp;Hộp 1 lọ x 180 vi&ecirc;n</li>\r\n	<li>H&agrave;m lượng:&nbsp;295mg/vi&ecirc;n</li>\r\n</ul>', NULL, NULL, NULL, '0'),
(6, 'AGMO', 16, 2660000, NULL, 2400000, 0, '2018-10-03 04:18:00', '2018-10-03 04:30:04', NULL, NULL, '/library/images/sanpham/s5.jpg,/library/images/sanpham/s5.png', '2.000.000 - 5.000.000đ,Bayshore Pharmaceuticals LLC', '<ul>\r\n	<li>Loại sản phẩm:&nbsp;Nấm</li>\r\n	<li>Dạng b&agrave;o chế:&nbsp;Vi&ecirc;n n&eacute;n</li>\r\n	<li>Quy c&aacute;ch sản phẩm:&nbsp;Hộp 1 lọ x 300 vi&ecirc;n</li>\r\n	<li>H&agrave;m lượng:&nbsp;Nhiều th&agrave;nh phần</li>\r\n</ul>', NULL, NULL, NULL, '0'),
(7, 'RCALUM30V', 22, 195000, NULL, 0, 100000, '2019-09-27 04:04:00', '2018-10-03 04:30:00', NULL, NULL, '/library/images/sanpham/s1.png,/library/images/sanpham/s2(1).png', 'dưới 500.000 đ,Cơ sở SX Đông dược Đông Hải', '<ul>\r\n	<li>Loại sản phẩm:&nbsp;Vitamin - kho&aacute;ng chất</li>\r\n	<li>Dạng b&agrave;o chế:&nbsp;Vi&ecirc;n n&eacute;n</li>\r\n	<li>Quy c&aacute;ch sản phẩm:&nbsp;Hộp 3 vỉ x 10 vi&ecirc;n</li>\r\n	<li>H&agrave;m lượng:&nbsp;Nhiều th&agrave;nh phần</li>\r\n</ul>', NULL, NULL, NULL, '0'),
(8, '1117236', 23, 522222, NULL, 500000, 0, '2018-09-28 07:55:00', '2018-10-03 04:29:57', NULL, NULL, '/library/images/sanpham/s3.jpeg,/library/images/sanpham/s4.jpg', '500.000 - 1.000.000đ,Bayshore Pharmaceuticals LLC', '<ul>\r\n	<li>Loại sản phẩm:&nbsp;Mắt, Tai, Mũi, Họng</li>\r\n	<li>Dạng b&agrave;o chế:&nbsp;Dung dịch</li>\r\n	<li>Quy c&aacute;ch sản phẩm:&nbsp;hộp 1 lọ x 250ml</li>\r\n	<li>H&agrave;m lượng:&nbsp;Tinh chất kim ng&acirc;n hoa: 5g</li>\r\n</ul>', NULL, NULL, NULL, '0'),
(9, 'TCNAU', 24, 7000000, NULL, 6500000, 100000, '2019-09-27 04:05:00', '2018-10-03 04:29:54', NULL, NULL, '/library/images/sanpham/a1.jpg,/library/images/sanpham/a2.jpg', '≥ 5.000.000đ,Cơ sở SX Đông dược Đông Hải', '<ul>\r\n	<li>Loại sản phẩm:&nbsp;Sản phẩm hỗ trợ điều trị ung thư kh&aacute;c</li>\r\n	<li>Dạng b&agrave;o chế:&nbsp;Dạng bột</li>\r\n	<li>Quy c&aacute;ch sản phẩm:&nbsp;Hộp 120g (2g x 60 g&oacute;i)</li>\r\n	<li>H&agrave;m lượng:&nbsp;2g</li>\r\n</ul>', NULL, NULL, NULL, '0'),
(10, 'TD10', 25, 500000, NULL, 450000, 100000, '2019-09-21 04:05:00', '2018-10-03 04:29:50', NULL, NULL, '/library/images/sanpham/q1.png,/library/images/sanpham/q2.png', 'dưới 500.000 đ,Cơ sở SX Đông dược Đông Hải', '<ul>\r\n	<li>Loại sản phẩm:&nbsp;Tinh dầu kh&aacute;c</li>\r\n	<li>Dạng b&agrave;o chế:&nbsp;Dung dịch</li>\r\n	<li>Quy c&aacute;ch sản phẩm:&nbsp;Hộp 1 lọ x 5ml</li>\r\n	<li>H&agrave;m lượng:&nbsp;Nhiều th&agrave;nh phần</li>\r\n</ul>', NULL, NULL, NULL, '100000'),
(11, NULL, 26, 0, NULL, 0, NULL, NULL, '2018-09-26 03:39:55', '2018-09-26 03:31:58', '2018-09-26 03:31:58', NULL, NULL, NULL, NULL, NULL, '2018-09-26 03:39:55', NULL),
(12, NULL, 27, 0, NULL, 0, NULL, NULL, '2018-09-26 03:39:46', '2018-09-26 03:31:58', '2018-09-26 03:31:58', NULL, NULL, NULL, NULL, NULL, '2018-09-26 03:39:46', NULL),
(13, NULL, 28, 0, NULL, 0, NULL, NULL, '2018-09-26 03:39:42', '2018-09-26 03:31:58', '2018-09-26 03:31:58', NULL, NULL, NULL, NULL, NULL, '2018-09-26 03:39:42', NULL),
(14, NULL, 29, 0, NULL, 0, NULL, NULL, '2018-09-26 03:39:20', '2018-09-26 03:31:59', '2018-09-26 03:31:59', NULL, NULL, NULL, NULL, NULL, '2018-09-26 03:39:20', NULL),
(15, NULL, 30, 0, NULL, 0, NULL, NULL, '2018-09-26 03:39:37', '2018-09-26 03:31:59', '2018-09-26 03:31:59', NULL, NULL, NULL, NULL, NULL, '2018-09-26 03:39:37', NULL),
(16, NULL, 32, 0, NULL, 0, NULL, NULL, '2018-09-26 03:37:23', '2018-09-26 03:31:59', '2018-09-26 03:31:59', NULL, NULL, NULL, NULL, NULL, '2018-09-26 03:37:23', NULL),
(17, NULL, 31, 0, NULL, 0, NULL, NULL, '2018-09-26 03:39:33', '2018-09-26 03:31:59', '2018-09-26 03:31:59', NULL, NULL, NULL, NULL, NULL, '2018-09-26 03:39:33', NULL),
(18, NULL, 33, 0, NULL, 0, NULL, NULL, '2018-09-26 03:37:17', '2018-09-26 03:31:59', '2018-09-26 03:31:59', NULL, NULL, NULL, NULL, NULL, '2018-09-26 03:37:17', NULL),
(19, NULL, 34, 0, NULL, 0, NULL, NULL, '2018-09-26 03:37:09', '2018-09-26 03:32:00', '2018-09-26 03:32:00', NULL, NULL, NULL, NULL, NULL, '2018-09-26 03:37:09', NULL),
(20, NULL, 35, 0, NULL, 0, 100000, '2018-09-20 03:27:00', '2018-09-27 03:40:21', NULL, NULL, NULL, NULL, NULL, NULL, NULL, '2018-09-27 03:40:21', NULL),
(21, NULL, 36, 0, NULL, 0, 2000000, '2018-08-20 01:01:00', '2018-09-27 03:41:19', NULL, NULL, NULL, NULL, NULL, NULL, NULL, '2018-09-27 03:41:19', NULL),
(22, NULL, 37, 0, NULL, 0, 0, '2018-09-27 05:53:44', '2018-09-27 05:53:56', '2018-09-27 05:53:44', '2018-09-27 05:53:44', NULL, NULL, NULL, NULL, NULL, '2018-09-27 05:53:56', '100000');

-- --------------------------------------------------------

--
-- Cấu trúc bảng cho bảng `ratings`
--

CREATE TABLE `ratings` (
  `id` int(10) UNSIGNED NOT NULL,
  `rating` int(11) DEFAULT NULL,
  `ratingable_id` int(10) UNSIGNED DEFAULT NULL,
  `ratingable_type` varchar(255) COLLATE utf8mb4_unicode_ci DEFAULT NULL,
  `author_id` int(10) UNSIGNED DEFAULT NULL,
  `author_type` varchar(255) COLLATE utf8mb4_unicode_ci DEFAULT NULL,
  `created_at` timestamp NULL DEFAULT NULL,
  `updated_at` timestamp NULL DEFAULT NULL,
  `deleted_at` datetime DEFAULT NULL
) ENGINE=InnoDB DEFAULT CHARSET=utf8mb4 COLLATE=utf8mb4_unicode_ci;

-- --------------------------------------------------------

--
-- Cấu trúc bảng cho bảng `setting_getfly`
--

CREATE TABLE `setting_getfly` (
  `setting_getfly_id` int(11) NOT NULL,
  `user_id` int(11) DEFAULT NULL,
  `api_key` varchar(255) DEFAULT NULL,
  `base_url` varchar(255) DEFAULT NULL,
  `created_at` datetime DEFAULT NULL,
  `updated_at` datetime DEFAULT NULL,
  `deleted_at` datetime DEFAULT NULL COMMENT '0: chưa xóa.\n1: đã xóa.'
) ENGINE=InnoDB DEFAULT CHARSET=latin1;

-- --------------------------------------------------------

--
-- Cấu trúc bảng cho bảng `setting_order`
--

CREATE TABLE `setting_order` (
  `setting_order_id` int(11) NOT NULL,
  `point_to_currency` int(11) DEFAULT NULL,
  `currency_give_point` int(11) DEFAULT NULL,
  `created_at` datetime DEFAULT NULL,
  `updated_at` datetime DEFAULT NULL,
  `deleted_at` datetime DEFAULT NULL
) ENGINE=MyISAM DEFAULT CHARSET=utf8 COLLATE=utf8_unicode_ci;

-- --------------------------------------------------------

--
-- Cấu trúc bảng cho bảng `subcribe_email`
--

CREATE TABLE `subcribe_email` (
  `subcribe_email_id` int(11) NOT NULL,
  `email` varchar(255) COLLATE utf8_unicode_ci DEFAULT NULL,
  `name` varchar(255) COLLATE utf8_unicode_ci DEFAULT NULL,
  `group_id` int(8) DEFAULT NULL,
  `created_at` datetime DEFAULT NULL,
  `updated_at` datetime DEFAULT NULL,
  `deleted_at` datetime DEFAULT NULL
) ENGINE=MyISAM DEFAULT CHARSET=utf8 COLLATE=utf8_unicode_ci;

--
-- Đang đổ dữ liệu cho bảng `subcribe_email`
--

INSERT INTO `subcribe_email` (`subcribe_email_id`, `email`, `name`, `group_id`, `created_at`, `updated_at`, `deleted_at`) VALUES
(1, 'aaaa', NULL, NULL, '2018-10-04 03:40:48', NULL, NULL);

-- --------------------------------------------------------

--
-- Cấu trúc bảng cho bảng `sub_post`
--

CREATE TABLE `sub_post` (
  `sub_post_id` int(11) NOT NULL,
  `post_id` int(11) NOT NULL,
  `type_sub_post_slug` varchar(200) COLLATE utf8_unicode_ci NOT NULL,
  `deleted_at` datetime DEFAULT NULL
) ENGINE=MyISAM DEFAULT CHARSET=utf8 COLLATE=utf8_unicode_ci;

--
-- Đang đổ dữ liệu cho bảng `sub_post`
--

INSERT INTO `sub_post` (`sub_post_id`, `post_id`, `type_sub_post_slug`, `deleted_at`) VALUES
(1, 1, 'slider', NULL),
(2, 2, 'slider', NULL),
(3, 3, 'sologan', NULL),
(4, 4, 'sologan', NULL),
(5, 5, 'sologan', NULL),
(6, 51, 'nha-thuoc-lien-ket', NULL),
(7, 52, 'banner-san-pham', NULL),
(8, 53, 'banner-san-pham', NULL),
(9, 54, 'banner-san-pham', NULL),
(10, 55, 'banner-san-pham', NULL),
(11, 56, 'banner-san-pham', NULL);

-- --------------------------------------------------------

--
-- Cấu trúc bảng cho bảng `template`
--

CREATE TABLE `template` (
  `template_id` int(11) NOT NULL,
  `title` varchar(254) COLLATE utf8_unicode_ci NOT NULL,
  `slug` varchar(254) COLLATE utf8_unicode_ci NOT NULL,
  `created_at` datetime DEFAULT NULL,
  `updated_at` datetime DEFAULT NULL,
  `is_hide` tinyint(4) DEFAULT NULL,
  `deleted_at` datetime DEFAULT NULL
) ENGINE=InnoDB DEFAULT CHARSET=utf8 COLLATE=utf8_unicode_ci;

--
-- Đang đổ dữ liệu cho bảng `template`
--

INSERT INTO `template` (`template_id`, `title`, `slug`, `created_at`, `updated_at`, `is_hide`, `deleted_at`) VALUES
(1, 'sản phẩm', 'san-pham', NULL, '2018-10-01 02:29:15', NULL, '2018-10-01 02:29:15'),
(2, 'danh mục tin tức', 'danh-muc-tin-tuc', NULL, NULL, NULL, NULL),
(3, 'Chuyên trang', 'chuyen-trang', NULL, NULL, NULL, NULL),
(4, 'đăng nhập', 'dang-nhap', NULL, NULL, NULL, NULL);

-- --------------------------------------------------------

--
-- Cấu trúc bảng cho bảng `type_information`
--

CREATE TABLE `type_information` (
  `type_infor_id` int(11) NOT NULL,
  `title` varchar(254) COLLATE utf8_unicode_ci NOT NULL,
  `type_input` varchar(254) COLLATE utf8_unicode_ci NOT NULL,
  `placeholder` varchar(254) COLLATE utf8_unicode_ci DEFAULT NULL,
  `created_at` datetime DEFAULT NULL,
  `updated_at` datetime DEFAULT NULL,
  `slug` varchar(255) COLLATE utf8_unicode_ci DEFAULT NULL,
  `deleted_at` datetime DEFAULT NULL
) ENGINE=MyISAM DEFAULT CHARSET=utf8 COLLATE=utf8_unicode_ci;

--
-- Đang đổ dữ liệu cho bảng `type_information`
--

INSERT INTO `type_information` (`type_infor_id`, `title`, `type_input`, `placeholder`, `created_at`, `updated_at`, `slug`, `deleted_at`) VALUES
(1, 'domain', 'one_line', NULL, NULL, NULL, 'domain', NULL),
(2, 'logo', 'image', NULL, NULL, NULL, 'logo', NULL),
(3, 'icon', 'image', NULL, NULL, NULL, 'icon', NULL),
(4, 'hotline', 'one_line', NULL, NULL, NULL, 'hotline', NULL),
(5, 'Số điện thoại', 'one_line', NULL, NULL, NULL, 'so-dien-thoai', NULL),
(6, 'thòi gian làm việc', 'one_line', NULL, NULL, NULL, 'thoi-gian-lam-viec', NULL),
(7, 'Đia chỉ', 'one_line', NULL, NULL, NULL, 'dia-chi', NULL),
(8, 'email', 'one_line', NULL, NULL, NULL, 'email', NULL),
(9, 'nhúng facebook', 'multi_line', NULL, NULL, NULL, 'nhung-facebook', NULL),
(10, 'copy right', 'one_line', NULL, NULL, NULL, 'copy-right', NULL),
(11, 'test', 'one_line', NULL, NULL, '2018-09-25 02:58:49', 'test', '2018-09-25 02:58:49'),
(12, 'Điện thoại', 'one_line', NULL, NULL, NULL, 'dien-thoai', NULL),
(13, 'thương hiệu', 'image', NULL, NULL, NULL, 'thuong-hieu', NULL),
(14, 'Nhúng bản đồ', 'multi_line', NULL, NULL, NULL, 'nhung-ban-do', NULL),
(15, 'meta title', 'one_line', NULL, NULL, NULL, 'meta_title', NULL),
(16, 'meta description', 'one_line', NULL, NULL, NULL, 'meta_description', NULL),
(17, 'meta keyword', 'one_line', NULL, NULL, NULL, 'meta_keyword', NULL);

-- --------------------------------------------------------

--
-- Cấu trúc bảng cho bảng `type_input`
--

CREATE TABLE `type_input` (
  `type_input_id` int(11) NOT NULL,
  `title` varchar(254) COLLATE utf8_unicode_ci NOT NULL,
  `slug` varchar(254) COLLATE utf8_unicode_ci NOT NULL,
  `type_input` varchar(254) COLLATE utf8_unicode_ci DEFAULT NULL,
  `placeholder` varchar(254) COLLATE utf8_unicode_ci DEFAULT NULL,
  `post_used` varchar(254) COLLATE utf8_unicode_ci DEFAULT NULL,
  `created_at` datetime DEFAULT NULL,
  `updated_at` datetime DEFAULT NULL,
  `deleted_at` datetime DEFAULT NULL
) ENGINE=MyISAM DEFAULT CHARSET=utf8 COLLATE=utf8_unicode_ci;

--
-- Đang đổ dữ liệu cho bảng `type_input`
--

INSERT INTO `type_input` (`type_input_id`, `title`, `slug`, `type_input`, `placeholder`, `post_used`, `created_at`, `updated_at`, `deleted_at`) VALUES
(1, 'thương hiệu', 'thuong-hieu', 'one_line', NULL, 'product', NULL, NULL, NULL),
(2, 'kiem tra truong du lieu', 'kiem-tra-truong-du-lieu', 'one_line', NULL, 'cate_post,cate_product', NULL, '2018-09-28 02:04:39', '2018-09-28 02:04:39'),
(3, 'icon danh mục', 'icon-danh-muc', 'image', NULL, 'cate_product', NULL, '2018-09-28 02:12:08', NULL),
(4, 'backgruod icon', 'backgruod-icon', 'one_line', NULL, 'cate_product', NULL, '2018-09-28 02:11:54', NULL),
(5, 'backgruod title', 'backgruod-title', 'one_line', NULL, 'cate_product', NULL, '2018-09-28 02:11:52', NULL),
(6, 'Link chứng từ', 'link-chung-tu', 'one_line', NULL, 'product', NULL, NULL, NULL),
(7, 'banner sản phẩm', 'banner-san-pham', 'image', NULL, 'product', NULL, NULL, NULL),
(8, 'mô tả banner', 'mo-ta-banner', 'multi_line', NULL, 'product', NULL, NULL, NULL),
(9, 'vị trí', 'vi-tri', 'one_line', NULL, 'banner-san-pham', NULL, NULL, NULL),
(10, 'link sản phẩm', 'link-san-pham', 'one_line', NULL, 'banner-san-pham', NULL, NULL, NULL);

-- --------------------------------------------------------

--
-- Cấu trúc bảng cho bảng `type_sub_post`
--

CREATE TABLE `type_sub_post` (
  `type_sub_post_id` int(11) NOT NULL,
  `title` varchar(254) COLLATE utf8_unicode_ci NOT NULL,
  `slug` varchar(254) COLLATE utf8_unicode_ci NOT NULL,
  `template` varchar(255) COLLATE utf8_unicode_ci DEFAULT NULL,
  `input_default_used` varchar(254) COLLATE utf8_unicode_ci DEFAULT NULL,
  `created_at` datetime DEFAULT NULL,
  `updated_at` datetime DEFAULT NULL,
  `deleted_at` datetime DEFAULT NULL
) ENGINE=MyISAM DEFAULT CHARSET=utf8 COLLATE=utf8_unicode_ci;

--
-- Đang đổ dữ liệu cho bảng `type_sub_post`
--

INSERT INTO `type_sub_post` (`type_sub_post_id`, `title`, `slug`, `template`, `input_default_used`, `created_at`, `updated_at`, `deleted_at`) VALUES
(1, 'slider', 'slider', 'default', 'image', NULL, NULL, NULL),
(2, 'sologan', 'sologan', 'default', 'image,description', NULL, NULL, NULL),
(3, 'thanh toán', 'thanh-toan', 'default', 'image', NULL, '2018-09-25 04:12:05', '2018-09-25 04:12:05'),
(4, 'Nhà thuốc liên kết', 'nha-thuoc-lien-ket', 'default', 'title,content,image', NULL, '2018-10-01 04:15:03', NULL),
(5, 'banner sản phẩm', 'banner-san-pham', 'default', 'image', NULL, NULL, NULL);

-- --------------------------------------------------------

--
-- Cấu trúc bảng cho bảng `users`
--

CREATE TABLE `users` (
  `id` int(11) NOT NULL,
  `email` varchar(254) COLLATE utf8_unicode_ci NOT NULL,
  `password` varchar(254) COLLATE utf8_unicode_ci NOT NULL,
  `remember_token` varchar(254) COLLATE utf8_unicode_ci NOT NULL DEFAULT 'Null',
  `accesstoken` varchar(400) CHARACTER SET utf8mb4 COLLATE utf8mb4_unicode_ci DEFAULT NULL,
  `phone` varchar(254) COLLATE utf8_unicode_ci DEFAULT NULL,
  `image` varchar(255) COLLATE utf8_unicode_ci DEFAULT NULL,
  `role` int(45) DEFAULT NULL,
  `name` varchar(254) COLLATE utf8_unicode_ci NOT NULL,
  `updated_at` datetime DEFAULT NULL,
  `created_at` datetime DEFAULT NULL,
  `age` varchar(45) COLLATE utf8_unicode_ci DEFAULT NULL,
  `address` varchar(255) COLLATE utf8_unicode_ci DEFAULT NULL,
  `point` int(11) DEFAULT '0',
  `deleted_at` datetime DEFAULT NULL
) ENGINE=InnoDB DEFAULT CHARSET=utf8 COLLATE=utf8_unicode_ci;

--
-- Đang đổ dữ liệu cho bảng `users`
--

INSERT INTO `users` (`id`, `email`, `password`, `remember_token`, `accesstoken`, `phone`, `image`, `role`, `name`, `updated_at`, `created_at`, `age`, `address`, `point`, `deleted_at`) VALUES
(1, 'vn3ctran@gmail.com', '$2y$10$NnWmu0CwTsKP/5ZLaHAa/OUcpMbwWlKYtxoQZOA4D6lreY7uE9pra', '3WcjPFTkHHag3y9FyWyMYSCbjspNctPxc2Gn69KES30Mw9dCMuQPvDog3ox2', NULL, '12345678', '/library/images/logo-denledvinalight.jpg', 3, 'denled alibaba', '2018-07-03 12:00:46', NULL, 'nam', 'Cổ đông sơn tây', 0, NULL);

--
-- Chỉ mục cho các bảng đã đổ
--

--
-- Chỉ mục cho bảng `categories`
--
ALTER TABLE `categories`
  ADD PRIMARY KEY (`category_id`);

--
-- Chỉ mục cho bảng `category_post`
--
ALTER TABLE `category_post`
  ADD PRIMARY KEY (`category_post_id`);

--
-- Chỉ mục cho bảng `comments`
--
ALTER TABLE `comments`
  ADD PRIMARY KEY (`comment_id`);

--
-- Chỉ mục cho bảng `contact`
--
ALTER TABLE `contact`
  ADD PRIMARY KEY (`contact_id`);

--
-- Chỉ mục cho bảng `facebook_save_uid`
--
ALTER TABLE `facebook_save_uid`
  ADD PRIMARY KEY (`facebook_save_uid_id`);

--
-- Chỉ mục cho bảng `facebook_setting`
--
ALTER TABLE `facebook_setting`
  ADD PRIMARY KEY (`facebook_id`);

--
-- Chỉ mục cho bảng `filter`
--
ALTER TABLE `filter`
  ADD PRIMARY KEY (`filter_id`);

--
-- Chỉ mục cho bảng `group_filter`
--
ALTER TABLE `group_filter`
  ADD PRIMARY KEY (`group_filter_id`);

--
-- Chỉ mục cho bảng `group_mail`
--
ALTER TABLE `group_mail`
  ADD PRIMARY KEY (`group_mail_id`);

--
-- Chỉ mục cho bảng `information`
--
ALTER TABLE `information`
  ADD PRIMARY KEY (`infor_id`);

--
-- Chỉ mục cho bảng `information_general`
--
ALTER TABLE `information_general`
  ADD PRIMARY KEY (`infor_id`);

--
-- Chỉ mục cho bảng `input`
--
ALTER TABLE `input`
  ADD PRIMARY KEY (`input_id`);

--
-- Chỉ mục cho bảng `mail_config`
--
ALTER TABLE `mail_config`
  ADD PRIMARY KEY (`mail_config_id`);

--
-- Chỉ mục cho bảng `members_facebook`
--
ALTER TABLE `members_facebook`
  ADD PRIMARY KEY (`member_id`);

--
-- Chỉ mục cho bảng `menus`
--
ALTER TABLE `menus`
  ADD PRIMARY KEY (`menu_id`);

--
-- Chỉ mục cho bảng `menu_element`
--
ALTER TABLE `menu_element`
  ADD PRIMARY KEY (`menu_element_id`);

--
-- Chỉ mục cho bảng `migrations`
--
ALTER TABLE `migrations`
  ADD PRIMARY KEY (`id`);

--
-- Chỉ mục cho bảng `notification`
--
ALTER TABLE `notification`
  ADD PRIMARY KEY (`notify_id`);

--
-- Chỉ mục cho bảng `orders`
--
ALTER TABLE `orders`
  ADD PRIMARY KEY (`order_id`);

--
-- Chỉ mục cho bảng `order_bank`
--
ALTER TABLE `order_bank`
  ADD PRIMARY KEY (`order_bank_id`);

--
-- Chỉ mục cho bảng `order_code_sale`
--
ALTER TABLE `order_code_sale`
  ADD PRIMARY KEY (`order_code_sale_id`);

--
-- Chỉ mục cho bảng `order_items`
--
ALTER TABLE `order_items`
  ADD PRIMARY KEY (`item_id`);

--
-- Chỉ mục cho bảng `order_ship`
--
ALTER TABLE `order_ship`
  ADD PRIMARY KEY (`order_ship_id`);

--
-- Chỉ mục cho bảng `posts`
--
ALTER TABLE `posts`
  ADD PRIMARY KEY (`post_id`);

--
-- Chỉ mục cho bảng `post_facebook`
--
ALTER TABLE `post_facebook`
  ADD PRIMARY KEY (`post_facebook_id`);

--
-- Chỉ mục cho bảng `products`
--
ALTER TABLE `products`
  ADD PRIMARY KEY (`product_id`);

--
-- Chỉ mục cho bảng `ratings`
--
ALTER TABLE `ratings`
  ADD PRIMARY KEY (`id`);

--
-- Chỉ mục cho bảng `setting_getfly`
--
ALTER TABLE `setting_getfly`
  ADD PRIMARY KEY (`setting_getfly_id`);

--
-- Chỉ mục cho bảng `setting_order`
--
ALTER TABLE `setting_order`
  ADD PRIMARY KEY (`setting_order_id`);

--
-- Chỉ mục cho bảng `subcribe_email`
--
ALTER TABLE `subcribe_email`
  ADD PRIMARY KEY (`subcribe_email_id`);

--
-- Chỉ mục cho bảng `sub_post`
--
ALTER TABLE `sub_post`
  ADD PRIMARY KEY (`sub_post_id`);

--
-- Chỉ mục cho bảng `template`
--
ALTER TABLE `template`
  ADD PRIMARY KEY (`template_id`);

--
-- Chỉ mục cho bảng `type_information`
--
ALTER TABLE `type_information`
  ADD PRIMARY KEY (`type_infor_id`);

--
-- Chỉ mục cho bảng `type_input`
--
ALTER TABLE `type_input`
  ADD PRIMARY KEY (`type_input_id`);

--
-- Chỉ mục cho bảng `type_sub_post`
--
ALTER TABLE `type_sub_post`
  ADD PRIMARY KEY (`type_sub_post_id`);

--
-- Chỉ mục cho bảng `users`
--
ALTER TABLE `users`
  ADD PRIMARY KEY (`id`);

--
-- AUTO_INCREMENT cho các bảng đã đổ
--

--
-- AUTO_INCREMENT cho bảng `categories`
--
ALTER TABLE `categories`
  MODIFY `category_id` int(11) NOT NULL AUTO_INCREMENT, AUTO_INCREMENT=32;

--
-- AUTO_INCREMENT cho bảng `category_post`
--
ALTER TABLE `category_post`
  MODIFY `category_post_id` int(11) NOT NULL AUTO_INCREMENT, AUTO_INCREMENT=708;

--
-- AUTO_INCREMENT cho bảng `comments`
--
ALTER TABLE `comments`
  MODIFY `comment_id` int(11) NOT NULL AUTO_INCREMENT;

--
-- AUTO_INCREMENT cho bảng `contact`
--
ALTER TABLE `contact`
  MODIFY `contact_id` int(11) NOT NULL AUTO_INCREMENT, AUTO_INCREMENT=2;

--
-- AUTO_INCREMENT cho bảng `facebook_save_uid`
--
ALTER TABLE `facebook_save_uid`
  MODIFY `facebook_save_uid_id` int(11) NOT NULL AUTO_INCREMENT;

--
-- AUTO_INCREMENT cho bảng `facebook_setting`
--
ALTER TABLE `facebook_setting`
  MODIFY `facebook_id` int(11) NOT NULL AUTO_INCREMENT;

--
-- AUTO_INCREMENT cho bảng `filter`
--
ALTER TABLE `filter`
  MODIFY `filter_id` int(11) NOT NULL AUTO_INCREMENT, AUTO_INCREMENT=12;

--
-- AUTO_INCREMENT cho bảng `group_filter`
--
ALTER TABLE `group_filter`
  MODIFY `group_filter_id` int(11) NOT NULL AUTO_INCREMENT, AUTO_INCREMENT=3;

--
-- AUTO_INCREMENT cho bảng `group_mail`
--
ALTER TABLE `group_mail`
  MODIFY `group_mail_id` int(11) NOT NULL AUTO_INCREMENT;

--
-- AUTO_INCREMENT cho bảng `information`
--
ALTER TABLE `information`
  MODIFY `infor_id` int(11) NOT NULL AUTO_INCREMENT, AUTO_INCREMENT=17;

--
-- AUTO_INCREMENT cho bảng `information_general`
--
ALTER TABLE `information_general`
  MODIFY `infor_id` int(11) NOT NULL AUTO_INCREMENT;

--
-- AUTO_INCREMENT cho bảng `input`
--
ALTER TABLE `input`
  MODIFY `input_id` int(11) NOT NULL AUTO_INCREMENT, AUTO_INCREMENT=167;

--
-- AUTO_INCREMENT cho bảng `mail_config`
--
ALTER TABLE `mail_config`
  MODIFY `mail_config_id` int(11) NOT NULL AUTO_INCREMENT;

--
-- AUTO_INCREMENT cho bảng `members_facebook`
--
ALTER TABLE `members_facebook`
  MODIFY `member_id` int(11) NOT NULL AUTO_INCREMENT;

--
-- AUTO_INCREMENT cho bảng `menus`
--
ALTER TABLE `menus`
  MODIFY `menu_id` int(11) NOT NULL AUTO_INCREMENT, AUTO_INCREMENT=6;

--
-- AUTO_INCREMENT cho bảng `menu_element`
--
ALTER TABLE `menu_element`
  MODIFY `menu_element_id` int(11) NOT NULL AUTO_INCREMENT, AUTO_INCREMENT=141;

--
-- AUTO_INCREMENT cho bảng `migrations`
--
ALTER TABLE `migrations`
  MODIFY `id` int(10) UNSIGNED NOT NULL AUTO_INCREMENT;

--
-- AUTO_INCREMENT cho bảng `notification`
--
ALTER TABLE `notification`
  MODIFY `notify_id` int(11) NOT NULL AUTO_INCREMENT, AUTO_INCREMENT=2;

--
-- AUTO_INCREMENT cho bảng `orders`
--
ALTER TABLE `orders`
  MODIFY `order_id` int(11) NOT NULL AUTO_INCREMENT, AUTO_INCREMENT=2;

--
-- AUTO_INCREMENT cho bảng `order_bank`
--
ALTER TABLE `order_bank`
  MODIFY `order_bank_id` int(11) NOT NULL AUTO_INCREMENT;

--
-- AUTO_INCREMENT cho bảng `order_code_sale`
--
ALTER TABLE `order_code_sale`
  MODIFY `order_code_sale_id` int(11) NOT NULL AUTO_INCREMENT;

--
-- AUTO_INCREMENT cho bảng `order_items`
--
ALTER TABLE `order_items`
  MODIFY `item_id` int(11) NOT NULL AUTO_INCREMENT, AUTO_INCREMENT=2;

--
-- AUTO_INCREMENT cho bảng `order_ship`
--
ALTER TABLE `order_ship`
  MODIFY `order_ship_id` int(11) NOT NULL AUTO_INCREMENT;

--
-- AUTO_INCREMENT cho bảng `posts`
--
ALTER TABLE `posts`
  MODIFY `post_id` int(11) NOT NULL AUTO_INCREMENT, AUTO_INCREMENT=57;

--
-- AUTO_INCREMENT cho bảng `post_facebook`
--
ALTER TABLE `post_facebook`
  MODIFY `post_facebook_id` int(11) NOT NULL AUTO_INCREMENT;

--
-- AUTO_INCREMENT cho bảng `products`
--
ALTER TABLE `products`
  MODIFY `product_id` int(11) NOT NULL AUTO_INCREMENT, AUTO_INCREMENT=23;

--
-- AUTO_INCREMENT cho bảng `ratings`
--
ALTER TABLE `ratings`
  MODIFY `id` int(10) UNSIGNED NOT NULL AUTO_INCREMENT;

--
-- AUTO_INCREMENT cho bảng `setting_getfly`
--
ALTER TABLE `setting_getfly`
  MODIFY `setting_getfly_id` int(11) NOT NULL AUTO_INCREMENT;

--
-- AUTO_INCREMENT cho bảng `setting_order`
--
ALTER TABLE `setting_order`
  MODIFY `setting_order_id` int(11) NOT NULL AUTO_INCREMENT;

--
-- AUTO_INCREMENT cho bảng `subcribe_email`
--
ALTER TABLE `subcribe_email`
  MODIFY `subcribe_email_id` int(11) NOT NULL AUTO_INCREMENT, AUTO_INCREMENT=2;

--
-- AUTO_INCREMENT cho bảng `sub_post`
--
ALTER TABLE `sub_post`
  MODIFY `sub_post_id` int(11) NOT NULL AUTO_INCREMENT, AUTO_INCREMENT=12;

--
-- AUTO_INCREMENT cho bảng `template`
--
ALTER TABLE `template`
  MODIFY `template_id` int(11) NOT NULL AUTO_INCREMENT, AUTO_INCREMENT=5;

--
-- AUTO_INCREMENT cho bảng `type_information`
--
ALTER TABLE `type_information`
  MODIFY `type_infor_id` int(11) NOT NULL AUTO_INCREMENT, AUTO_INCREMENT=18;

--
-- AUTO_INCREMENT cho bảng `type_input`
--
ALTER TABLE `type_input`
  MODIFY `type_input_id` int(11) NOT NULL AUTO_INCREMENT, AUTO_INCREMENT=11;

--
-- AUTO_INCREMENT cho bảng `type_sub_post`
--
ALTER TABLE `type_sub_post`
  MODIFY `type_sub_post_id` int(11) NOT NULL AUTO_INCREMENT, AUTO_INCREMENT=6;

--
-- AUTO_INCREMENT cho bảng `users`
--
ALTER TABLE `users`
  MODIFY `id` int(11) NOT NULL AUTO_INCREMENT, AUTO_INCREMENT=2;
COMMIT;

/*!40101 SET CHARACTER_SET_CLIENT=@OLD_CHARACTER_SET_CLIENT */;
/*!40101 SET CHARACTER_SET_RESULTS=@OLD_CHARACTER_SET_RESULTS */;
/*!40101 SET COLLATION_CONNECTION=@OLD_COLLATION_CONNECTION */;
