-- phpMyAdmin SQL Dump
-- version 5.2.1
-- https://www.phpmyadmin.net/
--
-- Máy chủ: 127.0.0.1
-- Thời gian đã tạo: Th5 31, 2023 lúc 02:46 PM
-- Phiên bản máy phục vụ: 10.4.28-MariaDB
-- Phiên bản PHP: 8.2.4

SET SQL_MODE = "NO_AUTO_VALUE_ON_ZERO";
START TRANSACTION;
SET time_zone = "+00:00";


/*!40101 SET @OLD_CHARACTER_SET_CLIENT=@@CHARACTER_SET_CLIENT */;
/*!40101 SET @OLD_CHARACTER_SET_RESULTS=@@CHARACTER_SET_RESULTS */;
/*!40101 SET @OLD_COLLATION_CONNECTION=@@COLLATION_CONNECTION */;
/*!40101 SET NAMES utf8mb4 */;

--
-- Cơ sở dữ liệu: `laravel`
--

-- --------------------------------------------------------

--
-- Cấu trúc bảng cho bảng `blog`
--

CREATE TABLE `blog` (
  `id` int(10) UNSIGNED NOT NULL,
  `blog_title` varchar(255) NOT NULL,
  `blog_image` varchar(255) NOT NULL,
  `blog_des` text NOT NULL,
  `blog_content` text NOT NULL,
  `created_at` timestamp NULL DEFAULT NULL,
  `updated_at` timestamp NULL DEFAULT NULL
) ENGINE=InnoDB DEFAULT CHARSET=utf8mb4 COLLATE=utf8mb4_unicode_ci;

--
-- Đang đổ dữ liệu cho bảng `blog`
--

INSERT INTO `blog` (`id`, `blog_title`, `blog_image`, `blog_des`, `blog_content`, `created_at`, `updated_at`) VALUES
(1, 'new', 'blog-one.jpg', '1', '<p>Lorem ipsum dolor sit amet, consectetur adipisicing elit, sed do eiusmod tempor incididunt ut labore et dolore magna aliqua. Ut enim ad minim veniam, quis nostrud exercitation ullamco laboris nisi ut aliquip ex ea commodo consequat. Duis aute irure dolor in reprehenderit in voluptate velit esse cillum dolore eu fugiat nulla pariatur.</p>\r\n\r\n<p>Excepteur sint occaecat cupdatat non proident, sunt in culpa qui officia deserunt mollit anim id est laborum. Sed ut perspiciatis unde omnis iste natus error sit voluptatem accusantium doloremque laudantium, totam rem aperiam, eaque ipsa quae ab illo inventore veritatis et quasi architecto beatae vitae dicta sunt explicabo.</p>\r\n\r\n<p>Nemo enim ipsam voluptatem quia voluptas sit aspernatur aut odit aut fugit, sed quia consequuntur magni dolores eos qui ratione voluptatem sequi nesciunt.</p>\r\n\r\n<p>Neque porro quisquam est, qui dolorem ipsum quia dolor sit amet, consectetur, adipisci velit, sed quia non numquam eius modi tempora incidunt ut labore et dolore magnam aliquam quaerat voluptatem.</p>\r\n\r\n<p><img alt=\"\" src=\"https://tse1.mm.bing.net/th?id=OIP.TXrAtQoYivxy9JaC2vuEwAHaEo&amp;pid=Api&amp;P=0\" style=\"height:296px; width:474px\" /><a href=\"https://tse1.mm.bing.net/th?id=OIP.TXrAtQoYivxy9JaC2vuEwAHaEo&amp;pid=Api&amp;P=0\"><img alt=\"\" src=\"https://tse1.mm.bing.net/th?id=OIP.TXrAtQoYivxy9JaC2vuEwAHaEo&amp;pid=Api&amp;P=0\" style=\"height:296px; width:474px\" /></a></p>', '2023-04-21 19:23:45', '2023-04-24 03:56:54'),
(2, 'new 2', 'blog-one.jpg', '1', '<p><img alt=\"\" src=\"data:image/jpeg;base64,/9j/4AAQSkZJRgABAQAAAQABAAD/2wCEAAoGCBUVExcVFRUXFxcXFxoYGhoZFxkcGRoXGRcYGBkXGBgaHysjGhwoHxoZJDYkKCwxMjIyGiM3PDcxOysxMi4BCwsLDw4PHRERHTMoIyg6MTExMTExMTIxMTExMjExMTExMTEzMTExMTExMTExMTExMTExMTExMTExMTExMTExMf/AABEIAL4BCgMBIgACEQEDEQH/xAAbAAACAwEBAQAAAAAAAAAAAAAEBQIDBgEAB//EAEgQAAIBAgQEAwUFBAgFAQkAAAECEQADBBIhMQUiQVEGE2EycYGRoQcUI0KxFTNS0SRigqLB4fDxFkNyktJUJTRjc4OEk5TC/8QAGgEAAgMBAQAAAAAAAAAAAAAAAgMAAQQFBv/EAC8RAAICAQIFAwMEAgMBAAAAAAABAhEDEiEEEyIxUQVBYTJxkYGhscEjQjPh8BT/2gAMAwEAAhEDEQA/AMpMVO1eINW3rMVXlr0aPPtkw+u1cuqp9Kiu9cdTRJANkCK9FdrtHRGzkV0JUq9FXQNnglSC1wVKrSKs6tWowqrJV1kD41dAtkLlQzGr7vpVLJVolnc3evAio5a6FqEOZvWjcPjGA3mhTaNTtpQtJ9y1KuxcDmOtcvYaOlSw9hm2/Wm+AtNHMPjSpz0jccNRnrdlSeainwiEEIdadcTQBSYnToOlZ25iG1yiKkZalYUo6XQNetlTE1bYXlIqzCcOuXAzIhKrqxkADruxAozB4DDPZm5jGs3Dsq2mZVHQOQJLe5oHrS83FYsa3kh+D0/iM/0Qb/RiO8ygkE1V98UbA/SnNvw1hh7fELcdAlm4WPaQYiqcX4ftxNnF2rp/hZXssfRc8g/MUhcfjk6Uka36VxEVcoOvsx/f8PPawgxRuBpFtwqgmFfKZZj2kbD40tfjN0xNwwIMDQGDse/up94K42youBxtsqrL5dpmAyOuo8rOOU/1SD6dpznijg74e7lEm28m2x6j+En+IVyOOy5pPeXSek9Ahwsbi49ftf8AG5rfFKW+J4e3csa3rU8k/wAUZ7bHoZUEHbT1rJ+EfDb4u+Uebdu0fxTsRrHl+jmCPSCe02eD+L/c74cyUYZbgGuh1DAdSDr7ie9fVcGLTAumXI581iIhywHO3eQB8qLh+LbxuJj9T9N5GZP2f/qEvjLFLaw3lWlg3ALVpVBnJHMQBrsIH+dZ/wAO8Ae1nW4fLu3VVAVgtbUsJgmQGj3jQU841x/CW812VuXQpRFU5n1PNJ2QHY+gG+1fOONcau4i9NxoGbRF0UD3dfeazSnFT1d2jbw+HLLAsSWmLe7fd+KGtzwuLmIufdsW3mgswL3AxYg7M66ye8EelC/tviycnltycv7qfZ03Gh26Uhw7lLmZSVI1BBgg+h6U4/4ovd59cu/rvTVxC90Jn6TJvpkW3XB6Ch2Srmsmoi2ToAa9EqPGOwciu0V90ePZNV3MOy7qRRKSKaYPlr2WrildFo0dgFEV6iRhzXVwzdqu0VuDipA1c9mN6hAokwWeqaKKgCKmpqyFhNRvODEA6KAffv8A41NoI1mvX11jtC/JE3+JNKlJKcV5sOMbhJ+KBmNRqwrUSKeKTOBqmrCKiFr2WhLsuU+tNOE3+hNKVHerFJGu1LnDUqGY8ml2aryw3xFOreA4clpWuC0sj/mXI5uoAZu/asfw7iEaGhvE+AF3LcUZiohgNyupHvgzp6mudmwN9PsdTh+Irqj3Nr/wrgLwzWwCP4rdwsP1YCuYfwPhQZY3X9C4A/uKD9awPC/DWLuAXLFm6s7OHW0T7iWBI9RpWs4P4Zxxj7zjbtu3OttLzs5HWbk8nwn4Vhnw2OPujq4/UeKqlJjPEeBsIdR5if8ATc/8waGu+BcNGj3V/tKZ+BSq+PeL7eGIt2UFwoIJLnIvpOpdu5+s1jONeIb+Ik3HyoNkSVX3kTLH31hm8cfY7XDYuPy05TcV33duvsb3DeFktobaXnZCQTbuqly2SNjkAUqfUEUw4vwtL9g2bkToQwk5WGgfXX0jrPrXxYY1lMoSp7gkH6Ubc8RYp08s3rhB0jMR8yNT8TUWVaaa2+5MnBT5inHJbXvVP9jnFMO1q69t/bVspjoN83uI1+NFYbjF9rIwyOUsKSTGhadSpbfLPT1pLGuUasdz+op5wnh1y8TbtAEouYywURMTJ9SKzu1tH3OwtM1qzNVGr+4FiH6Db/CqOGYO5euhba5m37ACTqxOwrSW/CTkTcuqvWEGYx7zA6eu9PuCYBLAy2xHUk6szaDU/P5U/Fw8n3OZx3qmNP8Axu3+xnMP4RYKxa6A4MQFJGuo1JBPyoK54YxIJEIYJE59461urwDBhqAdJBhhAyyG3BgEzWTuftMEgNbcAmGKLLDox03O9auRE4y9Szrx+DQXMEm9UfdVBkValxTsakVmt6bRx3GL9ip7oGkVRiVVx2NEmxVRw1Mi0gJJvYA/Z47zUWwhGwpiEirAwo+axLwxFIwjHQA/KrUwpX2o+VMWv1Wzz0FXzJMrlQQjvWmY7VD7saerh56VecIO1N59Cv8A5mzNvh41qCinuLwo/wBqBfAN0ECmwzJrcTkwyT2KsJazuq9yAfdOtUWbme5c6y5YfM6fIz8KecJwLgkBguYqC35hJPs9jWY4NZui9aVLoU5wBNvUSYOux61y+J4us6r2/s6nC8JeB6vf+g57PWpW7Ska6USMM1QfCt2rqrIn7nKeJp9ioYUbzVNwdBt7qJ8oruDV9nC5uoq9aW7ZXLb2SF6pFeKUyPDWHT61F8IfWq5sfJfJn4ALYij8M8CJqm7hiIjWfSvWUNVJqSLgpRdBN/G3QABccImwDMAvXYH/AF8qW4/i1y4uU3LhH9Z2IPwmnAwwKMG2YUE3hDF3ADbVACJEuAYO1ee4/FJTuHZ/ye49E4zByqzVqXb7GZLlnA3Ar19XuHKisdY0HX37CthwzwI9vnxFxQP4LZlm9Adh79aMfR1tWLa3H1ypMW1APNcuMNco27k1khh95HRzepJx043be78JfcC4P4QsqiG9nuXXGYW0YAAeukmi8T4IzmLbeV1gsDp6A81KPEviU2c1rD3c91jN/EKBq2wtWuiou2m3vk1f4KveVgsRimJa7cz87NLEW1hRJMnmLH5VreGKhbRw4cdm5mmMn/Qp8RWLFi4LVnmNsZblyZz3Jlvlt8+1MPCd9bNm7iLhhSQsxMKp1IG55j/drJXHnrJP1PcmtDxYZeFIB+bIT8bmb9azYIqU7Z1PUM0ocOsae38+5fxjiWNaXtsrWhr5lpQRHrJJEUDa8VYgAAG20fmKa/QgfSs7wzid2xPl3CoaMy6FWjup0+O9NbXHLL638MC3VrTZCfev+daJ4530s5mLi8WnTkgvukM8N4tuj94iMP6sqf1Ipj/xRh+7j08vb0pAMdhrrBLWCuMegF0z7zEwPU0w/ZNr/wBNeHp51vT0q4wzEnm4JvdBtq9RdrEnvQCpVgFddxTPOKbQ1t4v1q1cQPQ0mBq1GoXjQaysb+aDuvyqt2X1oS1dPerRdodFB67L7YtdZq9HtDZRQQE1xkqqv3L1V7B2edQI+FStknegEdl2q0Yg1TiWphty2IgioJpppFDi5O9SLCap7BWmc4hyqSHyjKzGASTlEiDsNe/esbbsvbbN5jBkJIJtdVgkyAO4itJx0XTaZ1kBmVUFwxMsGMKo3OUmTOhIrMWcQ4EZGAgDlutp+Jl0zyPa5fptXLc1KTkdBRcYpG5s4GQGQypAInqCJB9NKtbAmNaVeGeIuyFGVgAWKszKfzEFNOxB+UU+TExvW/HklKNmSeOMXQCeGg96CxGFAPWn33lai1+2d4psckkKligwPBmQBHpRF6wSIC/GBRFvEp0rzYoAULk7DUVXcVXsK3YCKHtYTXTWj72KLaVUjxTlKVCJRjYHiFyzM6AmvcQ8YXhbAtW0tKIBLHOxgQOwHToatunMY6HSkdm3IYuvLaYAg/mu9E93U+nvpWZpJOQzh4ylLTD3Lr/EcRdUPfu3AhHKiQj3J2AyAMqnuem280H4mxhsW2sggXruXzsm1q0o5MOpHzaPdtRWCtuxe5m/EzZVYicrQCzgdwCAO2vYVTh+AW5zXGLmZPQE766kn51nxY3Pqa29jbxGSOG8UXv7v+jGJZZ+VFZjsAoJM9oFbnhHDbi4BrLrluMHgEg+0ZEkaDemdm7lAVQABoABAj3CvXL5rS8GruY4cRoalH2MPi+D37ftWmjuozD+7MVo+E4VruDaxdVkMFVLKROuZCBHQx8qYi8asS4aVDglB2macvqkssNMor7mNt+DL5El7SntLGPiBROH8Ft+e8B3CpPyJI/StZ95NVm/TlgRjeZlHDeGW7K5LYjuT7THuxo3JVa3ql5wpladkLtPcEQKdx8q82HHQ0ecKN9KqZQKWp+A3j8gJtjv9K4Vo1jPSoFJo1MU4AyLVyipeVV1mzJ2q3JEjBnLdSAmivIWouB0peodoaBmaKqbXrRTp6VAWZolJAOLKge29dAO7dB2Jj4DeiUUAVHEGUYDSVI+hpWWXQ68Mbij1Kynit97gGUSrXLOjaE5hdKsuX2RyqYM/CZrPcPuMUEWWYACSrL3NydV7qT8DWr8RHnUCDDYYGNhy4kiAeoBGlKvCzr5KHMFKtmIYDXkcGCIKE7g6+wDG1cjGlujqTb2ZDhWOZmW2qFFOdiDEglmuHbQHM7Haf8AB81jQUiwbj71odIaYBAnSZ1Ou3U9a0tvEiIrdw9qG3kyZqctwS3hyTRD4aBtVqXQOlXK4I1p7kxSihb5ZHSoXE9aNvutUXAo6UakLlEEy1F2q1xVRSmpiWjgaKE4rnYIF1AcmP6xXKCfSKLK1ErQzgpxcWMw5ZYpqUfYlhkRVCAaAb9Sdyx95kx02qq56VLLXCtFCKiqQvJOWRuUu7K4r2WrMtey0di9JWBUqmFrhSpZdFZrlW5KkEq9RWllAWu5avCV3LVaiaQq9Ql25FTe7Qt7WssV5Nc5eAa3jCzOsRlIHvBUH9ZHwq9XpHwlv6RdPN+IZAI0UKSu86yQaeZaZCSlGxWSLiya3KItXKECVNQR1omkDGTDQ09YqsGqg5iqy5odIbmXm59K6L86f61/2oK9fgR/WX6tlH6muu8XQNvwydo1Db/I/WlPItWn5oYoPTq+LDC9dAz8qncRJ6GP51QHGZR/EGPX8sfzruBcG6y6FRcUd5BifhvQZJppxXz+weOLTUn8HOLslpUdrjfvULMmdwFS3dJBKgjYt/lWO4dl0C3MumsFhpkaR7I6j5E19I4tw4fd4US12AZJJM27nWdtTtWJ4Pwu3+IWHsLdEj0dwNt9D9a5GJ7bnUyLfYl4dYeaOceztmUycomIYkDQ6RtWnU6TS/h2CW1bt5FAGa7J6ybpCifcn0om48Ms/mzD5Qa6fDTWj9aMHEReqvgJD1w3j3qquZa2UjI2yx7xNQD14JXQlXsA7OhqlNcC16KhKOEV6K7XgKuyiNcIq0LXTFSy6KQlSy1ImuQalko5FcKVPKakLfrUslFJFcCmicgrtTUXpKVtGp+V61ItXs3pVWy6RQ9oVQ6VOy5IM9CR8iRRHDkzXFEkTOoiYKnUZgR8xWWWVxg2vBpWNOSTMbwRm+8tKsBzicjAT5jncgDaD8RWoy0Fgkz3rltv+VqGhZYgWoMBdNWPX8p76MiKVwuZyi7D4jEotFYFcNWRXQorVrRm0FOWvFKvyCvMg+ZA+ZA/xqc1IixNiV2LXHVTqrWRpuuZrk+7ag/FmINsC5zBrqBUA6MxMTO43NO/Cyh8RiSVzR5JXYCfxzqSdp/Q6Uu+0N8jWBkWAoAhm0AVuuTffrXLnk1ZWdKOPTjQks8Xa2bVxySpw9wP0gtdZA3pDMg9wrX4BIxFz/5iH4bjT3RSDzw6t+GrCAhi4sbuzZgQBqG6+/XetDdxK27125d5FU2ydzpHYCeo+fxo4T6v0YMo9P4HvFb/AODa0iBIJIB0suRA3O1Y7g4/DhQAfLxDn43UynXtzfL1itc2ItGzaKugVoMkhfasPuDHfr3pLw+2iKwXnHkXQSAMsrdXVW2YkOTAJ6aVkg62NMlZmB4jYpeRQrC0BcVtwW8xS0aaCXufGtF5ufynVuRmePXR/lAj6Vk+CYa01plZHOflaLd0ypuIzSVGmxIg7TWn4aiZLQQNreukyjgAsmY6sugkn01j0rXCSi0l5M0o6k2/AwiugVYoXMUzDMBJE6xprHxHzFV3byq6WzMvMH8ugLGTOmgNdHWjBy2TUVLLVGMusht5QCHcKd9AWVZEf9VV+ILjW7Fx1MFRIPrOgqtaJy2GRXLZB2IPxqaWcyrJPQn1060u4SyG7dysplbZgETpmzErvuw16zVczqoPlLTYwgV4168FghiACNQTGlC4K6iWULk6nL1OpYwD2/2q3kV0Dy9gjLXYqeLTkMSPUb79PWh+CXy9hGec0EGepVipPxiarmb0TlloSpqlDY2+y3LQBAVnykEbyrHQ9+X5TRueop2XoSI+Wa75Vde4QDA+oH1OgofCYlnDErlKuyRMzlMSCOhqcxatPuFy+nVWxebdRyL1NRdjr/MD6nQfGhcFivMa4uWPLcodVMx1lTU5ivTe5XLdaq2CuX1r0e+vA12aLUDpENjF3BcykKfMcbBoUsQIBJkzvXMLxl7RBFsNkZ1AJMkAsBt6fpSrwe9m46/iXHdHSATcPW2NQNBzL17++gBftnE3EuXXUG9cBHOIHOBlIEA6rtXN1p7G7S6s0tvFlGDi2PxLZkZjAh9x/wBv61I44tbZwvsvb2MyGcKem0E6+tJ/FmIW22F52VTbckw/N+JENpqBmbfuKKv37a4K9ct3S3LZObmIU+cRoQNIIjQ9KGMlFdPuXKLlLcO4TxMXssIRmUHfWGExoN9dq5Y4icqZkJJVdiNTAnTpQfgQ2s9vLdzMrgZe4y75Yn2p7UBwXEq7lXvqAvmQBAIymEUl17KdB7qZzXbB5apGgfHBGcFWIBBBEbFFbWT3JqX7RtKUNxWKuuYcqsQbd1CDBMd/lSvxDiP6Y1vzURctneJnKssoYdhXPE11LdvDhbluM14EllggOo6aSOwoHkuKiwljpto0/g60p+8XlJIvMm+hAthxBAOmrE6d6T/aYxNy0AuYlQB3BK3QO369aN8FXItOvnW45Wk5c2obQAHoFUbGYpR9ojnzrGS5qMp5lEfnM6pET8N6zR/5DQ/oAcIot27ityk3RIJ1M+bMa/7/ABqr7VzcOJItlgPLlgrGDEbjrpXOPEkXSLlosLzRyJOl0gE8gkwBp3q7xjcuHFLluJLIAc6qZECY0E7n6U5fUmKf0tC/CC+MUiq1zylu2LeXOYGa2hIgmYj9ac/Z3ibjo4uKdbF11bTVWa2pWPQoDHXPRfCS33u4C9oJmQzpmzZEB0zCe+x2FQ8GXH8h8zWliw+XrOlvceZoJnURsddak3a/BIrf8iTg9oG9ZhYXOZB/MfMUHfcb6eta3haDyMOQonzbvTY5YHu0ikPC79xsPbGW3+8ua58oIhOvmdz8xNGcExjrhrclVFu9dXX2guQGQSe5J20g1V9SfglbNB9rG2/vY5l5kKDmTVsynYNI9mNutc4q5a6pW2zhCy6KIOZWRoZiAdGPxFBDicErmtqokbycwnMTB2GVv+1v4daTxFvNI8xgkBQiruxjMWYDYEkb7IT01fzJNCtKQayXDaRQAvkqpLl1C5lEltbTnSPpSPxJxk4gIgK21XVs0EF+mUmNBrv8qF8U8RJyKM4BWSCYB2bUTvBQbdD60nwf4jopClcwLZmhYH8Xpvp2NHBurYuVXSPo3AVb7tbtvczSu+xCGMokdlI19RSgOv3hbq3LrG2WAXMxSNU5s2gEt3HSiLWNJWc4GZdMttnjO4VfZIki1nO4k3dwNs7e4nct3cv4ZguhHl3ACHyyp1MHY6E77UK1N22E6Wxqb2MJIZmAOqpyHMCejHUBgYHTc1TgkeLge55iM6soOmQhj7J6ydNewrOrxu4AJVGIjdXGYCMrHoriRrsQRO4rlrjjacikDMCM2WUbWTpykGIbb11o6ZVo1eK41bYZQ1smfZLKZImBG8yNv5Vzg+KuLnFzKy5pTIIyjWQe+tY+5xeWVyi5gQSfMAzr0aI5Ttr7JnQ0TY44sjk2LLyuNeYsrCfzDt74q3fdMFeGabjGLeJthS8yMzuAMp00Ro1k++KbYK/nQHTNAzAdGjWPSZrEWONJmXkb2yTlAgkoyyoB/wCo5dxB0q7h3HAjIxS5BAVxEgssAto2oI7bEajU1WqUbaVhVGVJujdW7eY5SQoO5I2EdutZ7iNy/ZvOiMnlkl1/DLFsxJkHMIHp6GmGAxDpZtElW826gWD7Nu4CVkBzLRB23+VNr2EDFG1UoTBCkCGXKwP4YkbHfpWSXEPXq/Q3LhnytK73YlwGKcGHkljnKkCUtkKobQcq5s3tTr1iKB41jLmFuny0F8Xc93lMZFzCAdNCc0wRNd42zK91lKlra+W7LciV8ze4g0Z8giJGnSYr2Gx9tra3VuIFWVZdSS06kuDygzBB+nVqbb1GaVxTgMrHEVNu3cuI1oXGCQzK8XSzCJXYEZSJA3imOUUrw9hALi/iXGuAsiWwhypljQ3CpLgMRmTad6Q/tKNPIvmNJN66CY6kZtKZHLWzA5d7lvgVFF7Y+2o95zabmKVPlONJIIjEnp/WAnQ0z8CBg6klBzpJVlYk80GBMDL6dDSbDKHxZZmUsMQ0TAIYXdDECdBG29Zk+psc10pDfxy9sLg8w0Nrf/6iToPWOlE2WQ8NvQCR5ajQHbz73umDNLPGjljhULAj7vMHQfvBEHKO3c7UZduFOHXQrKoy2tBqNbr5gTGupPUazQ/6pfIX+zfwXfZ7bC32kb3FiBvyXiJPTrSfhuT72CNvxt15v+dMaev0pr4G5bgINsEuJKnMT+HdgxBjTpB2Y+5LwC4WfzCbecC7rPo8yJ13J9P0J95FL6UH/aWg+8XIMHLa0Kzp5bEdPWfjRfj4IbVgR+bEH2f/AIqz02mPhQXi/nxl0OUK/hyGbKSDbgnpt7unxqfjG47LhxKxN/YgAfirpqfT6RQeA67mm8AW1+7ExB5fy9A9yOlLPtPH4mGheq9pjLeH+vdR/gm+RhyuZQOTbXcsTrJ19O5ilP2iXCb+HOYZeXUrtpc19nbU/M0uD/yMKa6BXxTIReCgk/eX0/8AuG0MmPSrftET+l4eF6JpOp1UR/vpVHF3/elSn747IV5/NckloGsid96n49vj73bzaxbUL3BnodPTvtWhfUhL7DPhAH7Wub/ulle5zW9Y+nwqP2XgGxfmTyXIEnQZbUjXbpXeD3B9+utIzhVXrmyyk9dpI6dtda99njgYe5lgE2rhbLJlot6Ey0fTYbUEu34Cj3/ItwKKLNnp+Lc0I7La201o7g1gNgtNxiXAzDSD5Qb5qzDtqKB4ZcnD2jyZvNaAWbQxbHftGnp8j+B3iMMmsf0l/ZJnXyzII21UfWifsCig4S5J1eSJEBYZsjOR7EmSCNNef53vw05mDK0jMdXcHLmxK5vaG4RW+ferMRlZWLXH0RtIZiItXBI13gTpryR2rzLbznKrk+YZlQAB5uOGhncGfSCD1pli6EnG8J5Z2thvL3ZrZIYLags2p0dmP+Ro/wAPuv3kAlFUFY5rhjLdyKNF9fhMbUs8RXEAIAfKbZjmUMVFjCbwCM0E7d6I8P3D94hRqS2pY+yMYgIiIOhEdojrTL6QK3HmKYCyXMPCAhfLb8uKaNT0XlEf4Ugx2GU3rWqqxxLC5KMIGayAQAdNOo70+e8BbaLaAi1PMbkaY24p1kbnm+Q2pHiroz2CbalfvVzKFN0aB7MmDJB06yKqLI1uU4TDgiwC1sfiKp/Db2ALPNqTzanm2OXpVmGwgCjLctk+aUPtqApW3qfUa6+zpQvDbwBsgKSRixEtcG/lfhnttttrR+Fu2vLOZGVRiGAIa5JcKpNswZUNERqvNtR6itIY2GcZdbcQltjmcRbJU5jy+0DG/Ly70Bcwrll9iM4ta3DqsrDGV225duXejbVyxmXmcnzAADcuAZpeLXNpqfy+zz0CLiFyM7gjFZY8xfYkg2wCNDo3L6iopEcSOH4YWNsEW+e6LR/EUws4eJkb6nk99CYbh7P5X4a8zlDrbksgtfGNToNdTNNcHcQG0Oc/0sKOZOYTaPlmR6Tl310NLML5eazmuNAxDgxkPL+BA23B3nX39ZqIojJ+I3Gt2rdtAqWAj3My6i4vmRkycvliBMb59elajD8RBCMqoM0ATm0aRmU6wI0H86xvDeIW2tssDWVEEQWgkMzba5vnNFcBBNxQ0sXkHXVSDzEAA67AHXXvWHLjT9ux0uHzSW19xjxZfMa/zEe0SJGXWF2y66t8BNZfD8KcKxBTVCWgAyBMzza7GnPGRFwnOfZLfvTLZvLWVjQ6sDtv8IDwGGNza4Vm2xgETlCsTMiCAJMbGDpTsbpCM3Uwjw/g8TbvWilxUVCHDLbtwikkMwBMTIYfyo29xHEqxVQMoJA/BXYGB0q3w0j+Ypa4xTJmYFlgoS6ZYAH5+aJA06bUvxF+9mbK75cxy8jezOn/ADO1SUqkyRgnFF32SmbzxJJezv2IvbRPak98zj1n/wBUvx/pR7+orZfZ5bssyqpcOLpGnKOQQQYGpGY+kHekfCzYTEHPnZvNusCJJi3mc5SfZIJB+dLvqbK07JEPtKWEwkx/7t0Mk/iprJ9TRmFX/wBk3Ij2bWp6f0hjttVnjtbaX8N7TD7s0yzHKAwIBWdD1jfUVfxRrLcOulDcn8AhQzAtIFwFFLTBDA/PsYq9ohVu2LPsrH47xrz299vZxMRWe4KsYlCd8t2IO34d3Sa3Pgy5hy4UZ0Id5zPlBCJB/Nrqxj3nqDSXw55aHK9u6GIYA8+pNzIN3knrHZutTWrZSWyA/tL1xdwNA5bY06fhKdT31mivHp/BsaiM1+e+l9P0q7xIUTiNwOrEF7CLzNJZ0EaZgBsfpVni02xbwzsrFWt3XAJIMFlbvv76q+2wVd9x99niA4QmJ9j36G5/r4Cl32ntlvYfYaddAf3mx95orhXF8Jh8Oj3S6LcCwAGb8g15Se6nvrQX2iXEF/DXLexVXGvWGYA6j00pcG9d15Cn9FX4EeLuMFu6wfvTxmJjW88H3a0V49vsuOtQRBVB6e0Rrr3ojGWPMCE3JFxy+WCpDSIkrrEuNQar8eJZXGjzASDby6MREEmTBGmh+VOUk5fkU41EK4Q7/tO6NIKf/wBW5+lR+zG9msXjI0t3Sd/4bVHcGFkYu6D+Zx+YwCEG8mBpVfgU2DYcEwy2W3YwSVttpm/MMwPx9KCUtnt4DjHfv5M5w+9KWhP5zsYEEKRodj/lTvw+zfdlICsRiLkCdNBbMH1oDgV8Gz5a3PL8vM4J1BLAkiSSQeQxp091F4ophuHi5uRdaRmJYhgltjB0mSTGg00iaNy3S+QFHay3iuJe3bYsiT5bfkk6Wrn02H9o96quYoG5nNxAPMj8q6C7jWJIjfnQn3z1rA47ipu6OzHQa5RMwQR7W2p+lF8H4vbS4DcQkFszEa6gu45Z1lnjfZR1mnadhVqx7x8ubKutwEKmVYZI/cYcnX0KddpiruA273mtcHmC2hfNcElAVxSMAzDQHKzaetLRxXBlAr23Ki2gIBynN5a23gSZMJb66QdNdLeHeLWS0cNZUrbu3XuXA5RlZy65TzWzEKiaDTQ1e9URadVvsM+KcQtm0+a5cebYQEZ50xT3V3I0CEL8B0oTgoz3MPBuR5l0qxYEBsisrLzagZGBE6Ge1GYDhguPNy2sFkL6uQC+VhorqApmBlA3Gm9fS7nhyxaskoltMitkIQjKSCDll9CZNA24rcZPRJrSmvufHsLhrgS0SxA+/EznQRokusnQaNp1ir8HjXUEKXk3GaCyLDzl2zcp0EqdNNa3nG+K4XDfv1TNBZLaLmuZZksc2ltTEyTrWfb7QrY/d4YhdxmuWxpAMwLZjTXeprlJdKBxyinc42vvRPgHDcVjQ7W2toquGYvcYQ+Um2yhUM6gSp00FDXOFYq1dyqEOa6t5iMzICXYESQInIJG0NpRVr7SLc/iYZo65LiEjfYG2OoPXpWn8N8Yw2MabN0ckG5bYNbuqvVgVaCuo1XTWq1Tit0VNxlO4ql4uzD4bB4sm1COScUbjsE0UBlCuC4jLCjrPLpXbXA8Yz8qIgVy6k2xoxgTLEyYVdSI0ra8Sx9vC2y9y6bdtWIWGdncyTlt82vvrJ8R+0tjK2LCrGma7cLmYnVVYL74OlUpTlugoZFC1pT+9iz/AIUxaxltmWY7G0kkHlPKZOmbvoTpT7w/4axFu6rXLQyxD6gkywk8o3IUfPvWXx3jHF3CrM1oFDnGVcuoAMMM3MJjQz261db8f4tTr92b0Nle4H5SPX5VcoykqZXNalqSo1+I8Mv5hcLClpZZaHBYMWJyyrbjTqinSaR4TwdctOXuXbSoy3FjPlPOjqoGYKAAW2B6nQ1fgPtMssQuIw+QHTPYY6Sd8hj36E1ueBYq2VF+3iBcsOpAZm2bQ5SDENodCJoG5RRSk5S3Md4f4DdQi594tC26ghUcDQqSBLDaWzaHcV254avEkjGqASYAuiB6Dnp9fxVu1h1vX7z27YVQArkFz5YGVANhr06geoK1/GuGk8r/AP7Lf+VVcpblKbQHhcdg7X7q6lrc8pAEmAT7M6xvNCXcXglVMrWs63HLuvlhijJBiRuTofeaWYrwWNIWymsFWe9vE6kxl0g9dzv0sseC7IUF3TrMOx9RBB76UNx72xtS8BH7SwJLFhaLEyWOWWnvEz0kmpXOM4LLBNszEZcwYBdFjSIGw91L7vhzCALFxNQTJc5fSZuD6fyq5uCYMKPLa00EnMWUyIGkMxB16+tW2vkml/BPEcewXmu+hnJlhdVItBHE+pnX3etRfxNhZkydQRIaB6AT2PvoN0wYIVWsEltWyKTt6nKonXb3d6BvW7BIKvbCsculpRGgZp9IMfCokvkrdeBwPEuGKuCTLIVVyrFw0qQ09CI39a9c8S4cjLCkA75LkxJO89Z19w7UD9wwjZArroJkWScx5tSQNjtlIMQDEbD2OD4Ul/xLgygNK23aVjmaSmgkx/qalR+SdXwMz4lwwmFXWN7bnYHaWP6dKL4p4kwtzyg9sza8sjQEFcgOSWmAcx+lJP2bbVCqr5kwc5DCEzQYzQAwBJ+Fdx+FtC9cNwjKrFcoYj2Vygae4VNMb2sjckaA+NcMNrCfHt8qC474qwt66t1kIIDAqCoBkgjWCdNdu9BKnD7fMFzFgNH5gDqTuD7p3929Tw2KwCAlbdvNBg5WIBI0gEEnXvt61SjFbpMjlJ92gm141tLdNxFYM7BmEiCcuUaZNNOx3rnDPGtu0MioxSMsEjWTJ1Cg+lDYnieHecwV9Vyzb1EAjcAE/HT3V29isKsDy7YzLJi2zaNBXUTB20PxFXS8MlvyGYHxlYtqVWyCCzHX1MxpGg2r3FvFdu/h7lg2gAVaI3DaEHmmdQKWjGYbSLaz62CRAGg9nf3fSiMPxG24y5VUaj9wQNRuOXTf9amlXdFapVVmRw+PA6H+7/40U2NA6MfcR/40Hh8LcI0Q9tSB+u9H4LhjOT5jC2ogn8zsJAIVV336kbfCtTaE0VNjR2J+K6T3p5wTBXtbhQW1jR7q9ACWyIdSY/q99aI4dcw1gA2rNxnB9t1Rn6eySQq6zsNj3onE8YVixaxdJnQyO7xqWn2SBExvpSZyb2QyMS7iN3ILkLcum4tpWdYVctrOAoUkSJyntqKa+HMVcuJcu+Vb5c1rbcFAWYATrr9B3rPNxlgTlwzkZSOZljUzsD39afeF8c1vCFSlxmeGY28mVSxgggtvAGo0g6VnyJ6f+x0aszPGOMLduXLj2j5jtmg3ARr0DZemwmNqTXOMKCQbMEdCw/8AH3UzwqoGJuAhtSOZQOkAjT/aicbaw7jnYE9DKAj3ENI+taYzrYRoszlziin/AJUf2h/KmvgW9/TEuIhDW1ZwBqGkZCrbcsOZ/wA6VY3hhVj5bLcE6QyzE6SJ1+Faf7N8HD3blweWFUKCY1ZjJA76KPmKvJOoNokI9SJ+K+N27lzLcRlNouoAAya3CxK9pzD/ALazV7iVsHS20e4fTvTXxFatnEXRnHtBpkRDAE9fUV3BYa1kKMyurawSsgxGhnTpUhNRiiONyYhbiNs/kP0qH363/AfkKYcU4KBzWiGXeM6Zx8J1/X0pK7AdKYpWC40Etibf8B/u1uvsz4qLSs2SbYUBkzaZ5JW4BGhjMP7VfOiwr6D9m3Djcs3GGq+YARAg5VB9f4qVxDqDGYl1HvEWPs4jKM8CxbIKMIgqxDZc2hOqgDfWs552G9f/AMf+VX8a4Xlv3llR+I/aYZgYA+VVfspu6/8AbVwaUULlDcZ4bw6LpzA3DB1zMdvlXF4Fb0HlsTMe2dI91bXgmGGSPjpp6dj0n+VCLhiHbUaemsx/v2pHV5H7GTxXArdvU2/7zdfcaIfw9bW15hRQPWTuPU1o+JYVWYAjbrMVe9sLZC9Bp8/lPWi0zruDcTKcP4KtySoAUekzptp76HsYHNcyAQJOug07nv7q1vDbWUMCZnQemh6UHgVHnkDU6nUf4kn9KlMloTYnhwtvk5Z2iBPxq3GYAWR63FIEddR9Kb8XBD5zHw3gDbt1rnEFFxAVLD2Ykkbx6k9RrPSqp7F6kc4LwBLihss/2iBoar8V8KS0VyJuQS285u/1+dPeB3zbItnmJgSST1PU60F4tueYCTy5QAYjqSRv7Xsnfv16LWpS3DdaRJgcKrOq9yPl/tVfiy2LV5EQQpiSJgzOnaR2q7gNvPcGU7E7iNV901d4js5rgBgEDaCRHoZEfKiiqluA+wLw7Cq11g2wE054Hw22y3GdQYUwD2AjTfX3bULwuxkc6zA/wHXc6aa014ZcCW2IGhMGZnp1mhk9woozC2lUv2B020rRYTh6NhgYBObsPlp/rSs5j2PmGNiT1PXXb59a0XAbs28oCiD/AAg7+tGk7TAbVUIb2FtgwoU6gGFBjXWYPSiMHw1H1KD3ZYj4GnN/D66x2/xqyxZjXvr1/nWymzMZbjPD1UTkA+np7qA4YhLxlAk/rsfWtZxTBC4NTA20/nSvD8NVWIDMD17HY9INXotE1bhfkAbjt0rWcNugWsoK+z6DpGxPeszfXSJ9+ny6104l10UrExqus6ajXTekSw2NU6BuKIjOeVe2w/wmlxwiE+xp7jRV1yxk76zG1dsAFiANRqSSemmwP60ccdCdQFb4ZbnRIPrI/Tb5038LcKtteIYkqV1BJgR7yfWoeUAM2u8R696u4dfdWzrBgneZkdtx9Kk8dqiRnTI+IPD9oMxXv3M+gGulIbnDXXZnjXqRtp2rT8VxjXACdOuny921CKh3kRsO/wA6kMbouWTcyt/B3erNvHtEdexiq34dcJ1195Hy1Nbu3glgBgrf2RvI11miMPwq3lnKu+2UDXXqPdRaKL1Nnzr9nFdWtq/oxjXTWVI/WtL4Yt3XteWi+UEJICEayfa1Mk+s7RTy9wm2NSJG8fp+tMeBWVQckAaTyDU799aTlg3GkHCdM+deIcJc8647iZIljHNCgAwB2FA+bc/rfL/KvqHEOGq5lgupEQDM6HXX+dZ+5wNJPvPX/KijF0DKe5//2Q==\" style=\"height:190px; width:266px\" /></p>', '2023-04-21 19:23:45', '2023-04-21 19:23:45'),
(3, 'new 3', 'blog-one.jpg', '1', '<p><img alt=\"\" src=\"data:image/jpeg;base64,/9j/4AAQSkZJRgABAQAAAQABAAD/2wCEAAoGCBUVExcVFRUXFxcXFxoYGhoZFxkcGRoXGRcYGBkXGBgaHysjGhwoHxoZJDYkKCwxMjIyGiM3PDcxOysxMi4BCwsLDw4PHRERHTMoIyg6MTExMTExMTIxMTExMjExMTExMTEzMTExMTExMTExMTExMTExMTExMTExMTExMTExMf/AABEIAL4BCgMBIgACEQEDEQH/xAAbAAACAwEBAQAAAAAAAAAAAAAEBQIDBgEAB//EAEgQAAIBAgQEAwUFBAgFAQkAAAECEQADBBIhMQUiQVEGE2EycYGRoQcUI0KxFTNS0SRigqLB4fDxFkNyktJUJTRjc4OEk5TC/8QAGgEAAgMBAQAAAAAAAAAAAAAAAgMAAQQFBv/EAC8RAAICAQIFAwMEAgMBAAAAAAABAhEDEiEEEyIxUQVBYTJxkYGhscEjQjPh8BT/2gAMAwEAAhEDEQA/AMpMVO1eINW3rMVXlr0aPPtkw+u1cuqp9Kiu9cdTRJANkCK9FdrtHRGzkV0JUq9FXQNnglSC1wVKrSKs6tWowqrJV1kD41dAtkLlQzGr7vpVLJVolnc3evAio5a6FqEOZvWjcPjGA3mhTaNTtpQtJ9y1KuxcDmOtcvYaOlSw9hm2/Wm+AtNHMPjSpz0jccNRnrdlSeainwiEEIdadcTQBSYnToOlZ25iG1yiKkZalYUo6XQNetlTE1bYXlIqzCcOuXAzIhKrqxkADruxAozB4DDPZm5jGs3Dsq2mZVHQOQJLe5oHrS83FYsa3kh+D0/iM/0Qb/RiO8ygkE1V98UbA/SnNvw1hh7fELcdAlm4WPaQYiqcX4ftxNnF2rp/hZXssfRc8g/MUhcfjk6Uka36VxEVcoOvsx/f8PPawgxRuBpFtwqgmFfKZZj2kbD40tfjN0xNwwIMDQGDse/up94K42youBxtsqrL5dpmAyOuo8rOOU/1SD6dpznijg74e7lEm28m2x6j+En+IVyOOy5pPeXSek9Ahwsbi49ftf8AG5rfFKW+J4e3csa3rU8k/wAUZ7bHoZUEHbT1rJ+EfDb4u+Uebdu0fxTsRrHl+jmCPSCe02eD+L/c74cyUYZbgGuh1DAdSDr7ie9fVcGLTAumXI581iIhywHO3eQB8qLh+LbxuJj9T9N5GZP2f/qEvjLFLaw3lWlg3ALVpVBnJHMQBrsIH+dZ/wAO8Ae1nW4fLu3VVAVgtbUsJgmQGj3jQU841x/CW812VuXQpRFU5n1PNJ2QHY+gG+1fOONcau4i9NxoGbRF0UD3dfeazSnFT1d2jbw+HLLAsSWmLe7fd+KGtzwuLmIufdsW3mgswL3AxYg7M66ye8EelC/tviycnltycv7qfZ03Gh26Uhw7lLmZSVI1BBgg+h6U4/4ovd59cu/rvTVxC90Jn6TJvpkW3XB6Ch2Srmsmoi2ToAa9EqPGOwciu0V90ePZNV3MOy7qRRKSKaYPlr2WrildFo0dgFEV6iRhzXVwzdqu0VuDipA1c9mN6hAokwWeqaKKgCKmpqyFhNRvODEA6KAffv8A41NoI1mvX11jtC/JE3+JNKlJKcV5sOMbhJ+KBmNRqwrUSKeKTOBqmrCKiFr2WhLsuU+tNOE3+hNKVHerFJGu1LnDUqGY8ml2aryw3xFOreA4clpWuC0sj/mXI5uoAZu/asfw7iEaGhvE+AF3LcUZiohgNyupHvgzp6mudmwN9PsdTh+Irqj3Nr/wrgLwzWwCP4rdwsP1YCuYfwPhQZY3X9C4A/uKD9awPC/DWLuAXLFm6s7OHW0T7iWBI9RpWs4P4Zxxj7zjbtu3OttLzs5HWbk8nwn4Vhnw2OPujq4/UeKqlJjPEeBsIdR5if8ATc/8waGu+BcNGj3V/tKZ+BSq+PeL7eGIt2UFwoIJLnIvpOpdu5+s1jONeIb+Ik3HyoNkSVX3kTLH31hm8cfY7XDYuPy05TcV33duvsb3DeFktobaXnZCQTbuqly2SNjkAUqfUEUw4vwtL9g2bkToQwk5WGgfXX0jrPrXxYY1lMoSp7gkH6Ubc8RYp08s3rhB0jMR8yNT8TUWVaaa2+5MnBT5inHJbXvVP9jnFMO1q69t/bVspjoN83uI1+NFYbjF9rIwyOUsKSTGhadSpbfLPT1pLGuUasdz+op5wnh1y8TbtAEouYywURMTJ9SKzu1tH3OwtM1qzNVGr+4FiH6Db/CqOGYO5euhba5m37ACTqxOwrSW/CTkTcuqvWEGYx7zA6eu9PuCYBLAy2xHUk6szaDU/P5U/Fw8n3OZx3qmNP8Axu3+xnMP4RYKxa6A4MQFJGuo1JBPyoK54YxIJEIYJE59461urwDBhqAdJBhhAyyG3BgEzWTuftMEgNbcAmGKLLDox03O9auRE4y9Szrx+DQXMEm9UfdVBkValxTsakVmt6bRx3GL9ip7oGkVRiVVx2NEmxVRw1Mi0gJJvYA/Z47zUWwhGwpiEirAwo+axLwxFIwjHQA/KrUwpX2o+VMWv1Wzz0FXzJMrlQQjvWmY7VD7saerh56VecIO1N59Cv8A5mzNvh41qCinuLwo/wBqBfAN0ECmwzJrcTkwyT2KsJazuq9yAfdOtUWbme5c6y5YfM6fIz8KecJwLgkBguYqC35hJPs9jWY4NZui9aVLoU5wBNvUSYOux61y+J4us6r2/s6nC8JeB6vf+g57PWpW7Ska6USMM1QfCt2rqrIn7nKeJp9ioYUbzVNwdBt7qJ8oruDV9nC5uoq9aW7ZXLb2SF6pFeKUyPDWHT61F8IfWq5sfJfJn4ALYij8M8CJqm7hiIjWfSvWUNVJqSLgpRdBN/G3QABccImwDMAvXYH/AF8qW4/i1y4uU3LhH9Z2IPwmnAwwKMG2YUE3hDF3ADbVACJEuAYO1ee4/FJTuHZ/ye49E4zByqzVqXb7GZLlnA3Ar19XuHKisdY0HX37CthwzwI9vnxFxQP4LZlm9Adh79aMfR1tWLa3H1ypMW1APNcuMNco27k1khh95HRzepJx043be78JfcC4P4QsqiG9nuXXGYW0YAAeukmi8T4IzmLbeV1gsDp6A81KPEviU2c1rD3c91jN/EKBq2wtWuiou2m3vk1f4KveVgsRimJa7cz87NLEW1hRJMnmLH5VreGKhbRw4cdm5mmMn/Qp8RWLFi4LVnmNsZblyZz3Jlvlt8+1MPCd9bNm7iLhhSQsxMKp1IG55j/drJXHnrJP1PcmtDxYZeFIB+bIT8bmb9azYIqU7Z1PUM0ocOsae38+5fxjiWNaXtsrWhr5lpQRHrJJEUDa8VYgAAG20fmKa/QgfSs7wzid2xPl3CoaMy6FWjup0+O9NbXHLL638MC3VrTZCfev+daJ4530s5mLi8WnTkgvukM8N4tuj94iMP6sqf1Ipj/xRh+7j08vb0pAMdhrrBLWCuMegF0z7zEwPU0w/ZNr/wBNeHp51vT0q4wzEnm4JvdBtq9RdrEnvQCpVgFddxTPOKbQ1t4v1q1cQPQ0mBq1GoXjQaysb+aDuvyqt2X1oS1dPerRdodFB67L7YtdZq9HtDZRQQE1xkqqv3L1V7B2edQI+FStknegEdl2q0Yg1TiWphty2IgioJpppFDi5O9SLCap7BWmc4hyqSHyjKzGASTlEiDsNe/esbbsvbbN5jBkJIJtdVgkyAO4itJx0XTaZ1kBmVUFwxMsGMKo3OUmTOhIrMWcQ4EZGAgDlutp+Jl0zyPa5fptXLc1KTkdBRcYpG5s4GQGQypAInqCJB9NKtbAmNaVeGeIuyFGVgAWKszKfzEFNOxB+UU+TExvW/HklKNmSeOMXQCeGg96CxGFAPWn33lai1+2d4psckkKligwPBmQBHpRF6wSIC/GBRFvEp0rzYoAULk7DUVXcVXsK3YCKHtYTXTWj72KLaVUjxTlKVCJRjYHiFyzM6AmvcQ8YXhbAtW0tKIBLHOxgQOwHToatunMY6HSkdm3IYuvLaYAg/mu9E93U+nvpWZpJOQzh4ylLTD3Lr/EcRdUPfu3AhHKiQj3J2AyAMqnuem280H4mxhsW2sggXruXzsm1q0o5MOpHzaPdtRWCtuxe5m/EzZVYicrQCzgdwCAO2vYVTh+AW5zXGLmZPQE766kn51nxY3Pqa29jbxGSOG8UXv7v+jGJZZ+VFZjsAoJM9oFbnhHDbi4BrLrluMHgEg+0ZEkaDemdm7lAVQABoABAj3CvXL5rS8GruY4cRoalH2MPi+D37ftWmjuozD+7MVo+E4VruDaxdVkMFVLKROuZCBHQx8qYi8asS4aVDglB2macvqkssNMor7mNt+DL5El7SntLGPiBROH8Ft+e8B3CpPyJI/StZ95NVm/TlgRjeZlHDeGW7K5LYjuT7THuxo3JVa3ql5wpladkLtPcEQKdx8q82HHQ0ecKN9KqZQKWp+A3j8gJtjv9K4Vo1jPSoFJo1MU4AyLVyipeVV1mzJ2q3JEjBnLdSAmivIWouB0peodoaBmaKqbXrRTp6VAWZolJAOLKge29dAO7dB2Jj4DeiUUAVHEGUYDSVI+hpWWXQ68Mbij1Kynit97gGUSrXLOjaE5hdKsuX2RyqYM/CZrPcPuMUEWWYACSrL3NydV7qT8DWr8RHnUCDDYYGNhy4kiAeoBGlKvCzr5KHMFKtmIYDXkcGCIKE7g6+wDG1cjGlujqTb2ZDhWOZmW2qFFOdiDEglmuHbQHM7Haf8AB81jQUiwbj71odIaYBAnSZ1Ou3U9a0tvEiIrdw9qG3kyZqctwS3hyTRD4aBtVqXQOlXK4I1p7kxSihb5ZHSoXE9aNvutUXAo6UakLlEEy1F2q1xVRSmpiWjgaKE4rnYIF1AcmP6xXKCfSKLK1ErQzgpxcWMw5ZYpqUfYlhkRVCAaAb9Sdyx95kx02qq56VLLXCtFCKiqQvJOWRuUu7K4r2WrMtey0di9JWBUqmFrhSpZdFZrlW5KkEq9RWllAWu5avCV3LVaiaQq9Ql25FTe7Qt7WssV5Nc5eAa3jCzOsRlIHvBUH9ZHwq9XpHwlv6RdPN+IZAI0UKSu86yQaeZaZCSlGxWSLiya3KItXKECVNQR1omkDGTDQ09YqsGqg5iqy5odIbmXm59K6L86f61/2oK9fgR/WX6tlH6muu8XQNvwydo1Db/I/WlPItWn5oYoPTq+LDC9dAz8qncRJ6GP51QHGZR/EGPX8sfzruBcG6y6FRcUd5BifhvQZJppxXz+weOLTUn8HOLslpUdrjfvULMmdwFS3dJBKgjYt/lWO4dl0C3MumsFhpkaR7I6j5E19I4tw4fd4US12AZJJM27nWdtTtWJ4Pwu3+IWHsLdEj0dwNt9D9a5GJ7bnUyLfYl4dYeaOceztmUycomIYkDQ6RtWnU6TS/h2CW1bt5FAGa7J6ybpCifcn0om48Ms/mzD5Qa6fDTWj9aMHEReqvgJD1w3j3qquZa2UjI2yx7xNQD14JXQlXsA7OhqlNcC16KhKOEV6K7XgKuyiNcIq0LXTFSy6KQlSy1ImuQalko5FcKVPKakLfrUslFJFcCmicgrtTUXpKVtGp+V61ItXs3pVWy6RQ9oVQ6VOy5IM9CR8iRRHDkzXFEkTOoiYKnUZgR8xWWWVxg2vBpWNOSTMbwRm+8tKsBzicjAT5jncgDaD8RWoy0Fgkz3rltv+VqGhZYgWoMBdNWPX8p76MiKVwuZyi7D4jEotFYFcNWRXQorVrRm0FOWvFKvyCvMg+ZA+ZA/xqc1IixNiV2LXHVTqrWRpuuZrk+7ag/FmINsC5zBrqBUA6MxMTO43NO/Cyh8RiSVzR5JXYCfxzqSdp/Q6Uu+0N8jWBkWAoAhm0AVuuTffrXLnk1ZWdKOPTjQks8Xa2bVxySpw9wP0gtdZA3pDMg9wrX4BIxFz/5iH4bjT3RSDzw6t+GrCAhi4sbuzZgQBqG6+/XetDdxK27125d5FU2ydzpHYCeo+fxo4T6v0YMo9P4HvFb/AODa0iBIJIB0suRA3O1Y7g4/DhQAfLxDn43UynXtzfL1itc2ItGzaKugVoMkhfasPuDHfr3pLw+2iKwXnHkXQSAMsrdXVW2YkOTAJ6aVkg62NMlZmB4jYpeRQrC0BcVtwW8xS0aaCXufGtF5ufynVuRmePXR/lAj6Vk+CYa01plZHOflaLd0ypuIzSVGmxIg7TWn4aiZLQQNreukyjgAsmY6sugkn01j0rXCSi0l5M0o6k2/AwiugVYoXMUzDMBJE6xprHxHzFV3byq6WzMvMH8ugLGTOmgNdHWjBy2TUVLLVGMusht5QCHcKd9AWVZEf9VV+ILjW7Fx1MFRIPrOgqtaJy2GRXLZB2IPxqaWcyrJPQn1060u4SyG7dysplbZgETpmzErvuw16zVczqoPlLTYwgV4168FghiACNQTGlC4K6iWULk6nL1OpYwD2/2q3kV0Dy9gjLXYqeLTkMSPUb79PWh+CXy9hGec0EGepVipPxiarmb0TlloSpqlDY2+y3LQBAVnykEbyrHQ9+X5TRueop2XoSI+Wa75Vde4QDA+oH1OgofCYlnDErlKuyRMzlMSCOhqcxatPuFy+nVWxebdRyL1NRdjr/MD6nQfGhcFivMa4uWPLcodVMx1lTU5ivTe5XLdaq2CuX1r0e+vA12aLUDpENjF3BcykKfMcbBoUsQIBJkzvXMLxl7RBFsNkZ1AJMkAsBt6fpSrwe9m46/iXHdHSATcPW2NQNBzL17++gBftnE3EuXXUG9cBHOIHOBlIEA6rtXN1p7G7S6s0tvFlGDi2PxLZkZjAh9x/wBv61I44tbZwvsvb2MyGcKem0E6+tJ/FmIW22F52VTbckw/N+JENpqBmbfuKKv37a4K9ct3S3LZObmIU+cRoQNIIjQ9KGMlFdPuXKLlLcO4TxMXssIRmUHfWGExoN9dq5Y4icqZkJJVdiNTAnTpQfgQ2s9vLdzMrgZe4y75Yn2p7UBwXEq7lXvqAvmQBAIymEUl17KdB7qZzXbB5apGgfHBGcFWIBBBEbFFbWT3JqX7RtKUNxWKuuYcqsQbd1CDBMd/lSvxDiP6Y1vzURctneJnKssoYdhXPE11LdvDhbluM14EllggOo6aSOwoHkuKiwljpto0/g60p+8XlJIvMm+hAthxBAOmrE6d6T/aYxNy0AuYlQB3BK3QO369aN8FXItOvnW45Wk5c2obQAHoFUbGYpR9ojnzrGS5qMp5lEfnM6pET8N6zR/5DQ/oAcIot27ityk3RIJ1M+bMa/7/ABqr7VzcOJItlgPLlgrGDEbjrpXOPEkXSLlosLzRyJOl0gE8gkwBp3q7xjcuHFLluJLIAc6qZECY0E7n6U5fUmKf0tC/CC+MUiq1zylu2LeXOYGa2hIgmYj9ac/Z3ibjo4uKdbF11bTVWa2pWPQoDHXPRfCS33u4C9oJmQzpmzZEB0zCe+x2FQ8GXH8h8zWliw+XrOlvceZoJnURsddak3a/BIrf8iTg9oG9ZhYXOZB/MfMUHfcb6eta3haDyMOQonzbvTY5YHu0ikPC79xsPbGW3+8ua58oIhOvmdz8xNGcExjrhrclVFu9dXX2guQGQSe5J20g1V9SfglbNB9rG2/vY5l5kKDmTVsynYNI9mNutc4q5a6pW2zhCy6KIOZWRoZiAdGPxFBDicErmtqokbycwnMTB2GVv+1v4daTxFvNI8xgkBQiruxjMWYDYEkb7IT01fzJNCtKQayXDaRQAvkqpLl1C5lEltbTnSPpSPxJxk4gIgK21XVs0EF+mUmNBrv8qF8U8RJyKM4BWSCYB2bUTvBQbdD60nwf4jopClcwLZmhYH8Xpvp2NHBurYuVXSPo3AVb7tbtvczSu+xCGMokdlI19RSgOv3hbq3LrG2WAXMxSNU5s2gEt3HSiLWNJWc4GZdMttnjO4VfZIki1nO4k3dwNs7e4nct3cv4ZguhHl3ACHyyp1MHY6E77UK1N22E6Wxqb2MJIZmAOqpyHMCejHUBgYHTc1TgkeLge55iM6soOmQhj7J6ydNewrOrxu4AJVGIjdXGYCMrHoriRrsQRO4rlrjjacikDMCM2WUbWTpykGIbb11o6ZVo1eK41bYZQ1smfZLKZImBG8yNv5Vzg+KuLnFzKy5pTIIyjWQe+tY+5xeWVyi5gQSfMAzr0aI5Ttr7JnQ0TY44sjk2LLyuNeYsrCfzDt74q3fdMFeGabjGLeJthS8yMzuAMp00Ro1k++KbYK/nQHTNAzAdGjWPSZrEWONJmXkb2yTlAgkoyyoB/wCo5dxB0q7h3HAjIxS5BAVxEgssAto2oI7bEajU1WqUbaVhVGVJujdW7eY5SQoO5I2EdutZ7iNy/ZvOiMnlkl1/DLFsxJkHMIHp6GmGAxDpZtElW826gWD7Nu4CVkBzLRB23+VNr2EDFG1UoTBCkCGXKwP4YkbHfpWSXEPXq/Q3LhnytK73YlwGKcGHkljnKkCUtkKobQcq5s3tTr1iKB41jLmFuny0F8Xc93lMZFzCAdNCc0wRNd42zK91lKlra+W7LciV8ze4g0Z8giJGnSYr2Gx9tra3VuIFWVZdSS06kuDygzBB+nVqbb1GaVxTgMrHEVNu3cuI1oXGCQzK8XSzCJXYEZSJA3imOUUrw9hALi/iXGuAsiWwhypljQ3CpLgMRmTad6Q/tKNPIvmNJN66CY6kZtKZHLWzA5d7lvgVFF7Y+2o95zabmKVPlONJIIjEnp/WAnQ0z8CBg6klBzpJVlYk80GBMDL6dDSbDKHxZZmUsMQ0TAIYXdDECdBG29Zk+psc10pDfxy9sLg8w0Nrf/6iToPWOlE2WQ8NvQCR5ajQHbz73umDNLPGjljhULAj7vMHQfvBEHKO3c7UZduFOHXQrKoy2tBqNbr5gTGupPUazQ/6pfIX+zfwXfZ7bC32kb3FiBvyXiJPTrSfhuT72CNvxt15v+dMaev0pr4G5bgINsEuJKnMT+HdgxBjTpB2Y+5LwC4WfzCbecC7rPo8yJ13J9P0J95FL6UH/aWg+8XIMHLa0Kzp5bEdPWfjRfj4IbVgR+bEH2f/AIqz02mPhQXi/nxl0OUK/hyGbKSDbgnpt7unxqfjG47LhxKxN/YgAfirpqfT6RQeA67mm8AW1+7ExB5fy9A9yOlLPtPH4mGheq9pjLeH+vdR/gm+RhyuZQOTbXcsTrJ19O5ilP2iXCb+HOYZeXUrtpc19nbU/M0uD/yMKa6BXxTIReCgk/eX0/8AuG0MmPSrftET+l4eF6JpOp1UR/vpVHF3/elSn747IV5/NckloGsid96n49vj73bzaxbUL3BnodPTvtWhfUhL7DPhAH7Wub/ulle5zW9Y+nwqP2XgGxfmTyXIEnQZbUjXbpXeD3B9+utIzhVXrmyyk9dpI6dtda99njgYe5lgE2rhbLJlot6Ey0fTYbUEu34Cj3/ItwKKLNnp+Lc0I7La201o7g1gNgtNxiXAzDSD5Qb5qzDtqKB4ZcnD2jyZvNaAWbQxbHftGnp8j+B3iMMmsf0l/ZJnXyzII21UfWifsCig4S5J1eSJEBYZsjOR7EmSCNNef53vw05mDK0jMdXcHLmxK5vaG4RW+ferMRlZWLXH0RtIZiItXBI13gTpryR2rzLbznKrk+YZlQAB5uOGhncGfSCD1pli6EnG8J5Z2thvL3ZrZIYLags2p0dmP+Ro/wAPuv3kAlFUFY5rhjLdyKNF9fhMbUs8RXEAIAfKbZjmUMVFjCbwCM0E7d6I8P3D94hRqS2pY+yMYgIiIOhEdojrTL6QK3HmKYCyXMPCAhfLb8uKaNT0XlEf4Ugx2GU3rWqqxxLC5KMIGayAQAdNOo70+e8BbaLaAi1PMbkaY24p1kbnm+Q2pHiroz2CbalfvVzKFN0aB7MmDJB06yKqLI1uU4TDgiwC1sfiKp/Db2ALPNqTzanm2OXpVmGwgCjLctk+aUPtqApW3qfUa6+zpQvDbwBsgKSRixEtcG/lfhnttttrR+Fu2vLOZGVRiGAIa5JcKpNswZUNERqvNtR6itIY2GcZdbcQltjmcRbJU5jy+0DG/Ly70Bcwrll9iM4ta3DqsrDGV225duXejbVyxmXmcnzAADcuAZpeLXNpqfy+zz0CLiFyM7gjFZY8xfYkg2wCNDo3L6iopEcSOH4YWNsEW+e6LR/EUws4eJkb6nk99CYbh7P5X4a8zlDrbksgtfGNToNdTNNcHcQG0Oc/0sKOZOYTaPlmR6Tl310NLML5eazmuNAxDgxkPL+BA23B3nX39ZqIojJ+I3Gt2rdtAqWAj3My6i4vmRkycvliBMb59elajD8RBCMqoM0ATm0aRmU6wI0H86xvDeIW2tssDWVEEQWgkMzba5vnNFcBBNxQ0sXkHXVSDzEAA67AHXXvWHLjT9ux0uHzSW19xjxZfMa/zEe0SJGXWF2y66t8BNZfD8KcKxBTVCWgAyBMzza7GnPGRFwnOfZLfvTLZvLWVjQ6sDtv8IDwGGNza4Vm2xgETlCsTMiCAJMbGDpTsbpCM3Uwjw/g8TbvWilxUVCHDLbtwikkMwBMTIYfyo29xHEqxVQMoJA/BXYGB0q3w0j+Ypa4xTJmYFlgoS6ZYAH5+aJA06bUvxF+9mbK75cxy8jezOn/ADO1SUqkyRgnFF32SmbzxJJezv2IvbRPak98zj1n/wBUvx/pR7+orZfZ5bssyqpcOLpGnKOQQQYGpGY+kHekfCzYTEHPnZvNusCJJi3mc5SfZIJB+dLvqbK07JEPtKWEwkx/7t0Mk/iprJ9TRmFX/wBk3Ij2bWp6f0hjttVnjtbaX8N7TD7s0yzHKAwIBWdD1jfUVfxRrLcOulDcn8AhQzAtIFwFFLTBDA/PsYq9ohVu2LPsrH47xrz299vZxMRWe4KsYlCd8t2IO34d3Sa3Pgy5hy4UZ0Id5zPlBCJB/Nrqxj3nqDSXw55aHK9u6GIYA8+pNzIN3knrHZutTWrZSWyA/tL1xdwNA5bY06fhKdT31mivHp/BsaiM1+e+l9P0q7xIUTiNwOrEF7CLzNJZ0EaZgBsfpVni02xbwzsrFWt3XAJIMFlbvv76q+2wVd9x99niA4QmJ9j36G5/r4Cl32ntlvYfYaddAf3mx95orhXF8Jh8Oj3S6LcCwAGb8g15Se6nvrQX2iXEF/DXLexVXGvWGYA6j00pcG9d15Cn9FX4EeLuMFu6wfvTxmJjW88H3a0V49vsuOtQRBVB6e0Rrr3ojGWPMCE3JFxy+WCpDSIkrrEuNQar8eJZXGjzASDby6MREEmTBGmh+VOUk5fkU41EK4Q7/tO6NIKf/wBW5+lR+zG9msXjI0t3Sd/4bVHcGFkYu6D+Zx+YwCEG8mBpVfgU2DYcEwy2W3YwSVttpm/MMwPx9KCUtnt4DjHfv5M5w+9KWhP5zsYEEKRodj/lTvw+zfdlICsRiLkCdNBbMH1oDgV8Gz5a3PL8vM4J1BLAkiSSQeQxp091F4ophuHi5uRdaRmJYhgltjB0mSTGg00iaNy3S+QFHay3iuJe3bYsiT5bfkk6Wrn02H9o96quYoG5nNxAPMj8q6C7jWJIjfnQn3z1rA47ipu6OzHQa5RMwQR7W2p+lF8H4vbS4DcQkFszEa6gu45Z1lnjfZR1mnadhVqx7x8ubKutwEKmVYZI/cYcnX0KddpiruA273mtcHmC2hfNcElAVxSMAzDQHKzaetLRxXBlAr23Ki2gIBynN5a23gSZMJb66QdNdLeHeLWS0cNZUrbu3XuXA5RlZy65TzWzEKiaDTQ1e9URadVvsM+KcQtm0+a5cebYQEZ50xT3V3I0CEL8B0oTgoz3MPBuR5l0qxYEBsisrLzagZGBE6Ge1GYDhguPNy2sFkL6uQC+VhorqApmBlA3Gm9fS7nhyxaskoltMitkIQjKSCDll9CZNA24rcZPRJrSmvufHsLhrgS0SxA+/EznQRokusnQaNp1ir8HjXUEKXk3GaCyLDzl2zcp0EqdNNa3nG+K4XDfv1TNBZLaLmuZZksc2ltTEyTrWfb7QrY/d4YhdxmuWxpAMwLZjTXeprlJdKBxyinc42vvRPgHDcVjQ7W2toquGYvcYQ+Um2yhUM6gSp00FDXOFYq1dyqEOa6t5iMzICXYESQInIJG0NpRVr7SLc/iYZo65LiEjfYG2OoPXpWn8N8Yw2MabN0ckG5bYNbuqvVgVaCuo1XTWq1Tit0VNxlO4ql4uzD4bB4sm1COScUbjsE0UBlCuC4jLCjrPLpXbXA8Yz8qIgVy6k2xoxgTLEyYVdSI0ra8Sx9vC2y9y6bdtWIWGdncyTlt82vvrJ8R+0tjK2LCrGma7cLmYnVVYL74OlUpTlugoZFC1pT+9iz/AIUxaxltmWY7G0kkHlPKZOmbvoTpT7w/4axFu6rXLQyxD6gkywk8o3IUfPvWXx3jHF3CrM1oFDnGVcuoAMMM3MJjQz261db8f4tTr92b0Nle4H5SPX5VcoykqZXNalqSo1+I8Mv5hcLClpZZaHBYMWJyyrbjTqinSaR4TwdctOXuXbSoy3FjPlPOjqoGYKAAW2B6nQ1fgPtMssQuIw+QHTPYY6Sd8hj36E1ueBYq2VF+3iBcsOpAZm2bQ5SDENodCJoG5RRSk5S3Md4f4DdQi594tC26ghUcDQqSBLDaWzaHcV254avEkjGqASYAuiB6Dnp9fxVu1h1vX7z27YVQArkFz5YGVANhr06geoK1/GuGk8r/AP7Lf+VVcpblKbQHhcdg7X7q6lrc8pAEmAT7M6xvNCXcXglVMrWs63HLuvlhijJBiRuTofeaWYrwWNIWymsFWe9vE6kxl0g9dzv0sseC7IUF3TrMOx9RBB76UNx72xtS8BH7SwJLFhaLEyWOWWnvEz0kmpXOM4LLBNszEZcwYBdFjSIGw91L7vhzCALFxNQTJc5fSZuD6fyq5uCYMKPLa00EnMWUyIGkMxB16+tW2vkml/BPEcewXmu+hnJlhdVItBHE+pnX3etRfxNhZkydQRIaB6AT2PvoN0wYIVWsEltWyKTt6nKonXb3d6BvW7BIKvbCsculpRGgZp9IMfCokvkrdeBwPEuGKuCTLIVVyrFw0qQ09CI39a9c8S4cjLCkA75LkxJO89Z19w7UD9wwjZArroJkWScx5tSQNjtlIMQDEbD2OD4Ul/xLgygNK23aVjmaSmgkx/qalR+SdXwMz4lwwmFXWN7bnYHaWP6dKL4p4kwtzyg9sza8sjQEFcgOSWmAcx+lJP2bbVCqr5kwc5DCEzQYzQAwBJ+Fdx+FtC9cNwjKrFcoYj2Vygae4VNMb2sjckaA+NcMNrCfHt8qC474qwt66t1kIIDAqCoBkgjWCdNdu9BKnD7fMFzFgNH5gDqTuD7p3929Tw2KwCAlbdvNBg5WIBI0gEEnXvt61SjFbpMjlJ92gm141tLdNxFYM7BmEiCcuUaZNNOx3rnDPGtu0MioxSMsEjWTJ1Cg+lDYnieHecwV9Vyzb1EAjcAE/HT3V29isKsDy7YzLJi2zaNBXUTB20PxFXS8MlvyGYHxlYtqVWyCCzHX1MxpGg2r3FvFdu/h7lg2gAVaI3DaEHmmdQKWjGYbSLaz62CRAGg9nf3fSiMPxG24y5VUaj9wQNRuOXTf9amlXdFapVVmRw+PA6H+7/40U2NA6MfcR/40Hh8LcI0Q9tSB+u9H4LhjOT5jC2ogn8zsJAIVV336kbfCtTaE0VNjR2J+K6T3p5wTBXtbhQW1jR7q9ACWyIdSY/q99aI4dcw1gA2rNxnB9t1Rn6eySQq6zsNj3onE8YVixaxdJnQyO7xqWn2SBExvpSZyb2QyMS7iN3ILkLcum4tpWdYVctrOAoUkSJyntqKa+HMVcuJcu+Vb5c1rbcFAWYATrr9B3rPNxlgTlwzkZSOZljUzsD39afeF8c1vCFSlxmeGY28mVSxgggtvAGo0g6VnyJ6f+x0aszPGOMLduXLj2j5jtmg3ARr0DZemwmNqTXOMKCQbMEdCw/8AH3UzwqoGJuAhtSOZQOkAjT/aicbaw7jnYE9DKAj3ENI+taYzrYRoszlziin/AJUf2h/KmvgW9/TEuIhDW1ZwBqGkZCrbcsOZ/wA6VY3hhVj5bLcE6QyzE6SJ1+Faf7N8HD3blweWFUKCY1ZjJA76KPmKvJOoNokI9SJ+K+N27lzLcRlNouoAAya3CxK9pzD/ALazV7iVsHS20e4fTvTXxFatnEXRnHtBpkRDAE9fUV3BYa1kKMyurawSsgxGhnTpUhNRiiONyYhbiNs/kP0qH363/AfkKYcU4KBzWiGXeM6Zx8J1/X0pK7AdKYpWC40Etibf8B/u1uvsz4qLSs2SbYUBkzaZ5JW4BGhjMP7VfOiwr6D9m3Djcs3GGq+YARAg5VB9f4qVxDqDGYl1HvEWPs4jKM8CxbIKMIgqxDZc2hOqgDfWs552G9f/AMf+VX8a4Xlv3llR+I/aYZgYA+VVfspu6/8AbVwaUULlDcZ4bw6LpzA3DB1zMdvlXF4Fb0HlsTMe2dI91bXgmGGSPjpp6dj0n+VCLhiHbUaemsx/v2pHV5H7GTxXArdvU2/7zdfcaIfw9bW15hRQPWTuPU1o+JYVWYAjbrMVe9sLZC9Bp8/lPWi0zruDcTKcP4KtySoAUekzptp76HsYHNcyAQJOug07nv7q1vDbWUMCZnQemh6UHgVHnkDU6nUf4kn9KlMloTYnhwtvk5Z2iBPxq3GYAWR63FIEddR9Kb8XBD5zHw3gDbt1rnEFFxAVLD2Ykkbx6k9RrPSqp7F6kc4LwBLihss/2iBoar8V8KS0VyJuQS285u/1+dPeB3zbItnmJgSST1PU60F4tueYCTy5QAYjqSRv7Xsnfv16LWpS3DdaRJgcKrOq9yPl/tVfiy2LV5EQQpiSJgzOnaR2q7gNvPcGU7E7iNV901d4js5rgBgEDaCRHoZEfKiiqluA+wLw7Cq11g2wE054Hw22y3GdQYUwD2AjTfX3bULwuxkc6zA/wHXc6aa014ZcCW2IGhMGZnp1mhk9woozC2lUv2B020rRYTh6NhgYBObsPlp/rSs5j2PmGNiT1PXXb59a0XAbs28oCiD/AAg7+tGk7TAbVUIb2FtgwoU6gGFBjXWYPSiMHw1H1KD3ZYj4GnN/D66x2/xqyxZjXvr1/nWymzMZbjPD1UTkA+np7qA4YhLxlAk/rsfWtZxTBC4NTA20/nSvD8NVWIDMD17HY9INXotE1bhfkAbjt0rWcNugWsoK+z6DpGxPeszfXSJ9+ny6104l10UrExqus6ajXTekSw2NU6BuKIjOeVe2w/wmlxwiE+xp7jRV1yxk76zG1dsAFiANRqSSemmwP60ccdCdQFb4ZbnRIPrI/Tb5038LcKtteIYkqV1BJgR7yfWoeUAM2u8R696u4dfdWzrBgneZkdtx9Kk8dqiRnTI+IPD9oMxXv3M+gGulIbnDXXZnjXqRtp2rT8VxjXACdOuny921CKh3kRsO/wA6kMbouWTcyt/B3erNvHtEdexiq34dcJ1195Hy1Nbu3glgBgrf2RvI11miMPwq3lnKu+2UDXXqPdRaKL1Nnzr9nFdWtq/oxjXTWVI/WtL4Yt3XteWi+UEJICEayfa1Mk+s7RTy9wm2NSJG8fp+tMeBWVQckAaTyDU799aTlg3GkHCdM+deIcJc8647iZIljHNCgAwB2FA+bc/rfL/KvqHEOGq5lgupEQDM6HXX+dZ+5wNJPvPX/KijF0DKe5//2Q==\" style=\"height:190px; width:266px\" /></p>', '2023-04-21 19:23:45', '2023-04-21 19:23:45'),
(4, 'new 4', 'blog-one.jpg', '1', '<p><img alt=\"\" src=\"data:image/jpeg;base64,/9j/4AAQSkZJRgABAQAAAQABAAD/2wCEAAoGCBUVExcVFRUXFxcXFxoYGhoZFxkcGRoXGRcYGBkXGBgaHysjGhwoHxoZJDYkKCwxMjIyGiM3PDcxOysxMi4BCwsLDw4PHRERHTMoIyg6MTExMTExMTIxMTExMjExMTExMTEzMTExMTExMTExMTExMTExMTExMTExMTExMTExMf/AABEIAL4BCgMBIgACEQEDEQH/xAAbAAACAwEBAQAAAAAAAAAAAAAEBQIDBgEAB//EAEgQAAIBAgQEAwUFBAgFAQkAAAECEQADBBIhMQUiQVEGE2EycYGRoQcUI0KxFTNS0SRigqLB4fDxFkNyktJUJTRjc4OEk5TC/8QAGgEAAgMBAQAAAAAAAAAAAAAAAgMAAQQFBv/EAC8RAAICAQIFAwMEAgMBAAAAAAABAhEDEiEEEyIxUQVBYTJxkYGhscEjQjPh8BT/2gAMAwEAAhEDEQA/AMpMVO1eINW3rMVXlr0aPPtkw+u1cuqp9Kiu9cdTRJANkCK9FdrtHRGzkV0JUq9FXQNnglSC1wVKrSKs6tWowqrJV1kD41dAtkLlQzGr7vpVLJVolnc3evAio5a6FqEOZvWjcPjGA3mhTaNTtpQtJ9y1KuxcDmOtcvYaOlSw9hm2/Wm+AtNHMPjSpz0jccNRnrdlSeainwiEEIdadcTQBSYnToOlZ25iG1yiKkZalYUo6XQNetlTE1bYXlIqzCcOuXAzIhKrqxkADruxAozB4DDPZm5jGs3Dsq2mZVHQOQJLe5oHrS83FYsa3kh+D0/iM/0Qb/RiO8ygkE1V98UbA/SnNvw1hh7fELcdAlm4WPaQYiqcX4ftxNnF2rp/hZXssfRc8g/MUhcfjk6Uka36VxEVcoOvsx/f8PPawgxRuBpFtwqgmFfKZZj2kbD40tfjN0xNwwIMDQGDse/up94K42youBxtsqrL5dpmAyOuo8rOOU/1SD6dpznijg74e7lEm28m2x6j+En+IVyOOy5pPeXSek9Ahwsbi49ftf8AG5rfFKW+J4e3csa3rU8k/wAUZ7bHoZUEHbT1rJ+EfDb4u+Uebdu0fxTsRrHl+jmCPSCe02eD+L/c74cyUYZbgGuh1DAdSDr7ie9fVcGLTAumXI581iIhywHO3eQB8qLh+LbxuJj9T9N5GZP2f/qEvjLFLaw3lWlg3ALVpVBnJHMQBrsIH+dZ/wAO8Ae1nW4fLu3VVAVgtbUsJgmQGj3jQU841x/CW812VuXQpRFU5n1PNJ2QHY+gG+1fOONcau4i9NxoGbRF0UD3dfeazSnFT1d2jbw+HLLAsSWmLe7fd+KGtzwuLmIufdsW3mgswL3AxYg7M66ye8EelC/tviycnltycv7qfZ03Gh26Uhw7lLmZSVI1BBgg+h6U4/4ovd59cu/rvTVxC90Jn6TJvpkW3XB6Ch2Srmsmoi2ToAa9EqPGOwciu0V90ePZNV3MOy7qRRKSKaYPlr2WrildFo0dgFEV6iRhzXVwzdqu0VuDipA1c9mN6hAokwWeqaKKgCKmpqyFhNRvODEA6KAffv8A41NoI1mvX11jtC/JE3+JNKlJKcV5sOMbhJ+KBmNRqwrUSKeKTOBqmrCKiFr2WhLsuU+tNOE3+hNKVHerFJGu1LnDUqGY8ml2aryw3xFOreA4clpWuC0sj/mXI5uoAZu/asfw7iEaGhvE+AF3LcUZiohgNyupHvgzp6mudmwN9PsdTh+Irqj3Nr/wrgLwzWwCP4rdwsP1YCuYfwPhQZY3X9C4A/uKD9awPC/DWLuAXLFm6s7OHW0T7iWBI9RpWs4P4Zxxj7zjbtu3OttLzs5HWbk8nwn4Vhnw2OPujq4/UeKqlJjPEeBsIdR5if8ATc/8waGu+BcNGj3V/tKZ+BSq+PeL7eGIt2UFwoIJLnIvpOpdu5+s1jONeIb+Ik3HyoNkSVX3kTLH31hm8cfY7XDYuPy05TcV33duvsb3DeFktobaXnZCQTbuqly2SNjkAUqfUEUw4vwtL9g2bkToQwk5WGgfXX0jrPrXxYY1lMoSp7gkH6Ubc8RYp08s3rhB0jMR8yNT8TUWVaaa2+5MnBT5inHJbXvVP9jnFMO1q69t/bVspjoN83uI1+NFYbjF9rIwyOUsKSTGhadSpbfLPT1pLGuUasdz+op5wnh1y8TbtAEouYywURMTJ9SKzu1tH3OwtM1qzNVGr+4FiH6Db/CqOGYO5euhba5m37ACTqxOwrSW/CTkTcuqvWEGYx7zA6eu9PuCYBLAy2xHUk6szaDU/P5U/Fw8n3OZx3qmNP8Axu3+xnMP4RYKxa6A4MQFJGuo1JBPyoK54YxIJEIYJE59461urwDBhqAdJBhhAyyG3BgEzWTuftMEgNbcAmGKLLDox03O9auRE4y9Szrx+DQXMEm9UfdVBkValxTsakVmt6bRx3GL9ip7oGkVRiVVx2NEmxVRw1Mi0gJJvYA/Z47zUWwhGwpiEirAwo+axLwxFIwjHQA/KrUwpX2o+VMWv1Wzz0FXzJMrlQQjvWmY7VD7saerh56VecIO1N59Cv8A5mzNvh41qCinuLwo/wBqBfAN0ECmwzJrcTkwyT2KsJazuq9yAfdOtUWbme5c6y5YfM6fIz8KecJwLgkBguYqC35hJPs9jWY4NZui9aVLoU5wBNvUSYOux61y+J4us6r2/s6nC8JeB6vf+g57PWpW7Ska6USMM1QfCt2rqrIn7nKeJp9ioYUbzVNwdBt7qJ8oruDV9nC5uoq9aW7ZXLb2SF6pFeKUyPDWHT61F8IfWq5sfJfJn4ALYij8M8CJqm7hiIjWfSvWUNVJqSLgpRdBN/G3QABccImwDMAvXYH/AF8qW4/i1y4uU3LhH9Z2IPwmnAwwKMG2YUE3hDF3ADbVACJEuAYO1ee4/FJTuHZ/ye49E4zByqzVqXb7GZLlnA3Ar19XuHKisdY0HX37CthwzwI9vnxFxQP4LZlm9Adh79aMfR1tWLa3H1ypMW1APNcuMNco27k1khh95HRzepJx043be78JfcC4P4QsqiG9nuXXGYW0YAAeukmi8T4IzmLbeV1gsDp6A81KPEviU2c1rD3c91jN/EKBq2wtWuiou2m3vk1f4KveVgsRimJa7cz87NLEW1hRJMnmLH5VreGKhbRw4cdm5mmMn/Qp8RWLFi4LVnmNsZblyZz3Jlvlt8+1MPCd9bNm7iLhhSQsxMKp1IG55j/drJXHnrJP1PcmtDxYZeFIB+bIT8bmb9azYIqU7Z1PUM0ocOsae38+5fxjiWNaXtsrWhr5lpQRHrJJEUDa8VYgAAG20fmKa/QgfSs7wzid2xPl3CoaMy6FWjup0+O9NbXHLL638MC3VrTZCfev+daJ4530s5mLi8WnTkgvukM8N4tuj94iMP6sqf1Ipj/xRh+7j08vb0pAMdhrrBLWCuMegF0z7zEwPU0w/ZNr/wBNeHp51vT0q4wzEnm4JvdBtq9RdrEnvQCpVgFddxTPOKbQ1t4v1q1cQPQ0mBq1GoXjQaysb+aDuvyqt2X1oS1dPerRdodFB67L7YtdZq9HtDZRQQE1xkqqv3L1V7B2edQI+FStknegEdl2q0Yg1TiWphty2IgioJpppFDi5O9SLCap7BWmc4hyqSHyjKzGASTlEiDsNe/esbbsvbbN5jBkJIJtdVgkyAO4itJx0XTaZ1kBmVUFwxMsGMKo3OUmTOhIrMWcQ4EZGAgDlutp+Jl0zyPa5fptXLc1KTkdBRcYpG5s4GQGQypAInqCJB9NKtbAmNaVeGeIuyFGVgAWKszKfzEFNOxB+UU+TExvW/HklKNmSeOMXQCeGg96CxGFAPWn33lai1+2d4psckkKligwPBmQBHpRF6wSIC/GBRFvEp0rzYoAULk7DUVXcVXsK3YCKHtYTXTWj72KLaVUjxTlKVCJRjYHiFyzM6AmvcQ8YXhbAtW0tKIBLHOxgQOwHToatunMY6HSkdm3IYuvLaYAg/mu9E93U+nvpWZpJOQzh4ylLTD3Lr/EcRdUPfu3AhHKiQj3J2AyAMqnuem280H4mxhsW2sggXruXzsm1q0o5MOpHzaPdtRWCtuxe5m/EzZVYicrQCzgdwCAO2vYVTh+AW5zXGLmZPQE766kn51nxY3Pqa29jbxGSOG8UXv7v+jGJZZ+VFZjsAoJM9oFbnhHDbi4BrLrluMHgEg+0ZEkaDemdm7lAVQABoABAj3CvXL5rS8GruY4cRoalH2MPi+D37ftWmjuozD+7MVo+E4VruDaxdVkMFVLKROuZCBHQx8qYi8asS4aVDglB2macvqkssNMor7mNt+DL5El7SntLGPiBROH8Ft+e8B3CpPyJI/StZ95NVm/TlgRjeZlHDeGW7K5LYjuT7THuxo3JVa3ql5wpladkLtPcEQKdx8q82HHQ0ecKN9KqZQKWp+A3j8gJtjv9K4Vo1jPSoFJo1MU4AyLVyipeVV1mzJ2q3JEjBnLdSAmivIWouB0peodoaBmaKqbXrRTp6VAWZolJAOLKge29dAO7dB2Jj4DeiUUAVHEGUYDSVI+hpWWXQ68Mbij1Kynit97gGUSrXLOjaE5hdKsuX2RyqYM/CZrPcPuMUEWWYACSrL3NydV7qT8DWr8RHnUCDDYYGNhy4kiAeoBGlKvCzr5KHMFKtmIYDXkcGCIKE7g6+wDG1cjGlujqTb2ZDhWOZmW2qFFOdiDEglmuHbQHM7Haf8AB81jQUiwbj71odIaYBAnSZ1Ou3U9a0tvEiIrdw9qG3kyZqctwS3hyTRD4aBtVqXQOlXK4I1p7kxSihb5ZHSoXE9aNvutUXAo6UakLlEEy1F2q1xVRSmpiWjgaKE4rnYIF1AcmP6xXKCfSKLK1ErQzgpxcWMw5ZYpqUfYlhkRVCAaAb9Sdyx95kx02qq56VLLXCtFCKiqQvJOWRuUu7K4r2WrMtey0di9JWBUqmFrhSpZdFZrlW5KkEq9RWllAWu5avCV3LVaiaQq9Ql25FTe7Qt7WssV5Nc5eAa3jCzOsRlIHvBUH9ZHwq9XpHwlv6RdPN+IZAI0UKSu86yQaeZaZCSlGxWSLiya3KItXKECVNQR1omkDGTDQ09YqsGqg5iqy5odIbmXm59K6L86f61/2oK9fgR/WX6tlH6muu8XQNvwydo1Db/I/WlPItWn5oYoPTq+LDC9dAz8qncRJ6GP51QHGZR/EGPX8sfzruBcG6y6FRcUd5BifhvQZJppxXz+weOLTUn8HOLslpUdrjfvULMmdwFS3dJBKgjYt/lWO4dl0C3MumsFhpkaR7I6j5E19I4tw4fd4US12AZJJM27nWdtTtWJ4Pwu3+IWHsLdEj0dwNt9D9a5GJ7bnUyLfYl4dYeaOceztmUycomIYkDQ6RtWnU6TS/h2CW1bt5FAGa7J6ybpCifcn0om48Ms/mzD5Qa6fDTWj9aMHEReqvgJD1w3j3qquZa2UjI2yx7xNQD14JXQlXsA7OhqlNcC16KhKOEV6K7XgKuyiNcIq0LXTFSy6KQlSy1ImuQalko5FcKVPKakLfrUslFJFcCmicgrtTUXpKVtGp+V61ItXs3pVWy6RQ9oVQ6VOy5IM9CR8iRRHDkzXFEkTOoiYKnUZgR8xWWWVxg2vBpWNOSTMbwRm+8tKsBzicjAT5jncgDaD8RWoy0Fgkz3rltv+VqGhZYgWoMBdNWPX8p76MiKVwuZyi7D4jEotFYFcNWRXQorVrRm0FOWvFKvyCvMg+ZA+ZA/xqc1IixNiV2LXHVTqrWRpuuZrk+7ag/FmINsC5zBrqBUA6MxMTO43NO/Cyh8RiSVzR5JXYCfxzqSdp/Q6Uu+0N8jWBkWAoAhm0AVuuTffrXLnk1ZWdKOPTjQks8Xa2bVxySpw9wP0gtdZA3pDMg9wrX4BIxFz/5iH4bjT3RSDzw6t+GrCAhi4sbuzZgQBqG6+/XetDdxK27125d5FU2ydzpHYCeo+fxo4T6v0YMo9P4HvFb/AODa0iBIJIB0suRA3O1Y7g4/DhQAfLxDn43UynXtzfL1itc2ItGzaKugVoMkhfasPuDHfr3pLw+2iKwXnHkXQSAMsrdXVW2YkOTAJ6aVkg62NMlZmB4jYpeRQrC0BcVtwW8xS0aaCXufGtF5ufynVuRmePXR/lAj6Vk+CYa01plZHOflaLd0ypuIzSVGmxIg7TWn4aiZLQQNreukyjgAsmY6sugkn01j0rXCSi0l5M0o6k2/AwiugVYoXMUzDMBJE6xprHxHzFV3byq6WzMvMH8ugLGTOmgNdHWjBy2TUVLLVGMusht5QCHcKd9AWVZEf9VV+ILjW7Fx1MFRIPrOgqtaJy2GRXLZB2IPxqaWcyrJPQn1060u4SyG7dysplbZgETpmzErvuw16zVczqoPlLTYwgV4168FghiACNQTGlC4K6iWULk6nL1OpYwD2/2q3kV0Dy9gjLXYqeLTkMSPUb79PWh+CXy9hGec0EGepVipPxiarmb0TlloSpqlDY2+y3LQBAVnykEbyrHQ9+X5TRueop2XoSI+Wa75Vde4QDA+oH1OgofCYlnDErlKuyRMzlMSCOhqcxatPuFy+nVWxebdRyL1NRdjr/MD6nQfGhcFivMa4uWPLcodVMx1lTU5ivTe5XLdaq2CuX1r0e+vA12aLUDpENjF3BcykKfMcbBoUsQIBJkzvXMLxl7RBFsNkZ1AJMkAsBt6fpSrwe9m46/iXHdHSATcPW2NQNBzL17++gBftnE3EuXXUG9cBHOIHOBlIEA6rtXN1p7G7S6s0tvFlGDi2PxLZkZjAh9x/wBv61I44tbZwvsvb2MyGcKem0E6+tJ/FmIW22F52VTbckw/N+JENpqBmbfuKKv37a4K9ct3S3LZObmIU+cRoQNIIjQ9KGMlFdPuXKLlLcO4TxMXssIRmUHfWGExoN9dq5Y4icqZkJJVdiNTAnTpQfgQ2s9vLdzMrgZe4y75Yn2p7UBwXEq7lXvqAvmQBAIymEUl17KdB7qZzXbB5apGgfHBGcFWIBBBEbFFbWT3JqX7RtKUNxWKuuYcqsQbd1CDBMd/lSvxDiP6Y1vzURctneJnKssoYdhXPE11LdvDhbluM14EllggOo6aSOwoHkuKiwljpto0/g60p+8XlJIvMm+hAthxBAOmrE6d6T/aYxNy0AuYlQB3BK3QO369aN8FXItOvnW45Wk5c2obQAHoFUbGYpR9ojnzrGS5qMp5lEfnM6pET8N6zR/5DQ/oAcIot27ityk3RIJ1M+bMa/7/ABqr7VzcOJItlgPLlgrGDEbjrpXOPEkXSLlosLzRyJOl0gE8gkwBp3q7xjcuHFLluJLIAc6qZECY0E7n6U5fUmKf0tC/CC+MUiq1zylu2LeXOYGa2hIgmYj9ac/Z3ibjo4uKdbF11bTVWa2pWPQoDHXPRfCS33u4C9oJmQzpmzZEB0zCe+x2FQ8GXH8h8zWliw+XrOlvceZoJnURsddak3a/BIrf8iTg9oG9ZhYXOZB/MfMUHfcb6eta3haDyMOQonzbvTY5YHu0ikPC79xsPbGW3+8ua58oIhOvmdz8xNGcExjrhrclVFu9dXX2guQGQSe5J20g1V9SfglbNB9rG2/vY5l5kKDmTVsynYNI9mNutc4q5a6pW2zhCy6KIOZWRoZiAdGPxFBDicErmtqokbycwnMTB2GVv+1v4daTxFvNI8xgkBQiruxjMWYDYEkb7IT01fzJNCtKQayXDaRQAvkqpLl1C5lEltbTnSPpSPxJxk4gIgK21XVs0EF+mUmNBrv8qF8U8RJyKM4BWSCYB2bUTvBQbdD60nwf4jopClcwLZmhYH8Xpvp2NHBurYuVXSPo3AVb7tbtvczSu+xCGMokdlI19RSgOv3hbq3LrG2WAXMxSNU5s2gEt3HSiLWNJWc4GZdMttnjO4VfZIki1nO4k3dwNs7e4nct3cv4ZguhHl3ACHyyp1MHY6E77UK1N22E6Wxqb2MJIZmAOqpyHMCejHUBgYHTc1TgkeLge55iM6soOmQhj7J6ydNewrOrxu4AJVGIjdXGYCMrHoriRrsQRO4rlrjjacikDMCM2WUbWTpykGIbb11o6ZVo1eK41bYZQ1smfZLKZImBG8yNv5Vzg+KuLnFzKy5pTIIyjWQe+tY+5xeWVyi5gQSfMAzr0aI5Ttr7JnQ0TY44sjk2LLyuNeYsrCfzDt74q3fdMFeGabjGLeJthS8yMzuAMp00Ro1k++KbYK/nQHTNAzAdGjWPSZrEWONJmXkb2yTlAgkoyyoB/wCo5dxB0q7h3HAjIxS5BAVxEgssAto2oI7bEajU1WqUbaVhVGVJujdW7eY5SQoO5I2EdutZ7iNy/ZvOiMnlkl1/DLFsxJkHMIHp6GmGAxDpZtElW826gWD7Nu4CVkBzLRB23+VNr2EDFG1UoTBCkCGXKwP4YkbHfpWSXEPXq/Q3LhnytK73YlwGKcGHkljnKkCUtkKobQcq5s3tTr1iKB41jLmFuny0F8Xc93lMZFzCAdNCc0wRNd42zK91lKlra+W7LciV8ze4g0Z8giJGnSYr2Gx9tra3VuIFWVZdSS06kuDygzBB+nVqbb1GaVxTgMrHEVNu3cuI1oXGCQzK8XSzCJXYEZSJA3imOUUrw9hALi/iXGuAsiWwhypljQ3CpLgMRmTad6Q/tKNPIvmNJN66CY6kZtKZHLWzA5d7lvgVFF7Y+2o95zabmKVPlONJIIjEnp/WAnQ0z8CBg6klBzpJVlYk80GBMDL6dDSbDKHxZZmUsMQ0TAIYXdDECdBG29Zk+psc10pDfxy9sLg8w0Nrf/6iToPWOlE2WQ8NvQCR5ajQHbz73umDNLPGjljhULAj7vMHQfvBEHKO3c7UZduFOHXQrKoy2tBqNbr5gTGupPUazQ/6pfIX+zfwXfZ7bC32kb3FiBvyXiJPTrSfhuT72CNvxt15v+dMaev0pr4G5bgINsEuJKnMT+HdgxBjTpB2Y+5LwC4WfzCbecC7rPo8yJ13J9P0J95FL6UH/aWg+8XIMHLa0Kzp5bEdPWfjRfj4IbVgR+bEH2f/AIqz02mPhQXi/nxl0OUK/hyGbKSDbgnpt7unxqfjG47LhxKxN/YgAfirpqfT6RQeA67mm8AW1+7ExB5fy9A9yOlLPtPH4mGheq9pjLeH+vdR/gm+RhyuZQOTbXcsTrJ19O5ilP2iXCb+HOYZeXUrtpc19nbU/M0uD/yMKa6BXxTIReCgk/eX0/8AuG0MmPSrftET+l4eF6JpOp1UR/vpVHF3/elSn747IV5/NckloGsid96n49vj73bzaxbUL3BnodPTvtWhfUhL7DPhAH7Wub/ulle5zW9Y+nwqP2XgGxfmTyXIEnQZbUjXbpXeD3B9+utIzhVXrmyyk9dpI6dtda99njgYe5lgE2rhbLJlot6Ey0fTYbUEu34Cj3/ItwKKLNnp+Lc0I7La201o7g1gNgtNxiXAzDSD5Qb5qzDtqKB4ZcnD2jyZvNaAWbQxbHftGnp8j+B3iMMmsf0l/ZJnXyzII21UfWifsCig4S5J1eSJEBYZsjOR7EmSCNNef53vw05mDK0jMdXcHLmxK5vaG4RW+ferMRlZWLXH0RtIZiItXBI13gTpryR2rzLbznKrk+YZlQAB5uOGhncGfSCD1pli6EnG8J5Z2thvL3ZrZIYLags2p0dmP+Ro/wAPuv3kAlFUFY5rhjLdyKNF9fhMbUs8RXEAIAfKbZjmUMVFjCbwCM0E7d6I8P3D94hRqS2pY+yMYgIiIOhEdojrTL6QK3HmKYCyXMPCAhfLb8uKaNT0XlEf4Ugx2GU3rWqqxxLC5KMIGayAQAdNOo70+e8BbaLaAi1PMbkaY24p1kbnm+Q2pHiroz2CbalfvVzKFN0aB7MmDJB06yKqLI1uU4TDgiwC1sfiKp/Db2ALPNqTzanm2OXpVmGwgCjLctk+aUPtqApW3qfUa6+zpQvDbwBsgKSRixEtcG/lfhnttttrR+Fu2vLOZGVRiGAIa5JcKpNswZUNERqvNtR6itIY2GcZdbcQltjmcRbJU5jy+0DG/Ly70Bcwrll9iM4ta3DqsrDGV225duXejbVyxmXmcnzAADcuAZpeLXNpqfy+zz0CLiFyM7gjFZY8xfYkg2wCNDo3L6iopEcSOH4YWNsEW+e6LR/EUws4eJkb6nk99CYbh7P5X4a8zlDrbksgtfGNToNdTNNcHcQG0Oc/0sKOZOYTaPlmR6Tl310NLML5eazmuNAxDgxkPL+BA23B3nX39ZqIojJ+I3Gt2rdtAqWAj3My6i4vmRkycvliBMb59elajD8RBCMqoM0ATm0aRmU6wI0H86xvDeIW2tssDWVEEQWgkMzba5vnNFcBBNxQ0sXkHXVSDzEAA67AHXXvWHLjT9ux0uHzSW19xjxZfMa/zEe0SJGXWF2y66t8BNZfD8KcKxBTVCWgAyBMzza7GnPGRFwnOfZLfvTLZvLWVjQ6sDtv8IDwGGNza4Vm2xgETlCsTMiCAJMbGDpTsbpCM3Uwjw/g8TbvWilxUVCHDLbtwikkMwBMTIYfyo29xHEqxVQMoJA/BXYGB0q3w0j+Ypa4xTJmYFlgoS6ZYAH5+aJA06bUvxF+9mbK75cxy8jezOn/ADO1SUqkyRgnFF32SmbzxJJezv2IvbRPak98zj1n/wBUvx/pR7+orZfZ5bssyqpcOLpGnKOQQQYGpGY+kHekfCzYTEHPnZvNusCJJi3mc5SfZIJB+dLvqbK07JEPtKWEwkx/7t0Mk/iprJ9TRmFX/wBk3Ij2bWp6f0hjttVnjtbaX8N7TD7s0yzHKAwIBWdD1jfUVfxRrLcOulDcn8AhQzAtIFwFFLTBDA/PsYq9ohVu2LPsrH47xrz299vZxMRWe4KsYlCd8t2IO34d3Sa3Pgy5hy4UZ0Id5zPlBCJB/Nrqxj3nqDSXw55aHK9u6GIYA8+pNzIN3knrHZutTWrZSWyA/tL1xdwNA5bY06fhKdT31mivHp/BsaiM1+e+l9P0q7xIUTiNwOrEF7CLzNJZ0EaZgBsfpVni02xbwzsrFWt3XAJIMFlbvv76q+2wVd9x99niA4QmJ9j36G5/r4Cl32ntlvYfYaddAf3mx95orhXF8Jh8Oj3S6LcCwAGb8g15Se6nvrQX2iXEF/DXLexVXGvWGYA6j00pcG9d15Cn9FX4EeLuMFu6wfvTxmJjW88H3a0V49vsuOtQRBVB6e0Rrr3ojGWPMCE3JFxy+WCpDSIkrrEuNQar8eJZXGjzASDby6MREEmTBGmh+VOUk5fkU41EK4Q7/tO6NIKf/wBW5+lR+zG9msXjI0t3Sd/4bVHcGFkYu6D+Zx+YwCEG8mBpVfgU2DYcEwy2W3YwSVttpm/MMwPx9KCUtnt4DjHfv5M5w+9KWhP5zsYEEKRodj/lTvw+zfdlICsRiLkCdNBbMH1oDgV8Gz5a3PL8vM4J1BLAkiSSQeQxp091F4ophuHi5uRdaRmJYhgltjB0mSTGg00iaNy3S+QFHay3iuJe3bYsiT5bfkk6Wrn02H9o96quYoG5nNxAPMj8q6C7jWJIjfnQn3z1rA47ipu6OzHQa5RMwQR7W2p+lF8H4vbS4DcQkFszEa6gu45Z1lnjfZR1mnadhVqx7x8ubKutwEKmVYZI/cYcnX0KddpiruA273mtcHmC2hfNcElAVxSMAzDQHKzaetLRxXBlAr23Ki2gIBynN5a23gSZMJb66QdNdLeHeLWS0cNZUrbu3XuXA5RlZy65TzWzEKiaDTQ1e9URadVvsM+KcQtm0+a5cebYQEZ50xT3V3I0CEL8B0oTgoz3MPBuR5l0qxYEBsisrLzagZGBE6Ge1GYDhguPNy2sFkL6uQC+VhorqApmBlA3Gm9fS7nhyxaskoltMitkIQjKSCDll9CZNA24rcZPRJrSmvufHsLhrgS0SxA+/EznQRokusnQaNp1ir8HjXUEKXk3GaCyLDzl2zcp0EqdNNa3nG+K4XDfv1TNBZLaLmuZZksc2ltTEyTrWfb7QrY/d4YhdxmuWxpAMwLZjTXeprlJdKBxyinc42vvRPgHDcVjQ7W2toquGYvcYQ+Um2yhUM6gSp00FDXOFYq1dyqEOa6t5iMzICXYESQInIJG0NpRVr7SLc/iYZo65LiEjfYG2OoPXpWn8N8Yw2MabN0ckG5bYNbuqvVgVaCuo1XTWq1Tit0VNxlO4ql4uzD4bB4sm1COScUbjsE0UBlCuC4jLCjrPLpXbXA8Yz8qIgVy6k2xoxgTLEyYVdSI0ra8Sx9vC2y9y6bdtWIWGdncyTlt82vvrJ8R+0tjK2LCrGma7cLmYnVVYL74OlUpTlugoZFC1pT+9iz/AIUxaxltmWY7G0kkHlPKZOmbvoTpT7w/4axFu6rXLQyxD6gkywk8o3IUfPvWXx3jHF3CrM1oFDnGVcuoAMMM3MJjQz261db8f4tTr92b0Nle4H5SPX5VcoykqZXNalqSo1+I8Mv5hcLClpZZaHBYMWJyyrbjTqinSaR4TwdctOXuXbSoy3FjPlPOjqoGYKAAW2B6nQ1fgPtMssQuIw+QHTPYY6Sd8hj36E1ueBYq2VF+3iBcsOpAZm2bQ5SDENodCJoG5RRSk5S3Md4f4DdQi594tC26ghUcDQqSBLDaWzaHcV254avEkjGqASYAuiB6Dnp9fxVu1h1vX7z27YVQArkFz5YGVANhr06geoK1/GuGk8r/AP7Lf+VVcpblKbQHhcdg7X7q6lrc8pAEmAT7M6xvNCXcXglVMrWs63HLuvlhijJBiRuTofeaWYrwWNIWymsFWe9vE6kxl0g9dzv0sseC7IUF3TrMOx9RBB76UNx72xtS8BH7SwJLFhaLEyWOWWnvEz0kmpXOM4LLBNszEZcwYBdFjSIGw91L7vhzCALFxNQTJc5fSZuD6fyq5uCYMKPLa00EnMWUyIGkMxB16+tW2vkml/BPEcewXmu+hnJlhdVItBHE+pnX3etRfxNhZkydQRIaB6AT2PvoN0wYIVWsEltWyKTt6nKonXb3d6BvW7BIKvbCsculpRGgZp9IMfCokvkrdeBwPEuGKuCTLIVVyrFw0qQ09CI39a9c8S4cjLCkA75LkxJO89Z19w7UD9wwjZArroJkWScx5tSQNjtlIMQDEbD2OD4Ul/xLgygNK23aVjmaSmgkx/qalR+SdXwMz4lwwmFXWN7bnYHaWP6dKL4p4kwtzyg9sza8sjQEFcgOSWmAcx+lJP2bbVCqr5kwc5DCEzQYzQAwBJ+Fdx+FtC9cNwjKrFcoYj2Vygae4VNMb2sjckaA+NcMNrCfHt8qC474qwt66t1kIIDAqCoBkgjWCdNdu9BKnD7fMFzFgNH5gDqTuD7p3929Tw2KwCAlbdvNBg5WIBI0gEEnXvt61SjFbpMjlJ92gm141tLdNxFYM7BmEiCcuUaZNNOx3rnDPGtu0MioxSMsEjWTJ1Cg+lDYnieHecwV9Vyzb1EAjcAE/HT3V29isKsDy7YzLJi2zaNBXUTB20PxFXS8MlvyGYHxlYtqVWyCCzHX1MxpGg2r3FvFdu/h7lg2gAVaI3DaEHmmdQKWjGYbSLaz62CRAGg9nf3fSiMPxG24y5VUaj9wQNRuOXTf9amlXdFapVVmRw+PA6H+7/40U2NA6MfcR/40Hh8LcI0Q9tSB+u9H4LhjOT5jC2ogn8zsJAIVV336kbfCtTaE0VNjR2J+K6T3p5wTBXtbhQW1jR7q9ACWyIdSY/q99aI4dcw1gA2rNxnB9t1Rn6eySQq6zsNj3onE8YVixaxdJnQyO7xqWn2SBExvpSZyb2QyMS7iN3ILkLcum4tpWdYVctrOAoUkSJyntqKa+HMVcuJcu+Vb5c1rbcFAWYATrr9B3rPNxlgTlwzkZSOZljUzsD39afeF8c1vCFSlxmeGY28mVSxgggtvAGo0g6VnyJ6f+x0aszPGOMLduXLj2j5jtmg3ARr0DZemwmNqTXOMKCQbMEdCw/8AH3UzwqoGJuAhtSOZQOkAjT/aicbaw7jnYE9DKAj3ENI+taYzrYRoszlziin/AJUf2h/KmvgW9/TEuIhDW1ZwBqGkZCrbcsOZ/wA6VY3hhVj5bLcE6QyzE6SJ1+Faf7N8HD3blweWFUKCY1ZjJA76KPmKvJOoNokI9SJ+K+N27lzLcRlNouoAAya3CxK9pzD/ALazV7iVsHS20e4fTvTXxFatnEXRnHtBpkRDAE9fUV3BYa1kKMyurawSsgxGhnTpUhNRiiONyYhbiNs/kP0qH363/AfkKYcU4KBzWiGXeM6Zx8J1/X0pK7AdKYpWC40Etibf8B/u1uvsz4qLSs2SbYUBkzaZ5JW4BGhjMP7VfOiwr6D9m3Djcs3GGq+YARAg5VB9f4qVxDqDGYl1HvEWPs4jKM8CxbIKMIgqxDZc2hOqgDfWs552G9f/AMf+VX8a4Xlv3llR+I/aYZgYA+VVfspu6/8AbVwaUULlDcZ4bw6LpzA3DB1zMdvlXF4Fb0HlsTMe2dI91bXgmGGSPjpp6dj0n+VCLhiHbUaemsx/v2pHV5H7GTxXArdvU2/7zdfcaIfw9bW15hRQPWTuPU1o+JYVWYAjbrMVe9sLZC9Bp8/lPWi0zruDcTKcP4KtySoAUekzptp76HsYHNcyAQJOug07nv7q1vDbWUMCZnQemh6UHgVHnkDU6nUf4kn9KlMloTYnhwtvk5Z2iBPxq3GYAWR63FIEddR9Kb8XBD5zHw3gDbt1rnEFFxAVLD2Ykkbx6k9RrPSqp7F6kc4LwBLihss/2iBoar8V8KS0VyJuQS285u/1+dPeB3zbItnmJgSST1PU60F4tueYCTy5QAYjqSRv7Xsnfv16LWpS3DdaRJgcKrOq9yPl/tVfiy2LV5EQQpiSJgzOnaR2q7gNvPcGU7E7iNV901d4js5rgBgEDaCRHoZEfKiiqluA+wLw7Cq11g2wE054Hw22y3GdQYUwD2AjTfX3bULwuxkc6zA/wHXc6aa014ZcCW2IGhMGZnp1mhk9woozC2lUv2B020rRYTh6NhgYBObsPlp/rSs5j2PmGNiT1PXXb59a0XAbs28oCiD/AAg7+tGk7TAbVUIb2FtgwoU6gGFBjXWYPSiMHw1H1KD3ZYj4GnN/D66x2/xqyxZjXvr1/nWymzMZbjPD1UTkA+np7qA4YhLxlAk/rsfWtZxTBC4NTA20/nSvD8NVWIDMD17HY9INXotE1bhfkAbjt0rWcNugWsoK+z6DpGxPeszfXSJ9+ny6104l10UrExqus6ajXTekSw2NU6BuKIjOeVe2w/wmlxwiE+xp7jRV1yxk76zG1dsAFiANRqSSemmwP60ccdCdQFb4ZbnRIPrI/Tb5038LcKtteIYkqV1BJgR7yfWoeUAM2u8R696u4dfdWzrBgneZkdtx9Kk8dqiRnTI+IPD9oMxXv3M+gGulIbnDXXZnjXqRtp2rT8VxjXACdOuny921CKh3kRsO/wA6kMbouWTcyt/B3erNvHtEdexiq34dcJ1195Hy1Nbu3glgBgrf2RvI11miMPwq3lnKu+2UDXXqPdRaKL1Nnzr9nFdWtq/oxjXTWVI/WtL4Yt3XteWi+UEJICEayfa1Mk+s7RTy9wm2NSJG8fp+tMeBWVQckAaTyDU799aTlg3GkHCdM+deIcJc8647iZIljHNCgAwB2FA+bc/rfL/KvqHEOGq5lgupEQDM6HXX+dZ+5wNJPvPX/KijF0DKe5//2Q==\" style=\"height:190px; width:266px\" /></p>', '2023-04-21 19:23:45', '2023-04-21 19:23:45');
INSERT INTO `blog` (`id`, `blog_title`, `blog_image`, `blog_des`, `blog_content`, `created_at`, `updated_at`) VALUES
(5, 'new 5', 'blog-one.jpg', '1', '<p><img alt=\"\" src=\"data:image/jpeg;base64,/9j/4AAQSkZJRgABAQAAAQABAAD/2wCEAAoGCBUVExcVFRUXFxcXFxoYGhoZFxkcGRoXGRcYGBkXGBgaHysjGhwoHxoZJDYkKCwxMjIyGiM3PDcxOysxMi4BCwsLDw4PHRERHTMoIyg6MTExMTExMTIxMTExMjExMTExMTEzMTExMTExMTExMTExMTExMTExMTExMTExMTExMf/AABEIAL4BCgMBIgACEQEDEQH/xAAbAAACAwEBAQAAAAAAAAAAAAAEBQIDBgEAB//EAEgQAAIBAgQEAwUFBAgFAQkAAAECEQADBBIhMQUiQVEGE2EycYGRoQcUI0KxFTNS0SRigqLB4fDxFkNyktJUJTRjc4OEk5TC/8QAGgEAAgMBAQAAAAAAAAAAAAAAAgMAAQQFBv/EAC8RAAICAQIFAwMEAgMBAAAAAAABAhEDEiEEEyIxUQVBYTJxkYGhscEjQjPh8BT/2gAMAwEAAhEDEQA/AMpMVO1eINW3rMVXlr0aPPtkw+u1cuqp9Kiu9cdTRJANkCK9FdrtHRGzkV0JUq9FXQNnglSC1wVKrSKs6tWowqrJV1kD41dAtkLlQzGr7vpVLJVolnc3evAio5a6FqEOZvWjcPjGA3mhTaNTtpQtJ9y1KuxcDmOtcvYaOlSw9hm2/Wm+AtNHMPjSpz0jccNRnrdlSeainwiEEIdadcTQBSYnToOlZ25iG1yiKkZalYUo6XQNetlTE1bYXlIqzCcOuXAzIhKrqxkADruxAozB4DDPZm5jGs3Dsq2mZVHQOQJLe5oHrS83FYsa3kh+D0/iM/0Qb/RiO8ygkE1V98UbA/SnNvw1hh7fELcdAlm4WPaQYiqcX4ftxNnF2rp/hZXssfRc8g/MUhcfjk6Uka36VxEVcoOvsx/f8PPawgxRuBpFtwqgmFfKZZj2kbD40tfjN0xNwwIMDQGDse/up94K42youBxtsqrL5dpmAyOuo8rOOU/1SD6dpznijg74e7lEm28m2x6j+En+IVyOOy5pPeXSek9Ahwsbi49ftf8AG5rfFKW+J4e3csa3rU8k/wAUZ7bHoZUEHbT1rJ+EfDb4u+Uebdu0fxTsRrHl+jmCPSCe02eD+L/c74cyUYZbgGuh1DAdSDr7ie9fVcGLTAumXI581iIhywHO3eQB8qLh+LbxuJj9T9N5GZP2f/qEvjLFLaw3lWlg3ALVpVBnJHMQBrsIH+dZ/wAO8Ae1nW4fLu3VVAVgtbUsJgmQGj3jQU841x/CW812VuXQpRFU5n1PNJ2QHY+gG+1fOONcau4i9NxoGbRF0UD3dfeazSnFT1d2jbw+HLLAsSWmLe7fd+KGtzwuLmIufdsW3mgswL3AxYg7M66ye8EelC/tviycnltycv7qfZ03Gh26Uhw7lLmZSVI1BBgg+h6U4/4ovd59cu/rvTVxC90Jn6TJvpkW3XB6Ch2Srmsmoi2ToAa9EqPGOwciu0V90ePZNV3MOy7qRRKSKaYPlr2WrildFo0dgFEV6iRhzXVwzdqu0VuDipA1c9mN6hAokwWeqaKKgCKmpqyFhNRvODEA6KAffv8A41NoI1mvX11jtC/JE3+JNKlJKcV5sOMbhJ+KBmNRqwrUSKeKTOBqmrCKiFr2WhLsuU+tNOE3+hNKVHerFJGu1LnDUqGY8ml2aryw3xFOreA4clpWuC0sj/mXI5uoAZu/asfw7iEaGhvE+AF3LcUZiohgNyupHvgzp6mudmwN9PsdTh+Irqj3Nr/wrgLwzWwCP4rdwsP1YCuYfwPhQZY3X9C4A/uKD9awPC/DWLuAXLFm6s7OHW0T7iWBI9RpWs4P4Zxxj7zjbtu3OttLzs5HWbk8nwn4Vhnw2OPujq4/UeKqlJjPEeBsIdR5if8ATc/8waGu+BcNGj3V/tKZ+BSq+PeL7eGIt2UFwoIJLnIvpOpdu5+s1jONeIb+Ik3HyoNkSVX3kTLH31hm8cfY7XDYuPy05TcV33duvsb3DeFktobaXnZCQTbuqly2SNjkAUqfUEUw4vwtL9g2bkToQwk5WGgfXX0jrPrXxYY1lMoSp7gkH6Ubc8RYp08s3rhB0jMR8yNT8TUWVaaa2+5MnBT5inHJbXvVP9jnFMO1q69t/bVspjoN83uI1+NFYbjF9rIwyOUsKSTGhadSpbfLPT1pLGuUasdz+op5wnh1y8TbtAEouYywURMTJ9SKzu1tH3OwtM1qzNVGr+4FiH6Db/CqOGYO5euhba5m37ACTqxOwrSW/CTkTcuqvWEGYx7zA6eu9PuCYBLAy2xHUk6szaDU/P5U/Fw8n3OZx3qmNP8Axu3+xnMP4RYKxa6A4MQFJGuo1JBPyoK54YxIJEIYJE59461urwDBhqAdJBhhAyyG3BgEzWTuftMEgNbcAmGKLLDox03O9auRE4y9Szrx+DQXMEm9UfdVBkValxTsakVmt6bRx3GL9ip7oGkVRiVVx2NEmxVRw1Mi0gJJvYA/Z47zUWwhGwpiEirAwo+axLwxFIwjHQA/KrUwpX2o+VMWv1Wzz0FXzJMrlQQjvWmY7VD7saerh56VecIO1N59Cv8A5mzNvh41qCinuLwo/wBqBfAN0ECmwzJrcTkwyT2KsJazuq9yAfdOtUWbme5c6y5YfM6fIz8KecJwLgkBguYqC35hJPs9jWY4NZui9aVLoU5wBNvUSYOux61y+J4us6r2/s6nC8JeB6vf+g57PWpW7Ska6USMM1QfCt2rqrIn7nKeJp9ioYUbzVNwdBt7qJ8oruDV9nC5uoq9aW7ZXLb2SF6pFeKUyPDWHT61F8IfWq5sfJfJn4ALYij8M8CJqm7hiIjWfSvWUNVJqSLgpRdBN/G3QABccImwDMAvXYH/AF8qW4/i1y4uU3LhH9Z2IPwmnAwwKMG2YUE3hDF3ADbVACJEuAYO1ee4/FJTuHZ/ye49E4zByqzVqXb7GZLlnA3Ar19XuHKisdY0HX37CthwzwI9vnxFxQP4LZlm9Adh79aMfR1tWLa3H1ypMW1APNcuMNco27k1khh95HRzepJx043be78JfcC4P4QsqiG9nuXXGYW0YAAeukmi8T4IzmLbeV1gsDp6A81KPEviU2c1rD3c91jN/EKBq2wtWuiou2m3vk1f4KveVgsRimJa7cz87NLEW1hRJMnmLH5VreGKhbRw4cdm5mmMn/Qp8RWLFi4LVnmNsZblyZz3Jlvlt8+1MPCd9bNm7iLhhSQsxMKp1IG55j/drJXHnrJP1PcmtDxYZeFIB+bIT8bmb9azYIqU7Z1PUM0ocOsae38+5fxjiWNaXtsrWhr5lpQRHrJJEUDa8VYgAAG20fmKa/QgfSs7wzid2xPl3CoaMy6FWjup0+O9NbXHLL638MC3VrTZCfev+daJ4530s5mLi8WnTkgvukM8N4tuj94iMP6sqf1Ipj/xRh+7j08vb0pAMdhrrBLWCuMegF0z7zEwPU0w/ZNr/wBNeHp51vT0q4wzEnm4JvdBtq9RdrEnvQCpVgFddxTPOKbQ1t4v1q1cQPQ0mBq1GoXjQaysb+aDuvyqt2X1oS1dPerRdodFB67L7YtdZq9HtDZRQQE1xkqqv3L1V7B2edQI+FStknegEdl2q0Yg1TiWphty2IgioJpppFDi5O9SLCap7BWmc4hyqSHyjKzGASTlEiDsNe/esbbsvbbN5jBkJIJtdVgkyAO4itJx0XTaZ1kBmVUFwxMsGMKo3OUmTOhIrMWcQ4EZGAgDlutp+Jl0zyPa5fptXLc1KTkdBRcYpG5s4GQGQypAInqCJB9NKtbAmNaVeGeIuyFGVgAWKszKfzEFNOxB+UU+TExvW/HklKNmSeOMXQCeGg96CxGFAPWn33lai1+2d4psckkKligwPBmQBHpRF6wSIC/GBRFvEp0rzYoAULk7DUVXcVXsK3YCKHtYTXTWj72KLaVUjxTlKVCJRjYHiFyzM6AmvcQ8YXhbAtW0tKIBLHOxgQOwHToatunMY6HSkdm3IYuvLaYAg/mu9E93U+nvpWZpJOQzh4ylLTD3Lr/EcRdUPfu3AhHKiQj3J2AyAMqnuem280H4mxhsW2sggXruXzsm1q0o5MOpHzaPdtRWCtuxe5m/EzZVYicrQCzgdwCAO2vYVTh+AW5zXGLmZPQE766kn51nxY3Pqa29jbxGSOG8UXv7v+jGJZZ+VFZjsAoJM9oFbnhHDbi4BrLrluMHgEg+0ZEkaDemdm7lAVQABoABAj3CvXL5rS8GruY4cRoalH2MPi+D37ftWmjuozD+7MVo+E4VruDaxdVkMFVLKROuZCBHQx8qYi8asS4aVDglB2macvqkssNMor7mNt+DL5El7SntLGPiBROH8Ft+e8B3CpPyJI/StZ95NVm/TlgRjeZlHDeGW7K5LYjuT7THuxo3JVa3ql5wpladkLtPcEQKdx8q82HHQ0ecKN9KqZQKWp+A3j8gJtjv9K4Vo1jPSoFJo1MU4AyLVyipeVV1mzJ2q3JEjBnLdSAmivIWouB0peodoaBmaKqbXrRTp6VAWZolJAOLKge29dAO7dB2Jj4DeiUUAVHEGUYDSVI+hpWWXQ68Mbij1Kynit97gGUSrXLOjaE5hdKsuX2RyqYM/CZrPcPuMUEWWYACSrL3NydV7qT8DWr8RHnUCDDYYGNhy4kiAeoBGlKvCzr5KHMFKtmIYDXkcGCIKE7g6+wDG1cjGlujqTb2ZDhWOZmW2qFFOdiDEglmuHbQHM7Haf8AB81jQUiwbj71odIaYBAnSZ1Ou3U9a0tvEiIrdw9qG3kyZqctwS3hyTRD4aBtVqXQOlXK4I1p7kxSihb5ZHSoXE9aNvutUXAo6UakLlEEy1F2q1xVRSmpiWjgaKE4rnYIF1AcmP6xXKCfSKLK1ErQzgpxcWMw5ZYpqUfYlhkRVCAaAb9Sdyx95kx02qq56VLLXCtFCKiqQvJOWRuUu7K4r2WrMtey0di9JWBUqmFrhSpZdFZrlW5KkEq9RWllAWu5avCV3LVaiaQq9Ql25FTe7Qt7WssV5Nc5eAa3jCzOsRlIHvBUH9ZHwq9XpHwlv6RdPN+IZAI0UKSu86yQaeZaZCSlGxWSLiya3KItXKECVNQR1omkDGTDQ09YqsGqg5iqy5odIbmXm59K6L86f61/2oK9fgR/WX6tlH6muu8XQNvwydo1Db/I/WlPItWn5oYoPTq+LDC9dAz8qncRJ6GP51QHGZR/EGPX8sfzruBcG6y6FRcUd5BifhvQZJppxXz+weOLTUn8HOLslpUdrjfvULMmdwFS3dJBKgjYt/lWO4dl0C3MumsFhpkaR7I6j5E19I4tw4fd4US12AZJJM27nWdtTtWJ4Pwu3+IWHsLdEj0dwNt9D9a5GJ7bnUyLfYl4dYeaOceztmUycomIYkDQ6RtWnU6TS/h2CW1bt5FAGa7J6ybpCifcn0om48Ms/mzD5Qa6fDTWj9aMHEReqvgJD1w3j3qquZa2UjI2yx7xNQD14JXQlXsA7OhqlNcC16KhKOEV6K7XgKuyiNcIq0LXTFSy6KQlSy1ImuQalko5FcKVPKakLfrUslFJFcCmicgrtTUXpKVtGp+V61ItXs3pVWy6RQ9oVQ6VOy5IM9CR8iRRHDkzXFEkTOoiYKnUZgR8xWWWVxg2vBpWNOSTMbwRm+8tKsBzicjAT5jncgDaD8RWoy0Fgkz3rltv+VqGhZYgWoMBdNWPX8p76MiKVwuZyi7D4jEotFYFcNWRXQorVrRm0FOWvFKvyCvMg+ZA+ZA/xqc1IixNiV2LXHVTqrWRpuuZrk+7ag/FmINsC5zBrqBUA6MxMTO43NO/Cyh8RiSVzR5JXYCfxzqSdp/Q6Uu+0N8jWBkWAoAhm0AVuuTffrXLnk1ZWdKOPTjQks8Xa2bVxySpw9wP0gtdZA3pDMg9wrX4BIxFz/5iH4bjT3RSDzw6t+GrCAhi4sbuzZgQBqG6+/XetDdxK27125d5FU2ydzpHYCeo+fxo4T6v0YMo9P4HvFb/AODa0iBIJIB0suRA3O1Y7g4/DhQAfLxDn43UynXtzfL1itc2ItGzaKugVoMkhfasPuDHfr3pLw+2iKwXnHkXQSAMsrdXVW2YkOTAJ6aVkg62NMlZmB4jYpeRQrC0BcVtwW8xS0aaCXufGtF5ufynVuRmePXR/lAj6Vk+CYa01plZHOflaLd0ypuIzSVGmxIg7TWn4aiZLQQNreukyjgAsmY6sugkn01j0rXCSi0l5M0o6k2/AwiugVYoXMUzDMBJE6xprHxHzFV3byq6WzMvMH8ugLGTOmgNdHWjBy2TUVLLVGMusht5QCHcKd9AWVZEf9VV+ILjW7Fx1MFRIPrOgqtaJy2GRXLZB2IPxqaWcyrJPQn1060u4SyG7dysplbZgETpmzErvuw16zVczqoPlLTYwgV4168FghiACNQTGlC4K6iWULk6nL1OpYwD2/2q3kV0Dy9gjLXYqeLTkMSPUb79PWh+CXy9hGec0EGepVipPxiarmb0TlloSpqlDY2+y3LQBAVnykEbyrHQ9+X5TRueop2XoSI+Wa75Vde4QDA+oH1OgofCYlnDErlKuyRMzlMSCOhqcxatPuFy+nVWxebdRyL1NRdjr/MD6nQfGhcFivMa4uWPLcodVMx1lTU5ivTe5XLdaq2CuX1r0e+vA12aLUDpENjF3BcykKfMcbBoUsQIBJkzvXMLxl7RBFsNkZ1AJMkAsBt6fpSrwe9m46/iXHdHSATcPW2NQNBzL17++gBftnE3EuXXUG9cBHOIHOBlIEA6rtXN1p7G7S6s0tvFlGDi2PxLZkZjAh9x/wBv61I44tbZwvsvb2MyGcKem0E6+tJ/FmIW22F52VTbckw/N+JENpqBmbfuKKv37a4K9ct3S3LZObmIU+cRoQNIIjQ9KGMlFdPuXKLlLcO4TxMXssIRmUHfWGExoN9dq5Y4icqZkJJVdiNTAnTpQfgQ2s9vLdzMrgZe4y75Yn2p7UBwXEq7lXvqAvmQBAIymEUl17KdB7qZzXbB5apGgfHBGcFWIBBBEbFFbWT3JqX7RtKUNxWKuuYcqsQbd1CDBMd/lSvxDiP6Y1vzURctneJnKssoYdhXPE11LdvDhbluM14EllggOo6aSOwoHkuKiwljpto0/g60p+8XlJIvMm+hAthxBAOmrE6d6T/aYxNy0AuYlQB3BK3QO369aN8FXItOvnW45Wk5c2obQAHoFUbGYpR9ojnzrGS5qMp5lEfnM6pET8N6zR/5DQ/oAcIot27ityk3RIJ1M+bMa/7/ABqr7VzcOJItlgPLlgrGDEbjrpXOPEkXSLlosLzRyJOl0gE8gkwBp3q7xjcuHFLluJLIAc6qZECY0E7n6U5fUmKf0tC/CC+MUiq1zylu2LeXOYGa2hIgmYj9ac/Z3ibjo4uKdbF11bTVWa2pWPQoDHXPRfCS33u4C9oJmQzpmzZEB0zCe+x2FQ8GXH8h8zWliw+XrOlvceZoJnURsddak3a/BIrf8iTg9oG9ZhYXOZB/MfMUHfcb6eta3haDyMOQonzbvTY5YHu0ikPC79xsPbGW3+8ua58oIhOvmdz8xNGcExjrhrclVFu9dXX2guQGQSe5J20g1V9SfglbNB9rG2/vY5l5kKDmTVsynYNI9mNutc4q5a6pW2zhCy6KIOZWRoZiAdGPxFBDicErmtqokbycwnMTB2GVv+1v4daTxFvNI8xgkBQiruxjMWYDYEkb7IT01fzJNCtKQayXDaRQAvkqpLl1C5lEltbTnSPpSPxJxk4gIgK21XVs0EF+mUmNBrv8qF8U8RJyKM4BWSCYB2bUTvBQbdD60nwf4jopClcwLZmhYH8Xpvp2NHBurYuVXSPo3AVb7tbtvczSu+xCGMokdlI19RSgOv3hbq3LrG2WAXMxSNU5s2gEt3HSiLWNJWc4GZdMttnjO4VfZIki1nO4k3dwNs7e4nct3cv4ZguhHl3ACHyyp1MHY6E77UK1N22E6Wxqb2MJIZmAOqpyHMCejHUBgYHTc1TgkeLge55iM6soOmQhj7J6ydNewrOrxu4AJVGIjdXGYCMrHoriRrsQRO4rlrjjacikDMCM2WUbWTpykGIbb11o6ZVo1eK41bYZQ1smfZLKZImBG8yNv5Vzg+KuLnFzKy5pTIIyjWQe+tY+5xeWVyi5gQSfMAzr0aI5Ttr7JnQ0TY44sjk2LLyuNeYsrCfzDt74q3fdMFeGabjGLeJthS8yMzuAMp00Ro1k++KbYK/nQHTNAzAdGjWPSZrEWONJmXkb2yTlAgkoyyoB/wCo5dxB0q7h3HAjIxS5BAVxEgssAto2oI7bEajU1WqUbaVhVGVJujdW7eY5SQoO5I2EdutZ7iNy/ZvOiMnlkl1/DLFsxJkHMIHp6GmGAxDpZtElW826gWD7Nu4CVkBzLRB23+VNr2EDFG1UoTBCkCGXKwP4YkbHfpWSXEPXq/Q3LhnytK73YlwGKcGHkljnKkCUtkKobQcq5s3tTr1iKB41jLmFuny0F8Xc93lMZFzCAdNCc0wRNd42zK91lKlra+W7LciV8ze4g0Z8giJGnSYr2Gx9tra3VuIFWVZdSS06kuDygzBB+nVqbb1GaVxTgMrHEVNu3cuI1oXGCQzK8XSzCJXYEZSJA3imOUUrw9hALi/iXGuAsiWwhypljQ3CpLgMRmTad6Q/tKNPIvmNJN66CY6kZtKZHLWzA5d7lvgVFF7Y+2o95zabmKVPlONJIIjEnp/WAnQ0z8CBg6klBzpJVlYk80GBMDL6dDSbDKHxZZmUsMQ0TAIYXdDECdBG29Zk+psc10pDfxy9sLg8w0Nrf/6iToPWOlE2WQ8NvQCR5ajQHbz73umDNLPGjljhULAj7vMHQfvBEHKO3c7UZduFOHXQrKoy2tBqNbr5gTGupPUazQ/6pfIX+zfwXfZ7bC32kb3FiBvyXiJPTrSfhuT72CNvxt15v+dMaev0pr4G5bgINsEuJKnMT+HdgxBjTpB2Y+5LwC4WfzCbecC7rPo8yJ13J9P0J95FL6UH/aWg+8XIMHLa0Kzp5bEdPWfjRfj4IbVgR+bEH2f/AIqz02mPhQXi/nxl0OUK/hyGbKSDbgnpt7unxqfjG47LhxKxN/YgAfirpqfT6RQeA67mm8AW1+7ExB5fy9A9yOlLPtPH4mGheq9pjLeH+vdR/gm+RhyuZQOTbXcsTrJ19O5ilP2iXCb+HOYZeXUrtpc19nbU/M0uD/yMKa6BXxTIReCgk/eX0/8AuG0MmPSrftET+l4eF6JpOp1UR/vpVHF3/elSn747IV5/NckloGsid96n49vj73bzaxbUL3BnodPTvtWhfUhL7DPhAH7Wub/ulle5zW9Y+nwqP2XgGxfmTyXIEnQZbUjXbpXeD3B9+utIzhVXrmyyk9dpI6dtda99njgYe5lgE2rhbLJlot6Ey0fTYbUEu34Cj3/ItwKKLNnp+Lc0I7La201o7g1gNgtNxiXAzDSD5Qb5qzDtqKB4ZcnD2jyZvNaAWbQxbHftGnp8j+B3iMMmsf0l/ZJnXyzII21UfWifsCig4S5J1eSJEBYZsjOR7EmSCNNef53vw05mDK0jMdXcHLmxK5vaG4RW+ferMRlZWLXH0RtIZiItXBI13gTpryR2rzLbznKrk+YZlQAB5uOGhncGfSCD1pli6EnG8J5Z2thvL3ZrZIYLags2p0dmP+Ro/wAPuv3kAlFUFY5rhjLdyKNF9fhMbUs8RXEAIAfKbZjmUMVFjCbwCM0E7d6I8P3D94hRqS2pY+yMYgIiIOhEdojrTL6QK3HmKYCyXMPCAhfLb8uKaNT0XlEf4Ugx2GU3rWqqxxLC5KMIGayAQAdNOo70+e8BbaLaAi1PMbkaY24p1kbnm+Q2pHiroz2CbalfvVzKFN0aB7MmDJB06yKqLI1uU4TDgiwC1sfiKp/Db2ALPNqTzanm2OXpVmGwgCjLctk+aUPtqApW3qfUa6+zpQvDbwBsgKSRixEtcG/lfhnttttrR+Fu2vLOZGVRiGAIa5JcKpNswZUNERqvNtR6itIY2GcZdbcQltjmcRbJU5jy+0DG/Ly70Bcwrll9iM4ta3DqsrDGV225duXejbVyxmXmcnzAADcuAZpeLXNpqfy+zz0CLiFyM7gjFZY8xfYkg2wCNDo3L6iopEcSOH4YWNsEW+e6LR/EUws4eJkb6nk99CYbh7P5X4a8zlDrbksgtfGNToNdTNNcHcQG0Oc/0sKOZOYTaPlmR6Tl310NLML5eazmuNAxDgxkPL+BA23B3nX39ZqIojJ+I3Gt2rdtAqWAj3My6i4vmRkycvliBMb59elajD8RBCMqoM0ATm0aRmU6wI0H86xvDeIW2tssDWVEEQWgkMzba5vnNFcBBNxQ0sXkHXVSDzEAA67AHXXvWHLjT9ux0uHzSW19xjxZfMa/zEe0SJGXWF2y66t8BNZfD8KcKxBTVCWgAyBMzza7GnPGRFwnOfZLfvTLZvLWVjQ6sDtv8IDwGGNza4Vm2xgETlCsTMiCAJMbGDpTsbpCM3Uwjw/g8TbvWilxUVCHDLbtwikkMwBMTIYfyo29xHEqxVQMoJA/BXYGB0q3w0j+Ypa4xTJmYFlgoS6ZYAH5+aJA06bUvxF+9mbK75cxy8jezOn/ADO1SUqkyRgnFF32SmbzxJJezv2IvbRPak98zj1n/wBUvx/pR7+orZfZ5bssyqpcOLpGnKOQQQYGpGY+kHekfCzYTEHPnZvNusCJJi3mc5SfZIJB+dLvqbK07JEPtKWEwkx/7t0Mk/iprJ9TRmFX/wBk3Ij2bWp6f0hjttVnjtbaX8N7TD7s0yzHKAwIBWdD1jfUVfxRrLcOulDcn8AhQzAtIFwFFLTBDA/PsYq9ohVu2LPsrH47xrz299vZxMRWe4KsYlCd8t2IO34d3Sa3Pgy5hy4UZ0Id5zPlBCJB/Nrqxj3nqDSXw55aHK9u6GIYA8+pNzIN3knrHZutTWrZSWyA/tL1xdwNA5bY06fhKdT31mivHp/BsaiM1+e+l9P0q7xIUTiNwOrEF7CLzNJZ0EaZgBsfpVni02xbwzsrFWt3XAJIMFlbvv76q+2wVd9x99niA4QmJ9j36G5/r4Cl32ntlvYfYaddAf3mx95orhXF8Jh8Oj3S6LcCwAGb8g15Se6nvrQX2iXEF/DXLexVXGvWGYA6j00pcG9d15Cn9FX4EeLuMFu6wfvTxmJjW88H3a0V49vsuOtQRBVB6e0Rrr3ojGWPMCE3JFxy+WCpDSIkrrEuNQar8eJZXGjzASDby6MREEmTBGmh+VOUk5fkU41EK4Q7/tO6NIKf/wBW5+lR+zG9msXjI0t3Sd/4bVHcGFkYu6D+Zx+YwCEG8mBpVfgU2DYcEwy2W3YwSVttpm/MMwPx9KCUtnt4DjHfv5M5w+9KWhP5zsYEEKRodj/lTvw+zfdlICsRiLkCdNBbMH1oDgV8Gz5a3PL8vM4J1BLAkiSSQeQxp091F4ophuHi5uRdaRmJYhgltjB0mSTGg00iaNy3S+QFHay3iuJe3bYsiT5bfkk6Wrn02H9o96quYoG5nNxAPMj8q6C7jWJIjfnQn3z1rA47ipu6OzHQa5RMwQR7W2p+lF8H4vbS4DcQkFszEa6gu45Z1lnjfZR1mnadhVqx7x8ubKutwEKmVYZI/cYcnX0KddpiruA273mtcHmC2hfNcElAVxSMAzDQHKzaetLRxXBlAr23Ki2gIBynN5a23gSZMJb66QdNdLeHeLWS0cNZUrbu3XuXA5RlZy65TzWzEKiaDTQ1e9URadVvsM+KcQtm0+a5cebYQEZ50xT3V3I0CEL8B0oTgoz3MPBuR5l0qxYEBsisrLzagZGBE6Ge1GYDhguPNy2sFkL6uQC+VhorqApmBlA3Gm9fS7nhyxaskoltMitkIQjKSCDll9CZNA24rcZPRJrSmvufHsLhrgS0SxA+/EznQRokusnQaNp1ir8HjXUEKXk3GaCyLDzl2zcp0EqdNNa3nG+K4XDfv1TNBZLaLmuZZksc2ltTEyTrWfb7QrY/d4YhdxmuWxpAMwLZjTXeprlJdKBxyinc42vvRPgHDcVjQ7W2toquGYvcYQ+Um2yhUM6gSp00FDXOFYq1dyqEOa6t5iMzICXYESQInIJG0NpRVr7SLc/iYZo65LiEjfYG2OoPXpWn8N8Yw2MabN0ckG5bYNbuqvVgVaCuo1XTWq1Tit0VNxlO4ql4uzD4bB4sm1COScUbjsE0UBlCuC4jLCjrPLpXbXA8Yz8qIgVy6k2xoxgTLEyYVdSI0ra8Sx9vC2y9y6bdtWIWGdncyTlt82vvrJ8R+0tjK2LCrGma7cLmYnVVYL74OlUpTlugoZFC1pT+9iz/AIUxaxltmWY7G0kkHlPKZOmbvoTpT7w/4axFu6rXLQyxD6gkywk8o3IUfPvWXx3jHF3CrM1oFDnGVcuoAMMM3MJjQz261db8f4tTr92b0Nle4H5SPX5VcoykqZXNalqSo1+I8Mv5hcLClpZZaHBYMWJyyrbjTqinSaR4TwdctOXuXbSoy3FjPlPOjqoGYKAAW2B6nQ1fgPtMssQuIw+QHTPYY6Sd8hj36E1ueBYq2VF+3iBcsOpAZm2bQ5SDENodCJoG5RRSk5S3Md4f4DdQi594tC26ghUcDQqSBLDaWzaHcV254avEkjGqASYAuiB6Dnp9fxVu1h1vX7z27YVQArkFz5YGVANhr06geoK1/GuGk8r/AP7Lf+VVcpblKbQHhcdg7X7q6lrc8pAEmAT7M6xvNCXcXglVMrWs63HLuvlhijJBiRuTofeaWYrwWNIWymsFWe9vE6kxl0g9dzv0sseC7IUF3TrMOx9RBB76UNx72xtS8BH7SwJLFhaLEyWOWWnvEz0kmpXOM4LLBNszEZcwYBdFjSIGw91L7vhzCALFxNQTJc5fSZuD6fyq5uCYMKPLa00EnMWUyIGkMxB16+tW2vkml/BPEcewXmu+hnJlhdVItBHE+pnX3etRfxNhZkydQRIaB6AT2PvoN0wYIVWsEltWyKTt6nKonXb3d6BvW7BIKvbCsculpRGgZp9IMfCokvkrdeBwPEuGKuCTLIVVyrFw0qQ09CI39a9c8S4cjLCkA75LkxJO89Z19w7UD9wwjZArroJkWScx5tSQNjtlIMQDEbD2OD4Ul/xLgygNK23aVjmaSmgkx/qalR+SdXwMz4lwwmFXWN7bnYHaWP6dKL4p4kwtzyg9sza8sjQEFcgOSWmAcx+lJP2bbVCqr5kwc5DCEzQYzQAwBJ+Fdx+FtC9cNwjKrFcoYj2Vygae4VNMb2sjckaA+NcMNrCfHt8qC474qwt66t1kIIDAqCoBkgjWCdNdu9BKnD7fMFzFgNH5gDqTuD7p3929Tw2KwCAlbdvNBg5WIBI0gEEnXvt61SjFbpMjlJ92gm141tLdNxFYM7BmEiCcuUaZNNOx3rnDPGtu0MioxSMsEjWTJ1Cg+lDYnieHecwV9Vyzb1EAjcAE/HT3V29isKsDy7YzLJi2zaNBXUTB20PxFXS8MlvyGYHxlYtqVWyCCzHX1MxpGg2r3FvFdu/h7lg2gAVaI3DaEHmmdQKWjGYbSLaz62CRAGg9nf3fSiMPxG24y5VUaj9wQNRuOXTf9amlXdFapVVmRw+PA6H+7/40U2NA6MfcR/40Hh8LcI0Q9tSB+u9H4LhjOT5jC2ogn8zsJAIVV336kbfCtTaE0VNjR2J+K6T3p5wTBXtbhQW1jR7q9ACWyIdSY/q99aI4dcw1gA2rNxnB9t1Rn6eySQq6zsNj3onE8YVixaxdJnQyO7xqWn2SBExvpSZyb2QyMS7iN3ILkLcum4tpWdYVctrOAoUkSJyntqKa+HMVcuJcu+Vb5c1rbcFAWYATrr9B3rPNxlgTlwzkZSOZljUzsD39afeF8c1vCFSlxmeGY28mVSxgggtvAGo0g6VnyJ6f+x0aszPGOMLduXLj2j5jtmg3ARr0DZemwmNqTXOMKCQbMEdCw/8AH3UzwqoGJuAhtSOZQOkAjT/aicbaw7jnYE9DKAj3ENI+taYzrYRoszlziin/AJUf2h/KmvgW9/TEuIhDW1ZwBqGkZCrbcsOZ/wA6VY3hhVj5bLcE6QyzE6SJ1+Faf7N8HD3blweWFUKCY1ZjJA76KPmKvJOoNokI9SJ+K+N27lzLcRlNouoAAya3CxK9pzD/ALazV7iVsHS20e4fTvTXxFatnEXRnHtBpkRDAE9fUV3BYa1kKMyurawSsgxGhnTpUhNRiiONyYhbiNs/kP0qH363/AfkKYcU4KBzWiGXeM6Zx8J1/X0pK7AdKYpWC40Etibf8B/u1uvsz4qLSs2SbYUBkzaZ5JW4BGhjMP7VfOiwr6D9m3Djcs3GGq+YARAg5VB9f4qVxDqDGYl1HvEWPs4jKM8CxbIKMIgqxDZc2hOqgDfWs552G9f/AMf+VX8a4Xlv3llR+I/aYZgYA+VVfspu6/8AbVwaUULlDcZ4bw6LpzA3DB1zMdvlXF4Fb0HlsTMe2dI91bXgmGGSPjpp6dj0n+VCLhiHbUaemsx/v2pHV5H7GTxXArdvU2/7zdfcaIfw9bW15hRQPWTuPU1o+JYVWYAjbrMVe9sLZC9Bp8/lPWi0zruDcTKcP4KtySoAUekzptp76HsYHNcyAQJOug07nv7q1vDbWUMCZnQemh6UHgVHnkDU6nUf4kn9KlMloTYnhwtvk5Z2iBPxq3GYAWR63FIEddR9Kb8XBD5zHw3gDbt1rnEFFxAVLD2Ykkbx6k9RrPSqp7F6kc4LwBLihss/2iBoar8V8KS0VyJuQS285u/1+dPeB3zbItnmJgSST1PU60F4tueYCTy5QAYjqSRv7Xsnfv16LWpS3DdaRJgcKrOq9yPl/tVfiy2LV5EQQpiSJgzOnaR2q7gNvPcGU7E7iNV901d4js5rgBgEDaCRHoZEfKiiqluA+wLw7Cq11g2wE054Hw22y3GdQYUwD2AjTfX3bULwuxkc6zA/wHXc6aa014ZcCW2IGhMGZnp1mhk9woozC2lUv2B020rRYTh6NhgYBObsPlp/rSs5j2PmGNiT1PXXb59a0XAbs28oCiD/AAg7+tGk7TAbVUIb2FtgwoU6gGFBjXWYPSiMHw1H1KD3ZYj4GnN/D66x2/xqyxZjXvr1/nWymzMZbjPD1UTkA+np7qA4YhLxlAk/rsfWtZxTBC4NTA20/nSvD8NVWIDMD17HY9INXotE1bhfkAbjt0rWcNugWsoK+z6DpGxPeszfXSJ9+ny6104l10UrExqus6ajXTekSw2NU6BuKIjOeVe2w/wmlxwiE+xp7jRV1yxk76zG1dsAFiANRqSSemmwP60ccdCdQFb4ZbnRIPrI/Tb5038LcKtteIYkqV1BJgR7yfWoeUAM2u8R696u4dfdWzrBgneZkdtx9Kk8dqiRnTI+IPD9oMxXv3M+gGulIbnDXXZnjXqRtp2rT8VxjXACdOuny921CKh3kRsO/wA6kMbouWTcyt/B3erNvHtEdexiq34dcJ1195Hy1Nbu3glgBgrf2RvI11miMPwq3lnKu+2UDXXqPdRaKL1Nnzr9nFdWtq/oxjXTWVI/WtL4Yt3XteWi+UEJICEayfa1Mk+s7RTy9wm2NSJG8fp+tMeBWVQckAaTyDU799aTlg3GkHCdM+deIcJc8647iZIljHNCgAwB2FA+bc/rfL/KvqHEOGq5lgupEQDM6HXX+dZ+5wNJPvPX/KijF0DKe5//2Q==\" style=\"height:190px; width:266px\" /></p>', '2023-04-21 19:23:45', '2023-04-21 19:23:45'),
(6, 'new 6', 'blog-one.jpg', '1', '<p><img alt=\"\" src=\"data:image/jpeg;base64,/9j/4AAQSkZJRgABAQAAAQABAAD/2wCEAAoGCBUVExcVFRUXFxcXFxoYGhoZFxkcGRoXGRcYGBkXGBgaHysjGhwoHxoZJDYkKCwxMjIyGiM3PDcxOysxMi4BCwsLDw4PHRERHTMoIyg6MTExMTExMTIxMTExMjExMTExMTEzMTExMTExMTExMTExMTExMTExMTExMTExMTExMf/AABEIAL4BCgMBIgACEQEDEQH/xAAbAAACAwEBAQAAAAAAAAAAAAAEBQIDBgEAB//EAEgQAAIBAgQEAwUFBAgFAQkAAAECEQADBBIhMQUiQVEGE2EycYGRoQcUI0KxFTNS0SRigqLB4fDxFkNyktJUJTRjc4OEk5TC/8QAGgEAAgMBAQAAAAAAAAAAAAAAAgMAAQQFBv/EAC8RAAICAQIFAwMEAgMBAAAAAAABAhEDEiEEEyIxUQVBYTJxkYGhscEjQjPh8BT/2gAMAwEAAhEDEQA/AMpMVO1eINW3rMVXlr0aPPtkw+u1cuqp9Kiu9cdTRJANkCK9FdrtHRGzkV0JUq9FXQNnglSC1wVKrSKs6tWowqrJV1kD41dAtkLlQzGr7vpVLJVolnc3evAio5a6FqEOZvWjcPjGA3mhTaNTtpQtJ9y1KuxcDmOtcvYaOlSw9hm2/Wm+AtNHMPjSpz0jccNRnrdlSeainwiEEIdadcTQBSYnToOlZ25iG1yiKkZalYUo6XQNetlTE1bYXlIqzCcOuXAzIhKrqxkADruxAozB4DDPZm5jGs3Dsq2mZVHQOQJLe5oHrS83FYsa3kh+D0/iM/0Qb/RiO8ygkE1V98UbA/SnNvw1hh7fELcdAlm4WPaQYiqcX4ftxNnF2rp/hZXssfRc8g/MUhcfjk6Uka36VxEVcoOvsx/f8PPawgxRuBpFtwqgmFfKZZj2kbD40tfjN0xNwwIMDQGDse/up94K42youBxtsqrL5dpmAyOuo8rOOU/1SD6dpznijg74e7lEm28m2x6j+En+IVyOOy5pPeXSek9Ahwsbi49ftf8AG5rfFKW+J4e3csa3rU8k/wAUZ7bHoZUEHbT1rJ+EfDb4u+Uebdu0fxTsRrHl+jmCPSCe02eD+L/c74cyUYZbgGuh1DAdSDr7ie9fVcGLTAumXI581iIhywHO3eQB8qLh+LbxuJj9T9N5GZP2f/qEvjLFLaw3lWlg3ALVpVBnJHMQBrsIH+dZ/wAO8Ae1nW4fLu3VVAVgtbUsJgmQGj3jQU841x/CW812VuXQpRFU5n1PNJ2QHY+gG+1fOONcau4i9NxoGbRF0UD3dfeazSnFT1d2jbw+HLLAsSWmLe7fd+KGtzwuLmIufdsW3mgswL3AxYg7M66ye8EelC/tviycnltycv7qfZ03Gh26Uhw7lLmZSVI1BBgg+h6U4/4ovd59cu/rvTVxC90Jn6TJvpkW3XB6Ch2Srmsmoi2ToAa9EqPGOwciu0V90ePZNV3MOy7qRRKSKaYPlr2WrildFo0dgFEV6iRhzXVwzdqu0VuDipA1c9mN6hAokwWeqaKKgCKmpqyFhNRvODEA6KAffv8A41NoI1mvX11jtC/JE3+JNKlJKcV5sOMbhJ+KBmNRqwrUSKeKTOBqmrCKiFr2WhLsuU+tNOE3+hNKVHerFJGu1LnDUqGY8ml2aryw3xFOreA4clpWuC0sj/mXI5uoAZu/asfw7iEaGhvE+AF3LcUZiohgNyupHvgzp6mudmwN9PsdTh+Irqj3Nr/wrgLwzWwCP4rdwsP1YCuYfwPhQZY3X9C4A/uKD9awPC/DWLuAXLFm6s7OHW0T7iWBI9RpWs4P4Zxxj7zjbtu3OttLzs5HWbk8nwn4Vhnw2OPujq4/UeKqlJjPEeBsIdR5if8ATc/8waGu+BcNGj3V/tKZ+BSq+PeL7eGIt2UFwoIJLnIvpOpdu5+s1jONeIb+Ik3HyoNkSVX3kTLH31hm8cfY7XDYuPy05TcV33duvsb3DeFktobaXnZCQTbuqly2SNjkAUqfUEUw4vwtL9g2bkToQwk5WGgfXX0jrPrXxYY1lMoSp7gkH6Ubc8RYp08s3rhB0jMR8yNT8TUWVaaa2+5MnBT5inHJbXvVP9jnFMO1q69t/bVspjoN83uI1+NFYbjF9rIwyOUsKSTGhadSpbfLPT1pLGuUasdz+op5wnh1y8TbtAEouYywURMTJ9SKzu1tH3OwtM1qzNVGr+4FiH6Db/CqOGYO5euhba5m37ACTqxOwrSW/CTkTcuqvWEGYx7zA6eu9PuCYBLAy2xHUk6szaDU/P5U/Fw8n3OZx3qmNP8Axu3+xnMP4RYKxa6A4MQFJGuo1JBPyoK54YxIJEIYJE59461urwDBhqAdJBhhAyyG3BgEzWTuftMEgNbcAmGKLLDox03O9auRE4y9Szrx+DQXMEm9UfdVBkValxTsakVmt6bRx3GL9ip7oGkVRiVVx2NEmxVRw1Mi0gJJvYA/Z47zUWwhGwpiEirAwo+axLwxFIwjHQA/KrUwpX2o+VMWv1Wzz0FXzJMrlQQjvWmY7VD7saerh56VecIO1N59Cv8A5mzNvh41qCinuLwo/wBqBfAN0ECmwzJrcTkwyT2KsJazuq9yAfdOtUWbme5c6y5YfM6fIz8KecJwLgkBguYqC35hJPs9jWY4NZui9aVLoU5wBNvUSYOux61y+J4us6r2/s6nC8JeB6vf+g57PWpW7Ska6USMM1QfCt2rqrIn7nKeJp9ioYUbzVNwdBt7qJ8oruDV9nC5uoq9aW7ZXLb2SF6pFeKUyPDWHT61F8IfWq5sfJfJn4ALYij8M8CJqm7hiIjWfSvWUNVJqSLgpRdBN/G3QABccImwDMAvXYH/AF8qW4/i1y4uU3LhH9Z2IPwmnAwwKMG2YUE3hDF3ADbVACJEuAYO1ee4/FJTuHZ/ye49E4zByqzVqXb7GZLlnA3Ar19XuHKisdY0HX37CthwzwI9vnxFxQP4LZlm9Adh79aMfR1tWLa3H1ypMW1APNcuMNco27k1khh95HRzepJx043be78JfcC4P4QsqiG9nuXXGYW0YAAeukmi8T4IzmLbeV1gsDp6A81KPEviU2c1rD3c91jN/EKBq2wtWuiou2m3vk1f4KveVgsRimJa7cz87NLEW1hRJMnmLH5VreGKhbRw4cdm5mmMn/Qp8RWLFi4LVnmNsZblyZz3Jlvlt8+1MPCd9bNm7iLhhSQsxMKp1IG55j/drJXHnrJP1PcmtDxYZeFIB+bIT8bmb9azYIqU7Z1PUM0ocOsae38+5fxjiWNaXtsrWhr5lpQRHrJJEUDa8VYgAAG20fmKa/QgfSs7wzid2xPl3CoaMy6FWjup0+O9NbXHLL638MC3VrTZCfev+daJ4530s5mLi8WnTkgvukM8N4tuj94iMP6sqf1Ipj/xRh+7j08vb0pAMdhrrBLWCuMegF0z7zEwPU0w/ZNr/wBNeHp51vT0q4wzEnm4JvdBtq9RdrEnvQCpVgFddxTPOKbQ1t4v1q1cQPQ0mBq1GoXjQaysb+aDuvyqt2X1oS1dPerRdodFB67L7YtdZq9HtDZRQQE1xkqqv3L1V7B2edQI+FStknegEdl2q0Yg1TiWphty2IgioJpppFDi5O9SLCap7BWmc4hyqSHyjKzGASTlEiDsNe/esbbsvbbN5jBkJIJtdVgkyAO4itJx0XTaZ1kBmVUFwxMsGMKo3OUmTOhIrMWcQ4EZGAgDlutp+Jl0zyPa5fptXLc1KTkdBRcYpG5s4GQGQypAInqCJB9NKtbAmNaVeGeIuyFGVgAWKszKfzEFNOxB+UU+TExvW/HklKNmSeOMXQCeGg96CxGFAPWn33lai1+2d4psckkKligwPBmQBHpRF6wSIC/GBRFvEp0rzYoAULk7DUVXcVXsK3YCKHtYTXTWj72KLaVUjxTlKVCJRjYHiFyzM6AmvcQ8YXhbAtW0tKIBLHOxgQOwHToatunMY6HSkdm3IYuvLaYAg/mu9E93U+nvpWZpJOQzh4ylLTD3Lr/EcRdUPfu3AhHKiQj3J2AyAMqnuem280H4mxhsW2sggXruXzsm1q0o5MOpHzaPdtRWCtuxe5m/EzZVYicrQCzgdwCAO2vYVTh+AW5zXGLmZPQE766kn51nxY3Pqa29jbxGSOG8UXv7v+jGJZZ+VFZjsAoJM9oFbnhHDbi4BrLrluMHgEg+0ZEkaDemdm7lAVQABoABAj3CvXL5rS8GruY4cRoalH2MPi+D37ftWmjuozD+7MVo+E4VruDaxdVkMFVLKROuZCBHQx8qYi8asS4aVDglB2macvqkssNMor7mNt+DL5El7SntLGPiBROH8Ft+e8B3CpPyJI/StZ95NVm/TlgRjeZlHDeGW7K5LYjuT7THuxo3JVa3ql5wpladkLtPcEQKdx8q82HHQ0ecKN9KqZQKWp+A3j8gJtjv9K4Vo1jPSoFJo1MU4AyLVyipeVV1mzJ2q3JEjBnLdSAmivIWouB0peodoaBmaKqbXrRTp6VAWZolJAOLKge29dAO7dB2Jj4DeiUUAVHEGUYDSVI+hpWWXQ68Mbij1Kynit97gGUSrXLOjaE5hdKsuX2RyqYM/CZrPcPuMUEWWYACSrL3NydV7qT8DWr8RHnUCDDYYGNhy4kiAeoBGlKvCzr5KHMFKtmIYDXkcGCIKE7g6+wDG1cjGlujqTb2ZDhWOZmW2qFFOdiDEglmuHbQHM7Haf8AB81jQUiwbj71odIaYBAnSZ1Ou3U9a0tvEiIrdw9qG3kyZqctwS3hyTRD4aBtVqXQOlXK4I1p7kxSihb5ZHSoXE9aNvutUXAo6UakLlEEy1F2q1xVRSmpiWjgaKE4rnYIF1AcmP6xXKCfSKLK1ErQzgpxcWMw5ZYpqUfYlhkRVCAaAb9Sdyx95kx02qq56VLLXCtFCKiqQvJOWRuUu7K4r2WrMtey0di9JWBUqmFrhSpZdFZrlW5KkEq9RWllAWu5avCV3LVaiaQq9Ql25FTe7Qt7WssV5Nc5eAa3jCzOsRlIHvBUH9ZHwq9XpHwlv6RdPN+IZAI0UKSu86yQaeZaZCSlGxWSLiya3KItXKECVNQR1omkDGTDQ09YqsGqg5iqy5odIbmXm59K6L86f61/2oK9fgR/WX6tlH6muu8XQNvwydo1Db/I/WlPItWn5oYoPTq+LDC9dAz8qncRJ6GP51QHGZR/EGPX8sfzruBcG6y6FRcUd5BifhvQZJppxXz+weOLTUn8HOLslpUdrjfvULMmdwFS3dJBKgjYt/lWO4dl0C3MumsFhpkaR7I6j5E19I4tw4fd4US12AZJJM27nWdtTtWJ4Pwu3+IWHsLdEj0dwNt9D9a5GJ7bnUyLfYl4dYeaOceztmUycomIYkDQ6RtWnU6TS/h2CW1bt5FAGa7J6ybpCifcn0om48Ms/mzD5Qa6fDTWj9aMHEReqvgJD1w3j3qquZa2UjI2yx7xNQD14JXQlXsA7OhqlNcC16KhKOEV6K7XgKuyiNcIq0LXTFSy6KQlSy1ImuQalko5FcKVPKakLfrUslFJFcCmicgrtTUXpKVtGp+V61ItXs3pVWy6RQ9oVQ6VOy5IM9CR8iRRHDkzXFEkTOoiYKnUZgR8xWWWVxg2vBpWNOSTMbwRm+8tKsBzicjAT5jncgDaD8RWoy0Fgkz3rltv+VqGhZYgWoMBdNWPX8p76MiKVwuZyi7D4jEotFYFcNWRXQorVrRm0FOWvFKvyCvMg+ZA+ZA/xqc1IixNiV2LXHVTqrWRpuuZrk+7ag/FmINsC5zBrqBUA6MxMTO43NO/Cyh8RiSVzR5JXYCfxzqSdp/Q6Uu+0N8jWBkWAoAhm0AVuuTffrXLnk1ZWdKOPTjQks8Xa2bVxySpw9wP0gtdZA3pDMg9wrX4BIxFz/5iH4bjT3RSDzw6t+GrCAhi4sbuzZgQBqG6+/XetDdxK27125d5FU2ydzpHYCeo+fxo4T6v0YMo9P4HvFb/AODa0iBIJIB0suRA3O1Y7g4/DhQAfLxDn43UynXtzfL1itc2ItGzaKugVoMkhfasPuDHfr3pLw+2iKwXnHkXQSAMsrdXVW2YkOTAJ6aVkg62NMlZmB4jYpeRQrC0BcVtwW8xS0aaCXufGtF5ufynVuRmePXR/lAj6Vk+CYa01plZHOflaLd0ypuIzSVGmxIg7TWn4aiZLQQNreukyjgAsmY6sugkn01j0rXCSi0l5M0o6k2/AwiugVYoXMUzDMBJE6xprHxHzFV3byq6WzMvMH8ugLGTOmgNdHWjBy2TUVLLVGMusht5QCHcKd9AWVZEf9VV+ILjW7Fx1MFRIPrOgqtaJy2GRXLZB2IPxqaWcyrJPQn1060u4SyG7dysplbZgETpmzErvuw16zVczqoPlLTYwgV4168FghiACNQTGlC4K6iWULk6nL1OpYwD2/2q3kV0Dy9gjLXYqeLTkMSPUb79PWh+CXy9hGec0EGepVipPxiarmb0TlloSpqlDY2+y3LQBAVnykEbyrHQ9+X5TRueop2XoSI+Wa75Vde4QDA+oH1OgofCYlnDErlKuyRMzlMSCOhqcxatPuFy+nVWxebdRyL1NRdjr/MD6nQfGhcFivMa4uWPLcodVMx1lTU5ivTe5XLdaq2CuX1r0e+vA12aLUDpENjF3BcykKfMcbBoUsQIBJkzvXMLxl7RBFsNkZ1AJMkAsBt6fpSrwe9m46/iXHdHSATcPW2NQNBzL17++gBftnE3EuXXUG9cBHOIHOBlIEA6rtXN1p7G7S6s0tvFlGDi2PxLZkZjAh9x/wBv61I44tbZwvsvb2MyGcKem0E6+tJ/FmIW22F52VTbckw/N+JENpqBmbfuKKv37a4K9ct3S3LZObmIU+cRoQNIIjQ9KGMlFdPuXKLlLcO4TxMXssIRmUHfWGExoN9dq5Y4icqZkJJVdiNTAnTpQfgQ2s9vLdzMrgZe4y75Yn2p7UBwXEq7lXvqAvmQBAIymEUl17KdB7qZzXbB5apGgfHBGcFWIBBBEbFFbWT3JqX7RtKUNxWKuuYcqsQbd1CDBMd/lSvxDiP6Y1vzURctneJnKssoYdhXPE11LdvDhbluM14EllggOo6aSOwoHkuKiwljpto0/g60p+8XlJIvMm+hAthxBAOmrE6d6T/aYxNy0AuYlQB3BK3QO369aN8FXItOvnW45Wk5c2obQAHoFUbGYpR9ojnzrGS5qMp5lEfnM6pET8N6zR/5DQ/oAcIot27ityk3RIJ1M+bMa/7/ABqr7VzcOJItlgPLlgrGDEbjrpXOPEkXSLlosLzRyJOl0gE8gkwBp3q7xjcuHFLluJLIAc6qZECY0E7n6U5fUmKf0tC/CC+MUiq1zylu2LeXOYGa2hIgmYj9ac/Z3ibjo4uKdbF11bTVWa2pWPQoDHXPRfCS33u4C9oJmQzpmzZEB0zCe+x2FQ8GXH8h8zWliw+XrOlvceZoJnURsddak3a/BIrf8iTg9oG9ZhYXOZB/MfMUHfcb6eta3haDyMOQonzbvTY5YHu0ikPC79xsPbGW3+8ua58oIhOvmdz8xNGcExjrhrclVFu9dXX2guQGQSe5J20g1V9SfglbNB9rG2/vY5l5kKDmTVsynYNI9mNutc4q5a6pW2zhCy6KIOZWRoZiAdGPxFBDicErmtqokbycwnMTB2GVv+1v4daTxFvNI8xgkBQiruxjMWYDYEkb7IT01fzJNCtKQayXDaRQAvkqpLl1C5lEltbTnSPpSPxJxk4gIgK21XVs0EF+mUmNBrv8qF8U8RJyKM4BWSCYB2bUTvBQbdD60nwf4jopClcwLZmhYH8Xpvp2NHBurYuVXSPo3AVb7tbtvczSu+xCGMokdlI19RSgOv3hbq3LrG2WAXMxSNU5s2gEt3HSiLWNJWc4GZdMttnjO4VfZIki1nO4k3dwNs7e4nct3cv4ZguhHl3ACHyyp1MHY6E77UK1N22E6Wxqb2MJIZmAOqpyHMCejHUBgYHTc1TgkeLge55iM6soOmQhj7J6ydNewrOrxu4AJVGIjdXGYCMrHoriRrsQRO4rlrjjacikDMCM2WUbWTpykGIbb11o6ZVo1eK41bYZQ1smfZLKZImBG8yNv5Vzg+KuLnFzKy5pTIIyjWQe+tY+5xeWVyi5gQSfMAzr0aI5Ttr7JnQ0TY44sjk2LLyuNeYsrCfzDt74q3fdMFeGabjGLeJthS8yMzuAMp00Ro1k++KbYK/nQHTNAzAdGjWPSZrEWONJmXkb2yTlAgkoyyoB/wCo5dxB0q7h3HAjIxS5BAVxEgssAto2oI7bEajU1WqUbaVhVGVJujdW7eY5SQoO5I2EdutZ7iNy/ZvOiMnlkl1/DLFsxJkHMIHp6GmGAxDpZtElW826gWD7Nu4CVkBzLRB23+VNr2EDFG1UoTBCkCGXKwP4YkbHfpWSXEPXq/Q3LhnytK73YlwGKcGHkljnKkCUtkKobQcq5s3tTr1iKB41jLmFuny0F8Xc93lMZFzCAdNCc0wRNd42zK91lKlra+W7LciV8ze4g0Z8giJGnSYr2Gx9tra3VuIFWVZdSS06kuDygzBB+nVqbb1GaVxTgMrHEVNu3cuI1oXGCQzK8XSzCJXYEZSJA3imOUUrw9hALi/iXGuAsiWwhypljQ3CpLgMRmTad6Q/tKNPIvmNJN66CY6kZtKZHLWzA5d7lvgVFF7Y+2o95zabmKVPlONJIIjEnp/WAnQ0z8CBg6klBzpJVlYk80GBMDL6dDSbDKHxZZmUsMQ0TAIYXdDECdBG29Zk+psc10pDfxy9sLg8w0Nrf/6iToPWOlE2WQ8NvQCR5ajQHbz73umDNLPGjljhULAj7vMHQfvBEHKO3c7UZduFOHXQrKoy2tBqNbr5gTGupPUazQ/6pfIX+zfwXfZ7bC32kb3FiBvyXiJPTrSfhuT72CNvxt15v+dMaev0pr4G5bgINsEuJKnMT+HdgxBjTpB2Y+5LwC4WfzCbecC7rPo8yJ13J9P0J95FL6UH/aWg+8XIMHLa0Kzp5bEdPWfjRfj4IbVgR+bEH2f/AIqz02mPhQXi/nxl0OUK/hyGbKSDbgnpt7unxqfjG47LhxKxN/YgAfirpqfT6RQeA67mm8AW1+7ExB5fy9A9yOlLPtPH4mGheq9pjLeH+vdR/gm+RhyuZQOTbXcsTrJ19O5ilP2iXCb+HOYZeXUrtpc19nbU/M0uD/yMKa6BXxTIReCgk/eX0/8AuG0MmPSrftET+l4eF6JpOp1UR/vpVHF3/elSn747IV5/NckloGsid96n49vj73bzaxbUL3BnodPTvtWhfUhL7DPhAH7Wub/ulle5zW9Y+nwqP2XgGxfmTyXIEnQZbUjXbpXeD3B9+utIzhVXrmyyk9dpI6dtda99njgYe5lgE2rhbLJlot6Ey0fTYbUEu34Cj3/ItwKKLNnp+Lc0I7La201o7g1gNgtNxiXAzDSD5Qb5qzDtqKB4ZcnD2jyZvNaAWbQxbHftGnp8j+B3iMMmsf0l/ZJnXyzII21UfWifsCig4S5J1eSJEBYZsjOR7EmSCNNef53vw05mDK0jMdXcHLmxK5vaG4RW+ferMRlZWLXH0RtIZiItXBI13gTpryR2rzLbznKrk+YZlQAB5uOGhncGfSCD1pli6EnG8J5Z2thvL3ZrZIYLags2p0dmP+Ro/wAPuv3kAlFUFY5rhjLdyKNF9fhMbUs8RXEAIAfKbZjmUMVFjCbwCM0E7d6I8P3D94hRqS2pY+yMYgIiIOhEdojrTL6QK3HmKYCyXMPCAhfLb8uKaNT0XlEf4Ugx2GU3rWqqxxLC5KMIGayAQAdNOo70+e8BbaLaAi1PMbkaY24p1kbnm+Q2pHiroz2CbalfvVzKFN0aB7MmDJB06yKqLI1uU4TDgiwC1sfiKp/Db2ALPNqTzanm2OXpVmGwgCjLctk+aUPtqApW3qfUa6+zpQvDbwBsgKSRixEtcG/lfhnttttrR+Fu2vLOZGVRiGAIa5JcKpNswZUNERqvNtR6itIY2GcZdbcQltjmcRbJU5jy+0DG/Ly70Bcwrll9iM4ta3DqsrDGV225duXejbVyxmXmcnzAADcuAZpeLXNpqfy+zz0CLiFyM7gjFZY8xfYkg2wCNDo3L6iopEcSOH4YWNsEW+e6LR/EUws4eJkb6nk99CYbh7P5X4a8zlDrbksgtfGNToNdTNNcHcQG0Oc/0sKOZOYTaPlmR6Tl310NLML5eazmuNAxDgxkPL+BA23B3nX39ZqIojJ+I3Gt2rdtAqWAj3My6i4vmRkycvliBMb59elajD8RBCMqoM0ATm0aRmU6wI0H86xvDeIW2tssDWVEEQWgkMzba5vnNFcBBNxQ0sXkHXVSDzEAA67AHXXvWHLjT9ux0uHzSW19xjxZfMa/zEe0SJGXWF2y66t8BNZfD8KcKxBTVCWgAyBMzza7GnPGRFwnOfZLfvTLZvLWVjQ6sDtv8IDwGGNza4Vm2xgETlCsTMiCAJMbGDpTsbpCM3Uwjw/g8TbvWilxUVCHDLbtwikkMwBMTIYfyo29xHEqxVQMoJA/BXYGB0q3w0j+Ypa4xTJmYFlgoS6ZYAH5+aJA06bUvxF+9mbK75cxy8jezOn/ADO1SUqkyRgnFF32SmbzxJJezv2IvbRPak98zj1n/wBUvx/pR7+orZfZ5bssyqpcOLpGnKOQQQYGpGY+kHekfCzYTEHPnZvNusCJJi3mc5SfZIJB+dLvqbK07JEPtKWEwkx/7t0Mk/iprJ9TRmFX/wBk3Ij2bWp6f0hjttVnjtbaX8N7TD7s0yzHKAwIBWdD1jfUVfxRrLcOulDcn8AhQzAtIFwFFLTBDA/PsYq9ohVu2LPsrH47xrz299vZxMRWe4KsYlCd8t2IO34d3Sa3Pgy5hy4UZ0Id5zPlBCJB/Nrqxj3nqDSXw55aHK9u6GIYA8+pNzIN3knrHZutTWrZSWyA/tL1xdwNA5bY06fhKdT31mivHp/BsaiM1+e+l9P0q7xIUTiNwOrEF7CLzNJZ0EaZgBsfpVni02xbwzsrFWt3XAJIMFlbvv76q+2wVd9x99niA4QmJ9j36G5/r4Cl32ntlvYfYaddAf3mx95orhXF8Jh8Oj3S6LcCwAGb8g15Se6nvrQX2iXEF/DXLexVXGvWGYA6j00pcG9d15Cn9FX4EeLuMFu6wfvTxmJjW88H3a0V49vsuOtQRBVB6e0Rrr3ojGWPMCE3JFxy+WCpDSIkrrEuNQar8eJZXGjzASDby6MREEmTBGmh+VOUk5fkU41EK4Q7/tO6NIKf/wBW5+lR+zG9msXjI0t3Sd/4bVHcGFkYu6D+Zx+YwCEG8mBpVfgU2DYcEwy2W3YwSVttpm/MMwPx9KCUtnt4DjHfv5M5w+9KWhP5zsYEEKRodj/lTvw+zfdlICsRiLkCdNBbMH1oDgV8Gz5a3PL8vM4J1BLAkiSSQeQxp091F4ophuHi5uRdaRmJYhgltjB0mSTGg00iaNy3S+QFHay3iuJe3bYsiT5bfkk6Wrn02H9o96quYoG5nNxAPMj8q6C7jWJIjfnQn3z1rA47ipu6OzHQa5RMwQR7W2p+lF8H4vbS4DcQkFszEa6gu45Z1lnjfZR1mnadhVqx7x8ubKutwEKmVYZI/cYcnX0KddpiruA273mtcHmC2hfNcElAVxSMAzDQHKzaetLRxXBlAr23Ki2gIBynN5a23gSZMJb66QdNdLeHeLWS0cNZUrbu3XuXA5RlZy65TzWzEKiaDTQ1e9URadVvsM+KcQtm0+a5cebYQEZ50xT3V3I0CEL8B0oTgoz3MPBuR5l0qxYEBsisrLzagZGBE6Ge1GYDhguPNy2sFkL6uQC+VhorqApmBlA3Gm9fS7nhyxaskoltMitkIQjKSCDll9CZNA24rcZPRJrSmvufHsLhrgS0SxA+/EznQRokusnQaNp1ir8HjXUEKXk3GaCyLDzl2zcp0EqdNNa3nG+K4XDfv1TNBZLaLmuZZksc2ltTEyTrWfb7QrY/d4YhdxmuWxpAMwLZjTXeprlJdKBxyinc42vvRPgHDcVjQ7W2toquGYvcYQ+Um2yhUM6gSp00FDXOFYq1dyqEOa6t5iMzICXYESQInIJG0NpRVr7SLc/iYZo65LiEjfYG2OoPXpWn8N8Yw2MabN0ckG5bYNbuqvVgVaCuo1XTWq1Tit0VNxlO4ql4uzD4bB4sm1COScUbjsE0UBlCuC4jLCjrPLpXbXA8Yz8qIgVy6k2xoxgTLEyYVdSI0ra8Sx9vC2y9y6bdtWIWGdncyTlt82vvrJ8R+0tjK2LCrGma7cLmYnVVYL74OlUpTlugoZFC1pT+9iz/AIUxaxltmWY7G0kkHlPKZOmbvoTpT7w/4axFu6rXLQyxD6gkywk8o3IUfPvWXx3jHF3CrM1oFDnGVcuoAMMM3MJjQz261db8f4tTr92b0Nle4H5SPX5VcoykqZXNalqSo1+I8Mv5hcLClpZZaHBYMWJyyrbjTqinSaR4TwdctOXuXbSoy3FjPlPOjqoGYKAAW2B6nQ1fgPtMssQuIw+QHTPYY6Sd8hj36E1ueBYq2VF+3iBcsOpAZm2bQ5SDENodCJoG5RRSk5S3Md4f4DdQi594tC26ghUcDQqSBLDaWzaHcV254avEkjGqASYAuiB6Dnp9fxVu1h1vX7z27YVQArkFz5YGVANhr06geoK1/GuGk8r/AP7Lf+VVcpblKbQHhcdg7X7q6lrc8pAEmAT7M6xvNCXcXglVMrWs63HLuvlhijJBiRuTofeaWYrwWNIWymsFWe9vE6kxl0g9dzv0sseC7IUF3TrMOx9RBB76UNx72xtS8BH7SwJLFhaLEyWOWWnvEz0kmpXOM4LLBNszEZcwYBdFjSIGw91L7vhzCALFxNQTJc5fSZuD6fyq5uCYMKPLa00EnMWUyIGkMxB16+tW2vkml/BPEcewXmu+hnJlhdVItBHE+pnX3etRfxNhZkydQRIaB6AT2PvoN0wYIVWsEltWyKTt6nKonXb3d6BvW7BIKvbCsculpRGgZp9IMfCokvkrdeBwPEuGKuCTLIVVyrFw0qQ09CI39a9c8S4cjLCkA75LkxJO89Z19w7UD9wwjZArroJkWScx5tSQNjtlIMQDEbD2OD4Ul/xLgygNK23aVjmaSmgkx/qalR+SdXwMz4lwwmFXWN7bnYHaWP6dKL4p4kwtzyg9sza8sjQEFcgOSWmAcx+lJP2bbVCqr5kwc5DCEzQYzQAwBJ+Fdx+FtC9cNwjKrFcoYj2Vygae4VNMb2sjckaA+NcMNrCfHt8qC474qwt66t1kIIDAqCoBkgjWCdNdu9BKnD7fMFzFgNH5gDqTuD7p3929Tw2KwCAlbdvNBg5WIBI0gEEnXvt61SjFbpMjlJ92gm141tLdNxFYM7BmEiCcuUaZNNOx3rnDPGtu0MioxSMsEjWTJ1Cg+lDYnieHecwV9Vyzb1EAjcAE/HT3V29isKsDy7YzLJi2zaNBXUTB20PxFXS8MlvyGYHxlYtqVWyCCzHX1MxpGg2r3FvFdu/h7lg2gAVaI3DaEHmmdQKWjGYbSLaz62CRAGg9nf3fSiMPxG24y5VUaj9wQNRuOXTf9amlXdFapVVmRw+PA6H+7/40U2NA6MfcR/40Hh8LcI0Q9tSB+u9H4LhjOT5jC2ogn8zsJAIVV336kbfCtTaE0VNjR2J+K6T3p5wTBXtbhQW1jR7q9ACWyIdSY/q99aI4dcw1gA2rNxnB9t1Rn6eySQq6zsNj3onE8YVixaxdJnQyO7xqWn2SBExvpSZyb2QyMS7iN3ILkLcum4tpWdYVctrOAoUkSJyntqKa+HMVcuJcu+Vb5c1rbcFAWYATrr9B3rPNxlgTlwzkZSOZljUzsD39afeF8c1vCFSlxmeGY28mVSxgggtvAGo0g6VnyJ6f+x0aszPGOMLduXLj2j5jtmg3ARr0DZemwmNqTXOMKCQbMEdCw/8AH3UzwqoGJuAhtSOZQOkAjT/aicbaw7jnYE9DKAj3ENI+taYzrYRoszlziin/AJUf2h/KmvgW9/TEuIhDW1ZwBqGkZCrbcsOZ/wA6VY3hhVj5bLcE6QyzE6SJ1+Faf7N8HD3blweWFUKCY1ZjJA76KPmKvJOoNokI9SJ+K+N27lzLcRlNouoAAya3CxK9pzD/ALazV7iVsHS20e4fTvTXxFatnEXRnHtBpkRDAE9fUV3BYa1kKMyurawSsgxGhnTpUhNRiiONyYhbiNs/kP0qH363/AfkKYcU4KBzWiGXeM6Zx8J1/X0pK7AdKYpWC40Etibf8B/u1uvsz4qLSs2SbYUBkzaZ5JW4BGhjMP7VfOiwr6D9m3Djcs3GGq+YARAg5VB9f4qVxDqDGYl1HvEWPs4jKM8CxbIKMIgqxDZc2hOqgDfWs552G9f/AMf+VX8a4Xlv3llR+I/aYZgYA+VVfspu6/8AbVwaUULlDcZ4bw6LpzA3DB1zMdvlXF4Fb0HlsTMe2dI91bXgmGGSPjpp6dj0n+VCLhiHbUaemsx/v2pHV5H7GTxXArdvU2/7zdfcaIfw9bW15hRQPWTuPU1o+JYVWYAjbrMVe9sLZC9Bp8/lPWi0zruDcTKcP4KtySoAUekzptp76HsYHNcyAQJOug07nv7q1vDbWUMCZnQemh6UHgVHnkDU6nUf4kn9KlMloTYnhwtvk5Z2iBPxq3GYAWR63FIEddR9Kb8XBD5zHw3gDbt1rnEFFxAVLD2Ykkbx6k9RrPSqp7F6kc4LwBLihss/2iBoar8V8KS0VyJuQS285u/1+dPeB3zbItnmJgSST1PU60F4tueYCTy5QAYjqSRv7Xsnfv16LWpS3DdaRJgcKrOq9yPl/tVfiy2LV5EQQpiSJgzOnaR2q7gNvPcGU7E7iNV901d4js5rgBgEDaCRHoZEfKiiqluA+wLw7Cq11g2wE054Hw22y3GdQYUwD2AjTfX3bULwuxkc6zA/wHXc6aa014ZcCW2IGhMGZnp1mhk9woozC2lUv2B020rRYTh6NhgYBObsPlp/rSs5j2PmGNiT1PXXb59a0XAbs28oCiD/AAg7+tGk7TAbVUIb2FtgwoU6gGFBjXWYPSiMHw1H1KD3ZYj4GnN/D66x2/xqyxZjXvr1/nWymzMZbjPD1UTkA+np7qA4YhLxlAk/rsfWtZxTBC4NTA20/nSvD8NVWIDMD17HY9INXotE1bhfkAbjt0rWcNugWsoK+z6DpGxPeszfXSJ9+ny6104l10UrExqus6ajXTekSw2NU6BuKIjOeVe2w/wmlxwiE+xp7jRV1yxk76zG1dsAFiANRqSSemmwP60ccdCdQFb4ZbnRIPrI/Tb5038LcKtteIYkqV1BJgR7yfWoeUAM2u8R696u4dfdWzrBgneZkdtx9Kk8dqiRnTI+IPD9oMxXv3M+gGulIbnDXXZnjXqRtp2rT8VxjXACdOuny921CKh3kRsO/wA6kMbouWTcyt/B3erNvHtEdexiq34dcJ1195Hy1Nbu3glgBgrf2RvI11miMPwq3lnKu+2UDXXqPdRaKL1Nnzr9nFdWtq/oxjXTWVI/WtL4Yt3XteWi+UEJICEayfa1Mk+s7RTy9wm2NSJG8fp+tMeBWVQckAaTyDU799aTlg3GkHCdM+deIcJc8647iZIljHNCgAwB2FA+bc/rfL/KvqHEOGq5lgupEQDM6HXX+dZ+5wNJPvPX/KijF0DKe5//2Q==\" style=\"height:190px; width:266px\" /></p>', '2023-04-21 19:23:45', '2023-04-21 19:23:45'),
(7, 'new 7', 'blog-one.jpg', '1', '<p><img alt=\"\" src=\"data:image/jpeg;base64,/9j/4AAQSkZJRgABAQAAAQABAAD/2wCEAAoGCBUVExcVFRUXFxcXFxoYGhoZFxkcGRoXGRcYGBkXGBgaHysjGhwoHxoZJDYkKCwxMjIyGiM3PDcxOysxMi4BCwsLDw4PHRERHTMoIyg6MTExMTExMTIxMTExMjExMTExMTEzMTExMTExMTExMTExMTExMTExMTExMTExMTExMf/AABEIAL4BCgMBIgACEQEDEQH/xAAbAAACAwEBAQAAAAAAAAAAAAAEBQIDBgEAB//EAEgQAAIBAgQEAwUFBAgFAQkAAAECEQADBBIhMQUiQVEGE2EycYGRoQcUI0KxFTNS0SRigqLB4fDxFkNyktJUJTRjc4OEk5TC/8QAGgEAAgMBAQAAAAAAAAAAAAAAAgMAAQQFBv/EAC8RAAICAQIFAwMEAgMBAAAAAAABAhEDEiEEEyIxUQVBYTJxkYGhscEjQjPh8BT/2gAMAwEAAhEDEQA/AMpMVO1eINW3rMVXlr0aPPtkw+u1cuqp9Kiu9cdTRJANkCK9FdrtHRGzkV0JUq9FXQNnglSC1wVKrSKs6tWowqrJV1kD41dAtkLlQzGr7vpVLJVolnc3evAio5a6FqEOZvWjcPjGA3mhTaNTtpQtJ9y1KuxcDmOtcvYaOlSw9hm2/Wm+AtNHMPjSpz0jccNRnrdlSeainwiEEIdadcTQBSYnToOlZ25iG1yiKkZalYUo6XQNetlTE1bYXlIqzCcOuXAzIhKrqxkADruxAozB4DDPZm5jGs3Dsq2mZVHQOQJLe5oHrS83FYsa3kh+D0/iM/0Qb/RiO8ygkE1V98UbA/SnNvw1hh7fELcdAlm4WPaQYiqcX4ftxNnF2rp/hZXssfRc8g/MUhcfjk6Uka36VxEVcoOvsx/f8PPawgxRuBpFtwqgmFfKZZj2kbD40tfjN0xNwwIMDQGDse/up94K42youBxtsqrL5dpmAyOuo8rOOU/1SD6dpznijg74e7lEm28m2x6j+En+IVyOOy5pPeXSek9Ahwsbi49ftf8AG5rfFKW+J4e3csa3rU8k/wAUZ7bHoZUEHbT1rJ+EfDb4u+Uebdu0fxTsRrHl+jmCPSCe02eD+L/c74cyUYZbgGuh1DAdSDr7ie9fVcGLTAumXI581iIhywHO3eQB8qLh+LbxuJj9T9N5GZP2f/qEvjLFLaw3lWlg3ALVpVBnJHMQBrsIH+dZ/wAO8Ae1nW4fLu3VVAVgtbUsJgmQGj3jQU841x/CW812VuXQpRFU5n1PNJ2QHY+gG+1fOONcau4i9NxoGbRF0UD3dfeazSnFT1d2jbw+HLLAsSWmLe7fd+KGtzwuLmIufdsW3mgswL3AxYg7M66ye8EelC/tviycnltycv7qfZ03Gh26Uhw7lLmZSVI1BBgg+h6U4/4ovd59cu/rvTVxC90Jn6TJvpkW3XB6Ch2Srmsmoi2ToAa9EqPGOwciu0V90ePZNV3MOy7qRRKSKaYPlr2WrildFo0dgFEV6iRhzXVwzdqu0VuDipA1c9mN6hAokwWeqaKKgCKmpqyFhNRvODEA6KAffv8A41NoI1mvX11jtC/JE3+JNKlJKcV5sOMbhJ+KBmNRqwrUSKeKTOBqmrCKiFr2WhLsuU+tNOE3+hNKVHerFJGu1LnDUqGY8ml2aryw3xFOreA4clpWuC0sj/mXI5uoAZu/asfw7iEaGhvE+AF3LcUZiohgNyupHvgzp6mudmwN9PsdTh+Irqj3Nr/wrgLwzWwCP4rdwsP1YCuYfwPhQZY3X9C4A/uKD9awPC/DWLuAXLFm6s7OHW0T7iWBI9RpWs4P4Zxxj7zjbtu3OttLzs5HWbk8nwn4Vhnw2OPujq4/UeKqlJjPEeBsIdR5if8ATc/8waGu+BcNGj3V/tKZ+BSq+PeL7eGIt2UFwoIJLnIvpOpdu5+s1jONeIb+Ik3HyoNkSVX3kTLH31hm8cfY7XDYuPy05TcV33duvsb3DeFktobaXnZCQTbuqly2SNjkAUqfUEUw4vwtL9g2bkToQwk5WGgfXX0jrPrXxYY1lMoSp7gkH6Ubc8RYp08s3rhB0jMR8yNT8TUWVaaa2+5MnBT5inHJbXvVP9jnFMO1q69t/bVspjoN83uI1+NFYbjF9rIwyOUsKSTGhadSpbfLPT1pLGuUasdz+op5wnh1y8TbtAEouYywURMTJ9SKzu1tH3OwtM1qzNVGr+4FiH6Db/CqOGYO5euhba5m37ACTqxOwrSW/CTkTcuqvWEGYx7zA6eu9PuCYBLAy2xHUk6szaDU/P5U/Fw8n3OZx3qmNP8Axu3+xnMP4RYKxa6A4MQFJGuo1JBPyoK54YxIJEIYJE59461urwDBhqAdJBhhAyyG3BgEzWTuftMEgNbcAmGKLLDox03O9auRE4y9Szrx+DQXMEm9UfdVBkValxTsakVmt6bRx3GL9ip7oGkVRiVVx2NEmxVRw1Mi0gJJvYA/Z47zUWwhGwpiEirAwo+axLwxFIwjHQA/KrUwpX2o+VMWv1Wzz0FXzJMrlQQjvWmY7VD7saerh56VecIO1N59Cv8A5mzNvh41qCinuLwo/wBqBfAN0ECmwzJrcTkwyT2KsJazuq9yAfdOtUWbme5c6y5YfM6fIz8KecJwLgkBguYqC35hJPs9jWY4NZui9aVLoU5wBNvUSYOux61y+J4us6r2/s6nC8JeB6vf+g57PWpW7Ska6USMM1QfCt2rqrIn7nKeJp9ioYUbzVNwdBt7qJ8oruDV9nC5uoq9aW7ZXLb2SF6pFeKUyPDWHT61F8IfWq5sfJfJn4ALYij8M8CJqm7hiIjWfSvWUNVJqSLgpRdBN/G3QABccImwDMAvXYH/AF8qW4/i1y4uU3LhH9Z2IPwmnAwwKMG2YUE3hDF3ADbVACJEuAYO1ee4/FJTuHZ/ye49E4zByqzVqXb7GZLlnA3Ar19XuHKisdY0HX37CthwzwI9vnxFxQP4LZlm9Adh79aMfR1tWLa3H1ypMW1APNcuMNco27k1khh95HRzepJx043be78JfcC4P4QsqiG9nuXXGYW0YAAeukmi8T4IzmLbeV1gsDp6A81KPEviU2c1rD3c91jN/EKBq2wtWuiou2m3vk1f4KveVgsRimJa7cz87NLEW1hRJMnmLH5VreGKhbRw4cdm5mmMn/Qp8RWLFi4LVnmNsZblyZz3Jlvlt8+1MPCd9bNm7iLhhSQsxMKp1IG55j/drJXHnrJP1PcmtDxYZeFIB+bIT8bmb9azYIqU7Z1PUM0ocOsae38+5fxjiWNaXtsrWhr5lpQRHrJJEUDa8VYgAAG20fmKa/QgfSs7wzid2xPl3CoaMy6FWjup0+O9NbXHLL638MC3VrTZCfev+daJ4530s5mLi8WnTkgvukM8N4tuj94iMP6sqf1Ipj/xRh+7j08vb0pAMdhrrBLWCuMegF0z7zEwPU0w/ZNr/wBNeHp51vT0q4wzEnm4JvdBtq9RdrEnvQCpVgFddxTPOKbQ1t4v1q1cQPQ0mBq1GoXjQaysb+aDuvyqt2X1oS1dPerRdodFB67L7YtdZq9HtDZRQQE1xkqqv3L1V7B2edQI+FStknegEdl2q0Yg1TiWphty2IgioJpppFDi5O9SLCap7BWmc4hyqSHyjKzGASTlEiDsNe/esbbsvbbN5jBkJIJtdVgkyAO4itJx0XTaZ1kBmVUFwxMsGMKo3OUmTOhIrMWcQ4EZGAgDlutp+Jl0zyPa5fptXLc1KTkdBRcYpG5s4GQGQypAInqCJB9NKtbAmNaVeGeIuyFGVgAWKszKfzEFNOxB+UU+TExvW/HklKNmSeOMXQCeGg96CxGFAPWn33lai1+2d4psckkKligwPBmQBHpRF6wSIC/GBRFvEp0rzYoAULk7DUVXcVXsK3YCKHtYTXTWj72KLaVUjxTlKVCJRjYHiFyzM6AmvcQ8YXhbAtW0tKIBLHOxgQOwHToatunMY6HSkdm3IYuvLaYAg/mu9E93U+nvpWZpJOQzh4ylLTD3Lr/EcRdUPfu3AhHKiQj3J2AyAMqnuem280H4mxhsW2sggXruXzsm1q0o5MOpHzaPdtRWCtuxe5m/EzZVYicrQCzgdwCAO2vYVTh+AW5zXGLmZPQE766kn51nxY3Pqa29jbxGSOG8UXv7v+jGJZZ+VFZjsAoJM9oFbnhHDbi4BrLrluMHgEg+0ZEkaDemdm7lAVQABoABAj3CvXL5rS8GruY4cRoalH2MPi+D37ftWmjuozD+7MVo+E4VruDaxdVkMFVLKROuZCBHQx8qYi8asS4aVDglB2macvqkssNMor7mNt+DL5El7SntLGPiBROH8Ft+e8B3CpPyJI/StZ95NVm/TlgRjeZlHDeGW7K5LYjuT7THuxo3JVa3ql5wpladkLtPcEQKdx8q82HHQ0ecKN9KqZQKWp+A3j8gJtjv9K4Vo1jPSoFJo1MU4AyLVyipeVV1mzJ2q3JEjBnLdSAmivIWouB0peodoaBmaKqbXrRTp6VAWZolJAOLKge29dAO7dB2Jj4DeiUUAVHEGUYDSVI+hpWWXQ68Mbij1Kynit97gGUSrXLOjaE5hdKsuX2RyqYM/CZrPcPuMUEWWYACSrL3NydV7qT8DWr8RHnUCDDYYGNhy4kiAeoBGlKvCzr5KHMFKtmIYDXkcGCIKE7g6+wDG1cjGlujqTb2ZDhWOZmW2qFFOdiDEglmuHbQHM7Haf8AB81jQUiwbj71odIaYBAnSZ1Ou3U9a0tvEiIrdw9qG3kyZqctwS3hyTRD4aBtVqXQOlXK4I1p7kxSihb5ZHSoXE9aNvutUXAo6UakLlEEy1F2q1xVRSmpiWjgaKE4rnYIF1AcmP6xXKCfSKLK1ErQzgpxcWMw5ZYpqUfYlhkRVCAaAb9Sdyx95kx02qq56VLLXCtFCKiqQvJOWRuUu7K4r2WrMtey0di9JWBUqmFrhSpZdFZrlW5KkEq9RWllAWu5avCV3LVaiaQq9Ql25FTe7Qt7WssV5Nc5eAa3jCzOsRlIHvBUH9ZHwq9XpHwlv6RdPN+IZAI0UKSu86yQaeZaZCSlGxWSLiya3KItXKECVNQR1omkDGTDQ09YqsGqg5iqy5odIbmXm59K6L86f61/2oK9fgR/WX6tlH6muu8XQNvwydo1Db/I/WlPItWn5oYoPTq+LDC9dAz8qncRJ6GP51QHGZR/EGPX8sfzruBcG6y6FRcUd5BifhvQZJppxXz+weOLTUn8HOLslpUdrjfvULMmdwFS3dJBKgjYt/lWO4dl0C3MumsFhpkaR7I6j5E19I4tw4fd4US12AZJJM27nWdtTtWJ4Pwu3+IWHsLdEj0dwNt9D9a5GJ7bnUyLfYl4dYeaOceztmUycomIYkDQ6RtWnU6TS/h2CW1bt5FAGa7J6ybpCifcn0om48Ms/mzD5Qa6fDTWj9aMHEReqvgJD1w3j3qquZa2UjI2yx7xNQD14JXQlXsA7OhqlNcC16KhKOEV6K7XgKuyiNcIq0LXTFSy6KQlSy1ImuQalko5FcKVPKakLfrUslFJFcCmicgrtTUXpKVtGp+V61ItXs3pVWy6RQ9oVQ6VOy5IM9CR8iRRHDkzXFEkTOoiYKnUZgR8xWWWVxg2vBpWNOSTMbwRm+8tKsBzicjAT5jncgDaD8RWoy0Fgkz3rltv+VqGhZYgWoMBdNWPX8p76MiKVwuZyi7D4jEotFYFcNWRXQorVrRm0FOWvFKvyCvMg+ZA+ZA/xqc1IixNiV2LXHVTqrWRpuuZrk+7ag/FmINsC5zBrqBUA6MxMTO43NO/Cyh8RiSVzR5JXYCfxzqSdp/Q6Uu+0N8jWBkWAoAhm0AVuuTffrXLnk1ZWdKOPTjQks8Xa2bVxySpw9wP0gtdZA3pDMg9wrX4BIxFz/5iH4bjT3RSDzw6t+GrCAhi4sbuzZgQBqG6+/XetDdxK27125d5FU2ydzpHYCeo+fxo4T6v0YMo9P4HvFb/AODa0iBIJIB0suRA3O1Y7g4/DhQAfLxDn43UynXtzfL1itc2ItGzaKugVoMkhfasPuDHfr3pLw+2iKwXnHkXQSAMsrdXVW2YkOTAJ6aVkg62NMlZmB4jYpeRQrC0BcVtwW8xS0aaCXufGtF5ufynVuRmePXR/lAj6Vk+CYa01plZHOflaLd0ypuIzSVGmxIg7TWn4aiZLQQNreukyjgAsmY6sugkn01j0rXCSi0l5M0o6k2/AwiugVYoXMUzDMBJE6xprHxHzFV3byq6WzMvMH8ugLGTOmgNdHWjBy2TUVLLVGMusht5QCHcKd9AWVZEf9VV+ILjW7Fx1MFRIPrOgqtaJy2GRXLZB2IPxqaWcyrJPQn1060u4SyG7dysplbZgETpmzErvuw16zVczqoPlLTYwgV4168FghiACNQTGlC4K6iWULk6nL1OpYwD2/2q3kV0Dy9gjLXYqeLTkMSPUb79PWh+CXy9hGec0EGepVipPxiarmb0TlloSpqlDY2+y3LQBAVnykEbyrHQ9+X5TRueop2XoSI+Wa75Vde4QDA+oH1OgofCYlnDErlKuyRMzlMSCOhqcxatPuFy+nVWxebdRyL1NRdjr/MD6nQfGhcFivMa4uWPLcodVMx1lTU5ivTe5XLdaq2CuX1r0e+vA12aLUDpENjF3BcykKfMcbBoUsQIBJkzvXMLxl7RBFsNkZ1AJMkAsBt6fpSrwe9m46/iXHdHSATcPW2NQNBzL17++gBftnE3EuXXUG9cBHOIHOBlIEA6rtXN1p7G7S6s0tvFlGDi2PxLZkZjAh9x/wBv61I44tbZwvsvb2MyGcKem0E6+tJ/FmIW22F52VTbckw/N+JENpqBmbfuKKv37a4K9ct3S3LZObmIU+cRoQNIIjQ9KGMlFdPuXKLlLcO4TxMXssIRmUHfWGExoN9dq5Y4icqZkJJVdiNTAnTpQfgQ2s9vLdzMrgZe4y75Yn2p7UBwXEq7lXvqAvmQBAIymEUl17KdB7qZzXbB5apGgfHBGcFWIBBBEbFFbWT3JqX7RtKUNxWKuuYcqsQbd1CDBMd/lSvxDiP6Y1vzURctneJnKssoYdhXPE11LdvDhbluM14EllggOo6aSOwoHkuKiwljpto0/g60p+8XlJIvMm+hAthxBAOmrE6d6T/aYxNy0AuYlQB3BK3QO369aN8FXItOvnW45Wk5c2obQAHoFUbGYpR9ojnzrGS5qMp5lEfnM6pET8N6zR/5DQ/oAcIot27ityk3RIJ1M+bMa/7/ABqr7VzcOJItlgPLlgrGDEbjrpXOPEkXSLlosLzRyJOl0gE8gkwBp3q7xjcuHFLluJLIAc6qZECY0E7n6U5fUmKf0tC/CC+MUiq1zylu2LeXOYGa2hIgmYj9ac/Z3ibjo4uKdbF11bTVWa2pWPQoDHXPRfCS33u4C9oJmQzpmzZEB0zCe+x2FQ8GXH8h8zWliw+XrOlvceZoJnURsddak3a/BIrf8iTg9oG9ZhYXOZB/MfMUHfcb6eta3haDyMOQonzbvTY5YHu0ikPC79xsPbGW3+8ua58oIhOvmdz8xNGcExjrhrclVFu9dXX2guQGQSe5J20g1V9SfglbNB9rG2/vY5l5kKDmTVsynYNI9mNutc4q5a6pW2zhCy6KIOZWRoZiAdGPxFBDicErmtqokbycwnMTB2GVv+1v4daTxFvNI8xgkBQiruxjMWYDYEkb7IT01fzJNCtKQayXDaRQAvkqpLl1C5lEltbTnSPpSPxJxk4gIgK21XVs0EF+mUmNBrv8qF8U8RJyKM4BWSCYB2bUTvBQbdD60nwf4jopClcwLZmhYH8Xpvp2NHBurYuVXSPo3AVb7tbtvczSu+xCGMokdlI19RSgOv3hbq3LrG2WAXMxSNU5s2gEt3HSiLWNJWc4GZdMttnjO4VfZIki1nO4k3dwNs7e4nct3cv4ZguhHl3ACHyyp1MHY6E77UK1N22E6Wxqb2MJIZmAOqpyHMCejHUBgYHTc1TgkeLge55iM6soOmQhj7J6ydNewrOrxu4AJVGIjdXGYCMrHoriRrsQRO4rlrjjacikDMCM2WUbWTpykGIbb11o6ZVo1eK41bYZQ1smfZLKZImBG8yNv5Vzg+KuLnFzKy5pTIIyjWQe+tY+5xeWVyi5gQSfMAzr0aI5Ttr7JnQ0TY44sjk2LLyuNeYsrCfzDt74q3fdMFeGabjGLeJthS8yMzuAMp00Ro1k++KbYK/nQHTNAzAdGjWPSZrEWONJmXkb2yTlAgkoyyoB/wCo5dxB0q7h3HAjIxS5BAVxEgssAto2oI7bEajU1WqUbaVhVGVJujdW7eY5SQoO5I2EdutZ7iNy/ZvOiMnlkl1/DLFsxJkHMIHp6GmGAxDpZtElW826gWD7Nu4CVkBzLRB23+VNr2EDFG1UoTBCkCGXKwP4YkbHfpWSXEPXq/Q3LhnytK73YlwGKcGHkljnKkCUtkKobQcq5s3tTr1iKB41jLmFuny0F8Xc93lMZFzCAdNCc0wRNd42zK91lKlra+W7LciV8ze4g0Z8giJGnSYr2Gx9tra3VuIFWVZdSS06kuDygzBB+nVqbb1GaVxTgMrHEVNu3cuI1oXGCQzK8XSzCJXYEZSJA3imOUUrw9hALi/iXGuAsiWwhypljQ3CpLgMRmTad6Q/tKNPIvmNJN66CY6kZtKZHLWzA5d7lvgVFF7Y+2o95zabmKVPlONJIIjEnp/WAnQ0z8CBg6klBzpJVlYk80GBMDL6dDSbDKHxZZmUsMQ0TAIYXdDECdBG29Zk+psc10pDfxy9sLg8w0Nrf/6iToPWOlE2WQ8NvQCR5ajQHbz73umDNLPGjljhULAj7vMHQfvBEHKO3c7UZduFOHXQrKoy2tBqNbr5gTGupPUazQ/6pfIX+zfwXfZ7bC32kb3FiBvyXiJPTrSfhuT72CNvxt15v+dMaev0pr4G5bgINsEuJKnMT+HdgxBjTpB2Y+5LwC4WfzCbecC7rPo8yJ13J9P0J95FL6UH/aWg+8XIMHLa0Kzp5bEdPWfjRfj4IbVgR+bEH2f/AIqz02mPhQXi/nxl0OUK/hyGbKSDbgnpt7unxqfjG47LhxKxN/YgAfirpqfT6RQeA67mm8AW1+7ExB5fy9A9yOlLPtPH4mGheq9pjLeH+vdR/gm+RhyuZQOTbXcsTrJ19O5ilP2iXCb+HOYZeXUrtpc19nbU/M0uD/yMKa6BXxTIReCgk/eX0/8AuG0MmPSrftET+l4eF6JpOp1UR/vpVHF3/elSn747IV5/NckloGsid96n49vj73bzaxbUL3BnodPTvtWhfUhL7DPhAH7Wub/ulle5zW9Y+nwqP2XgGxfmTyXIEnQZbUjXbpXeD3B9+utIzhVXrmyyk9dpI6dtda99njgYe5lgE2rhbLJlot6Ey0fTYbUEu34Cj3/ItwKKLNnp+Lc0I7La201o7g1gNgtNxiXAzDSD5Qb5qzDtqKB4ZcnD2jyZvNaAWbQxbHftGnp8j+B3iMMmsf0l/ZJnXyzII21UfWifsCig4S5J1eSJEBYZsjOR7EmSCNNef53vw05mDK0jMdXcHLmxK5vaG4RW+ferMRlZWLXH0RtIZiItXBI13gTpryR2rzLbznKrk+YZlQAB5uOGhncGfSCD1pli6EnG8J5Z2thvL3ZrZIYLags2p0dmP+Ro/wAPuv3kAlFUFY5rhjLdyKNF9fhMbUs8RXEAIAfKbZjmUMVFjCbwCM0E7d6I8P3D94hRqS2pY+yMYgIiIOhEdojrTL6QK3HmKYCyXMPCAhfLb8uKaNT0XlEf4Ugx2GU3rWqqxxLC5KMIGayAQAdNOo70+e8BbaLaAi1PMbkaY24p1kbnm+Q2pHiroz2CbalfvVzKFN0aB7MmDJB06yKqLI1uU4TDgiwC1sfiKp/Db2ALPNqTzanm2OXpVmGwgCjLctk+aUPtqApW3qfUa6+zpQvDbwBsgKSRixEtcG/lfhnttttrR+Fu2vLOZGVRiGAIa5JcKpNswZUNERqvNtR6itIY2GcZdbcQltjmcRbJU5jy+0DG/Ly70Bcwrll9iM4ta3DqsrDGV225duXejbVyxmXmcnzAADcuAZpeLXNpqfy+zz0CLiFyM7gjFZY8xfYkg2wCNDo3L6iopEcSOH4YWNsEW+e6LR/EUws4eJkb6nk99CYbh7P5X4a8zlDrbksgtfGNToNdTNNcHcQG0Oc/0sKOZOYTaPlmR6Tl310NLML5eazmuNAxDgxkPL+BA23B3nX39ZqIojJ+I3Gt2rdtAqWAj3My6i4vmRkycvliBMb59elajD8RBCMqoM0ATm0aRmU6wI0H86xvDeIW2tssDWVEEQWgkMzba5vnNFcBBNxQ0sXkHXVSDzEAA67AHXXvWHLjT9ux0uHzSW19xjxZfMa/zEe0SJGXWF2y66t8BNZfD8KcKxBTVCWgAyBMzza7GnPGRFwnOfZLfvTLZvLWVjQ6sDtv8IDwGGNza4Vm2xgETlCsTMiCAJMbGDpTsbpCM3Uwjw/g8TbvWilxUVCHDLbtwikkMwBMTIYfyo29xHEqxVQMoJA/BXYGB0q3w0j+Ypa4xTJmYFlgoS6ZYAH5+aJA06bUvxF+9mbK75cxy8jezOn/ADO1SUqkyRgnFF32SmbzxJJezv2IvbRPak98zj1n/wBUvx/pR7+orZfZ5bssyqpcOLpGnKOQQQYGpGY+kHekfCzYTEHPnZvNusCJJi3mc5SfZIJB+dLvqbK07JEPtKWEwkx/7t0Mk/iprJ9TRmFX/wBk3Ij2bWp6f0hjttVnjtbaX8N7TD7s0yzHKAwIBWdD1jfUVfxRrLcOulDcn8AhQzAtIFwFFLTBDA/PsYq9ohVu2LPsrH47xrz299vZxMRWe4KsYlCd8t2IO34d3Sa3Pgy5hy4UZ0Id5zPlBCJB/Nrqxj3nqDSXw55aHK9u6GIYA8+pNzIN3knrHZutTWrZSWyA/tL1xdwNA5bY06fhKdT31mivHp/BsaiM1+e+l9P0q7xIUTiNwOrEF7CLzNJZ0EaZgBsfpVni02xbwzsrFWt3XAJIMFlbvv76q+2wVd9x99niA4QmJ9j36G5/r4Cl32ntlvYfYaddAf3mx95orhXF8Jh8Oj3S6LcCwAGb8g15Se6nvrQX2iXEF/DXLexVXGvWGYA6j00pcG9d15Cn9FX4EeLuMFu6wfvTxmJjW88H3a0V49vsuOtQRBVB6e0Rrr3ojGWPMCE3JFxy+WCpDSIkrrEuNQar8eJZXGjzASDby6MREEmTBGmh+VOUk5fkU41EK4Q7/tO6NIKf/wBW5+lR+zG9msXjI0t3Sd/4bVHcGFkYu6D+Zx+YwCEG8mBpVfgU2DYcEwy2W3YwSVttpm/MMwPx9KCUtnt4DjHfv5M5w+9KWhP5zsYEEKRodj/lTvw+zfdlICsRiLkCdNBbMH1oDgV8Gz5a3PL8vM4J1BLAkiSSQeQxp091F4ophuHi5uRdaRmJYhgltjB0mSTGg00iaNy3S+QFHay3iuJe3bYsiT5bfkk6Wrn02H9o96quYoG5nNxAPMj8q6C7jWJIjfnQn3z1rA47ipu6OzHQa5RMwQR7W2p+lF8H4vbS4DcQkFszEa6gu45Z1lnjfZR1mnadhVqx7x8ubKutwEKmVYZI/cYcnX0KddpiruA273mtcHmC2hfNcElAVxSMAzDQHKzaetLRxXBlAr23Ki2gIBynN5a23gSZMJb66QdNdLeHeLWS0cNZUrbu3XuXA5RlZy65TzWzEKiaDTQ1e9URadVvsM+KcQtm0+a5cebYQEZ50xT3V3I0CEL8B0oTgoz3MPBuR5l0qxYEBsisrLzagZGBE6Ge1GYDhguPNy2sFkL6uQC+VhorqApmBlA3Gm9fS7nhyxaskoltMitkIQjKSCDll9CZNA24rcZPRJrSmvufHsLhrgS0SxA+/EznQRokusnQaNp1ir8HjXUEKXk3GaCyLDzl2zcp0EqdNNa3nG+K4XDfv1TNBZLaLmuZZksc2ltTEyTrWfb7QrY/d4YhdxmuWxpAMwLZjTXeprlJdKBxyinc42vvRPgHDcVjQ7W2toquGYvcYQ+Um2yhUM6gSp00FDXOFYq1dyqEOa6t5iMzICXYESQInIJG0NpRVr7SLc/iYZo65LiEjfYG2OoPXpWn8N8Yw2MabN0ckG5bYNbuqvVgVaCuo1XTWq1Tit0VNxlO4ql4uzD4bB4sm1COScUbjsE0UBlCuC4jLCjrPLpXbXA8Yz8qIgVy6k2xoxgTLEyYVdSI0ra8Sx9vC2y9y6bdtWIWGdncyTlt82vvrJ8R+0tjK2LCrGma7cLmYnVVYL74OlUpTlugoZFC1pT+9iz/AIUxaxltmWY7G0kkHlPKZOmbvoTpT7w/4axFu6rXLQyxD6gkywk8o3IUfPvWXx3jHF3CrM1oFDnGVcuoAMMM3MJjQz261db8f4tTr92b0Nle4H5SPX5VcoykqZXNalqSo1+I8Mv5hcLClpZZaHBYMWJyyrbjTqinSaR4TwdctOXuXbSoy3FjPlPOjqoGYKAAW2B6nQ1fgPtMssQuIw+QHTPYY6Sd8hj36E1ueBYq2VF+3iBcsOpAZm2bQ5SDENodCJoG5RRSk5S3Md4f4DdQi594tC26ghUcDQqSBLDaWzaHcV254avEkjGqASYAuiB6Dnp9fxVu1h1vX7z27YVQArkFz5YGVANhr06geoK1/GuGk8r/AP7Lf+VVcpblKbQHhcdg7X7q6lrc8pAEmAT7M6xvNCXcXglVMrWs63HLuvlhijJBiRuTofeaWYrwWNIWymsFWe9vE6kxl0g9dzv0sseC7IUF3TrMOx9RBB76UNx72xtS8BH7SwJLFhaLEyWOWWnvEz0kmpXOM4LLBNszEZcwYBdFjSIGw91L7vhzCALFxNQTJc5fSZuD6fyq5uCYMKPLa00EnMWUyIGkMxB16+tW2vkml/BPEcewXmu+hnJlhdVItBHE+pnX3etRfxNhZkydQRIaB6AT2PvoN0wYIVWsEltWyKTt6nKonXb3d6BvW7BIKvbCsculpRGgZp9IMfCokvkrdeBwPEuGKuCTLIVVyrFw0qQ09CI39a9c8S4cjLCkA75LkxJO89Z19w7UD9wwjZArroJkWScx5tSQNjtlIMQDEbD2OD4Ul/xLgygNK23aVjmaSmgkx/qalR+SdXwMz4lwwmFXWN7bnYHaWP6dKL4p4kwtzyg9sza8sjQEFcgOSWmAcx+lJP2bbVCqr5kwc5DCEzQYzQAwBJ+Fdx+FtC9cNwjKrFcoYj2Vygae4VNMb2sjckaA+NcMNrCfHt8qC474qwt66t1kIIDAqCoBkgjWCdNdu9BKnD7fMFzFgNH5gDqTuD7p3929Tw2KwCAlbdvNBg5WIBI0gEEnXvt61SjFbpMjlJ92gm141tLdNxFYM7BmEiCcuUaZNNOx3rnDPGtu0MioxSMsEjWTJ1Cg+lDYnieHecwV9Vyzb1EAjcAE/HT3V29isKsDy7YzLJi2zaNBXUTB20PxFXS8MlvyGYHxlYtqVWyCCzHX1MxpGg2r3FvFdu/h7lg2gAVaI3DaEHmmdQKWjGYbSLaz62CRAGg9nf3fSiMPxG24y5VUaj9wQNRuOXTf9amlXdFapVVmRw+PA6H+7/40U2NA6MfcR/40Hh8LcI0Q9tSB+u9H4LhjOT5jC2ogn8zsJAIVV336kbfCtTaE0VNjR2J+K6T3p5wTBXtbhQW1jR7q9ACWyIdSY/q99aI4dcw1gA2rNxnB9t1Rn6eySQq6zsNj3onE8YVixaxdJnQyO7xqWn2SBExvpSZyb2QyMS7iN3ILkLcum4tpWdYVctrOAoUkSJyntqKa+HMVcuJcu+Vb5c1rbcFAWYATrr9B3rPNxlgTlwzkZSOZljUzsD39afeF8c1vCFSlxmeGY28mVSxgggtvAGo0g6VnyJ6f+x0aszPGOMLduXLj2j5jtmg3ARr0DZemwmNqTXOMKCQbMEdCw/8AH3UzwqoGJuAhtSOZQOkAjT/aicbaw7jnYE9DKAj3ENI+taYzrYRoszlziin/AJUf2h/KmvgW9/TEuIhDW1ZwBqGkZCrbcsOZ/wA6VY3hhVj5bLcE6QyzE6SJ1+Faf7N8HD3blweWFUKCY1ZjJA76KPmKvJOoNokI9SJ+K+N27lzLcRlNouoAAya3CxK9pzD/ALazV7iVsHS20e4fTvTXxFatnEXRnHtBpkRDAE9fUV3BYa1kKMyurawSsgxGhnTpUhNRiiONyYhbiNs/kP0qH363/AfkKYcU4KBzWiGXeM6Zx8J1/X0pK7AdKYpWC40Etibf8B/u1uvsz4qLSs2SbYUBkzaZ5JW4BGhjMP7VfOiwr6D9m3Djcs3GGq+YARAg5VB9f4qVxDqDGYl1HvEWPs4jKM8CxbIKMIgqxDZc2hOqgDfWs552G9f/AMf+VX8a4Xlv3llR+I/aYZgYA+VVfspu6/8AbVwaUULlDcZ4bw6LpzA3DB1zMdvlXF4Fb0HlsTMe2dI91bXgmGGSPjpp6dj0n+VCLhiHbUaemsx/v2pHV5H7GTxXArdvU2/7zdfcaIfw9bW15hRQPWTuPU1o+JYVWYAjbrMVe9sLZC9Bp8/lPWi0zruDcTKcP4KtySoAUekzptp76HsYHNcyAQJOug07nv7q1vDbWUMCZnQemh6UHgVHnkDU6nUf4kn9KlMloTYnhwtvk5Z2iBPxq3GYAWR63FIEddR9Kb8XBD5zHw3gDbt1rnEFFxAVLD2Ykkbx6k9RrPSqp7F6kc4LwBLihss/2iBoar8V8KS0VyJuQS285u/1+dPeB3zbItnmJgSST1PU60F4tueYCTy5QAYjqSRv7Xsnfv16LWpS3DdaRJgcKrOq9yPl/tVfiy2LV5EQQpiSJgzOnaR2q7gNvPcGU7E7iNV901d4js5rgBgEDaCRHoZEfKiiqluA+wLw7Cq11g2wE054Hw22y3GdQYUwD2AjTfX3bULwuxkc6zA/wHXc6aa014ZcCW2IGhMGZnp1mhk9woozC2lUv2B020rRYTh6NhgYBObsPlp/rSs5j2PmGNiT1PXXb59a0XAbs28oCiD/AAg7+tGk7TAbVUIb2FtgwoU6gGFBjXWYPSiMHw1H1KD3ZYj4GnN/D66x2/xqyxZjXvr1/nWymzMZbjPD1UTkA+np7qA4YhLxlAk/rsfWtZxTBC4NTA20/nSvD8NVWIDMD17HY9INXotE1bhfkAbjt0rWcNugWsoK+z6DpGxPeszfXSJ9+ny6104l10UrExqus6ajXTekSw2NU6BuKIjOeVe2w/wmlxwiE+xp7jRV1yxk76zG1dsAFiANRqSSemmwP60ccdCdQFb4ZbnRIPrI/Tb5038LcKtteIYkqV1BJgR7yfWoeUAM2u8R696u4dfdWzrBgneZkdtx9Kk8dqiRnTI+IPD9oMxXv3M+gGulIbnDXXZnjXqRtp2rT8VxjXACdOuny921CKh3kRsO/wA6kMbouWTcyt/B3erNvHtEdexiq34dcJ1195Hy1Nbu3glgBgrf2RvI11miMPwq3lnKu+2UDXXqPdRaKL1Nnzr9nFdWtq/oxjXTWVI/WtL4Yt3XteWi+UEJICEayfa1Mk+s7RTy9wm2NSJG8fp+tMeBWVQckAaTyDU799aTlg3GkHCdM+deIcJc8647iZIljHNCgAwB2FA+bc/rfL/KvqHEOGq5lgupEQDM6HXX+dZ+5wNJPvPX/KijF0DKe5//2Q==\" style=\"height:190px; width:266px\" /></p>', '2023-04-21 19:23:45', '2023-04-21 19:23:45');
INSERT INTO `blog` (`id`, `blog_title`, `blog_image`, `blog_des`, `blog_content`, `created_at`, `updated_at`) VALUES
(8, 'new 8', 'blog-one.jpg', '1', '<p><img alt=\"\" src=\"data:image/jpeg;base64,/9j/4AAQSkZJRgABAQAAAQABAAD/2wCEAAoGCBUVExcVFRUXFxcXFxoYGhoZFxkcGRoXGRcYGBkXGBgaHysjGhwoHxoZJDYkKCwxMjIyGiM3PDcxOysxMi4BCwsLDw4PHRERHTMoIyg6MTExMTExMTIxMTExMjExMTExMTEzMTExMTExMTExMTExMTExMTExMTExMTExMTExMf/AABEIAL4BCgMBIgACEQEDEQH/xAAbAAACAwEBAQAAAAAAAAAAAAAEBQIDBgEAB//EAEgQAAIBAgQEAwUFBAgFAQkAAAECEQADBBIhMQUiQVEGE2EycYGRoQcUI0KxFTNS0SRigqLB4fDxFkNyktJUJTRjc4OEk5TC/8QAGgEAAgMBAQAAAAAAAAAAAAAAAgMAAQQFBv/EAC8RAAICAQIFAwMEAgMBAAAAAAABAhEDEiEEEyIxUQVBYTJxkYGhscEjQjPh8BT/2gAMAwEAAhEDEQA/AMpMVO1eINW3rMVXlr0aPPtkw+u1cuqp9Kiu9cdTRJANkCK9FdrtHRGzkV0JUq9FXQNnglSC1wVKrSKs6tWowqrJV1kD41dAtkLlQzGr7vpVLJVolnc3evAio5a6FqEOZvWjcPjGA3mhTaNTtpQtJ9y1KuxcDmOtcvYaOlSw9hm2/Wm+AtNHMPjSpz0jccNRnrdlSeainwiEEIdadcTQBSYnToOlZ25iG1yiKkZalYUo6XQNetlTE1bYXlIqzCcOuXAzIhKrqxkADruxAozB4DDPZm5jGs3Dsq2mZVHQOQJLe5oHrS83FYsa3kh+D0/iM/0Qb/RiO8ygkE1V98UbA/SnNvw1hh7fELcdAlm4WPaQYiqcX4ftxNnF2rp/hZXssfRc8g/MUhcfjk6Uka36VxEVcoOvsx/f8PPawgxRuBpFtwqgmFfKZZj2kbD40tfjN0xNwwIMDQGDse/up94K42youBxtsqrL5dpmAyOuo8rOOU/1SD6dpznijg74e7lEm28m2x6j+En+IVyOOy5pPeXSek9Ahwsbi49ftf8AG5rfFKW+J4e3csa3rU8k/wAUZ7bHoZUEHbT1rJ+EfDb4u+Uebdu0fxTsRrHl+jmCPSCe02eD+L/c74cyUYZbgGuh1DAdSDr7ie9fVcGLTAumXI581iIhywHO3eQB8qLh+LbxuJj9T9N5GZP2f/qEvjLFLaw3lWlg3ALVpVBnJHMQBrsIH+dZ/wAO8Ae1nW4fLu3VVAVgtbUsJgmQGj3jQU841x/CW812VuXQpRFU5n1PNJ2QHY+gG+1fOONcau4i9NxoGbRF0UD3dfeazSnFT1d2jbw+HLLAsSWmLe7fd+KGtzwuLmIufdsW3mgswL3AxYg7M66ye8EelC/tviycnltycv7qfZ03Gh26Uhw7lLmZSVI1BBgg+h6U4/4ovd59cu/rvTVxC90Jn6TJvpkW3XB6Ch2Srmsmoi2ToAa9EqPGOwciu0V90ePZNV3MOy7qRRKSKaYPlr2WrildFo0dgFEV6iRhzXVwzdqu0VuDipA1c9mN6hAokwWeqaKKgCKmpqyFhNRvODEA6KAffv8A41NoI1mvX11jtC/JE3+JNKlJKcV5sOMbhJ+KBmNRqwrUSKeKTOBqmrCKiFr2WhLsuU+tNOE3+hNKVHerFJGu1LnDUqGY8ml2aryw3xFOreA4clpWuC0sj/mXI5uoAZu/asfw7iEaGhvE+AF3LcUZiohgNyupHvgzp6mudmwN9PsdTh+Irqj3Nr/wrgLwzWwCP4rdwsP1YCuYfwPhQZY3X9C4A/uKD9awPC/DWLuAXLFm6s7OHW0T7iWBI9RpWs4P4Zxxj7zjbtu3OttLzs5HWbk8nwn4Vhnw2OPujq4/UeKqlJjPEeBsIdR5if8ATc/8waGu+BcNGj3V/tKZ+BSq+PeL7eGIt2UFwoIJLnIvpOpdu5+s1jONeIb+Ik3HyoNkSVX3kTLH31hm8cfY7XDYuPy05TcV33duvsb3DeFktobaXnZCQTbuqly2SNjkAUqfUEUw4vwtL9g2bkToQwk5WGgfXX0jrPrXxYY1lMoSp7gkH6Ubc8RYp08s3rhB0jMR8yNT8TUWVaaa2+5MnBT5inHJbXvVP9jnFMO1q69t/bVspjoN83uI1+NFYbjF9rIwyOUsKSTGhadSpbfLPT1pLGuUasdz+op5wnh1y8TbtAEouYywURMTJ9SKzu1tH3OwtM1qzNVGr+4FiH6Db/CqOGYO5euhba5m37ACTqxOwrSW/CTkTcuqvWEGYx7zA6eu9PuCYBLAy2xHUk6szaDU/P5U/Fw8n3OZx3qmNP8Axu3+xnMP4RYKxa6A4MQFJGuo1JBPyoK54YxIJEIYJE59461urwDBhqAdJBhhAyyG3BgEzWTuftMEgNbcAmGKLLDox03O9auRE4y9Szrx+DQXMEm9UfdVBkValxTsakVmt6bRx3GL9ip7oGkVRiVVx2NEmxVRw1Mi0gJJvYA/Z47zUWwhGwpiEirAwo+axLwxFIwjHQA/KrUwpX2o+VMWv1Wzz0FXzJMrlQQjvWmY7VD7saerh56VecIO1N59Cv8A5mzNvh41qCinuLwo/wBqBfAN0ECmwzJrcTkwyT2KsJazuq9yAfdOtUWbme5c6y5YfM6fIz8KecJwLgkBguYqC35hJPs9jWY4NZui9aVLoU5wBNvUSYOux61y+J4us6r2/s6nC8JeB6vf+g57PWpW7Ska6USMM1QfCt2rqrIn7nKeJp9ioYUbzVNwdBt7qJ8oruDV9nC5uoq9aW7ZXLb2SF6pFeKUyPDWHT61F8IfWq5sfJfJn4ALYij8M8CJqm7hiIjWfSvWUNVJqSLgpRdBN/G3QABccImwDMAvXYH/AF8qW4/i1y4uU3LhH9Z2IPwmnAwwKMG2YUE3hDF3ADbVACJEuAYO1ee4/FJTuHZ/ye49E4zByqzVqXb7GZLlnA3Ar19XuHKisdY0HX37CthwzwI9vnxFxQP4LZlm9Adh79aMfR1tWLa3H1ypMW1APNcuMNco27k1khh95HRzepJx043be78JfcC4P4QsqiG9nuXXGYW0YAAeukmi8T4IzmLbeV1gsDp6A81KPEviU2c1rD3c91jN/EKBq2wtWuiou2m3vk1f4KveVgsRimJa7cz87NLEW1hRJMnmLH5VreGKhbRw4cdm5mmMn/Qp8RWLFi4LVnmNsZblyZz3Jlvlt8+1MPCd9bNm7iLhhSQsxMKp1IG55j/drJXHnrJP1PcmtDxYZeFIB+bIT8bmb9azYIqU7Z1PUM0ocOsae38+5fxjiWNaXtsrWhr5lpQRHrJJEUDa8VYgAAG20fmKa/QgfSs7wzid2xPl3CoaMy6FWjup0+O9NbXHLL638MC3VrTZCfev+daJ4530s5mLi8WnTkgvukM8N4tuj94iMP6sqf1Ipj/xRh+7j08vb0pAMdhrrBLWCuMegF0z7zEwPU0w/ZNr/wBNeHp51vT0q4wzEnm4JvdBtq9RdrEnvQCpVgFddxTPOKbQ1t4v1q1cQPQ0mBq1GoXjQaysb+aDuvyqt2X1oS1dPerRdodFB67L7YtdZq9HtDZRQQE1xkqqv3L1V7B2edQI+FStknegEdl2q0Yg1TiWphty2IgioJpppFDi5O9SLCap7BWmc4hyqSHyjKzGASTlEiDsNe/esbbsvbbN5jBkJIJtdVgkyAO4itJx0XTaZ1kBmVUFwxMsGMKo3OUmTOhIrMWcQ4EZGAgDlutp+Jl0zyPa5fptXLc1KTkdBRcYpG5s4GQGQypAInqCJB9NKtbAmNaVeGeIuyFGVgAWKszKfzEFNOxB+UU+TExvW/HklKNmSeOMXQCeGg96CxGFAPWn33lai1+2d4psckkKligwPBmQBHpRF6wSIC/GBRFvEp0rzYoAULk7DUVXcVXsK3YCKHtYTXTWj72KLaVUjxTlKVCJRjYHiFyzM6AmvcQ8YXhbAtW0tKIBLHOxgQOwHToatunMY6HSkdm3IYuvLaYAg/mu9E93U+nvpWZpJOQzh4ylLTD3Lr/EcRdUPfu3AhHKiQj3J2AyAMqnuem280H4mxhsW2sggXruXzsm1q0o5MOpHzaPdtRWCtuxe5m/EzZVYicrQCzgdwCAO2vYVTh+AW5zXGLmZPQE766kn51nxY3Pqa29jbxGSOG8UXv7v+jGJZZ+VFZjsAoJM9oFbnhHDbi4BrLrluMHgEg+0ZEkaDemdm7lAVQABoABAj3CvXL5rS8GruY4cRoalH2MPi+D37ftWmjuozD+7MVo+E4VruDaxdVkMFVLKROuZCBHQx8qYi8asS4aVDglB2macvqkssNMor7mNt+DL5El7SntLGPiBROH8Ft+e8B3CpPyJI/StZ95NVm/TlgRjeZlHDeGW7K5LYjuT7THuxo3JVa3ql5wpladkLtPcEQKdx8q82HHQ0ecKN9KqZQKWp+A3j8gJtjv9K4Vo1jPSoFJo1MU4AyLVyipeVV1mzJ2q3JEjBnLdSAmivIWouB0peodoaBmaKqbXrRTp6VAWZolJAOLKge29dAO7dB2Jj4DeiUUAVHEGUYDSVI+hpWWXQ68Mbij1Kynit97gGUSrXLOjaE5hdKsuX2RyqYM/CZrPcPuMUEWWYACSrL3NydV7qT8DWr8RHnUCDDYYGNhy4kiAeoBGlKvCzr5KHMFKtmIYDXkcGCIKE7g6+wDG1cjGlujqTb2ZDhWOZmW2qFFOdiDEglmuHbQHM7Haf8AB81jQUiwbj71odIaYBAnSZ1Ou3U9a0tvEiIrdw9qG3kyZqctwS3hyTRD4aBtVqXQOlXK4I1p7kxSihb5ZHSoXE9aNvutUXAo6UakLlEEy1F2q1xVRSmpiWjgaKE4rnYIF1AcmP6xXKCfSKLK1ErQzgpxcWMw5ZYpqUfYlhkRVCAaAb9Sdyx95kx02qq56VLLXCtFCKiqQvJOWRuUu7K4r2WrMtey0di9JWBUqmFrhSpZdFZrlW5KkEq9RWllAWu5avCV3LVaiaQq9Ql25FTe7Qt7WssV5Nc5eAa3jCzOsRlIHvBUH9ZHwq9XpHwlv6RdPN+IZAI0UKSu86yQaeZaZCSlGxWSLiya3KItXKECVNQR1omkDGTDQ09YqsGqg5iqy5odIbmXm59K6L86f61/2oK9fgR/WX6tlH6muu8XQNvwydo1Db/I/WlPItWn5oYoPTq+LDC9dAz8qncRJ6GP51QHGZR/EGPX8sfzruBcG6y6FRcUd5BifhvQZJppxXz+weOLTUn8HOLslpUdrjfvULMmdwFS3dJBKgjYt/lWO4dl0C3MumsFhpkaR7I6j5E19I4tw4fd4US12AZJJM27nWdtTtWJ4Pwu3+IWHsLdEj0dwNt9D9a5GJ7bnUyLfYl4dYeaOceztmUycomIYkDQ6RtWnU6TS/h2CW1bt5FAGa7J6ybpCifcn0om48Ms/mzD5Qa6fDTWj9aMHEReqvgJD1w3j3qquZa2UjI2yx7xNQD14JXQlXsA7OhqlNcC16KhKOEV6K7XgKuyiNcIq0LXTFSy6KQlSy1ImuQalko5FcKVPKakLfrUslFJFcCmicgrtTUXpKVtGp+V61ItXs3pVWy6RQ9oVQ6VOy5IM9CR8iRRHDkzXFEkTOoiYKnUZgR8xWWWVxg2vBpWNOSTMbwRm+8tKsBzicjAT5jncgDaD8RWoy0Fgkz3rltv+VqGhZYgWoMBdNWPX8p76MiKVwuZyi7D4jEotFYFcNWRXQorVrRm0FOWvFKvyCvMg+ZA+ZA/xqc1IixNiV2LXHVTqrWRpuuZrk+7ag/FmINsC5zBrqBUA6MxMTO43NO/Cyh8RiSVzR5JXYCfxzqSdp/Q6Uu+0N8jWBkWAoAhm0AVuuTffrXLnk1ZWdKOPTjQks8Xa2bVxySpw9wP0gtdZA3pDMg9wrX4BIxFz/5iH4bjT3RSDzw6t+GrCAhi4sbuzZgQBqG6+/XetDdxK27125d5FU2ydzpHYCeo+fxo4T6v0YMo9P4HvFb/AODa0iBIJIB0suRA3O1Y7g4/DhQAfLxDn43UynXtzfL1itc2ItGzaKugVoMkhfasPuDHfr3pLw+2iKwXnHkXQSAMsrdXVW2YkOTAJ6aVkg62NMlZmB4jYpeRQrC0BcVtwW8xS0aaCXufGtF5ufynVuRmePXR/lAj6Vk+CYa01plZHOflaLd0ypuIzSVGmxIg7TWn4aiZLQQNreukyjgAsmY6sugkn01j0rXCSi0l5M0o6k2/AwiugVYoXMUzDMBJE6xprHxHzFV3byq6WzMvMH8ugLGTOmgNdHWjBy2TUVLLVGMusht5QCHcKd9AWVZEf9VV+ILjW7Fx1MFRIPrOgqtaJy2GRXLZB2IPxqaWcyrJPQn1060u4SyG7dysplbZgETpmzErvuw16zVczqoPlLTYwgV4168FghiACNQTGlC4K6iWULk6nL1OpYwD2/2q3kV0Dy9gjLXYqeLTkMSPUb79PWh+CXy9hGec0EGepVipPxiarmb0TlloSpqlDY2+y3LQBAVnykEbyrHQ9+X5TRueop2XoSI+Wa75Vde4QDA+oH1OgofCYlnDErlKuyRMzlMSCOhqcxatPuFy+nVWxebdRyL1NRdjr/MD6nQfGhcFivMa4uWPLcodVMx1lTU5ivTe5XLdaq2CuX1r0e+vA12aLUDpENjF3BcykKfMcbBoUsQIBJkzvXMLxl7RBFsNkZ1AJMkAsBt6fpSrwe9m46/iXHdHSATcPW2NQNBzL17++gBftnE3EuXXUG9cBHOIHOBlIEA6rtXN1p7G7S6s0tvFlGDi2PxLZkZjAh9x/wBv61I44tbZwvsvb2MyGcKem0E6+tJ/FmIW22F52VTbckw/N+JENpqBmbfuKKv37a4K9ct3S3LZObmIU+cRoQNIIjQ9KGMlFdPuXKLlLcO4TxMXssIRmUHfWGExoN9dq5Y4icqZkJJVdiNTAnTpQfgQ2s9vLdzMrgZe4y75Yn2p7UBwXEq7lXvqAvmQBAIymEUl17KdB7qZzXbB5apGgfHBGcFWIBBBEbFFbWT3JqX7RtKUNxWKuuYcqsQbd1CDBMd/lSvxDiP6Y1vzURctneJnKssoYdhXPE11LdvDhbluM14EllggOo6aSOwoHkuKiwljpto0/g60p+8XlJIvMm+hAthxBAOmrE6d6T/aYxNy0AuYlQB3BK3QO369aN8FXItOvnW45Wk5c2obQAHoFUbGYpR9ojnzrGS5qMp5lEfnM6pET8N6zR/5DQ/oAcIot27ityk3RIJ1M+bMa/7/ABqr7VzcOJItlgPLlgrGDEbjrpXOPEkXSLlosLzRyJOl0gE8gkwBp3q7xjcuHFLluJLIAc6qZECY0E7n6U5fUmKf0tC/CC+MUiq1zylu2LeXOYGa2hIgmYj9ac/Z3ibjo4uKdbF11bTVWa2pWPQoDHXPRfCS33u4C9oJmQzpmzZEB0zCe+x2FQ8GXH8h8zWliw+XrOlvceZoJnURsddak3a/BIrf8iTg9oG9ZhYXOZB/MfMUHfcb6eta3haDyMOQonzbvTY5YHu0ikPC79xsPbGW3+8ua58oIhOvmdz8xNGcExjrhrclVFu9dXX2guQGQSe5J20g1V9SfglbNB9rG2/vY5l5kKDmTVsynYNI9mNutc4q5a6pW2zhCy6KIOZWRoZiAdGPxFBDicErmtqokbycwnMTB2GVv+1v4daTxFvNI8xgkBQiruxjMWYDYEkb7IT01fzJNCtKQayXDaRQAvkqpLl1C5lEltbTnSPpSPxJxk4gIgK21XVs0EF+mUmNBrv8qF8U8RJyKM4BWSCYB2bUTvBQbdD60nwf4jopClcwLZmhYH8Xpvp2NHBurYuVXSPo3AVb7tbtvczSu+xCGMokdlI19RSgOv3hbq3LrG2WAXMxSNU5s2gEt3HSiLWNJWc4GZdMttnjO4VfZIki1nO4k3dwNs7e4nct3cv4ZguhHl3ACHyyp1MHY6E77UK1N22E6Wxqb2MJIZmAOqpyHMCejHUBgYHTc1TgkeLge55iM6soOmQhj7J6ydNewrOrxu4AJVGIjdXGYCMrHoriRrsQRO4rlrjjacikDMCM2WUbWTpykGIbb11o6ZVo1eK41bYZQ1smfZLKZImBG8yNv5Vzg+KuLnFzKy5pTIIyjWQe+tY+5xeWVyi5gQSfMAzr0aI5Ttr7JnQ0TY44sjk2LLyuNeYsrCfzDt74q3fdMFeGabjGLeJthS8yMzuAMp00Ro1k++KbYK/nQHTNAzAdGjWPSZrEWONJmXkb2yTlAgkoyyoB/wCo5dxB0q7h3HAjIxS5BAVxEgssAto2oI7bEajU1WqUbaVhVGVJujdW7eY5SQoO5I2EdutZ7iNy/ZvOiMnlkl1/DLFsxJkHMIHp6GmGAxDpZtElW826gWD7Nu4CVkBzLRB23+VNr2EDFG1UoTBCkCGXKwP4YkbHfpWSXEPXq/Q3LhnytK73YlwGKcGHkljnKkCUtkKobQcq5s3tTr1iKB41jLmFuny0F8Xc93lMZFzCAdNCc0wRNd42zK91lKlra+W7LciV8ze4g0Z8giJGnSYr2Gx9tra3VuIFWVZdSS06kuDygzBB+nVqbb1GaVxTgMrHEVNu3cuI1oXGCQzK8XSzCJXYEZSJA3imOUUrw9hALi/iXGuAsiWwhypljQ3CpLgMRmTad6Q/tKNPIvmNJN66CY6kZtKZHLWzA5d7lvgVFF7Y+2o95zabmKVPlONJIIjEnp/WAnQ0z8CBg6klBzpJVlYk80GBMDL6dDSbDKHxZZmUsMQ0TAIYXdDECdBG29Zk+psc10pDfxy9sLg8w0Nrf/6iToPWOlE2WQ8NvQCR5ajQHbz73umDNLPGjljhULAj7vMHQfvBEHKO3c7UZduFOHXQrKoy2tBqNbr5gTGupPUazQ/6pfIX+zfwXfZ7bC32kb3FiBvyXiJPTrSfhuT72CNvxt15v+dMaev0pr4G5bgINsEuJKnMT+HdgxBjTpB2Y+5LwC4WfzCbecC7rPo8yJ13J9P0J95FL6UH/aWg+8XIMHLa0Kzp5bEdPWfjRfj4IbVgR+bEH2f/AIqz02mPhQXi/nxl0OUK/hyGbKSDbgnpt7unxqfjG47LhxKxN/YgAfirpqfT6RQeA67mm8AW1+7ExB5fy9A9yOlLPtPH4mGheq9pjLeH+vdR/gm+RhyuZQOTbXcsTrJ19O5ilP2iXCb+HOYZeXUrtpc19nbU/M0uD/yMKa6BXxTIReCgk/eX0/8AuG0MmPSrftET+l4eF6JpOp1UR/vpVHF3/elSn747IV5/NckloGsid96n49vj73bzaxbUL3BnodPTvtWhfUhL7DPhAH7Wub/ulle5zW9Y+nwqP2XgGxfmTyXIEnQZbUjXbpXeD3B9+utIzhVXrmyyk9dpI6dtda99njgYe5lgE2rhbLJlot6Ey0fTYbUEu34Cj3/ItwKKLNnp+Lc0I7La201o7g1gNgtNxiXAzDSD5Qb5qzDtqKB4ZcnD2jyZvNaAWbQxbHftGnp8j+B3iMMmsf0l/ZJnXyzII21UfWifsCig4S5J1eSJEBYZsjOR7EmSCNNef53vw05mDK0jMdXcHLmxK5vaG4RW+ferMRlZWLXH0RtIZiItXBI13gTpryR2rzLbznKrk+YZlQAB5uOGhncGfSCD1pli6EnG8J5Z2thvL3ZrZIYLags2p0dmP+Ro/wAPuv3kAlFUFY5rhjLdyKNF9fhMbUs8RXEAIAfKbZjmUMVFjCbwCM0E7d6I8P3D94hRqS2pY+yMYgIiIOhEdojrTL6QK3HmKYCyXMPCAhfLb8uKaNT0XlEf4Ugx2GU3rWqqxxLC5KMIGayAQAdNOo70+e8BbaLaAi1PMbkaY24p1kbnm+Q2pHiroz2CbalfvVzKFN0aB7MmDJB06yKqLI1uU4TDgiwC1sfiKp/Db2ALPNqTzanm2OXpVmGwgCjLctk+aUPtqApW3qfUa6+zpQvDbwBsgKSRixEtcG/lfhnttttrR+Fu2vLOZGVRiGAIa5JcKpNswZUNERqvNtR6itIY2GcZdbcQltjmcRbJU5jy+0DG/Ly70Bcwrll9iM4ta3DqsrDGV225duXejbVyxmXmcnzAADcuAZpeLXNpqfy+zz0CLiFyM7gjFZY8xfYkg2wCNDo3L6iopEcSOH4YWNsEW+e6LR/EUws4eJkb6nk99CYbh7P5X4a8zlDrbksgtfGNToNdTNNcHcQG0Oc/0sKOZOYTaPlmR6Tl310NLML5eazmuNAxDgxkPL+BA23B3nX39ZqIojJ+I3Gt2rdtAqWAj3My6i4vmRkycvliBMb59elajD8RBCMqoM0ATm0aRmU6wI0H86xvDeIW2tssDWVEEQWgkMzba5vnNFcBBNxQ0sXkHXVSDzEAA67AHXXvWHLjT9ux0uHzSW19xjxZfMa/zEe0SJGXWF2y66t8BNZfD8KcKxBTVCWgAyBMzza7GnPGRFwnOfZLfvTLZvLWVjQ6sDtv8IDwGGNza4Vm2xgETlCsTMiCAJMbGDpTsbpCM3Uwjw/g8TbvWilxUVCHDLbtwikkMwBMTIYfyo29xHEqxVQMoJA/BXYGB0q3w0j+Ypa4xTJmYFlgoS6ZYAH5+aJA06bUvxF+9mbK75cxy8jezOn/ADO1SUqkyRgnFF32SmbzxJJezv2IvbRPak98zj1n/wBUvx/pR7+orZfZ5bssyqpcOLpGnKOQQQYGpGY+kHekfCzYTEHPnZvNusCJJi3mc5SfZIJB+dLvqbK07JEPtKWEwkx/7t0Mk/iprJ9TRmFX/wBk3Ij2bWp6f0hjttVnjtbaX8N7TD7s0yzHKAwIBWdD1jfUVfxRrLcOulDcn8AhQzAtIFwFFLTBDA/PsYq9ohVu2LPsrH47xrz299vZxMRWe4KsYlCd8t2IO34d3Sa3Pgy5hy4UZ0Id5zPlBCJB/Nrqxj3nqDSXw55aHK9u6GIYA8+pNzIN3knrHZutTWrZSWyA/tL1xdwNA5bY06fhKdT31mivHp/BsaiM1+e+l9P0q7xIUTiNwOrEF7CLzNJZ0EaZgBsfpVni02xbwzsrFWt3XAJIMFlbvv76q+2wVd9x99niA4QmJ9j36G5/r4Cl32ntlvYfYaddAf3mx95orhXF8Jh8Oj3S6LcCwAGb8g15Se6nvrQX2iXEF/DXLexVXGvWGYA6j00pcG9d15Cn9FX4EeLuMFu6wfvTxmJjW88H3a0V49vsuOtQRBVB6e0Rrr3ojGWPMCE3JFxy+WCpDSIkrrEuNQar8eJZXGjzASDby6MREEmTBGmh+VOUk5fkU41EK4Q7/tO6NIKf/wBW5+lR+zG9msXjI0t3Sd/4bVHcGFkYu6D+Zx+YwCEG8mBpVfgU2DYcEwy2W3YwSVttpm/MMwPx9KCUtnt4DjHfv5M5w+9KWhP5zsYEEKRodj/lTvw+zfdlICsRiLkCdNBbMH1oDgV8Gz5a3PL8vM4J1BLAkiSSQeQxp091F4ophuHi5uRdaRmJYhgltjB0mSTGg00iaNy3S+QFHay3iuJe3bYsiT5bfkk6Wrn02H9o96quYoG5nNxAPMj8q6C7jWJIjfnQn3z1rA47ipu6OzHQa5RMwQR7W2p+lF8H4vbS4DcQkFszEa6gu45Z1lnjfZR1mnadhVqx7x8ubKutwEKmVYZI/cYcnX0KddpiruA273mtcHmC2hfNcElAVxSMAzDQHKzaetLRxXBlAr23Ki2gIBynN5a23gSZMJb66QdNdLeHeLWS0cNZUrbu3XuXA5RlZy65TzWzEKiaDTQ1e9URadVvsM+KcQtm0+a5cebYQEZ50xT3V3I0CEL8B0oTgoz3MPBuR5l0qxYEBsisrLzagZGBE6Ge1GYDhguPNy2sFkL6uQC+VhorqApmBlA3Gm9fS7nhyxaskoltMitkIQjKSCDll9CZNA24rcZPRJrSmvufHsLhrgS0SxA+/EznQRokusnQaNp1ir8HjXUEKXk3GaCyLDzl2zcp0EqdNNa3nG+K4XDfv1TNBZLaLmuZZksc2ltTEyTrWfb7QrY/d4YhdxmuWxpAMwLZjTXeprlJdKBxyinc42vvRPgHDcVjQ7W2toquGYvcYQ+Um2yhUM6gSp00FDXOFYq1dyqEOa6t5iMzICXYESQInIJG0NpRVr7SLc/iYZo65LiEjfYG2OoPXpWn8N8Yw2MabN0ckG5bYNbuqvVgVaCuo1XTWq1Tit0VNxlO4ql4uzD4bB4sm1COScUbjsE0UBlCuC4jLCjrPLpXbXA8Yz8qIgVy6k2xoxgTLEyYVdSI0ra8Sx9vC2y9y6bdtWIWGdncyTlt82vvrJ8R+0tjK2LCrGma7cLmYnVVYL74OlUpTlugoZFC1pT+9iz/AIUxaxltmWY7G0kkHlPKZOmbvoTpT7w/4axFu6rXLQyxD6gkywk8o3IUfPvWXx3jHF3CrM1oFDnGVcuoAMMM3MJjQz261db8f4tTr92b0Nle4H5SPX5VcoykqZXNalqSo1+I8Mv5hcLClpZZaHBYMWJyyrbjTqinSaR4TwdctOXuXbSoy3FjPlPOjqoGYKAAW2B6nQ1fgPtMssQuIw+QHTPYY6Sd8hj36E1ueBYq2VF+3iBcsOpAZm2bQ5SDENodCJoG5RRSk5S3Md4f4DdQi594tC26ghUcDQqSBLDaWzaHcV254avEkjGqASYAuiB6Dnp9fxVu1h1vX7z27YVQArkFz5YGVANhr06geoK1/GuGk8r/AP7Lf+VVcpblKbQHhcdg7X7q6lrc8pAEmAT7M6xvNCXcXglVMrWs63HLuvlhijJBiRuTofeaWYrwWNIWymsFWe9vE6kxl0g9dzv0sseC7IUF3TrMOx9RBB76UNx72xtS8BH7SwJLFhaLEyWOWWnvEz0kmpXOM4LLBNszEZcwYBdFjSIGw91L7vhzCALFxNQTJc5fSZuD6fyq5uCYMKPLa00EnMWUyIGkMxB16+tW2vkml/BPEcewXmu+hnJlhdVItBHE+pnX3etRfxNhZkydQRIaB6AT2PvoN0wYIVWsEltWyKTt6nKonXb3d6BvW7BIKvbCsculpRGgZp9IMfCokvkrdeBwPEuGKuCTLIVVyrFw0qQ09CI39a9c8S4cjLCkA75LkxJO89Z19w7UD9wwjZArroJkWScx5tSQNjtlIMQDEbD2OD4Ul/xLgygNK23aVjmaSmgkx/qalR+SdXwMz4lwwmFXWN7bnYHaWP6dKL4p4kwtzyg9sza8sjQEFcgOSWmAcx+lJP2bbVCqr5kwc5DCEzQYzQAwBJ+Fdx+FtC9cNwjKrFcoYj2Vygae4VNMb2sjckaA+NcMNrCfHt8qC474qwt66t1kIIDAqCoBkgjWCdNdu9BKnD7fMFzFgNH5gDqTuD7p3929Tw2KwCAlbdvNBg5WIBI0gEEnXvt61SjFbpMjlJ92gm141tLdNxFYM7BmEiCcuUaZNNOx3rnDPGtu0MioxSMsEjWTJ1Cg+lDYnieHecwV9Vyzb1EAjcAE/HT3V29isKsDy7YzLJi2zaNBXUTB20PxFXS8MlvyGYHxlYtqVWyCCzHX1MxpGg2r3FvFdu/h7lg2gAVaI3DaEHmmdQKWjGYbSLaz62CRAGg9nf3fSiMPxG24y5VUaj9wQNRuOXTf9amlXdFapVVmRw+PA6H+7/40U2NA6MfcR/40Hh8LcI0Q9tSB+u9H4LhjOT5jC2ogn8zsJAIVV336kbfCtTaE0VNjR2J+K6T3p5wTBXtbhQW1jR7q9ACWyIdSY/q99aI4dcw1gA2rNxnB9t1Rn6eySQq6zsNj3onE8YVixaxdJnQyO7xqWn2SBExvpSZyb2QyMS7iN3ILkLcum4tpWdYVctrOAoUkSJyntqKa+HMVcuJcu+Vb5c1rbcFAWYATrr9B3rPNxlgTlwzkZSOZljUzsD39afeF8c1vCFSlxmeGY28mVSxgggtvAGo0g6VnyJ6f+x0aszPGOMLduXLj2j5jtmg3ARr0DZemwmNqTXOMKCQbMEdCw/8AH3UzwqoGJuAhtSOZQOkAjT/aicbaw7jnYE9DKAj3ENI+taYzrYRoszlziin/AJUf2h/KmvgW9/TEuIhDW1ZwBqGkZCrbcsOZ/wA6VY3hhVj5bLcE6QyzE6SJ1+Faf7N8HD3blweWFUKCY1ZjJA76KPmKvJOoNokI9SJ+K+N27lzLcRlNouoAAya3CxK9pzD/ALazV7iVsHS20e4fTvTXxFatnEXRnHtBpkRDAE9fUV3BYa1kKMyurawSsgxGhnTpUhNRiiONyYhbiNs/kP0qH363/AfkKYcU4KBzWiGXeM6Zx8J1/X0pK7AdKYpWC40Etibf8B/u1uvsz4qLSs2SbYUBkzaZ5JW4BGhjMP7VfOiwr6D9m3Djcs3GGq+YARAg5VB9f4qVxDqDGYl1HvEWPs4jKM8CxbIKMIgqxDZc2hOqgDfWs552G9f/AMf+VX8a4Xlv3llR+I/aYZgYA+VVfspu6/8AbVwaUULlDcZ4bw6LpzA3DB1zMdvlXF4Fb0HlsTMe2dI91bXgmGGSPjpp6dj0n+VCLhiHbUaemsx/v2pHV5H7GTxXArdvU2/7zdfcaIfw9bW15hRQPWTuPU1o+JYVWYAjbrMVe9sLZC9Bp8/lPWi0zruDcTKcP4KtySoAUekzptp76HsYHNcyAQJOug07nv7q1vDbWUMCZnQemh6UHgVHnkDU6nUf4kn9KlMloTYnhwtvk5Z2iBPxq3GYAWR63FIEddR9Kb8XBD5zHw3gDbt1rnEFFxAVLD2Ykkbx6k9RrPSqp7F6kc4LwBLihss/2iBoar8V8KS0VyJuQS285u/1+dPeB3zbItnmJgSST1PU60F4tueYCTy5QAYjqSRv7Xsnfv16LWpS3DdaRJgcKrOq9yPl/tVfiy2LV5EQQpiSJgzOnaR2q7gNvPcGU7E7iNV901d4js5rgBgEDaCRHoZEfKiiqluA+wLw7Cq11g2wE054Hw22y3GdQYUwD2AjTfX3bULwuxkc6zA/wHXc6aa014ZcCW2IGhMGZnp1mhk9woozC2lUv2B020rRYTh6NhgYBObsPlp/rSs5j2PmGNiT1PXXb59a0XAbs28oCiD/AAg7+tGk7TAbVUIb2FtgwoU6gGFBjXWYPSiMHw1H1KD3ZYj4GnN/D66x2/xqyxZjXvr1/nWymzMZbjPD1UTkA+np7qA4YhLxlAk/rsfWtZxTBC4NTA20/nSvD8NVWIDMD17HY9INXotE1bhfkAbjt0rWcNugWsoK+z6DpGxPeszfXSJ9+ny6104l10UrExqus6ajXTekSw2NU6BuKIjOeVe2w/wmlxwiE+xp7jRV1yxk76zG1dsAFiANRqSSemmwP60ccdCdQFb4ZbnRIPrI/Tb5038LcKtteIYkqV1BJgR7yfWoeUAM2u8R696u4dfdWzrBgneZkdtx9Kk8dqiRnTI+IPD9oMxXv3M+gGulIbnDXXZnjXqRtp2rT8VxjXACdOuny921CKh3kRsO/wA6kMbouWTcyt/B3erNvHtEdexiq34dcJ1195Hy1Nbu3glgBgrf2RvI11miMPwq3lnKu+2UDXXqPdRaKL1Nnzr9nFdWtq/oxjXTWVI/WtL4Yt3XteWi+UEJICEayfa1Mk+s7RTy9wm2NSJG8fp+tMeBWVQckAaTyDU799aTlg3GkHCdM+deIcJc8647iZIljHNCgAwB2FA+bc/rfL/KvqHEOGq5lgupEQDM6HXX+dZ+5wNJPvPX/KijF0DKe5//2Q==\" style=\"height:190px; width:266px\" /></p>', '2023-04-21 19:23:45', '2023-04-21 19:23:45');

-- --------------------------------------------------------

--
-- Cấu trúc bảng cho bảng `brand`
--

CREATE TABLE `brand` (
  `id` int(10) UNSIGNED NOT NULL,
  `brand_name` varchar(255) NOT NULL,
  `brand_des` text NOT NULL,
  `created_at` timestamp NULL DEFAULT NULL,
  `updated_at` timestamp NULL DEFAULT NULL
) ENGINE=InnoDB DEFAULT CHARSET=utf8mb4 COLLATE=utf8mb4_unicode_ci;

--
-- Đang đổ dữ liệu cho bảng `brand`
--

INSERT INTO `brand` (`id`, `brand_name`, `brand_des`, `created_at`, `updated_at`) VALUES
(1, 'Máy tính', 'Máy tiinhs des', NULL, NULL),
(2, 'tivi', 'tivi des', NULL, NULL),
(3, 'android', 'android', NULL, NULL),
(5, 'Laptop', 'laptop', NULL, NULL);

-- --------------------------------------------------------

--
-- Cấu trúc bảng cho bảng `category`
--

CREATE TABLE `category` (
  `id` int(10) UNSIGNED NOT NULL,
  `category_name` varchar(255) NOT NULL,
  `category_des` text NOT NULL,
  `created_at` timestamp NULL DEFAULT NULL,
  `updated_at` timestamp NULL DEFAULT NULL
) ENGINE=InnoDB DEFAULT CHARSET=utf8mb4 COLLATE=utf8mb4_unicode_ci;

--
-- Đang đổ dữ liệu cho bảng `category`
--

INSERT INTO `category` (`id`, `category_name`, `category_des`, `created_at`, `updated_at`) VALUES
(1, 'sony', 'sony', NULL, NULL),
(2, 'samsung', 'sadasa', NULL, NULL),
(3, 'iphone x', 'iphone x', NULL, NULL);

-- --------------------------------------------------------

--
-- Cấu trúc bảng cho bảng `comments`
--

CREATE TABLE `comments` (
  `id` int(10) UNSIGNED NOT NULL,
  `id_blog` int(11) NOT NULL,
  `id_user` int(11) NOT NULL,
  `name` varchar(255) NOT NULL,
  `avatar` varchar(255) NOT NULL,
  `comment` varchar(255) NOT NULL,
  `level` int(11) NOT NULL,
  `created_at` timestamp NULL DEFAULT NULL,
  `updated_at` timestamp NULL DEFAULT NULL
) ENGINE=InnoDB DEFAULT CHARSET=utf8mb4 COLLATE=utf8mb4_unicode_ci;

--
-- Đang đổ dữ liệu cho bảng `comments`
--

INSERT INTO `comments` (`id`, `id_blog`, `id_user`, `name`, `avatar`, `comment`, `level`, `created_at`, `updated_at`) VALUES
(1, 3, 4, 'Trần Minh Nghiã', '8be62c8da47664283d67.jpg', 'Comment8', 0, NULL, NULL),
(2, 1, 3, 'Trần Minh Nghiã', '8be62c8da47664283d67.jpg', 'Comment mới nhất blog 2', 0, NULL, NULL),
(3, 1, 3, 'Trần Minh Nghiã', '8be62c8da47664283d67.jpg', 'Comment mới 2 blog 1', 0, NULL, NULL),
(4, 1, 3, 'Trần Minh Nghiã', '8be62c8da47664283d67.jpg', 'Comment mới 3 blog 1', 1, NULL, NULL),
(5, 5, 3, 'Trần Minh Nghiã', '8be62c8da47664283d67.jpg', 'Comment blog 5', 0, NULL, NULL),
(17, 1, 3, 'Trần Minh Nghiã', '8be62c8da47664283d67.jpg', 'Comment mới', 0, NULL, NULL),
(18, 1, 3, 'Trần Minh Nghiã', '8be62c8da47664283d67.jpg', 'Comment replay mới nhất blog 1', 3, NULL, NULL),
(19, 1, 3, 'Trần Minh Nghiã', '8be62c8da47664283d67.jpg', 'Comment replay  mới 2 blog 1', 3, NULL, NULL),
(20, 1, 3, 'Trần Minh Nghiã', '8be62c8da47664283d67.jpg', 'Comment replay  mới 3 blog 1', 3, NULL, NULL),
(21, 5, 3, 'Trần Minh Nghiã', '8be62c8da47664283d67.jpg', 'Comment blog 5', 0, NULL, NULL),
(22, 1, 4, 'Trần Minh Nghiã', 'ineugE6.png', 'comment mosiw', 0, NULL, NULL),
(23, 1, 4, 'Trần Minh Nghiã', 'ineugE6.png', 'comment mới :43', 2, NULL, NULL),
(35, 1, 4, 'Trần Minh Nghiã', 'ineugE6.png', 'comment con 22', 22, NULL, NULL);

-- --------------------------------------------------------

--
-- Cấu trúc bảng cho bảng `country`
--

CREATE TABLE `country` (
  `id` int(10) UNSIGNED NOT NULL,
  `country_name` varchar(255) NOT NULL,
  `country_des` text NOT NULL,
  `created_at` timestamp NULL DEFAULT NULL,
  `updated_at` timestamp NULL DEFAULT NULL
) ENGINE=InnoDB DEFAULT CHARSET=utf8mb4 COLLATE=utf8mb4_unicode_ci;

--
-- Đang đổ dữ liệu cho bảng `country`
--

INSERT INTO `country` (`id`, `country_name`, `country_des`, `created_at`, `updated_at`) VALUES
(1, 'Đà Nẵng', '1', NULL, NULL),
(2, 'Sài Gòn', '2', NULL, NULL);

-- --------------------------------------------------------

--
-- Cấu trúc bảng cho bảng `failed_jobs`
--

CREATE TABLE `failed_jobs` (
  `id` bigint(20) UNSIGNED NOT NULL,
  `uuid` varchar(255) NOT NULL,
  `connection` text NOT NULL,
  `queue` text NOT NULL,
  `payload` longtext NOT NULL,
  `exception` longtext NOT NULL,
  `failed_at` timestamp NOT NULL DEFAULT current_timestamp()
) ENGINE=InnoDB DEFAULT CHARSET=utf8mb4 COLLATE=utf8mb4_unicode_ci;

-- --------------------------------------------------------

--
-- Cấu trúc bảng cho bảng `history`
--

CREATE TABLE `history` (
  `id_history` int(10) UNSIGNED NOT NULL,
  `email` varchar(255) NOT NULL,
  `phone` varchar(255) NOT NULL,
  `name` varchar(255) NOT NULL,
  `id_user` int(11) NOT NULL,
  `price` varchar(255) NOT NULL,
  `created_at` timestamp NULL DEFAULT NULL,
  `updated_at` timestamp NULL DEFAULT NULL
) ENGINE=InnoDB DEFAULT CHARSET=utf8mb4 COLLATE=utf8mb4_unicode_ci;

--
-- Đang đổ dữ liệu cho bảng `history`
--

INSERT INTO `history` (`id_history`, `email`, `phone`, `name`, `id_user`, `price`, `created_at`, `updated_at`) VALUES
(4, 'taikhoan10@gmail.com', '+84868723214', 'member', 36, '33000000', NULL, NULL),
(5, 'taikhoan10@gmail.com', '+84868723214', 'member', 36, '33000000', NULL, NULL),
(8, 'member1@gmail.com', '08687232111', 'Trần Minh Nghiã', 4, '33000000', NULL, NULL),
(9, 'member1@gmail.com', '08687232111', 'Trần Minh Nghiã', 4, '33000000', NULL, NULL),
(10, 'member1@gmail.com', '08687232111', 'Trần Minh Nghiã', 4, '33000000', NULL, NULL),
(11, 'member1@gmail.com', '08687232111', 'Trần Minh Nghiã', 4, '33000000', NULL, NULL),
(12, 'member1@gmail.com', '08687232111', 'Trần Minh Nghiã', 4, '33000000', NULL, NULL);

-- --------------------------------------------------------

--
-- Cấu trúc bảng cho bảng `migrations`
--

CREATE TABLE `migrations` (
  `id` int(10) UNSIGNED NOT NULL,
  `migration` varchar(255) NOT NULL,
  `batch` int(11) NOT NULL
) ENGINE=InnoDB DEFAULT CHARSET=utf8mb4 COLLATE=utf8mb4_unicode_ci;

--
-- Đang đổ dữ liệu cho bảng `migrations`
--

INSERT INTO `migrations` (`id`, `migration`, `batch`) VALUES
(1, '2014_10_12_000000_create_users_table', 1),
(2, '2014_10_12_100000_create_password_resets_table', 1),
(3, '2019_08_19_000000_create_failed_jobs_table', 1),
(4, '2019_12_14_000001_create_personal_access_tokens_table', 1),
(5, '2023_04_17_032748_update_users', 1),
(6, '2023_04_19_025420_create_country', 1),
(7, '2023_04_19_102522_create_blog', 1),
(8, '2023_04_22_032101_update_level_users', 2),
(9, '2023_04_26_093903_create_rate', 3),
(12, '2023_04_28_085726_create_comments', 4),
(15, '2023_05_11_104433_create_product', 5),
(16, '2023_05_11_111606_create_category', 6),
(17, '2023_05_11_111634_create_brand', 6),
(18, '2023_05_11_113652_create_sale', 7),
(19, '2023_05_17_100958_create_history', 8);

-- --------------------------------------------------------

--
-- Cấu trúc bảng cho bảng `password_resets`
--

CREATE TABLE `password_resets` (
  `email` varchar(255) NOT NULL,
  `token` varchar(255) NOT NULL,
  `created_at` timestamp NULL DEFAULT NULL
) ENGINE=InnoDB DEFAULT CHARSET=utf8mb4 COLLATE=utf8mb4_unicode_ci;

-- --------------------------------------------------------

--
-- Cấu trúc bảng cho bảng `personal_access_tokens`
--

CREATE TABLE `personal_access_tokens` (
  `id` bigint(20) UNSIGNED NOT NULL,
  `tokenable_type` varchar(255) NOT NULL,
  `tokenable_id` bigint(20) UNSIGNED NOT NULL,
  `name` varchar(255) NOT NULL,
  `token` varchar(64) NOT NULL,
  `abilities` text DEFAULT NULL,
  `last_used_at` timestamp NULL DEFAULT NULL,
  `created_at` timestamp NULL DEFAULT NULL,
  `updated_at` timestamp NULL DEFAULT NULL
) ENGINE=InnoDB DEFAULT CHARSET=utf8mb4 COLLATE=utf8mb4_unicode_ci;

-- --------------------------------------------------------

--
-- Cấu trúc bảng cho bảng `product`
--

CREATE TABLE `product` (
  `id` int(10) UNSIGNED NOT NULL,
  `name` varchar(255) NOT NULL,
  `price` varchar(255) NOT NULL,
  `id_user` int(11) NOT NULL,
  `id_category` int(11) NOT NULL,
  `id_brand` int(11) NOT NULL,
  `status` int(11) NOT NULL,
  `sale` int(11) DEFAULT NULL,
  `company` varchar(255) NOT NULL,
  `image` varchar(255) NOT NULL,
  `detail` varchar(255) NOT NULL,
  `created_at` timestamp NULL DEFAULT NULL,
  `updated_at` timestamp NULL DEFAULT NULL
) ENGINE=InnoDB DEFAULT CHARSET=utf8mb4 COLLATE=utf8mb4_unicode_ci;

--
-- Đang đổ dữ liệu cho bảng `product`
--

INSERT INTO `product` (`id`, `name`, `price`, `id_user`, `id_category`, `id_brand`, `status`, `sale`, `company`, `image`, `detail`, `created_at`, `updated_at`) VALUES
(12, 'Tai nghe Bluetooth trùm đầu PHILIPS TAH4205', '200', 3, 3, 3, 0, NULL, 'VN', '[\"tn.jpg\",\"tn1.jpg\",\"tn3.jpg\"]', 'Mua Tai nghe Tai nghe Bluetooth trùm đầu PHILIPS TAH4205 - Chính hãng Giá Rẻ, Nhiều Ưu Đãi Tại Hoàng Hà Mobile. Free Ship Toàn Quốc.', '2023-05-21 05:59:13', NULL),
(13, 'iPhone 14 Pro Max', '200', 3, 3, 3, 0, NULL, 'DN', '[\"ip.jpg\",\"ip2.jpg\",\"ip3.jpg\"]', 'Mua iPhone 14 Pro Max chính hãng với giá tốt kèm trả góp 0%. Có hàng tại siêu thị với nhiều ưu đãi hấp dẫn. Đa dạng màu sắc: Vàng, Bạc, Đen, Tím,... ...', '2023-05-12 05:59:20', NULL),
(14, 'SamSung A20', '450', 3, 2, 3, 0, NULL, 'ĐẮc Nông', '[\"samsung.jpg\",\"samsung1.jpg\",\"samsung3.jpg\"]', '[ Bán Lẻ = Giá Sỉ ] điện thoại Chính Hãng giá rẻ Vivo Y11 máy 2sim ram 6G/128G, Màn hình: IPS LCD6.35\"HD+, lướt Tiktok Zalo FB Youtube, chơi Liên Quân-Free Fire-PUBG mượt mà', '2023-05-19 05:59:26', NULL),
(19, 'Iphone', '900', 3, 1, 1, 0, NULL, 'ĐẮc Nông', '[\"W6MWBSm.jpg\",\"WtvihW2.jpg\",\"xXrtbJH.jpg\"]', 'aaaaaa', '2023-05-18 05:59:26', NULL),
(22, 'iPhone 12', '200', 3, 3, 3, 1, 20, 'DN', '[\"ip.jpg\",\"ip2.jpg\",\"ip3.jpg\"]', 'Mua iPhone 14 Pro Max chính hãng với giá tốt kèm trả góp 0%. Có hàng tại siêu thị với nhiều ưu đãi hấp dẫn. Đa dạng màu sắc: Vàng, Bạc, Đen, Tím,... ...', '2023-05-12 05:59:20', NULL),
(23, 'SamSung A14', '900', 3, 2, 3, 0, NULL, 'ĐẮc Nông', '[\"samsung.jpg\",\"samsung1.jpg\",\"samsung3.jpg\"]', '[ Bán Lẻ = Giá Sỉ ] điện thoại Chính Hãng giá rẻ Vivo Y11 máy 2sim ram 6G/128G, Màn hình: IPS LCD6.35\"HD+, lướt Tiktok Zalo FB Youtube, chơi Liên Quân-Free Fire-PUBG mượt mà', '2023-05-19 05:59:26', NULL),
(24, 'Tai nghe Bluetooth', '80', 3, 3, 3, 0, NULL, 'VN', '[\"tn.jpg\",\"tn1.jpg\",\"tn3.jpg\"]', 'Mua Tai nghe Tai nghe Bluetooth trùm đầu PHILIPS TAH4205 - Chính hãng Giá Rẻ, Nhiều Ưu Đãi Tại Hoàng Hà Mobile. Free Ship Toàn Quốc.', '2023-05-21 05:59:13', NULL),
(25, 'iPhone 14', '200', 3, 3, 3, 0, NULL, 'DN', '[\"ip.jpg\",\"ip2.jpg\",\"ip3.jpg\"]', 'Mua iPhone 14 Pro Max chính hãng với giá tốt kèm trả góp 0%. Có hàng tại siêu thị với nhiều ưu đãi hấp dẫn. Đa dạng màu sắc: Vàng, Bạc, Đen, Tím,... ...', '2023-05-12 05:59:20', NULL),
(26, 'Untra ', '200', 3, 3, 3, 0, NULL, 'DN', '[\"ip.jpg\",\"ip2.jpg\",\"ip3.jpg\"]', 'Mua iPhone 14 Pro Max chính hãng với giá tốt kèm trả góp 0%. Có hàng tại siêu thị với nhiều ưu đãi hấp dẫn. Đa dạng màu sắc: Vàng, Bạc, Đen, Tím,... ...', '2023-05-12 05:59:20', NULL),
(27, 'Smart Tivi FFalcon 43 inch 43SF1', '450', 3, 2, 3, 1, 10, 'ĐẮc Nông', '[\"tv.jpg\",\"tv1.jpg\",\"tv3.jpg\"]', '[ Bán Lẻ = Giá Sỉ ] điện thoại Chính Hãng giá rẻ Vivo Y11 máy 2sim ram 6G/128G, Màn hình: IPS LCD6.35\"HD+, lướt Tiktok Zalo FB Youtube, chơi Liên Quân-Free Fire-PUBG mượt mà', '2023-05-19 05:59:26', NULL),
(28, '58 inch UHD 4K AU7000', '900', 3, 1, 2, 1, 20, 'QT', '[\"58 inch UHD.jpg\",\"58 inch UHD1.jpg\",\"58 inch UHD2.jpg\"]', '- Từ 18-31.5, nhập mã FESTIVAL giảm ngay 8%.\r\n- THU CŨ ĐỔI MỚI, nhận ngay ưu đãi giảm trừ trực tiếp tại giỏ hàng. Ưu đãi có hạn.', '2023-05-24 12:42:28', NULL);

-- --------------------------------------------------------

--
-- Cấu trúc bảng cho bảng `rate`
--

CREATE TABLE `rate` (
  `id` int(10) UNSIGNED NOT NULL,
  `id_blog` int(11) NOT NULL,
  `id_user` int(11) NOT NULL,
  `rate` int(11) NOT NULL,
  `created_at` timestamp NULL DEFAULT NULL,
  `updated_at` timestamp NULL DEFAULT NULL
) ENGINE=InnoDB DEFAULT CHARSET=utf8mb4 COLLATE=utf8mb4_unicode_ci;

--
-- Đang đổ dữ liệu cho bảng `rate`
--

INSERT INTO `rate` (`id`, `id_blog`, `id_user`, `rate`, `created_at`, `updated_at`) VALUES
(1, 1, 3, 4, NULL, NULL),
(2, 1, 6, 3, NULL, NULL),
(3, 3, 3, 5, NULL, NULL),
(4, 5, 3, 5, NULL, NULL),
(5, 5, 3, 5, NULL, NULL),
(6, 4, 4, 5, NULL, NULL),
(7, 5, 4, 3, NULL, NULL),
(8, 1, 4, 3, NULL, NULL),
(9, 1, 36, 4, NULL, NULL);

-- --------------------------------------------------------

--
-- Cấu trúc bảng cho bảng `sale`
--

CREATE TABLE `sale` (
  `id` int(10) UNSIGNED NOT NULL,
  `method` varchar(255) NOT NULL,
  `created_at` timestamp NULL DEFAULT NULL,
  `updated_at` timestamp NULL DEFAULT NULL
) ENGINE=InnoDB DEFAULT CHARSET=utf8mb4 COLLATE=utf8mb4_unicode_ci;

--
-- Đang đổ dữ liệu cho bảng `sale`
--

INSERT INTO `sale` (`id`, `method`, `created_at`, `updated_at`) VALUES
(1, '%', NULL, NULL);

-- --------------------------------------------------------

--
-- Cấu trúc bảng cho bảng `users`
--

CREATE TABLE `users` (
  `id` bigint(20) UNSIGNED NOT NULL,
  `name` varchar(255) NOT NULL,
  `email` varchar(255) NOT NULL,
  `email_verified_at` timestamp NULL DEFAULT NULL,
  `password` varchar(255) NOT NULL,
  `phone` varchar(255) DEFAULT NULL,
  `address` varchar(255) DEFAULT NULL,
  `id_country` varchar(255) DEFAULT NULL,
  `avatar` varchar(255) DEFAULT NULL,
  `remember_token` varchar(100) DEFAULT NULL,
  `level` int(10) UNSIGNED NOT NULL DEFAULT 1 COMMENT '1:admin 0:member',
  `created_at` timestamp NULL DEFAULT NULL,
  `updated_at` timestamp NULL DEFAULT NULL
) ENGINE=InnoDB DEFAULT CHARSET=utf8mb4 COLLATE=utf8mb4_unicode_ci;

--
-- Đang đổ dữ liệu cho bảng `users`
--

INSERT INTO `users` (`id`, `name`, `email`, `email_verified_at`, `password`, `phone`, `address`, `id_country`, `avatar`, `remember_token`, `level`, `created_at`, `updated_at`) VALUES
(1, 'Trần Minh Nghiã', 'admin@gmail.com', NULL, '$2y$10$RoIRllzmSeB1T2IXj240ZuNbd6nlIEvM0GwtbXOudlo/T2BXnQUmW', '086872314', 'Thôn 1, Quảng Tân - Tuy Đức - Đăk Nông new', '2', 'ineugE6.png', NULL, 1, '2023-04-21 18:52:20', '2023-04-23 11:05:10'),
(2, 'nghia', 'a@gmail.com', NULL, '$2y$10$RoIRllzmSeB1T2IXj240ZuNbd6nlIEvM0GwtbXOudlo/T2BXnQUmW', '11111111111', '11111111', '1', NULL, NULL, 0, NULL, NULL),
(3, 'Trần Minh Nghiã', 'member@gmail.com', NULL, '$2y$10$crK5/HimdTC98PnxLftCe.08LZiS8Q34L.QgNglSD6DwstI53DM6m', '0868723124', 'Thôn 1, Quảng Tân - Tuy Đức - Đăk Nông', '1', '8be62c8da47664283d67.jpg', NULL, 0, '2023-04-21 21:07:27', '2023-05-10 03:24:32'),
(4, 'Trần Minh Nghiã', 'member1@gmail.com', NULL, '$2y$10$crK5/HimdTC98PnxLftCe.08LZiS8Q34L.QgNglSD6DwstI53DM6m', '08687232111', 'New', '1', 'ineugE6.png', NULL, 0, '2023-04-22 22:29:59', '2023-04-22 22:29:59'),
(6, 'Trần Minh Nghiã', 'member2@gmail.com', NULL, '$2y$10$v35XQ8KgIYCP7cc6FUVe6OMzrA7kCC8eujxlSo4McpyEoP42YEd/S', '+84868723214', 'Thôn 1, Quảng Tân - Tuy Đức - Đăk Nông', '1', '8be62c8da47664283d67.jpg', NULL, 0, '2023-04-27 01:32:34', '2023-04-27 01:32:34'),
(8, 'Trần Minh Nghiã', 'member3@gmail.com', NULL, '$2y$10$2j5Z3on94lR0dlX6XtMskeQpodFDX4NgQ9SwBufP7LYVXG9OldE3S', '+84868723214', 'Thôn 1, Quảng Tân - Tuy Đức - Đăk Nông', '1', 'WtvihW2.jpg', NULL, 1, '2023-05-17 02:52:47', '2023-05-17 02:52:47'),
(25, 'Trần Minh Nghiã', 'member4@gmail.com', NULL, '$2y$10$YWo9cawXU62Ew/PKo2KobO8yzdY1E5hsUd8Ve4bXmkGIYNwTT3WMS', '+84868723214', 'Thôn 1, Quảng Tân - Tuy Đức - Đăk Nông', '1', 'WtvihW2.jpg', NULL, 0, '2023-05-17 03:21:06', '2023-05-17 03:21:06'),
(26, 'Trần Minh Nghiã', 'member5@gmail.com', NULL, '$2y$10$W2IQ33C.F/..YTQl4sKn5O7hFtR9WyP/60NEIoVAZ45pQuAWviiJq', '+84868723214', 'Thôn 1, Quảng Tân - Tuy Đức - Đăk Nông', '1', 'WtvihW2.jpg', NULL, 0, '2023-05-17 03:23:00', '2023-05-17 03:23:00'),
(28, 'Trần Minh Nghiã', 'member6@gmail.com', NULL, '$2y$10$MQf6Jom89wcuT77bqVIcA.IKFVatyE.gUnu0TVTdjVf7G2AAHluv.', '+84868723214', 'Thôn 1, Quảng Tân - Tuy Đức - Đăk Nông', '1', 'WtvihW2.jpg', NULL, 0, '2023-05-17 03:24:02', '2023-05-17 03:24:02'),
(29, 'Trần Minh Nghiã', 'member7@gmail.com', NULL, '$2y$10$s6e09UHidgnhCBIQY5lYbOqCJEBhjUh29.IojwnKnhvgQ89PdiQHi', '+84868723214', 'Thôn 1, Quảng Tân - Tuy Đức - Đăk Nông', '1', 'xXrtbJH.jpg', NULL, 0, '2023-05-17 03:25:10', '2023-05-17 03:25:10'),
(31, 'Trần Minh Nghiã', 'member8@gmail.com', NULL, '$2y$10$9Zbz75aCNxbshh9hRxvbB.oNffDyNC0n3ISWvgRSaj0/yGmi7/t.a', '+84868723214', 'Thôn 1, Quảng Tân - Tuy Đức - Đăk Nông', '1', 'xXrtbJH.jpg', NULL, 0, '2023-05-17 03:25:47', '2023-05-17 03:25:47'),
(32, 'Trần Minh Nghiã', 'taikhoan1@gmail.com', NULL, '$2y$10$xWQsbN56Lm.5/DVyk39w9.d9jy6/iE8PQHrv.6FQAzzUpo.mecKNm', '+84868723214', 'Thôn 1, Quảng Tân - Tuy Đức - Đăk Nông', '1', 'xXrtbJH.jpg', NULL, 0, '2023-05-17 03:39:16', '2023-05-17 03:39:16'),
(35, 'Trần Minh Nghiã', 'taikhoan0@gmail.com', NULL, '$2y$10$R9hQ2AbKl6F6Du4bXwdb9e53bYF41/0S4haUFDJ1zHa6Zw7ZMs7tO', '+84868723214', 'Thôn 1, Quảng Tân - Tuy Đức - Đăk Nông', '1', 'W6MWBSm.jpg', NULL, 0, '2023-05-17 14:22:10', '2023-05-17 14:22:10'),
(36, 'member', 'taikhoan10@gmail.com', NULL, '$2y$10$68Z3vhdYSQFD/SqNi9uO4eLeqg/xt4LyBHK0fPi4vB40w/e/.XSPm', '+84868723214', 'Thôn 1, Quảng Tân - Tuy Đức - Đăk Nông', '1', 'new1 - Copy.png', NULL, 0, '2023-05-18 06:31:48', '2023-05-18 06:31:48');

--
-- Chỉ mục cho các bảng đã đổ
--

--
-- Chỉ mục cho bảng `blog`
--
ALTER TABLE `blog`
  ADD PRIMARY KEY (`id`);

--
-- Chỉ mục cho bảng `brand`
--
ALTER TABLE `brand`
  ADD PRIMARY KEY (`id`);

--
-- Chỉ mục cho bảng `category`
--
ALTER TABLE `category`
  ADD PRIMARY KEY (`id`);

--
-- Chỉ mục cho bảng `comments`
--
ALTER TABLE `comments`
  ADD PRIMARY KEY (`id`);

--
-- Chỉ mục cho bảng `country`
--
ALTER TABLE `country`
  ADD PRIMARY KEY (`id`);

--
-- Chỉ mục cho bảng `failed_jobs`
--
ALTER TABLE `failed_jobs`
  ADD PRIMARY KEY (`id`),
  ADD UNIQUE KEY `failed_jobs_uuid_unique` (`uuid`);

--
-- Chỉ mục cho bảng `history`
--
ALTER TABLE `history`
  ADD PRIMARY KEY (`id_history`);

--
-- Chỉ mục cho bảng `migrations`
--
ALTER TABLE `migrations`
  ADD PRIMARY KEY (`id`);

--
-- Chỉ mục cho bảng `password_resets`
--
ALTER TABLE `password_resets`
  ADD KEY `password_resets_email_index` (`email`);

--
-- Chỉ mục cho bảng `personal_access_tokens`
--
ALTER TABLE `personal_access_tokens`
  ADD PRIMARY KEY (`id`),
  ADD UNIQUE KEY `personal_access_tokens_token_unique` (`token`),
  ADD KEY `personal_access_tokens_tokenable_type_tokenable_id_index` (`tokenable_type`,`tokenable_id`);

--
-- Chỉ mục cho bảng `product`
--
ALTER TABLE `product`
  ADD PRIMARY KEY (`id`);

--
-- Chỉ mục cho bảng `rate`
--
ALTER TABLE `rate`
  ADD PRIMARY KEY (`id`);

--
-- Chỉ mục cho bảng `sale`
--
ALTER TABLE `sale`
  ADD PRIMARY KEY (`id`);

--
-- Chỉ mục cho bảng `users`
--
ALTER TABLE `users`
  ADD PRIMARY KEY (`id`),
  ADD UNIQUE KEY `users_email_unique` (`email`);

--
-- AUTO_INCREMENT cho các bảng đã đổ
--

--
-- AUTO_INCREMENT cho bảng `blog`
--
ALTER TABLE `blog`
  MODIFY `id` int(10) UNSIGNED NOT NULL AUTO_INCREMENT, AUTO_INCREMENT=9;

--
-- AUTO_INCREMENT cho bảng `brand`
--
ALTER TABLE `brand`
  MODIFY `id` int(10) UNSIGNED NOT NULL AUTO_INCREMENT, AUTO_INCREMENT=6;

--
-- AUTO_INCREMENT cho bảng `category`
--
ALTER TABLE `category`
  MODIFY `id` int(10) UNSIGNED NOT NULL AUTO_INCREMENT, AUTO_INCREMENT=4;

--
-- AUTO_INCREMENT cho bảng `comments`
--
ALTER TABLE `comments`
  MODIFY `id` int(10) UNSIGNED NOT NULL AUTO_INCREMENT, AUTO_INCREMENT=36;

--
-- AUTO_INCREMENT cho bảng `country`
--
ALTER TABLE `country`
  MODIFY `id` int(10) UNSIGNED NOT NULL AUTO_INCREMENT, AUTO_INCREMENT=3;

--
-- AUTO_INCREMENT cho bảng `failed_jobs`
--
ALTER TABLE `failed_jobs`
  MODIFY `id` bigint(20) UNSIGNED NOT NULL AUTO_INCREMENT;

--
-- AUTO_INCREMENT cho bảng `history`
--
ALTER TABLE `history`
  MODIFY `id_history` int(10) UNSIGNED NOT NULL AUTO_INCREMENT, AUTO_INCREMENT=13;

--
-- AUTO_INCREMENT cho bảng `migrations`
--
ALTER TABLE `migrations`
  MODIFY `id` int(10) UNSIGNED NOT NULL AUTO_INCREMENT, AUTO_INCREMENT=20;

--
-- AUTO_INCREMENT cho bảng `personal_access_tokens`
--
ALTER TABLE `personal_access_tokens`
  MODIFY `id` bigint(20) UNSIGNED NOT NULL AUTO_INCREMENT;

--
-- AUTO_INCREMENT cho bảng `product`
--
ALTER TABLE `product`
  MODIFY `id` int(10) UNSIGNED NOT NULL AUTO_INCREMENT, AUTO_INCREMENT=29;

--
-- AUTO_INCREMENT cho bảng `rate`
--
ALTER TABLE `rate`
  MODIFY `id` int(10) UNSIGNED NOT NULL AUTO_INCREMENT, AUTO_INCREMENT=10;

--
-- AUTO_INCREMENT cho bảng `sale`
--
ALTER TABLE `sale`
  MODIFY `id` int(10) UNSIGNED NOT NULL AUTO_INCREMENT, AUTO_INCREMENT=2;

--
-- AUTO_INCREMENT cho bảng `users`
--
ALTER TABLE `users`
  MODIFY `id` bigint(20) UNSIGNED NOT NULL AUTO_INCREMENT, AUTO_INCREMENT=37;
COMMIT;

/*!40101 SET CHARACTER_SET_CLIENT=@OLD_CHARACTER_SET_CLIENT */;
/*!40101 SET CHARACTER_SET_RESULTS=@OLD_CHARACTER_SET_RESULTS */;
/*!40101 SET COLLATION_CONNECTION=@OLD_COLLATION_CONNECTION */;
