-- phpMyAdmin SQL Dump
-- version 4.9.7
-- https://www.phpmyadmin.net/
--
-- Host: localhost:3306
-- Generation Time: Apr 11, 2022 at 09:10 AM
-- Server version: 10.3.34-MariaDB-cll-lve
-- PHP Version: 7.4.28

SET SQL_MODE = "NO_AUTO_VALUE_ON_ZERO";
SET AUTOCOMMIT = 0;
START TRANSACTION;
SET time_zone = "+00:00";


/*!40101 SET @OLD_CHARACTER_SET_CLIENT=@@CHARACTER_SET_CLIENT */;
/*!40101 SET @OLD_CHARACTER_SET_RESULTS=@@CHARACTER_SET_RESULTS */;
/*!40101 SET @OLD_COLLATION_CONNECTION=@@COLLATION_CONNECTION */;
/*!40101 SET NAMES utf8mb4 */;

--
-- Database: `mathsocm_db2`
--

-- --------------------------------------------------------

--
-- Table structure for table `ewent`
--

CREATE TABLE `ewent` (
  `id` int(11) NOT NULL,
  `body_mon` text CHARACTER SET utf8 COLLATE utf8_bin NOT NULL,
  `title_mon` varchar(255) CHARACTER SET utf8 COLLATE utf8_bin NOT NULL,
  `time_s` date NOT NULL,
  `body_en` text CHARACTER SET utf8 COLLATE utf8_bin NOT NULL,
  `title_en` varchar(255) CHARACTER SET utf8 COLLATE utf8_bin NOT NULL,
  `photo` varchar(500) CHARACTER SET utf8 COLLATE utf8_bin NOT NULL,
  `user` int(11) NOT NULL,
  `end_time` datetime NOT NULL
) ENGINE=InnoDB DEFAULT CHARSET=utf8;

--
-- Dumping data for table `ewent`
--

INSERT INTO `ewent` (`id`, `body_mon`, `title_mon`, `time_s`, `body_en`, `title_en`, `photo`, `user`, `end_time`) VALUES
(3, '&lt;p&gt;&lt;img alt=&quot;An image&quot; class=&quot;img-fluid&quot; src=&quot;https://sas.num.edu.mn/mn/wp-content/uploads/2021/04/math_esh1-2.jpg&quot;  /&gt;&lt;/p&gt;\r\n\r\n&lt;p&gt;Ð¥ÑƒÑ€Ð°Ð»Ð´ Ð±Ò¯Ñ€Ñ‚Ð³Ò¯Ò¯Ð»ÑÑ… Ð»Ð¸Ð½Ðº:&amp;nbsp;&lt;/p&gt;\r\n\r\n&lt;p&gt;&lt;a href=&quot;https://docs.google.com/forms/d/e/1FAIpQLSeD_m96qz_GRfXx8Uvdd7w6rmY7zWiMW8PoZH23WrKBePcIyg/viewform?vc=0&amp;amp;c=0&amp;amp;w=1&amp;amp;flr=0&quot; id=&quot;LPlnk&quot; rel=&quot;noopener noreferrer&quot; target=&quot;_blank&quot;&gt;https://docs.google.com/forms/d/e/1FAIpQLSeD_m96qz_GRfXx8Uvdd7w6rmY7zWiMW8PoZH23WrKBePcIyg/viewform?vc=0&amp;amp;c=0&amp;amp;w=1&amp;amp;flr=0&lt;/a&gt;&lt;/p&gt;\r\n', 'â€œÐœÐ°Ñ‚ÐµÐ¼Ð°Ñ‚Ð¸Ðºâ€ Ð­Ñ€Ð´ÑÐ¼ Ð¨Ð¸Ð½Ð¶Ð¸Ð»Ð³ÑÑÐ½Ð¸Ð¹ Ð¦Ð°Ñ…Ð¸Ð¼ Ð¥ÑƒÑ€Ð°Ð» 2021', '2021-05-06', '&lt;p&gt;&lt;img alt=&quot;An image&quot; class=&quot;img-fluid&quot; src=&quot;https://sas.num.edu.mn/mn/wp-content/uploads/2021/04/math_esh1-2.jpg&quot;  /&gt;&lt;/p&gt;\r\n\r\n&lt;p&gt;Link to register for the meeting:&lt;/p&gt;\r\n\r\n&lt;p&gt;&lt;a href=&quot;https://docs.google.com/forms/d/e/1FAIpQLSeD_m96qz_GRfXx8Uvdd7w6rmY7zWiMW8PoZH23WrKBePcIyg/viewform?vc=0&amp;amp;c=0&amp;amp;w=1&amp;amp;flr=0&quot; id=&quot;LPlnk&quot; rel=&quot;noopener noreferrer&quot; target=&quot;_blank&quot;&gt;https://docs.google.com/forms/d/e/1FAIpQLSeD_m96qz_GRfXx8Uvdd7w6rmY7zWiMW8PoZH23WrKBePcIyg/viewform?vc=0&amp;amp;c=0&amp;amp;w=1&amp;amp;flr=0&lt;/a&gt;&lt;/p&gt;\r\n', 'â€œMathematicsâ€ Scientific e-Conference 2021', 'https://sas.num.edu.mn/mn/wp-content/uploads/2021/04/math_esh1-2.jpg', 89893218, '2021-05-08 15:05:00'),
(5, '&lt;p&gt;2021 Ð¾Ð½Ñ‹ 4 ÑÐ°Ñ€Ñ‹Ð½ 12, 4 ÑÐ°Ñ€Ñ‹Ð½ 13-Ð½Ñ‹ Ó©Ð´Ñ€Ò¯Ò¯Ð´ÑÐ´ ÐœÐ°Ñ‚ÐµÐ¼Ð°Ñ‚Ð¸ÐºÐ¸Ð¹Ð½ Ñ‚ÑÐ½Ñ…Ð¸Ð¼Ð¸Ð¹Ð½ Ð¿Ñ€Ð¾Ñ„ÐµÑÑÐ¾Ñ€, Ð±Ð°Ð³Ñˆ Ð½Ð°Ñ€Ñ‹Ð½ Ð¾Ð½Ð¾Ð»Ñ‹Ð½ ÑÐµÐ¼Ð¸Ð½Ð°Ñ€ Ð°Ð¼Ð¶Ð¸Ð»Ñ‚Ñ‚Ð°Ð¹ Ð·Ð¾Ñ…Ð¸Ð¾Ð½ Ð±Ð°Ð¹Ð³ÑƒÑƒÐ»Ð°Ð³Ð´Ð»Ð°Ð°. &amp;quot;MyMUST Add-ons, Py_Bots, Google scripts&amp;quot; ÑÑÐ´Ð²ÑÑÑ€ Ð°Ñ…Ð»Ð°Ñ… Ð±Ð°Ð³Ñˆ Ð .Ð§Ð¾Ð¹ÑÒ¯Ñ€ÑÐ½, &amp;quot;ÐšÑ€Ð¸Ð¿Ñ‚Ð¾Ð»Ð¾Ð³Ð¸&amp;quot; ÑÑÐ´Ð²ÑÑÑ€ Ð°Ñ…Ð»Ð°Ñ… Ð±Ð°Ð³Ñˆ Ð¥.Ð­Ð½Ñ…Ð±Ð°ÑÑ€, &amp;quot;ÐœÐ°Ñ‚Ð»Ð°Ð± Ð¿Ñ€Ð¾Ð³Ñ€Ð°Ð¼ Ð°ÑˆÐ¸Ð³Ð»Ð°Ð½ Ð¿Ð°Ñ€Ð°Ð¼ÐµÑ‚Ñ€Ñ‚ Ñ‚ÑÐ³ÑˆÐ¸Ñ‚Ð³ÑÐ»ÑÑÑ€ ÐœÐ°Ð½Ð´Ð°Ð»Ð°&amp;nbsp;Ð±Ò¯Ñ‚ÑÑÑ…&amp;quot; ÑÑÐ²ÑÑÑ€ Ð°Ñ…Ð»Ð°Ñ… Ð±Ð°Ð³Ñˆ, Ð´Ð¾ÐºÑ‚Ð¾Ñ€(Ph.D) Ð¦.Ð¦Ð¾Ð³Ð·Ð¾Ð»Ð¼Ð°Ð°, &amp;quot;Spectra of some graph bundles&amp;quot;&amp;nbsp;ÑÑÐ²ÑÑÑ€ Ð°Ñ…Ð»Ð°Ñ… Ð±Ð°Ð³Ñˆ,&amp;nbsp;Ð´Ð¾ÐºÑ‚Ð¾Ñ€(Ph.D) Ð”.Ð‘Ð°Ñ‚Ð½Ð°ÑÐ°Ð½, &amp;quot;Geometrically designed, variable knot regression splines&amp;quot;&amp;nbsp;ÑÑÐ²ÑÑÑ€ Ð°Ñ…Ð»Ð°Ñ… Ð±Ð°Ð³Ñˆ Ð¢.Ð“ÑÑ€ÑÐ»Ñ‚ÑƒÑÐ°, &amp;quot;EIT and its applications&amp;quot; ÑÑÐ²ÑÑÑ€ Ð±Ð°Ð³Ñˆ Ð–.ÐÑ€Ð¸ÑƒÐ½Ð³ÑÑ€ÑÐ» Ð½Ð°Ñ€ Ð¾Ð½Ð¾Ð»Ñ‹Ð½ ÑÐµÐ¼Ð¸Ð½Ð°Ñ€Ñ‚ Ð¾Ñ€Ð¾Ð»Ñ†Ð»Ð¾Ð¾. ÐžÐ½Ð¾Ð»Ñ‹Ð½ ÑÐµÐ¼Ð¸Ð½Ð°Ñ€Ñ‹Ð½ ÑƒÐ´Ð¸Ñ€Ð´Ð°Ð³Ñ‡Ð°Ð°Ñ€ Ð¿Ñ€Ð¾Ñ„ÐµÑÑÐ¾Ñ€, Ð´Ð¾ÐºÑ‚Ð¾Ñ€(Sc.D) Ð”.Ð¦ÑÐ´ÑÐ½Ð±Ð°ÑÑ€ Ð°Ð¶Ð¸Ð»Ð»Ð°Ð°.&lt;/p&gt;\r\n', 'ÐŸÑ€Ð¾Ñ„ÐµÑÑÐ¾Ñ€, Ð±Ð°Ð³Ñˆ Ð½Ð°Ñ€Ñ‹Ð½Ñ…Ð°Ð° Ñ†Ð°Ð°ÑˆÐ´Ñ‹Ð½ ÑÑ€Ð´ÑÐ¼ ÑÑƒÐ´Ð»Ð°Ð»Ñ‹Ð½ Ð°Ð¶Ð¸Ð»Ð´ Ð½ÑŒ Ó©Ð½Ð´Ñ€Ó©Ó©Ñ Ó©Ð½Ð´Ó©Ñ€ Ð°Ð¼Ð¶Ð¸Ð»Ñ‚ Ñ…Ò¯ÑÑŒÐµ', '2021-05-11', '&lt;p&gt;2021 Ð¾Ð½Ñ‹ 4 ÑÐ°Ñ€Ñ‹Ð½ 12, 4 ÑÐ°Ñ€Ñ‹Ð½ 13-Ð½Ñ‹ Ó©Ð´Ñ€Ò¯Ò¯Ð´ÑÐ´ ÐœÐ°Ñ‚ÐµÐ¼Ð°Ñ‚Ð¸ÐºÐ¸Ð¹Ð½ Ñ‚ÑÐ½Ñ…Ð¸Ð¼Ð¸Ð¹Ð½ Ð¿Ñ€Ð¾Ñ„ÐµÑÑÐ¾Ñ€, Ð±Ð°Ð³Ñˆ Ð½Ð°Ñ€Ñ‹Ð½ Ð¾Ð½Ð¾Ð»Ñ‹Ð½ ÑÐµÐ¼Ð¸Ð½Ð°Ñ€ Ð°Ð¼Ð¶Ð¸Ð»Ñ‚Ñ‚Ð°Ð¹ Ð·Ð¾Ñ…Ð¸Ð¾Ð½ Ð±Ð°Ð¹Ð³ÑƒÑƒÐ»Ð°Ð³Ð´Ð»Ð°Ð°. &amp;quot;MyMUST Add-ons, Py_Bots, Google scripts&amp;quot; ÑÑÐ´Ð²ÑÑÑ€ Ð°Ñ…Ð»Ð°Ñ… Ð±Ð°Ð³Ñˆ Ð .Ð§Ð¾Ð¹ÑÒ¯Ñ€ÑÐ½, &amp;quot;ÐšÑ€Ð¸Ð¿Ñ‚Ð¾Ð»Ð¾Ð³Ð¸&amp;quot; ÑÑÐ´Ð²ÑÑÑ€ Ð°Ñ…Ð»Ð°Ñ… Ð±Ð°Ð³Ñˆ Ð¥.Ð­Ð½Ñ…Ð±Ð°ÑÑ€, &amp;quot;ÐœÐ°Ñ‚Ð»Ð°Ð± Ð¿Ñ€Ð¾Ð³Ñ€Ð°Ð¼ Ð°ÑˆÐ¸Ð³Ð»Ð°Ð½ Ð¿Ð°Ñ€Ð°Ð¼ÐµÑ‚Ñ€Ñ‚ Ñ‚ÑÐ³ÑˆÐ¸Ñ‚Ð³ÑÐ»ÑÑÑ€ ÐœÐ°Ð½Ð´Ð°Ð»Ð°&amp;nbsp;Ð±Ò¯Ñ‚ÑÑÑ…&amp;quot; ÑÑÐ²ÑÑÑ€ Ð°Ñ…Ð»Ð°Ñ… Ð±Ð°Ð³Ñˆ, Ð´Ð¾ÐºÑ‚Ð¾Ñ€(Ph.D) Ð¦.Ð¦Ð¾Ð³Ð·Ð¾Ð»Ð¼Ð°Ð°, &amp;quot;Spectra of some graph bundles&amp;quot;&amp;nbsp;ÑÑÐ²ÑÑÑ€ Ð°Ñ…Ð»Ð°Ñ… Ð±Ð°Ð³Ñˆ,&amp;nbsp;Ð´Ð¾ÐºÑ‚Ð¾Ñ€(Ph.D) Ð”.Ð‘Ð°Ñ‚Ð½Ð°ÑÐ°Ð½, &amp;quot;Geometrically designed, variable knot regression splines&amp;quot;&amp;nbsp;ÑÑÐ²ÑÑÑ€ Ð°Ñ…Ð»Ð°Ñ… Ð±Ð°Ð³Ñˆ Ð¢.Ð“ÑÑ€ÑÐ»Ñ‚ÑƒÑÐ°, &amp;quot;EIT and its applications&amp;quot; ÑÑÐ²ÑÑÑ€ Ð±Ð°Ð³Ñˆ Ð–.ÐÑ€Ð¸ÑƒÐ½Ð³ÑÑ€ÑÐ» Ð½Ð°Ñ€ Ð¾Ð½Ð¾Ð»Ñ‹Ð½ ÑÐµÐ¼Ð¸Ð½Ð°Ñ€Ñ‚ Ð¾Ñ€Ð¾Ð»Ñ†Ð»Ð¾Ð¾. ÐžÐ½Ð¾Ð»Ñ‹Ð½ ÑÐµÐ¼Ð¸Ð½Ð°Ñ€Ñ‹Ð½ ÑƒÐ´Ð¸Ñ€Ð´Ð°Ð³Ñ‡Ð°Ð°Ñ€ Ð¿Ñ€Ð¾Ñ„ÐµÑÑÐ¾Ñ€, Ð´Ð¾ÐºÑ‚Ð¾Ñ€(Sc.D) Ð”.Ð¦ÑÐ´ÑÐ½Ð±Ð°ÑÑ€ Ð°Ð¶Ð¸Ð»Ð»Ð°Ð°.&lt;/p&gt;\r\n', 'ÐŸÑ€Ð¾Ñ„ÐµÑÑÐ¾Ñ€, Ð±Ð°Ð³Ñˆ Ð½Ð°Ñ€Ñ‹Ð½Ñ…Ð°Ð° Ñ†Ð°Ð°ÑˆÐ´Ñ‹Ð½ ÑÑ€Ð´ÑÐ¼ ÑÑƒÐ´Ð»Ð°Ð»Ñ‹Ð½ Ð°Ð¶Ð¸Ð»Ð´ Ð½ÑŒ Ó©Ð½Ð´Ñ€Ó©Ó©Ñ Ó©Ð½Ð´Ó©Ñ€ Ð°Ð¼Ð¶Ð¸Ð»Ñ‚ Ñ…Ò¯ÑÑŒÐµ', 'https://mathsoc.mn/v4//uploads/thump_1620743677.jpg', 89893218, '2021-05-04 05:25:00'),
(6, '&lt;p&gt;&amp;quot;ÐœÐÐ¢Ð•ÐœÐÐ¢Ð˜Ðš, Ð‘ÐÐ™Ð“ÐÐ›Ð˜Ð™Ð Ð£Ð¥ÐÐÐÐ« Ð¡Ð£Ð Ð“Ð£Ð£Ð›Ð˜Ð™Ð Ð‘ÐÐ™Ð“ÐÐ›Ð˜Ð™Ð Ð£Ð¥ÐÐÐÐ« Ð¡ÐÐ›Ð‘ÐÐ Ð«Ð Ð‘ÐÐ“Ð¨ ÐÐÐ Ð«Ð Ð­Ð Ð”Ð­Ðœ Ð¨Ð˜ÐÐ–Ð˜Ð›Ð“Ð­Ð­ÐÐ˜Ð™ Ð‘ÐÐ“Ð Ð¥Ð£Ð ÐÐ› -2021&amp;quot; Ó©Ð½Ó©Ó©Ð´Ó©Ñ€ Ð¾Ð½Ð»Ð°Ð¹Ð½Ð°Ð°Ñ€ Ð°Ð¼Ð¶Ð¸Ð»Ñ‚Ñ‚Ð°Ð¹ Ð±Ð¾Ð»Ð¶ Ó©Ð½Ð´Ó©Ñ€Ð»Ó©Ð»Ó©Ó©. Ð­Ð½Ñ ÑƒÐ´Ð°Ð°Ð³Ð¸Ð¹Ð½ Ñ…ÑƒÑ€Ð»Ñ‹Ð³ ÐœÐ‘Ð£Ð¡-Ð¸Ð¹Ð½ Ð¤Ð¸Ð·Ð¸ÐºÐ¸Ð¹Ð½ Ñ‚ÑÐ½Ñ…Ð¸Ð¼Ð¸Ð¹Ð½ Ñ…Ð°Ð¼Ñ‚ Ð¾Ð»Ð¾Ð½ Ð·Ð¾Ñ…Ð¸Ð¾Ð½ Ð±Ð°Ð¹Ð³ÑƒÑƒÐ»ÑÐ°Ð½ Ð±Ó©Ð³Ó©Ó©Ð´ Ð´Ð°Ñ€Ð°Ð°Ñ… 23 ÑÑÐ´Ð²ÑÑÑ€ Ð¼Ð°Ñˆ ÑÐ¾Ð½Ð¸Ñ€Ñ…Ð¾Ð»Ñ‚Ð¾Ð¹ Ð¸Ð»Ñ‚Ð³ÑÐ»Ò¯Ò¯Ð´Ð¸Ð¹Ð³ ÑÑ€Ð´ÑÐ¼Ñ‚ÑÐ½ Ð±Ð°Ð³Ñˆ Ð½Ð°Ñ€ Ð¼Ð°Ð°Ð½ÑŒ Ñ‚Ð°Ð²ÑŒÐ»Ð°Ð°.&lt;/p&gt;\r\n\r\n&lt;p&gt;1. 21-Ñ€ Ð·ÑƒÑƒÐ½Ñ‹ Ð±Ð¾Ð»Ð¾Ð²ÑÑ€Ð¾Ð», Ñ‡Ð¸Ð³ Ñ…Ð°Ð½Ð´Ð»Ð°Ð³Ð°&lt;/p&gt;\r\n\r\n&lt;p&gt;2. Acquisition of Baijiu in Scientific Literature on Web of Science&lt;/p&gt;\r\n\r\n&lt;p&gt;3. ÐœÐ¾Ð½Ð³Ð¾Ð» Ð¾Ñ€Ð½Ñ‹ Ñ†Ð¾Ð¾Ñ…Ð¾Ñ€ Ñ…Ð¾Ð½Ð¸Ð½ Ð³Ò¯Ñ€Ð²ÑÐ»Ð¸Ð¹Ð½ Ð³ÐµÐ½ÐµÑ‚Ð¸Ðº ÑÑƒÐ´Ð°Ð»Ð³Ð°Ð°Ð½Ñ‹ Ð´Ò¯Ð½Ð³ÑÑÑ&lt;/p&gt;\r\n\r\n&lt;p&gt;4. Ð¡ÐµÐ¼Ð¸Ð½Ð°Ñ€Ñ‹Ð½ Ñ…Ð¸Ñ‡ÑÑÐ»Ð¸Ð¹Ð³ Ñ…ÑÐ² ÑˆÐ¸Ð½Ð¶Ð¸Ð¹Ð½ Ð¾Ð½Ñ†Ð»Ð¾Ð³Ð¸Ð¹Ð³ Ñ…Ð°Ñ€Ð³Ð°Ð»Ð·Ð°Ð½ Ð·Ð¾Ñ…Ð¸Ð¾Ð½ Ð±Ð°Ð¹Ð³ÑƒÑƒÐ»ÑÐ°Ð½ Ò¯Ñ€ Ð´Ò¯Ð½Ð³ÑÑÑ&lt;/p&gt;\r\n\r\n&lt;p&gt;5. ÐœÐ¾Ð½Ð³Ð¾Ð» Ð¾Ñ€Ð½Ñ‹ Ñ…Ð¾Ð¾Ð²Ð³Ð¾Ð½Ñ‹ (Insecta: Trichoptera) Ð·Ò¯Ð¹Ð»Ð¸Ð¹Ð½ Ð¾Ð»Ð¾Ð½ ÑÐ½Ð· Ð±Ð°Ð¹Ð´Ð°Ð», Ð±Ò¯Ð»Ð³ÑÐ¼Ð´ÑÐ»&lt;/p&gt;\r\n\r\n&lt;p&gt;6. Ð Ð¸Ð¼Ð°Ð½Ñ‹ Ð·ÐµÑ‚Ð° Ñ„ÑƒÐ½ÐºÑ† Ð±Ð° Ð Ð¸Ð¼Ð°Ð½Ñ‹ Ñ‚Ð°Ð°Ð¼Ð°Ð³Ð»Ð°Ð»&lt;/p&gt;\r\n\r\n&lt;p&gt;7. Ð¥ÑƒÑƒÑ€Ð°Ð¹ Ñ…ÑÑÑ€Ð¸Ð¹Ð½ ÑƒÑ€Ð³Ð°Ð¼Ð»Ñ‹Ð½ Ð¾Ð»Ð¾Ð½ ÑÐ½Ð· Ð±Ð°Ð¹Ð´Ð°Ð»Ð´ Ò¯Ð·Ò¯Ò¯Ð»ÑÑ… Ñ…Ò¯Ñ€ÑÑÐ»ÑÐ½ Ð±ÑƒÐ¹ Ð¾Ñ€Ñ‡Ð½Ñ‹ ÑˆÑƒÑƒÐ´ Ð±Ð° ÑˆÑƒÑƒÐ´ Ð±ÑƒÑ Ñ…Ò¯Ñ‡Ð¸Ð½ Ð·Ò¯Ð¹Ð»Ð¸Ð¹Ð½ Ð½Ó©Ð»Ó©Ó© (Ð¢Ð¾ÑÐ¾Ð½ Ð¥ÑƒÐ»ÑÑ‚Ð°Ð¹ Ð‘Ð°Ð¹Ð³Ð°Ð»Ð¸Ð¹Ð½ Ð½Ó©Ó©Ñ† Ð³Ð°Ð·Ñ€Ñ‹Ð½ Ð¶Ð¸ÑˆÑÑÐ½ Ð´ÑÑÑ€)&lt;/p&gt;\r\n\r\n&lt;p&gt;8. &amp;ldquo;ÐœÓ©Ð½Ñ…Ñ…Ð°Ð¹Ñ€Ñ…Ð°Ð½ Ð±Ð°Ð¹Ð³Ð°Ð»Ð¸Ð¹Ð½ Ñ†Ð¾Ð³Ñ†Ð¾Ð»Ð±Ð¾Ñ€ Ð³Ð°Ð·Ñ€Ñ‹Ð½ Ð±ÑÐ»Ñ‡ÑÑÑ€Ð¸Ð¹Ð½ Ñ‚Ó©Ð»Ó©Ð² Ð±Ð°Ð¹Ð´Ð»Ñ‹Ð½ ÑÑƒÐ´Ð°Ð»Ð³Ð°Ð°&amp;rdquo;&lt;/p&gt;\r\n\r\n&lt;p&gt;9. Ð›Ð°Ð·ÐµÑ€Ð¸Ð¹Ð½ Ð³ÑÑ€Ð»Ð¸Ð¹Ð½ Ð´Ð¸Ð½Ð°Ð¼Ð¸Ðº ÑÐ°Ñ€Ð½Ð¸Ð»Ñ‹Ð½ Ð°Ñ€Ð³Ð°Ð°Ñ€ Ð±Ð¾Ð´Ð¸ÑÑ‹Ð½ Ð±Ó©Ó©Ð¼Ð¸Ð¹Ð½ Ñ…ÑÐ¼Ð¶ÑÑ Ñ‚Ð¾Ð´Ð¾Ñ€Ñ…Ð¾Ð¹Ð»Ð¾Ñ… ÑÑƒÐ´Ð°Ð»Ð³Ð°Ð°&lt;/p&gt;\r\n\r\n&lt;p&gt;10. Ð£Ñ€Ð³Ð°Ð¼Ð°Ð» Ñ‚Ð°Ñ€ÑŒÐ¶ Ñ…Ó©Ñ€ÑÐ½Ð¸Ð¹ Ð±Ð¾Ñ…Ð¸Ñ€Ð´Ð¾Ð» Ð±ÑƒÑƒÑ€ÑƒÑƒÐ»Ð°Ñ… Ð±Ð¾Ð»Ð¾Ð¼Ð¶&lt;/p&gt;\r\n\r\n&lt;p&gt;11. ÐÐ´ÑƒÑƒÐ½Ñ‡ÑƒÐ»ÑƒÑƒÐ½Ñ‹ Ð½Ò¯Ò¯Ñ€ÑÐ½Ð¸Ð¹ Ð´Ð¸ÑÑ‚Ð¸Ð»Ð»ÑÑ‚Ð°Ð°Ñ Ñ‚Ò¯Ñ€Ñ…Ð»ÑÐ³ Ñ‚Ð¾Ñ Ð³Ð°Ñ€Ð³Ð°Ð½ Ð°Ð²ÑÐ°Ð½ ÑÑƒÐ´Ð°Ð»Ð³Ð°Ð°Ð½Ñ‹ Ð´Ò¯Ð½Ð³ÑÑÑ&lt;/p&gt;\r\n\r\n&lt;p&gt;12. Ð¢ÑƒÐ¶Ð¸Ð¹Ð½ Ð½Ð°Ñ€ÑÐ½Ñ‹ Ð‘Ð¦Ð“, Ð£Ð»Ð°Ð°Ð½ Ð±ÑƒÑ€Ð³Ð°Ñ, Ð¥Ó©Ð´Ó©Ó© Ð½ÑƒÑƒÑ€ Ð¾Ñ€Ñ‡Ð¼Ñ‹Ð½ ÑƒÑ€Ð³Ð°Ð¼Ð»Ñ‹Ð½ Ð¾Ð»Ð¾Ð½ ÑÐ½Ð· Ð±Ð°Ð¹Ð´Ð°Ð»&lt;/p&gt;\r\n\r\n&lt;p&gt;13. RI- Ñ‚Ó©ÑÑ‚ Ð»ÐµÐ¹Ñ†Ð¸Ð½ Ð±Ð°ÑÐ»Ð°Ð³ Ð´Ð°Ð²Ñ‚Ð°Ð»Ñ‚Ñ‹Ð½ Ñ…ÑƒÐ²ÑŒÑÐ°Ñ… ÑÐµÐ³Ð¼ÐµÐ½Ñ‚Ð¸Ð¹Ð½ Ñ…Ð¾Ñ‘Ñ€Ð´Ð¾Ð³Ñ‡ Ð±Ò¯Ñ‚ÑÑ†&lt;/p&gt;\r\n\r\n&lt;p&gt;14. Ð“Ð¸Ñ‡Ð³ÑÐ½Ñ (Potentilla L.) Ñ‚Ó©Ñ€Ð»Ð¸Ð¹Ð½ Ð·Ð°Ñ€Ð¸Ð¼ Ð·Ò¯Ð¹Ð»Ò¯Ò¯Ð´Ð¸Ð¹Ð½ Ñ„Ð¸Ð»Ð¾Ð³ÐµÐ½ÐµÑ‚Ð¸Ðº Ñ…Ð°Ð¼Ð°Ð°Ñ€Ð»Ñ‹Ð³ Ð¼Ð¾Ð»ÐµÐºÑƒÐ» Ð¼Ð°Ñ€ÐºÐµÑ€ Ð°ÑˆÐ¸Ð³Ð»Ð°Ð½ Ñ‚Ð¾Ð´Ð¾Ñ€Ñ…Ð¾Ð¹Ð»Ð¾Ñ… Ð½ÑŒ&lt;/p&gt;\r\n\r\n&lt;p&gt;15. ÐŸÑ€Ð¾Ñ‚Ð¾Ð½-Ð½Ò¯Ò¯Ñ€ÑÑ‚Ó©Ñ€Ó©Ð³Ñ‡Ð¸Ð¹Ð½ Ò¯Ð¹Ð»Ñ‡Ð»ÑÐ» Ð´ÑÑ… Ñ…Ð¾Ñ‘Ñ€Ð´Ð¾Ð³Ñ‡ Ð±Ó©Ó©Ð¼ÑÐ¸Ð¹Ð½ Ñ‚ÐµÐ¼Ð¿ÐµÑ€Ð°Ñ‚ÑƒÑ€Ñ‹Ð½ Ð°Ð½Ð°Ð»Ð¸Ð·&lt;/p&gt;\r\n\r\n&lt;p&gt;16. Grazing effect of livestock and wild ungulates on the soil physical structure and plant diversity in Ikh Nart Nature Reserve, Mongolia&lt;/p&gt;\r\n\r\n&lt;p&gt;17. ÐžÑŽÑƒÑ‚Ð½Ñ‹ ÑÑƒÑ€Ð°Ð»Ñ†Ð°Ð¶ ÑÑƒÑ€Ð°Ñ… Ò¯Ð¹Ð»Ð¸Ð¹Ð½ Ñ‚ÑƒÑ€ÑˆÐ¸Ð»Ñ‚ ÑÑƒÐ´Ð°Ð»Ð³Ð°Ð° /Ð¤Ð¸Ð·Ð¸ÐºÐ¸Ð¹Ð½ Ð»Ð°Ð±Ð¾Ñ€Ð°Ñ‚Ð¾Ñ€Ð¸ Ñ…Ð¸Ñ‡ÑÑÐ»Ð¸Ð¹Ð½ Ð¶Ð¸ÑˆÑÑÐ½ Ð´ÑÑÑ€ /&lt;/p&gt;\r\n\r\n&lt;p&gt;18. Ð—Ó©Ð³Ð¸Ð¹Ð½ Ð±Ð°Ð»Ð´ Ñ…Ð¸Ð¹ÑÑÐ½ Ð»Ð°Ð±Ð¾Ñ€Ð°Ñ‚Ð¾Ñ€Ð¸Ð¹Ð½ ÑˆÐ¸Ð½Ð¶Ð¸Ð»Ð³ÑÑÐ½Ð¸Ð¹ Ò¯Ñ€ Ð´Ò¯Ð½Ð³ÑÑÑ-Based on the result of laboratory examination on honey&lt;/p&gt;\r\n\r\n&lt;p&gt;19. ÐÐ´ÑƒÑƒÐ½ Ñ‡ÑƒÐ»ÑƒÑƒÐ½Ñ‹ Ð¾Ñ€Ð´Ñ‹Ð½ Ñ…Ò¯Ñ€ÑÐ½ Ð½Ò¯Ò¯Ñ€ÑÐ½ÑÑÑ ÑÐ°Ð¹Ð¶Ñ€ÑƒÑƒÐ»ÑÐ°Ð½, ÑˆÐ°Ñ…Ð¼Ð°Ð» Ñ‚Ò¯Ð»Ñˆ Ð³Ð°Ñ€Ð³Ð°Ñ… Ñ‚ÐµÑ…Ð½Ð¾Ð»Ð¾Ð³Ð¸Ð¹Ð½ ÑÑƒÐ´Ð°Ð»Ð³Ð°Ð°Ð½Ñ‹ Ð·Ð°Ñ€Ð¸Ð¼ Ð´Ò¯Ð½Ð³ÑÑÑ&lt;/p&gt;\r\n\r\n&lt;p&gt;20. &amp;ldquo;ÐœÐÐ¢HSHOP&amp;rdquo; Ð¿Ñ€Ð¾Ð³Ñ€Ð°Ð¼Ð¼Ñ‹Ð½ Ð°Ð³ÑƒÑƒÐ»Ð³Ñ‹Ð½ Ñ‚Ð¾Ñ…Ð¸Ñ€Ñ†Ð¾Ð´ Ñ…Ð¸Ð¹ÑÑÐ½ Ð´Ò¯Ð½ ÑˆÐ¸Ð½Ð¶Ð¸Ð»Ð³ÑÑ&lt;/p&gt;\r\n\r\n&lt;p&gt;21. Ð¢Ð°Ð²Ð°Ð½ Ð±Ð¾Ð³Ð´ Ð¾Ñ€Ñ‡Ð¼Ñ‹Ð½ Ð½ÑƒÑ‚Ð³Ð¸Ð¹Ð½ Ð¼Ó©ÑÑ‚Ð»Ó©Ð³Ð¸Ð¹Ð½ Ð´Ð¸Ð½Ð°Ð¼Ð¸Ðº ÑÑƒÐ´Ð°Ð»Ð³Ð°Ð°Ð½Ñ‹ Ð·Ð°Ñ€Ð¸Ð¼ Ò¯Ñ€ Ð´Ò¯Ð½Ð³ÑÑÑ&amp;rdquo; (2017-2019) ÐœÐ¾Ð½Ð³Ð¾Ð» Ð¾Ñ€Ð½Ñ‹&lt;/p&gt;\r\n\r\n&lt;p&gt;22. Ð”ÑƒÑ€ÑÐ³Ð°Ð»Ð¶Ð¸Ð¹Ð½ (MYOSOTIS L.) Ñ‚Ó©Ñ€Ð»Ð¸Ð¹Ð½ ÑƒÑ€Ð³Ð°Ð¼Ð»ÑƒÑƒÐ´Ñ‹Ð½ Ð¼Ð¾Ñ€Ñ„Ð¾Ð»Ð¾Ð³Ð¸Ð¹Ð½ Ð¾Ð½Ñ†Ð»Ð¾Ð³&lt;/p&gt;\r\n\r\n&lt;p&gt;23. Ð“Ð°Ñ€Ð°Ð°Ð½Ñ‹ Ð±Ð°Ð³ÑˆÐ¸Ð¹Ð½ Ñ‚Ð°ÑÑ€Ð°Ð»Ñ‚Ð³Ò¯Ð¹ Ñ…Ó©Ð³Ð¶Ð»Ð¸Ð¹Ð½ ÑÑƒÐ´Ð°Ð»Ð³Ð°Ð°&lt;/p&gt;\r\n\r\n&lt;p&gt;&lt;a href=&quot;https://heregleenii-math.com/&quot;&gt;web site&lt;/a&gt;&lt;/p&gt;\r\n', '\"ÐœÐÐ¢Ð•ÐœÐÐ¢Ð˜Ðš, Ð‘ÐÐ™Ð“ÐÐ›Ð˜Ð™Ð Ð£Ð¥ÐÐÐÐ« Ð¡Ð£Ð Ð“Ð£Ð£Ð›Ð˜Ð™Ð Ð‘ÐÐ™Ð“ÐÐ›Ð˜Ð™Ð Ð£Ð¥ÐÐÐÐ« Ð¡ÐÐ›Ð‘ÐÐ Ð«Ð Ð‘ÐÐ“Ð¨ ÐÐÐ Ð«Ð Ð­Ð Ð”Ð­Ðœ Ð¨Ð˜ÐÐ–Ð˜Ð›Ð“Ð­Ð­ÐÐ˜Ð™ Ð‘ÐÐ“Ð Ð¥Ð£Ð ÐÐ› -2021\" Ó©Ð½Ó©Ó©Ð´Ó©Ñ€ Ð¾Ð½Ð»Ð°Ð¹Ð½Ð°Ð°Ñ€ Ð°Ð¼Ð¶Ð¸Ð»Ñ‚Ñ‚Ð', '2021-05-11', '&lt;p&gt;&amp;quot;ÐœÐÐ¢Ð•ÐœÐÐ¢Ð˜Ðš, Ð‘ÐÐ™Ð“ÐÐ›Ð˜Ð™Ð Ð£Ð¥ÐÐÐÐ« Ð¡Ð£Ð Ð“Ð£Ð£Ð›Ð˜Ð™Ð Ð‘ÐÐ™Ð“ÐÐ›Ð˜Ð™Ð Ð£Ð¥ÐÐÐÐ« Ð¡ÐÐ›Ð‘ÐÐ Ð«Ð Ð‘ÐÐ“Ð¨ ÐÐÐ Ð«Ð Ð­Ð Ð”Ð­Ðœ Ð¨Ð˜ÐÐ–Ð˜Ð›Ð“Ð­Ð­ÐÐ˜Ð™ Ð‘ÐÐ“Ð Ð¥Ð£Ð ÐÐ› -2021&amp;quot; Ó©Ð½Ó©Ó©Ð´Ó©Ñ€ Ð¾Ð½Ð»Ð°Ð¹Ð½Ð°Ð°Ñ€ Ð°Ð¼Ð¶Ð¸Ð»Ñ‚Ñ‚Ð°Ð¹ Ð±Ð¾Ð»Ð¶ Ó©Ð½Ð´Ó©Ñ€Ð»Ó©Ð»Ó©Ó©. Ð­Ð½Ñ ÑƒÐ´Ð°Ð°Ð³Ð¸Ð¹Ð½ Ñ…ÑƒÑ€Ð»Ñ‹Ð³ ÐœÐ‘Ð£Ð¡-Ð¸Ð¹Ð½ Ð¤Ð¸Ð·Ð¸ÐºÐ¸Ð¹Ð½ Ñ‚ÑÐ½Ñ…Ð¸Ð¼Ð¸Ð¹Ð½ Ñ…Ð°Ð¼Ñ‚ Ð¾Ð»Ð¾Ð½ Ð·Ð¾Ñ…Ð¸Ð¾Ð½ Ð±Ð°Ð¹Ð³ÑƒÑƒÐ»ÑÐ°Ð½ Ð±Ó©Ð³Ó©Ó©Ð´ Ð´Ð°Ñ€Ð°Ð°Ñ… 23 ÑÑÐ´Ð²ÑÑÑ€ Ð¼Ð°Ñˆ ÑÐ¾Ð½Ð¸Ñ€Ñ…Ð¾Ð»Ñ‚Ð¾Ð¹ Ð¸Ð»Ñ‚Ð³ÑÐ»Ò¯Ò¯Ð´Ð¸Ð¹Ð³ ÑÑ€Ð´ÑÐ¼Ñ‚ÑÐ½ Ð±Ð°Ð³Ñˆ Ð½Ð°Ñ€ Ð¼Ð°Ð°Ð½ÑŒ Ñ‚Ð°Ð²ÑŒÐ»Ð°Ð°.&lt;/p&gt;\r\n\r\n&lt;p&gt;1. 21-Ñ€ Ð·ÑƒÑƒÐ½Ñ‹ Ð±Ð¾Ð»Ð¾Ð²ÑÑ€Ð¾Ð», Ñ‡Ð¸Ð³ Ñ…Ð°Ð½Ð´Ð»Ð°Ð³Ð°&lt;/p&gt;\r\n\r\n&lt;p&gt;2. Acquisition of Baijiu in Scientific Literature on Web of Science&lt;/p&gt;\r\n\r\n&lt;p&gt;3. ÐœÐ¾Ð½Ð³Ð¾Ð» Ð¾Ñ€Ð½Ñ‹ Ñ†Ð¾Ð¾Ñ…Ð¾Ñ€ Ñ…Ð¾Ð½Ð¸Ð½ Ð³Ò¯Ñ€Ð²ÑÐ»Ð¸Ð¹Ð½ Ð³ÐµÐ½ÐµÑ‚Ð¸Ðº ÑÑƒÐ´Ð°Ð»Ð³Ð°Ð°Ð½Ñ‹ Ð´Ò¯Ð½Ð³ÑÑÑ&lt;/p&gt;\r\n\r\n&lt;p&gt;4. Ð¡ÐµÐ¼Ð¸Ð½Ð°Ñ€Ñ‹Ð½ Ñ…Ð¸Ñ‡ÑÑÐ»Ð¸Ð¹Ð³ Ñ…ÑÐ² ÑˆÐ¸Ð½Ð¶Ð¸Ð¹Ð½ Ð¾Ð½Ñ†Ð»Ð¾Ð³Ð¸Ð¹Ð³ Ñ…Ð°Ñ€Ð³Ð°Ð»Ð·Ð°Ð½ Ð·Ð¾Ñ…Ð¸Ð¾Ð½ Ð±Ð°Ð¹Ð³ÑƒÑƒÐ»ÑÐ°Ð½ Ò¯Ñ€ Ð´Ò¯Ð½Ð³ÑÑÑ&lt;/p&gt;\r\n\r\n&lt;p&gt;5. ÐœÐ¾Ð½Ð³Ð¾Ð» Ð¾Ñ€Ð½Ñ‹ Ñ…Ð¾Ð¾Ð²Ð³Ð¾Ð½Ñ‹ (Insecta: Trichoptera) Ð·Ò¯Ð¹Ð»Ð¸Ð¹Ð½ Ð¾Ð»Ð¾Ð½ ÑÐ½Ð· Ð±Ð°Ð¹Ð´Ð°Ð», Ð±Ò¯Ð»Ð³ÑÐ¼Ð´ÑÐ»&lt;/p&gt;\r\n\r\n&lt;p&gt;6. Ð Ð¸Ð¼Ð°Ð½Ñ‹ Ð·ÐµÑ‚Ð° Ñ„ÑƒÐ½ÐºÑ† Ð±Ð° Ð Ð¸Ð¼Ð°Ð½Ñ‹ Ñ‚Ð°Ð°Ð¼Ð°Ð³Ð»Ð°Ð»&lt;/p&gt;\r\n\r\n&lt;p&gt;7. Ð¥ÑƒÑƒÑ€Ð°Ð¹ Ñ…ÑÑÑ€Ð¸Ð¹Ð½ ÑƒÑ€Ð³Ð°Ð¼Ð»Ñ‹Ð½ Ð¾Ð»Ð¾Ð½ ÑÐ½Ð· Ð±Ð°Ð¹Ð´Ð°Ð»Ð´ Ò¯Ð·Ò¯Ò¯Ð»ÑÑ… Ñ…Ò¯Ñ€ÑÑÐ»ÑÐ½ Ð±ÑƒÐ¹ Ð¾Ñ€Ñ‡Ð½Ñ‹ ÑˆÑƒÑƒÐ´ Ð±Ð° ÑˆÑƒÑƒÐ´ Ð±ÑƒÑ Ñ…Ò¯Ñ‡Ð¸Ð½ Ð·Ò¯Ð¹Ð»Ð¸Ð¹Ð½ Ð½Ó©Ð»Ó©Ó© (Ð¢Ð¾ÑÐ¾Ð½ Ð¥ÑƒÐ»ÑÑ‚Ð°Ð¹ Ð‘Ð°Ð¹Ð³Ð°Ð»Ð¸Ð¹Ð½ Ð½Ó©Ó©Ñ† Ð³Ð°Ð·Ñ€Ñ‹Ð½ Ð¶Ð¸ÑˆÑÑÐ½ Ð´ÑÑÑ€)&lt;/p&gt;\r\n\r\n&lt;p&gt;8. &amp;ldquo;ÐœÓ©Ð½Ñ…Ñ…Ð°Ð¹Ñ€Ñ…Ð°Ð½ Ð±Ð°Ð¹Ð³Ð°Ð»Ð¸Ð¹Ð½ Ñ†Ð¾Ð³Ñ†Ð¾Ð»Ð±Ð¾Ñ€ Ð³Ð°Ð·Ñ€Ñ‹Ð½ Ð±ÑÐ»Ñ‡ÑÑÑ€Ð¸Ð¹Ð½ Ñ‚Ó©Ð»Ó©Ð² Ð±Ð°Ð¹Ð´Ð»Ñ‹Ð½ ÑÑƒÐ´Ð°Ð»Ð³Ð°Ð°&amp;rdquo;&lt;/p&gt;\r\n\r\n&lt;p&gt;9. Ð›Ð°Ð·ÐµÑ€Ð¸Ð¹Ð½ Ð³ÑÑ€Ð»Ð¸Ð¹Ð½ Ð´Ð¸Ð½Ð°Ð¼Ð¸Ðº ÑÐ°Ñ€Ð½Ð¸Ð»Ñ‹Ð½ Ð°Ñ€Ð³Ð°Ð°Ñ€ Ð±Ð¾Ð´Ð¸ÑÑ‹Ð½ Ð±Ó©Ó©Ð¼Ð¸Ð¹Ð½ Ñ…ÑÐ¼Ð¶ÑÑ Ñ‚Ð¾Ð´Ð¾Ñ€Ñ…Ð¾Ð¹Ð»Ð¾Ñ… ÑÑƒÐ´Ð°Ð»Ð³Ð°Ð°&lt;/p&gt;\r\n\r\n&lt;p&gt;10. Ð£Ñ€Ð³Ð°Ð¼Ð°Ð» Ñ‚Ð°Ñ€ÑŒÐ¶ Ñ…Ó©Ñ€ÑÐ½Ð¸Ð¹ Ð±Ð¾Ñ…Ð¸Ñ€Ð´Ð¾Ð» Ð±ÑƒÑƒÑ€ÑƒÑƒÐ»Ð°Ñ… Ð±Ð¾Ð»Ð¾Ð¼Ð¶&lt;/p&gt;\r\n\r\n&lt;p&gt;11. ÐÐ´ÑƒÑƒÐ½Ñ‡ÑƒÐ»ÑƒÑƒÐ½Ñ‹ Ð½Ò¯Ò¯Ñ€ÑÐ½Ð¸Ð¹ Ð´Ð¸ÑÑ‚Ð¸Ð»Ð»ÑÑ‚Ð°Ð°Ñ Ñ‚Ò¯Ñ€Ñ…Ð»ÑÐ³ Ñ‚Ð¾Ñ Ð³Ð°Ñ€Ð³Ð°Ð½ Ð°Ð²ÑÐ°Ð½ ÑÑƒÐ´Ð°Ð»Ð³Ð°Ð°Ð½Ñ‹ Ð´Ò¯Ð½Ð³ÑÑÑ&lt;/p&gt;\r\n\r\n&lt;p&gt;12. Ð¢ÑƒÐ¶Ð¸Ð¹Ð½ Ð½Ð°Ñ€ÑÐ½Ñ‹ Ð‘Ð¦Ð“, Ð£Ð»Ð°Ð°Ð½ Ð±ÑƒÑ€Ð³Ð°Ñ, Ð¥Ó©Ð´Ó©Ó© Ð½ÑƒÑƒÑ€ Ð¾Ñ€Ñ‡Ð¼Ñ‹Ð½ ÑƒÑ€Ð³Ð°Ð¼Ð»Ñ‹Ð½ Ð¾Ð»Ð¾Ð½ ÑÐ½Ð· Ð±Ð°Ð¹Ð´Ð°Ð»&lt;/p&gt;\r\n\r\n&lt;p&gt;13. RI- Ñ‚Ó©ÑÑ‚ Ð»ÐµÐ¹Ñ†Ð¸Ð½ Ð±Ð°ÑÐ»Ð°Ð³ Ð´Ð°Ð²Ñ‚Ð°Ð»Ñ‚Ñ‹Ð½ Ñ…ÑƒÐ²ÑŒÑÐ°Ñ… ÑÐµÐ³Ð¼ÐµÐ½Ñ‚Ð¸Ð¹Ð½ Ñ…Ð¾Ñ‘Ñ€Ð´Ð¾Ð³Ñ‡ Ð±Ò¯Ñ‚ÑÑ†&lt;/p&gt;\r\n\r\n&lt;p&gt;14. Ð“Ð¸Ñ‡Ð³ÑÐ½Ñ (Potentilla L.) Ñ‚Ó©Ñ€Ð»Ð¸Ð¹Ð½ Ð·Ð°Ñ€Ð¸Ð¼ Ð·Ò¯Ð¹Ð»Ò¯Ò¯Ð´Ð¸Ð¹Ð½ Ñ„Ð¸Ð»Ð¾Ð³ÐµÐ½ÐµÑ‚Ð¸Ðº Ñ…Ð°Ð¼Ð°Ð°Ñ€Ð»Ñ‹Ð³ Ð¼Ð¾Ð»ÐµÐºÑƒÐ» Ð¼Ð°Ñ€ÐºÐµÑ€ Ð°ÑˆÐ¸Ð³Ð»Ð°Ð½ Ñ‚Ð¾Ð´Ð¾Ñ€Ñ…Ð¾Ð¹Ð»Ð¾Ñ… Ð½ÑŒ&lt;/p&gt;\r\n\r\n&lt;p&gt;15. ÐŸÑ€Ð¾Ñ‚Ð¾Ð½-Ð½Ò¯Ò¯Ñ€ÑÑ‚Ó©Ñ€Ó©Ð³Ñ‡Ð¸Ð¹Ð½ Ò¯Ð¹Ð»Ñ‡Ð»ÑÐ» Ð´ÑÑ… Ñ…Ð¾Ñ‘Ñ€Ð´Ð¾Ð³Ñ‡ Ð±Ó©Ó©Ð¼ÑÐ¸Ð¹Ð½ Ñ‚ÐµÐ¼Ð¿ÐµÑ€Ð°Ñ‚ÑƒÑ€Ñ‹Ð½ Ð°Ð½Ð°Ð»Ð¸Ð·&lt;/p&gt;\r\n\r\n&lt;p&gt;16. Grazing effect of livestock and wild ungulates on the soil physical structure and plant diversity in Ikh Nart Nature Reserve, Mongolia&lt;/p&gt;\r\n\r\n&lt;p&gt;17. ÐžÑŽÑƒÑ‚Ð½Ñ‹ ÑÑƒÑ€Ð°Ð»Ñ†Ð°Ð¶ ÑÑƒÑ€Ð°Ñ… Ò¯Ð¹Ð»Ð¸Ð¹Ð½ Ñ‚ÑƒÑ€ÑˆÐ¸Ð»Ñ‚ ÑÑƒÐ´Ð°Ð»Ð³Ð°Ð° /Ð¤Ð¸Ð·Ð¸ÐºÐ¸Ð¹Ð½ Ð»Ð°Ð±Ð¾Ñ€Ð°Ñ‚Ð¾Ñ€Ð¸ Ñ…Ð¸Ñ‡ÑÑÐ»Ð¸Ð¹Ð½ Ð¶Ð¸ÑˆÑÑÐ½ Ð´ÑÑÑ€ /&lt;/p&gt;\r\n\r\n&lt;p&gt;18. Ð—Ó©Ð³Ð¸Ð¹Ð½ Ð±Ð°Ð»Ð´ Ñ…Ð¸Ð¹ÑÑÐ½ Ð»Ð°Ð±Ð¾Ñ€Ð°Ñ‚Ð¾Ñ€Ð¸Ð¹Ð½ ÑˆÐ¸Ð½Ð¶Ð¸Ð»Ð³ÑÑÐ½Ð¸Ð¹ Ò¯Ñ€ Ð´Ò¯Ð½Ð³ÑÑÑ-Based on the result of laboratory examination on honey&lt;/p&gt;\r\n\r\n&lt;p&gt;19. ÐÐ´ÑƒÑƒÐ½ Ñ‡ÑƒÐ»ÑƒÑƒÐ½Ñ‹ Ð¾Ñ€Ð´Ñ‹Ð½ Ñ…Ò¯Ñ€ÑÐ½ Ð½Ò¯Ò¯Ñ€ÑÐ½ÑÑÑ ÑÐ°Ð¹Ð¶Ñ€ÑƒÑƒÐ»ÑÐ°Ð½, ÑˆÐ°Ñ…Ð¼Ð°Ð» Ñ‚Ò¯Ð»Ñˆ Ð³Ð°Ñ€Ð³Ð°Ñ… Ñ‚ÐµÑ…Ð½Ð¾Ð»Ð¾Ð³Ð¸Ð¹Ð½ ÑÑƒÐ´Ð°Ð»Ð³Ð°Ð°Ð½Ñ‹ Ð·Ð°Ñ€Ð¸Ð¼ Ð´Ò¯Ð½Ð³ÑÑÑ&lt;/p&gt;\r\n\r\n&lt;p&gt;20. &amp;ldquo;ÐœÐÐ¢HSHOP&amp;rdquo; Ð¿Ñ€Ð¾Ð³Ñ€Ð°Ð¼Ð¼Ñ‹Ð½ Ð°Ð³ÑƒÑƒÐ»Ð³Ñ‹Ð½ Ñ‚Ð¾Ñ…Ð¸Ñ€Ñ†Ð¾Ð´ Ñ…Ð¸Ð¹ÑÑÐ½ Ð´Ò¯Ð½ ÑˆÐ¸Ð½Ð¶Ð¸Ð»Ð³ÑÑ&lt;/p&gt;\r\n\r\n&lt;p&gt;21. Ð¢Ð°Ð²Ð°Ð½ Ð±Ð¾Ð³Ð´ Ð¾Ñ€Ñ‡Ð¼Ñ‹Ð½ Ð½ÑƒÑ‚Ð³Ð¸Ð¹Ð½ Ð¼Ó©ÑÑ‚Ð»Ó©Ð³Ð¸Ð¹Ð½ Ð´Ð¸Ð½Ð°Ð¼Ð¸Ðº ÑÑƒÐ´Ð°Ð»Ð³Ð°Ð°Ð½Ñ‹ Ð·Ð°Ñ€Ð¸Ð¼ Ò¯Ñ€ Ð´Ò¯Ð½Ð³ÑÑÑ&amp;rdquo; (2017-2019) ÐœÐ¾Ð½Ð³Ð¾Ð» Ð¾Ñ€Ð½Ñ‹&lt;/p&gt;\r\n\r\n&lt;p&gt;22. Ð”ÑƒÑ€ÑÐ³Ð°Ð»Ð¶Ð¸Ð¹Ð½ (MYOSOTIS L.) Ñ‚Ó©Ñ€Ð»Ð¸Ð¹Ð½ ÑƒÑ€Ð³Ð°Ð¼Ð»ÑƒÑƒÐ´Ñ‹Ð½ Ð¼Ð¾Ñ€Ñ„Ð¾Ð»Ð¾Ð³Ð¸Ð¹Ð½ Ð¾Ð½Ñ†Ð»Ð¾Ð³&lt;/p&gt;\r\n\r\n&lt;p&gt;23. Ð“Ð°Ñ€Ð°Ð°Ð½Ñ‹ Ð±Ð°Ð³ÑˆÐ¸Ð¹Ð½ Ñ‚Ð°ÑÑ€Ð°Ð»Ñ‚Ð³Ò¯Ð¹ Ñ…Ó©Ð³Ð¶Ð»Ð¸Ð¹Ð½ ÑÑƒÐ´Ð°Ð»Ð³Ð°Ð°&lt;/p&gt;\r\n', '\"ÐœÐÐ¢Ð•ÐœÐÐ¢Ð˜Ðš, Ð‘ÐÐ™Ð“ÐÐ›Ð˜Ð™Ð Ð£Ð¥ÐÐÐÐ« Ð¡Ð£Ð Ð“Ð£Ð£Ð›Ð˜Ð™Ð Ð‘ÐÐ™Ð“ÐÐ›Ð˜Ð™Ð Ð£Ð¥ÐÐÐÐ« Ð¡ÐÐ›Ð‘ÐÐ Ð«Ð Ð‘ÐÐ“Ð¨ ÐÐÐ Ð«Ð Ð­Ð Ð”Ð­Ðœ Ð¨Ð˜ÐÐ–Ð˜Ð›Ð“Ð­Ð­ÐÐ˜Ð™ Ð‘ÐÐ“Ð Ð¥Ð£Ð ÐÐ› -2021\" Ó©Ð½Ó©Ó©Ð´Ó©Ñ€ Ð¾Ð½Ð»Ð°Ð¹Ð½Ð°Ð°Ñ€ Ð°Ð¼Ð¶Ð¸Ð»Ñ‚Ñ‚Ð', 'https://previews.123rf.com/images/melpomen/melpomen1609/melpomen160900285/63870868-mathmatics-concept-with-hand-on-blue-background.jpg', 89893218, '2021-05-11 09:25:00');

-- --------------------------------------------------------

--
-- Table structure for table `gishuunchlel`
--

CREATE TABLE `gishuunchlel` (
  `id` int(11) NOT NULL,
  `user_id` varchar(50) NOT NULL,
  `admin_id` varchar(50) NOT NULL,
  `in_date` date NOT NULL,
  `add_date` date NOT NULL,
  `g_utga` varchar(50) NOT NULL,
  `pay_pay` int(11) NOT NULL
) ENGINE=InnoDB DEFAULT CHARSET=latin1;

--
-- Dumping data for table `gishuunchlel`
--

INSERT INTO `gishuunchlel` (`id`, `user_id`, `admin_id`, `in_date`, `add_date`, `g_utga`, `pay_pay`) VALUES
(1, '89893218', '89893218', '2020-11-30', '2020-12-02', '1', 10000),
(2, '89893218', '89893218', '2020-12-11', '2021-01-01', 'null', 10000),
(3, '89893218', '89893218', '2021-02-26', '2021-02-28', '', 5000);

-- --------------------------------------------------------

--
-- Table structure for table `math_7`
--

CREATE TABLE `math_7` (
  `id` int(11) NOT NULL,
  `title` varchar(255) COLLATE utf8_bin NOT NULL,
  `date_t` date NOT NULL,
  `body` text COLLATE utf8_bin NOT NULL,
  `user` varchar(50) COLLATE utf8_bin NOT NULL
) ENGINE=InnoDB DEFAULT CHARSET=utf8 COLLATE=utf8_bin;

--
-- Dumping data for table `math_7`
--

INSERT INTO `math_7` (`id`, `title`, `date_t`, `body`, `user`) VALUES
(4, 'Okex', '2021-04-19', '&lt;p&gt;&lt;span class=&quot;math-tex&quot;&gt;\\(x = {-b \\pm \\sqrt{b^2-4ac} \\over 2a}\\)&lt;/span&gt;&lt;/p&gt;\r\n', '89893218');

-- --------------------------------------------------------

--
-- Table structure for table `members`
--

CREATE TABLE `members` (
  `id` int(11) NOT NULL,
  `name` varchar(50) NOT NULL,
  `img` varchar(150) NOT NULL,
  `url` varchar(150) NOT NULL,
  `body` varchar(150) NOT NULL,
  `add_row` varchar(150) NOT NULL
) ENGINE=InnoDB DEFAULT CHARSET=utf8;

--
-- Dumping data for table `members`
--

INSERT INTO `members` (`id`, `name`, `img`, `url`, `body`, `add_row`) VALUES
(1, 'ÐœÐ£Ð˜Ð¡', 'http://dep.num.edu.mn/math/wp-content/uploads/2020/05/logosmallwhite1.png', 'http://dep.num.edu.mn/math/?page_id=146', '', '');

-- --------------------------------------------------------

--
-- Table structure for table `menu`
--

CREATE TABLE `menu` (
  `id` int(11) NOT NULL,
  `en_name` varchar(255) NOT NULL,
  `mon_name` varchar(255) CHARACTER SET utf8 COLLATE utf8_bin NOT NULL,
  `url` varchar(255) NOT NULL
) ENGINE=InnoDB DEFAULT CHARSET=latin1;

--
-- Dumping data for table `menu`
--

INSERT INTO `menu` (`id`, `en_name`, `mon_name`, `url`) VALUES
(6, 'Events', 'Ò®Ð¹Ð» ÑÐ²Ð´Ð°Ð»', 'events.php'),
(7, 'Journal of Society', 'ÐÐ¸Ð¹Ð³ÑÐ¼Ð»ÑÐ³Ð¸Ð¹Ð½ ÑÑÑ‚Ð³Ò¯Ò¯Ð»', 'http://imdt.pub.ac.mn/indexbook.php'),
(8, 'News', 'ÐœÑÐ´ÑÑ', '#'),
(9, 'Membership', 'Ð“Ð¸ÑˆÒ¯Ò¯Ð½Ñ‡Ð»ÑÐ»', 'membership.php');

-- --------------------------------------------------------

--
-- Table structure for table `news`
--

CREATE TABLE `news` (
  `id` int(11) NOT NULL,
  `body_mon` text CHARACTER SET utf8 COLLATE utf8_bin NOT NULL,
  `title_mon` varchar(255) CHARACTER SET utf8 COLLATE utf8_bin NOT NULL,
  `time_s` date NOT NULL,
  `body_en` text CHARACTER SET utf8 COLLATE utf8_bin NOT NULL,
  `title_en` varchar(255) CHARACTER SET utf8 COLLATE utf8_bin NOT NULL,
  `photo` varchar(500) CHARACTER SET utf8 COLLATE utf8_bin NOT NULL,
  `user` int(11) NOT NULL
) ENGINE=InnoDB DEFAULT CHARSET=utf8;

--
-- Dumping data for table `news`
--

INSERT INTO `news` (`id`, `body_mon`, `title_mon`, `time_s`, `body_en`, `title_en`, `photo`, `user`) VALUES
(8, '&lt;p&gt;dgfdgd&lt;/p&gt;\r\n', 'dgfdgdg', '2021-06-29', '', '', '', 89893218),
(9, '', 'ÐœÐ¾Ð½Ð³Ð¾Ð» ÑƒÐ»Ñ Ð”ÑÐ»Ñ…Ð¸Ð¹Ð½ Ð¼Ð°Ñ‚ÐµÐ¼Ð°Ñ‚Ð¸ÐºÐ¸Ð¹Ð½ Ñ…Ð¾Ð»Ð±Ð¾Ð¾Ð½Ð´ Ð°Ð¶Ð¸Ð³Ð»Ð°Ð³Ñ‡ Ð³Ð¸ÑˆÒ¯Ò¯Ð½ÑÑÑ€ ÑÐ»ÑÐ»ÑÑ', '2021-07-20', '', '', 'https://mathsoc.mn/v4//uploads/thump_1626788376.jpg', 641380972);

-- --------------------------------------------------------

--
-- Table structure for table `sent_math`
--

CREATE TABLE `sent_math` (
  `id` int(11) NOT NULL,
  `bod_id` varchar(50) NOT NULL,
  `user_id` varchar(50) NOT NULL,
  `file_url` varchar(500) NOT NULL,
  `tdate` date NOT NULL
) ENGINE=InnoDB DEFAULT CHARSET=latin1;

--
-- Dumping data for table `sent_math`
--

INSERT INTO `sent_math` (`id`, `bod_id`, `user_id`, `file_url`, `tdate`) VALUES
(1, '1', '89893218', 'https://www.youtube.com/watch?v=sEJKG60a1Zc&list=RDMMpKd4GZtqDPM&index=16', '2020-12-11'),
(2, '1', '89893218', 'https://www.webslesson.info/2020/10/codeigniter-4-crud-tutorial.html', '2021-02-26'),
(3, '4', '89893218', 'https://mathsoc.mn/v3/events.php', '2021-04-19');

-- --------------------------------------------------------

--
-- Table structure for table `sub_menu`
--

CREATE TABLE `sub_menu` (
  `id` int(11) NOT NULL,
  `key_id` int(11) NOT NULL,
  `en_name` varchar(50) COLLATE utf8_bin NOT NULL,
  `mon_name` varchar(50) COLLATE utf8_bin NOT NULL,
  `url` varchar(500) COLLATE utf8_bin NOT NULL
) ENGINE=InnoDB DEFAULT CHARSET=utf8 COLLATE=utf8_bin;

--
-- Dumping data for table `sub_menu`
--

INSERT INTO `sub_menu` (`id`, `key_id`, `en_name`, `mon_name`, `url`) VALUES
(2, 8, 'Conference', 'Ð¥ÑƒÑ€Ð°Ð»', 'news.php'),
(3, 8, 'Seminar', 'Ð¡ÐµÐ¼Ð¸Ð½Ð°Ñ€', 'news.php'),
(4, 8, 'Weekly problems ', '7 Ñ…Ð¾Ð½Ð¾Ð³Ð¸Ð¹Ð½ Ð±Ð¾Ð´Ð»Ð¾Ð³Ð¾', 'math.php'),
(5, 9, 'Organization', 'Ð‘Ð°Ð¹Ð³ÑƒÑƒÐ»Ð°Ð³Ð°', 'members.php?id_1=1'),
(6, 9, 'Individual', 'Ð¥ÑƒÐ²ÑŒ Ñ…Ò¯Ð½', 'members.php?id_1=2');

-- --------------------------------------------------------

--
-- Table structure for table `suppliers`
--

CREATE TABLE `suppliers` (
  `id` int(11) NOT NULL,
  `name` varchar(50) NOT NULL,
  `img` varchar(150) NOT NULL,
  `url` varchar(150) NOT NULL,
  `body` varchar(150) NOT NULL,
  `add_row` varchar(150) NOT NULL
) ENGINE=InnoDB DEFAULT CHARSET=utf8;

--
-- Dumping data for table `suppliers`
--

INSERT INTO `suppliers` (`id`, `name`, `img`, `url`, `body`, `add_row`) VALUES
(5, 'ÐœÐ£Ð˜Ð¡', 'http://seas.num.edu.mn/dep/images/web/num_logo.png', 'http://seas.num.edu.mn/dep/am/aboutus/teachers', 'Ð¥ÑÑ€ÑÐ³Ð»ÑÑÐ½Ð¸Ð¹ Ð¼Ð°Ñ‚ÐµÐ¼Ð°Ñ‚Ð¸ÐºÐ¸Ð¹Ð½ Ñ‚ÑÐ½Ñ…Ð¸Ð¼', 'Organization'),
(6, 'ÐœÐ£Ð˜Ð¡', 'http://seas.num.edu.mn/dep/images/web/num_logo.png', 'http://dep.num.edu.mn/math/?page_id=146', 'ÐœÐ°Ñ‚ÐµÐ¼Ð°Ñ‚Ð¸ÐºÐ¸Ð¹Ð½ Ñ‚ÑÐ½Ñ…Ð¸Ð¼', 'Organization'),
(8, 'ÐœÐ£Ð‘Ð˜Ð¡', 'https://smns.msue.edu.mn/Content/assets/images/logo-blue.png', 'https://smns.msue.edu.mn/Category/Read/4bbd7a27-7bf0-4fab-9a64-3dfaad4938f2', 'ÐœÐ°Ñ‚ÐµÐ¼Ð°Ñ‚Ð¸ÐºÐ¸Ð¹Ð½ Ñ‚ÑÐ½Ñ…Ð¸Ð¼', 'Organization'),
(10, 'Ð¨Ð£Ð', 'https://cdn.gosmart.mn/WT_bHWaQ7k6TqS7__VInhQ/AC84010417/web/logo/logo_imdt_s.png?w=1200&i=6', 'https://imdt.ac.mn/c/991506', 'ÐœÐ°Ñ‚ÐµÐ¼Ð°Ñ‚Ð¸Ðº,\nÑ‚Ð¾Ð¾Ð½ Ñ‚ÐµÑ…Ð½Ð¾Ð»Ð¾Ð³Ð¸Ð¹Ð½ Ñ…Ò¯Ñ€ÑÑÐ»ÑÐ½', 'Organization'),
(11, 'Ð¡Ð­Ð—Ð˜Ð¡', 'https://www.ufe.edu.mn/images/ufe-logo-mn.png', 'https://www.ufe.edu.mn/default.aspx?page=1', 'Ð¡Ð°Ð½Ñ…Ò¯Ò¯, ÑÐ´Ð¸Ð¹Ð½ Ð·Ð°ÑÐ³Ð¸Ð¹Ð½ Ð¸Ñ… ÑÑƒÑ€Ð³ÑƒÑƒÐ»ÑŒ', 'Organization'),
(12, 'ÐœÐ“Ð¢Ð˜Ð¡', 'http://www.gmit.edu.mn/img/logo.png', 'http://www.gmit.edu.mn/', 'ÐœÐ¾Ð½Ð³Ð¾Ð»-Ð“ÐµÑ€Ð¼Ð°Ð½Ñ‹ Ñ…Ð°Ð¼Ñ‚Ð°Ñ€ÑÐ°Ð½ Ð°ÑˆÐ¸Ð³Ñ‚ Ð¼Ð°Ð»Ñ‚Ð¼Ð°Ð» Ñ‚ÐµÑ…Ð½Ð¾Ð»Ð¾Ð³Ð¸Ð¹Ð½ Ð¸Ñ… ÑÑƒÑ€Ð³ÑƒÑƒÐ»ÑŒ', 'Organization'),
(14, 'Ð¨Ð£Ð¢Ð˜Ð¡', 'https://www.must.edu.mn/static/assets/img/logo/odon-must-sm.png', 'http://www.sas.edu.mn/mn/page/26', 'ÐœÐ°Ñ‚ÐµÐ¼Ð°Ñ‚Ð¸ÐºÐ¸Ð¹Ð½ Ñ‚ÑÐ½Ñ…Ð¸Ð¼', 'Organization');

-- --------------------------------------------------------

--
-- Table structure for table `users_1`
--

CREATE TABLE `users_1` (
  `user_id` varchar(50) COLLATE utf8_bin NOT NULL,
  `username` varchar(255) COLLATE utf8_bin NOT NULL,
  `email` varchar(255) COLLATE utf8_bin DEFAULT NULL,
  `user_type` varchar(255) COLLATE utf8_bin DEFAULT NULL,
  `password` varchar(255) COLLATE utf8_bin DEFAULT NULL,
  `phone` int(12) DEFAULT NULL,
  `fb_id` varchar(255) COLLATE utf8_bin DEFAULT NULL,
  `end_date` date DEFAULT NULL,
  `start_date` date DEFAULT NULL,
  `f_name` varchar(255) COLLATE utf8_bin DEFAULT NULL,
  `l_name` varchar(255) COLLATE utf8_bin DEFAULT NULL,
  `bio` text COLLATE utf8_bin DEFAULT NULL,
  `r_email` varchar(255) COLLATE utf8_bin DEFAULT NULL,
  `email_active` int(12) DEFAULT NULL,
  `fb_name` varchar(255) COLLATE utf8_bin DEFAULT NULL,
  `photo` varchar(255) COLLATE utf8_bin DEFAULT NULL
) ENGINE=InnoDB DEFAULT CHARSET=utf8 COLLATE=utf8_bin;

--
-- Dumping data for table `users_1`
--

INSERT INTO `users_1` (`user_id`, `username`, `email`, `user_type`, `password`, `phone`, `fb_id`, `end_date`, `start_date`, `f_name`, `l_name`, `bio`, `r_email`, `email_active`, `fb_name`, `photo`) VALUES
('163897042', 'mat noor', 'geogatedproject291@gmail.com', 'user', '5155ddb62454fe0cca23b2dc774e89d6', 0, 'fb_null', '2021-06-12', '2021-06-12', '', '', '', '', 0, '', 'img_null'),
('231648750', 'yoonz', 'geogatedproject220@gmail.com', 'user', 'f6cffed1eba85c24b31f4cb3d277dd4f', 0, 'fb_null', '2021-05-12', '2021-05-12', '', '', '', '', 0, '', 'img_null'),
('641380972', 'ÐÐ´Ð¼Ð¸Ð½', 'info@mathsoc.mn', 'admin', '6e5ccab540dc32af6b76187bae7ee80d', 0, 'fb_null', '2021-05-06', '2021-05-06', '', '', '', '', 0, '', 'img_null'),
('897136502', 'Batbileg', 'batbileg_sh@num.edu.mn', 'user', 'dc58cb88e7f959e1cd80844635586ceb', 0, 'fb_null', '2022-02-07', '2022-02-07', '', '', '', '', 0, '', 'img_null'),
('89893218', 'Ð‘ÑƒÑÐ½Ñ‚Ð¾Ð³Ñ‚Ð¾Ñ…', 'gonjiw3218@gmail.com', 'god', '32f716350b79bed56956c119e235df79', 89893218, '734715467428373', '2021-02-28', '2020-11-10', 'ÐÐ»Ñ‚Ð°Ð½-Ð¾Ñ‡Ð¸Ñ€', 'Ð‘ÑƒÑÐ½Ñ‚Ð¾Ð³Ñ‚Ð¾Ñ…', '<h1>sn uu</h1>', 'webmaster', 1, 'Ð. Ð¢Ð¾Ð³Ñ‚Ð¾Ñ…Ð¾Ð¾', 'https://mathsoc.mn/v2/uploads/webmaster.jpg'),
('962301854', 'ÐÐ»Ñ‚Ð°Ð½Ð³ÑÑ€ÑÐ»', 'lkal.num@gmail.com', 'admin', '4e5038b114b4a56938e1841779e0b645', 0, '3911778642237538', '2021-04-13', '2021-04-13', 'Ð›Ñ…Ð°Ð¼ÑÒ¯Ñ€ÑÐ½', 'ÐÐ»Ñ‚Ð°Ð½Ð³ÑÑ€ÑÐ»', '', '', 1, 'Lkhamsuren Altangerel', 'http://graph.facebook.com/3911778642237538/picture');

-- --------------------------------------------------------

--
-- Table structure for table `web_data`
--

CREATE TABLE `web_data` (
  `id` int(11) NOT NULL,
  `bc_color` varchar(500) NOT NULL,
  `bc_image` varchar(500) NOT NULL,
  `bc_type` varchar(500) NOT NULL
) ENGINE=InnoDB DEFAULT CHARSET=latin1;

--
-- Dumping data for table `web_data`
--

INSERT INTO `web_data` (`id`, `bc_color`, `bc_image`, `bc_type`) VALUES
(1, '#eef0f8', 'https://cdn.cjr.org/wp-content/uploads/2019/07/AdobeStock_100000042-e1563305717660-686x371.jpeg', '');

-- --------------------------------------------------------

--
-- Table structure for table `web_file`
--

CREATE TABLE `web_file` (
  `id` int(11) NOT NULL,
  `file_name` varchar(255) DEFAULT NULL,
  `user` varchar(255) DEFAULT NULL,
  `icon` varchar(255) DEFAULT NULL,
  `up_date` date DEFAULT NULL
) ENGINE=InnoDB DEFAULT CHARSET=utf8;

--
-- Dumping data for table `web_file`
--

INSERT INTO `web_file` (`id`, `file_name`, `user`, `icon`, `up_date`) VALUES
(1, 'uploads/pdf/lab2.pdf', '89893218', 'pdf', '2021-05-06'),
(2, 'uploads/pdf/316lec1.pdf', '641380972', 'pdf', '2021-05-06');

-- --------------------------------------------------------

--
-- Table structure for table `web_photo`
--

CREATE TABLE `web_photo` (
  `id` int(11) NOT NULL,
  `photo_name` varchar(255) DEFAULT NULL,
  `img_size` varchar(11) DEFAULT NULL,
  `user` varchar(255) DEFAULT NULL,
  `up_date` date DEFAULT NULL
) ENGINE=InnoDB DEFAULT CHARSET=utf8;

--
-- Dumping data for table `web_photo`
--

INSERT INTO `web_photo` (`id`, `photo_name`, `img_size`, `user`, `up_date`) VALUES
(4, 'thump_1620313250.png', '0600 x 0315', '89893218', '2021-05-06'),
(5, 'thump_1620315864.jpg', '0600 x 0315', '641380972', '2021-05-06'),
(6, 'thump_1620743677.jpg', '0600 x 0315', '89893218', '2021-05-11'),
(7, 'thump_1624952618.png', '0414 x 0736', '89893218', '2021-06-29'),
(8, 'thump_1624952632.png', '0414 x 0736', '89893218', '2021-06-29'),
(9, 'thump_1626495718.png', 'null', '89893218', '2021-07-17'),
(10, 'thump_1626495783.png', '0736 x 0414', '89893218', '2021-07-17'),
(11, 'thump_1626496079.jpg', '1024 x 0768', '89893218', '2021-07-17'),
(12, 'thump_1626496142.png', '1024 x 0768', '89893218', '2021-07-17'),
(13, 'thump_1626496253.jpg', '1024 x 0768', '89893218', '2021-07-17'),
(14, 'thump_1626788376.jpg', '0600 x 0315', '641380972', '2021-07-20'),
(15, 'thump_1640247995.png', 'null', '89893218', '2021-12-23'),
(16, 'thump_1640248027.png', 'null', '89893218', '2021-12-23'),
(17, 'thump_1640248139.png', '0320 x 0480', '89893218', '2021-12-23'),
(18, 'thump_1640249587.png', '0320 x 0480', '89893218', '2021-12-23'),
(19, 'thump_1640249595.png', '0320 x 0480', '89893218', '2021-12-23'),
(20, 'thump_1640249603.png', '0320 x 0480', '89893218', '2021-12-23');

--
-- Indexes for dumped tables
--

--
-- Indexes for table `ewent`
--
ALTER TABLE `ewent`
  ADD PRIMARY KEY (`id`);

--
-- Indexes for table `gishuunchlel`
--
ALTER TABLE `gishuunchlel`
  ADD PRIMARY KEY (`id`);

--
-- Indexes for table `math_7`
--
ALTER TABLE `math_7`
  ADD PRIMARY KEY (`id`);

--
-- Indexes for table `members`
--
ALTER TABLE `members`
  ADD PRIMARY KEY (`id`);

--
-- Indexes for table `menu`
--
ALTER TABLE `menu`
  ADD PRIMARY KEY (`id`);

--
-- Indexes for table `news`
--
ALTER TABLE `news`
  ADD PRIMARY KEY (`id`);

--
-- Indexes for table `sent_math`
--
ALTER TABLE `sent_math`
  ADD PRIMARY KEY (`id`);

--
-- Indexes for table `sub_menu`
--
ALTER TABLE `sub_menu`
  ADD PRIMARY KEY (`id`);

--
-- Indexes for table `suppliers`
--
ALTER TABLE `suppliers`
  ADD PRIMARY KEY (`id`);

--
-- Indexes for table `users_1`
--
ALTER TABLE `users_1`
  ADD PRIMARY KEY (`user_id`);

--
-- Indexes for table `web_data`
--
ALTER TABLE `web_data`
  ADD PRIMARY KEY (`id`);

--
-- Indexes for table `web_file`
--
ALTER TABLE `web_file`
  ADD PRIMARY KEY (`id`);

--
-- Indexes for table `web_photo`
--
ALTER TABLE `web_photo`
  ADD PRIMARY KEY (`id`);

--
-- AUTO_INCREMENT for dumped tables
--

--
-- AUTO_INCREMENT for table `ewent`
--
ALTER TABLE `ewent`
  MODIFY `id` int(11) NOT NULL AUTO_INCREMENT, AUTO_INCREMENT=7;

--
-- AUTO_INCREMENT for table `gishuunchlel`
--
ALTER TABLE `gishuunchlel`
  MODIFY `id` int(11) NOT NULL AUTO_INCREMENT, AUTO_INCREMENT=4;

--
-- AUTO_INCREMENT for table `math_7`
--
ALTER TABLE `math_7`
  MODIFY `id` int(11) NOT NULL AUTO_INCREMENT, AUTO_INCREMENT=5;

--
-- AUTO_INCREMENT for table `members`
--
ALTER TABLE `members`
  MODIFY `id` int(11) NOT NULL AUTO_INCREMENT, AUTO_INCREMENT=3;

--
-- AUTO_INCREMENT for table `menu`
--
ALTER TABLE `menu`
  MODIFY `id` int(11) NOT NULL AUTO_INCREMENT, AUTO_INCREMENT=10;

--
-- AUTO_INCREMENT for table `news`
--
ALTER TABLE `news`
  MODIFY `id` int(11) NOT NULL AUTO_INCREMENT, AUTO_INCREMENT=10;

--
-- AUTO_INCREMENT for table `sent_math`
--
ALTER TABLE `sent_math`
  MODIFY `id` int(11) NOT NULL AUTO_INCREMENT, AUTO_INCREMENT=4;

--
-- AUTO_INCREMENT for table `sub_menu`
--
ALTER TABLE `sub_menu`
  MODIFY `id` int(11) NOT NULL AUTO_INCREMENT, AUTO_INCREMENT=7;

--
-- AUTO_INCREMENT for table `suppliers`
--
ALTER TABLE `suppliers`
  MODIFY `id` int(11) NOT NULL AUTO_INCREMENT, AUTO_INCREMENT=15;

--
-- AUTO_INCREMENT for table `web_data`
--
ALTER TABLE `web_data`
  MODIFY `id` int(11) NOT NULL AUTO_INCREMENT, AUTO_INCREMENT=2;

--
-- AUTO_INCREMENT for table `web_file`
--
ALTER TABLE `web_file`
  MODIFY `id` int(11) NOT NULL AUTO_INCREMENT, AUTO_INCREMENT=3;

--
-- AUTO_INCREMENT for table `web_photo`
--
ALTER TABLE `web_photo`
  MODIFY `id` int(11) NOT NULL AUTO_INCREMENT, AUTO_INCREMENT=21;
COMMIT;

/*!40101 SET CHARACTER_SET_CLIENT=@OLD_CHARACTER_SET_CLIENT */;
/*!40101 SET CHARACTER_SET_RESULTS=@OLD_CHARACTER_SET_RESULTS */;
/*!40101 SET COLLATION_CONNECTION=@OLD_COLLATION_CONNECTION */;
