CREATE TABLE alumno ( nromatricula integer PRIMARY KEY, 
 nombrealumno character varying(50), 
 edad integer);

CREATE TABLE profesor ( idprof integer PRIMARY KEY, nombreprof character varying(50), 
 gradoacademico character varying(50));


CREATE TABLE curso ( codcurso integer PRIMARY KEY, 
 nombrecurso character varying(50), 
 creditos integer);CREATE TABLE instanciacurso ( 
 codic integer PRIMARY KEY, 
 ano integer, semestre integer, seccion character varying(1), profesor integer,curso integer);

ALTER TABLE ONLY instanciacurso    ADD CONSTRAINT instanciacurso_curso_fkey FOREIGN KEY (curso) REFERENCES curso(codcurso) MATCH FULL ON UPDATE CASCADE ON DELETE RESTRICT;

ALTER TABLE ONLY instanciacursoADD CONSTRAINT instanciacurso_profesor_fkey FOREIGN KEY (profesor) REFERENCES profesor(idprof) MATCH FULL ON UPDATE CASCADE ON DELETE RESTRICT;

CREATE TABLE alumnocurso ( 
 alumno integer NOT NULL, 
 curso integer NOT NULL, 
 nota double precision);
ALTER TABLE ONLY alumnocurso    ADD CONSTRAINT alumnocurso_pkey PRIMARY KEY (alumno, curso);
ALTER TABLE ONLY alumnocurso    ADD CONSTRAINT alumnocurso_alumno_fkey FOREIGN KEY (alumno) REFERENCES alumno(nromatricula) MATCH FULL ON UPDATE CASCADE ON DELETE RESTRICT;
INSERT INTO alumno (nromatricula, nombrealumno, edad) VALUES (106, 'Aldo Zegarra', 20);INSERT INTO alumno (nromatricula, nombrealumno, edad) VALUES (105, 'Gerardo Palomino', 21);INSERT INTO alumno (nromatricula, nombrealumno, edad) VALUES (104, 'Oscar Salinas', 20);INSERT INTO alumno (nromatricula, nombrealumno, edad) VALUES (103, 'Juan Perez', 22);INSERT INTO alumno (nromatricula, nombrealumno, edad) VALUES (102, 'Ivan Arista', 21);INSERT INTO alumno (nromatricula, nombrealumno, edad) VALUES (101, 'Juan Rojas', 19);

INSERT INTO profesor (idprof, nombreprof, gradoacademico) VALUES (1, 'Renzo Angles', 'Phd');INSERT INTO profesor (idprof, nombreprof, gradoacademico) VALUES (2, 'Federico Meza', 'Phd');INSERT INTO profesor (idprof, nombreprof, gradoacademico) VALUES (3, 'Cristian Orellanda', 'Magister');INSERT INTO profesor (idprof, nombreprof, gradoacademico) VALUES (5, 'Patricio Yañez', 'Licenciado');INSERT INTO profesor (idprof, nombreprof, gradoacademico) VALUES (6, 'Juan Escalona', 'Magister');INSERT INTO profesor (idprof, nombreprof, gradoacademico) VALUES (4, 'Luis Vargas', 'Licenciado');

INSERT INTO curso (codcurso, nombrecurso, creditos) VALUES (2, 'Computacion I', 5);INSERT INTO curso (codcurso, nombrecurso, creditos) VALUES (4, 'Computacion II', 5);INSERT INTO curso (codcurso, nombrecurso, creditos) VALUES (5, 'Calculo II', 5);INSERT INTO curso (codcurso, nombrecurso, creditos) VALUES (7, 'Analisis de requisitos', 5);INSERT INTO curso (codcurso, nombrecurso, creditos) VALUES (8, 'Sistemas Operativos', 5);INSERT INTO curso (codcurso, nombrecurso, creditos) VALUES (10, 'Diseño de software', 5);INSERT INTO curso (codcurso, nombrecurso, creditos) VALUES (11, 'Base de Datos', 6);INSERT INTO curso (codcurso, nombrecurso, creditos) VALUES (3, 'Calculo I', 6);INSERT INTO curso (codcurso, nombrecurso, creditos) VALUES (9, 'Automatas', 6);INSERT INTO curso (codcurso, nombrecurso, creditos) VALUES (6, 'Redes', 6);INSERT INTO curso (codcurso, nombrecurso, creditos) VALUES (1, 'Algoritmos', 5);

INSERT INTO instanciacurso (codic, ano, semestre, seccion, profesor, curso) VALUES (2, 2008, 1, 'a', 2, 2);INSERT INTO instanciacurso (codic, ano, semestre, seccion, profesor, curso) VALUES (5, 2008, 2, 'a', 4, 4);INSERT INTO instanciacurso (codic, ano, semestre, seccion, profesor, curso) VALUES (6, 2008, 2, 'a', 5, 5);INSERT INTO instanciacurso (codic, ano, semestre, seccion, profesor, curso) VALUES (8, 2009, 1, 'a', 2, 2);INSERT INTO instanciacurso (codic, ano, semestre, seccion, profesor, curso) VALUES (9, 2009, 1, 'a', 3, 3);INSERT INTO instanciacurso (codic, ano, semestre, seccion, profesor, curso) VALUES (4, 2008, 2, 'a', 3, 3);INSERT INTO instanciacurso (codic, ano, semestre, seccion, profesor, curso) VALUES (13, 2009, 2, 'a', 3, 3);INSERT INTO instanciacurso (codic, ano, semestre, seccion, profesor, curso) VALUES (14, 2009, 2, 'a', 4, 4);INSERT INTO instanciacurso (codic, ano, semestre, seccion, profesor, curso) VALUES (15, 2009, 2, 'a', 5, 5);INSERT INTO instanciacurso (codic, ano, semestre, seccion, profesor, curso) VALUES (7, 2009, 1, 'a', 1, 1);INSERT INTO instanciacurso (codic, ano, semestre, seccion, profesor, curso) VALUES (1, 2008, 1, 'a', 1, 1);INSERT INTO instanciacurso (codic, ano, semestre, seccion, profesor, curso) VALUES (10, 2009, 1, 'a', 1, 6);INSERT INTO instanciacurso (codic, ano, semestre, seccion, profesor, curso) VALUES (11, 2009, 1, 'a', 2, 7);INSERT INTO instanciacurso (codic, ano, semestre, seccion, profesor, curso) VALUES (12, 2009, 1, 'a', 3, 8);INSERT INTO instanciacurso (codic, ano, semestre, seccion, profesor, curso) VALUES (16, 2009, 2, 'a', 4, 9);INSERT INTO instanciacurso (codic, ano, semestre, seccion, profesor, curso) VALUES (17, 2009, 2, 'a', 5, 10);INSERT INTO instanciacurso (codic, ano, semestre, seccion, profesor, curso) VALUES (18, 2009, 2, 'a', 6, 11);INSERT INTO instanciacurso (codic, ano, semestre, seccion, profesor, curso) VALUES (3, 2008, 1, 'a', 3, 3);INSERT INTO alumnocurso (alumno, curso, nota) VALUES (103, 1, 3.8999999999999999);INSERT INTO alumnocurso (alumno, curso, nota) VALUES (101, 1, 4.5);INSERT INTO alumnocurso (alumno, curso, nota) VALUES (102, 1, 6);INSERT INTO alumnocurso (alumno, curso, nota) VALUES (101, 2, 6);INSERT INTO alumnocurso (alumno, curso, nota) VALUES (102, 2, 3.5);INSERT INTO alumnocurso (alumno, curso, nota) VALUES (103, 2, 4.5);INSERT INTO alumnocurso (alumno, curso, nota) VALUES (101, 3, 6.5);INSERT INTO alumnocurso (alumno, curso, nota) VALUES (102, 3, 4.7999999999999998);INSERT INTO alumnocurso (alumno, curso, nota) VALUES (103, 4, 4.9000000000000004);INSERT INTO alumnocurso (alumno, curso, nota) VALUES (101, 5, 5.5);INSERT INTO alumnocurso (alumno, curso, nota) VALUES (102, 5, 5.7999999999999998);INSERT INTO alumnocurso (alumno, curso, nota) VALUES (103, 5, 6);INSERT INTO alumnocurso (alumno, curso, nota) VALUES (101, 6, 3.8999999999999999);INSERT INTO alumnocurso (alumno, curso, nota) VALUES (102, 6, 4);INSERT INTO alumnocurso (alumno, curso, nota) VALUES (104, 7, 5);INSERT INTO alumnocurso (alumno, curso, nota) VALUES (105, 7, 3.5);INSERT INTO alumnocurso (alumno, curso, nota) VALUES (106, 7, 6.4000000000000004);INSERT INTO alumnocurso (alumno, curso, nota) VALUES (104, 8, 5.2999999999999998);INSERT INTO alumnocurso (alumno, curso, nota) VALUES (105, 8, 4.0999999999999996);INSERT INTO alumnocurso (alumno, curso, nota) VALUES (106, 8, 3.7999999999999998);INSERT INTO alumnocurso (alumno, curso, nota) VALUES (104, 9, 4);INSERT INTO alumnocurso (alumno, curso, nota) VALUES (105, 9, 5);INSERT INTO alumnocurso (alumno, curso, nota) VALUES (106, 9, 6.5);INSERT INTO alumnocurso (alumno, curso, nota) VALUES (101, 10, 4.5999999999999996);INSERT INTO alumnocurso (alumno, curso, nota) VALUES (102, 10, 6.7000000000000002);INSERT INTO alumnocurso (alumno, curso, nota) VALUES (102, 11, 4.2999999999999998);INSERT INTO alumnocurso (alumno, curso, nota) VALUES (103, 11, 4.2999999999999998);INSERT INTO alumnocurso (alumno, curso, nota) VALUES (101, 12, 5.5);INSERT INTO alumnocurso (alumno, curso, nota) VALUES (102, 12, 3.8999999999999999);INSERT INTO alumnocurso (alumno, curso, nota) VALUES (104, 13, 5.4000000000000004);INSERT INTO alumnocurso (alumno, curso, nota) VALUES (105, 13, 5.5999999999999996);INSERT INTO alumnocurso (alumno, curso, nota) VALUES (106, 13, 4.2999999999999998);INSERT INTO alumnocurso (alumno, curso, nota) VALUES (104, 14, 5.4000000000000004);INSERT INTO alumnocurso (alumno, curso, nota) VALUES (105, 14, 6.5999999999999996);INSERT INTO alumnocurso (alumno, curso, nota) VALUES (105, 15, 5);INSERT INTO alumnocurso (alumno, curso, nota) VALUES (106, 15, 6);INSERT INTO alumnocurso (alumno, curso, nota) VALUES (101, 16, 4.4000000000000004);INSERT INTO alumnocurso (alumno, curso, nota) VALUES (102, 16, 4.5999999999999996);INSERT INTO alumnocurso (alumno, curso, nota) VALUES (102, 17, 5.7000000000000002);INSERT INTO alumnocurso (alumno, curso, nota) VALUES (103, 17, 4.7999999999999998);INSERT INTO alumnocurso (alumno, curso, nota) VALUES (101, 18, 5);INSERT INTO alumnocurso (alumno, curso, nota) VALUES (103, 18, 4);