ALTER TABLE s_role
    MODIFY COLUMN description LONGTEXT;

INSERT INTO `s_role` (`id`,`description`,`name`,`after_url_redirect`) VALUES ('adminakademik','Untuk staff akademik','Akademik',NULL);
INSERT INTO `s_role` (`id`,`description`,`name`,`after_url_redirect`) VALUES ('adminaset','Untuk administrasi aset','Aset',NULL);
INSERT INTO `s_role` (`id`,`description`,`name`,`after_url_redirect`) VALUES ('adminfakultas','Untuk Sekretaris/staff fakultas','Fakultas',NULL);
INSERT INTO `s_role` (`id`,`description`,`name`,`after_url_redirect`) VALUES ('adminkampus','Super user dalam sistem informasi akademik at','Admin Kampus',NULL);
INSERT INTO `s_role` (`id`,`description`,`name`,`after_url_redirect`) VALUES ('adminprodi','Untuk Sekretaris/staff prodi','Admin Prodi',NULL);
INSERT INTO `s_role` (`id`,`description`,`name`,`after_url_redirect`) VALUES ('adminsystem','Untuk Mengatur awal system seperti menambah yayasan','Admin System',NULL);
INSERT INTO `s_role` (`id`,`description`,`name`,`after_url_redirect`) VALUES ('adminyayasan','Untuk pengaturan data yayasan seperti menambah institusi','Yayasan',NULL);
INSERT INTO `s_role` (`id`,`description`,`name`,`after_url_redirect`) VALUES ('alumni','Untuk menu alumni','Alumni',NULL);
INSERT INTO `s_role` (`id`,`description`,`name`,`after_url_redirect`) VALUES ('dekanfakultas','Untuk dekan fakultas','Dekan',NULL);
INSERT INTO `s_role` (`id`,`description`,`name`,`after_url_redirect`) VALUES ('dosen','Untuk menu dosen','Dosen',NULL);
INSERT INTO `s_role` (`id`,`description`,`name`,`after_url_redirect`) VALUES ('kaprodi','Untuk Kordinator prodi','Kaprodi',NULL);
INSERT INTO `s_role` (`id`,`description`,`name`,`after_url_redirect`) VALUES ('kasir','Untuk kasir','Kasir',NULL);
INSERT INTO `s_role` (`id`,`description`,`name`,`after_url_redirect`) VALUES ('kepegawaian','Untuk administrasi sdm','Kepegawaian',NULL);
INSERT INTO `s_role` (`id`,`description`,`name`,`after_url_redirect`) VALUES ('keuangan','Untuk administrasi keuangan','Keuangan',NULL);
INSERT INTO `s_role` (`id`,`description`,`name`,`after_url_redirect`) VALUES ('mahasiswa','Untuk menu mahasiswa','Mahasiswa',NULL);
INSERT INTO `s_role` (`id`,`description`,`name`,`after_url_redirect`) VALUES ('payroll','Untuk administrasi payroll','Payroll',NULL);
INSERT INTO `s_role` (`id`,`description`,`name`,`after_url_redirect`) VALUES ('pegawai','Untuk halaman pegawai','Pegawai',NULL);
INSERT INTO `s_role` (`id`,`description`,`name`,`after_url_redirect`) VALUES ('rektor','Untuk halaman rektor','Rektor',NULL);
INSERT INTO `s_role` (`id`,`description`,`name`,`after_url_redirect`) VALUES ('warekdua','Untuk halaman warek dua','Warek Dua',NULL);
INSERT INTO `s_role` (`id`,`description`,`name`,`after_url_redirect`) VALUES ('wareksatu','Untuk halaman warek satu','Warek Satu',NULL);


INSERT INTO `s_permission` (`id`,`permission_label`,`permission_value`) VALUES ('departemencreate','Menu Departemen (Create)','DEPARTEMEN_CREATE');
INSERT INTO `s_permission` (`id`,`permission_label`,`permission_value`) VALUES ('departemendelete','Menu Departemen (Delete)','DEPARTEMEN_DELETE');
INSERT INTO `s_permission` (`id`,`permission_label`,`permission_value`) VALUES ('departemenupdate','Menu Departemen (Update)','DEPARTEMEN_UPDATE');
INSERT INTO `s_permission` (`id`,`permission_label`,`permission_value`) VALUES ('departemenview','Menu Departemen (View)','DEPARTEMEN_VIEW');
INSERT INTO `s_permission` (`id`,`permission_label`,`permission_value`) VALUES ('dosencreate','Menu Dosen (Create)','DOSEN_CREATE');
INSERT INTO `s_permission` (`id`,`permission_label`,`permission_value`) VALUES ('dosendelete','Menu Dosen (Delete)','DOSEN_DELETE');
INSERT INTO `s_permission` (`id`,`permission_label`,`permission_value`) VALUES ('dosenupdate','Menu Dosen (Update)','DOSEN_UPDATE');
INSERT INTO `s_permission` (`id`,`permission_label`,`permission_value`) VALUES ('dosenview','Menu Dosen (View)','DOSEN_VIEW');
INSERT INTO `s_permission` (`id`,`permission_label`,`permission_value`) VALUES ('institusicreate','Menu Institusi (Create)','INSTITUSI_CREATE');
INSERT INTO `s_permission` (`id`,`permission_label`,`permission_value`) VALUES ('institusindelete','Menu Institusi (Delete)','INSTITUSI_DELETE');
INSERT INTO `s_permission` (`id`,`permission_label`,`permission_value`) VALUES ('institusiupdate','Menu Institusi (Update)','INSTITUSI_UPDATE');
INSERT INTO `s_permission` (`id`,`permission_label`,`permission_value`) VALUES ('institusiview','Menu Institusi (View)','INSTITUSI_VIEW');
INSERT INTO `s_permission` (`id`,`permission_label`,`permission_value`) VALUES ('jabatancreate','Menu Jabatan (Create)','JABATAN_CREATE');
INSERT INTO `s_permission` (`id`,`permission_label`,`permission_value`) VALUES ('jabatandelete','Menu Jabatan (Delete)','JABATAN_DELETE');
INSERT INTO `s_permission` (`id`,`permission_label`,`permission_value`) VALUES ('jabatanupdate','Menu Jabatan (Update)','JABATAN_UPDATE');
INSERT INTO `s_permission` (`id`,`permission_label`,`permission_value`) VALUES ('jabatanview','Menu Jabatan (View)','JABATAN_VIEW');
INSERT INTO `s_permission` (`id`,`permission_label`,`permission_value`) VALUES ('pegawaicreate','Menu Pegawai (Create)','PEGAWAI_CREATE');
INSERT INTO `s_permission` (`id`,`permission_label`,`permission_value`) VALUES ('pegawaidelete','Menu Pegawai (Delete)','PEGAWAI_DELETE');
INSERT INTO `s_permission` (`id`,`permission_label`,`permission_value`) VALUES ('pegawaiupdate','Menu Pegawai (Update)','PEGAWAI_UPDATE');
INSERT INTO `s_permission` (`id`,`permission_label`,`permission_value`) VALUES ('pegawaiview','Menu Pegawai (View)','PEGAWAI_VIEW');
INSERT INTO `s_permission` (`id`,`permission_label`,`permission_value`) VALUES ('programstudicreate','Menu Program Studi (Create)','PROGRAM_STUDI_CREATE');
INSERT INTO `s_permission` (`id`,`permission_label`,`permission_value`) VALUES ('programstudidelete','Menu Program Studi (Delete)','PROGRAM_STUDI_DELETE');
INSERT INTO `s_permission` (`id`,`permission_label`,`permission_value`) VALUES ('programstudiupdate','Menu Program Studi (Update)','PROGRAM_STUDI_UPDATE');
INSERT INTO `s_permission` (`id`,`permission_label`,`permission_value`) VALUES ('programstudiview','Menu Program Studi (View)','PROGRAM_STUDI_VIEW');
INSERT INTO `s_permission` (`id`,`permission_label`,`permission_value`) VALUES ('yayasancreate','Menu Yayasan (Create)','YAYASAN_CREATE');
INSERT INTO `s_permission` (`id`,`permission_label`,`permission_value`) VALUES ('yayasandelete','Menu Yayasan (Delete)','YAYASAN_DELETE');
INSERT INTO `s_permission` (`id`,`permission_label`,`permission_value`) VALUES ('yayasanupdate','Menu Yayasan (Update)','YAYASAN_UPDATE');
INSERT INTO `s_permission` (`id`,`permission_label`,`permission_value`) VALUES ('yayasanview','Menu Yayasan (View)','YAYASAN_VIEW');


INSERT INTO `s_role_permission` (`id_role`,`id_permission`) VALUES ('adminsystem','yayasancreate');
INSERT INTO `s_role_permission` (`id_role`,`id_permission`) VALUES ('adminsystem','yayasandelete');
INSERT INTO `s_role_permission` (`id_role`,`id_permission`) VALUES ('adminsystem','yayasanupdate');
INSERT INTO `s_role_permission` (`id_role`,`id_permission`) VALUES ('adminsystem','yayasanview');
INSERT INTO `s_role_permission` (`id_role`,`id_permission`) VALUES ('adminyayasan','departemencreate');
INSERT INTO `s_role_permission` (`id_role`,`id_permission`) VALUES ('adminyayasan','departemendelete');
INSERT INTO `s_role_permission` (`id_role`,`id_permission`) VALUES ('adminyayasan','departemenupdate');
INSERT INTO `s_role_permission` (`id_role`,`id_permission`) VALUES ('adminyayasan','departemenview');
INSERT INTO `s_role_permission` (`id_role`,`id_permission`) VALUES ('adminyayasan','institusicreate');
INSERT INTO `s_role_permission` (`id_role`,`id_permission`) VALUES ('adminyayasan','institusidelete');
INSERT INTO `s_role_permission` (`id_role`,`id_permission`) VALUES ('adminyayasan','institusiupdate');
INSERT INTO `s_role_permission` (`id_role`,`id_permission`) VALUES ('adminyayasan','institusiview');
INSERT INTO `s_role_permission` (`id_role`,`id_permission`) VALUES ('adminyayasan','jabatancreate');
INSERT INTO `s_role_permission` (`id_role`,`id_permission`) VALUES ('adminyayasan','jabatandelete');
INSERT INTO `s_role_permission` (`id_role`,`id_permission`) VALUES ('adminyayasan','jabatanupdate');
INSERT INTO `s_role_permission` (`id_role`,`id_permission`) VALUES ('adminyayasan','jabatanview');
INSERT INTO `s_role_permission` (`id_role`,`id_permission`) VALUES ('adminyayasan','pegawaicreate');
INSERT INTO `s_role_permission` (`id_role`,`id_permission`) VALUES ('adminyayasan','pegawaidelete');
INSERT INTO `s_role_permission` (`id_role`,`id_permission`) VALUES ('adminyayasan','pegawaiupdate');
INSERT INTO `s_role_permission` (`id_role`,`id_permission`) VALUES ('adminyayasan','pegawaiview');
INSERT INTO `s_role_permission` (`id_role`,`id_permission`) VALUES ('kepegawaian','departemencreate');
INSERT INTO `s_role_permission` (`id_role`,`id_permission`) VALUES ('kepegawaian','departemendelete');
INSERT INTO `s_role_permission` (`id_role`,`id_permission`) VALUES ('kepegawaian','departemenupdate');
INSERT INTO `s_role_permission` (`id_role`,`id_permission`) VALUES ('kepegawaian','departemenview');
INSERT INTO `s_role_permission` (`id_role`,`id_permission`) VALUES ('kepegawaian','jabatancreate');
INSERT INTO `s_role_permission` (`id_role`,`id_permission`) VALUES ('kepegawaian','jabatandelete');
INSERT INTO `s_role_permission` (`id_role`,`id_permission`) VALUES ('kepegawaian','jabatanupdate');
INSERT INTO `s_role_permission` (`id_role`,`id_permission`) VALUES ('kepegawaian','jabatanview');
INSERT INTO `s_role_permission` (`id_role`,`id_permission`) VALUES ('kepegawaian','pegawaicreate');
INSERT INTO `s_role_permission` (`id_role`,`id_permission`) VALUES ('kepegawaian','pegawaidelete');
INSERT INTO `s_role_permission` (`id_role`,`id_permission`) VALUES ('kepegawaian','pegawaiupdate');
INSERT INTO `s_role_permission` (`id_role`,`id_permission`) VALUES ('kepegawaian','pegawaiview');

alter table s_user
    add id_foundation varchar(45);
