INSERT INTO `account` VALUES ('0c3c9d5d-a4fe-42b4-be38-63ac4ac225e1','4.1.4','Pendapatan Asrama',0,'ACTIVE','45fb75ad-d621-478a-8d11-449143149f0c'),
                             ('0f1a6178-9dc4-4afe-bff8-3d0356227628','4.2.6','Pendapatan Hasil Kerjasama Tridharma',0,'ACTIVE','128074f9-1294-43ef-8e45-f76458883e48'),
                             ('154774b4-7432-4069-bf6e-5b18bacb805a','1.2.3','Akumulasi Depresiasi Kendaraan',0,'ACTIVE','43449473-5b97-4a50-b27c-4a476513ebc0'),
                             ('1639425e-1ccc-404b-8bf7-e07937247822','1.1.3','Investasi jangka pendek',0,'ACTIVE','525277dd-3176-4c9a-ace1-59be6e6eb664'),
                             ('1f4826e8-50a6-422e-a26f-d2ec7c7f992f','5.1.1','Biaya Dosen',0,'ACTIVE','9b9ac3e9-f854-4320-8665-0305a0e7c557'),
                             ('25d26f91-7495-46a5-be53-23d2e613655b','5.1.3.2','Lisensi Turnitin',0,'ACTIVE','9b9ac3e9-f854-4320-8665-0305a0e7c557'),
                                ('2672b175-da79-4714-bc54-bbb13fdda59a','5.1.1.2','THR Dosen Tetap',0,'ACTIVE','9b9ac3e9-f854-4320-8665-0305a0e7c557'),
                             ('2fa23039-8df8-40cf-b310-f2168c83fada','4.1.3','Pendapatan UKT',0,'ACTIVE','45fb75ad-d621-478a-8d11-449143149f0c'),
                             ('345e26b6-ff87-4f62-ac18-74e8e04c9dd1','4.2.4','Pendapatan Jasa Keuangan (Deposito, Tabungan dll)',0,'ACTIVE','128074f9-1294-43ef-8e45-f76458883e48'),('349cc2e4-a1e5-482c-aba1-730cd23036d2','5.1.1.6','Honor Dosen Lainnya (Pembicara Seminar, dosen tamu dll terkait pengajaran)',0,'ACTIVE','9b9ac3e9-f854-4320-8665-0305a0e7c557'),('35870247-c767-4c84-b8bc-65e0c3045b48','1.1.5','Perlengkapan (supplies)',0,'ACTIVE','525277dd-3176-4c9a-ace1-59be6e6eb664'),('3be1a1a4-bfec-4da4-ac23-8e7b16687064','1.2.2','Akumulasi Depresiasi Bangunan',0,'ACTIVE','43449473-5b97-4a50-b27c-4a476513ebc0'),('3e0040c4-c52d-420d-8e94-df54b7578e24','1.1.4','Beban Dibayar Dimuka',0,'ACTIVE','525277dd-3176-4c9a-ace1-59be6e6eb664'),('4a0065b1-f6d7-4e4e-b146-bc2e29b6f39d','5.1.3.1','Biaya Pembelian Buku',0,'ACTIVE','9b9ac3e9-f854-4320-8665-0305a0e7c557'),('57be2487-2a55-4b40-8c1d-7c6a1eb96d5f','5.1.2.1','Gaji Tendik (tgl 28)',0,'ACTIVE','9b9ac3e9-f854-4320-8665-0305a0e7c557'),('5c082dd5-2548-49d0-8cda-12747e64b572','1.1.2.2','Piutang Lainnya',0,'ACTIVE','525277dd-3176-4c9a-ace1-59be6e6eb664'),('5cb0de0a-cbf8-4f9a-a780-e1fd05fe5fad','5.1.2.2','THR Tendik',0,'ACTIVE','9b9ac3e9-f854-4320-8665-0305a0e7c557'),('63a936e2-3cb7-4888-be67-3e563506a4c1','5.1.3.3','Langganan E Journal',0,'ACTIVE','9b9ac3e9-f854-4320-8665-0305a0e7c557'),('69aa0c1f-d23b-4042-aba5-460b47442ea6','2.1.4','Hutang Sewa',0,'ACTIVE','0b5cf36c-b3de-4714-8807-74713a87eb6a'),('70211651-17c4-44e9-96d1-aac5945302ff','4.1.6','Pendapatan Wisuda',0,'ACTIVE','45fb75ad-d621-478a-8d11-449143149f0c'),('70edc02b-9e8e-45b4-a40c-3b9d04774fff','5.1.2','Biaya Tenaga Kependidikan',0,'ACTIVE','9b9ac3e9-f854-4320-8665-0305a0e7c557'),('7d6ac8fc-a4e8-47b7-9d73-73f61087e9e7','4.2.7','Penerimaan Kembali Belanja',0,'ACTIVE','128074f9-1294-43ef-8e45-f76458883e48'),('7fb0acd3-ff4c-4c0e-8bd8-0056709e0133','4.2.2','Pendapatan hibah riset dan pkm',0,'ACTIVE','128074f9-1294-43ef-8e45-f76458883e48'),('80d07fd0-20ee-4e31-a5bc-bf6ae2244ba0','4.1.5','Pendapatan Tugas Akhir',0,'ACTIVE','45fb75ad-d621-478a-8d11-449143149f0c'),('8602b8d1-94a7-405c-aca9-f9016dbdace9','4.1.1','Pendapatan Uang Pendaftaran',0,'ACTIVE','45fb75ad-d621-478a-8d11-449143149f0c'),('91682ce8-23e1-4059-8cc6-31c0e30f04d9','5.1.2.3','Honor Tendik (Kepanitiaan Ujian, Wisuda, Akreditasi, Pengukuhan dsb)',0,'ACTIVE','9b9ac3e9-f854-4320-8665-0305a0e7c557'),('97e7d7d4-a58c-4af7-851c-01972dee22ff','2.1.2','Hutang Pajak',0,'ACTIVE','0b5cf36c-b3de-4714-8807-74713a87eb6a'),('9ab4298f-5244-4549-b825-1e5971e63979','2.2.1','Hutang Bank',0,'ACTIVE','d7627d59-9d65-4240-910a-7f257065c67e'),('a6b0488a-f5f2-43bc-a054-517732e29847','5.1.4','Biaya Operasional Tidak Langsung',0,'ACTIVE','9b9ac3e9-f854-4320-8665-0305a0e7c557'),('a90d75b7-7afc-4ece-9ce0-918b0773217b','4.2.3','Pendapatan sewa (gedung, tanah, bangunan, kendaraan, kelas dsb)',0,'ACTIVE','128074f9-1294-43ef-8e45-f76458883e48'),('adb6c1dc-9a87-4229-8665-f226828525a0','4.2.4.2','BMI',0,'ACTIVE','128074f9-1294-43ef-8e45-f76458883e48'),('b083fab4-6ed6-41e6-bfe7-a85aaaf7c4fb','5.1.3','Biaya Operasional Pembelajaran',0,'ACTIVE','9b9ac3e9-f854-4320-8665-0305a0e7c557'),('b37d3822-c9df-491e-b6d1-9ca1bbff016d','4.1.8','Pendapatan Lain-lain  (Pembinaan, Remedial, IELTS, Kompre dll)',0,'ACTIVE','45fb75ad-d621-478a-8d11-449143149f0c'),('b4ea75f2-cdb5-4a35-8cb8-042d747e6565','4.2.4.5','BSMI',0,'ACTIVE','128074f9-1294-43ef-8e45-f76458883e48'),('b500cd1e-05fc-45a2-95aa-4682cb7e484d','4.1.7','Pendapatan Semester Pendek',0,'ACTIVE','45fb75ad-d621-478a-8d11-449143149f0c'),('b567a140-90a5-4d09-baa7-1c51d297ee1d','5.1.4.1.2','Sertifikasi ISO (diamortisasi selama 3 th)',0,'ACTIVE','9b9ac3e9-f854-4320-8665-0305a0e7c557'),('b59786cc-db34-4309-835c-6aa6540f6b78','5.1.4.1.1','Akreditasi (diamortisasi selama 5 th)',0,'ACTIVE','9b9ac3e9-f854-4320-8665-0305a0e7c557'),('b64c76fa-c8ca-42a2-b5ab-4876d771afe9','1.2.1','Tanah',0,'ACTIVE','43449473-5b97-4a50-b27c-4a476513ebc0'),('b69d6538-3d0b-4b72-ab06-15640040d0b9','1.1.1','Kas dan Setara Kas',0,'ACTIVE','525277dd-3176-4c9a-ace1-59be6e6eb664'),('b6d969f0-b3f7-4bff-8005-685f42016fd5','1.2.4','Akumulasi Depresiasi Peralatan',0,'ACTIVE','43449473-5b97-4a50-b27c-4a476513ebc0'),('b7cd8418-25c2-486b-98e4-80c99cf1e57f','4.2.1','Pendapatan Hibah/Wakaf',0,'ACTIVE','128074f9-1294-43ef-8e45-f76458883e48'),('bec989a0-6ce3-4329-8960-5380b22c9ebf','5.1.1.5','Honor Dosen LB',0,'ACTIVE','9b9ac3e9-f854-4320-8665-0305a0e7c557'),('c9182a64-33b0-4e4e-aef5-edfe206288c5','4.2.8','Pendapatan Lain-lain',0,'ACTIVE','128074f9-1294-43ef-8e45-f76458883e48'),('d099332b-e601-411f-8f42-9c12d841dffd','4.1.2','Pendapatan Daftar Ulang',0,'ACTIVE','45fb75ad-d621-478a-8d11-449143149f0c'),('d6c9d244-8819-48cb-a54f-03d66afd19c7','5.1.4.1','Biaya Penjaminan Mutu',0,'ACTIVE','9b9ac3e9-f854-4320-8665-0305a0e7c557'),('d7faf0cb-9fb3-42d9-9b1c-6394630835a7','4.2.5','Pendapatan Jasa Layanan ',0,'ACTIVE','128074f9-1294-43ef-8e45-f76458883e48'),('d937f0c6-5b20-489e-baf0-7c6519214aee','5.1.1.3','Gaji Dosen LB (tgl 5, termasuk TLC)',0,'ACTIVE','9b9ac3e9-f854-4320-8665-0305a0e7c557'),('e078d961-515a-4c82-bb04-2b93bb20a66a','2.2.2','Imbalan Pasca Kerja',0,'ACTIVE','d7627d59-9d65-4240-910a-7f257065c67e'),('e3da5fb9-dd1c-44e4-9ad0-4a22c2880cdd','5.1.1.1','Gaji Dosen Tetap (s1 dan s2  - tgl 28)',0,'ACTIVE','9b9ac3e9-f854-4320-8665-0305a0e7c557'),('e9db53bd-bc31-49fd-8d5b-6b2e8a8dfd0f','1.1.2.1','Piutang Mahasiswa',0,'ACTIVE','525277dd-3176-4c9a-ace1-59be6e6eb664'),('ea726e96-510c-4c24-8cb9-52d9d23500bf','1.1.2','Piutang',0,'ACTIVE','525277dd-3176-4c9a-ace1-59be6e6eb664'),('ee949260-34bf-4a2b-af6f-28ef453cf618','5.1.1.4','Honor Dosen Tetap (mengajar, membimbing, menguji dll)',0,'ACTIVE','9b9ac3e9-f854-4320-8665-0305a0e7c557'),('f36f0934-26ea-49d9-a540-f835ad431686','4.2.4.1','BSI',0,'ACTIVE','128074f9-1294-43ef-8e45-f76458883e48'),('f89350e1-5b26-4d68-93da-f4a95d67c3a7','1.1.6','Aset Lancar Lainnya',0,'ACTIVE','525277dd-3176-4c9a-ace1-59be6e6eb664'),('fa5cdfe5-8682-453a-92c5-7384e8431580','2.1.1','Pendapatan Diterima Dimuka',0,'ACTIVE','0b5cf36c-b3de-4714-8807-74713a87eb6a'),('fbb37918-ad4a-4b3d-a0e2-13024d9d6457','4.2.4.4','DKI Syariah',0,'ACTIVE','128074f9-1294-43ef-8e45-f76458883e48'),('fcafd06a-5e38-40ab-b559-75fb423c5644','4.2.4.3','Niaga Syariah',0,'ACTIVE','128074f9-1294-43ef-8e45-f76458883e48'),
                             ('fe51fdbd-58c2-4975-9c3b-494a6ae8ef9c','2.1.3','Hutang Gaji',0,'ACTIVE','0b5cf36c-b3de-4714-8807-74713a87eb6a');


INSERT INTO `classification` VALUES ('8809e2d1-34e0-4ffa-a01b-316cd824bc86','Beban','ACTIVE'),('946a9e5e-ab23-4c72-b759-bdfa551e32c2','Pendapatan Non-Mahasiswa','DELETED'),('a23b2931-4205-43fb-b8b7-1d29a0c3ac0c','LIABILITAS','ACTIVE'),('e5ffb4be-e001-47be-b123-f9aec49087dc','Pendapatan','ACTIVE'),('ff0b86b5-f8fc-4433-9ddb-1eea9dfc9d84','Aset','ACTIVE');


INSERT INTO `s_permission` VALUES ('superuser','super','SUPERUSER');

INSERT INTO `s_role` VALUES ('superadmin','SUPERADMIN','super');

INSERT INTO `s_role_permission` VALUES ('superadmin','superuser');

INSERT INTO `s_user` VALUES ('1','arifrahmatullah@tazkia.ac.id',1,'superadmin','arif');

INSERT INTO `subclassification` VALUES ('0b5cf36c-b3de-4714-8807-74713a87eb6a','a23b2931-4205-43fb-b8b7-1d29a0c3ac0c','2.1','LIABILITAS JANGKA PENDEK','ACTIVE'),('128074f9-1294-43ef-8e45-f76458883e48','e5ffb4be-e001-47be-b123-f9aec49087dc','4.2','Pendapatan Non-Mahasiswa','ACTIVE'),('3d879eea-13ca-4a9e-8f54-e95978866ddb','8809e2d1-34e0-4ffa-a01b-316cd824bc86','5.2','Biaya Operasional Kemahasiswaan','ACTIVE'),('43449473-5b97-4a50-b27c-4a476513ebc0','ff0b86b5-f8fc-4433-9ddb-1eea9dfc9d84','1.2','ASET TIDAK LANCAR','ACTIVE'),('45fb75ad-d621-478a-8d11-449143149f0c','e5ffb4be-e001-47be-b123-f9aec49087dc','4.1','Pendapatan Mahasiswa','ACTIVE'),('5171da32-197a-41be-a769-14ccbc450569','8809e2d1-34e0-4ffa-a01b-316cd824bc86','5.3','Biaya Penelitian','ACTIVE'),('525277dd-3176-4c9a-ace1-59be6e6eb664','ff0b86b5-f8fc-4433-9ddb-1eea9dfc9d84','1.1','Aset Lancar','ACTIVE'),('7430d06d-688b-4728-887b-ef620572f4f3','8809e2d1-34e0-4ffa-a01b-316cd824bc86','5.4','Biaya PkM','ACTIVE'),('8eb5501a-bb8d-4ba7-aca6-24481fe58d6f','8809e2d1-34e0-4ffa-a01b-316cd824bc86','5.5','Biaya Investasi SDM','ACTIVE'),('96508f0e-f790-4782-bd72-587ef7999f29','8809e2d1-34e0-4ffa-a01b-316cd824bc86','5.6','Biaya Investasi Sarana','ACTIVE'),('97638693-5996-4d00-b0a5-2c8c58eb3488','8809e2d1-34e0-4ffa-a01b-316cd824bc86','5.7','Biaya Investasi Prasarana','ACTIVE'),('9b9ac3e9-f854-4320-8665-0305a0e7c557','8809e2d1-34e0-4ffa-a01b-316cd824bc86','5.1','Biaya Operasional Pendidikan','ACTIVE'),('d7627d59-9d65-4240-910a-7f257065c67e','a23b2931-4205-43fb-b8b7-1d29a0c3ac0c','2.2','LIABILITIAS JANGKA PANJANG','ACTIVE');