﻿CREATE TABLE IF NOT EXISTS "__EFMigrationsHistory" (
    "MigrationId" character varying(150) NOT NULL,
    "ProductVersion" character varying(32) NOT NULL,
    CONSTRAINT "PK___EFMigrationsHistory" PRIMARY KEY ("MigrationId")
);

START TRANSACTION;

CREATE TABLE public.goods_gategory (
    "Id" integer GENERATED BY DEFAULT AS IDENTITY,
    "Name" character varying(200) NOT NULL,
    "Description" text NOT NULL,
    CONSTRAINT "PK_goods_gategory" PRIMARY KEY ("Id")
);

CREATE TABLE public.stock (
    "Id" integer GENERATED BY DEFAULT AS IDENTITY,
    "Title" character varying(200) NOT NULL,
    "Capacity" integer NOT NULL,
    "Address" text NULL,
    "AddressLatitude" numeric NULL,
    "AddressLongitude" numeric NULL,
    CONSTRAINT "PK_stock" PRIMARY KEY ("Id")
);

CREATE TABLE public.goods (
    "Id" integer GENERATED BY DEFAULT AS IDENTITY,
    "Title" character varying(200) NOT NULL,
    "Description" text NOT NULL,
    "BasePrice" numeric NOT NULL,
    "CategoryId" integer NULL,
    "GoodsStockId" integer NULL,
    "StockId" integer NULL,
    CONSTRAINT "PK_goods" PRIMARY KEY ("Id"),
    CONSTRAINT "FK_goods_goods_gategory_CategoryId" FOREIGN KEY ("CategoryId") REFERENCES public.goods_gategory ("Id")
);

CREATE TABLE public.goods_stock (
    "Id" integer GENERATED BY DEFAULT AS IDENTITY,
    "GoodsId" integer NOT NULL,
    "StockId" integer NOT NULL,
    "Count" integer NOT NULL DEFAULT 0,
    CONSTRAINT "PK_goods_stock" PRIMARY KEY ("Id"),
    CONSTRAINT "FK_goods_stock_goods_GoodsId" FOREIGN KEY ("GoodsId") REFERENCES public.goods ("Id") ON DELETE CASCADE,
    CONSTRAINT "FK_goods_stock_stock_StockId" FOREIGN KEY ("StockId") REFERENCES public.stock ("Id")
);

CREATE TABLE public."GoodsDboStockDbo" (
    "GoodsId" integer NOT NULL,
    "StockId" integer NOT NULL,
    CONSTRAINT "PK_GoodsDboStockDbo" PRIMARY KEY ("GoodsId", "StockId"),
    CONSTRAINT "FK_GoodsDboStockDbo_goods_GoodsId" FOREIGN KEY ("GoodsId") REFERENCES public.goods ("Id") ON DELETE CASCADE,
    CONSTRAINT "FK_GoodsDboStockDbo_stock_StockId" FOREIGN KEY ("StockId") REFERENCES public.stock ("Id") ON DELETE CASCADE
);

INSERT INTO public.goods ("Id", "BasePrice", "CategoryId", "Description", "GoodsStockId", "StockId", "Title")
VALUES (4, 180.0, NULL, 'Южно-Корейский контейнер для линз простой и универсальный помощник для тех, кто регулярно пользуется контактными линзами. Цвет - зеленый.', NULL, NULL, 'Контейнер для линз зеленый');
INSERT INTO public.goods ("Id", "BasePrice", "CategoryId", "Description", "GoodsStockId", "StockId", "Title")
VALUES (5, 180.0, NULL, 'Южно-Корейский контейнер для линз простой и универсальный помощник для тех, кто регулярно пользуется контактными линзами. Цвет - синий.', NULL, NULL, 'Контейнер для линз синий');

INSERT INTO public.goods_gategory ("Id", "Description", "Name")
VALUES (1, 'Всё для домашнего ухода за зубами', 'Гигиена рта');
INSERT INTO public.goods_gategory ("Id", "Description", "Name")
VALUES (2, 'Средства по уходу за кожей', 'Гигиена тела');
INSERT INTO public.goods_gategory ("Id", "Description", "Name")
VALUES (3, 'Безопасные и гипоалергенные средства для детей.', 'Детская гигиена');
INSERT INTO public.goods_gategory ("Id", "Description", "Name")
VALUES (4, 'Средства которые помогают справиться с определенной проблемой', 'Специальная гигиена');
INSERT INTO public.goods_gategory ("Id", "Description", "Name")
VALUES (5, 'Средства контактной коррекции зрения и аксессуары.', 'Контейнеры и линзы');

INSERT INTO public.stock ("Id", "Address", "AddressLatitude", "AddressLongitude", "Capacity", "Title")
VALUES (1, 'Москва, Ленина, 53', 55.713656, 37.553878, 30000, 'Склад Москва-1');
INSERT INTO public.stock ("Id", "Address", "AddressLatitude", "AddressLongitude", "Capacity", "Title")
VALUES (2, 'Москва, Ленина, 56', 55.713656, 37.553898, 30000, 'Склад Москва-2');
INSERT INTO public.stock ("Id", "Address", "AddressLatitude", "AddressLongitude", "Capacity", "Title")
VALUES (3, 'Санкт-Петербург, Невский, 1', NULL, NULL, 50000, 'Склад Петербург-1');
INSERT INTO public.stock ("Id", "Address", "AddressLatitude", "AddressLongitude", "Capacity", "Title")
VALUES (4, 'Муром, ПГТ Солнечный, Победы, 15', NULL, NULL, 2000, 'Склад Муром');
INSERT INTO public.stock ("Id", "Address", "AddressLatitude", "AddressLongitude", "Capacity", "Title")
VALUES (5, 'Москва, Ленина, 59', 55.713698, 37.5538654, 30000, 'Склад Москва-3');

INSERT INTO public.goods ("Id", "BasePrice", "CategoryId", "Description", "GoodsStockId", "StockId", "Title")
VALUES (1, 150.0, 1, 'Зубная щетка Hausland мягкая набор 2 шт., для взрослых, для чистки зубов и десен, универсальная, для гигиены и ухода за полостью рта.', NULL, NULL, 'Набор зубных щёток');
INSERT INTO public.goods ("Id", "BasePrice", "CategoryId", "Description", "GoodsStockId", "StockId", "Title")
VALUES (2, 250.0, 1, 'Одна сторона со щеткой (межзубный ершик) предназначена для бережной чистки межзубного пространства, другая - для удаления зубов.', NULL, NULL, 'Зубная нить "Блеск межзубного пространства"');
INSERT INTO public.goods ("Id", "BasePrice", "CategoryId", "Description", "GoodsStockId", "StockId", "Title")
VALUES (3, 78.0, 1, 'Дешевое и сердитое решение для очистки зубов.', NULL, NULL, 'Зубная нить "Твоя цена"');
INSERT INTO public.goods ("Id", "BasePrice", "CategoryId", "Description", "GoodsStockId", "StockId", "Title")
VALUES (6, 2500.0, 2, 'Чашеобразное приспособление, которое используется для мытья рук или небольших предметов.', NULL, NULL, 'Говорящий умывальник "Мойдодыр"');
INSERT INTO public.goods ("Id", "BasePrice", "CategoryId", "Description", "GoodsStockId", "StockId", "Title")
VALUES (7, 60.0, 2, 'Туалетное мыло РЕЦЕПТЫ ЧИСТОТЫ «Земляничное» очищает кожу, бережно ухаживая за ней. Средство непременно поднимет настроение благодаря аромату.', NULL, NULL, 'Мыло "Земляничное"');

INSERT INTO public.goods_stock ("Id", "Count", "GoodsId", "StockId")
VALUES (5, 100, 5, 5);
INSERT INTO public.goods_stock ("Id", "Count", "GoodsId", "StockId")
VALUES (1, 10, 1, 2);
INSERT INTO public.goods_stock ("Id", "Count", "GoodsId", "StockId")
VALUES (2, 500, 1, 1);
INSERT INTO public.goods_stock ("Id", "Count", "GoodsId", "StockId")
VALUES (3, 27, 2, 5);
INSERT INTO public.goods_stock ("Id", "Count", "GoodsId", "StockId")
VALUES (4, 140, 3, 4);

CREATE INDEX "IX_goods_CategoryId" ON public.goods ("CategoryId");

CREATE INDEX "IX_goods_stock_GoodsId" ON public.goods_stock ("GoodsId");

CREATE INDEX "IX_goods_stock_StockId" ON public.goods_stock ("StockId");

CREATE INDEX "IX_GoodsDboStockDbo_StockId" ON public."GoodsDboStockDbo" ("StockId");

SELECT setval(
    pg_get_serial_sequence('public.goods', 'Id'),
    GREATEST(
        (SELECT MAX("Id") FROM public.goods) + 1,
        nextval(pg_get_serial_sequence('public.goods', 'Id'))),
    false);
SELECT setval(
    pg_get_serial_sequence('public.goods_gategory', 'Id'),
    GREATEST(
        (SELECT MAX("Id") FROM public.goods_gategory) + 1,
        nextval(pg_get_serial_sequence('public.goods_gategory', 'Id'))),
    false);
SELECT setval(
    pg_get_serial_sequence('public.stock', 'Id'),
    GREATEST(
        (SELECT MAX("Id") FROM public.stock) + 1,
        nextval(pg_get_serial_sequence('public.stock', 'Id'))),
    false);
SELECT setval(
    pg_get_serial_sequence('public.goods_stock', 'Id'),
    GREATEST(
        (SELECT MAX("Id") FROM public.goods_stock) + 1,
        nextval(pg_get_serial_sequence('public.goods_stock', 'Id'))),
    false);

INSERT INTO "__EFMigrationsHistory" ("MigrationId", "ProductVersion")
VALUES ('20230611201025_Init', '7.0.5');

COMMIT;

