﻿--
-- Script was generated by Devart dbForge Studio 2019 for MySQL, Version 8.2.23.0
-- Product home page: http://www.devart.com/dbforge/mysql/studio
-- Script date 14/09/2022 10:46:30
-- Server version: 5.7.33
-- Client version: 4.1
--

-- 
-- Disable foreign keys
-- 
/*!40014 SET @OLD_FOREIGN_KEY_CHECKS=@@FOREIGN_KEY_CHECKS, FOREIGN_KEY_CHECKS=0 */;

-- 
-- Set SQL mode
-- 
/*!40101 SET @OLD_SQL_MODE=@@SQL_MODE, SQL_MODE='NO_AUTO_VALUE_ON_ZERO' */;

-- 
-- Set character set the client will use to send SQL statements to the server
--
SET NAMES 'utf8';

DROP DATABASE IF EXISTS alumno;

CREATE DATABASE IF NOT EXISTS alumno
CHARACTER SET latin1
COLLATE latin1_swedish_ci;

--
-- Set default database
--
USE alumno;

--
-- Create table `modulo`
--
CREATE TABLE IF NOT EXISTS modulo (
  codigo int(11) NOT NULL,
  nombre varchar(100) DEFAULT NULL,
  PRIMARY KEY (codigo)
)
ENGINE = INNODB,
AVG_ROW_LENGTH = 5461,
CHARACTER SET latin1,
COLLATE latin1_swedish_ci;

--
-- Create table `alumno`
--
CREATE TABLE IF NOT EXISTS alumno (
  expediente int(11) NOT NULL,
  nombre varchar(100) DEFAULT NULL,
  apellidos varchar(100) DEFAULT NULL,
  fechaNac date DEFAULT NULL,
  PRIMARY KEY (expediente)
)
ENGINE = INNODB,
AVG_ROW_LENGTH = 5461,
CHARACTER SET latin1,
COLLATE latin1_swedish_ci;

--
-- Create table `esdelegado`
--
CREATE TABLE IF NOT EXISTS esdelegado (
  expedienteDelegado int(11) NOT NULL,
  expedienteAlumno int(11) NOT NULL,
  PRIMARY KEY (expedienteDelegado, expedienteAlumno)
)
ENGINE = INNODB,
AVG_ROW_LENGTH = 8192,
CHARACTER SET latin1,
COLLATE latin1_swedish_ci;

--
-- Create index `expedienteAlumno` on table `esdelegado`
--
ALTER TABLE esdelegado
ADD UNIQUE INDEX expedienteAlumno (expedienteAlumno);

--
-- Create foreign key
--
ALTER TABLE esdelegado
ADD CONSTRAINT fkesDelegadoAlumno FOREIGN KEY (expedienteDelegado)
REFERENCES alumno (expediente);

--
-- Create foreign key
--
ALTER TABLE esdelegado
ADD CONSTRAINT fkesDelegadoAlumno1 FOREIGN KEY (expedienteAlumno)
REFERENCES alumno (expediente);

--
-- Create table `cursa`
--
CREATE TABLE IF NOT EXISTS cursa (
  expedienteAlumno int(11) NOT NULL,
  codigoModulo int(11) NOT NULL,
  PRIMARY KEY (expedienteAlumno, codigoModulo)
)
ENGINE = INNODB,
AVG_ROW_LENGTH = 5461,
CHARACTER SET latin1,
COLLATE latin1_swedish_ci;

--
-- Create foreign key
--
ALTER TABLE cursa
ADD CONSTRAINT fkcursaAlumno FOREIGN KEY (expedienteAlumno)
REFERENCES alumno (expediente);

--
-- Create foreign key
--
ALTER TABLE cursa
ADD CONSTRAINT fkcursaModulo FOREIGN KEY (codigoModulo)
REFERENCES modulo (codigo);

--
-- Create table `profesor`
--
CREATE TABLE IF NOT EXISTS profesor (
  dni int(11) DEFAULT NULL,
  nombre varchar(100) DEFAULT NULL,
  direccion varchar(100) DEFAULT NULL,
  tfno int(11) DEFAULT NULL
)
ENGINE = INNODB,
AVG_ROW_LENGTH = 5461,
CHARACTER SET latin1,
COLLATE latin1_swedish_ci;

--
-- Create table `imparte`
--
CREATE TABLE IF NOT EXISTS imparte (
  dniProfesor int(11) NOT NULL,
  codigoModulo int(11) NOT NULL,
  PRIMARY KEY (dniProfesor, codigoModulo)
)
ENGINE = INNODB,
AVG_ROW_LENGTH = 5461,
CHARACTER SET latin1,
COLLATE latin1_swedish_ci;

--
-- Create index `codigoModulo` on table `imparte`
--
ALTER TABLE imparte
ADD UNIQUE INDEX codigoModulo (codigoModulo);

-- 
-- Dumping data for table modulo
--
INSERT INTO modulo VALUES
(20, 'BaseDatos'),
(21, 'CMS'),
(22, 'SQL');

-- 
-- Dumping data for table alumno
--
INSERT INTO alumno VALUES
(1000, 'Maria', 'Gomez', '1994-09-30'),
(1001, 'Carlos', 'Marin', '1997-02-14'),
(1002, 'David', 'Hernandez', '1998-01-31');

-- 
-- Dumping data for table profesor
--
INSERT INTO profesor VALUES
(7228, 'Clara', 'Calle Cisneros', 9423031),
(7330, 'Ramon', 'Calle Madrid', 9423030),
(7331, 'Manuel', 'Calle Simancas', 9423056);

-- 
-- Dumping data for table imparte
--
INSERT INTO imparte VALUES
(7228, 20),
(7330, 21),
(7331, 22);

-- 
-- Dumping data for table esdelegado
--
INSERT INTO esdelegado VALUES
(1002, 1000),
(1002, 1001);

-- 
-- Dumping data for table cursa
--
INSERT INTO cursa VALUES
(1000, 20),
(1001, 21),
(1002, 22);

-- 
-- Restore previous SQL mode
-- 
/*!40101 SET SQL_MODE=@OLD_SQL_MODE */;

-- 
-- Enable foreign keys
-- 
/*!40014 SET FOREIGN_KEY_CHECKS = @OLD_FOREIGN_KEY_CHECKS */;