-- phpMyAdmin SQL Dump
-- version 5.2.1
-- https://www.phpmyadmin.net/
--
-- Host: 127.0.0.1
-- Generation Time: Mar 13, 2024 at 07:07 PM
-- Server version: 10.4.28-MariaDB
-- PHP Version: 8.2.4

SET SQL_MODE = "NO_AUTO_VALUE_ON_ZERO";
START TRANSACTION;
SET time_zone = "+00:00";


/*!40101 SET @OLD_CHARACTER_SET_CLIENT=@@CHARACTER_SET_CLIENT */;
/*!40101 SET @OLD_CHARACTER_SET_RESULTS=@@CHARACTER_SET_RESULTS */;
/*!40101 SET @OLD_COLLATION_CONNECTION=@@COLLATION_CONNECTION */;
/*!40101 SET NAMES utf8mb4 */;

--
-- Database: `project_print`
--

-- --------------------------------------------------------

--
-- Table structure for table `customer`
--

CREATE TABLE `customer` (
  `cus_id` int(11) NOT NULL,
  `cus_name` varchar(200) NOT NULL,
  `cus_add` varchar(300) NOT NULL,
  `cus_tel` varchar(20) NOT NULL,
  `cus_taxid` varchar(20) DEFAULT NULL,
  `cus_status` char(2) NOT NULL DEFAULT '1'
) ENGINE=MyISAM DEFAULT CHARSET=utf8 COLLATE=utf8_general_ci;

--
-- Dumping data for table `customer`
--

INSERT INTO `customer` (`cus_id`, `cus_name`, `cus_add`, `cus_tel`, `cus_taxid`, `cus_status`) VALUES
(3, 'นาย ก.  ก.', '14/52 ม.5 ต.กกกกก อ.หหหหหหห จ.ชชชชชชชชช  10000', '0888888888', NULL, '0'),
(4, 'นาย ข. ข.', '22 ม.7 ต.ฟฟฟฟฟ อ.บบบบบบบบบ จ.สสสสสสสส 55555', '0555555555', NULL, '0'),
(5, 'นาย ค.  ค.', '999 ม.4 ต.ยยนนนนนน อ.บบลลลลลลล จ.หหหหหห 99999', '0666666666', NULL, '0'),
(6, 'นาย ง. ง.', '1144 กกากากากรหสหรหกาากหก', '0814455663', NULL, '0'),
(7, 'เจ๊จู', 'บางนา', '081-644-5041', NULL, '0'),
(8, 'เพชรัตน์', 'ตลาดไท', '081-932-9058', NULL, '0'),
(9, 'เจ๊จู', 'บางนา', '081-644-5041', NULL, '0'),
(10, 'เจ๊จู', 'บางนา', '081-644-5041', NULL, '1'),
(11, 'รุ่งเจริญทรัพย์', 'บางบัวทอง', '084-915-8882', NULL, '1'),
(12, 'เพชรัตน์', 'ตลาดไท', '081-932-9058', NULL, '1'),
(13, '101', 'สาย 3', '081-752-6671', NULL, '1'),
(14, 'อัศริน', 'สาย 3', '089-073-8809', NULL, '1'),
(15, 'ป้าใบ', 'สาย 3', '087-711-1456', NULL, '1'),
(16, 'คังเกี๋ยง', 'สาย 3', '081-919-1286', NULL, '1'),
(17, 'นฤมล', 'สาย 3', '080-052-0750', NULL, '1'),
(18, 'คุณเหน่ง', 'บางแค', '083-903-1341', NULL, '1'),
(19, 'แม่มาลัย', 'สาย 7', '086-797-1217', NULL, '1'),
(20, 'เจ๊น้อง', 'มหาชัย', '081-858-8289', NULL, '1'),
(21, 'ป้าเล็ก', 'ศาลายา', '086-415-8294', NULL, '1'),
(22, 'ร้านเอ๋ เบเกอรี่', 'ม.บัวทอง', '091-776-2005', NULL, '1'),
(23, 'ชัยณรงค์ (เอ)', 'พระราม 5', '089-891-6614', NULL, '1'),
(24, 'ชัยณรงค์ (คุ้ม)', 'พระราม 5', '081-567-3253', NULL, '1'),
(25, 'พี่ชาติ', 'ระยอง', '081-664-3020', NULL, '1'),
(26, 'สยามรุ่งเรือง', 'สมุทรสาคร', '081-735-5330', NULL, '1'),
(27, 'พีพี', 'รามอินทรา', '086-337-9422', NULL, '1'),
(28, 'ยุวดี เบเกอรี่', 'รามอินทรา', '089-677-3547', NULL, '1'),
(29, 'ทั่วไป - ขันหมาก', 'xxxxxxx', 'xxx-xxx-xxxx', NULL, '1'),
(30, 'ชัยนาวี', 'มหาชัย', '034-421-387', NULL, '1'),
(31, 'คุณหลี', 'บางบอน 135', '081-775-0782', NULL, '1'),
(32, 'ทั่วไป', 'xxxxxxx', 'xxx-xxx-xxxx', NULL, '1'),
(33, 'เตชะ', 'สามพราน', '094-665-1466', NULL, '1'),
(34, 'ร้านขนมปังคลองเตย', 'คลองเตย', 'xxx-xxx-xxxx', NULL, '1'),
(35, 'ร้าน 3', 'กระทุ่มแบน', 'xxx-xxx-xxxx', NULL, '1'),
(36, 'ร้าน 1', 'กระทุ่มแบน', 'xxx-xxx-xxxx', NULL, '0'),
(37, 'ชอท่าข้าม', 'ท่าข้าม', '081-615-6685', NULL, '1'),
(38, 'น้าอู๊ด', 'ท่าใหม่', 'xxx-xxx-xxxx', NULL, '1'),
(39, 'เป็งเส็ง', 'จอมทอง 15', '02-468-2515', NULL, '1'),
(40, 'ร้านแตน 88', 'แม่กลอง', '089-137-8978', NULL, '1'),
(41, 'พี่เวย์', 'ด่านชั่ง', '093-026-3039', NULL, '1'),
(42, 'ท่าม่วง', 'ท่าม่วง', '081-385-6589', NULL, '1'),
(43, 'แอน', 'แป๊ะกง', '083-232-9756', NULL, '1'),
(44, 'เม', 'ปทุมธานี', '089-459-3337', NULL, '1'),
(45, 'คุณบุญมี', 'ชัยภูมิ', '044-840-036', NULL, '1'),
(46, 'พี่วรรณ', 'ช้างสามเศียร', '081-685-2510', NULL, '1'),
(47, 'คุณวีระ', 'ม.มณฑล 8 เรียบคลองทวีวัฒนา', '093-935-4142', NULL, '1'),
(48, 'คุณวรรณทินี', 'สุโขทัย ซอย 7', '087-368-2929', NULL, '1'),
(49, 'ร้านรุ่งเรือง', 'ด่านชั่ง', '02-420-1431', NULL, '1'),
(50, 'เจ๊น้อง', 'มหาชัย', '081-858-8289', NULL, '0'),
(51, 'รุ่งโพธิ์ทอง', 'สาย 4', '081-193-8159', NULL, '1'),
(52, 'เฮียเปี๊ยก', 'ท่าอิฐ', '087-493-3997', NULL, '1'),
(53, 'หลานป้าแสงจันทร์', 'สวนหลวง ร.9', '063-936-6498', NULL, '1'),
(54, 'คุณกุ๊ก', 'ระยอง', '086-835-9287', NULL, '1'),
(55, 'เจ๊เจริญ', 'ม.บัวทอง', '081-842-7383', NULL, '1'),
(56, 'ศรีวงศ์จันทร์', 'ไทรน้อย', '062-321-0505', NULL, '1'),
(57, 'เจ๊แมว', 'โรงงานปลากระป่อง', '089-165-1624', NULL, '1'),
(58, 'ครูแอน', 'เทคนิคอ้อมน้อย', '084-641-3237', NULL, '1'),
(59, 'น้าเฮียง', 'เยาวราช', 'xxx-xxx-xxxx', NULL, '1'),
(60, 'ร้านธงชัย', 'อ้อมใหญ่', '02-420-3576', NULL, '1'),
(61, 'พี่กิ๊บ', 'ซอยกำนันแม้น', '087-697-0967', NULL, '1'),
(62, 'เจ๊ใหญ่ / ตลาดกระทุ่มแบน', 'ตลาดกระทุ่มแบน', 'xxx-xxx-xxxx', NULL, '1'),
(63, 'เจ๊เล็ก-เจ๊จุก', 'ตลาดกระทุ่มแบน', 'xxx-xxx-xxxx', NULL, '1'),
(64, 'ร้านดาวเรือง', 'พิจิตร', '086-461-5224', NULL, '1'),
(65, 'เจ๊ใหญ่ / วัดหงอนไก่', 'ปากทางวัดหงอนไก่', 'xxx-xxx-xxxx', NULL, '1'),
(66, 'พี่ท่อนจันทร์', 'CI', '061-526-5733', NULL, '1'),
(67, 'คุณหนิ้ง', 'xxxxx', 'xxxxx', NULL, '1'),
(68, 'ร้านเพชรเจริญยิ่ง', 'ปตท.วังมะนาว', '098-289-5291', NULL, '1'),
(69, 'เจ๊เยาว์', 'สุพรรณบุรี', '098-249-7844', NULL, '1'),
(70, 'ป๋า', 'แม่กลอง', 'xxx-xxx-xxxx', NULL, '1'),
(71, 'หมู่บ้านสุขสันต์ 6', 'หมู่บ้านสุขสันต์ 6', '087-126-1212', NULL, '1'),
(72, 'ปัท', 'กระทุ่มแบน', 'xxx-xxx-xxxx', NULL, '1'),
(73, 'พระราม 2', 'พระราม 2', '089-112-6261', NULL, '1'),
(74, 'เจ๊ไร', 'สาย 4', 'xxx-xxx-xxxx', NULL, '1'),
(75, 'เจ๊สุชาดา', 'วัดใหม่', '086-177-0699', NULL, '1'),
(76, 'พี่เดือน', 'สาย4', 'xxx-xxx-xxxx', NULL, '1'),
(77, 'ป้าดา', 'หนองแขม', '086-772-3253', NULL, '1'),
(78, 'เจ๊สังวาลย์', 'บ้านดอน', 'xxx-xxx-xxxx', NULL, '1'),
(79, 'เจ๊จุก', 'ตลาดกระทุ่มแบน', 'xxx-xxx-xxxx', NULL, '1'),
(80, 'คุณรุ่ง / ชลบุรี', 'ชลบุรี', '081-591-8968', NULL, '1'),
(81, 'เฮีย(บางแค)', 'บางแค', 'xxx-xxx-xxxx', NULL, '1'),
(82, 'คุณสิท', 'แม่กลอง', '087-119-3377', NULL, '1'),
(83, 'พี่เมย์/สามพราน', 'สามพราน', '094-446-9875', NULL, '1'),
(84, 'ขนส่งใต้', 'รถขนส่งใต้', 'xxx-xxx-xxxx', NULL, '1'),
(85, 'บริษัท ยูนิ-ชาร์ม (ประเทศไทย) จำกัด', '105 หมู่ 9 ต.บางวัว  อ.บางปะกง  จ.ฉะเชิงเทรา 24130 เลขประจำตัวผูเสียภาษี 0105530035751', 'xxx-xxx-xxxx', NULL, '1'),
(86, 'คุณวรพงษ์ / หมอศรี', 'ซอยหมอศรี', '094-335-0234', NULL, '1'),
(87, 'เจ๊สุพร', 'นันยาง', '081-942-2505', NULL, '1'),
(88, 'ร้านคุณชีพ', 'คลองมะเดื่อ', 'xxx-xxx-xxxxx', NULL, '1'),
(89, 'รถแดง', 'ปทุมธานี', '089-236-2564', NULL, '1'),
(90, 'กำนันเล็ก', 'แม่กลอง', 'xxx-xxx-xxxxx', NULL, '1'),
(91, 'พี่หนุ่ย', 'แม่กลอง', 'xxx-xxx-xxxxx', NULL, '1'),
(92, 'ร้านเมืองทอง', 'ตลาดกระท่มแบน', 'xxx-xxx-xxxx', NULL, '1'),
(93, 'คุณน๊อต', 'สาย 5', '085-557-4788', NULL, '1'),
(94, 'พี่พงษ์', 'คลองตัน', 'xxx-xxx-xxxx', NULL, '1'),
(95, 'คุณหมู', 'บางพลี', '091-809-6332', NULL, '1'),
(96, 'คุณกิม', 'xxxxxxxxx', '062-549-1617', NULL, '1'),
(97, 'BIG-C', 'พระราม 2', '063-495-1112', NULL, '1'),
(98, 'บัวชมพู', 'สาย 4', '080-904-5210', NULL, '1'),
(99, 'Suwit Phunawa', 'ทดสอบระบบ', '0885444324', NULL, '1'),
(100, 'คุณอ๊อด', 'หมู่บ้านเทียนดัดวิลเลจ', '099-985-2820', NULL, '1'),
(101, 'คุณดาวเรือง', 'สำโรง', '089-220-2415', NULL, '1'),
(102, 'พี่แหง่', 'สาย4', 'xxx-xxx-xxxx', NULL, '1'),
(103, 'เจ๊บิ', 'เยาวราช', 'xxx-xxx-xxxx', NULL, '1'),
(104, 'วัดด่านสำโรง', 'ตลาดร่มไทร', '089-498-5087', NULL, '1'),
(105, 'ราชบุรี', 'ราชบุรี', '085-144-9641', NULL, '1'),
(106, 'นครชัยศรี', 'ตลาดวัดไทร', '093-568-8385', NULL, '1'),
(107, 'วัดทอง', 'วัดทอง', '087-529-3597', NULL, '1'),
(108, 'ลูกน้าก๊อง', '***********', '099-398-5699', NULL, '1'),
(109, 'เจ๊ยา', 'บ้านแพ้ว', 'xxx-xxx-xxxx', NULL, '1'),
(110, 'มหาชัย ( ขนมโก๋ )', 'มหาชัย', 'xxx-xxx-xxxx', NULL, '1'),
(111, 'เจ๊หนิง', 'ตลาดบางปะหัน', '087-117-6955', NULL, '1'),
(112, 'เจ๊นิด ร้านวัสดุก่อสร้าง', 'สาย 4', '082-824-2955', NULL, '1'),
(113, 'อ.เก๋', 'หนองแขม', 'xxx-xxx-xxxx', NULL, '1'),
(114, 'เจ๊นา', 'หน้าวัดคลองมะเดื่อ', 'xxx-xxx-xxxx', NULL, '1'),
(115, 'คุณเบญ', 'ตลาดสามพราน', 'xxx-xxx-xxxx', NULL, '1'),
(116, 'ไก่', 'ดไหด', 'ำพไดเ', NULL, '0'),
(117, 'ป้าแสงจันทร์', 'หัวตะเข้', '081-344-7276', NULL, '1'),
(118, 'สุวิทย์ ทดสอบ', 'ซอยวิเศษสุขนคร', '0986699892', NULL, '0'),
(119, 'สุวิทย์ ทดสอบ222', 'วิเศษสุข', '0885444324', NULL, '1');

-- --------------------------------------------------------

--
-- Table structure for table `customer_price`
--

CREATE TABLE `customer_price` (
  `cp_id` int(11) NOT NULL,
  `cus_id` int(11) DEFAULT NULL,
  `pd_id` int(11) DEFAULT NULL,
  `cp_price` decimal(10,2) DEFAULT NULL,
  `cp_status` char(2) DEFAULT NULL
) ENGINE=MyISAM DEFAULT CHARSET=utf8 COLLATE=utf8_general_ci;

--
-- Dumping data for table `customer_price`
--

INSERT INTO `customer_price` (`cp_id`, `cus_id`, `pd_id`, `cp_price`, `cp_status`) VALUES
(1, 3, 1, 55.00, '1'),
(4, 3, 3, 65.00, '1'),
(9, 3, 4, 75.00, '1'),
(8, 3, 2, 45.00, '1'),
(10, 3, 6, 95.00, '1'),
(11, 4, 1, 150.00, '1'),
(12, 4, 2, 200.00, '1'),
(13, 4, 3, 3000.00, '1'),
(14, 4, 4, 1500.00, '1'),
(15, 4, 6, 450.00, '1'),
(16, 5, 3, 111.00, '1'),
(17, 5, 1, 222.00, '1'),
(18, 5, 2, 333.00, '1'),
(19, 5, 4, 444.00, '1'),
(20, 5, 6, 555.00, '1'),
(22, 6, 1, 50.00, '1'),
(23, 6, 2, 30.00, '1'),
(24, 6, 3, 30.00, '1'),
(25, 6, 4, 55.39, '1'),
(26, 7, 11, 61.00, '1'),
(1194, 10, 26, 180.00, '1'),
(1271, 39, 92, 70.00, '1'),
(1272, 39, 224, 55.00, '1'),
(1426, 11, 177, 35.00, '1'),
(1031, 11, 240, 80.00, '1'),
(1547, 35, 227, 45.00, '1'),
(1578, 10, 167, 340.00, '1'),
(1563, 10, 15, 136.00, '1'),
(1561, 10, 228, 125.00, '1'),
(1562, 10, 14, 204.00, '1'),
(1192, 10, 20, 255.00, '1'),
(1266, 23, 57, 25.00, '1'),
(1267, 23, 249, 35.00, '1'),
(1515, 39, 250, 7.00, '1'),
(1306, 110, 34, 200.00, '1'),
(1540, 11, 264, 900.00, '1'),
(954, 35, 51, 75.00, '1'),
(955, 35, 52, 75.00, '1'),
(1223, 18, 56, 10.00, '1'),
(809, 18, 57, 20.00, '1'),
(1224, 18, 58, 20.00, '1'),
(48, 18, 54, 10.00, '1'),
(49, 13, 21, 310.00, '1'),
(50, 13, 22, 310.00, '1'),
(51, 13, 23, 155.00, '1'),
(52, 13, 24, 155.00, '1'),
(53, 15, 21, 310.00, '1'),
(54, 15, 22, 310.00, '1'),
(55, 15, 23, 155.00, '1'),
(56, 15, 24, 155.00, '1'),
(1367, 15, 19, 25.00, '1'),
(1368, 15, 18, 35.00, '1'),
(1369, 15, 17, 70.00, '1'),
(1370, 15, 16, 105.00, '1'),
(1371, 15, 15, 140.00, '1'),
(1554, 114, 19, 25.00, '1'),
(63, 16, 23, 155.00, '1'),
(64, 16, 24, 155.00, '1'),
(1319, 14, 19, 25.00, '1'),
(1320, 14, 18, 35.00, '1'),
(1321, 14, 17, 70.00, '1'),
(1322, 14, 16, 105.00, '1'),
(1323, 14, 15, 140.00, '1'),
(1324, 14, 14, 210.00, '1'),
(71, 14, 21, 310.00, '1'),
(72, 14, 22, 310.00, '1'),
(73, 14, 23, 155.00, '1'),
(74, 14, 24, 155.00, '1'),
(75, 17, 21, 310.00, '1'),
(76, 17, 22, 310.00, '1'),
(77, 17, 23, 155.00, '1'),
(78, 17, 24, 155.00, '1'),
(79, 26, 23, 155.00, '1'),
(80, 26, 33, 310.00, '1'),
(81, 27, 23, 155.00, '1'),
(82, 27, 32, 248.00, '1'),
(83, 28, 23, 155.00, '1'),
(84, 28, 32, 248.00, '1'),
(85, 28, 59, 155.00, '1'),
(1594, 11, 16, 102.00, '1'),
(1593, 11, 17, 68.00, '1'),
(1285, 11, 252, 240.00, '1'),
(1490, 11, 18, 34.00, '1'),
(1595, 11, 15, 136.00, '1'),
(1151, 20, 19, 23.00, '1'),
(1152, 20, 18, 38.00, '1'),
(1153, 20, 17, 75.00, '1'),
(1409, 19, 18, 34.00, '1'),
(1408, 19, 19, 24.00, '1'),
(1410, 19, 17, 68.00, '1'),
(1411, 19, 15, 136.00, '1'),
(1226, 19, 20, 270.00, '1'),
(99, 21, 17, 80.00, '1'),
(100, 21, 18, 40.00, '1'),
(101, 21, 20, 240.00, '1'),
(1341, 22, 19, 25.00, '1'),
(1342, 22, 18, 38.00, '1'),
(104, 22, 17, 75.00, '1'),
(105, 23, 17, 75.00, '1'),
(106, 23, 18, 38.00, '1'),
(107, 23, 19, 24.00, '1'),
(108, 24, 19, 24.00, '1'),
(109, 24, 18, 38.00, '1'),
(110, 24, 17, 75.00, '1'),
(111, 25, 19, 24.00, '1'),
(112, 25, 18, 38.00, '1'),
(113, 25, 17, 75.00, '1'),
(114, 30, 70, 12.00, '1'),
(115, 30, 71, 22.00, '1'),
(1425, 10, 110, 600.00, '1'),
(1136, 97, 73, 600.00, '1'),
(1424, 10, 111, 410.00, '1'),
(1327, 10, 65, 400.00, '1'),
(1422, 10, 73, 540.00, '1'),
(121, 10, 76, 550.00, '1'),
(1079, 10, 77, 650.00, '1'),
(714, 10, 62, 60.00, '1'),
(890, 31, 25, 160.00, '1'),
(1211, 31, 20, 255.00, '1'),
(126, 31, 28, 150.00, '1'),
(678, 31, 29, 160.00, '1'),
(128, 31, 30, 150.00, '1'),
(1560, 10, 144, 1700.00, '1'),
(130, 31, 17, 80.00, '1'),
(131, 31, 15, 160.00, '1'),
(1169, 12, 19, 24.00, '1'),
(1170, 12, 18, 35.00, '1'),
(1171, 12, 17, 70.00, '1'),
(1172, 12, 15, 140.00, '1'),
(1204, 31, 247, 5.00, '1'),
(1179, 29, 15, 180.00, '1'),
(1178, 29, 16, 135.00, '1'),
(1180, 29, 14, 270.00, '1'),
(1177, 29, 17, 90.00, '1'),
(1176, 29, 18, 45.00, '1'),
(1175, 29, 19, 30.00, '1'),
(859, 29, 60, 120.00, '1'),
(860, 29, 61, 120.00, '1'),
(861, 29, 62, 120.00, '1'),
(832, 29, 63, 100.00, '1'),
(862, 29, 64, 120.00, '1'),
(1326, 29, 65, 600.00, '1'),
(1221, 29, 68, 5.00, '1'),
(1183, 29, 67, 5.00, '1'),
(1182, 29, 66, 5.00, '1'),
(684, 29, 181, 20.00, '1'),
(1495, 10, 262, 127.50, '1'),
(1498, 23, 263, 25.00, '1'),
(1487, 32, 20, 300.00, '1'),
(1494, 10, 261, 127.50, '1'),
(1486, 32, 19, 28.00, '1'),
(159, 33, 19, 20.40, '1'),
(160, 33, 18, 34.00, '1'),
(161, 33, 17, 68.00, '1'),
(162, 33, 20, 210.00, '1'),
(1207, 34, 17, 80.00, '1'),
(1208, 34, 18, 40.00, '1'),
(1209, 34, 19, 25.00, '1'),
(1142, 34, 73, 600.00, '1'),
(1141, 34, 74, 750.00, '1'),
(168, 34, 60, 90.00, '1'),
(172, 35, 15, 130.00, '1'),
(173, 35, 16, 97.50, '1'),
(174, 35, 17, 65.00, '1'),
(175, 35, 18, 32.50, '1'),
(176, 35, 19, 19.50, '1'),
(1099, 35, 81, 45.00, '1'),
(778, 35, 20, 240.00, '1'),
(179, 35, 78, 3.25, '1'),
(180, 35, 79, 3.25, '1'),
(181, 35, 80, 16.25, '1'),
(1430, 35, 60, 85.00, '1'),
(1431, 35, 62, 85.00, '1'),
(1432, 35, 64, 85.00, '1'),
(185, 35, 61, 100.00, '1'),
(595, 35, 65, 150.00, '1'),
(1219, 35, 63, 70.00, '1'),
(840, 93, 18, 37.50, '1'),
(189, 37, 23, 155.00, '1'),
(190, 37, 24, 155.00, '1'),
(1287, 11, 93, 33.00, '1'),
(1524, 11, 42, 280.00, '1'),
(1301, 11, 43, 260.00, '1'),
(194, 38, 48, 55.00, '1'),
(195, 38, 49, 55.00, '1'),
(196, 38, 50, 55.00, '1'),
(197, 38, 51, 60.00, '1'),
(198, 38, 52, 60.00, '1'),
(199, 38, 53, 60.00, '1'),
(200, 38, 83, 40.00, '1'),
(201, 38, 84, 8.00, '1'),
(202, 38, 85, 16.00, '1'),
(203, 38, 20, 240.00, '1'),
(204, 38, 18, 35.00, '1'),
(205, 38, 17, 75.00, '1'),
(206, 38, 16, 115.00, '1'),
(207, 38, 15, 150.00, '1'),
(208, 38, 19, 23.00, '1'),
(1483, 32, 16, 120.00, '1'),
(1484, 32, 17, 80.00, '1'),
(1269, 12, 34, 180.00, '1'),
(1270, 12, 35, 180.00, '1'),
(213, 12, 40, 400.00, '1'),
(965, 99, 14, 105.00, '1'),
(966, 100, 17, 70.00, '1'),
(1236, 39, 38, 500.00, '1'),
(1249, 10, 40, 510.00, '1'),
(1261, 10, 89, 7.00, '1'),
(219, 31, 87, 10.00, '1'),
(220, 31, 83, 45.00, '1'),
(1250, 10, 41, 680.00, '1'),
(1282, 39, 251, 30.00, '1'),
(1520, 39, 51, 72.00, '1'),
(967, 100, 18, 35.00, '1'),
(1305, 110, 36, 940.00, '1'),
(1298, 11, 68, 8.00, '1'),
(1508, 10, 88, 756.00, '1'),
(1519, 39, 48, 66.00, '1'),
(1303, 11, 194, 8.00, '1'),
(1297, 11, 89, 9.00, '1'),
(787, 11, 110, 600.00, '1'),
(1427, 11, 154, 525.00, '1'),
(1120, 106, 19, 21.00, '1'),
(1119, 105, 19, 25.00, '1'),
(1234, 39, 34, 180.00, '1'),
(1522, 39, 187, 400.00, '1'),
(1516, 39, 211, 240.00, '1'),
(1559, 31, 26, 190.00, '1'),
(254, 40, 100, 26.25, '1'),
(255, 40, 101, 37.50, '1'),
(256, 40, 102, 75.00, '1'),
(257, 14, 103, 310.00, '1'),
(258, 13, 103, 310.00, '1'),
(253, 40, 99, 38.25, '1'),
(259, 15, 103, 310.00, '1'),
(260, 41, 17, 75.00, '1'),
(261, 41, 18, 38.00, '1'),
(1577, 41, 19, 25.00, '1'),
(987, 41, 105, 100.00, '1'),
(1137, 97, 74, 750.00, '1'),
(1599, 41, 106, 125.00, '1'),
(266, 42, 100, 27.00, '1'),
(267, 42, 101, 38.00, '1'),
(268, 42, 102, 75.00, '1'),
(269, 43, 17, 75.00, '1'),
(270, 43, 18, 38.00, '1'),
(271, 43, 19, 23.00, '1'),
(1343, 22, 16, 113.00, '1'),
(273, 22, 15, 150.00, '1'),
(274, 44, 15, 150.00, '1'),
(275, 44, 17, 75.00, '1'),
(276, 44, 18, 38.00, '1'),
(277, 44, 19, 23.00, '1'),
(278, 44, 107, 120.00, '1'),
(1403, 45, 19, 25.00, '1'),
(1404, 45, 18, 38.00, '1'),
(1405, 45, 17, 75.00, '1'),
(1406, 45, 15, 150.00, '1'),
(1435, 115, 15, 160.00, '1'),
(1592, 46, 19, 25.00, '1'),
(1039, 46, 18, 38.00, '1'),
(1040, 46, 17, 75.00, '1'),
(1041, 46, 16, 115.00, '1'),
(1042, 46, 15, 150.00, '1'),
(1384, 46, 105, 100.00, '1'),
(1598, 46, 107, 170.00, '1'),
(1597, 46, 106, 115.00, '1'),
(292, 47, 17, 70.00, '1'),
(293, 48, 19, 23.00, '1'),
(294, 48, 18, 38.00, '1'),
(295, 48, 17, 75.00, '1'),
(296, 47, 18, 35.00, '1'),
(1576, 49, 15, 150.00, '1'),
(1575, 49, 16, 113.00, '1'),
(1574, 49, 17, 75.00, '1'),
(1573, 49, 18, 38.00, '1'),
(1572, 49, 19, 25.00, '1'),
(302, 51, 19, 23.00, '1'),
(303, 51, 18, 38.00, '1'),
(304, 51, 17, 75.00, '1'),
(305, 51, 16, 120.00, '1'),
(306, 51, 15, 150.00, '1'),
(307, 52, 19, 24.00, '1'),
(308, 52, 18, 38.00, '1'),
(309, 52, 17, 75.00, '1'),
(310, 52, 16, 115.00, '1'),
(311, 52, 15, 150.00, '1'),
(1584, 53, 18, 35.00, '1'),
(1583, 53, 17, 70.00, '1'),
(1582, 53, 16, 105.00, '1'),
(1581, 53, 15, 140.00, '1'),
(1580, 53, 241, 145.00, '1'),
(317, 54, 19, 23.00, '1'),
(318, 54, 18, 38.00, '1'),
(319, 54, 17, 75.00, '1'),
(1215, 55, 15, 150.00, '1'),
(1214, 55, 17, 75.00, '1'),
(1213, 55, 18, 38.00, '1'),
(1212, 55, 19, 25.00, '1'),
(1571, 56, 19, 25.00, '1'),
(325, 56, 18, 38.00, '1'),
(326, 56, 17, 75.00, '1'),
(327, 56, 16, 115.00, '1'),
(328, 56, 15, 150.00, '1'),
(1604, 57, 15, 160.00, '1'),
(1603, 57, 16, 120.00, '1'),
(1602, 57, 17, 80.00, '1'),
(1601, 57, 18, 40.00, '1'),
(1606, 75, 174, 60.00, '1'),
(334, 21, 15, 160.00, '1'),
(335, 21, 107, 130.00, '1'),
(336, 21, 106, 90.00, '1'),
(338, 21, 16, 120.00, '1'),
(585, 14, 107, 125.00, '1'),
(584, 14, 106, 95.00, '1'),
(575, 20, 106, 95.00, '1'),
(576, 20, 107, 130.00, '1'),
(343, 47, 19, 21.00, '1'),
(344, 23, 16, 115.00, '1'),
(345, 23, 15, 150.00, '1'),
(1437, 115, 17, 80.00, '1'),
(1438, 115, 18, 40.00, '1'),
(1439, 115, 19, 27.00, '1'),
(349, 41, 15, 150.00, '1'),
(350, 22, 14, 225.00, '1'),
(1600, 57, 19, 25.00, '1'),
(352, 58, 17, 80.00, '1'),
(353, 43, 15, 150.00, '1'),
(354, 51, 107, 120.00, '1'),
(355, 34, 81, 45.00, '1'),
(1537, 11, 189, 20.00, '1'),
(1418, 59, 61, 105.00, '1'),
(1417, 59, 60, 85.00, '1'),
(1421, 59, 64, 90.00, '1'),
(1420, 59, 63, 70.00, '1'),
(1419, 59, 62, 80.00, '1'),
(362, 59, 18, 38.00, '1'),
(363, 59, 17, 75.00, '1'),
(364, 59, 15, 150.00, '1'),
(1444, 59, 114, 27.00, '1'),
(1138, 60, 73, 600.00, '1'),
(1139, 60, 74, 750.00, '1'),
(1500, 10, 74, 630.00, '1'),
(370, 10, 112, 0.39, '1'),
(371, 10, 113, 0.39, '1'),
(1479, 107, 19, 28.00, '1'),
(373, 23, 73, 540.00, '1'),
(374, 23, 74, 675.00, '1'),
(375, 23, 60, 75.00, '1'),
(376, 23, 61, 90.00, '1'),
(377, 23, 64, 75.00, '1'),
(378, 23, 62, 75.00, '1'),
(379, 23, 63, 65.00, '1'),
(1443, 59, 109, 25.00, '1'),
(1532, 61, 41, 800.00, '1'),
(1134, 61, 17, 75.00, '1'),
(1133, 61, 18, 38.00, '1'),
(1447, 61, 19, 25.00, '1'),
(1454, 96, 228, 150.00, '1'),
(1121, 106, 18, 35.00, '1'),
(1446, 61, 74, 720.00, '1'),
(1441, 62, 81, 50.00, '1'),
(389, 63, 81, 43.00, '1'),
(390, 21, 74, 675.00, '1'),
(391, 21, 115, 675.00, '1'),
(1072, 62, 20, 255.00, '1'),
(1075, 62, 17, 75.00, '1'),
(1074, 62, 18, 38.00, '1'),
(1073, 62, 19, 23.00, '1'),
(396, 38, 81, 43.00, '1'),
(1109, 96, 15, 160.00, '1'),
(1445, 61, 73, 600.00, '1'),
(399, 25, 81, 45.00, '1'),
(400, 31, 60, 80.00, '1'),
(401, 31, 61, 90.00, '1'),
(402, 31, 62, 80.00, '1'),
(403, 31, 64, 80.00, '1'),
(404, 31, 63, 80.00, '1'),
(405, 22, 81, 45.00, '1'),
(406, 22, 117, 18.00, '1'),
(407, 14, 81, 45.00, '1'),
(408, 64, 19, 25.00, '1'),
(409, 64, 18, 38.00, '1'),
(410, 64, 17, 75.00, '1'),
(411, 64, 16, 120.00, '1'),
(412, 20, 81, 43.00, '1'),
(413, 10, 118, 65.00, '1'),
(414, 25, 16, 115.00, '1'),
(1436, 115, 16, 120.00, '1'),
(1167, 19, 74, 720.00, '1'),
(417, 21, 19, 24.00, '1'),
(1471, 65, 19, 25.00, '1'),
(1470, 65, 81, 50.00, '1'),
(1472, 65, 18, 40.00, '1'),
(1473, 65, 17, 80.00, '1'),
(1474, 65, 15, 160.00, '1'),
(426, 16, 21, 310.00, '1'),
(427, 16, 103, 310.00, '1'),
(428, 28, 119, 93.00, '1'),
(429, 28, 103, 310.00, '1'),
(430, 28, 21, 310.00, '1'),
(431, 28, 120, 186.00, '1'),
(432, 28, 121, 186.00, '1'),
(434, 66, 18, 40.00, '1'),
(435, 66, 17, 80.00, '1'),
(436, 66, 106, 90.00, '1'),
(437, 10, 123, 112.50, '1'),
(438, 10, 124, 112.50, '1'),
(439, 39, 120, 180.00, '1'),
(440, 39, 121, 180.00, '1'),
(441, 39, 125, 300.00, '1'),
(442, 39, 126, 300.00, '1'),
(443, 31, 128, 150.00, '1'),
(1482, 32, 15, 160.00, '1'),
(447, 67, 130, 7.00, '1'),
(448, 67, 131, 6.00, '1'),
(449, 67, 132, 6.00, '1'),
(1481, 32, 14, 240.00, '1'),
(1198, 12, 30, 180.00, '1'),
(1199, 12, 26, 180.00, '1'),
(453, 10, 134, 1300.00, '1'),
(1258, 10, 38, 500.00, '1'),
(1517, 39, 36, 768.00, '1'),
(1311, 39, 255, 540.00, '1'),
(1507, 10, 37, 690.00, '1'),
(1309, 39, 254, 720.00, '1'),
(1514, 39, 253, 270.00, '1'),
(464, 21, 95, 95.00, '1'),
(465, 21, 93, 30.00, '1'),
(466, 21, 94, 27.00, '1'),
(467, 21, 87, 8.00, '1'),
(468, 21, 83, 40.00, '1'),
(469, 21, 84, 8.00, '1'),
(470, 21, 49, 50.00, '1'),
(471, 21, 52, 55.00, '1'),
(472, 21, 45, 60.00, '1'),
(475, 21, 48, 65.00, '1'),
(474, 21, 51, 70.00, '1'),
(477, 10, 138, 4.00, '1'),
(478, 10, 139, 2.60, '1'),
(1533, 61, 56, 10.00, '1'),
(1256, 23, 95, 100.00, '1'),
(1257, 10, 43, 260.00, '1'),
(482, 10, 142, 3.25, '1'),
(483, 27, 120, 186.00, '1'),
(484, 27, 121, 186.00, '1'),
(485, 10, 143, 3.50, '1'),
(489, 10, 145, 2000.00, '1'),
(490, 68, 100, 26.25, '1'),
(491, 68, 101, 37.50, '1'),
(492, 68, 102, 75.00, '1'),
(493, 62, 60, 80.00, '1'),
(494, 62, 61, 90.00, '1'),
(495, 62, 62, 80.00, '1'),
(496, 62, 63, 60.00, '1'),
(497, 62, 64, 80.00, '1'),
(498, 62, 65, 200.00, '1'),
(499, 62, 67, 4.00, '1'),
(686, 62, 181, 20.00, '1'),
(501, 10, 146, 2000.00, '1'),
(502, 69, 17, 70.00, '1'),
(503, 69, 18, 35.00, '1'),
(1381, 70, 15, 150.00, '1'),
(1380, 70, 16, 113.00, '1'),
(1379, 70, 17, 75.00, '1'),
(1378, 70, 18, 38.00, '1'),
(1377, 70, 19, 23.00, '1'),
(509, 71, 19, 25.00, '1'),
(510, 71, 18, 40.00, '1'),
(511, 71, 17, 80.00, '1'),
(512, 72, 19, 21.00, '1'),
(513, 72, 18, 35.00, '1'),
(514, 72, 17, 70.00, '1'),
(515, 72, 16, 105.00, '1'),
(516, 72, 15, 140.00, '1'),
(1203, 29, 229, 450.00, '1'),
(980, 72, 106, 100.00, '1'),
(979, 72, 105, 100.00, '1'),
(1610, 10, 147, 115.00, '1'),
(521, 38, 106, 90.00, '1'),
(522, 14, 148, 100.00, '1'),
(1154, 20, 15, 150.00, '1'),
(1429, 23, 20, 300.00, '1'),
(525, 34, 75, 90.00, '1'),
(526, 25, 15, 150.00, '1'),
(527, 25, 150, 3000.00, '1'),
(528, 10, 151, 2000.00, '1'),
(529, 23, 75, 90.00, '1'),
(530, 33, 74, 675.00, '1'),
(1455, 72, 81, 45.00, '1'),
(1456, 72, 117, 18.00, '1'),
(533, 73, 19, 24.00, '1'),
(534, 73, 18, 40.00, '1'),
(535, 73, 17, 80.00, '1'),
(1114, 11, 245, 27.00, '1'),
(1113, 11, 244, 10.00, '1'),
(539, 62, 15, 150.00, '1'),
(1564, 10, 16, 102.00, '1'),
(1146, 107, 18, 40.00, '1'),
(1448, 61, 75, 96.00, '1'),
(1181, 29, 156, 360.00, '1'),
(1222, 18, 157, 24.00, '1'),
(546, 21, 158, 28.00, '1'),
(950, 35, 93, 30.00, '1'),
(951, 35, 94, 28.00, '1'),
(549, 35, 95, 100.00, '1'),
(952, 35, 48, 70.00, '1'),
(953, 35, 49, 70.00, '1'),
(947, 35, 34, 160.00, '1'),
(1255, 35, 83, 45.00, '1'),
(1274, 35, 40, 480.00, '1'),
(1313, 11, 34, 180.00, '1'),
(1307, 110, 40, 600.00, '1'),
(1509, 10, 136, 672.00, '1'),
(561, 21, 85, 16.00, '1'),
(562, 29, 162, 250.00, '1'),
(563, 29, 164, 20.00, '1'),
(564, 29, 163, 5.00, '1'),
(565, 29, 166, 7.00, '1'),
(566, 29, 165, 5.00, '1'),
(1193, 10, 25, 170.00, '1'),
(568, 62, 66, 4.00, '1'),
(569, 35, 14, 195.00, '1'),
(1440, 115, 20, 300.00, '1'),
(577, 35, 106, 90.00, '1'),
(578, 35, 107, 130.00, '1'),
(580, 46, 60, 80.00, '1'),
(586, 29, 70, 10.00, '1'),
(587, 38, 60, 80.00, '1'),
(588, 38, 61, 90.00, '1'),
(589, 38, 63, 60.00, '1'),
(590, 38, 62, 80.00, '1'),
(591, 38, 64, 80.00, '1'),
(592, 38, 67, 4.00, '1'),
(796, 38, 69, 20.00, '1'),
(594, 38, 65, 200.00, '1'),
(599, 75, 19, 23.00, '1'),
(600, 75, 18, 38.00, '1'),
(601, 75, 17, 75.00, '1'),
(1402, 75, 170, 100.00, '1'),
(1401, 75, 173, 100.00, '1'),
(982, 75, 107, 170.00, '1'),
(981, 75, 106, 100.00, '1'),
(893, 74, 20, 270.00, '1'),
(892, 74, 26, 180.00, '1'),
(1058, 74, 17, 75.00, '1'),
(1059, 74, 18, 38.00, '1'),
(1060, 74, 19, 23.00, '1'),
(1496, 74, 173, 100.00, '1'),
(1497, 74, 170, 100.00, '1'),
(1608, 10, 266, 3300.00, '1'),
(1607, 74, 105, 100.00, '1'),
(617, 74, 171, 90.00, '1'),
(1414, 76, 17, 75.00, '1'),
(1415, 76, 173, 100.00, '1'),
(1412, 76, 19, 25.00, '1'),
(1416, 76, 20, 270.00, '1'),
(1413, 76, 18, 38.00, '1'),
(623, 76, 105, 75.00, '1'),
(1333, 77, 19, 25.00, '1'),
(1334, 77, 18, 40.00, '1'),
(1335, 77, 17, 80.00, '1'),
(1336, 77, 16, 120.00, '1'),
(985, 77, 106, 100.00, '1'),
(986, 77, 107, 160.00, '1'),
(630, 29, 172, 18.00, '1'),
(631, 78, 19, 23.00, '1'),
(632, 78, 18, 38.00, '1'),
(633, 78, 17, 75.00, '1'),
(634, 78, 105, 75.00, '1'),
(635, 78, 106, 95.00, '1'),
(636, 78, 107, 135.00, '1'),
(1135, 61, 231, 600.00, '1'),
(1122, 106, 17, 70.00, '1'),
(639, 62, 175, 86.00, '1'),
(676, 79, 174, 43.00, '1'),
(641, 73, 15, 160.00, '1'),
(1458, 80, 20, 300.00, '1'),
(1459, 80, 19, 28.00, '1'),
(1460, 80, 18, 40.00, '1'),
(1462, 80, 15, 160.00, '1'),
(1131, 81, 17, 80.00, '1'),
(1130, 81, 18, 40.00, '1'),
(1127, 81, 19, 25.00, '1'),
(1457, 81, 20, 300.00, '1'),
(1124, 81, 81, 48.00, '1'),
(1144, 52, 74, 750.00, '1'),
(1143, 52, 73, 600.00, '1'),
(653, 23, 112, 0.39, '1'),
(654, 23, 113, 0.39, '1'),
(1225, 10, 176, 1500.00, '1'),
(656, 82, 14, 225.00, '1'),
(657, 82, 15, 150.00, '1'),
(658, 82, 16, 112.50, '1'),
(659, 82, 17, 75.00, '1'),
(660, 82, 18, 37.50, '1'),
(661, 82, 19, 22.50, '1'),
(662, 20, 177, 35.00, '1'),
(1463, 83, 20, 300.00, '1'),
(1464, 83, 19, 28.00, '1'),
(1465, 83, 18, 40.00, '1'),
(1466, 83, 17, 80.00, '1'),
(667, 78, 81, 45.00, '1'),
(1461, 80, 17, 80.00, '1'),
(1150, 74, 73, 600.00, '1'),
(1485, 32, 18, 40.00, '1'),
(671, 84, 19, 23.00, '1'),
(672, 84, 18, 38.00, '1'),
(673, 29, 54, 10.00, '1'),
(1428, 11, 73, 540.00, '1'),
(1488, 10, 179, 127.50, '1'),
(682, 85, 180, 30.00, '1'),
(1061, 39, 17, 57.00, '1'),
(1475, 86, 20, 300.00, '1'),
(1476, 86, 19, 28.00, '1'),
(1477, 86, 18, 40.00, '1'),
(1478, 86, 17, 80.00, '1'),
(1527, 10, 160, 880.00, '1'),
(1521, 39, 49, 60.00, '1'),
(1442, 98, 19, 27.00, '1'),
(1565, 10, 17, 68.00, '1'),
(1518, 39, 45, 62.00, '1'),
(1246, 39, 89, 9.00, '1'),
(1291, 11, 95, 98.00, '1'),
(1525, 11, 96, 20.00, '1'),
(1489, 11, 19, 22.00, '1'),
(1288, 11, 94, 30.00, '1'),
(1539, 11, 41, 720.00, '1'),
(1538, 11, 159, 18.00, '1'),
(1293, 11, 190, 8.00, '1'),
(1294, 11, 192, 8.00, '1'),
(1295, 11, 193, 8.00, '1'),
(1296, 11, 191, 8.00, '1'),
(709, 10, 69, 20.00, '1'),
(710, 10, 60, 60.00, '1'),
(711, 10, 61, 90.00, '1'),
(712, 10, 63, 55.00, '1'),
(713, 10, 64, 60.00, '1'),
(1504, 10, 34, 180.00, '1'),
(1505, 10, 35, 180.00, '1'),
(1558, 29, 265, 160.00, '1'),
(1552, 87, 15, 160.00, '1'),
(1551, 87, 16, 120.00, '1'),
(1550, 87, 17, 80.00, '1'),
(1549, 87, 18, 40.00, '1'),
(723, 35, 69, 17.00, '1'),
(724, 88, 19, 23.00, '1'),
(725, 88, 18, 38.00, '1'),
(726, 88, 17, 75.00, '1'),
(729, 88, 16, 113.00, '1'),
(730, 88, 15, 150.00, '1'),
(731, 79, 60, 90.00, '1'),
(732, 79, 61, 90.00, '1'),
(733, 79, 62, 90.00, '1'),
(734, 79, 64, 90.00, '1'),
(735, 79, 63, 80.00, '1'),
(736, 79, 65, 200.00, '1'),
(737, 79, 19, 22.50, '1'),
(738, 79, 18, 37.50, '1'),
(739, 79, 17, 75.00, '1'),
(740, 79, 15, 150.00, '1'),
(741, 79, 181, 20.00, '1'),
(1328, 69, 19, 23.00, '1'),
(743, 69, 16, 105.00, '1'),
(744, 69, 15, 140.00, '1'),
(1449, 61, 173, 100.00, '1'),
(746, 89, 19, 23.00, '1'),
(747, 89, 18, 38.00, '1'),
(748, 89, 17, 75.00, '1'),
(751, 89, 15, 150.00, '1'),
(750, 89, 16, 113.00, '1'),
(752, 41, 16, 113.00, '1'),
(1337, 77, 15, 160.00, '1'),
(754, 90, 19, 23.00, '1'),
(755, 90, 18, 38.00, '1'),
(756, 90, 17, 75.00, '1'),
(757, 90, 16, 113.00, '1'),
(758, 90, 15, 150.00, '1'),
(759, 90, 106, 95.00, '1'),
(760, 91, 19, 24.00, '1'),
(761, 91, 18, 40.00, '1'),
(762, 91, 17, 80.00, '1'),
(763, 91, 16, 120.00, '1'),
(764, 91, 15, 160.00, '1'),
(765, 11, 196, 40.00, '1'),
(766, 11, 197, 50.00, '1'),
(767, 11, 198, 35.00, '1'),
(768, 11, 199, 35.00, '1'),
(769, 11, 200, 32.50, '1'),
(770, 11, 65, 200.00, '1'),
(771, 11, 172, 20.00, '1'),
(1125, 81, 73, 600.00, '1'),
(793, 11, 201, 70.00, '1'),
(794, 51, 81, 45.00, '1'),
(797, 39, 67, 1.50, '1'),
(798, 10, 202, 800.00, '1'),
(799, 31, 203, 200.00, '1'),
(800, 35, 204, 90.00, '1'),
(801, 35, 205, 90.00, '1'),
(802, 62, 204, 90.00, '1'),
(803, 74, 204, 90.00, '1'),
(804, 74, 205, 90.00, '1'),
(805, 92, 204, 90.00, '1'),
(806, 92, 205, 90.00, '1'),
(807, 51, 20, 240.00, '1'),
(1510, 10, 140, 840.00, '1'),
(961, 99, 20, 101.00, '1'),
(962, 99, 18, 102.00, '1'),
(963, 99, 16, 103.00, '1'),
(1262, 10, 191, 4.00, '1'),
(1263, 10, 192, 4.00, '1'),
(1264, 10, 193, 4.00, '1'),
(1265, 10, 194, 4.00, '1'),
(822, 10, 210, 2.50, '1'),
(964, 99, 15, 104.00, '1'),
(824, 10, 212, 375.00, '1'),
(825, 74, 40, 400.00, '1'),
(826, 74, 57, 20.00, '1'),
(827, 74, 83, 40.00, '1'),
(1531, 61, 40, 600.00, '1'),
(1546, 61, 264, 960.00, '1'),
(1529, 61, 34, 200.00, '1'),
(1275, 61, 20, 270.00, '1'),
(1566, 10, 18, 34.00, '1'),
(1553, 87, 19, 28.00, '1'),
(841, 93, 17, 75.00, '1'),
(842, 74, 15, 140.00, '1'),
(843, 18, 60, 90.00, '1'),
(848, 18, 61, 100.00, '1'),
(845, 18, 64, 80.00, '1'),
(846, 18, 62, 80.00, '1'),
(847, 18, 63, 75.00, '1'),
(849, 10, 214, 2000.00, '1'),
(850, 10, 215, 2000.00, '1'),
(1596, 10, 216, 2200.00, '1'),
(1076, 94, 20, 270.00, '1'),
(855, 74, 217, 18.00, '1'),
(1200, 12, 27, 180.00, '1'),
(857, 31, 219, 200.00, '1'),
(1325, 29, 220, 800.00, '1'),
(864, 31, 222, 210.00, '1'),
(866, 74, 25, 160.00, '1'),
(867, 95, 17, 70.00, '1'),
(868, 95, 18, 35.00, '1'),
(869, 95, 19, 25.00, '1'),
(875, 31, 223, 210.00, '1'),
(1105, 96, 75, 96.00, '1'),
(1106, 96, 18, 40.00, '1'),
(1108, 96, 16, 120.00, '1'),
(1107, 96, 17, 80.00, '1'),
(1503, 96, 19, 28.00, '1'),
(882, 96, 73, 600.00, '1'),
(1453, 96, 74, 750.00, '1'),
(884, 97, 19, 23.00, '1'),
(885, 97, 18, 38.00, '1'),
(886, 97, 17, 75.00, '1'),
(887, 97, 16, 113.00, '1'),
(888, 97, 15, 150.00, '1'),
(1062, 39, 18, 27.50, '1'),
(1063, 39, 19, 16.00, '1'),
(973, 101, 17, 80.00, '1'),
(974, 101, 18, 40.00, '1'),
(975, 101, 19, 25.00, '1'),
(1195, 10, 27, 180.00, '1'),
(984, 102, 17, 75.00, '1'),
(1111, 94, 19, 25.00, '1'),
(993, 51, 73, 540.00, '1'),
(1112, 94, 18, 40.00, '1'),
(995, 103, 17, 75.00, '1'),
(996, 103, 18, 38.00, '1'),
(997, 103, 19, 23.00, '1'),
(998, 103, 232, 15.00, '1'),
(999, 103, 233, 20.00, '1'),
(1000, 103, 234, 60.00, '1'),
(1001, 103, 235, 10.00, '1'),
(1002, 103, 236, 25.00, '1'),
(1314, 10, 251, 28.00, '1'),
(1015, 23, 207, 10.00, '1'),
(1308, 110, 41, 800.00, '1'),
(1017, 23, 238, 20.00, '1'),
(1014, 23, 87, 10.00, '1'),
(1523, 23, 83, 50.00, '1'),
(1312, 23, 137, 22.00, '1'),
(1020, 11, 20, 270.00, '1'),
(1557, 11, 26, 240.00, '1'),
(1022, 23, 220, 700.00, '1'),
(1023, 11, 228, 100.00, '1'),
(1174, 29, 246, 10.00, '1'),
(1398, 12, 241, 140.00, '1'),
(1366, 46, 241, 140.00, '1'),
(1585, 53, 19, 24.00, '1'),
(1055, 10, 106, 100.00, '1'),
(1056, 10, 107, 150.00, '1'),
(1057, 52, 241, 130.00, '1'),
(1065, 39, 243, 350.00, '1'),
(1066, 104, 19, 25.00, '1'),
(1067, 104, 18, 40.00, '1'),
(1068, 104, 17, 80.00, '1'),
(1069, 104, 16, 120.00, '1'),
(1147, 107, 17, 80.00, '1'),
(1148, 107, 16, 120.00, '1'),
(1149, 107, 15, 160.00, '1'),
(1468, 108, 19, 28.00, '1'),
(1156, 108, 18, 40.00, '1'),
(1157, 108, 17, 80.00, '1'),
(1158, 108, 15, 160.00, '1'),
(1159, 108, 14, 240.00, '1'),
(1160, 109, 19, 25.00, '1'),
(1161, 109, 18, 40.00, '1'),
(1162, 109, 17, 80.00, '1'),
(1163, 109, 20, 300.00, '1'),
(1164, 109, 81, 50.00, '1'),
(1168, 19, 81, 48.00, '1'),
(1567, 10, 19, 22.00, '1'),
(1233, 10, 58, 17.00, '1'),
(1232, 97, 81, 50.00, '1'),
(1315, 10, 30, 180.00, '1'),
(1316, 10, 256, 180.00, '1'),
(1317, 10, 257, 330.00, '1'),
(1318, 10, 258, 330.00, '1'),
(1329, 111, 15, 140.00, '1'),
(1330, 111, 17, 70.00, '1'),
(1331, 111, 18, 35.00, '1'),
(1332, 111, 19, 25.00, '1'),
(1579, 10, 259, 800.00, '1'),
(1350, 112, 19, 25.00, '1'),
(1351, 112, 18, 40.00, '1'),
(1352, 112, 17, 80.00, '1'),
(1353, 112, 15, 180.00, '1'),
(1360, 107, 241, 150.00, '1'),
(1361, 113, 19, 25.00, '1'),
(1362, 113, 18, 38.00, '1'),
(1363, 113, 17, 75.00, '1'),
(1364, 113, 16, 113.00, '1'),
(1365, 113, 15, 150.00, '1'),
(1555, 114, 18, 40.00, '1'),
(1556, 114, 17, 80.00, '1'),
(1393, 114, 16, 120.00, '1'),
(1394, 114, 15, 160.00, '1'),
(1396, 114, 106, 110.00, '1'),
(1397, 114, 107, 170.00, '1'),
(1400, 101, 241, 160.00, '1'),
(1452, 10, 174, 50.00, '1'),
(1451, 10, 200, 35.00, '1'),
(1467, 83, 15, 160.00, '1'),
(1469, 11, 48, 65.00, '1'),
(1499, 116, 14, 100.00, '1'),
(1501, 23, 109, 35.00, '1'),
(1528, 10, 161, 880.00, '1'),
(1513, 29, 175, 120.00, '1'),
(1526, 10, 264, 880.00, '1'),
(1534, 61, 207, 10.00, '1'),
(1535, 61, 238, 20.00, '1'),
(1536, 61, 83, 48.00, '1'),
(1545, 22, 56, 10.00, '1'),
(1542, 22, 58, 20.00, '1'),
(1543, 22, 57, 25.00, '1'),
(1544, 22, 207, 10.00, '1'),
(1568, 23, 40, 600.00, '1'),
(1569, 23, 41, 800.00, '1'),
(1570, 11, 81, 44.00, '1'),
(1586, 117, 15, 140.00, '1'),
(1587, 117, 16, 105.00, '1'),
(1588, 117, 17, 70.00, '1'),
(1589, 117, 18, 35.00, '1'),
(1590, 117, 19, 24.00, '1'),
(1591, 117, 241, 145.00, '1'),
(1605, 57, 14, 240.00, '1');

-- --------------------------------------------------------

--
-- Table structure for table `flash`
--

CREATE TABLE `flash` (
  `f_id` int(11) NOT NULL,
  `f_name` varchar(150) DEFAULT NULL
) ENGINE=MyISAM DEFAULT CHARSET=utf8 COLLATE=utf8_general_ci;

--
-- Dumping data for table `flash`
--

INSERT INTO `flash` (`f_id`, `f_name`) VALUES
(1, 'news.swf'),
(2, '3758'),
(3, 'Chrysanthemum.jpg');

-- --------------------------------------------------------

--
-- Table structure for table `order_p`
--

CREATE TABLE `order_p` (
  `od_id` int(11) NOT NULL,
  `od_code` varchar(20) DEFAULT NULL,
  `invoice_no` varchar(25) DEFAULT NULL,
  `od_date` date DEFAULT NULL,
  `cus_id` int(11) DEFAULT NULL,
  `cus_name` varchar(250) DEFAULT NULL,
  `cus_phone` varchar(20) DEFAULT NULL,
  `cus_address` varchar(250) DEFAULT NULL,
  `cus_taxid` varchar(20) DEFAULT NULL,
  `pd_id` int(11) DEFAULT NULL,
  `pd_name` varchar(250) NOT NULL,
  `unit_name` varchar(250) NOT NULL,
  `od_num` int(11) DEFAULT NULL,
  `od_priceperunit` double(10,2) DEFAULT NULL,
  `od_total` double(10,2) DEFAULT NULL,
  `od_status` char(2) DEFAULT NULL
) ENGINE=MyISAM DEFAULT CHARSET=utf8 COLLATE=utf8_general_ci;

--
-- Dumping data for table `order_p`
--

INSERT INTO `order_p` (`od_id`, `od_code`, `invoice_no`, `od_date`, `cus_id`, `cus_name`, `cus_phone`, `cus_address`, `cus_taxid`, `pd_id`, `pd_name`, `unit_name`, `od_num`, `od_priceperunit`, `od_total`, `od_status`) VALUES
(27865, NULL, NULL, '2023-08-10', 116, NULL, NULL, NULL, NULL, 14, '', '', 100, 100.00, 10000.00, '1'),
(27866, NULL, NULL, '2023-08-10', 116, NULL, NULL, NULL, NULL, 14, '', '', 200, 100.00, 20000.00, '1'),
(27867, '2023-08-10 21:31:29', '0001', '2023-08-10', 13, NULL, NULL, NULL, NULL, 21, '', '', 100, 310.00, 31000.00, '2'),
(27868, '2023-08-10 21:31:29', NULL, '2023-08-10', 13, NULL, NULL, NULL, NULL, 24, '', '', 300, 155.00, 46500.00, '2'),
(27869, '2023-08-11 14:09:28', NULL, '2023-08-11', 10, NULL, NULL, NULL, NULL, 17, '', '', 50, 66.00, 3300.00, '2'),
(27870, '2023-08-11 14:09:28', NULL, '2023-08-11', 10, NULL, NULL, NULL, NULL, 18, '', '', 50, 34.00, 1700.00, '2'),
(27871, '2023-08-11 14:09:28', NULL, '2023-08-11', 10, NULL, NULL, NULL, NULL, 19, '', '', 50, 22.00, 1100.00, '2'),
(27872, '2023-08-11 14:09:28', NULL, '2023-08-11', 10, NULL, NULL, NULL, NULL, 20, '', '', 20, 255.00, 5100.00, '2'),
(27873, '2023-08-11 14:09:28', NULL, '2023-08-11', 10, NULL, NULL, NULL, NULL, 25, '', '', 18, 170.00, 3060.00, '2'),
(27874, '2023-08-11 14:09:28', NULL, '2023-08-11', 10, NULL, NULL, NULL, NULL, 26, '', '', 50, 180.00, 9000.00, '2'),
(27875, '2023-08-11 14:09:28', NULL, '2023-08-11', 10, NULL, NULL, NULL, NULL, 27, '', '', 20, 180.00, 3600.00, '2'),
(27876, '2023-08-14 09:22:04', NULL, '2023-08-14', 31, NULL, NULL, NULL, NULL, 20, '', '', 30, 255.00, 7650.00, '2'),
(27877, '2023-08-14 09:22:04', NULL, '2023-08-14', 31, NULL, NULL, NULL, NULL, 26, '', '', 10, 180.00, 1800.00, '2'),
(27878, '2023-08-14 12:09:16', NULL, '2023-08-14', 30, NULL, NULL, NULL, NULL, 70, '', '', 88, 12.00, 1056.00, '2'),
(27879, '2023-08-14 14:42:28', NULL, '2023-08-14', 10, NULL, NULL, NULL, NULL, 19, '', '', 30, 22.00, 660.00, '2'),
(27880, '2023-08-14 14:42:28', NULL, '2023-08-14', 10, NULL, NULL, NULL, NULL, 18, '', '', 40, 34.00, 1360.00, '2'),
(27881, '2023-08-14 14:42:28', NULL, '2023-08-14', 10, NULL, NULL, NULL, NULL, 17, '', '', 40, 66.00, 2640.00, '2'),
(27882, '2023-08-14 14:42:28', NULL, '2023-08-14', 10, NULL, NULL, NULL, NULL, 26, '', '', 4, 180.00, 720.00, '2'),
(27883, '2023-08-14 14:42:28', NULL, '2023-08-14', 10, NULL, NULL, NULL, NULL, 18, '', '', 30, 34.00, 1020.00, '2'),
(27884, '2023-08-14 14:42:28', NULL, '2023-08-14', 10, NULL, NULL, NULL, NULL, 17, '', '', 30, 66.00, 1980.00, '2'),
(27885, '2023-08-14 14:42:28', NULL, '2023-08-14', 10, NULL, NULL, NULL, NULL, 17, '', '', 50, 66.00, 3300.00, '2'),
(27886, '2023-08-14 14:42:28', NULL, '2023-08-14', 10, NULL, NULL, NULL, NULL, 18, '', '', 70, 34.00, 2380.00, '2'),
(27887, '2023-08-14 14:42:28', NULL, '2023-08-14', 10, NULL, NULL, NULL, NULL, 20, '', '', 30, 255.00, 7650.00, '2'),
(27891, '2023-08-14 14:42:28', NULL, '2023-08-14', 10, NULL, NULL, NULL, NULL, 25, '', '', 23, 170.00, 3910.00, '2'),
(27889, '2023-08-14 14:42:28', NULL, '2023-08-14', 10, NULL, NULL, NULL, NULL, 26, '', '', 70, 180.00, 12600.00, '2'),
(27890, '2023-08-14 14:42:28', NULL, '2023-08-14', 10, NULL, NULL, NULL, NULL, 27, '', '', 20, 180.00, 3600.00, '2'),
(27892, '2023-08-15 09:46:39', NULL, '2023-08-15', 12, NULL, NULL, NULL, NULL, 26, '', '', 100, 180.00, 18000.00, '2'),
(27893, '2023-08-15 09:46:39', NULL, '2023-08-15', 12, NULL, NULL, NULL, NULL, 30, '', '', 51, 180.00, 9180.00, '2'),
(27894, '2023-08-15 11:11:40', NULL, '2023-08-15', 74, NULL, NULL, NULL, NULL, 20, '', '', 3, 270.00, 810.00, '2'),
(27895, '2023-08-15 11:11:40', NULL, '2023-08-15', 74, NULL, NULL, NULL, NULL, 18, '', '', 15, 38.00, 570.00, '2'),
(27896, '2023-08-15 11:11:40', NULL, '2023-08-15', 74, NULL, NULL, NULL, NULL, 17, '', '', 5, 75.00, 375.00, '2'),
(27897, '2023-08-15 14:36:53', NULL, '2023-08-15', 10, NULL, NULL, NULL, NULL, 17, '', '', 100, 66.00, 6600.00, '2'),
(27898, '2023-08-15 14:36:53', NULL, '2023-08-15', 10, NULL, NULL, NULL, NULL, 18, '', '', 50, 34.00, 1700.00, '2'),
(27899, '2023-08-15 14:36:53', NULL, '2023-08-15', 10, NULL, NULL, NULL, NULL, 19, '', '', 50, 22.00, 1100.00, '2'),
(27900, '2023-08-15 14:36:53', NULL, '2023-08-15', 10, NULL, NULL, NULL, NULL, 20, '', '', 28, 255.00, 7140.00, '2'),
(27901, '2023-08-15 14:36:53', NULL, '2023-08-15', 10, NULL, NULL, NULL, NULL, 25, '', '', 30, 170.00, 5100.00, '2'),
(27902, '2023-08-15 14:36:53', NULL, '2023-08-15', 10, NULL, NULL, NULL, NULL, 26, '', '', 45, 180.00, 8100.00, '2'),
(27903, '2023-08-15 14:36:53', NULL, '2023-08-15', 10, NULL, NULL, NULL, NULL, 27, '', '', 30, 180.00, 5400.00, '2'),
(27904, '2023-08-16 09:13:39', NULL, '2023-08-16', 35, NULL, NULL, NULL, NULL, 18, '', '', 20, 32.50, 650.00, '2'),
(27905, '2023-08-16 09:13:39', NULL, '2023-08-16', 35, NULL, NULL, NULL, NULL, 17, '', '', 20, 65.00, 1300.00, '2'),
(27906, '2023-08-16 09:13:39', NULL, '2023-08-16', 35, NULL, NULL, NULL, NULL, 20, '', '', 5, 240.00, 1200.00, '2'),
(27907, '2023-08-16 10:45:26', NULL, '2023-08-16', 31, NULL, NULL, NULL, NULL, 20, '', '', 30, 255.00, 7650.00, '2'),
(27908, '2023-08-16 15:28:20', NULL, '2023-08-16', 10, NULL, NULL, NULL, NULL, 15, '', '', 11, 132.00, 1452.00, '2'),
(27909, '2023-08-16 15:28:20', NULL, '2023-08-16', 10, NULL, NULL, NULL, NULL, 16, '', '', 20, 99.00, 1980.00, '2'),
(27910, '2023-08-16 15:28:20', NULL, '2023-08-16', 10, NULL, NULL, NULL, NULL, 17, '', '', 60, 66.00, 3960.00, '2'),
(27911, '2023-08-16 15:28:20', NULL, '2023-08-16', 10, NULL, NULL, NULL, NULL, 19, '', '', 50, 22.00, 1100.00, '2'),
(27912, '2023-08-16 15:28:20', NULL, '2023-08-16', 10, NULL, NULL, NULL, NULL, 25, '', '', 20, 170.00, 3400.00, '2'),
(27913, '2023-08-16 15:28:20', NULL, '2023-08-16', 10, NULL, NULL, NULL, NULL, 26, '', '', 45, 180.00, 8100.00, '2'),
(27914, '2023-08-16 15:28:20', NULL, '2023-08-16', 10, NULL, NULL, NULL, NULL, 27, '', '', 20, 180.00, 3600.00, '2'),
(27915, '2023-08-16 15:28:20', NULL, '2023-08-16', 10, NULL, NULL, NULL, NULL, 40, '', '', 10, 510.00, 5100.00, '2'),
(27916, '2023-08-16 15:28:20', NULL, '2023-08-16', 10, NULL, NULL, NULL, NULL, 26, '', '', 25, 180.00, 4500.00, '2'),
(27917, '2023-08-16 15:28:20', NULL, '2023-08-16', 10, NULL, NULL, NULL, NULL, 27, '', '', 25, 180.00, 4500.00, '2'),
(27918, '2023-08-17 11:32:48', NULL, '2023-08-17', 11, NULL, NULL, NULL, NULL, 18, '', '', 200, 34.00, 6800.00, '2'),
(27919, '2023-08-17 11:32:39', NULL, '2023-08-17', 52, NULL, NULL, NULL, NULL, 19, '', '', 150, 24.00, 3600.00, '2'),
(27920, '2023-08-17 11:32:39', NULL, '2023-08-17', 52, NULL, NULL, NULL, NULL, 18, '', '', 60, 38.00, 2280.00, '2'),
(27921, '2023-08-17 11:32:39', NULL, '2023-08-17', 52, NULL, NULL, NULL, NULL, 17, '', '', 60, 75.00, 4500.00, '2'),
(27922, '2023-08-17 14:03:39', NULL, '2023-08-17', 10, NULL, NULL, NULL, NULL, 17, '', '', 60, 66.00, 3960.00, '2'),
(27923, '2023-08-17 14:03:39', NULL, '2023-08-17', 10, NULL, NULL, NULL, NULL, 18, '', '', 100, 34.00, 3400.00, '2'),
(27924, '2023-08-17 14:03:39', NULL, '2023-08-17', 10, NULL, NULL, NULL, NULL, 19, '', '', 60, 22.00, 1320.00, '2'),
(27925, '2023-08-17 14:03:39', NULL, '2023-08-17', 10, NULL, NULL, NULL, NULL, 20, '', '', 30, 255.00, 7650.00, '2'),
(27926, '2023-08-17 14:03:39', NULL, '2023-08-17', 10, NULL, NULL, NULL, NULL, 25, '', '', 15, 170.00, 2550.00, '2'),
(27927, '2023-08-17 14:03:39', NULL, '2023-08-17', 10, NULL, NULL, NULL, NULL, 26, '', '', 60, 180.00, 10800.00, '2'),
(27928, '2023-08-17 14:03:39', NULL, '2023-08-17', 10, NULL, NULL, NULL, NULL, 27, '', '', 30, 180.00, 5400.00, '2'),
(27929, '2023-08-18 14:54:46', NULL, '2023-08-18', 10, NULL, NULL, NULL, NULL, 19, '', '', 50, 22.00, 1100.00, '2'),
(27930, '2023-08-18 14:54:46', NULL, '2023-08-18', 10, NULL, NULL, NULL, NULL, 17, '', '', 50, 66.00, 3300.00, '2'),
(27931, '2023-08-18 14:54:46', NULL, '2023-08-18', 10, NULL, NULL, NULL, NULL, 26, '', '', 2, 180.00, 360.00, '2'),
(27932, '2023-08-18 14:54:46', NULL, '2023-08-18', 10, NULL, NULL, NULL, NULL, 19, '', '', 100, 22.00, 2200.00, '2'),
(27933, '2023-08-18 14:54:46', NULL, '2023-08-18', 10, NULL, NULL, NULL, NULL, 18, '', '', 100, 34.00, 3400.00, '2'),
(27934, '2023-08-18 14:54:46', NULL, '2023-08-18', 10, NULL, NULL, NULL, NULL, 17, '', '', 40, 66.00, 2640.00, '2'),
(27935, '2023-08-18 14:54:46', NULL, '2023-08-18', 10, NULL, NULL, NULL, NULL, 15, '', '', 3, 132.00, 396.00, '2'),
(27936, '2023-08-18 14:54:46', NULL, '2023-08-18', 10, NULL, NULL, NULL, NULL, 26, '', '', 60, 180.00, 10800.00, '2'),
(27937, '2023-08-18 14:54:46', NULL, '2023-08-18', 10, NULL, NULL, NULL, NULL, 27, '', '', 20, 180.00, 3600.00, '2'),
(27938, '2023-08-19 10:19:55', NULL, '2023-08-19', 31, NULL, NULL, NULL, NULL, 20, '', '', 60, 255.00, 15300.00, '2'),
(27939, '2023-08-19 10:19:55', NULL, '2023-08-19', 31, NULL, NULL, NULL, NULL, 26, '', '', 20, 180.00, 3600.00, '2'),
(27940, '2023-08-19 11:18:11', NULL, '2023-08-19', 12, NULL, NULL, NULL, NULL, 19, '', '', 600, 24.00, 14400.00, '2'),
(27941, '2023-08-19 11:18:11', NULL, '2023-08-19', 12, NULL, NULL, NULL, NULL, 18, '', '', 600, 35.00, 21000.00, '2'),
(27942, '2023-08-19 11:18:11', NULL, '2023-08-19', 12, NULL, NULL, NULL, NULL, 17, '', '', 200, 70.00, 14000.00, '2'),
(27943, '2023-08-19 11:58:44', NULL, '2023-08-19', 10, NULL, NULL, NULL, NULL, 17, '', '', 100, 66.00, 6600.00, '2'),
(27944, '2023-08-19 11:58:44', NULL, '2023-08-19', 10, NULL, NULL, NULL, NULL, 18, '', '', 100, 34.00, 3400.00, '2'),
(27945, '2023-08-19 11:58:44', NULL, '2023-08-19', 10, NULL, NULL, NULL, NULL, 19, '', '', 100, 22.00, 2200.00, '2'),
(27946, '2023-08-19 11:58:44', NULL, '2023-08-19', 10, NULL, NULL, NULL, NULL, 25, '', '', 15, 170.00, 2550.00, '2'),
(27947, '2023-08-19 11:58:44', NULL, '2023-08-19', 10, NULL, NULL, NULL, NULL, 17, '', '', 50, 66.00, 3300.00, '2'),
(27948, '2023-08-19 11:58:44', NULL, '2023-08-19', 10, NULL, NULL, NULL, NULL, 18, '', '', 50, 34.00, 1700.00, '2'),
(27949, '2023-08-19 11:58:44', NULL, '2023-08-19', 10, NULL, NULL, NULL, NULL, 19, '', '', 50, 22.00, 1100.00, '2'),
(27950, '2023-08-20 12:43:54', NULL, '2023-08-20', 10, NULL, NULL, NULL, NULL, 19, '', '', 30, 22.00, 660.00, '2'),
(27951, '2023-08-20 12:43:54', NULL, '2023-08-20', 10, NULL, NULL, NULL, NULL, 18, '', '', 30, 34.00, 1020.00, '2'),
(27952, '2023-08-20 12:43:54', NULL, '2023-08-20', 10, NULL, NULL, NULL, NULL, 17, '', '', 40, 66.00, 2640.00, '2'),
(27953, '2023-08-20 12:43:54', NULL, '2023-08-20', 10, NULL, NULL, NULL, NULL, 18, '', '', 50, 34.00, 1700.00, '2'),
(27954, '2023-08-20 12:43:54', NULL, '2023-08-20', 10, NULL, NULL, NULL, NULL, 17, '', '', 40, 66.00, 2640.00, '2'),
(27955, '2023-08-20 12:43:54', NULL, '2023-08-20', 10, NULL, NULL, NULL, NULL, 17, '', '', 30, 66.00, 1980.00, '2'),
(27956, '2023-08-20 12:43:54', NULL, '2023-08-20', 10, NULL, NULL, NULL, NULL, 18, '', '', 20, 34.00, 680.00, '2'),
(27957, '2023-08-20 12:43:54', NULL, '2023-08-20', 10, NULL, NULL, NULL, NULL, 19, '', '', 100, 22.00, 2200.00, '2'),
(27958, '2023-08-20 12:43:54', NULL, '2023-08-20', 10, NULL, NULL, NULL, NULL, 20, '', '', 20, 255.00, 5100.00, '2'),
(27959, '2023-08-20 12:43:54', NULL, '2023-08-20', 10, NULL, NULL, NULL, NULL, 25, '', '', 30, 170.00, 5100.00, '2'),
(27960, '2023-08-20 12:43:54', NULL, '2023-08-20', 10, NULL, NULL, NULL, NULL, 26, '', '', 50, 180.00, 9000.00, '2'),
(27961, '2023-08-20 12:43:54', NULL, '2023-08-20', 10, NULL, NULL, NULL, NULL, 27, '', '', 30, 180.00, 5400.00, '2'),
(27962, '2023-08-21 14:41:34', NULL, '2023-08-21', 10, NULL, NULL, NULL, NULL, 17, '', '', 200, 66.00, 13200.00, '2'),
(27963, '2023-08-21 14:41:34', NULL, '2023-08-21', 10, NULL, NULL, NULL, NULL, 17, '', '', 100, 66.00, 6600.00, '2'),
(27964, '2023-08-21 14:41:34', NULL, '2023-08-21', 10, NULL, NULL, NULL, NULL, 18, '', '', 130, 34.00, 4420.00, '2'),
(27965, '2023-08-21 14:41:34', NULL, '2023-08-21', 10, NULL, NULL, NULL, NULL, 19, '', '', 105, 22.00, 2310.00, '2'),
(27966, '2023-08-21 14:41:34', NULL, '2023-08-21', 10, NULL, NULL, NULL, NULL, 20, '', '', 15, 255.00, 3825.00, '2'),
(27967, '2023-08-21 14:41:34', NULL, '2023-08-21', 10, NULL, NULL, NULL, NULL, 26, '', '', 60, 180.00, 10800.00, '2'),
(27968, '2023-08-21 14:41:34', NULL, '2023-08-21', 10, NULL, NULL, NULL, NULL, 27, '', '', 20, 180.00, 3600.00, '2'),
(27969, '2023-08-22 10:22:03', NULL, '2023-08-22', 31, NULL, NULL, NULL, NULL, 20, '', '', 30, 255.00, 7650.00, '2'),
(27970, '2023-08-22 10:22:03', NULL, '2023-08-22', 31, NULL, NULL, NULL, NULL, 26, '', '', 10, 180.00, 1800.00, '2'),
(27971, '2023-08-22 15:20:50', NULL, '2023-08-22', 10, NULL, NULL, NULL, NULL, 17, '', '', 150, 66.00, 9900.00, '2'),
(27972, '2023-08-22 15:20:50', NULL, '2023-08-22', 10, NULL, NULL, NULL, NULL, 18, '', '', 100, 34.00, 3400.00, '2'),
(27973, '2023-08-22 15:20:50', NULL, '2023-08-22', 10, NULL, NULL, NULL, NULL, 19, '', '', 100, 22.00, 2200.00, '2'),
(27974, '2023-08-22 15:20:50', NULL, '2023-08-22', 10, NULL, NULL, NULL, NULL, 20, '', '', 30, 255.00, 7650.00, '2'),
(27975, '2023-08-22 15:20:50', NULL, '2023-08-22', 10, NULL, NULL, NULL, NULL, 25, '', '', 30, 170.00, 5100.00, '2'),
(27976, '2023-08-22 15:20:50', NULL, '2023-08-22', 10, NULL, NULL, NULL, NULL, 26, '', '', 26, 180.00, 4680.00, '2'),
(27977, '2023-08-22 15:20:50', NULL, '2023-08-22', 10, NULL, NULL, NULL, NULL, 27, '', '', 8, 180.00, 1440.00, '2'),
(27978, '2023-08-22 15:20:50', NULL, '2023-08-22', 10, NULL, NULL, NULL, NULL, 40, '', '', 10, 510.00, 5100.00, '2'),
(27979, '2023-08-22 15:20:50', NULL, '2023-08-22', 10, NULL, NULL, NULL, NULL, 17, '', '', 50, 66.00, 3300.00, '2'),
(27980, '2023-08-22 15:20:50', NULL, '2023-08-22', 10, NULL, NULL, NULL, NULL, 18, '', '', 50, 34.00, 1700.00, '2'),
(27981, '2023-08-22 15:20:50', NULL, '2023-08-22', 10, NULL, NULL, NULL, NULL, 19, '', '', 20, 22.00, 440.00, '2'),
(27982, '2023-08-22 15:20:50', NULL, '2023-08-22', 10, NULL, NULL, NULL, NULL, 26, '', '', 4, 180.00, 720.00, '2'),
(27983, '2023-08-22 15:20:50', NULL, '2023-08-22', 10, NULL, NULL, NULL, NULL, 27, '', '', 3, 180.00, 540.00, '2'),
(27984, '2023-08-23 14:44:23', NULL, '2023-08-23', 10, NULL, NULL, NULL, NULL, 19, '', '', 200, 22.00, 4400.00, '2'),
(27985, '2023-08-23 14:44:23', NULL, '2023-08-23', 10, NULL, NULL, NULL, NULL, 18, '', '', 200, 34.00, 6800.00, '2'),
(27986, '2023-08-23 14:44:23', NULL, '2023-08-23', 10, NULL, NULL, NULL, NULL, 17, '', '', 150, 66.00, 9900.00, '2'),
(27987, '2023-08-23 14:44:23', NULL, '2023-08-23', 10, NULL, NULL, NULL, NULL, 15, '', '', 50, 132.00, 6600.00, '2'),
(27988, '2023-08-23 14:44:23', NULL, '2023-08-23', 10, NULL, NULL, NULL, NULL, 228, '', '', 30, 122.00, 3660.00, '2'),
(27989, '2023-08-23 14:44:23', NULL, '2023-08-23', 10, NULL, NULL, NULL, NULL, 73, '', '', 15, 540.00, 8100.00, '2'),
(27991, '2023-08-23 14:44:23', NULL, '2023-08-23', 10, NULL, NULL, NULL, NULL, 74, '', '', 10, 630.00, 6300.00, '2'),
(27992, '2023-08-23 14:44:23', NULL, '2023-08-23', 10, NULL, NULL, NULL, NULL, 19, '', '', 150, 22.00, 3300.00, '2'),
(27993, '2023-08-23 14:44:23', NULL, '2023-08-23', 10, NULL, NULL, NULL, NULL, 18, '', '', 120, 34.00, 4080.00, '2'),
(27994, '2023-08-23 14:44:23', NULL, '2023-08-23', 10, NULL, NULL, NULL, NULL, 17, '', '', 120, 66.00, 7920.00, '2'),
(27995, '2023-08-23 14:44:23', NULL, '2023-08-23', 10, NULL, NULL, NULL, NULL, 19, '', '', 60, 22.00, 1320.00, '2'),
(27996, '2023-08-23 14:44:23', NULL, '2023-08-23', 10, NULL, NULL, NULL, NULL, 18, '', '', 30, 34.00, 1020.00, '2'),
(27997, '2023-08-23 14:44:23', NULL, '2023-08-23', 10, NULL, NULL, NULL, NULL, 26, '', '', 25, 180.00, 4500.00, '2'),
(27998, '2023-08-23 14:44:23', NULL, '2023-08-23', 10, NULL, NULL, NULL, NULL, 27, '', '', 25, 180.00, 4500.00, '2'),
(27999, '2023-08-23 15:23:03', NULL, '2023-08-23', 10, NULL, NULL, NULL, NULL, 65, '', '', 1, 400.00, 400.00, '2'),
(28000, '2023-08-23 15:23:03', NULL, '2023-08-23', 10, NULL, NULL, NULL, NULL, 14, '', '', 2, 198.00, 396.00, '2'),
(28001, '2023-08-23 15:23:03', NULL, '2023-08-23', 10, NULL, NULL, NULL, NULL, 15, '', '', 6, 132.00, 792.00, '2'),
(28002, '2023-08-23 15:23:03', NULL, '2023-08-23', 10, NULL, NULL, NULL, NULL, 17, '', '', 100, 66.00, 6600.00, '2'),
(28003, '2023-08-23 15:23:03', NULL, '2023-08-23', 10, NULL, NULL, NULL, NULL, 18, '', '', 100, 34.00, 3400.00, '2'),
(28004, '2023-08-23 15:23:03', NULL, '2023-08-23', 10, NULL, NULL, NULL, NULL, 19, '', '', 100, 22.00, 2200.00, '2'),
(28005, '2023-08-23 15:23:03', NULL, '2023-08-23', 10, NULL, NULL, NULL, NULL, 20, '', '', 19, 255.00, 4845.00, '2'),
(28006, '2023-08-23 15:23:03', NULL, '2023-08-23', 10, NULL, NULL, NULL, NULL, 26, '', '', 22, 180.00, 3960.00, '2'),
(28007, '2023-08-23 15:23:03', NULL, '2023-08-23', 10, NULL, NULL, NULL, NULL, 27, '', '', 2, 180.00, 360.00, '2'),
(28018, '2023-08-24 09:51:04', NULL, '2023-08-24', 23, NULL, NULL, NULL, NULL, 15, '', '', 30, 150.00, 4500.00, '2'),
(28017, '2023-08-24 09:51:04', NULL, '2023-08-24', 23, NULL, NULL, NULL, NULL, 17, '', '', 130, 75.00, 9750.00, '2'),
(28016, '2023-08-24 09:51:04', NULL, '2023-08-24', 23, NULL, NULL, NULL, NULL, 18, '', '', 130, 38.00, 4940.00, '2'),
(28011, '2023-08-24 09:51:04', NULL, '2023-08-24', 23, NULL, NULL, NULL, NULL, 20, '', '', 7, 300.00, 2100.00, '2'),
(28012, '2023-08-24 09:51:04', NULL, '2023-08-24', 23, NULL, NULL, NULL, NULL, 207, '', '', 120, 10.00, 1200.00, '2'),
(28013, '2023-08-24 09:51:04', NULL, '2023-08-24', 23, NULL, NULL, NULL, NULL, 238, '', '', 99, 20.00, 1980.00, '2'),
(28014, '2023-08-24 09:51:04', NULL, '2023-08-24', 23, NULL, NULL, NULL, NULL, 112, '', '', 1800, 0.39, 702.00, '2'),
(28015, '2023-08-24 09:51:04', NULL, '2023-08-24', 23, NULL, NULL, NULL, NULL, 109, '', '', 50, 35.00, 1750.00, '2'),
(28024, '2023-08-24 14:58:52', NULL, '2023-08-24', 10, NULL, NULL, NULL, NULL, 17, '', '', 100, 66.00, 6600.00, '2'),
(28023, '2023-08-24 14:58:52', NULL, '2023-08-24', 10, NULL, NULL, NULL, NULL, 17, '', '', 50, 66.00, 3300.00, '2'),
(28022, '2023-08-24 14:58:52', NULL, '2023-08-24', 10, NULL, NULL, NULL, NULL, 18, '', '', 50, 34.00, 1700.00, '2'),
(28025, '2023-08-24 14:58:52', NULL, '2023-08-24', 10, NULL, NULL, NULL, NULL, 18, '', '', 100, 34.00, 3400.00, '2'),
(28026, '2023-08-24 14:58:52', NULL, '2023-08-24', 10, NULL, NULL, NULL, NULL, 19, '', '', 100, 22.00, 2200.00, '2'),
(28027, '2023-08-24 14:58:52', NULL, '2023-08-24', 10, NULL, NULL, NULL, NULL, 20, '', '', 20, 255.00, 5100.00, '2'),
(28028, '2023-08-24 14:58:52', NULL, '2023-08-24', 10, NULL, NULL, NULL, NULL, 25, '', '', 19, 170.00, 3230.00, '2'),
(28029, '2023-08-24 14:58:52', NULL, '2023-08-24', 10, NULL, NULL, NULL, NULL, 27, '', '', 32, 180.00, 5760.00, '2'),
(28030, '2023-08-24 14:58:52', NULL, '2023-08-24', 10, NULL, NULL, NULL, NULL, 26, '', '', 58, 180.00, 10440.00, '2'),
(28031, '2023-08-25 09:36:34', NULL, '2023-08-25', 10, NULL, NULL, NULL, NULL, 18, '', '', 250, 34.00, 8500.00, '2'),
(28032, '2023-08-25 09:36:34', NULL, '2023-08-25', 10, NULL, NULL, NULL, NULL, 17, '', '', 250, 66.00, 16500.00, '2'),
(28033, '2023-08-25 09:36:34', NULL, '2023-08-25', 10, NULL, NULL, NULL, NULL, 20, '', '', 1, 255.00, 255.00, '2'),
(28034, '2023-08-25 09:36:34', NULL, '2023-08-25', 10, NULL, NULL, NULL, NULL, 18, '', '', 20, 34.00, 680.00, '2'),
(28035, '2023-08-25 09:36:34', NULL, '2023-08-25', 10, NULL, NULL, NULL, NULL, 17, '', '', 40, 66.00, 2640.00, '2'),
(28036, '2023-08-25 09:36:34', NULL, '2023-08-25', 10, NULL, NULL, NULL, NULL, 19, '', '', 400, 22.00, 8800.00, '2'),
(28037, '2023-08-25 09:36:34', NULL, '2023-08-25', 10, NULL, NULL, NULL, NULL, 18, '', '', 300, 34.00, 10200.00, '2'),
(28038, '2023-08-25 09:36:34', NULL, '2023-08-25', 10, NULL, NULL, NULL, NULL, 17, '', '', 300, 66.00, 19800.00, '2'),
(28039, '2023-08-25 09:36:34', NULL, '2023-08-25', 10, NULL, NULL, NULL, NULL, 20, '', '', 7, 255.00, 1785.00, '2'),
(28040, '2023-08-25 09:36:34', NULL, '2023-08-25', 10, NULL, NULL, NULL, NULL, 15, '', '', 5, 132.00, 660.00, '2'),
(28041, '2023-08-25 09:36:34', NULL, '2023-08-25', 10, NULL, NULL, NULL, NULL, 17, '', '', 300, 66.00, 19800.00, '2'),
(28042, '2023-08-25 09:36:34', NULL, '2023-08-25', 10, NULL, NULL, NULL, NULL, 18, '', '', 400, 34.00, 13600.00, '2'),
(28043, '2023-08-25 09:36:34', NULL, '2023-08-25', 10, NULL, NULL, NULL, NULL, 19, '', '', 400, 22.00, 8800.00, '2'),
(28044, '2023-08-25 09:42:44', NULL, '2023-08-25', 35, NULL, NULL, NULL, NULL, 61, '', '', 5, 100.00, 500.00, '2'),
(28045, '2023-08-25 09:42:44', NULL, '2023-08-25', 35, NULL, NULL, NULL, NULL, 69, '', '', 20, 17.00, 340.00, '2'),
(28046, '2023-08-25 09:42:44', NULL, '2023-08-25', 35, NULL, NULL, NULL, NULL, 81, '', '', 50, 45.00, 2250.00, '2'),
(28047, '2023-08-25 09:42:44', NULL, '2023-08-25', 35, NULL, NULL, NULL, NULL, 63, '', '', 10, 70.00, 700.00, '2'),
(28048, '2023-08-25 09:42:44', NULL, '2023-08-25', 35, NULL, NULL, NULL, NULL, 16, '', '', 12, 97.50, 1170.00, '2'),
(28049, '2023-08-25 09:42:44', NULL, '2023-08-25', 35, NULL, NULL, NULL, NULL, 17, '', '', 40, 65.00, 2600.00, '2'),
(28050, '2023-08-25 09:42:44', NULL, '2023-08-25', 35, NULL, NULL, NULL, NULL, 18, '', '', 20, 32.50, 650.00, '2'),
(28051, '2023-08-25 09:42:44', NULL, '2023-08-25', 35, NULL, NULL, NULL, NULL, 19, '', '', 30, 19.50, 585.00, '2'),
(28052, '2023-08-25 09:42:44', NULL, '2023-08-25', 35, NULL, NULL, NULL, NULL, 20, '', '', 5, 240.00, 1200.00, '2'),
(28053, '2023-08-25 09:43:35', NULL, '2023-08-25', 62, NULL, NULL, NULL, NULL, 18, '', '', 5, 38.00, 190.00, '2'),
(28054, '2023-08-25 09:43:35', NULL, '2023-08-25', 62, NULL, NULL, NULL, NULL, 17, '', '', 40, 75.00, 3000.00, '2'),
(28055, '2023-08-25 09:43:35', NULL, '2023-08-25', 62, NULL, NULL, NULL, NULL, 81, '', '', 4, 50.00, 200.00, '2'),
(28056, '2023-08-25 09:47:53', NULL, '2023-08-25', 11, NULL, NULL, NULL, NULL, 73, '', '', 10, 540.00, 5400.00, '2'),
(28057, '2023-08-25 09:47:53', NULL, '2023-08-25', 11, NULL, NULL, NULL, NULL, 154, '', '', 5, 525.00, 2625.00, '2'),
(28058, '2023-08-25 09:47:53', NULL, '2023-08-25', 11, NULL, NULL, NULL, NULL, 15, '', '', 20, 132.00, 2640.00, '2'),
(28059, '2023-08-25 09:47:53', NULL, '2023-08-25', 11, NULL, NULL, NULL, NULL, 17, '', '', 170, 66.00, 11220.00, '2'),
(28060, '2023-08-25 09:47:53', NULL, '2023-08-25', 11, NULL, NULL, NULL, NULL, 18, '', '', 100, 34.00, 3400.00, '2'),
(28061, '2023-08-25 09:51:38', NULL, '2023-08-25', 31, NULL, NULL, NULL, NULL, 20, '', '', 50, 255.00, 12750.00, '2'),
(28062, '2023-08-28 08:12:08', NULL, '2023-08-25', 86, NULL, NULL, NULL, NULL, 20, '', '', 4, 300.00, 1200.00, '2'),
(28063, '2023-08-28 08:12:08', NULL, '2023-08-25', 86, NULL, NULL, NULL, NULL, 19, '', '', 100, 28.00, 2800.00, '2'),
(28064, '2023-08-28 08:12:08', NULL, '2023-08-25', 86, NULL, NULL, NULL, NULL, 18, '', '', 100, 40.00, 4000.00, '2'),
(28065, '2023-08-28 08:12:08', NULL, '2023-08-25', 86, NULL, NULL, NULL, NULL, 17, '', '', 30, 80.00, 2400.00, '2'),
(28066, '2023-08-25 12:01:53', NULL, '2023-08-25', 29, NULL, NULL, NULL, NULL, 60, '', '', 4, 120.00, 480.00, '2'),
(28067, '2023-08-25 12:01:53', NULL, '2023-08-25', 29, NULL, NULL, NULL, NULL, 61, '', '', 4, 120.00, 480.00, '2'),
(28068, '2023-08-25 12:01:53', NULL, '2023-08-25', 29, NULL, NULL, NULL, NULL, 62, '', '', 4, 120.00, 480.00, '2'),
(28069, '2023-08-25 12:01:53', NULL, '2023-08-25', 29, NULL, NULL, NULL, NULL, 63, '', '', 4, 100.00, 400.00, '2'),
(28070, '2023-08-25 12:01:53', NULL, '2023-08-25', 29, NULL, NULL, NULL, NULL, 64, '', '', 3, 120.00, 360.00, '2'),
(28071, '2023-08-25 12:01:53', NULL, '2023-08-25', 29, NULL, NULL, NULL, NULL, 15, '', '', 2, 180.00, 360.00, '2'),
(28072, '2023-08-25 12:01:53', NULL, '2023-08-25', 29, NULL, NULL, NULL, NULL, 19, '', '', 9, 30.00, 270.00, '2'),
(28073, '2023-08-25 12:01:53', NULL, '2023-08-25', 29, NULL, NULL, NULL, NULL, 181, '', '', 12, 20.00, 240.00, '2'),
(28074, '2023-08-25 14:20:57', NULL, '2023-08-25', 10, NULL, NULL, NULL, NULL, 19, '', '', 100, 22.00, 2200.00, '2'),
(28075, '2023-08-25 14:20:57', NULL, '2023-08-25', 10, NULL, NULL, NULL, NULL, 18, '', '', 60, 34.00, 2040.00, '2'),
(28076, '2023-08-25 14:20:57', NULL, '2023-08-25', 10, NULL, NULL, NULL, NULL, 17, '', '', 50, 66.00, 3300.00, '2'),
(28077, '2023-08-25 14:20:57', NULL, '2023-08-25', 10, NULL, NULL, NULL, NULL, 15, '', '', 10, 132.00, 1320.00, '2'),
(28078, '2023-08-25 14:20:57', NULL, '2023-08-25', 10, NULL, NULL, NULL, NULL, 19, '', '', 50, 22.00, 1100.00, '2'),
(28079, '2023-08-25 14:20:57', NULL, '2023-08-25', 10, NULL, NULL, NULL, NULL, 18, '', '', 50, 34.00, 1700.00, '2'),
(28080, '2023-08-25 14:20:57', NULL, '2023-08-25', 10, NULL, NULL, NULL, NULL, 17, '', '', 30, 66.00, 1980.00, '2'),
(28081, '2023-08-25 14:20:57', NULL, '2023-08-25', 10, NULL, NULL, NULL, NULL, 20, '', '', 4, 255.00, 1020.00, '2'),
(28082, '2023-08-25 14:20:57', NULL, '2023-08-25', 10, NULL, NULL, NULL, NULL, 19, '', '', 100, 22.00, 2200.00, '2'),
(28083, '2023-08-25 14:20:57', NULL, '2023-08-25', 10, NULL, NULL, NULL, NULL, 18, '', '', 100, 34.00, 3400.00, '2'),
(28084, '2023-08-25 14:20:57', NULL, '2023-08-25', 10, NULL, NULL, NULL, NULL, 17, '', '', 50, 66.00, 3300.00, '2'),
(28085, '2023-08-25 14:20:57', NULL, '2023-08-25', 10, NULL, NULL, NULL, NULL, 20, '', '', 12, 255.00, 3060.00, '2'),
(28086, '2023-08-25 14:20:57', NULL, '2023-08-25', 10, NULL, NULL, NULL, NULL, 74, '', '', 5, 630.00, 3150.00, '2'),
(28087, '2023-08-25 14:20:57', NULL, '2023-08-25', 10, NULL, NULL, NULL, NULL, 18, '', '', 120, 34.00, 4080.00, '2'),
(28088, '2023-08-25 14:20:57', NULL, '2023-08-25', 10, NULL, NULL, NULL, NULL, 17, '', '', 100, 66.00, 6600.00, '2'),
(28089, '2023-08-25 14:20:57', NULL, '2023-08-25', 10, NULL, NULL, NULL, NULL, 15, '', '', 10, 132.00, 1320.00, '2'),
(28090, '2023-08-25 14:20:57', NULL, '2023-08-25', 10, NULL, NULL, NULL, NULL, 19, '', '', 100, 22.00, 2200.00, '2'),
(28091, '2023-08-25 14:20:57', NULL, '2023-08-25', 10, NULL, NULL, NULL, NULL, 18, '', '', 80, 34.00, 2720.00, '2'),
(28092, '2023-08-25 14:20:57', NULL, '2023-08-25', 10, NULL, NULL, NULL, NULL, 17, '', '', 60, 66.00, 3960.00, '2'),
(28093, '2023-08-25 15:10:46', NULL, '2023-08-25', 10, NULL, NULL, NULL, NULL, 19, '', '', 50, 22.00, 1100.00, '2'),
(28094, '2023-08-25 15:10:46', NULL, '2023-08-25', 10, NULL, NULL, NULL, NULL, 18, '', '', 50, 34.00, 1700.00, '2'),
(28095, '2023-08-25 15:10:46', NULL, '2023-08-25', 10, NULL, NULL, NULL, NULL, 17, '', '', 50, 66.00, 3300.00, '2'),
(28096, '2023-08-25 15:10:46', NULL, '2023-08-25', 10, NULL, NULL, NULL, NULL, 17, '', '', 200, 66.00, 13200.00, '2'),
(28097, '2023-08-25 15:10:46', NULL, '2023-08-25', 10, NULL, NULL, NULL, NULL, 18, '', '', 200, 34.00, 6800.00, '2'),
(28098, '2023-08-25 15:10:46', NULL, '2023-08-25', 10, NULL, NULL, NULL, NULL, 19, '', '', 200, 22.00, 4400.00, '2'),
(28099, '2023-08-25 15:10:46', NULL, '2023-08-25', 10, NULL, NULL, NULL, NULL, 25, '', '', 30, 170.00, 5100.00, '2'),
(28100, '2023-08-25 15:10:46', NULL, '2023-08-25', 10, NULL, NULL, NULL, NULL, 26, '', '', 37, 180.00, 6660.00, '2'),
(28101, '2023-08-25 15:10:46', NULL, '2023-08-25', 10, NULL, NULL, NULL, NULL, 27, '', '', 24, 180.00, 4320.00, '2'),
(28102, '2023-08-25 15:10:46', NULL, '2023-08-25', 10, NULL, NULL, NULL, NULL, 40, '', '', 10, 510.00, 5100.00, '2'),
(28103, '2023-08-25 15:10:46', NULL, '2023-08-25', 10, NULL, NULL, NULL, NULL, 20, '', '', 14, 255.00, 3570.00, '2'),
(28104, '2023-08-25 15:04:11', NULL, '2023-08-25', 12, NULL, NULL, NULL, NULL, 18, '', '', 350, 35.00, 12250.00, '2'),
(28105, '2023-08-26 10:17:24', NULL, '2023-08-26', 10, NULL, NULL, NULL, NULL, 19, '', '', 450, 22.00, 9900.00, '2'),
(28106, '2023-08-26 10:17:24', NULL, '2023-08-26', 10, NULL, NULL, NULL, NULL, 18, '', '', 300, 34.00, 10200.00, '2'),
(28107, '2023-08-26 10:17:24', NULL, '2023-08-26', 10, NULL, NULL, NULL, NULL, 17, '', '', 300, 66.00, 19800.00, '2'),
(28108, '2023-08-26 10:17:24', NULL, '2023-08-26', 10, NULL, NULL, NULL, NULL, 15, '', '', 20, 132.00, 2640.00, '2'),
(28109, '2023-08-26 10:17:24', NULL, '2023-08-26', 10, NULL, NULL, NULL, NULL, 228, '', '', 60, 122.00, 7320.00, '2'),
(28110, '2023-08-26 10:46:03', NULL, '2023-08-26', 12, NULL, NULL, NULL, NULL, 18, '', '', 400, 35.00, 14000.00, '2'),
(28111, '2023-08-26 10:46:03', NULL, '2023-08-26', 12, NULL, NULL, NULL, NULL, 17, '', '', 400, 70.00, 28000.00, '2'),
(28112, '2023-08-26 11:25:36', NULL, '2023-08-26', 35, NULL, NULL, NULL, NULL, 20, '', '', 5, 240.00, 1200.00, '2'),
(28113, '2023-08-26 11:25:36', NULL, '2023-08-26', 35, NULL, NULL, NULL, NULL, 19, '', '', 50, 19.50, 975.00, '2'),
(28114, '2023-08-26 11:25:36', NULL, '2023-08-26', 35, NULL, NULL, NULL, NULL, 18, '', '', 50, 32.50, 1625.00, '2'),
(28115, '2023-08-26 11:25:36', NULL, '2023-08-26', 35, NULL, NULL, NULL, NULL, 17, '', '', 30, 65.00, 1950.00, '2'),
(28116, '2023-08-26 11:25:36', NULL, '2023-08-26', 35, NULL, NULL, NULL, NULL, 81, '', '', 50, 45.00, 2250.00, '2'),
(28117, '2023-08-26 11:26:39', NULL, '2023-08-26', 65, NULL, NULL, NULL, NULL, 19, '', '', 30, 25.00, 750.00, '2'),
(28118, '2023-08-26 11:26:39', NULL, '2023-08-26', 65, NULL, NULL, NULL, NULL, 18, '', '', 20, 40.00, 800.00, '2'),
(28119, '2023-08-26 11:26:39', NULL, '2023-08-26', 65, NULL, NULL, NULL, NULL, 17, '', '', 10, 80.00, 800.00, '2'),
(28120, '2023-08-26 11:26:39', NULL, '2023-08-26', 65, NULL, NULL, NULL, NULL, 81, '', '', 50, 50.00, 2500.00, '2'),
(28121, '2023-08-26 11:27:22', NULL, '2023-08-26', 65, NULL, NULL, NULL, NULL, 19, '', '', 50, 25.00, 1250.00, '2'),
(28122, '2023-08-26 11:27:22', NULL, '2023-08-26', 65, NULL, NULL, NULL, NULL, 18, '', '', 30, 40.00, 1200.00, '2'),
(28123, '2023-08-26 11:27:22', NULL, '2023-08-26', 65, NULL, NULL, NULL, NULL, 17, '', '', 20, 80.00, 1600.00, '2'),
(28124, '2023-08-26 11:27:22', NULL, '2023-08-26', 65, NULL, NULL, NULL, NULL, 81, '', '', 50, 50.00, 2500.00, '2'),
(28125, '2023-08-26 14:20:35', NULL, '2023-08-26', 10, NULL, NULL, NULL, NULL, 17, '', '', 60, 66.00, 3960.00, '2'),
(28126, '2023-08-26 14:20:35', NULL, '2023-08-26', 10, NULL, NULL, NULL, NULL, 18, '', '', 60, 34.00, 2040.00, '2'),
(28127, '2023-08-26 14:20:35', NULL, '2023-08-26', 10, NULL, NULL, NULL, NULL, 74, '', '', 3, 630.00, 1890.00, '2'),
(28128, '2023-08-26 14:20:35', NULL, '2023-08-26', 10, NULL, NULL, NULL, NULL, 20, '', '', 4, 255.00, 1020.00, '2'),
(28129, '2023-08-26 14:20:35', NULL, '2023-08-26', 10, NULL, NULL, NULL, NULL, 18, '', '', 100, 34.00, 3400.00, '2'),
(28130, '2023-08-26 14:20:35', NULL, '2023-08-26', 10, NULL, NULL, NULL, NULL, 17, '', '', 100, 66.00, 6600.00, '2'),
(28131, '2023-08-26 14:20:35', NULL, '2023-08-26', 10, NULL, NULL, NULL, NULL, 17, '', '', 30, 66.00, 1980.00, '2'),
(28132, '2023-08-26 14:20:35', NULL, '2023-08-26', 10, NULL, NULL, NULL, NULL, 19, '', '', 50, 22.00, 1100.00, '2'),
(28133, '2023-08-26 14:20:35', NULL, '2023-08-26', 10, NULL, NULL, NULL, NULL, 73, '', '', 2, 540.00, 1080.00, '2'),
(28134, '2023-08-26 14:20:35', NULL, '2023-08-26', 10, NULL, NULL, NULL, NULL, 74, '', '', 4, 630.00, 2520.00, '2'),
(28135, '2023-08-26 14:20:35', NULL, '2023-08-26', 10, NULL, NULL, NULL, NULL, 19, '', '', 40, 22.00, 880.00, '2'),
(28136, '2023-08-26 14:20:35', NULL, '2023-08-26', 10, NULL, NULL, NULL, NULL, 18, '', '', 50, 34.00, 1700.00, '2'),
(28137, '2023-08-26 14:20:35', NULL, '2023-08-26', 10, NULL, NULL, NULL, NULL, 17, '', '', 40, 66.00, 2640.00, '2'),
(28138, '2023-08-26 14:20:35', NULL, '2023-08-26', 10, NULL, NULL, NULL, NULL, 73, '', '', 7, 540.00, 3780.00, '2'),
(28139, '2023-08-26 14:20:35', NULL, '2023-08-26', 10, NULL, NULL, NULL, NULL, 74, '', '', 5, 630.00, 3150.00, '2'),
(28140, '2023-08-26 14:20:35', NULL, '2023-08-26', 10, NULL, NULL, NULL, NULL, 20, '', '', 4, 255.00, 1020.00, '2'),
(28141, '2023-08-26 15:36:03', NULL, '2023-08-26', 10, NULL, NULL, NULL, NULL, 41, '', '', 15, 680.00, 10200.00, '2'),
(28142, '2023-08-26 15:36:03', NULL, '2023-08-26', 10, NULL, NULL, NULL, NULL, 26, '', '', 43, 180.00, 7740.00, '2'),
(28143, '2023-08-26 15:36:03', NULL, '2023-08-26', 10, NULL, NULL, NULL, NULL, 25, '', '', 8, 170.00, 1360.00, '2'),
(28144, '2023-08-26 15:36:03', NULL, '2023-08-26', 10, NULL, NULL, NULL, NULL, 20, '', '', 30, 255.00, 7650.00, '2'),
(28145, '2023-08-26 15:36:03', NULL, '2023-08-26', 10, NULL, NULL, NULL, NULL, 19, '', '', 300, 22.00, 6600.00, '2'),
(28146, '2023-08-26 15:36:03', NULL, '2023-08-26', 10, NULL, NULL, NULL, NULL, 18, '', '', 300, 34.00, 10200.00, '2'),
(28147, '2023-08-26 15:36:03', NULL, '2023-08-26', 10, NULL, NULL, NULL, NULL, 17, '', '', 200, 66.00, 13200.00, '2'),
(28148, '2023-08-27 14:05:47', NULL, '2023-08-27', 10, NULL, NULL, NULL, NULL, 19, '', '', 400, 22.00, 8800.00, '2'),
(28149, '2023-08-27 14:05:47', NULL, '2023-08-27', 10, NULL, NULL, NULL, NULL, 18, '', '', 800, 34.00, 27200.00, '2'),
(28150, '2023-08-27 14:05:47', NULL, '2023-08-27', 10, NULL, NULL, NULL, NULL, 17, '', '', 700, 66.00, 46200.00, '2'),
(28151, '2023-08-27 14:05:47', NULL, '2023-08-27', 10, NULL, NULL, NULL, NULL, 20, '', '', 5, 255.00, 1275.00, '2'),
(28152, '2023-08-27 14:05:47', NULL, '2023-08-27', 10, NULL, NULL, NULL, NULL, 73, '', '', 5, 540.00, 2700.00, '2'),
(28153, '2023-08-27 14:05:47', NULL, '2023-08-27', 10, NULL, NULL, NULL, NULL, 74, '', '', 6, 630.00, 3780.00, '2'),
(28155, '2023-08-27 08:24:29', NULL, '2023-08-27', 96, NULL, NULL, NULL, NULL, 19, '', '', 20, 28.00, 560.00, '2'),
(28156, '2023-08-27 08:24:29', NULL, '2023-08-27', 96, NULL, NULL, NULL, NULL, 18, '', '', 20, 40.00, 800.00, '2'),
(28157, '2023-08-27 08:24:29', NULL, '2023-08-27', 96, NULL, NULL, NULL, NULL, 17, '', '', 5, 80.00, 400.00, '2'),
(28158, '2023-08-27 14:05:47', NULL, '2023-08-27', 10, NULL, NULL, NULL, NULL, 19, '', '', 200, 22.00, 4400.00, '2'),
(28159, '2023-08-27 14:05:47', NULL, '2023-08-27', 10, NULL, NULL, NULL, NULL, 18, '', '', 200, 34.00, 6800.00, '2'),
(28160, '2023-08-27 14:05:47', NULL, '2023-08-27', 10, NULL, NULL, NULL, NULL, 17, '', '', 50, 66.00, 3300.00, '2'),
(28161, '2023-08-27 14:05:47', NULL, '2023-08-27', 10, NULL, NULL, NULL, NULL, 17, '', '', 60, 66.00, 3960.00, '2'),
(28162, '2023-08-27 14:05:47', NULL, '2023-08-27', 10, NULL, NULL, NULL, NULL, 18, '', '', 150, 34.00, 5100.00, '2'),
(28163, '2023-08-27 14:05:47', NULL, '2023-08-27', 10, NULL, NULL, NULL, NULL, 19, '', '', 150, 22.00, 3300.00, '2'),
(28164, '2023-08-27 14:05:47', NULL, '2023-08-27', 10, NULL, NULL, NULL, NULL, 15, '', '', 10, 132.00, 1320.00, '2'),
(28165, '2023-08-27 14:05:47', NULL, '2023-08-27', 10, NULL, NULL, NULL, NULL, 73, '', '', 3, 540.00, 1620.00, '2'),
(28166, '2023-08-27 14:05:47', NULL, '2023-08-27', 10, NULL, NULL, NULL, NULL, 74, '', '', 2, 630.00, 1260.00, '2'),
(28167, '2023-08-27 14:05:47', NULL, '2023-08-27', 10, NULL, NULL, NULL, NULL, 19, '', '', 100, 22.00, 2200.00, '2'),
(28168, '2023-08-27 14:05:47', NULL, '2023-08-27', 10, NULL, NULL, NULL, NULL, 18, '', '', 100, 34.00, 3400.00, '2'),
(28169, '2023-08-27 14:05:47', NULL, '2023-08-27', 10, NULL, NULL, NULL, NULL, 17, '', '', 50, 66.00, 3300.00, '2'),
(28170, '2023-08-27 14:05:47', NULL, '2023-08-27', 10, NULL, NULL, NULL, NULL, 73, '', '', 2, 540.00, 1080.00, '2'),
(28171, '2023-08-27 14:05:47', NULL, '2023-08-27', 10, NULL, NULL, NULL, NULL, 74, '', '', 1, 630.00, 630.00, '2'),
(28172, '2023-08-27 14:10:02', NULL, '2023-08-27', 10, NULL, NULL, NULL, NULL, 19, '', '', 20, 22.00, 440.00, '2'),
(28173, '2023-08-27 14:10:02', NULL, '2023-08-27', 10, NULL, NULL, NULL, NULL, 18, '', '', 55, 34.00, 1870.00, '2'),
(28174, '2023-08-27 14:10:02', NULL, '2023-08-27', 10, NULL, NULL, NULL, NULL, 20, '', '', 2, 255.00, 510.00, '2'),
(28175, '2023-08-27 14:10:02', NULL, '2023-08-27', 10, NULL, NULL, NULL, NULL, 26, '', '', 2, 180.00, 360.00, '2'),
(28176, '2023-08-27 14:10:02', NULL, '2023-08-27', 10, NULL, NULL, NULL, NULL, 18, '', '', 30, 34.00, 1020.00, '2'),
(28177, '2023-08-27 14:10:02', NULL, '2023-08-27', 10, NULL, NULL, NULL, NULL, 19, '', '', 100, 22.00, 2200.00, '2'),
(28178, '2023-08-27 14:10:02', NULL, '2023-08-27', 10, NULL, NULL, NULL, NULL, 18, '', '', 100, 34.00, 3400.00, '2'),
(28179, '2023-08-27 14:10:02', NULL, '2023-08-27', 10, NULL, NULL, NULL, NULL, 17, '', '', 50, 66.00, 3300.00, '2'),
(28180, '2023-08-27 14:10:02', NULL, '2023-08-27', 10, NULL, NULL, NULL, NULL, 17, '', '', 50, 66.00, 3300.00, '2'),
(28181, '2023-08-27 14:10:02', NULL, '2023-08-27', 10, NULL, NULL, NULL, NULL, 18, '', '', 50, 34.00, 1700.00, '2'),
(28182, '2023-08-27 14:10:02', NULL, '2023-08-27', 10, NULL, NULL, NULL, NULL, 19, '', '', 50, 22.00, 1100.00, '2'),
(28183, '2023-08-27 14:10:02', NULL, '2023-08-27', 10, NULL, NULL, NULL, NULL, 19, '', '', 50, 22.00, 1100.00, '2'),
(28184, '2023-08-27 14:10:02', NULL, '2023-08-27', 10, NULL, NULL, NULL, NULL, 18, '', '', 30, 34.00, 1020.00, '2'),
(28185, '2023-08-27 14:10:02', NULL, '2023-08-27', 10, NULL, NULL, NULL, NULL, 17, '', '', 30, 66.00, 1980.00, '2'),
(28186, '2023-08-27 14:10:02', NULL, '2023-08-27', 10, NULL, NULL, NULL, NULL, 16, '', '', 20, 99.00, 1980.00, '2'),
(28187, '2023-08-27 14:10:02', NULL, '2023-08-27', 10, NULL, NULL, NULL, NULL, 19, '', '', 150, 22.00, 3300.00, '2'),
(28188, '2023-08-27 14:10:02', NULL, '2023-08-27', 10, NULL, NULL, NULL, NULL, 18, '', '', 150, 34.00, 5100.00, '2'),
(28189, '2023-08-27 14:10:02', NULL, '2023-08-27', 10, NULL, NULL, NULL, NULL, 19, '', '', 100, 22.00, 2200.00, '2'),
(28190, '2023-08-27 14:10:02', NULL, '2023-08-27', 10, NULL, NULL, NULL, NULL, 18, '', '', 100, 34.00, 3400.00, '2'),
(28191, '2023-08-27 14:10:02', NULL, '2023-08-27', 10, NULL, NULL, NULL, NULL, 17, '', '', 100, 66.00, 6600.00, '2'),
(28192, '2023-08-27 14:12:19', NULL, '2023-08-27', 10, NULL, NULL, NULL, NULL, 19, '', '', 150, 22.00, 3300.00, '2'),
(28193, '2023-08-27 14:12:19', NULL, '2023-08-27', 10, NULL, NULL, NULL, NULL, 19, '', '', 20, 22.00, 440.00, '2'),
(28194, '2023-08-27 14:12:19', NULL, '2023-08-27', 10, NULL, NULL, NULL, NULL, 18, '', '', 40, 34.00, 1360.00, '2'),
(28195, '2023-08-27 14:12:19', NULL, '2023-08-27', 10, NULL, NULL, NULL, NULL, 17, '', '', 5, 66.00, 330.00, '2'),
(28196, '2023-08-27 14:12:19', NULL, '2023-08-27', 10, NULL, NULL, NULL, NULL, 17, '', '', 80, 66.00, 5280.00, '2'),
(28197, '2023-08-27 14:12:19', NULL, '2023-08-27', 10, NULL, NULL, NULL, NULL, 18, '', '', 65, 34.00, 2210.00, '2'),
(28198, '2023-08-27 14:12:19', NULL, '2023-08-27', 10, NULL, NULL, NULL, NULL, 19, '', '', 50, 22.00, 1100.00, '2'),
(28199, '2023-08-27 15:11:12', NULL, '2023-08-27', 10, NULL, NULL, NULL, NULL, 73, '', '', 1, 540.00, 540.00, '2'),
(28200, '2023-08-27 15:11:12', NULL, '2023-08-27', 10, NULL, NULL, NULL, NULL, 15, '', '', 10, 132.00, 1320.00, '2'),
(28201, '2023-08-27 15:11:12', NULL, '2023-08-27', 10, NULL, NULL, NULL, NULL, 17, '', '', 300, 66.00, 19800.00, '2'),
(28202, '2023-08-27 15:11:12', NULL, '2023-08-27', 10, NULL, NULL, NULL, NULL, 18, '', '', 470, 34.00, 15980.00, '2'),
(28203, '2023-08-27 15:11:12', NULL, '2023-08-27', 10, NULL, NULL, NULL, NULL, 19, '', '', 500, 22.00, 11000.00, '2'),
(28204, '2023-08-27 15:11:12', NULL, '2023-08-27', 10, NULL, NULL, NULL, NULL, 20, '', '', 10, 255.00, 2550.00, '2'),
(28205, '2023-08-27 15:11:36', NULL, '2023-08-27', 12, NULL, NULL, NULL, NULL, 15, '', '', 46, 140.00, 6440.00, '2'),
(28206, '2023-08-28 10:00:04', NULL, '2023-08-28', 12, NULL, NULL, NULL, NULL, 19, '', '', 300, 24.00, 7200.00, '2'),
(28207, '2023-08-28 10:00:04', NULL, '2023-08-28', 12, NULL, NULL, NULL, NULL, 18, '', '', 300, 35.00, 10500.00, '2'),
(28208, '2023-08-28 10:00:04', NULL, '2023-08-28', 12, NULL, NULL, NULL, NULL, 17, '', '', 300, 70.00, 21000.00, '2'),
(28210, '2023-08-28 09:58:19', NULL, '2023-08-28', 35, NULL, NULL, NULL, NULL, 20, '', '', 10, 240.00, 2400.00, '2'),
(28211, '2023-08-28 09:58:19', NULL, '2023-08-28', 35, NULL, NULL, NULL, NULL, 19, '', '', 50, 19.50, 975.00, '2'),
(28212, '2023-08-28 09:58:19', NULL, '2023-08-28', 35, NULL, NULL, NULL, NULL, 18, '', '', 50, 32.50, 1625.00, '2'),
(28213, '2023-08-28 09:58:19', NULL, '2023-08-28', 35, NULL, NULL, NULL, NULL, 17, '', '', 30, 65.00, 1950.00, '2'),
(28214, '2023-08-28 09:58:19', NULL, '2023-08-28', 35, NULL, NULL, NULL, NULL, 15, '', '', 6, 130.00, 780.00, '2'),
(28215, '2023-08-28 09:58:19', NULL, '2023-08-28', 35, NULL, NULL, NULL, NULL, 81, '', '', 30, 45.00, 1350.00, '2'),
(28216, '2023-08-28 09:58:43', NULL, '2023-08-28', 31, NULL, NULL, NULL, NULL, 20, '', '', 30, 255.00, 7650.00, '2'),
(28217, '2023-08-28 10:00:04', NULL, '2023-08-28', 12, NULL, NULL, NULL, NULL, 26, '', '', 68, 180.00, 12240.00, '2'),
(28218, '2023-08-28 15:48:46', NULL, '2023-08-28', 10, NULL, NULL, NULL, NULL, 19, '', '', 150, 22.00, 3300.00, '2'),
(28219, '2023-08-28 15:48:46', NULL, '2023-08-28', 10, NULL, NULL, NULL, NULL, 19, '', '', 50, 22.00, 1100.00, '2'),
(28220, '2023-08-28 15:48:46', NULL, '2023-08-28', 10, NULL, NULL, NULL, NULL, 18, '', '', 50, 34.00, 1700.00, '2'),
(28221, '2023-08-28 15:48:46', NULL, '2023-08-28', 10, NULL, NULL, NULL, NULL, 17, '', '', 50, 66.00, 3300.00, '2'),
(28222, '2023-08-28 15:48:46', NULL, '2023-08-28', 10, NULL, NULL, NULL, NULL, 19, '', '', 6, 22.00, 132.00, '2'),
(28223, '2023-08-28 15:48:46', NULL, '2023-08-28', 10, NULL, NULL, NULL, NULL, 19, '', '', 30, 22.00, 660.00, '2'),
(28224, '2023-08-28 15:48:46', NULL, '2023-08-28', 10, NULL, NULL, NULL, NULL, 18, '', '', 40, 34.00, 1360.00, '2'),
(28225, '2023-08-28 15:48:46', NULL, '2023-08-28', 10, NULL, NULL, NULL, NULL, 17, '', '', 55, 66.00, 3630.00, '2'),
(28226, '2023-08-28 15:48:46', NULL, '2023-08-28', 10, NULL, NULL, NULL, NULL, 20, '', '', 20, 255.00, 5100.00, '2'),
(28227, '2023-08-28 15:48:46', NULL, '2023-08-28', 10, NULL, NULL, NULL, NULL, 19, '', '', 100, 22.00, 2200.00, '2'),
(28228, '2023-08-28 15:48:46', NULL, '2023-08-28', 10, NULL, NULL, NULL, NULL, 17, '', '', 300, 66.00, 19800.00, '2'),
(28229, '2023-08-28 15:48:46', NULL, '2023-08-28', 10, NULL, NULL, NULL, NULL, 18, '', '', 400, 34.00, 13600.00, '2'),
(28230, '2023-08-28 15:48:46', NULL, '2023-08-28', 10, NULL, NULL, NULL, NULL, 19, '', '', 280, 22.00, 6160.00, '2'),
(28231, '2023-08-28 15:48:46', NULL, '2023-08-28', 10, NULL, NULL, NULL, NULL, 20, '', '', 33, 255.00, 8415.00, '2'),
(28232, '2023-08-28 15:48:46', NULL, '2023-08-28', 10, NULL, NULL, NULL, NULL, 25, '', '', 30, 170.00, 5100.00, '2'),
(28233, '2023-08-28 15:48:46', NULL, '2023-08-28', 10, NULL, NULL, NULL, NULL, 26, '', '', 50, 180.00, 9000.00, '2'),
(28234, '2023-08-28 15:48:46', NULL, '2023-08-28', 10, NULL, NULL, NULL, NULL, 27, '', '', 24, 180.00, 4320.00, '2'),
(28235, '2023-08-28 15:48:46', NULL, '2023-08-28', 10, NULL, NULL, NULL, NULL, 40, '', '', 10, 510.00, 5100.00, '2'),
(28236, '2023-08-29 09:34:11', NULL, '2023-08-29', 34, NULL, NULL, NULL, NULL, 18, '', '', 100, 40.00, 4000.00, '2'),
(28237, '2023-08-29 09:34:11', NULL, '2023-08-29', 34, NULL, NULL, NULL, NULL, 17, '', '', 50, 80.00, 4000.00, '2'),
(28238, '2023-08-29 15:22:15', NULL, '2023-08-29', 10, NULL, NULL, NULL, NULL, 15, '', '', 2, 132.00, 264.00, '2'),
(28239, '2023-08-29 15:22:15', NULL, '2023-08-29', 10, NULL, NULL, NULL, NULL, 17, '', '', 200, 66.00, 13200.00, '2'),
(28240, '2023-08-29 15:22:15', NULL, '2023-08-29', 10, NULL, NULL, NULL, NULL, 18, '', '', 300, 34.00, 10200.00, '2'),
(28241, '2023-08-29 15:22:15', NULL, '2023-08-29', 10, NULL, NULL, NULL, NULL, 19, '', '', 300, 22.00, 6600.00, '2'),
(28242, '2023-08-29 15:22:15', NULL, '2023-08-29', 10, NULL, NULL, NULL, NULL, 20, '', '', 50, 255.00, 12750.00, '2'),
(28243, '2023-08-29 15:22:15', NULL, '2023-08-29', 10, NULL, NULL, NULL, NULL, 25, '', '', 12, 170.00, 2040.00, '2'),
(28244, '2023-08-29 15:22:15', NULL, '2023-08-29', 10, NULL, NULL, NULL, NULL, 26, '', '', 69, 180.00, 12420.00, '2'),
(28245, '2023-08-29 15:22:15', NULL, '2023-08-29', 10, NULL, NULL, NULL, NULL, 27, '', '', 23, 180.00, 4140.00, '2'),
(28246, '2023-08-29 15:22:15', NULL, '2023-08-29', 10, NULL, NULL, NULL, NULL, 40, '', '', 10, 510.00, 5100.00, '2'),
(28247, '2023-08-29 14:34:13', NULL, '2023-08-29', 12, NULL, NULL, NULL, NULL, 15, '', '', 10, 140.00, 1400.00, '2'),
(28248, '2023-08-31 15:34:19', NULL, '2023-08-31', 10, NULL, NULL, NULL, NULL, 20, '', '', 9, 255.00, 2295.00, '2'),
(28249, '2023-08-31 15:34:19', NULL, '2023-08-31', 10, NULL, NULL, NULL, NULL, 26, '', '', 55, 180.00, 9900.00, '2'),
(28250, '2023-08-31 15:34:19', NULL, '2023-08-31', 10, NULL, NULL, NULL, NULL, 27, '', '', 40, 180.00, 7200.00, '2'),
(28251, '2023-09-01 08:39:28', NULL, '2023-09-01', 31, NULL, NULL, NULL, NULL, 20, '', '', 50, 255.00, 12750.00, '2'),
(28252, '2023-09-01 08:41:12', NULL, '2023-09-01', 31, NULL, NULL, NULL, NULL, 20, '', '', 50, 255.00, 12750.00, '2'),
(28253, '2023-09-01 08:41:12', NULL, '2023-09-01', 31, NULL, NULL, NULL, NULL, 26, '', '', 20, 180.00, 3600.00, '2'),
(28254, '2023-09-01 14:30:42', NULL, '2023-09-01', 18, NULL, NULL, NULL, NULL, 56, '', '', 260, 10.00, 2600.00, '2'),
(28255, '2023-09-01 14:30:42', NULL, '2023-09-01', 18, NULL, NULL, NULL, NULL, 58, '', '', 250, 20.00, 5000.00, '2'),
(28256, '2023-09-01 14:30:42', NULL, '2023-09-01', 18, NULL, NULL, NULL, NULL, 54, '', '', 100, 10.00, 1000.00, '2'),
(28257, '2023-09-01 14:38:19', NULL, '2023-09-01', 10, NULL, NULL, NULL, NULL, 26, '', '', 80, 180.00, 14400.00, '2'),
(28258, '2023-09-01 14:38:19', NULL, '2023-09-01', 10, NULL, NULL, NULL, NULL, 27, '', '', 40, 180.00, 7200.00, '2'),
(28259, '2023-09-04 09:25:53', NULL, '2023-09-04', 12, NULL, NULL, NULL, NULL, 26, '', '', 100, 180.00, 18000.00, '2'),
(28260, '2023-09-04 09:25:53', NULL, '2023-09-04', 12, NULL, NULL, NULL, NULL, 30, '', '', 43, 180.00, 7740.00, '2'),
(28261, '2023-09-04 14:32:45', NULL, '2023-09-04', 10, NULL, NULL, NULL, NULL, 26, '', '', 60, 180.00, 10800.00, '2'),
(28262, '2023-09-04 14:32:45', NULL, '2023-09-04', 10, NULL, NULL, NULL, NULL, 27, '', '', 30, 180.00, 5400.00, '2'),
(28263, '2023-09-04 14:32:45', NULL, '2023-09-04', 10, NULL, NULL, NULL, NULL, 26, '', '', 70, 180.00, 12600.00, '2'),
(28264, '2023-09-04 14:32:45', NULL, '2023-09-04', 10, NULL, NULL, NULL, NULL, 27, '', '', 30, 180.00, 5400.00, '2'),
(28265, '2023-09-05 13:56:50', NULL, '2023-09-05', 10, NULL, NULL, NULL, NULL, 20, '', '', 10, 255.00, 2550.00, '2'),
(28266, '2023-09-05 13:56:50', NULL, '2023-09-05', 10, NULL, NULL, NULL, NULL, 25, '', '', 30, 170.00, 5100.00, '2'),
(28267, '2023-09-05 13:56:50', NULL, '2023-09-05', 10, NULL, NULL, NULL, NULL, 26, '', '', 70, 180.00, 12600.00, '2'),
(28268, '2023-09-05 13:56:50', NULL, '2023-09-05', 10, NULL, NULL, NULL, NULL, 27, '', '', 30, 180.00, 5400.00, '2'),
(28269, '2023-09-06 10:04:49', NULL, '2023-09-06', 31, NULL, NULL, NULL, NULL, 20, '', '', 40, 255.00, 10200.00, '2'),
(28270, '2023-09-06 14:03:23', NULL, '2023-09-06', 10, NULL, NULL, NULL, NULL, 20, '', '', 10, 255.00, 2550.00, '2'),
(28271, '2023-09-06 14:03:23', NULL, '2023-09-06', 10, NULL, NULL, NULL, NULL, 25, '', '', 29, 170.00, 4930.00, '2'),
(28272, '2023-09-06 14:03:23', NULL, '2023-09-06', 10, NULL, NULL, NULL, NULL, 26, '', '', 50, 180.00, 9000.00, '2'),
(28273, '2023-09-06 14:03:23', NULL, '2023-09-06', 10, NULL, NULL, NULL, NULL, 27, '', '', 40, 180.00, 7200.00, '2'),
(28274, '2023-09-06 14:03:23', NULL, '2023-09-06', 10, NULL, NULL, NULL, NULL, 40, '', '', 10, 510.00, 5100.00, '2'),
(28275, '2023-09-07 13:58:22', NULL, '2023-09-07', 10, NULL, NULL, NULL, NULL, 25, '', '', 20, 170.00, 3400.00, '2'),
(28276, '2023-09-07 13:58:22', NULL, '2023-09-07', 10, NULL, NULL, NULL, NULL, 26, '', '', 70, 180.00, 12600.00, '2'),
(28277, '2023-09-07 13:58:22', NULL, '2023-09-07', 10, NULL, NULL, NULL, NULL, 27, '', '', 30, 180.00, 5400.00, '2'),
(28278, '2023-09-07 13:58:22', NULL, '2023-09-07', 10, NULL, NULL, NULL, NULL, 40, '', '', 10, 510.00, 5100.00, '2'),
(28279, '2023-09-08 09:29:06', NULL, '2023-09-08', 31, NULL, NULL, NULL, NULL, 20, '', '', 60, 255.00, 15300.00, '2'),
(28280, '2023-09-08 09:29:06', NULL, '2023-09-08', 31, NULL, NULL, NULL, NULL, 26, '', '', 20, 180.00, 3600.00, '2'),
(28281, '2023-09-08 13:35:44', NULL, '2023-09-08', 18, NULL, NULL, NULL, NULL, 56, '', '', 300, 10.00, 3000.00, '2'),
(28282, '2023-09-08 13:35:44', NULL, '2023-09-08', 18, NULL, NULL, NULL, NULL, 58, '', '', 300, 20.00, 6000.00, '2'),
(28283, '2023-09-08 13:35:44', NULL, '2023-09-08', 18, NULL, NULL, NULL, NULL, 54, '', '', 100, 10.00, 1000.00, '2'),
(28284, '2023-09-08 13:41:33', NULL, '2023-09-08', 10, NULL, NULL, NULL, NULL, 20, '', '', 20, 255.00, 5100.00, '2'),
(28285, '2023-09-08 13:41:33', NULL, '2023-09-08', 10, NULL, NULL, NULL, NULL, 25, '', '', 20, 170.00, 3400.00, '2'),
(28286, '2023-09-08 13:41:33', NULL, '2023-09-08', 10, NULL, NULL, NULL, NULL, 26, '', '', 20, 180.00, 3600.00, '2'),
(28287, '2023-09-08 13:41:33', NULL, '2023-09-08', 10, NULL, NULL, NULL, NULL, 27, '', '', 4, 180.00, 720.00, '2'),
(28288, '2023-09-08 13:41:33', NULL, '2023-09-08', 10, NULL, NULL, NULL, NULL, 34, '', '', 10, 180.00, 1800.00, '2'),
(28289, '2023-09-08 13:41:33', NULL, '2023-09-08', 10, NULL, NULL, NULL, NULL, 35, '', '', 10, 180.00, 1800.00, '2'),
(28290, '2023-09-11 14:54:48', NULL, '2023-09-11', 10, NULL, NULL, NULL, NULL, 17, '', '', 30, 66.00, 1980.00, '2'),
(28291, '2023-09-11 14:54:48', NULL, '2023-09-11', 10, NULL, NULL, NULL, NULL, 25, '', '', 30, 170.00, 5100.00, '2'),
(28292, '2023-09-11 14:54:48', NULL, '2023-09-11', 10, NULL, NULL, NULL, NULL, 26, '', '', 60, 180.00, 10800.00, '2'),
(28293, '2023-09-11 14:54:48', NULL, '2023-09-11', 10, NULL, NULL, NULL, NULL, 27, '', '', 30, 180.00, 5400.00, '2'),
(28294, '2023-09-11 14:54:48', NULL, '2023-09-11', 10, NULL, NULL, NULL, NULL, 34, '', '', 10, 180.00, 1800.00, '2'),
(28295, '2023-09-11 14:54:48', NULL, '2023-09-11', 10, NULL, NULL, NULL, NULL, 18, '', '', 50, 34.00, 1700.00, '2'),
(28296, '2023-09-11 14:54:48', NULL, '2023-09-11', 10, NULL, NULL, NULL, NULL, 19, '', '', 50, 22.00, 1100.00, '2'),
(28297, '2023-09-11 14:54:48', NULL, '2023-09-11', 10, NULL, NULL, NULL, NULL, 20, '', '', 20, 255.00, 5100.00, '2'),
(28298, '2023-09-11 14:54:48', NULL, '2023-09-11', 10, NULL, NULL, NULL, NULL, 26, '', '', 70, 180.00, 12600.00, '2'),
(28299, '2023-09-11 14:54:48', NULL, '2023-09-11', 10, NULL, NULL, NULL, NULL, 27, '', '', 30, 180.00, 5400.00, '2'),
(28300, '2023-09-11 14:54:48', NULL, '2023-09-11', 10, NULL, NULL, NULL, NULL, 40, '', '', 10, 510.00, 5100.00, '2'),
(28301, '2023-09-12 11:29:08', NULL, '2023-09-12', 31, NULL, NULL, NULL, NULL, 20, '', '', 50, 255.00, 12750.00, '2'),
(28302, '2023-09-12 13:00:23', NULL, '2023-09-12', 10, NULL, NULL, NULL, NULL, 17, '', '', 20, 66.00, 1320.00, '2'),
(28303, '2023-09-12 13:00:23', NULL, '2023-09-12', 10, NULL, NULL, NULL, NULL, 20, '', '', 10, 255.00, 2550.00, '2'),
(28304, '2023-09-12 13:00:23', NULL, '2023-09-12', 10, NULL, NULL, NULL, NULL, 25, '', '', 14, 170.00, 2380.00, '2');
INSERT INTO `order_p` (`od_id`, `od_code`, `invoice_no`, `od_date`, `cus_id`, `cus_name`, `cus_phone`, `cus_address`, `cus_taxid`, `pd_id`, `pd_name`, `unit_name`, `od_num`, `od_priceperunit`, `od_total`, `od_status`) VALUES
(28305, '2023-09-12 13:00:23', NULL, '2023-09-12', 10, NULL, NULL, NULL, NULL, 26, '', '', 60, 180.00, 10800.00, '2'),
(28306, '2023-09-12 13:00:23', NULL, '2023-09-12', 10, NULL, NULL, NULL, NULL, 27, '', '', 17, 180.00, 3060.00, '2'),
(28307, '2023-09-12 13:00:23', NULL, '2023-09-12', 10, NULL, NULL, NULL, NULL, 34, '', '', 10, 180.00, 1800.00, '2'),
(28308, '2023-09-12 13:00:23', NULL, '2023-09-12', 10, NULL, NULL, NULL, NULL, 35, '', '', 20, 180.00, 3600.00, '2'),
(28309, '2023-09-12 13:00:23', NULL, '2023-09-12', 10, NULL, NULL, NULL, NULL, 40, '', '', 10, 510.00, 5100.00, '2'),
(28310, '2023-09-12 13:00:23', NULL, '2023-09-12', 10, NULL, NULL, NULL, NULL, 228, '', '', 20, 122.00, 2440.00, '2'),
(28311, '2023-09-13 14:16:10', NULL, '2023-09-13', 18, NULL, NULL, NULL, NULL, 56, '', '', 300, 10.00, 3000.00, '2'),
(28312, '2023-09-13 14:16:10', NULL, '2023-09-13', 18, NULL, NULL, NULL, NULL, 58, '', '', 300, 20.00, 6000.00, '2'),
(28313, '2023-09-13 14:16:10', NULL, '2023-09-13', 18, NULL, NULL, NULL, NULL, 54, '', '', 100, 10.00, 1000.00, '2'),
(28314, '2023-09-13 14:37:06', NULL, '2023-09-13', 10, NULL, NULL, NULL, NULL, 26, '', '', 25, 180.00, 4500.00, '2'),
(28315, '2023-09-13 14:37:06', NULL, '2023-09-13', 10, NULL, NULL, NULL, NULL, 27, '', '', 25, 180.00, 4500.00, '2'),
(28316, '2023-09-13 14:37:06', NULL, '2023-09-13', 10, NULL, NULL, NULL, NULL, 17, '', '', 30, 66.00, 1980.00, '2'),
(28317, '2023-09-13 14:37:06', NULL, '2023-09-13', 10, NULL, NULL, NULL, NULL, 18, '', '', 30, 34.00, 1020.00, '2'),
(28318, '2023-09-13 14:37:06', NULL, '2023-09-13', 10, NULL, NULL, NULL, NULL, 19, '', '', 30, 22.00, 660.00, '2'),
(28319, '2023-09-13 14:37:06', NULL, '2023-09-13', 10, NULL, NULL, NULL, NULL, 20, '', '', 30, 255.00, 7650.00, '2'),
(28320, '2023-09-13 14:37:06', NULL, '2023-09-13', 10, NULL, NULL, NULL, NULL, 26, '', '', 50, 180.00, 9000.00, '2'),
(28322, '2023-09-13 14:37:06', NULL, '2023-09-13', 10, NULL, NULL, NULL, NULL, 27, '', '', 20, 180.00, 3600.00, '2'),
(28323, '2023-09-13 14:37:06', NULL, '2023-09-13', 10, NULL, NULL, NULL, NULL, 34, '', '', 20, 180.00, 3600.00, '2'),
(28324, '2023-09-13 14:37:06', NULL, '2023-09-13', 10, NULL, NULL, NULL, NULL, 35, '', '', 20, 180.00, 3600.00, '2'),
(28325, '2023-09-13 14:37:06', NULL, '2023-09-13', 10, NULL, NULL, NULL, NULL, 40, '', '', 10, 510.00, 5100.00, '2'),
(28326, '2023-09-13 14:37:06', NULL, '2023-09-13', 10, NULL, NULL, NULL, NULL, 41, '', '', 10, 680.00, 6800.00, '2'),
(28327, '2023-09-14 14:35:20', NULL, '2023-09-14', 10, NULL, NULL, NULL, NULL, 20, '', '', 9, 255.00, 2295.00, '2'),
(28328, '2023-09-14 14:35:20', NULL, '2023-09-14', 10, NULL, NULL, NULL, NULL, 34, '', '', 15, 180.00, 2700.00, '2'),
(28329, '2023-09-14 14:35:20', NULL, '2023-09-14', 10, NULL, NULL, NULL, NULL, 35, '', '', 8, 180.00, 1440.00, '2'),
(28330, '2023-09-14 14:35:20', NULL, '2023-09-14', 10, NULL, NULL, NULL, NULL, 27, '', '', 40, 180.00, 7200.00, '2'),
(28331, '2023-09-14 14:35:20', NULL, '2023-09-14', 10, NULL, NULL, NULL, NULL, 27, '', '', 30, 180.00, 5400.00, '2'),
(28332, '2023-09-14 14:35:20', NULL, '2023-09-14', 10, NULL, NULL, NULL, NULL, 40, '', '', 10, 510.00, 5100.00, '2'),
(28333, '2023-09-14 14:35:20', NULL, '2023-09-14', 10, NULL, NULL, NULL, NULL, 41, '', '', 2, 680.00, 1360.00, '2'),
(28334, '2023-09-14 14:35:20', NULL, '2023-09-14', 10, NULL, NULL, NULL, NULL, 25, '', '', 20, 170.00, 3400.00, '2'),
(28335, '2023-09-15 13:59:27', NULL, '2023-09-15', 10, NULL, NULL, NULL, NULL, 17, '', '', 30, 66.00, 1980.00, '2'),
(28336, '2023-09-15 13:59:27', NULL, '2023-09-15', 10, NULL, NULL, NULL, NULL, 20, '', '', 10, 255.00, 2550.00, '2'),
(28337, '2023-09-15 13:59:27', NULL, '2023-09-15', 10, NULL, NULL, NULL, NULL, 25, '', '', 30, 170.00, 5100.00, '2'),
(28338, '2023-09-15 13:59:27', NULL, '2023-09-15', 10, NULL, NULL, NULL, NULL, 26, '', '', 40, 180.00, 7200.00, '2'),
(28339, '2023-09-15 13:59:27', NULL, '2023-09-15', 10, NULL, NULL, NULL, NULL, 27, '', '', 12, 180.00, 2160.00, '2'),
(28340, '2023-09-15 13:59:27', NULL, '2023-09-15', 10, NULL, NULL, NULL, NULL, 34, '', '', 20, 180.00, 3600.00, '2'),
(28341, '2023-09-15 13:59:27', NULL, '2023-09-15', 10, NULL, NULL, NULL, NULL, 35, '', '', 10, 180.00, 1800.00, '2'),
(28342, '2023-09-15 13:59:27', NULL, '2023-09-15', 10, NULL, NULL, NULL, NULL, 36, '', '', 6, 840.00, 5040.00, '2'),
(28343, '2023-09-15 13:59:27', NULL, '2023-09-15', 10, NULL, NULL, NULL, NULL, 37, '', '', 3, 660.00, 1980.00, '2'),
(28344, '2023-09-15 13:59:27', NULL, '2023-09-15', 10, NULL, NULL, NULL, NULL, 40, '', '', 5, 510.00, 2550.00, '2'),
(28345, '2023-09-15 13:59:27', NULL, '2023-09-15', 10, NULL, NULL, NULL, NULL, 26, '', '', 5, 180.00, 900.00, '2'),
(28346, '2023-09-15 13:59:27', NULL, '2023-09-15', 10, NULL, NULL, NULL, NULL, 34, '', '', 30, 180.00, 5400.00, '2'),
(28347, '2023-09-15 13:59:27', NULL, '2023-09-15', 10, NULL, NULL, NULL, NULL, 35, '', '', 10, 180.00, 1800.00, '2'),
(28348, '2023-09-15 13:59:27', NULL, '2023-09-15', 10, NULL, NULL, NULL, NULL, 40, '', '', 5, 510.00, 2550.00, '2'),
(28349, '2023-09-16 09:03:49', NULL, '2023-09-16', 31, NULL, NULL, NULL, NULL, 20, '', '', 60, 255.00, 15300.00, '2'),
(28350, '2023-09-16 09:03:49', NULL, '2023-09-16', 31, NULL, NULL, NULL, NULL, 26, '', '', 20, 180.00, 3600.00, '2'),
(28351, '2023-09-16 13:08:16', NULL, '2023-09-16', 18, NULL, NULL, NULL, NULL, 58, '', '', 480, 20.00, 9600.00, '2'),
(28352, '2023-09-16 13:08:16', NULL, '2023-09-16', 18, NULL, NULL, NULL, NULL, 56, '', '', 300, 10.00, 3000.00, '2'),
(28353, '2023-09-16 13:08:16', NULL, '2023-09-16', 18, NULL, NULL, NULL, NULL, 54, '', '', 200, 10.00, 2000.00, '2'),
(28354, '2023-09-16 13:23:37', NULL, '2023-09-16', 10, NULL, NULL, NULL, NULL, 34, '', '', 20, 180.00, 3600.00, '2'),
(28355, '2023-09-16 13:23:37', NULL, '2023-09-16', 10, NULL, NULL, NULL, NULL, 35, '', '', 10, 180.00, 1800.00, '2'),
(28356, '2023-09-16 13:23:37', NULL, '2023-09-16', 10, NULL, NULL, NULL, NULL, 36, '', '', 2, 704.00, 1408.00, '2'),
(28370, '2023-09-16 13:23:37', NULL, '2023-09-16', 10, NULL, NULL, NULL, NULL, 40, '', '', 5, 510.00, 2550.00, '2'),
(28359, '2023-09-16 13:23:37', NULL, '2023-09-16', 10, NULL, NULL, NULL, NULL, 26, '', '', 53, 180.00, 9540.00, '2'),
(28360, '2023-09-16 13:23:37', NULL, '2023-09-16', 10, NULL, NULL, NULL, NULL, 27, '', '', 23, 180.00, 4140.00, '2'),
(28361, '2023-09-16 13:23:54', NULL, '2023-09-16', 29, NULL, NULL, NULL, NULL, 15, '', '', 2, 180.00, 360.00, '2'),
(28362, '2023-09-16 13:23:54', NULL, '2023-09-16', 29, NULL, NULL, NULL, NULL, 60, '', '', 3, 120.00, 360.00, '2'),
(28363, '2023-09-16 13:23:54', NULL, '2023-09-16', 29, NULL, NULL, NULL, NULL, 61, '', '', 3, 120.00, 360.00, '2'),
(28364, '2023-09-16 13:23:54', NULL, '2023-09-16', 29, NULL, NULL, NULL, NULL, 63, '', '', 3, 100.00, 300.00, '2'),
(28366, '2023-09-16 13:23:54', NULL, '2023-09-16', 29, NULL, NULL, NULL, NULL, 64, '', '', 3, 120.00, 360.00, '2'),
(28367, '2023-09-16 13:23:54', NULL, '2023-09-16', 29, NULL, NULL, NULL, NULL, 175, '', '', 1, 120.00, 120.00, '2'),
(28368, '2023-09-16 13:23:54', NULL, '2023-09-16', 29, NULL, NULL, NULL, NULL, 172, '', '', 1, 18.00, 18.00, '2'),
(28369, '2023-09-16 13:23:54', NULL, '2023-09-16', 29, NULL, NULL, NULL, NULL, 181, '', '', 8, 20.00, 160.00, '2'),
(28371, '2023-09-16 13:23:37', NULL, '2023-09-16', 10, NULL, NULL, NULL, NULL, 41, '', '', 5, 680.00, 3400.00, '2'),
(28372, '2023-09-17 10:37:15', NULL, '2023-09-17', 23, NULL, NULL, NULL, NULL, 207, '', '', 120, 10.00, 1200.00, '2'),
(28373, '2023-09-17 10:37:15', NULL, '2023-09-17', 23, NULL, NULL, NULL, NULL, 238, '', '', 80, 20.00, 1600.00, '2'),
(28374, '2023-09-17 10:37:15', NULL, '2023-09-17', 23, NULL, NULL, NULL, NULL, 137, '', '', 80, 22.00, 1760.00, '2'),
(28375, '2023-09-17 10:37:15', NULL, '2023-09-17', 23, NULL, NULL, NULL, NULL, 87, '', '', 100, 10.00, 1000.00, '2'),
(28376, '2023-09-17 10:37:15', NULL, '2023-09-17', 23, NULL, NULL, NULL, NULL, 20, '', '', 5, 300.00, 1500.00, '2'),
(28377, '2023-09-17 10:37:15', NULL, '2023-09-17', 23, NULL, NULL, NULL, NULL, 109, '', '', 100, 35.00, 3500.00, '2'),
(28378, '2023-09-17 10:37:41', NULL, '2023-09-17', 39, NULL, NULL, NULL, NULL, 255, '', '', 5, 540.00, 2700.00, '2'),
(28379, '2023-09-17 10:37:41', NULL, '2023-09-17', 39, NULL, NULL, NULL, NULL, 254, '', '', 5, 720.00, 3600.00, '2'),
(28380, '2023-09-17 10:37:41', NULL, '2023-09-17', 39, NULL, NULL, NULL, NULL, 253, '', '', 5, 270.00, 1350.00, '2'),
(28381, '2023-09-17 10:37:41', NULL, '2023-09-17', 39, NULL, NULL, NULL, NULL, 34, '', '', 10, 180.00, 1800.00, '2'),
(28382, '2023-09-17 10:37:41', NULL, '2023-09-17', 39, NULL, NULL, NULL, NULL, 187, '', '', 10, 400.00, 4000.00, '2'),
(28383, '2023-09-17 10:37:41', NULL, '2023-09-17', 39, NULL, NULL, NULL, NULL, 211, '', '', 3, 240.00, 720.00, '2'),
(28384, '2023-09-17 10:37:41', NULL, '2023-09-17', 39, NULL, NULL, NULL, NULL, 36, '', '', 2, 768.00, 1536.00, '2'),
(28385, '2023-09-17 10:37:15', NULL, '2023-09-17', 23, NULL, NULL, NULL, NULL, 83, '', '', 48, 50.00, 2400.00, '2'),
(28386, '2023-09-17 11:20:29', NULL, '2023-09-17', 10, NULL, NULL, NULL, NULL, 34, '', '', 50, 180.00, 9000.00, '2'),
(28387, '2023-09-17 11:20:29', NULL, '2023-09-17', 10, NULL, NULL, NULL, NULL, 35, '', '', 30, 180.00, 5400.00, '2'),
(28388, '2023-09-17 11:20:29', NULL, '2023-09-17', 10, NULL, NULL, NULL, NULL, 40, '', '', 30, 510.00, 15300.00, '2'),
(28389, '2023-09-17 11:20:29', NULL, '2023-09-17', 10, NULL, NULL, NULL, NULL, 41, '', '', 20, 680.00, 13600.00, '2'),
(28390, '2023-09-17 11:20:29', NULL, '2023-09-17', 10, NULL, NULL, NULL, NULL, 36, '', '', 3, 704.00, 2112.00, '2'),
(28391, '2023-09-17 11:20:29', NULL, '2023-09-17', 10, NULL, NULL, NULL, NULL, 89, '', '', 450, 7.00, 3150.00, '2'),
(28392, '2023-09-17 14:37:08', NULL, '2023-09-17', 10, NULL, NULL, NULL, NULL, 17, '', '', 40, 66.00, 2640.00, '2'),
(28393, '2023-09-17 14:37:08', NULL, '2023-09-17', 10, NULL, NULL, NULL, NULL, 18, '', '', 20, 34.00, 680.00, '2'),
(28394, '2023-09-17 14:37:08', NULL, '2023-09-17', 10, NULL, NULL, NULL, NULL, 20, '', '', 30, 255.00, 7650.00, '2'),
(28395, '2023-09-17 14:37:08', NULL, '2023-09-17', 10, NULL, NULL, NULL, NULL, 25, '', '', 38, 170.00, 6460.00, '2'),
(28399, '2023-09-17 14:37:08', NULL, '2023-09-17', 10, NULL, NULL, NULL, NULL, 34, '', '', 12, 180.00, 2160.00, '2'),
(28397, '2023-09-17 14:37:08', NULL, '2023-09-17', 10, NULL, NULL, NULL, NULL, 35, '', '', 17, 180.00, 3060.00, '2'),
(28400, '2023-09-17 14:37:08', NULL, '2023-09-17', 10, NULL, NULL, NULL, NULL, 40, '', '', 15, 510.00, 7650.00, '2'),
(28401, '2023-09-18 11:26:00', NULL, '2023-09-18', 11, NULL, NULL, NULL, NULL, 18, '', '', 110, 34.00, 3740.00, '2'),
(28402, '2023-09-18 11:26:00', NULL, '2023-09-18', 11, NULL, NULL, NULL, NULL, 17, '', '', 80, 66.00, 5280.00, '2'),
(28403, '2023-09-18 11:26:00', NULL, '2023-09-18', 11, NULL, NULL, NULL, NULL, 42, '', '', 80, 280.00, 22400.00, '2'),
(28404, '2023-09-18 11:26:00', NULL, '2023-09-18', 11, NULL, NULL, NULL, NULL, 43, '', '', 20, 260.00, 5200.00, '2'),
(28405, '2023-09-18 11:26:00', NULL, '2023-09-18', 11, NULL, NULL, NULL, NULL, 95, '', '', 108, 98.00, 10584.00, '2'),
(28406, '2023-09-18 11:26:00', NULL, '2023-09-18', 11, NULL, NULL, NULL, NULL, 93, '', '', 100, 33.00, 3300.00, '2'),
(28407, '2023-09-18 11:26:00', NULL, '2023-09-18', 11, NULL, NULL, NULL, NULL, 94, '', '', 100, 30.00, 3000.00, '2'),
(28408, '2023-09-18 15:35:29', NULL, '2023-09-18', 10, NULL, NULL, NULL, NULL, 34, '', '', 10, 180.00, 1800.00, '2'),
(28409, '2023-09-18 15:35:29', NULL, '2023-09-18', 10, NULL, NULL, NULL, NULL, 35, '', '', 10, 180.00, 1800.00, '2'),
(28410, '2023-09-18 15:35:29', NULL, '2023-09-18', 10, NULL, NULL, NULL, NULL, 37, '', '', 7, 690.00, 4830.00, '2'),
(28411, '2023-09-18 15:35:29', NULL, '2023-09-18', 10, NULL, NULL, NULL, NULL, 36, '', '', 10, 704.00, 7040.00, '2'),
(28412, '2023-09-18 15:35:29', NULL, '2023-09-18', 10, NULL, NULL, NULL, NULL, 40, '', '', 10, 510.00, 5100.00, '2'),
(28413, '2023-09-18 15:35:29', NULL, '2023-09-18', 10, NULL, NULL, NULL, NULL, 41, '', '', 5, 680.00, 3400.00, '2'),
(28414, '2023-09-18 15:35:29', NULL, '2023-09-18', 10, NULL, NULL, NULL, NULL, 17, '', '', 30, 66.00, 1980.00, '2'),
(28415, '2023-09-18 15:35:29', NULL, '2023-09-18', 10, NULL, NULL, NULL, NULL, 26, '', '', 36, 180.00, 6480.00, '2'),
(28416, '2023-09-18 15:35:29', NULL, '2023-09-18', 10, NULL, NULL, NULL, NULL, 27, '', '', 10, 180.00, 1800.00, '2'),
(28417, '2023-09-19 10:42:28', NULL, '2023-09-19', 10, NULL, NULL, NULL, NULL, 88, '', '', 6, 756.00, 4536.00, '2'),
(28418, '2023-09-19 10:42:28', NULL, '2023-09-19', 10, NULL, NULL, NULL, NULL, 264, '', '', 3, 880.00, 2640.00, '2'),
(28419, '2023-09-19 10:42:47', NULL, '2023-09-19', 39, NULL, NULL, NULL, NULL, 211, '', '', 5, 240.00, 1200.00, '2'),
(28420, '2023-09-19 10:42:47', NULL, '2023-09-19', 39, NULL, NULL, NULL, NULL, 34, '', '', 10, 180.00, 1800.00, '2'),
(28421, '2023-09-19 10:42:47', NULL, '2023-09-19', 39, NULL, NULL, NULL, NULL, 254, '', '', 10, 720.00, 7200.00, '2'),
(28422, '2023-09-19 10:42:47', NULL, '2023-09-19', 39, NULL, NULL, NULL, NULL, 255, '', '', 10, 540.00, 5400.00, '2'),
(28423, '2023-09-19 10:42:47', NULL, '2023-09-19', 39, NULL, NULL, NULL, NULL, 49, '', '', 120, 60.00, 7200.00, '2'),
(28424, '2023-09-19 10:42:47', NULL, '2023-09-19', 39, NULL, NULL, NULL, NULL, 45, '', '', 100, 62.00, 6200.00, '2'),
(28425, '2023-09-19 10:42:47', NULL, '2023-09-19', 39, NULL, NULL, NULL, NULL, 48, '', '', 280, 66.00, 18480.00, '2'),
(28426, '2023-09-19 10:42:47', NULL, '2023-09-19', 39, NULL, NULL, NULL, NULL, 51, '', '', 100, 72.00, 7200.00, '2'),
(28427, '2023-09-19 14:59:56', NULL, '2023-09-19', 10, NULL, NULL, NULL, NULL, 264, '', '', 2, 880.00, 1760.00, '2'),
(28428, '2023-09-19 14:59:56', NULL, '2023-09-19', 10, NULL, NULL, NULL, NULL, 35, '', '', 10, 180.00, 1800.00, '2'),
(28429, '2023-09-19 14:59:56', NULL, '2023-09-19', 10, NULL, NULL, NULL, NULL, 26, '', '', 3, 180.00, 540.00, '2'),
(28430, '2023-09-19 14:59:56', NULL, '2023-09-19', 10, NULL, NULL, NULL, NULL, 27, '', '', 2, 180.00, 360.00, '2'),
(28431, '2023-09-19 14:59:56', NULL, '2023-09-19', 10, NULL, NULL, NULL, NULL, 17, '', '', 20, 66.00, 1320.00, '2'),
(28432, '2023-09-19 14:59:56', NULL, '2023-09-19', 10, NULL, NULL, NULL, NULL, 20, '', '', 30, 255.00, 7650.00, '2'),
(28433, '2023-09-19 14:59:56', NULL, '2023-09-19', 10, NULL, NULL, NULL, NULL, 26, '', '', 1, 180.00, 180.00, '2'),
(28434, '2023-09-19 14:59:56', NULL, '2023-09-19', 10, NULL, NULL, NULL, NULL, 27, '', '', 13, 180.00, 2340.00, '2'),
(28435, '2023-09-19 14:59:56', NULL, '2023-09-19', 10, NULL, NULL, NULL, NULL, 40, '', '', 10, 510.00, 5100.00, '2'),
(28436, '2023-09-19 14:59:56', NULL, '2023-09-19', 10, NULL, NULL, NULL, NULL, 41, '', '', 12, 680.00, 8160.00, '2'),
(28437, '2023-09-19 14:59:56', NULL, '2023-09-19', 10, NULL, NULL, NULL, NULL, 18, '', '', 20, 34.00, 680.00, '2'),
(28438, '2023-09-19 14:59:56', NULL, '2023-09-19', 10, NULL, NULL, NULL, NULL, 17, '', '', 20, 66.00, 1320.00, '2'),
(28439, '2023-09-20 09:46:32', NULL, '2023-09-20', 31, NULL, NULL, NULL, NULL, 20, '', '', 40, 255.00, 10200.00, '2'),
(28441, '2023-09-20 15:31:20', NULL, '2023-09-20', 10, NULL, NULL, NULL, NULL, 17, '', '', 30, 66.00, 1980.00, '2'),
(28442, '2023-09-20 15:31:20', NULL, '2023-09-20', 10, NULL, NULL, NULL, NULL, 34, '', '', 10, 180.00, 1800.00, '2'),
(28443, '2023-09-20 15:31:20', NULL, '2023-09-20', 10, NULL, NULL, NULL, NULL, 35, '', '', 10, 180.00, 1800.00, '2'),
(28444, '2023-09-20 15:31:20', NULL, '2023-09-20', 10, NULL, NULL, NULL, NULL, 264, '', '', 4, 880.00, 3520.00, '2'),
(28445, '2023-09-20 15:31:20', NULL, '2023-09-20', 10, NULL, NULL, NULL, NULL, 65, '', '', 1, 400.00, 400.00, '2'),
(28446, '2023-09-20 15:31:20', NULL, '2023-09-20', 10, NULL, NULL, NULL, NULL, 15, '', '', 2, 132.00, 264.00, '2'),
(28447, '2023-09-20 15:31:20', NULL, '2023-09-20', 10, NULL, NULL, NULL, NULL, 17, '', '', 50, 66.00, 3300.00, '2'),
(28448, '2023-09-20 15:31:20', NULL, '2023-09-20', 10, NULL, NULL, NULL, NULL, 20, '', '', 28, 255.00, 7140.00, '2'),
(28449, '2023-09-20 15:31:20', NULL, '2023-09-20', 10, NULL, NULL, NULL, NULL, 34, '', '', 10, 180.00, 1800.00, '2'),
(28450, '2023-09-20 15:31:20', NULL, '2023-09-20', 10, NULL, NULL, NULL, NULL, 35, '', '', 10, 180.00, 1800.00, '2'),
(28451, '2023-09-20 15:31:20', NULL, '2023-09-20', 10, NULL, NULL, NULL, NULL, 264, '', '', 10, 880.00, 8800.00, '2'),
(28452, '2023-09-20 15:31:20', NULL, '2023-09-20', 10, NULL, NULL, NULL, NULL, 40, '', '', 15, 510.00, 7650.00, '2'),
(28453, '2023-09-20 15:31:20', NULL, '2023-09-20', 10, NULL, NULL, NULL, NULL, 25, '', '', 15, 170.00, 2550.00, '2'),
(28454, '2023-09-21 10:08:18', NULL, '2023-09-21', 39, NULL, NULL, NULL, NULL, 211, '', '', 20, 240.00, 4800.00, '2'),
(28455, '2023-09-21 10:08:18', NULL, '2023-09-21', 39, NULL, NULL, NULL, NULL, 187, '', '', 13, 400.00, 5200.00, '2'),
(28456, '2023-09-21 10:08:18', NULL, '2023-09-21', 39, NULL, NULL, NULL, NULL, 253, '', '', 10, 270.00, 2700.00, '2'),
(28457, '2023-09-21 10:08:18', NULL, '2023-09-21', 39, NULL, NULL, NULL, NULL, 224, '', '', 400, 55.00, 22000.00, '2'),
(28458, '2023-09-21 10:08:18', NULL, '2023-09-21', 39, NULL, NULL, NULL, NULL, 92, '', '', 286, 70.00, 20041.00, '2'),
(28459, '2023-09-21 10:15:15', NULL, '2023-09-21', 10, NULL, NULL, NULL, NULL, 160, '', '', 6, 880.00, 5280.00, '2'),
(28460, '2023-09-21 10:15:15', NULL, '2023-09-21', 10, NULL, NULL, NULL, NULL, 161, '', '', 2, 880.00, 1760.00, '2'),
(28461, '2023-09-21 10:15:15', NULL, '2023-09-21', 10, NULL, NULL, NULL, NULL, 88, '', '', 13, 756.00, 9828.00, '2'),
(28462, '2023-09-21 10:15:15', NULL, '2023-09-21', 10, NULL, NULL, NULL, NULL, 88, '', '', 1, 756.00, 756.00, '2'),
(28463, '2023-09-21 10:15:15', NULL, '2023-09-21', 10, NULL, NULL, NULL, NULL, 40, '', '', 20, 510.00, 10200.00, '2'),
(28464, '2023-09-21 10:15:15', NULL, '2023-09-21', 10, NULL, NULL, NULL, NULL, 41, '', '', 20, 680.00, 13600.00, '2'),
(28465, '2023-09-21 10:15:15', NULL, '2023-09-21', 10, NULL, NULL, NULL, NULL, 194, '', '', 300, 4.00, 1200.00, '2'),
(28466, '2023-09-21 10:15:15', NULL, '2023-09-21', 10, NULL, NULL, NULL, NULL, 191, '', '', 300, 4.00, 1200.00, '2'),
(28467, '2023-09-21 10:15:15', NULL, '2023-09-21', 10, NULL, NULL, NULL, NULL, 193, '', '', 300, 4.00, 1200.00, '2'),
(28468, '2023-09-21 10:15:15', NULL, '2023-09-21', 10, NULL, NULL, NULL, NULL, 192, '', '', 300, 4.00, 1200.00, '2'),
(28469, '2023-09-21 15:07:04', NULL, '2023-09-21', 10, NULL, NULL, NULL, NULL, 17, '', '', 30, 66.00, 1980.00, '2'),
(28470, '2023-09-21 15:07:04', NULL, '2023-09-21', 10, NULL, NULL, NULL, NULL, 18, '', '', 30, 34.00, 1020.00, '2'),
(28471, '2023-09-21 15:07:04', NULL, '2023-09-21', 10, NULL, NULL, NULL, NULL, 19, '', '', 30, 22.00, 660.00, '2'),
(28472, '2023-09-21 15:07:04', NULL, '2023-09-21', 10, NULL, NULL, NULL, NULL, 20, '', '', 4, 255.00, 1020.00, '2'),
(28473, '2023-09-21 15:07:04', NULL, '2023-09-21', 10, NULL, NULL, NULL, NULL, 25, '', '', 31, 170.00, 5270.00, '2'),
(28474, '2023-09-21 15:07:04', NULL, '2023-09-21', 10, NULL, NULL, NULL, NULL, 89, '', '', 600, 7.00, 4200.00, '2'),
(28476, '2023-09-21 15:07:04', NULL, '2023-09-21', 10, NULL, NULL, NULL, NULL, 34, '', '', 20, 180.00, 3600.00, '2'),
(28480, '2023-09-21 15:07:04', NULL, '2023-09-21', 10, NULL, NULL, NULL, NULL, 41, '', '', 5, 680.00, 3400.00, '2'),
(28479, '2023-09-21 15:07:04', NULL, '2023-09-21', 10, NULL, NULL, NULL, NULL, 35, '', '', 20, 180.00, 3600.00, '2'),
(28481, '2023-09-21 15:07:04', NULL, '2023-09-21', 10, NULL, NULL, NULL, NULL, 40, '', '', 15, 510.00, 7650.00, '2'),
(28482, '2023-09-22 10:31:33', NULL, '2023-09-22', 12, NULL, NULL, NULL, NULL, 19, '', '', 315, 24.00, 7560.00, '2'),
(28483, '2023-09-22 10:31:33', NULL, '2023-09-22', 12, NULL, NULL, NULL, NULL, 18, '', '', 340, 35.00, 11900.00, '2'),
(28484, '2023-09-22 12:33:43', NULL, '2023-09-22', 11, NULL, NULL, NULL, NULL, 43, '', '', 10, 260.00, 2600.00, '2'),
(28485, '2023-09-22 12:33:43', NULL, '2023-09-22', 11, NULL, NULL, NULL, NULL, 42, '', '', 20, 280.00, 5600.00, '2'),
(28486, '2023-09-22 12:33:43', NULL, '2023-09-22', 11, NULL, NULL, NULL, NULL, 264, '', '', 5, 900.00, 4500.00, '2'),
(28487, '2023-09-22 12:33:43', NULL, '2023-09-22', 11, NULL, NULL, NULL, NULL, 189, '', '', 120, 20.00, 2400.00, '2'),
(28488, '2023-09-22 12:33:43', NULL, '2023-09-22', 11, NULL, NULL, NULL, NULL, 41, '', '', 13, 720.00, 9360.00, '2'),
(28489, '2023-09-22 12:33:43', NULL, '2023-09-22', 11, NULL, NULL, NULL, NULL, 191, '', '', 67, 8.00, 536.00, '2'),
(28490, '2023-09-22 12:33:43', NULL, '2023-09-22', 11, NULL, NULL, NULL, NULL, 194, '', '', 100, 8.00, 800.00, '2'),
(28491, '2023-09-22 12:33:43', NULL, '2023-09-22', 11, NULL, NULL, NULL, NULL, 190, '', '', 100, 8.00, 800.00, '2'),
(28492, '2023-09-22 12:33:43', NULL, '2023-09-22', 11, NULL, NULL, NULL, NULL, 192, '', '', 334, 8.00, 2672.00, '2'),
(28493, '2023-09-22 12:33:43', NULL, '2023-09-22', 11, NULL, NULL, NULL, NULL, 193, '', '', 300, 8.00, 2400.00, '2'),
(28494, '2023-09-22 12:33:43', NULL, '2023-09-22', 11, NULL, NULL, NULL, NULL, 89, '', '', 300, 9.00, 2700.00, '2'),
(28496, '2023-09-22 12:33:43', NULL, '2023-09-22', 11, NULL, NULL, NULL, NULL, 68, '', '', 200, 8.00, 1600.00, '2'),
(28497, '2023-09-22 12:37:48', NULL, '2023-09-22', 22, NULL, NULL, NULL, NULL, 56, '', '', 20, 10.00, 200.00, '2'),
(28498, '2023-09-22 12:37:48', NULL, '2023-09-22', 22, NULL, NULL, NULL, NULL, 207, '', '', 20, 10.00, 200.00, '2'),
(28499, '2023-09-22 12:37:48', NULL, '2023-09-22', 22, NULL, NULL, NULL, NULL, 58, '', '', 5, 20.00, 100.00, '2'),
(28500, '2023-09-22 12:37:48', NULL, '2023-09-22', 22, NULL, NULL, NULL, NULL, 57, '', '', 10, 25.00, 250.00, '2'),
(28501, '2023-09-22 12:37:48', NULL, '2023-09-22', 22, NULL, NULL, NULL, NULL, 17, '', '', 20, 75.00, 1500.00, '2'),
(28502, '2023-09-22 15:33:08', NULL, '2023-09-22', 10, NULL, NULL, NULL, NULL, 17, '', '', 50, 66.00, 3300.00, '2'),
(28503, '2023-09-22 15:33:08', NULL, '2023-09-22', 10, NULL, NULL, NULL, NULL, 18, '', '', 50, 34.00, 1700.00, '2'),
(28504, '2023-09-22 15:33:08', NULL, '2023-09-22', 10, NULL, NULL, NULL, NULL, 20, '', '', 4, 255.00, 1020.00, '2'),
(28505, '2023-09-22 15:33:08', NULL, '2023-09-22', 10, NULL, NULL, NULL, NULL, 264, '', '', 1, 880.00, 880.00, '2'),
(28506, '2023-09-22 15:33:08', NULL, '2023-09-22', 10, NULL, NULL, NULL, NULL, 37, '', '', 7, 690.00, 4830.00, '2'),
(28507, '2023-09-22 15:33:08', NULL, '2023-09-22', 10, NULL, NULL, NULL, NULL, 264, '', '', 4, 880.00, 3520.00, '2'),
(28508, '2023-09-22 15:33:08', NULL, '2023-09-22', 10, NULL, NULL, NULL, NULL, 17, '', '', 50, 66.00, 3300.00, '2'),
(28509, '2023-09-22 15:33:08', NULL, '2023-09-22', 10, NULL, NULL, NULL, NULL, 20, '', '', 18, 255.00, 4590.00, '2'),
(28510, '2023-09-22 15:33:08', NULL, '2023-09-22', 10, NULL, NULL, NULL, NULL, 40, '', '', 20, 510.00, 10200.00, '2'),
(28511, '2023-09-22 15:33:08', NULL, '2023-09-22', 10, NULL, NULL, NULL, NULL, 41, '', '', 6, 680.00, 4080.00, '2'),
(28512, '2023-09-23 09:20:20', NULL, '2023-09-23', 31, NULL, NULL, NULL, NULL, 20, '', '', 50, 255.00, 12750.00, '2'),
(28513, '2023-09-23 10:54:11', NULL, '2023-09-23', 61, NULL, NULL, NULL, NULL, 40, '', '', 3, 600.00, 1800.00, '2'),
(28514, '2023-09-23 10:54:11', NULL, '2023-09-23', 61, NULL, NULL, NULL, NULL, 41, '', '', 1, 800.00, 800.00, '2'),
(28515, '2023-09-23 10:54:11', NULL, '2023-09-23', 61, NULL, NULL, NULL, NULL, 264, '', '', 1, 960.00, 960.00, '2'),
(28516, '2023-09-23 10:54:11', NULL, '2023-09-23', 61, NULL, NULL, NULL, NULL, 34, '', '', 5, 200.00, 1000.00, '2'),
(28517, '2023-09-23 10:54:11', NULL, '2023-09-23', 61, NULL, NULL, NULL, NULL, 20, '', '', 1, 270.00, 270.00, '2'),
(28518, '2023-09-23 10:54:11', NULL, '2023-09-23', 61, NULL, NULL, NULL, NULL, 19, '', '', 20, 25.00, 500.00, '2'),
(28519, '2023-09-23 10:54:11', NULL, '2023-09-23', 61, NULL, NULL, NULL, NULL, 18, '', '', 10, 38.00, 380.00, '2'),
(28520, '2023-09-23 10:54:11', NULL, '2023-09-23', 61, NULL, NULL, NULL, NULL, 17, '', '', 10, 75.00, 750.00, '2'),
(28521, '2023-09-23 10:56:39', NULL, '2023-09-23', 39, NULL, NULL, NULL, NULL, 255, '', '', 18, 540.00, 9720.00, '2'),
(28522, '2023-09-23 10:56:39', NULL, '2023-09-23', 39, NULL, NULL, NULL, NULL, 254, '', '', 15, 720.00, 10800.00, '2'),
(28523, '2023-09-23 10:56:39', NULL, '2023-09-23', 39, NULL, NULL, NULL, NULL, 253, '', '', 30, 270.00, 8100.00, '2'),
(28524, '2023-09-23 10:56:39', NULL, '2023-09-23', 39, NULL, NULL, NULL, NULL, 45, '', '', 40, 62.00, 2480.00, '2'),
(28525, '2023-09-23 10:56:39', NULL, '2023-09-23', 39, NULL, NULL, NULL, NULL, 48, '', '', 180, 66.00, 11880.00, '2'),
(28526, '2023-09-23 10:56:39', NULL, '2023-09-23', 39, NULL, NULL, NULL, NULL, 49, '', '', 200, 60.00, 12000.00, '2'),
(28527, '2023-09-23 10:56:39', NULL, '2023-09-23', 39, NULL, NULL, NULL, NULL, 34, '', '', 30, 180.00, 5400.00, '2'),
(28528, '2023-09-23 10:56:39', NULL, '2023-09-23', 39, NULL, NULL, NULL, NULL, 187, '', '', 10, 400.00, 4000.00, '2'),
(28529, '2023-09-23 10:56:39', NULL, '2023-09-23', 39, NULL, NULL, NULL, NULL, 211, '', '', 30, 240.00, 7200.00, '2'),
(28530, '2023-09-23 15:10:41', NULL, '2023-09-23', 10, NULL, NULL, NULL, NULL, 40, '', '', 12, 510.00, 6120.00, '2'),
(28531, '2023-09-23 15:10:41', NULL, '2023-09-23', 10, NULL, NULL, NULL, NULL, 88, '', '', 1, 756.00, 756.00, '2'),
(28532, '2023-09-23 15:10:41', NULL, '2023-09-23', 10, NULL, NULL, NULL, NULL, 88, '', '', 1, 756.00, 756.00, '2'),
(28533, '2023-09-23 15:10:41', NULL, '2023-09-23', 10, NULL, NULL, NULL, NULL, 37, '', '', 2, 690.00, 1380.00, '2'),
(28534, '2023-09-23 15:10:41', NULL, '2023-09-23', 10, NULL, NULL, NULL, NULL, 264, '', '', 9, 880.00, 7920.00, '2'),
(28535, '2023-09-24 08:57:45', NULL, '2023-09-24', 11, NULL, NULL, NULL, NULL, 42, '', '', 10, 280.00, 2800.00, '2'),
(28536, '2023-09-24 08:57:45', NULL, '2023-09-24', 11, NULL, NULL, NULL, NULL, 43, '', '', 10, 260.00, 2600.00, '2'),
(28537, '2023-09-24 08:57:45', NULL, '2023-09-24', 11, NULL, NULL, NULL, NULL, 264, '', '', 5, 900.00, 4500.00, '2'),
(28538, '2023-09-24 08:57:45', NULL, '2023-09-24', 11, NULL, NULL, NULL, NULL, 159, '', '', 200, 18.00, 3600.00, '2'),
(28539, '2023-09-24 08:57:45', NULL, '2023-09-24', 11, NULL, NULL, NULL, NULL, 189, '', '', 90, 20.00, 1800.00, '2'),
(28540, '2023-09-24 11:48:10', NULL, '2023-09-24', 31, NULL, NULL, NULL, NULL, 20, '', '', 20, 255.00, 5100.00, '2'),
(28541, '2023-09-24 11:47:54', NULL, '2023-09-24', 39, NULL, NULL, NULL, NULL, 34, '', '', 30, 180.00, 5400.00, '2'),
(28542, '2023-09-24 11:47:54', NULL, '2023-09-24', 39, NULL, NULL, NULL, NULL, 255, '', '', 10, 540.00, 5400.00, '2'),
(28543, '2023-09-24 11:47:54', NULL, '2023-09-24', 39, NULL, NULL, NULL, NULL, 254, '', '', 5, 720.00, 3600.00, '2'),
(28544, '2023-09-24 11:47:54', NULL, '2023-09-24', 39, NULL, NULL, NULL, NULL, 253, '', '', 10, 270.00, 2700.00, '2'),
(28545, '2023-09-24 11:47:54', NULL, '2023-09-24', 39, NULL, NULL, NULL, NULL, 48, '', '', 200, 66.00, 13200.00, '2'),
(28546, '2023-09-24 11:47:54', NULL, '2023-09-24', 39, NULL, NULL, NULL, NULL, 49, '', '', 70, 60.00, 4200.00, '2'),
(28547, '2023-09-24 11:50:20', NULL, '2023-09-24', 10, NULL, NULL, NULL, NULL, 194, '', '', 300, 4.00, 1200.00, '2'),
(28548, '2023-09-24 11:50:20', NULL, '2023-09-24', 10, NULL, NULL, NULL, NULL, 191, '', '', 300, 4.00, 1200.00, '2'),
(28549, '2023-09-24 11:50:20', NULL, '2023-09-24', 10, NULL, NULL, NULL, NULL, 193, '', '', 300, 4.00, 1200.00, '2'),
(28550, '2023-09-24 11:50:20', NULL, '2023-09-24', 10, NULL, NULL, NULL, NULL, 192, '', '', 300, 4.00, 1200.00, '2'),
(28551, '2023-09-24 11:50:20', NULL, '2023-09-24', 10, NULL, NULL, NULL, NULL, 89, '', '', 600, 7.00, 4200.00, '2'),
(28552, '2023-09-24 14:58:09', NULL, '2023-09-24', 10, NULL, NULL, NULL, NULL, 264, '', '', 3, 880.00, 2640.00, '2'),
(28553, '2023-09-24 14:58:09', NULL, '2023-09-24', 10, NULL, NULL, NULL, NULL, 34, '', '', 15, 180.00, 2700.00, '2'),
(28554, '2023-09-24 14:58:09', NULL, '2023-09-24', 10, NULL, NULL, NULL, NULL, 35, '', '', 5, 180.00, 900.00, '2'),
(28555, '2023-09-24 14:58:09', NULL, '2023-09-24', 10, NULL, NULL, NULL, NULL, 40, '', '', 30, 510.00, 15300.00, '2'),
(28556, '2023-09-24 14:58:09', NULL, '2023-09-24', 10, NULL, NULL, NULL, NULL, 34, '', '', 30, 180.00, 5400.00, '2'),
(28557, '2023-09-24 14:58:09', NULL, '2023-09-24', 10, NULL, NULL, NULL, NULL, 19, '', '', 50, 22.00, 1100.00, '2'),
(28558, '2023-09-24 14:58:09', NULL, '2023-09-24', 10, NULL, NULL, NULL, NULL, 17, '', '', 50, 66.00, 3300.00, '2'),
(28559, '2023-09-24 14:58:09', NULL, '2023-09-24', 10, NULL, NULL, NULL, NULL, 34, '', '', 5, 180.00, 900.00, '2'),
(28560, '2023-09-24 14:58:09', NULL, '2023-09-24', 10, NULL, NULL, NULL, NULL, 35, '', '', 5, 180.00, 900.00, '2'),
(28561, '2023-09-24 14:58:09', NULL, '2023-09-24', 10, NULL, NULL, NULL, NULL, 40, '', '', 1, 510.00, 510.00, '2'),
(28562, '2023-09-24 14:58:09', NULL, '2023-09-24', 10, NULL, NULL, NULL, NULL, 17, '', '', 50, 66.00, 3300.00, '2'),
(28563, '2023-09-24 14:58:09', NULL, '2023-09-24', 10, NULL, NULL, NULL, NULL, 18, '', '', 50, 34.00, 1700.00, '2'),
(28564, '2023-09-24 14:58:09', NULL, '2023-09-24', 10, NULL, NULL, NULL, NULL, 19, '', '', 30, 22.00, 660.00, '2'),
(28565, '2023-09-24 14:58:09', NULL, '2023-09-24', 10, NULL, NULL, NULL, NULL, 40, '', '', 20, 510.00, 10200.00, '2'),
(28566, '2023-09-24 14:58:09', NULL, '2023-09-24', 10, NULL, NULL, NULL, NULL, 41, '', '', 7, 680.00, 4760.00, '2'),
(28567, '2023-09-24 14:58:09', NULL, '2023-09-24', 10, NULL, NULL, NULL, NULL, 34, '', '', 18, 180.00, 3240.00, '2'),
(28568, '2023-09-24 14:58:09', NULL, '2023-09-24', 10, NULL, NULL, NULL, NULL, 35, '', '', 20, 180.00, 3600.00, '2'),
(28569, '2023-09-25 09:18:05', NULL, '2023-09-25', 35, NULL, NULL, NULL, NULL, 83, '', '', 10, 45.00, 450.00, '2'),
(28570, '2023-09-25 09:18:05', NULL, '2023-09-25', 35, NULL, NULL, NULL, NULL, 34, '', '', 5, 160.00, 800.00, '2'),
(28571, '2023-09-25 09:18:05', NULL, '2023-09-25', 35, NULL, NULL, NULL, NULL, 40, '', '', 1, 480.00, 480.00, '2'),
(28572, '2023-09-25 09:18:05', NULL, '2023-09-25', 35, NULL, NULL, NULL, NULL, 83, '', '', 13, 45.00, 585.00, '2'),
(28573, '2023-09-25 09:18:05', NULL, '2023-09-25', 35, NULL, NULL, NULL, NULL, 34, '', '', 5, 160.00, 800.00, '2'),
(28574, '2023-09-25 09:18:05', NULL, '2023-09-25', 35, NULL, NULL, NULL, NULL, 83, '', '', 20, 45.00, 900.00, '2'),
(28575, '2023-09-25 09:18:05', NULL, '2023-09-25', 35, NULL, NULL, NULL, NULL, 40, '', '', 1, 480.00, 480.00, '2'),
(28576, '2023-09-25 09:18:05', NULL, '2023-09-25', 35, NULL, NULL, NULL, NULL, 227, '', '', 56, 45.00, 2520.00, '2'),
(28577, '2023-09-25 10:10:48', NULL, '2023-09-25', 39, NULL, NULL, NULL, NULL, 211, '', '', 40, 240.00, 9600.00, '2'),
(28578, '2023-09-25 11:12:43', NULL, '2023-09-25', 61, NULL, NULL, NULL, NULL, 40, '', '', 2, 600.00, 1200.00, '2'),
(28579, '2023-09-25 11:12:43', NULL, '2023-09-25', 61, NULL, NULL, NULL, NULL, 83, '', '', 6, 48.00, 288.00, '2'),
(28580, '2023-09-25 11:12:43', NULL, '2023-09-25', 61, NULL, NULL, NULL, NULL, 18, '', '', 10, 38.00, 380.00, '2'),
(28581, '2023-09-25 15:59:18', NULL, '2023-09-25', 10, NULL, NULL, NULL, NULL, 17, '', '', 50, 66.00, 3300.00, '2'),
(28582, '2023-09-25 15:59:18', NULL, '2023-09-25', 10, NULL, NULL, NULL, NULL, 18, '', '', 20, 34.00, 680.00, '2'),
(28583, '2023-09-25 15:59:18', NULL, '2023-09-25', 10, NULL, NULL, NULL, NULL, 19, '', '', 50, 22.00, 1100.00, '2'),
(28584, '2023-09-25 15:59:18', NULL, '2023-09-25', 10, NULL, NULL, NULL, NULL, 20, '', '', 20, 255.00, 5100.00, '2'),
(28585, '2023-09-25 15:59:18', NULL, '2023-09-25', 10, NULL, NULL, NULL, NULL, 25, '', '', 20, 170.00, 3400.00, '2'),
(28586, '2023-09-25 15:59:18', NULL, '2023-09-25', 10, NULL, NULL, NULL, NULL, 34, '', '', 70, 180.00, 12600.00, '2'),
(28587, '2023-09-25 15:59:18', NULL, '2023-09-25', 10, NULL, NULL, NULL, NULL, 35, '', '', 28, 180.00, 5040.00, '2'),
(28588, '2023-09-25 15:59:18', NULL, '2023-09-25', 10, NULL, NULL, NULL, NULL, 37, '', '', 2, 690.00, 1380.00, '2'),
(28589, '2023-09-25 15:59:18', NULL, '2023-09-25', 10, NULL, NULL, NULL, NULL, 264, '', '', 10, 880.00, 8800.00, '2'),
(28590, '2023-09-25 15:59:18', NULL, '2023-09-25', 10, NULL, NULL, NULL, NULL, 40, '', '', 40, 510.00, 20400.00, '2'),
(28591, '2023-09-26 09:53:59', NULL, '2023-09-26', 39, NULL, NULL, NULL, NULL, 211, '', '', 10, 240.00, 2400.00, '2'),
(28592, '2023-09-26 09:53:59', NULL, '2023-09-26', 39, NULL, NULL, NULL, NULL, 36, '', '', 5, 768.00, 3840.00, '2'),
(28593, '2023-09-26 09:53:59', NULL, '2023-09-26', 39, NULL, NULL, NULL, NULL, 254, '', '', 5, 720.00, 3600.00, '2'),
(28594, '2023-09-26 09:53:59', NULL, '2023-09-26', 39, NULL, NULL, NULL, NULL, 253, '', '', 30, 270.00, 8100.00, '2'),
(28595, '2023-09-26 15:38:31', NULL, '2023-09-26', 10, NULL, NULL, NULL, NULL, 264, '', '', 3, 880.00, 2640.00, '2'),
(28596, '2023-09-26 15:38:31', NULL, '2023-09-26', 10, NULL, NULL, NULL, NULL, 34, '', '', 10, 180.00, 1800.00, '2'),
(28597, '2023-09-26 15:38:31', NULL, '2023-09-26', 10, NULL, NULL, NULL, NULL, 35, '', '', 15, 180.00, 2700.00, '2'),
(28598, '2023-09-26 15:38:31', NULL, '2023-09-26', 10, NULL, NULL, NULL, NULL, 18, '', '', 100, 34.00, 3400.00, '2'),
(28599, '2023-09-26 15:38:31', NULL, '2023-09-26', 10, NULL, NULL, NULL, NULL, 19, '', '', 100, 22.00, 2200.00, '2'),
(28600, '2023-09-26 15:38:31', NULL, '2023-09-26', 10, NULL, NULL, NULL, NULL, 20, '', '', 10, 255.00, 2550.00, '2'),
(28601, '2023-09-26 15:38:31', NULL, '2023-09-26', 10, NULL, NULL, NULL, NULL, 25, '', '', 27, 170.00, 4590.00, '2'),
(28602, '2023-09-26 15:38:31', NULL, '2023-09-26', 10, NULL, NULL, NULL, NULL, 34, '', '', 44, 180.00, 7920.00, '2'),
(28603, '2023-09-26 15:38:31', NULL, '2023-09-26', 10, NULL, NULL, NULL, NULL, 35, '', '', 14, 180.00, 2520.00, '2'),
(28604, '2023-09-26 15:38:31', NULL, '2023-09-26', 10, NULL, NULL, NULL, NULL, 40, '', '', 50, 510.00, 25500.00, '2'),
(28605, '2023-09-26 15:38:31', NULL, '2023-09-26', 10, NULL, NULL, NULL, NULL, 264, '', '', 15, 880.00, 13200.00, '2'),
(28606, '2023-09-27 10:28:39', NULL, '2023-09-27', 35, NULL, NULL, NULL, NULL, 83, '', '', 50, 45.00, 2250.00, '2'),
(28607, '2023-09-27 12:05:55', NULL, '2023-09-27', 39, NULL, NULL, NULL, NULL, 211, '', '', 20, 240.00, 4800.00, '2'),
(28608, '2023-09-27 12:05:55', NULL, '2023-09-27', 39, NULL, NULL, NULL, NULL, 34, '', '', 10, 180.00, 1800.00, '2'),
(28609, '2023-09-27 12:05:55', NULL, '2023-09-27', 39, NULL, NULL, NULL, NULL, 254, '', '', 5, 720.00, 3600.00, '2'),
(28610, '2023-09-27 12:05:55', NULL, '2023-09-27', 39, NULL, NULL, NULL, NULL, 253, '', '', 10, 270.00, 2700.00, '2'),
(28611, '2023-09-27 12:05:22', NULL, '2023-09-27', 31, NULL, NULL, NULL, NULL, 20, '', '', 42, 255.00, 10710.00, '2'),
(28612, '2023-09-27 16:32:09', NULL, '2023-09-27', 10, NULL, NULL, NULL, NULL, 18, '', '', 50, 34.00, 1700.00, '2'),
(28613, '2023-09-27 16:32:09', NULL, '2023-09-27', 10, NULL, NULL, NULL, NULL, 17, '', '', 50, 66.00, 3300.00, '2'),
(28614, '2023-09-27 16:32:09', NULL, '2023-09-27', 10, NULL, NULL, NULL, NULL, 34, '', '', 5, 180.00, 900.00, '2'),
(28615, '2023-09-27 16:32:09', NULL, '2023-09-27', 10, NULL, NULL, NULL, NULL, 35, '', '', 5, 180.00, 900.00, '2'),
(28616, '2023-09-27 16:32:09', NULL, '2023-09-27', 10, NULL, NULL, NULL, NULL, 40, '', '', 2, 510.00, 1020.00, '2'),
(28617, '2023-09-27 16:32:09', NULL, '2023-09-27', 10, NULL, NULL, NULL, NULL, 18, '', '', 20, 34.00, 680.00, '2'),
(28618, '2023-09-27 16:32:09', NULL, '2023-09-27', 10, NULL, NULL, NULL, NULL, 19, '', '', 60, 22.00, 1320.00, '2'),
(28620, '2023-09-27 16:32:09', NULL, '2023-09-27', 10, NULL, NULL, NULL, NULL, 20, '', '', 17, 255.00, 4335.00, '2'),
(28621, '2023-09-27 16:32:09', NULL, '2023-09-27', 10, NULL, NULL, NULL, NULL, 34, '', '', 79, 180.00, 14220.00, '2'),
(28622, '2023-09-27 16:32:09', NULL, '2023-09-27', 10, NULL, NULL, NULL, NULL, 35, '', '', 21, 180.00, 3780.00, '2'),
(28623, '2023-09-27 16:32:09', NULL, '2023-09-27', 10, NULL, NULL, NULL, NULL, 40, '', '', 40, 510.00, 20400.00, '2'),
(28624, '2023-09-27 16:32:09', NULL, '2023-09-27', 10, NULL, NULL, NULL, NULL, 264, '', '', 15, 880.00, 13200.00, '2'),
(28625, '2023-09-28 11:34:25', NULL, '2023-09-28', 35, NULL, NULL, NULL, NULL, 40, '', '', 1, 480.00, 480.00, '2'),
(28626, '2023-09-28 11:34:25', NULL, '2023-09-28', 35, NULL, NULL, NULL, NULL, 83, '', '', 50, 45.00, 2250.00, '2'),
(28627, '2023-09-28 11:35:15', NULL, '2023-09-28', 74, NULL, NULL, NULL, NULL, 17, '', '', 5, 75.00, 375.00, '2'),
(28628, '2023-09-28 11:35:15', NULL, '2023-09-28', 74, NULL, NULL, NULL, NULL, 20, '', '', 1, 270.00, 270.00, '2'),
(28629, '2023-09-28 15:19:32', NULL, '2023-09-28', 12, NULL, NULL, NULL, NULL, 15, '', '', 10, 140.00, 1400.00, '2'),
(28630, '2023-09-28 16:02:42', NULL, '2023-09-28', 10, NULL, NULL, NULL, NULL, 264, '', '', 5, 880.00, 4400.00, '2'),
(28631, '2023-09-28 16:02:42', NULL, '2023-09-28', 10, NULL, NULL, NULL, NULL, 17, '', '', 100, 66.00, 6600.00, '2'),
(28632, '2023-09-28 16:02:42', NULL, '2023-09-28', 10, NULL, NULL, NULL, NULL, 40, '', '', 9, 510.00, 4590.00, '2'),
(28633, '2023-09-28 16:02:42', NULL, '2023-09-28', 10, NULL, NULL, NULL, NULL, 18, '', '', 30, 34.00, 1020.00, '2'),
(28634, '2023-09-28 16:02:42', NULL, '2023-09-28', 10, NULL, NULL, NULL, NULL, 19, '', '', 50, 22.00, 1100.00, '2'),
(28635, '2023-09-28 16:02:42', NULL, '2023-09-28', 10, NULL, NULL, NULL, NULL, 17, '', '', 65, 66.00, 4290.00, '2'),
(28636, '2023-09-28 16:02:42', NULL, '2023-09-28', 10, NULL, NULL, NULL, NULL, 18, '', '', 100, 34.00, 3400.00, '2'),
(28637, '2023-09-28 16:02:42', NULL, '2023-09-28', 10, NULL, NULL, NULL, NULL, 19, '', '', 100, 22.00, 2200.00, '2'),
(28638, '2023-09-28 16:02:42', NULL, '2023-09-28', 10, NULL, NULL, NULL, NULL, 20, '', '', 16, 255.00, 4080.00, '2'),
(28639, '2023-09-28 16:02:42', NULL, '2023-09-28', 10, NULL, NULL, NULL, NULL, 25, '', '', 20, 170.00, 3400.00, '2'),
(28640, '2023-09-28 16:02:42', NULL, '2023-09-28', 10, NULL, NULL, NULL, NULL, 34, '', '', 53, 180.00, 9540.00, '2'),
(28641, '2023-09-28 16:02:42', NULL, '2023-09-28', 10, NULL, NULL, NULL, NULL, 35, '', '', 32, 180.00, 5760.00, '2'),
(28642, '2023-09-28 16:02:42', NULL, '2023-09-28', 10, NULL, NULL, NULL, NULL, 264, '', '', 10, 880.00, 8800.00, '2'),
(28643, '2023-09-28 16:02:42', NULL, '2023-09-28', 10, NULL, NULL, NULL, NULL, 40, '', '', 32, 510.00, 16320.00, '2'),
(28645, '2023-09-28 16:02:42', NULL, '2023-09-28', 10, NULL, NULL, NULL, NULL, 26, '', '', 35, 180.00, 6300.00, '2'),
(28646, '2023-09-28 16:02:42', NULL, '2023-09-28', 10, NULL, NULL, NULL, NULL, 27, '', '', 25, 180.00, 4500.00, '2'),
(28647, '2023-09-29 09:54:15', NULL, '2023-09-29', 35, NULL, NULL, NULL, NULL, 83, '', '', 20, 45.00, 900.00, '2'),
(28648, '2023-09-29 12:07:52', NULL, '2023-09-29', 31, NULL, NULL, NULL, NULL, 26, '', '', 20, 180.00, 3600.00, '2'),
(28649, '2023-09-29 14:58:15', NULL, '2023-09-29', 10, NULL, NULL, NULL, NULL, 17, '', '', 100, 66.00, 6600.00, '2'),
(28650, '2023-09-29 14:58:15', NULL, '2023-09-29', 10, NULL, NULL, NULL, NULL, 18, '', '', 100, 34.00, 3400.00, '2'),
(28651, '2023-09-29 14:58:15', NULL, '2023-09-29', 10, NULL, NULL, NULL, NULL, 19, '', '', 100, 22.00, 2200.00, '2'),
(28652, '2023-09-29 14:58:15', NULL, '2023-09-29', 10, NULL, NULL, NULL, NULL, 20, '', '', 30, 255.00, 7650.00, '2'),
(28653, '2023-09-29 14:58:15', NULL, '2023-09-29', 10, NULL, NULL, NULL, NULL, 25, '', '', 23, 170.00, 3910.00, '2'),
(28654, '2023-09-29 14:58:15', NULL, '2023-09-29', 10, NULL, NULL, NULL, NULL, 26, '', '', 80, 180.00, 14400.00, '2'),
(28655, '2023-09-29 14:58:15', NULL, '2023-09-29', 10, NULL, NULL, NULL, NULL, 27, '', '', 50, 180.00, 9000.00, '2'),
(28656, '2023-10-03 13:39:10', NULL, '2023-10-03', 31, NULL, NULL, NULL, NULL, 20, '', '', 50, 255.00, 12750.00, '2'),
(28657, '2023-10-03 13:39:10', NULL, '2023-10-03', 31, NULL, NULL, NULL, NULL, 26, '', '', 10, 180.00, 1800.00, '2'),
(28658, '2023-10-03 15:08:14', NULL, '2023-10-03', 10, NULL, NULL, NULL, NULL, 19, '', '', 30, 22.00, 660.00, '2'),
(28659, '2023-10-03 15:08:14', NULL, '2023-10-03', 10, NULL, NULL, NULL, NULL, 18, '', '', 30, 34.00, 1020.00, '2'),
(28660, '2023-10-03 15:08:14', NULL, '2023-10-03', 10, NULL, NULL, NULL, NULL, 17, '', '', 100, 66.00, 6600.00, '2'),
(28661, '2023-10-03 15:08:14', NULL, '2023-10-03', 10, NULL, NULL, NULL, NULL, 18, '', '', 100, 34.00, 3400.00, '2'),
(28662, '2023-10-03 15:08:14', NULL, '2023-10-03', 10, NULL, NULL, NULL, NULL, 19, '', '', 100, 22.00, 2200.00, '2'),
(28663, '2023-10-03 15:08:14', NULL, '2023-10-03', 10, NULL, NULL, NULL, NULL, 20, '', '', 10, 255.00, 2550.00, '2'),
(28664, '2023-10-03 15:08:14', NULL, '2023-10-03', 10, NULL, NULL, NULL, NULL, 25, '', '', 30, 170.00, 5100.00, '2'),
(28667, '2023-10-03 15:08:14', NULL, '2023-10-03', 10, NULL, NULL, NULL, NULL, 26, '', '', 60, 180.00, 10800.00, '2'),
(28666, '2023-10-03 15:08:14', NULL, '2023-10-03', 10, NULL, NULL, NULL, NULL, 27, '', '', 30, 180.00, 5400.00, '2'),
(28668, '2023-10-03 15:13:43', NULL, '2023-10-03', 10, NULL, NULL, NULL, NULL, 20, '', '', 10, 255.00, 2550.00, '2'),
(28669, '2023-10-03 15:13:43', NULL, '2023-10-03', 10, NULL, NULL, NULL, NULL, 26, '', '', 77, 180.00, 13860.00, '2'),
(28670, '2023-10-03 15:13:43', NULL, '2023-10-03', 10, NULL, NULL, NULL, NULL, 27, '', '', 24, 180.00, 4320.00, '2'),
(28671, '2023-10-03 15:13:43', NULL, '2023-10-03', 10, NULL, NULL, NULL, NULL, 19, '', '', 100, 22.00, 2200.00, '2'),
(28673, '2023-10-03 15:13:43', NULL, '2023-10-03', 10, NULL, NULL, NULL, NULL, 17, '', '', 100, 66.00, 6600.00, '2'),
(28674, '2023-10-04 15:06:52', NULL, '2023-10-04', 10, NULL, NULL, NULL, NULL, 26, '', '', 25, 180.00, 4500.00, '2'),
(28675, '2023-10-04 15:06:52', NULL, '2023-10-04', 10, NULL, NULL, NULL, NULL, 27, '', '', 25, 180.00, 4500.00, '2'),
(28676, '2023-10-04 15:06:52', NULL, '2023-10-04', 10, NULL, NULL, NULL, NULL, 26, '', '', 70, 180.00, 12600.00, '2'),
(28677, '2023-10-04 15:06:52', NULL, '2023-10-04', 10, NULL, NULL, NULL, NULL, 27, '', '', 30, 180.00, 5400.00, '2'),
(28678, '2023-10-04 15:06:52', NULL, '2023-10-04', 10, NULL, NULL, NULL, NULL, 25, '', '', 30, 170.00, 5100.00, '2'),
(28679, '2023-10-04 15:06:52', NULL, '2023-10-04', 10, NULL, NULL, NULL, NULL, 20, '', '', 28, 255.00, 7140.00, '2'),
(28680, '2023-10-04 15:06:52', NULL, '2023-10-04', 10, NULL, NULL, NULL, NULL, 18, '', '', 60, 34.00, 2040.00, '2'),
(28681, '2023-10-05 10:25:15', NULL, '2023-10-05', 12, NULL, NULL, NULL, NULL, 26, '', '', 100, 180.00, 18000.00, '2'),
(28682, '2023-10-05 15:12:13', NULL, '2023-10-05', 10, NULL, NULL, NULL, NULL, 19, '', '', 20, 22.00, 440.00, '2'),
(28683, '2023-10-05 15:12:13', NULL, '2023-10-05', 10, NULL, NULL, NULL, NULL, 19, '', '', 20, 22.00, 440.00, '2'),
(28684, '2023-10-05 15:12:13', NULL, '2023-10-05', 10, NULL, NULL, NULL, NULL, 17, '', '', 80, 66.00, 5280.00, '2'),
(28685, '2023-10-05 15:12:13', NULL, '2023-10-05', 10, NULL, NULL, NULL, NULL, 26, '', '', 4, 180.00, 720.00, '2'),
(28686, '2023-10-05 15:12:13', NULL, '2023-10-05', 10, NULL, NULL, NULL, NULL, 19, '', '', 150, 22.00, 3300.00, '2'),
(28687, '2023-10-05 15:12:13', NULL, '2023-10-05', 10, NULL, NULL, NULL, NULL, 18, '', '', 200, 34.00, 6800.00, '2'),
(28688, '2023-10-05 15:12:13', NULL, '2023-10-05', 10, NULL, NULL, NULL, NULL, 17, '', '', 100, 66.00, 6600.00, '2'),
(28689, '2023-10-05 15:12:13', NULL, '2023-10-05', 10, NULL, NULL, NULL, NULL, 19, '', '', 50, 22.00, 1100.00, '2'),
(28690, '2023-10-05 15:12:13', NULL, '2023-10-05', 10, NULL, NULL, NULL, NULL, 17, '', '', 50, 66.00, 3300.00, '2'),
(28691, '2023-10-05 15:12:13', NULL, '2023-10-05', 10, NULL, NULL, NULL, NULL, 25, '', '', 20, 170.00, 3400.00, '2'),
(28692, '2023-10-05 15:12:13', NULL, '2023-10-05', 10, NULL, NULL, NULL, NULL, 26, '', '', 60, 180.00, 10800.00, '2'),
(28693, '2023-10-05 15:12:13', NULL, '2023-10-05', 10, NULL, NULL, NULL, NULL, 27, '', '', 25, 180.00, 4500.00, '2'),
(28694, '2023-10-06 12:13:00', NULL, '2023-10-06', 31, NULL, NULL, NULL, NULL, 20, '', '', 20, 255.00, 5100.00, '2'),
(28695, '2023-10-06 12:13:00', NULL, '2023-10-06', 31, NULL, NULL, NULL, NULL, 26, '', '', 20, 180.00, 3600.00, '2'),
(28696, '2023-10-06 14:53:08', NULL, '2023-10-06', 10, NULL, NULL, NULL, NULL, 18, '', '', 40, 34.00, 1360.00, '2'),
(28698, '2023-10-06 14:53:08', NULL, '2023-10-06', 10, NULL, NULL, NULL, NULL, 228, '', '', 20, 122.00, 2440.00, '2'),
(28699, '2023-10-06 14:53:08', NULL, '2023-10-06', 10, NULL, NULL, NULL, NULL, 15, '', '', 12, 132.00, 1584.00, '2'),
(28700, '2023-10-06 14:53:08', NULL, '2023-10-06', 10, NULL, NULL, NULL, NULL, 17, '', '', 50, 66.00, 3300.00, '2'),
(28701, '2023-10-06 14:53:08', NULL, '2023-10-06', 10, NULL, NULL, NULL, NULL, 18, '', '', 100, 34.00, 3400.00, '2'),
(28702, '2023-10-06 14:53:08', NULL, '2023-10-06', 10, NULL, NULL, NULL, NULL, 19, '', '', 100, 22.00, 2200.00, '2'),
(28703, '2023-10-06 14:53:08', NULL, '2023-10-06', 10, NULL, NULL, NULL, NULL, 20, '', '', 20, 255.00, 5100.00, '2'),
(28708, '2023-10-06 14:53:08', NULL, '2023-10-06', 10, NULL, NULL, NULL, NULL, 27, '', '', 26, 180.00, 4680.00, '2'),
(28707, '2023-10-06 14:53:08', NULL, '2023-10-06', 10, NULL, NULL, NULL, NULL, 26, '', '', 70, 180.00, 12600.00, '2'),
(28706, '2023-10-06 14:53:08', NULL, '2023-10-06', 10, NULL, NULL, NULL, NULL, 40, '', '', 10, 510.00, 5100.00, '2'),
(28709, '2023-10-07 14:43:09', NULL, '2023-10-07', 10, NULL, NULL, NULL, NULL, 17, '', '', 50, 66.00, 3300.00, '2'),
(28710, '2023-10-07 14:43:09', NULL, '2023-10-07', 10, NULL, NULL, NULL, NULL, 18, '', '', 100, 34.00, 3400.00, '2'),
(28711, '2023-10-07 14:43:09', NULL, '2023-10-07', 10, NULL, NULL, NULL, NULL, 19, '', '', 100, 22.00, 2200.00, '2'),
(28712, '2023-10-07 14:43:09', NULL, '2023-10-07', 10, NULL, NULL, NULL, NULL, 25, '', '', 20, 170.00, 3400.00, '2'),
(28713, '2023-10-07 14:43:09', NULL, '2023-10-07', 10, NULL, NULL, NULL, NULL, 26, '', '', 70, 180.00, 12600.00, '2'),
(28714, '2023-10-07 14:43:09', NULL, '2023-10-07', 10, NULL, NULL, NULL, NULL, 27, '', '', 30, 180.00, 5400.00, '2'),
(28715, '2023-10-07 14:43:09', NULL, '2023-10-07', 10, NULL, NULL, NULL, NULL, 40, '', '', 3, 510.00, 1530.00, '2'),
(28716, '2023-10-07 14:43:09', NULL, '2023-10-07', 10, NULL, NULL, NULL, NULL, 20, '', '', 2, 255.00, 510.00, '2'),
(28717, '2023-10-07 14:43:09', NULL, '2023-10-07', 10, NULL, NULL, NULL, NULL, 18, '', '', 50, 34.00, 1700.00, '2'),
(28718, '2023-10-07 14:48:25', NULL, '2023-10-07', 10, NULL, NULL, NULL, NULL, 26, '', '', 20, 180.00, 3600.00, '2'),
(28719, '2023-10-07 14:48:25', NULL, '2023-10-07', 10, NULL, NULL, NULL, NULL, 30, '', '', 20, 180.00, 3600.00, '2'),
(28720, '2023-10-07 14:48:25', NULL, '2023-10-07', 10, NULL, NULL, NULL, NULL, 256, '', '', 5, 180.00, 900.00, '2'),
(28721, '2023-10-07 14:48:25', NULL, '2023-10-07', 10, NULL, NULL, NULL, NULL, 40, '', '', 15, 510.00, 7650.00, '2'),
(28722, '2023-10-09 11:41:37', NULL, '2023-10-09', 87, NULL, NULL, NULL, NULL, 18, '', '', 30, 40.00, 1200.00, '2'),
(28723, '2023-10-09 14:16:12', NULL, '2023-10-09', 10, NULL, NULL, NULL, NULL, 17, '', '', 50, 66.00, 3300.00, '2'),
(28724, '2023-10-09 14:16:12', NULL, '2023-10-09', 10, NULL, NULL, NULL, NULL, 19, '', '', 50, 22.00, 1100.00, '2'),
(28725, '2023-10-09 14:16:12', NULL, '2023-10-09', 10, NULL, NULL, NULL, NULL, 17, '', '', 15, 66.00, 990.00, '2'),
(28726, '2023-10-09 14:16:12', NULL, '2023-10-09', 10, NULL, NULL, NULL, NULL, 18, '', '', 50, 34.00, 1700.00, '2'),
(28727, '2023-10-09 14:16:12', NULL, '2023-10-09', 10, NULL, NULL, NULL, NULL, 17, '', '', 100, 66.00, 6600.00, '2'),
(28728, '2023-10-09 14:16:12', NULL, '2023-10-09', 10, NULL, NULL, NULL, NULL, 18, '', '', 100, 34.00, 3400.00, '2'),
(28729, '2023-10-09 14:16:12', NULL, '2023-10-09', 10, NULL, NULL, NULL, NULL, 19, '', '', 100, 22.00, 2200.00, '2'),
(28730, '2023-10-09 14:16:12', NULL, '2023-10-09', 10, NULL, NULL, NULL, NULL, 20, '', '', 30, 255.00, 7650.00, '2'),
(28731, '2023-10-09 14:16:12', NULL, '2023-10-09', 10, NULL, NULL, NULL, NULL, 25, '', '', 30, 170.00, 5100.00, '2'),
(28732, '2023-10-09 14:16:12', NULL, '2023-10-09', 10, NULL, NULL, NULL, NULL, 40, '', '', 7, 510.00, 3570.00, '2'),
(28733, '2023-10-09 14:16:12', NULL, '2023-10-09', 10, NULL, NULL, NULL, NULL, 26, '', '', 60, 180.00, 10800.00, '2'),
(28734, '2023-10-09 14:16:12', NULL, '2023-10-09', 10, NULL, NULL, NULL, NULL, 27, '', '', 30, 180.00, 5400.00, '2'),
(28735, '2023-10-10 10:04:31', NULL, '2023-10-10', 31, NULL, NULL, NULL, NULL, 20, '', '', 30, 255.00, 7650.00, '2'),
(28736, '2023-10-10 11:48:13', NULL, '2023-10-10', 74, NULL, NULL, NULL, NULL, 20, '', '', 2, 270.00, 540.00, '2'),
(28737, '2023-10-10 11:48:13', NULL, '2023-10-10', 74, NULL, NULL, NULL, NULL, 26, '', '', 1, 180.00, 180.00, '2'),
(28738, '2023-10-10 14:10:21', NULL, '2023-10-10', 10, NULL, NULL, NULL, NULL, 18, '', '', 60, 34.00, 2040.00, '2'),
(28739, '2023-10-10 14:10:21', NULL, '2023-10-10', 10, NULL, NULL, NULL, NULL, 19, '', '', 60, 22.00, 1320.00, '2'),
(28740, '2023-10-10 14:10:21', NULL, '2023-10-10', 10, NULL, NULL, NULL, NULL, 20, '', '', 30, 255.00, 7650.00, '2'),
(28741, '2023-10-10 14:10:21', NULL, '2023-10-10', 10, NULL, NULL, NULL, NULL, 25, '', '', 10, 170.00, 1700.00, '2'),
(28742, '2023-10-10 14:10:21', NULL, '2023-10-10', 10, NULL, NULL, NULL, NULL, 26, '', '', 50, 180.00, 9000.00, '2'),
(28743, '2023-10-10 14:10:21', NULL, '2023-10-10', 10, NULL, NULL, NULL, NULL, 27, '', '', 25, 180.00, 4500.00, '2'),
(28744, '2023-10-11 14:29:48', NULL, '2023-10-11', 10, NULL, NULL, NULL, NULL, 18, '', '', 30, 34.00, 1020.00, '2'),
(28745, '2023-10-11 14:29:48', NULL, '2023-10-11', 10, NULL, NULL, NULL, NULL, 17, '', '', 60, 66.00, 3960.00, '2'),
(28746, '2023-10-11 14:29:48', NULL, '2023-10-11', 10, NULL, NULL, NULL, NULL, 26, '', '', 2, 180.00, 360.00, '2'),
(28747, '2023-10-11 14:29:48', NULL, '2023-10-11', 10, NULL, NULL, NULL, NULL, 27, '', '', 4, 180.00, 720.00, '2'),
(28748, '2023-10-11 14:29:48', NULL, '2023-10-11', 10, NULL, NULL, NULL, NULL, 17, '', '', 100, 66.00, 6600.00, '2'),
(28749, '2023-10-11 14:29:48', NULL, '2023-10-11', 10, NULL, NULL, NULL, NULL, 18, '', '', 50, 34.00, 1700.00, '2'),
(28750, '2023-10-11 14:29:48', NULL, '2023-10-11', 10, NULL, NULL, NULL, NULL, 19, '', '', 50, 22.00, 1100.00, '2'),
(28751, '2023-10-11 14:29:48', NULL, '2023-10-11', 10, NULL, NULL, NULL, NULL, 25, '', '', 31, 170.00, 5270.00, '2'),
(28752, '2023-10-11 14:29:48', NULL, '2023-10-11', 10, NULL, NULL, NULL, NULL, 26, '', '', 34, 180.00, 6120.00, '2');
INSERT INTO `order_p` (`od_id`, `od_code`, `invoice_no`, `od_date`, `cus_id`, `cus_name`, `cus_phone`, `cus_address`, `cus_taxid`, `pd_id`, `pd_name`, `unit_name`, `od_num`, `od_priceperunit`, `od_total`, `od_status`) VALUES
(28753, '2023-10-11 14:29:48', NULL, '2023-10-11', 10, NULL, NULL, NULL, NULL, 27, '', '', 30, 180.00, 5400.00, '2'),
(28754, '2023-10-11 14:29:48', NULL, '2023-10-11', 10, NULL, NULL, NULL, NULL, 40, '', '', 20, 510.00, 10200.00, '2'),
(28755, '2023-10-11 16:15:31', NULL, '2023-10-11', 31, NULL, NULL, NULL, NULL, 20, '', '', 40, 255.00, 10200.00, '2'),
(28756, '2023-10-12 13:45:50', NULL, '2023-10-12', 87, NULL, NULL, NULL, NULL, 18, '', '', 20, 40.00, 800.00, '2'),
(28757, '2023-10-12 14:29:57', NULL, '2023-10-12', 10, NULL, NULL, NULL, NULL, 17, '', '', 50, 66.00, 3300.00, '2'),
(28758, '2023-10-12 14:29:57', NULL, '2023-10-12', 10, NULL, NULL, NULL, NULL, 18, '', '', 50, 34.00, 1700.00, '2'),
(28759, '2023-10-12 14:29:57', NULL, '2023-10-12', 10, NULL, NULL, NULL, NULL, 19, '', '', 50, 22.00, 1100.00, '2'),
(28760, '2023-10-12 14:29:57', NULL, '2023-10-12', 10, NULL, NULL, NULL, NULL, 20, '', '', 9, 255.00, 2295.00, '2'),
(28761, '2023-10-12 14:29:57', NULL, '2023-10-12', 10, NULL, NULL, NULL, NULL, 25, '', '', 13, 170.00, 2210.00, '2'),
(28762, '2023-10-12 14:29:57', NULL, '2023-10-12', 10, NULL, NULL, NULL, NULL, 26, '', '', 40, 180.00, 7200.00, '2'),
(28763, '2023-10-12 14:29:57', NULL, '2023-10-12', 10, NULL, NULL, NULL, NULL, 27, '', '', 20, 180.00, 3600.00, '2'),
(28764, '2023-10-12 14:30:17', NULL, '2023-10-12', 12, NULL, NULL, NULL, NULL, 15, '', '', 10, 140.00, 1400.00, '2'),
(28765, '2023-10-13 09:37:03', NULL, '2023-10-13', 12, NULL, NULL, NULL, NULL, 17, '', '', 200, 70.00, 14000.00, '2'),
(28766, '2023-10-13 09:37:03', NULL, '2023-10-13', 12, NULL, NULL, NULL, NULL, 18, '', '', 600, 35.00, 21000.00, '2'),
(28767, '2023-10-13 09:37:03', NULL, '2023-10-13', 12, NULL, NULL, NULL, NULL, 19, '', '', 600, 24.00, 14400.00, '2'),
(28768, '2023-10-13 09:37:03', NULL, '2023-10-13', 12, NULL, NULL, NULL, NULL, 30, '', '', 58, 180.00, 10440.00, '2'),
(28769, '2023-10-13 12:50:36', NULL, '2023-10-13', 31, NULL, NULL, NULL, NULL, 20, '', '', 40, 255.00, 10200.00, '2'),
(28770, '2023-10-13 12:50:36', NULL, '2023-10-13', 31, NULL, NULL, NULL, NULL, 26, '', '', 20, 180.00, 3600.00, '2'),
(28771, '2023-10-13 14:45:24', NULL, '2023-10-13', 10, NULL, NULL, NULL, NULL, 17, '', '', 100, 66.00, 6600.00, '2'),
(28772, '2023-10-13 14:45:24', NULL, '2023-10-13', 10, NULL, NULL, NULL, NULL, 18, '', '', 100, 34.00, 3400.00, '2'),
(28773, '2023-10-13 14:45:24', NULL, '2023-10-13', 10, NULL, NULL, NULL, NULL, 19, '', '', 100, 22.00, 2200.00, '2'),
(28774, '2023-10-13 14:45:24', NULL, '2023-10-13', 10, NULL, NULL, NULL, NULL, 20, '', '', 20, 255.00, 5100.00, '2'),
(28775, '2023-10-13 14:45:24', NULL, '2023-10-13', 10, NULL, NULL, NULL, NULL, 25, '', '', 30, 170.00, 5100.00, '2'),
(28776, '2023-10-13 14:45:24', NULL, '2023-10-13', 10, NULL, NULL, NULL, NULL, 26, '', '', 70, 180.00, 12600.00, '2'),
(28777, '2023-10-13 14:45:24', NULL, '2023-10-13', 10, NULL, NULL, NULL, NULL, 27, '', '', 30, 180.00, 5400.00, '2'),
(28778, '2023-10-13 14:45:24', NULL, '2023-10-13', 10, NULL, NULL, NULL, NULL, 40, '', '', 10, 510.00, 5100.00, '2'),
(28779, '2023-10-14 11:30:46', NULL, '2023-10-14', 11, NULL, NULL, NULL, NULL, 18, '', '', 60, 34.00, 2040.00, '2'),
(28780, '2023-10-14 11:30:46', NULL, '2023-10-14', 11, NULL, NULL, NULL, NULL, 17, '', '', 60, 66.00, 3960.00, '2'),
(28781, '2023-10-14 15:01:30', NULL, '2023-10-14', 10, NULL, NULL, NULL, NULL, 19, '', '', 100, 22.00, 2200.00, '2'),
(28782, '2023-10-14 15:01:30', NULL, '2023-10-14', 10, NULL, NULL, NULL, NULL, 18, '', '', 50, 34.00, 1700.00, '2'),
(28783, '2023-10-14 15:01:30', NULL, '2023-10-14', 10, NULL, NULL, NULL, NULL, 17, '', '', 120, 66.00, 7920.00, '2'),
(28784, '2023-10-14 15:01:30', NULL, '2023-10-14', 10, NULL, NULL, NULL, NULL, 20, '', '', 20, 255.00, 5100.00, '2'),
(28785, '2023-10-14 15:01:30', NULL, '2023-10-14', 10, NULL, NULL, NULL, NULL, 26, '', '', 48, 180.00, 8640.00, '2'),
(28786, '2023-10-14 15:01:30', NULL, '2023-10-14', 10, NULL, NULL, NULL, NULL, 27, '', '', 30, 180.00, 5400.00, '2'),
(28787, '2023-10-14 15:01:30', NULL, '2023-10-14', 10, NULL, NULL, NULL, NULL, 25, '', '', 30, 170.00, 5100.00, '2'),
(28788, '2023-10-15 12:34:23', NULL, '2023-10-15', 74, NULL, NULL, NULL, NULL, 20, '', '', 1, 270.00, 270.00, '2'),
(28789, '2023-10-15 12:34:23', NULL, '2023-10-15', 74, NULL, NULL, NULL, NULL, 26, '', '', 1, 180.00, 180.00, '2'),
(28790, '2023-10-16 14:56:30', NULL, '2023-10-16', 10, NULL, NULL, NULL, NULL, 26, '', '', 15, 180.00, 2700.00, '2'),
(28791, '2023-10-16 14:56:30', NULL, '2023-10-16', 10, NULL, NULL, NULL, NULL, 27, '', '', 15, 180.00, 2700.00, '2'),
(28792, '2023-10-16 14:56:30', NULL, '2023-10-16', 10, NULL, NULL, NULL, NULL, 17, '', '', 150, 66.00, 9900.00, '2'),
(28793, '2023-10-16 14:56:30', NULL, '2023-10-16', 10, NULL, NULL, NULL, NULL, 18, '', '', 20, 34.00, 680.00, '2'),
(28794, '2023-10-16 14:56:30', NULL, '2023-10-16', 10, NULL, NULL, NULL, NULL, 26, '', '', 4, 180.00, 720.00, '2'),
(28795, '2023-10-16 14:56:30', NULL, '2023-10-16', 10, NULL, NULL, NULL, NULL, 27, '', '', 4, 180.00, 720.00, '2'),
(28796, '2023-10-16 14:56:30', NULL, '2023-10-16', 10, NULL, NULL, NULL, NULL, 17, '', '', 100, 66.00, 6600.00, '2'),
(28797, '2023-10-16 14:56:30', NULL, '2023-10-16', 10, NULL, NULL, NULL, NULL, 18, '', '', 60, 34.00, 2040.00, '2'),
(28798, '2023-10-16 14:56:30', NULL, '2023-10-16', 10, NULL, NULL, NULL, NULL, 20, '', '', 30, 255.00, 7650.00, '2'),
(28799, '2023-10-16 14:56:30', NULL, '2023-10-16', 10, NULL, NULL, NULL, NULL, 25, '', '', 26, 170.00, 4420.00, '2'),
(28800, '2023-10-16 14:56:30', NULL, '2023-10-16', 10, NULL, NULL, NULL, NULL, 26, '', '', 70, 180.00, 12600.00, '2'),
(28802, '2023-10-16 14:56:30', NULL, '2023-10-16', 10, NULL, NULL, NULL, NULL, 27, '', '', 48, 180.00, 8640.00, '2'),
(28803, '2023-10-16 14:56:30', NULL, '2023-10-16', 10, NULL, NULL, NULL, NULL, 228, '', '', 10, 122.00, 1220.00, '2'),
(28804, '2023-10-17 13:52:45', NULL, '2023-10-17', 10, NULL, NULL, NULL, NULL, 17, '', '', 60, 66.00, 3960.00, '2'),
(28805, '2023-10-17 13:52:45', NULL, '2023-10-17', 10, NULL, NULL, NULL, NULL, 18, '', '', 40, 34.00, 1360.00, '2'),
(28807, '2023-10-17 13:52:45', NULL, '2023-10-17', 10, NULL, NULL, NULL, NULL, 19, '', '', 50, 22.00, 1100.00, '2'),
(28808, '2023-10-17 13:52:45', NULL, '2023-10-17', 10, NULL, NULL, NULL, NULL, 26, '', '', 3, 180.00, 540.00, '2'),
(28809, '2023-10-17 13:52:45', NULL, '2023-10-17', 10, NULL, NULL, NULL, NULL, 27, '', '', 2, 180.00, 360.00, '2'),
(28811, '2023-10-17 13:52:45', NULL, '2023-10-17', 10, NULL, NULL, NULL, NULL, 17, '', '', 30, 66.00, 1980.00, '2'),
(28812, '2023-10-17 13:52:45', NULL, '2023-10-17', 10, NULL, NULL, NULL, NULL, 18, '', '', 100, 34.00, 3400.00, '2'),
(28813, '2023-10-17 13:52:45', NULL, '2023-10-17', 10, NULL, NULL, NULL, NULL, 25, '', '', 21, 170.00, 3570.00, '2'),
(28814, '2023-10-17 13:52:45', NULL, '2023-10-17', 10, NULL, NULL, NULL, NULL, 26, '', '', 70, 180.00, 12600.00, '2'),
(28815, '2023-10-17 13:52:45', NULL, '2023-10-17', 10, NULL, NULL, NULL, NULL, 27, '', '', 30, 180.00, 5400.00, '2'),
(28816, '2023-10-17 13:52:45', NULL, '2023-10-17', 10, NULL, NULL, NULL, NULL, 40, '', '', 10, 510.00, 5100.00, '2'),
(28817, '2023-10-18 10:04:39', NULL, '2023-10-18', 12, NULL, NULL, NULL, NULL, 26, '', '', 80, 180.00, 14400.00, '2'),
(28818, '2023-10-18 10:04:39', NULL, '2023-10-18', 12, NULL, NULL, NULL, NULL, 27, '', '', 20, 180.00, 3600.00, '2'),
(28819, '2023-10-18 10:05:07', NULL, '2023-10-18', 31, NULL, NULL, NULL, NULL, 20, '', '', 30, 255.00, 7650.00, '2'),
(28820, '2023-10-18 13:57:41', NULL, '2023-10-18', 10, NULL, NULL, NULL, NULL, 18, '', '', 30, 34.00, 1020.00, '2'),
(28821, '2023-10-18 13:57:41', NULL, '2023-10-18', 10, NULL, NULL, NULL, NULL, 19, '', '', 50, 22.00, 1100.00, '2'),
(28822, '2023-10-18 13:57:41', NULL, '2023-10-18', 10, NULL, NULL, NULL, NULL, 17, '', '', 100, 66.00, 6600.00, '2'),
(28823, '2023-10-18 13:57:41', NULL, '2023-10-18', 10, NULL, NULL, NULL, NULL, 18, '', '', 50, 34.00, 1700.00, '2'),
(28824, '2023-10-18 13:57:41', NULL, '2023-10-18', 10, NULL, NULL, NULL, NULL, 19, '', '', 100, 22.00, 2200.00, '2'),
(28825, '2023-10-18 13:57:41', NULL, '2023-10-18', 10, NULL, NULL, NULL, NULL, 25, '', '', 30, 170.00, 5100.00, '2'),
(28826, '2023-10-18 13:57:41', NULL, '2023-10-18', 10, NULL, NULL, NULL, NULL, 27, '', '', 30, 180.00, 5400.00, '2'),
(28827, '2023-10-18 13:57:41', NULL, '2023-10-18', 10, NULL, NULL, NULL, NULL, 26, '', '', 70, 180.00, 12600.00, '2'),
(28828, '2023-10-18 13:57:41', NULL, '2023-10-18', 10, NULL, NULL, NULL, NULL, 40, '', '', 10, 510.00, 5100.00, '2'),
(28829, '2023-10-19 12:16:58', NULL, '2023-10-19', 11, NULL, NULL, NULL, NULL, 18, '', '', 200, 34.00, 6800.00, '2'),
(28830, '2023-10-19 12:16:58', NULL, '2023-10-19', 11, NULL, NULL, NULL, NULL, 26, '', '', 1, 240.00, 240.00, '2'),
(28831, '2023-10-19 14:15:27', NULL, '2023-10-19', 10, NULL, NULL, NULL, NULL, 20, '', '', 20, 255.00, 5100.00, '2'),
(28832, '2023-10-19 14:15:27', NULL, '2023-10-19', 10, NULL, NULL, NULL, NULL, 26, '', '', 30, 180.00, 5400.00, '2'),
(28833, '2023-10-19 14:15:27', NULL, '2023-10-19', 10, NULL, NULL, NULL, NULL, 27, '', '', 30, 180.00, 5400.00, '2'),
(28834, '2023-10-19 14:15:27', NULL, '2023-10-19', 10, NULL, NULL, NULL, NULL, 40, '', '', 10, 510.00, 5100.00, '2'),
(28835, '2023-10-20 10:05:56', NULL, '2023-10-20', 35, NULL, NULL, NULL, NULL, 20, '', '', 5, 240.00, 1200.00, '2'),
(28836, '2023-10-20 12:48:45', NULL, '2023-10-20', 31, NULL, NULL, NULL, NULL, 20, '', '', 40, 255.00, 10200.00, '2'),
(28837, '2023-10-20 12:48:45', NULL, '2023-10-20', 31, NULL, NULL, NULL, NULL, 26, '', '', 20, 180.00, 3600.00, '2'),
(28838, '2023-10-20 14:58:50', NULL, '2023-10-20', 10, NULL, NULL, NULL, NULL, 20, '', '', 10, 255.00, 2550.00, '2'),
(28839, '2023-10-20 14:58:50', NULL, '2023-10-20', 10, NULL, NULL, NULL, NULL, 25, '', '', 30, 170.00, 5100.00, '2'),
(28840, '2023-10-20 14:58:50', NULL, '2023-10-20', 10, NULL, NULL, NULL, NULL, 26, '', '', 60, 180.00, 10800.00, '2'),
(28841, '2023-10-20 14:58:50', NULL, '2023-10-20', 10, NULL, NULL, NULL, NULL, 27, '', '', 42, 180.00, 7560.00, '2'),
(28842, '2023-10-20 14:58:50', NULL, '2023-10-20', 10, NULL, NULL, NULL, NULL, 17, '', '', 60, 66.00, 3960.00, '2'),
(28843, '2023-10-20 14:58:50', NULL, '2023-10-20', 10, NULL, NULL, NULL, NULL, 18, '', '', 60, 34.00, 2040.00, '2'),
(28844, '2023-10-21 10:54:27', NULL, '2023-10-21', 10, NULL, NULL, NULL, NULL, 17, '', '', 100, 66.00, 6600.00, '2'),
(28845, '2023-10-21 10:54:27', NULL, '2023-10-21', 10, NULL, NULL, NULL, NULL, 18, '', '', 100, 34.00, 3400.00, '2'),
(28846, '2023-10-21 10:54:27', NULL, '2023-10-21', 10, NULL, NULL, NULL, NULL, 19, '', '', 100, 22.00, 2200.00, '2'),
(28847, '2023-10-21 10:54:27', NULL, '2023-10-21', 10, NULL, NULL, NULL, NULL, 20, '', '', 17, 255.00, 4335.00, '2'),
(28848, '2023-10-21 10:54:27', NULL, '2023-10-21', 10, NULL, NULL, NULL, NULL, 26, '', '', 80, 180.00, 14400.00, '2'),
(28849, '2023-10-21 10:54:27', NULL, '2023-10-21', 10, NULL, NULL, NULL, NULL, 27, '', '', 20, 180.00, 3600.00, '2'),
(28850, '2023-10-23 14:57:41', NULL, '2023-10-23', 10, NULL, NULL, NULL, NULL, 17, '', '', 50, 66.00, 3300.00, '2'),
(28851, '2023-10-23 14:57:41', NULL, '2023-10-23', 10, NULL, NULL, NULL, NULL, 18, '', '', 60, 34.00, 2040.00, '2'),
(28852, '2023-10-23 14:57:41', NULL, '2023-10-23', 10, NULL, NULL, NULL, NULL, 19, '', '', 30, 22.00, 660.00, '2'),
(28853, '2023-10-23 14:57:41', NULL, '2023-10-23', 10, NULL, NULL, NULL, NULL, 26, '', '', 4, 180.00, 720.00, '2'),
(28854, '2023-10-23 14:57:41', NULL, '2023-10-23', 10, NULL, NULL, NULL, NULL, 17, '', '', 50, 66.00, 3300.00, '2'),
(28855, '2023-10-23 14:57:41', NULL, '2023-10-23', 10, NULL, NULL, NULL, NULL, 18, '', '', 50, 34.00, 1700.00, '2'),
(28856, '2023-10-23 14:57:41', NULL, '2023-10-23', 10, NULL, NULL, NULL, NULL, 19, '', '', 100, 22.00, 2200.00, '2'),
(28857, '2023-10-23 14:57:41', NULL, '2023-10-23', 10, NULL, NULL, NULL, NULL, 20, '', '', 20, 255.00, 5100.00, '2'),
(28858, '2023-10-23 14:57:41', NULL, '2023-10-23', 10, NULL, NULL, NULL, NULL, 25, '', '', 20, 170.00, 3400.00, '2'),
(28859, '2023-10-23 14:57:41', NULL, '2023-10-23', 10, NULL, NULL, NULL, NULL, 27, '', '', 20, 180.00, 3600.00, '2'),
(28860, '2023-10-23 14:57:41', NULL, '2023-10-23', 10, NULL, NULL, NULL, NULL, 26, '', '', 50, 180.00, 9000.00, '2'),
(28861, '2023-10-24 14:03:56', NULL, '2023-10-24', 10, NULL, NULL, NULL, NULL, 15, '', '', 12, 132.00, 1584.00, '2'),
(28862, '2023-10-24 14:03:56', NULL, '2023-10-24', 10, NULL, NULL, NULL, NULL, 16, '', '', 20, 99.00, 1980.00, '2'),
(28863, '2023-10-24 14:03:56', NULL, '2023-10-24', 10, NULL, NULL, NULL, NULL, 17, '', '', 50, 66.00, 3300.00, '2'),
(28864, '2023-10-24 14:03:56', NULL, '2023-10-24', 10, NULL, NULL, NULL, NULL, 19, '', '', 50, 22.00, 1100.00, '2'),
(28865, '2023-10-24 14:03:56', NULL, '2023-10-24', 10, NULL, NULL, NULL, NULL, 20, '', '', 10, 255.00, 2550.00, '2'),
(28866, '2023-10-24 14:03:56', NULL, '2023-10-24', 10, NULL, NULL, NULL, NULL, 26, '', '', 60, 180.00, 10800.00, '2'),
(28867, '2023-10-24 14:03:56', NULL, '2023-10-24', 10, NULL, NULL, NULL, NULL, 27, '', '', 30, 180.00, 5400.00, '2'),
(28868, '2023-10-25 13:07:17', NULL, '2023-10-25', 31, NULL, NULL, NULL, NULL, 20, '', '', 30, 255.00, 7650.00, '2'),
(28869, '2023-10-25 13:47:12', NULL, '2023-10-25', 10, NULL, NULL, NULL, NULL, 17, '', '', 50, 66.00, 3300.00, '2'),
(28870, '2023-10-25 13:47:12', NULL, '2023-10-25', 10, NULL, NULL, NULL, NULL, 18, '', '', 100, 34.00, 3400.00, '2'),
(28871, '2023-10-25 13:47:12', NULL, '2023-10-25', 10, NULL, NULL, NULL, NULL, 19, '', '', 50, 22.00, 1100.00, '2'),
(28872, '2023-10-25 13:47:12', NULL, '2023-10-25', 10, NULL, NULL, NULL, NULL, 20, '', '', 30, 255.00, 7650.00, '2'),
(28873, '2023-10-25 13:47:12', NULL, '2023-10-25', 10, NULL, NULL, NULL, NULL, 25, '', '', 34, 170.00, 5780.00, '2'),
(28874, '2023-10-25 13:47:12', NULL, '2023-10-25', 10, NULL, NULL, NULL, NULL, 26, '', '', 60, 180.00, 10800.00, '2'),
(28875, '2023-10-25 13:47:12', NULL, '2023-10-25', 10, NULL, NULL, NULL, NULL, 27, '', '', 20, 180.00, 3600.00, '2'),
(28876, '2023-10-25 13:47:12', NULL, '2023-10-25', 10, NULL, NULL, NULL, NULL, 40, '', '', 9, 510.00, 4590.00, '2'),
(28877, '2023-10-25 13:47:12', NULL, '2023-10-25', 10, NULL, NULL, NULL, NULL, 40, '', '', 1, 510.00, 510.00, '2'),
(28878, '2023-10-26 14:35:17', NULL, '2023-10-26', 10, NULL, NULL, NULL, NULL, 15, '', '', 6, 132.00, 792.00, '2'),
(28879, '2023-10-26 14:35:17', NULL, '2023-10-26', 10, NULL, NULL, NULL, NULL, 17, '', '', 50, 66.00, 3300.00, '2'),
(28880, '2023-10-26 14:35:17', NULL, '2023-10-26', 10, NULL, NULL, NULL, NULL, 18, '', '', 50, 34.00, 1700.00, '2'),
(28881, '2023-10-26 14:35:17', NULL, '2023-10-26', 10, NULL, NULL, NULL, NULL, 26, '', '', 40, 180.00, 7200.00, '2'),
(28882, '2023-10-26 14:35:17', NULL, '2023-10-26', 10, NULL, NULL, NULL, NULL, 27, '', '', 30, 180.00, 5400.00, '2'),
(28883, '2023-10-27 08:07:35', NULL, '2023-10-27', 31, NULL, NULL, NULL, NULL, 20, '', '', 20, 255.00, 5100.00, '2'),
(28884, '2023-10-27 08:07:35', NULL, '2023-10-27', 31, NULL, NULL, NULL, NULL, 26, '', '', 10, 180.00, 1800.00, '2'),
(28885, '2023-10-27 13:19:25', NULL, '2023-10-27', 10, NULL, NULL, NULL, NULL, 20, '', '', 10, 255.00, 2550.00, '2'),
(28886, '2023-10-27 13:19:25', NULL, '2023-10-27', 10, NULL, NULL, NULL, NULL, 19, '', '', 50, 22.00, 1100.00, '2'),
(28887, '2023-10-27 13:19:25', NULL, '2023-10-27', 10, NULL, NULL, NULL, NULL, 18, '', '', 50, 34.00, 1700.00, '2'),
(28888, '2023-10-27 13:19:25', NULL, '2023-10-27', 10, NULL, NULL, NULL, NULL, 17, '', '', 50, 66.00, 3300.00, '2'),
(28889, '2023-10-27 13:19:25', NULL, '2023-10-27', 10, NULL, NULL, NULL, NULL, 26, '', '', 60, 180.00, 10800.00, '2'),
(28890, '2023-10-27 13:19:25', NULL, '2023-10-27', 10, NULL, NULL, NULL, NULL, 27, '', '', 20, 180.00, 3600.00, '2'),
(28891, '2023-10-27 13:19:25', NULL, '2023-10-27', 10, NULL, NULL, NULL, NULL, 19, '', '', 40, 22.00, 880.00, '2'),
(28892, '2023-10-27 13:19:25', NULL, '2023-10-27', 10, NULL, NULL, NULL, NULL, 18, '', '', 60, 34.00, 2040.00, '2'),
(28893, '2023-10-27 13:19:25', NULL, '2023-10-27', 10, NULL, NULL, NULL, NULL, 17, '', '', 80, 66.00, 5280.00, '2'),
(28894, '2023-10-28 12:56:19', NULL, '2023-10-28', 10, NULL, NULL, NULL, NULL, 17, '', '', 70, 66.00, 4620.00, '2'),
(28895, '2023-10-28 12:56:19', NULL, '2023-10-28', 10, NULL, NULL, NULL, NULL, 18, '', '', 50, 34.00, 1700.00, '2'),
(28896, '2023-10-28 12:56:19', NULL, '2023-10-28', 10, NULL, NULL, NULL, NULL, 19, '', '', 50, 22.00, 1100.00, '2'),
(28897, '2023-10-28 12:56:19', NULL, '2023-10-28', 10, NULL, NULL, NULL, NULL, 17, '', '', 100, 66.00, 6600.00, '2'),
(28898, '2023-10-28 12:56:19', NULL, '2023-10-28', 10, NULL, NULL, NULL, NULL, 18, '', '', 100, 34.00, 3400.00, '2'),
(28899, '2023-10-28 12:56:19', NULL, '2023-10-28', 10, NULL, NULL, NULL, NULL, 19, '', '', 100, 22.00, 2200.00, '2'),
(28900, '2023-10-28 12:56:19', NULL, '2023-10-28', 10, NULL, NULL, NULL, NULL, 20, '', '', 20, 255.00, 5100.00, '2'),
(28901, '2023-10-28 12:56:19', NULL, '2023-10-28', 10, NULL, NULL, NULL, NULL, 25, '', '', 30, 170.00, 5100.00, '2'),
(28902, '2023-10-28 12:56:19', NULL, '2023-10-28', 10, NULL, NULL, NULL, NULL, 26, '', '', 60, 180.00, 10800.00, '2'),
(28903, '2023-10-28 12:56:19', NULL, '2023-10-28', 10, NULL, NULL, NULL, NULL, 27, '', '', 40, 180.00, 7200.00, '2'),
(28904, '2023-11-09 09:48:53', NULL, '2023-10-30', 29, NULL, NULL, NULL, NULL, 60, '', '', 4, 120.00, 480.00, '2'),
(28905, '2023-11-09 09:48:53', NULL, '2023-10-30', 29, NULL, NULL, NULL, NULL, 61, '', '', 4, 120.00, 480.00, '2'),
(28906, '2023-11-09 09:48:53', NULL, '2023-10-30', 29, NULL, NULL, NULL, NULL, 63, '', '', 4, 100.00, 400.00, '2'),
(28907, '2023-11-09 09:48:53', NULL, '2023-10-30', 29, NULL, NULL, NULL, NULL, 64, '', '', 3, 120.00, 360.00, '2'),
(28908, '2023-11-09 09:48:53', NULL, '2023-10-30', 29, NULL, NULL, NULL, NULL, 62, '', '', 4, 120.00, 480.00, '2'),
(28909, '2023-11-09 09:48:53', NULL, '2023-10-30', 29, NULL, NULL, NULL, NULL, 15, '', '', 2, 180.00, 360.00, '2'),
(28910, '2023-11-09 09:48:53', NULL, '2023-10-30', 29, NULL, NULL, NULL, NULL, 18, '', '', 9, 45.00, 405.00, '2'),
(28911, '2023-11-09 09:48:53', NULL, '2023-10-30', 29, NULL, NULL, NULL, NULL, 19, '', '', 9, 30.00, 270.00, '2'),
(28912, '2023-11-09 09:48:53', NULL, '2023-10-30', 29, NULL, NULL, NULL, NULL, 67, '', '', 144, 5.00, 720.00, '2'),
(28913, '2023-11-09 09:48:53', NULL, '2023-10-30', 29, NULL, NULL, NULL, NULL, 181, '', '', 16, 20.00, 320.00, '2'),
(28914, '2023-10-30 13:09:06', NULL, '2023-10-30', 10, NULL, NULL, NULL, NULL, 18, '', '', 30, 34.00, 1020.00, '2'),
(28915, '2023-10-30 13:09:06', NULL, '2023-10-30', 10, NULL, NULL, NULL, NULL, 19, '', '', 50, 22.00, 1100.00, '2'),
(28916, '2023-10-30 13:09:06', NULL, '2023-10-30', 10, NULL, NULL, NULL, NULL, 17, '', '', 60, 66.00, 3960.00, '2'),
(28917, '2023-10-30 13:09:06', NULL, '2023-10-30', 10, NULL, NULL, NULL, NULL, 18, '', '', 100, 34.00, 3400.00, '2'),
(28918, '2023-10-30 13:09:06', NULL, '2023-10-30', 10, NULL, NULL, NULL, NULL, 19, '', '', 60, 22.00, 1320.00, '2'),
(28919, '2023-10-30 13:09:06', NULL, '2023-10-30', 10, NULL, NULL, NULL, NULL, 20, '', '', 20, 255.00, 5100.00, '2'),
(28920, '2023-10-30 13:09:06', NULL, '2023-10-30', 10, NULL, NULL, NULL, NULL, 25, '', '', 16, 170.00, 2720.00, '2'),
(28921, '2023-10-30 13:09:06', NULL, '2023-10-30', 10, NULL, NULL, NULL, NULL, 26, '', '', 60, 180.00, 10800.00, '2'),
(28922, '2023-10-30 13:09:06', NULL, '2023-10-30', 10, NULL, NULL, NULL, NULL, 27, '', '', 30, 180.00, 5400.00, '2'),
(28923, '2023-10-31 13:46:02', NULL, '2023-10-31', 10, NULL, NULL, NULL, NULL, 18, '', '', 40, 34.00, 1360.00, '2'),
(28924, '2023-10-31 13:46:02', NULL, '2023-10-31', 10, NULL, NULL, NULL, NULL, 26, '', '', 4, 180.00, 720.00, '2'),
(28925, '2023-10-31 13:46:02', NULL, '2023-10-31', 10, NULL, NULL, NULL, NULL, 20, '', '', 10, 255.00, 2550.00, '2'),
(28926, '2023-10-31 13:46:02', NULL, '2023-10-31', 10, NULL, NULL, NULL, NULL, 40, '', '', 10, 510.00, 5100.00, '2'),
(28927, '2023-10-31 13:46:02', NULL, '2023-10-31', 10, NULL, NULL, NULL, NULL, 26, '', '', 40, 180.00, 7200.00, '2'),
(28928, '2023-10-31 13:46:02', NULL, '2023-10-31', 10, NULL, NULL, NULL, NULL, 27, '', '', 30, 180.00, 5400.00, '2'),
(28929, '2023-10-31 13:46:02', NULL, '2023-10-31', 10, NULL, NULL, NULL, NULL, 25, '', '', 20, 170.00, 3400.00, '2'),
(28930, '2023-11-01 10:12:44', NULL, '2023-11-01', 31, NULL, NULL, NULL, NULL, 20, '', '', 20, 255.00, 5100.00, '2'),
(28931, '2023-11-01 13:00:56', NULL, '2023-11-01', 10, NULL, NULL, NULL, NULL, 17, '', '', 100, 66.00, 6600.00, '2'),
(28932, '2023-11-01 13:00:56', NULL, '2023-11-01', 10, NULL, NULL, NULL, NULL, 18, '', '', 60, 34.00, 2040.00, '2'),
(28933, '2023-11-01 13:00:56', NULL, '2023-11-01', 10, NULL, NULL, NULL, NULL, 19, '', '', 100, 22.00, 2200.00, '2'),
(28934, '2023-11-01 13:00:56', NULL, '2023-11-01', 10, NULL, NULL, NULL, NULL, 20, '', '', 20, 255.00, 5100.00, '2'),
(28935, '2023-11-01 13:00:56', NULL, '2023-11-01', 10, NULL, NULL, NULL, NULL, 25, '', '', 30, 170.00, 5100.00, '2'),
(28936, '2023-11-01 13:00:56', NULL, '2023-11-01', 10, NULL, NULL, NULL, NULL, 26, '', '', 70, 180.00, 12600.00, '2'),
(28937, '2023-11-01 13:00:56', NULL, '2023-11-01', 10, NULL, NULL, NULL, NULL, 27, '', '', 30, 180.00, 5400.00, '2'),
(28938, '2023-11-02 12:55:44', NULL, '2023-11-02', 10, NULL, NULL, NULL, NULL, 17, '', '', 50, 66.00, 3300.00, '2'),
(28939, '2023-11-02 12:55:44', NULL, '2023-11-02', 10, NULL, NULL, NULL, NULL, 18, '', '', 70, 34.00, 2380.00, '2'),
(28940, '2023-11-02 12:55:44', NULL, '2023-11-02', 10, NULL, NULL, NULL, NULL, 26, '', '', 2, 180.00, 360.00, '2'),
(28941, '2023-11-02 12:55:44', NULL, '2023-11-02', 10, NULL, NULL, NULL, NULL, 18, '', '', 50, 34.00, 1700.00, '2'),
(28942, '2023-11-02 12:55:44', NULL, '2023-11-02', 10, NULL, NULL, NULL, NULL, 19, '', '', 50, 22.00, 1100.00, '2'),
(28943, '2023-11-02 12:55:44', NULL, '2023-11-02', 10, NULL, NULL, NULL, NULL, 20, '', '', 20, 255.00, 5100.00, '2'),
(28944, '2023-11-02 12:55:44', NULL, '2023-11-02', 10, NULL, NULL, NULL, NULL, 26, '', '', 50, 180.00, 9000.00, '2'),
(28945, '2023-11-02 12:55:44', NULL, '2023-11-02', 10, NULL, NULL, NULL, NULL, 27, '', '', 20, 180.00, 3600.00, '2'),
(28946, '2023-11-03 10:13:33', NULL, '2023-11-03', 31, NULL, NULL, NULL, NULL, 20, '', '', 20, 255.00, 5100.00, '2'),
(28947, '2023-11-03 10:13:33', NULL, '2023-11-03', 31, NULL, NULL, NULL, NULL, 26, '', '', 20, 180.00, 3600.00, '2'),
(28948, '2023-11-03 12:44:56', NULL, '2023-11-03', 10, NULL, NULL, NULL, NULL, 17, '', '', 100, 66.00, 6600.00, '2'),
(28949, '2023-11-03 12:44:56', NULL, '2023-11-03', 10, NULL, NULL, NULL, NULL, 18, '', '', 50, 34.00, 1700.00, '2'),
(28950, '2023-11-03 12:44:56', NULL, '2023-11-03', 10, NULL, NULL, NULL, NULL, 19, '', '', 60, 22.00, 1320.00, '2'),
(28951, '2023-11-03 12:44:56', NULL, '2023-11-03', 10, NULL, NULL, NULL, NULL, 20, '', '', 10, 255.00, 2550.00, '2'),
(28952, '2023-11-03 12:44:56', NULL, '2023-11-03', 10, NULL, NULL, NULL, NULL, 25, '', '', 22, 170.00, 3740.00, '2'),
(28953, '2023-11-03 12:44:56', NULL, '2023-11-03', 10, NULL, NULL, NULL, NULL, 26, '', '', 30, 180.00, 5400.00, '2'),
(28954, '2023-11-03 12:44:56', NULL, '2023-11-03', 10, NULL, NULL, NULL, NULL, 27, '', '', 20, 180.00, 3600.00, '2'),
(28955, '2023-11-05 13:51:04', NULL, '2023-11-05', 10, NULL, NULL, NULL, NULL, 17, '', '', 40, 66.00, 2640.00, '2'),
(28956, '2023-11-05 13:51:04', NULL, '2023-11-05', 10, NULL, NULL, NULL, NULL, 19, '', '', 60, 22.00, 1320.00, '2'),
(28957, '2023-11-05 13:51:04', NULL, '2023-11-05', 10, NULL, NULL, NULL, NULL, 27, '', '', 2, 180.00, 360.00, '2'),
(28958, '2023-11-05 13:51:04', NULL, '2023-11-05', 10, NULL, NULL, NULL, NULL, 17, '', '', 100, 66.00, 6600.00, '2'),
(28959, '2023-11-05 13:51:04', NULL, '2023-11-05', 10, NULL, NULL, NULL, NULL, 18, '', '', 100, 34.00, 3400.00, '2'),
(28960, '2023-11-05 13:51:04', NULL, '2023-11-05', 10, NULL, NULL, NULL, NULL, 19, '', '', 100, 22.00, 2200.00, '2'),
(28961, '2023-11-05 13:51:04', NULL, '2023-11-05', 10, NULL, NULL, NULL, NULL, 20, '', '', 10, 255.00, 2550.00, '2'),
(28962, '2023-11-05 13:51:04', NULL, '2023-11-05', 10, NULL, NULL, NULL, NULL, 25, '', '', 15, 170.00, 2550.00, '2'),
(28963, '2023-11-05 13:51:04', NULL, '2023-11-05', 10, NULL, NULL, NULL, NULL, 26, '', '', 60, 180.00, 10800.00, '2'),
(28964, '2023-11-05 13:51:04', NULL, '2023-11-05', 10, NULL, NULL, NULL, NULL, 27, '', '', 30, 180.00, 5400.00, '2'),
(28965, '2023-11-06 14:10:51', NULL, '2023-11-06', 10, NULL, NULL, NULL, NULL, 19, '', '', 20, 22.00, 440.00, '2'),
(28966, '2023-11-06 14:10:51', NULL, '2023-11-06', 10, NULL, NULL, NULL, NULL, 18, '', '', 40, 34.00, 1360.00, '2'),
(28967, '2023-11-06 14:10:51', NULL, '2023-11-06', 10, NULL, NULL, NULL, NULL, 27, '', '', 2, 180.00, 360.00, '2'),
(28968, '2023-11-06 14:10:51', NULL, '2023-11-06', 10, NULL, NULL, NULL, NULL, 17, '', '', 100, 66.00, 6600.00, '2'),
(28969, '2023-11-06 14:10:51', NULL, '2023-11-06', 10, NULL, NULL, NULL, NULL, 18, '', '', 100, 34.00, 3400.00, '2'),
(28970, '2023-11-06 14:10:51', NULL, '2023-11-06', 10, NULL, NULL, NULL, NULL, 19, '', '', 100, 22.00, 2200.00, '2'),
(28971, '2023-11-06 14:10:51', NULL, '2023-11-06', 10, NULL, NULL, NULL, NULL, 20, '', '', 20, 255.00, 5100.00, '2'),
(28972, '2023-11-06 14:10:51', NULL, '2023-11-06', 10, NULL, NULL, NULL, NULL, 26, '', '', 60, 180.00, 10800.00, '2'),
(28973, '2023-11-06 14:10:51', NULL, '2023-11-06', 10, NULL, NULL, NULL, NULL, 27, '', '', 30, 180.00, 5400.00, '2'),
(28974, '2023-11-07 09:13:27', NULL, '2023-11-07', 31, NULL, NULL, NULL, NULL, 20, '', '', 20, 255.00, 5100.00, '2'),
(28975, '2023-11-07 09:13:27', NULL, '2023-11-07', 31, NULL, NULL, NULL, NULL, 26, '', '', 20, 180.00, 3600.00, '2'),
(28976, '2023-11-07 13:33:58', NULL, '2023-11-07', 10, NULL, NULL, NULL, NULL, 19, '', '', 100, 22.00, 2200.00, '2'),
(28977, '2023-11-07 13:33:58', NULL, '2023-11-07', 10, NULL, NULL, NULL, NULL, 26, '', '', 50, 180.00, 9000.00, '2'),
(28978, '2023-11-07 13:33:58', NULL, '2023-11-07', 10, NULL, NULL, NULL, NULL, 27, '', '', 25, 180.00, 4500.00, '2'),
(28979, '2023-11-07 13:33:58', NULL, '2023-11-07', 10, NULL, NULL, NULL, NULL, 40, '', '', 10, 510.00, 5100.00, '2'),
(28980, '2023-11-08 13:05:24', NULL, '2023-11-08', 10, NULL, NULL, NULL, NULL, 17, '', '', 50, 66.00, 3300.00, '2'),
(28981, '2023-11-08 13:05:24', NULL, '2023-11-08', 10, NULL, NULL, NULL, NULL, 19, '', '', 50, 22.00, 1100.00, '2'),
(28982, '2023-11-08 13:05:24', NULL, '2023-11-08', 10, NULL, NULL, NULL, NULL, 20, '', '', 20, 255.00, 5100.00, '2'),
(28983, '2023-11-08 13:05:24', NULL, '2023-11-08', 10, NULL, NULL, NULL, NULL, 25, '', '', 30, 170.00, 5100.00, '2'),
(28984, '2023-11-08 13:05:24', NULL, '2023-11-08', 10, NULL, NULL, NULL, NULL, 26, '', '', 30, 180.00, 5400.00, '2'),
(28985, '2023-11-08 13:05:24', NULL, '2023-11-08', 10, NULL, NULL, NULL, NULL, 27, '', '', 20, 180.00, 3600.00, '2'),
(28986, '2023-11-09 09:54:10', NULL, '2023-11-09', 29, NULL, NULL, NULL, NULL, 60, '', '', 6, 120.00, 720.00, '2'),
(28987, '2023-11-09 09:54:10', NULL, '2023-11-09', 29, NULL, NULL, NULL, NULL, 61, '', '', 6, 120.00, 720.00, '2'),
(28988, '2023-11-09 09:54:10', NULL, '2023-11-09', 29, NULL, NULL, NULL, NULL, 62, '', '', 6, 120.00, 720.00, '2'),
(28989, '2023-11-09 09:54:10', NULL, '2023-11-09', 29, NULL, NULL, NULL, NULL, 63, '', '', 6, 100.00, 600.00, '2'),
(28990, '2023-11-09 09:54:10', NULL, '2023-11-09', 29, NULL, NULL, NULL, NULL, 64, '', '', 4, 120.00, 480.00, '2'),
(28991, '2023-11-09 09:54:10', NULL, '2023-11-09', 29, NULL, NULL, NULL, NULL, 14, '', '', 2, 270.00, 540.00, '2'),
(28992, '2023-11-09 09:54:10', NULL, '2023-11-09', 29, NULL, NULL, NULL, NULL, 18, '', '', 9, 45.00, 405.00, '2'),
(28993, '2023-11-09 09:54:10', NULL, '2023-11-09', 29, NULL, NULL, NULL, NULL, 66, '', '', 256, 5.00, 1280.00, '2'),
(28994, '2023-11-09 09:54:10', NULL, '2023-11-09', 29, NULL, NULL, NULL, NULL, 67, '', '', 192, 5.00, 960.00, '2'),
(28995, '2023-11-09 09:54:10', NULL, '2023-11-09', 29, NULL, NULL, NULL, NULL, 181, '', '', 16, 20.00, 320.00, '2'),
(28996, '2023-11-09 09:54:10', NULL, '2023-11-09', 29, NULL, NULL, NULL, NULL, 265, '', '', 70, 160.00, 11200.00, '2'),
(28997, '2023-11-09 13:13:48', NULL, '2023-11-09', 10, NULL, NULL, NULL, NULL, 16, '', '', 20, 99.00, 1980.00, '2'),
(28998, '2023-11-09 13:13:48', NULL, '2023-11-09', 10, NULL, NULL, NULL, NULL, 17, '', '', 50, 66.00, 3300.00, '2'),
(28999, '2023-11-09 13:13:48', NULL, '2023-11-09', 10, NULL, NULL, NULL, NULL, 18, '', '', 50, 34.00, 1700.00, '2'),
(29000, '2023-11-09 13:13:48', NULL, '2023-11-09', 10, NULL, NULL, NULL, NULL, 19, '', '', 50, 22.00, 1100.00, '2'),
(29001, '2023-11-09 13:13:48', NULL, '2023-11-09', 10, NULL, NULL, NULL, NULL, 20, '', '', 10, 255.00, 2550.00, '2'),
(29002, '2023-11-09 13:13:48', NULL, '2023-11-09', 10, NULL, NULL, NULL, NULL, 25, '', '', 20, 170.00, 3400.00, '2'),
(29003, '2023-11-09 13:13:48', NULL, '2023-11-09', 10, NULL, NULL, NULL, NULL, 26, '', '', 40, 180.00, 7200.00, '2'),
(29004, '2023-11-09 13:13:48', NULL, '2023-11-09', 10, NULL, NULL, NULL, NULL, 27, '', '', 20, 180.00, 3600.00, '2'),
(29005, '2023-11-10 09:23:33', NULL, '2023-11-10', 31, NULL, NULL, NULL, NULL, 20, '', '', 30, 255.00, 7650.00, '2'),
(29006, '2023-11-10 09:23:33', NULL, '2023-11-10', 31, NULL, NULL, NULL, NULL, 26, '', '', 10, 180.00, 1800.00, '2'),
(29007, '2023-11-10 13:40:42', NULL, '2023-11-10', 10, NULL, NULL, NULL, NULL, 17, '', '', 70, 66.00, 4620.00, '2'),
(29008, '2023-11-10 13:40:42', NULL, '2023-11-10', 10, NULL, NULL, NULL, NULL, 18, '', '', 50, 34.00, 1700.00, '2'),
(29009, '2023-11-10 13:40:42', NULL, '2023-11-10', 10, NULL, NULL, NULL, NULL, 19, '', '', 30, 22.00, 660.00, '2'),
(29010, '2023-11-10 13:40:42', NULL, '2023-11-10', 10, NULL, NULL, NULL, NULL, 26, '', '', 3, 180.00, 540.00, '2'),
(29011, '2023-11-10 13:40:42', NULL, '2023-11-10', 10, NULL, NULL, NULL, NULL, 17, '', '', 100, 66.00, 6600.00, '2'),
(29012, '2023-11-10 13:40:42', NULL, '2023-11-10', 10, NULL, NULL, NULL, NULL, 18, '', '', 100, 34.00, 3400.00, '2'),
(29013, '2023-11-10 13:40:42', NULL, '2023-11-10', 10, NULL, NULL, NULL, NULL, 19, '', '', 50, 22.00, 1100.00, '2'),
(29014, '2023-11-10 13:40:42', NULL, '2023-11-10', 10, NULL, NULL, NULL, NULL, 20, '', '', 20, 255.00, 5100.00, '2'),
(29015, '2023-11-10 13:40:42', NULL, '2023-11-10', 10, NULL, NULL, NULL, NULL, 25, '', '', 20, 170.00, 3400.00, '2'),
(29016, '2023-11-10 13:40:42', NULL, '2023-11-10', 10, NULL, NULL, NULL, NULL, 26, '', '', 50, 180.00, 9000.00, '2'),
(29017, '2023-11-10 13:40:42', NULL, '2023-11-10', 10, NULL, NULL, NULL, NULL, 27, '', '', 30, 180.00, 5400.00, '2'),
(29018, '2023-11-13 13:51:30', NULL, '2023-11-13', 10, NULL, NULL, NULL, NULL, 19, '', '', 150, 22.00, 3300.00, '2'),
(29019, '2023-11-13 13:51:30', NULL, '2023-11-13', 10, NULL, NULL, NULL, NULL, 17, '', '', 400, 66.00, 26400.00, '2'),
(29020, '2023-11-13 13:51:30', NULL, '2023-11-13', 10, NULL, NULL, NULL, NULL, 18, '', '', 50, 34.00, 1700.00, '2'),
(29021, '2023-11-13 13:51:30', NULL, '2023-11-13', 10, NULL, NULL, NULL, NULL, 20, '', '', 16, 255.00, 4080.00, '2'),
(29022, '2023-11-13 13:51:30', NULL, '2023-11-13', 10, NULL, NULL, NULL, NULL, 26, '', '', 60, 180.00, 10800.00, '2'),
(29023, '2023-11-13 13:51:30', NULL, '2023-11-13', 10, NULL, NULL, NULL, NULL, 27, '', '', 30, 180.00, 5400.00, '2'),
(29024, '2023-11-13 13:51:30', NULL, '2023-11-13', 10, NULL, NULL, NULL, NULL, 40, '', '', 10, 510.00, 5100.00, '2'),
(29025, '2023-11-13 13:51:30', NULL, '2023-11-13', 10, NULL, NULL, NULL, NULL, 17, '', '', 50, 66.00, 3300.00, '2'),
(29026, '2023-11-13 13:51:30', NULL, '2023-11-13', 10, NULL, NULL, NULL, NULL, 18, '', '', 50, 34.00, 1700.00, '2'),
(29027, '2023-11-13 13:51:30', NULL, '2023-11-13', 10, NULL, NULL, NULL, NULL, 19, '', '', 50, 22.00, 1100.00, '2'),
(29028, '2023-11-13 13:51:30', NULL, '2023-11-13', 10, NULL, NULL, NULL, NULL, 20, '', '', 10, 255.00, 2550.00, '2'),
(29029, '2023-11-13 13:51:30', NULL, '2023-11-13', 10, NULL, NULL, NULL, NULL, 25, '', '', 30, 170.00, 5100.00, '2'),
(29030, '2023-11-13 13:51:30', NULL, '2023-11-13', 10, NULL, NULL, NULL, NULL, 26, '', '', 60, 180.00, 10800.00, '2'),
(29031, '2023-11-13 13:51:30', NULL, '2023-11-13', 10, NULL, NULL, NULL, NULL, 27, '', '', 20, 180.00, 3600.00, '2'),
(29032, '2023-11-14 07:43:25', NULL, '2023-11-14', 12, NULL, NULL, NULL, NULL, 17, '', '', 350, 70.00, 24500.00, '2'),
(29033, '2023-11-14 07:43:25', NULL, '2023-11-14', 12, NULL, NULL, NULL, NULL, 26, '', '', 80, 180.00, 14400.00, '2'),
(29034, '2023-11-14 12:53:34', NULL, '2023-11-14', 10, NULL, NULL, NULL, NULL, 17, '', '', 60, 66.00, 3960.00, '2'),
(29035, '2023-11-14 12:53:34', NULL, '2023-11-14', 10, NULL, NULL, NULL, NULL, 18, '', '', 20, 34.00, 680.00, '2'),
(29036, '2023-11-14 12:53:34', NULL, '2023-11-14', 10, NULL, NULL, NULL, NULL, 17, '', '', 50, 66.00, 3300.00, '2'),
(29037, '2023-11-14 12:53:34', NULL, '2023-11-14', 10, NULL, NULL, NULL, NULL, 18, '', '', 50, 34.00, 1700.00, '2'),
(29038, '2023-11-14 12:53:34', NULL, '2023-11-14', 10, NULL, NULL, NULL, NULL, 20, '', '', 10, 255.00, 2550.00, '2'),
(29039, '2023-11-14 12:53:34', NULL, '2023-11-14', 10, NULL, NULL, NULL, NULL, 25, '', '', 20, 170.00, 3400.00, '2'),
(29040, '2023-11-14 12:53:34', NULL, '2023-11-14', 10, NULL, NULL, NULL, NULL, 26, '', '', 40, 180.00, 7200.00, '2'),
(29041, '2023-11-14 12:53:34', NULL, '2023-11-14', 10, NULL, NULL, NULL, NULL, 27, '', '', 30, 180.00, 5400.00, '2'),
(29042, '2023-11-14 12:44:06', NULL, '2023-11-14', 12, NULL, NULL, NULL, NULL, 15, '', '', 10, 140.00, 1400.00, '2'),
(29043, '2023-11-15 11:04:54', NULL, '2023-11-15', 31, NULL, NULL, NULL, NULL, 20, '', '', 20, 255.00, 5100.00, '2'),
(29044, '2023-11-15 12:42:59', NULL, '2023-11-15', 10, NULL, NULL, NULL, NULL, 18, '', '', 30, 34.00, 1020.00, '2'),
(29045, '2023-11-15 12:42:59', NULL, '2023-11-15', 10, NULL, NULL, NULL, NULL, 19, '', '', 50, 22.00, 1100.00, '2'),
(29046, '2023-11-15 12:42:59', NULL, '2023-11-15', 10, NULL, NULL, NULL, NULL, 17, '', '', 60, 66.00, 3960.00, '2'),
(29047, '2023-11-15 12:42:59', NULL, '2023-11-15', 10, NULL, NULL, NULL, NULL, 18, '', '', 60, 34.00, 2040.00, '2'),
(29048, '2023-11-15 12:42:59', NULL, '2023-11-15', 10, NULL, NULL, NULL, NULL, 19, '', '', 60, 22.00, 1320.00, '2'),
(29049, '2023-11-15 12:42:59', NULL, '2023-11-15', 10, NULL, NULL, NULL, NULL, 20, '', '', 10, 255.00, 2550.00, '2'),
(29050, '2023-11-15 12:42:59', NULL, '2023-11-15', 10, NULL, NULL, NULL, NULL, 25, '', '', 30, 170.00, 5100.00, '2'),
(29053, '2023-11-15 12:42:59', NULL, '2023-11-15', 10, NULL, NULL, NULL, NULL, 26, '', '', 57, 180.00, 10260.00, '2'),
(29052, '2023-11-15 12:42:59', NULL, '2023-11-15', 10, NULL, NULL, NULL, NULL, 27, '', '', 20, 180.00, 3600.00, '2'),
(29054, '2023-11-16 12:59:48', NULL, '2023-11-16', 10, NULL, NULL, NULL, NULL, 18, '', '', 60, 34.00, 2040.00, '2'),
(29055, '2023-11-16 12:59:48', NULL, '2023-11-16', 10, NULL, NULL, NULL, NULL, 19, '', '', 40, 22.00, 880.00, '2'),
(29056, '2023-11-16 12:59:48', NULL, '2023-11-16', 10, NULL, NULL, NULL, NULL, 26, '', '', 2, 180.00, 360.00, '2'),
(29057, '2023-11-16 12:59:48', NULL, '2023-11-16', 10, NULL, NULL, NULL, NULL, 27, '', '', 2, 180.00, 360.00, '2'),
(29058, '2023-11-16 12:59:48', NULL, '2023-11-16', 10, NULL, NULL, NULL, NULL, 17, '', '', 60, 66.00, 3960.00, '2'),
(29059, '2023-11-16 12:59:48', NULL, '2023-11-16', 10, NULL, NULL, NULL, NULL, 18, '', '', 60, 34.00, 2040.00, '2'),
(29060, '2023-11-16 12:59:48', NULL, '2023-11-16', 10, NULL, NULL, NULL, NULL, 19, '', '', 60, 22.00, 1320.00, '2'),
(29061, '2023-11-16 12:59:48', NULL, '2023-11-16', 10, NULL, NULL, NULL, NULL, 15, '', '', 5, 132.00, 660.00, '2'),
(29062, '2023-11-16 12:59:48', NULL, '2023-11-16', 10, NULL, NULL, NULL, NULL, 26, '', '', 30, 180.00, 5400.00, '2'),
(29063, '2023-11-16 12:59:48', NULL, '2023-11-16', 10, NULL, NULL, NULL, NULL, 27, '', '', 20, 180.00, 3600.00, '2'),
(29064, '2023-11-17 08:02:48', NULL, '2023-11-17', 35, NULL, NULL, NULL, NULL, 60, '', '', 5, 85.00, 425.00, '2'),
(29065, '2023-11-17 08:02:48', NULL, '2023-11-17', 35, NULL, NULL, NULL, NULL, 61, '', '', 5, 100.00, 500.00, '2'),
(29066, '2023-11-17 08:02:48', NULL, '2023-11-17', 35, NULL, NULL, NULL, NULL, 64, '', '', 5, 85.00, 425.00, '2'),
(29067, '2023-11-17 08:02:48', NULL, '2023-11-17', 35, NULL, NULL, NULL, NULL, 69, '', '', 20, 17.00, 340.00, '2'),
(29068, '2023-11-17 08:02:48', NULL, '2023-11-17', 35, NULL, NULL, NULL, NULL, 15, '', '', 2, 130.00, 260.00, '2'),
(29069, '2023-11-17 08:02:48', NULL, '2023-11-17', 35, NULL, NULL, NULL, NULL, 17, '', '', 10, 65.00, 650.00, '2'),
(29070, '2023-11-17 08:02:48', NULL, '2023-11-17', 35, NULL, NULL, NULL, NULL, 18, '', '', 10, 32.50, 325.00, '2'),
(29071, '2023-11-17 08:02:48', NULL, '2023-11-17', 35, NULL, NULL, NULL, NULL, 20, '', '', 2, 240.00, 480.00, '2'),
(29072, '2023-11-17 08:02:48', NULL, '2023-11-17', 35, NULL, NULL, NULL, NULL, 60, '', '', 5, 85.00, 425.00, '2'),
(29073, '2023-11-17 08:02:48', NULL, '2023-11-17', 35, NULL, NULL, NULL, NULL, 61, '', '', 5, 100.00, 500.00, '2'),
(29074, '2023-11-17 08:02:48', NULL, '2023-11-17', 35, NULL, NULL, NULL, NULL, 62, '', '', 5, 85.00, 425.00, '2'),
(29077, '2023-11-17 08:02:48', NULL, '2023-11-17', 35, NULL, NULL, NULL, NULL, 64, '', '', 5, 85.00, 425.00, '2'),
(29076, '2023-11-17 08:02:48', NULL, '2023-11-17', 35, NULL, NULL, NULL, NULL, 63, '', '', 10, 70.00, 700.00, '2'),
(29078, '2023-11-17 09:50:58', NULL, '2023-11-17', 31, NULL, NULL, NULL, NULL, 20, '', '', 30, 255.00, 7650.00, '2'),
(29079, '2023-11-17 14:10:18', NULL, '2023-11-17', 10, NULL, NULL, NULL, NULL, 17, '', '', 120, 66.00, 7920.00, '2'),
(29080, '2023-11-17 14:10:18', NULL, '2023-11-17', 10, NULL, NULL, NULL, NULL, 18, '', '', 100, 34.00, 3400.00, '2'),
(29081, '2023-11-17 14:10:18', NULL, '2023-11-17', 10, NULL, NULL, NULL, NULL, 19, '', '', 100, 22.00, 2200.00, '2'),
(29082, '2023-11-17 14:10:18', NULL, '2023-11-17', 10, NULL, NULL, NULL, NULL, 20, '', '', 29, 255.00, 7395.00, '2'),
(29083, '2023-11-17 14:10:18', NULL, '2023-11-17', 10, NULL, NULL, NULL, NULL, 26, '', '', 57, 180.00, 10260.00, '2'),
(29084, '2023-11-17 14:10:18', NULL, '2023-11-17', 10, NULL, NULL, NULL, NULL, 27, '', '', 8, 180.00, 1440.00, '2'),
(29085, '2023-11-17 14:10:18', NULL, '2023-11-17', 10, NULL, NULL, NULL, NULL, 17, '', '', 50, 66.00, 3300.00, '2'),
(29086, '2023-11-17 14:10:18', NULL, '2023-11-17', 10, NULL, NULL, NULL, NULL, 26, '', '', 2, 180.00, 360.00, '2'),
(29087, '2023-11-17 14:10:18', NULL, '2023-11-17', 10, NULL, NULL, NULL, NULL, 27, '', '', 2, 180.00, 360.00, '2'),
(29088, '2023-11-17 14:10:18', NULL, '2023-11-17', 10, NULL, NULL, NULL, NULL, 17, '', '', 30, 66.00, 1980.00, '2'),
(29089, '2023-11-17 14:10:18', NULL, '2023-11-17', 10, NULL, NULL, NULL, NULL, 18, '', '', 20, 34.00, 680.00, '2'),
(29090, '2023-11-18 08:46:35', NULL, '2023-11-18', 29, NULL, NULL, NULL, NULL, 60, '', '', 4, 120.00, 480.00, '2'),
(29091, '2023-11-18 08:46:35', NULL, '2023-11-18', 29, NULL, NULL, NULL, NULL, 61, '', '', 4, 120.00, 480.00, '2'),
(29092, '2023-11-18 08:46:35', NULL, '2023-11-18', 29, NULL, NULL, NULL, NULL, 62, '', '', 4, 120.00, 480.00, '2'),
(29093, '2023-11-18 08:46:35', NULL, '2023-11-18', 29, NULL, NULL, NULL, NULL, 63, '', '', 4, 100.00, 400.00, '2'),
(29094, '2023-11-18 08:46:35', NULL, '2023-11-18', 29, NULL, NULL, NULL, NULL, 64, '', '', 3, 120.00, 360.00, '2'),
(29095, '2023-11-18 08:46:35', NULL, '2023-11-18', 29, NULL, NULL, NULL, NULL, 65, '', '', 1, 600.00, 600.00, '2'),
(29096, '2023-11-18 08:46:35', NULL, '2023-11-18', 29, NULL, NULL, NULL, NULL, 15, '', '', 2, 180.00, 360.00, '2'),
(29097, '2023-11-18 08:46:35', NULL, '2023-11-18', 29, NULL, NULL, NULL, NULL, 18, '', '', 9, 45.00, 405.00, '2'),
(29098, '2023-11-18 08:46:35', NULL, '2023-11-18', 29, NULL, NULL, NULL, NULL, 67, '', '', 144, 5.00, 720.00, '2'),
(29099, '2023-11-18 08:46:35', NULL, '2023-11-18', 29, NULL, NULL, NULL, NULL, 181, '', '', 14, 20.00, 280.00, '2'),
(29100, '2023-11-18 08:48:35', NULL, '2023-11-18', 29, NULL, NULL, NULL, NULL, 60, '', '', 4, 120.00, 480.00, '2'),
(29101, '2023-11-18 08:48:35', NULL, '2023-11-18', 29, NULL, NULL, NULL, NULL, 61, '', '', 4, 120.00, 480.00, '2'),
(29102, '2023-11-18 08:48:35', NULL, '2023-11-18', 29, NULL, NULL, NULL, NULL, 62, '', '', 4, 120.00, 480.00, '2'),
(29103, '2023-11-18 08:48:35', NULL, '2023-11-18', 29, NULL, NULL, NULL, NULL, 63, '', '', 4, 100.00, 400.00, '2'),
(29104, '2023-11-18 08:48:35', NULL, '2023-11-18', 29, NULL, NULL, NULL, NULL, 64, '', '', 3, 120.00, 360.00, '2'),
(29105, '2023-11-18 08:48:35', NULL, '2023-11-18', 29, NULL, NULL, NULL, NULL, 15, '', '', 2, 180.00, 360.00, '2'),
(29106, '2023-11-18 08:48:35', NULL, '2023-11-18', 29, NULL, NULL, NULL, NULL, 18, '', '', 9, 45.00, 405.00, '2'),
(29107, '2023-11-18 08:48:35', NULL, '2023-11-18', 29, NULL, NULL, NULL, NULL, 181, '', '', 12, 20.00, 240.00, '2'),
(29108, '2023-11-18 13:18:08', NULL, '2023-11-18', 10, NULL, NULL, NULL, NULL, 19, '', '', 40, 22.00, 880.00, '2'),
(29109, '2023-11-18 13:18:08', NULL, '2023-11-18', 10, NULL, NULL, NULL, NULL, 18, '', '', 30, 34.00, 1020.00, '2'),
(29110, '2023-11-18 13:18:08', NULL, '2023-11-18', 10, NULL, NULL, NULL, NULL, 17, '', '', 30, 66.00, 1980.00, '2'),
(29111, '2023-11-18 13:18:08', NULL, '2023-11-18', 10, NULL, NULL, NULL, NULL, 15, '', '', 10, 132.00, 1320.00, '2'),
(29112, '2023-11-18 13:18:08', NULL, '2023-11-18', 10, NULL, NULL, NULL, NULL, 17, '', '', 100, 66.00, 6600.00, '2'),
(29113, '2023-11-18 13:18:08', NULL, '2023-11-18', 10, NULL, NULL, NULL, NULL, 18, '', '', 50, 34.00, 1700.00, '2'),
(29114, '2023-11-18 13:18:08', NULL, '2023-11-18', 10, NULL, NULL, NULL, NULL, 19, '', '', 50, 22.00, 1100.00, '2'),
(29115, '2023-11-18 13:18:08', NULL, '2023-11-18', 10, NULL, NULL, NULL, NULL, 20, '', '', 11, 255.00, 2805.00, '2'),
(29116, '2023-11-18 13:18:08', NULL, '2023-11-18', 10, NULL, NULL, NULL, NULL, 25, '', '', 30, 170.00, 5100.00, '2'),
(29117, '2023-11-18 13:18:08', NULL, '2023-11-18', 10, NULL, NULL, NULL, NULL, 40, '', '', 10, 510.00, 5100.00, '2'),
(29118, '2023-11-18 13:18:08', NULL, '2023-11-18', 10, NULL, NULL, NULL, NULL, 26, '', '', 20, 180.00, 3600.00, '2'),
(29119, '2023-11-19 13:30:35', NULL, '2023-11-19', 10, NULL, NULL, NULL, NULL, 18, '', '', 60, 34.00, 2040.00, '2'),
(29120, '2023-11-19 13:30:35', NULL, '2023-11-19', 10, NULL, NULL, NULL, NULL, 17, '', '', 100, 66.00, 6600.00, '2'),
(29121, '2023-11-19 13:30:35', NULL, '2023-11-19', 10, NULL, NULL, NULL, NULL, 25, '', '', 13, 170.00, 2210.00, '2'),
(29122, '2023-11-19 13:30:35', NULL, '2023-11-19', 10, NULL, NULL, NULL, NULL, 26, '', '', 45, 180.00, 8100.00, '2'),
(29123, '2023-11-19 13:30:35', NULL, '2023-11-19', 10, NULL, NULL, NULL, NULL, 27, '', '', 24, 180.00, 4320.00, '2'),
(29124, '2023-11-20 13:55:51', NULL, '2023-11-20', 10, NULL, NULL, NULL, NULL, 17, '', '', 100, 66.00, 6600.00, '2'),
(29125, '2023-11-20 13:55:51', NULL, '2023-11-20', 10, NULL, NULL, NULL, NULL, 18, '', '', 100, 34.00, 3400.00, '2'),
(29126, '2023-11-20 13:55:51', NULL, '2023-11-20', 10, NULL, NULL, NULL, NULL, 19, '', '', 50, 22.00, 1100.00, '2'),
(29127, '2023-11-20 13:55:51', NULL, '2023-11-20', 10, NULL, NULL, NULL, NULL, 20, '', '', 28, 255.00, 7140.00, '2'),
(29128, '2023-11-20 13:55:51', NULL, '2023-11-20', 10, NULL, NULL, NULL, NULL, 26, '', '', 45, 180.00, 8100.00, '2'),
(29129, '2023-11-20 13:55:51', NULL, '2023-11-20', 10, NULL, NULL, NULL, NULL, 27, '', '', 34, 180.00, 6120.00, '2'),
(29130, '2023-11-21 13:53:41', NULL, '2023-11-21', 10, NULL, NULL, NULL, NULL, 15, '', '', 3, 132.00, 396.00, '2'),
(29131, '2023-11-21 13:53:41', NULL, '2023-11-21', 10, NULL, NULL, NULL, NULL, 17, '', '', 60, 66.00, 3960.00, '2'),
(29132, '2023-11-21 13:53:41', NULL, '2023-11-21', 10, NULL, NULL, NULL, NULL, 18, '', '', 60, 34.00, 2040.00, '2'),
(29133, '2023-11-21 13:53:41', NULL, '2023-11-21', 10, NULL, NULL, NULL, NULL, 19, '', '', 60, 22.00, 1320.00, '2'),
(29134, '2023-11-21 13:53:41', NULL, '2023-11-21', 10, NULL, NULL, NULL, NULL, 20, '', '', 10, 255.00, 2550.00, '2'),
(29135, '2023-11-21 13:53:41', NULL, '2023-11-21', 10, NULL, NULL, NULL, NULL, 26, '', '', 39, 180.00, 7020.00, '2'),
(29136, '2023-11-21 13:53:41', NULL, '2023-11-21', 10, NULL, NULL, NULL, NULL, 25, '', '', 21, 170.00, 3570.00, '2'),
(29137, '2023-11-22 09:09:03', NULL, '2023-11-22', 31, NULL, NULL, NULL, NULL, 20, '', '', 30, 255.00, 7650.00, '2'),
(29138, '2023-11-22 09:09:03', NULL, '2023-11-22', 31, NULL, NULL, NULL, NULL, 26, '', '', 10, 180.00, 1800.00, '2'),
(29139, '2023-11-22 12:44:06', NULL, '2023-11-22', 10, NULL, NULL, NULL, NULL, 17, '', '', 50, 66.00, 3300.00, '2'),
(29140, '2023-11-22 12:44:06', NULL, '2023-11-22', 10, NULL, NULL, NULL, NULL, 18, '', '', 60, 34.00, 2040.00, '2'),
(29141, '2023-11-22 12:44:06', NULL, '2023-11-22', 10, NULL, NULL, NULL, NULL, 19, '', '', 60, 22.00, 1320.00, '2'),
(29142, '2023-11-22 12:44:06', NULL, '2023-11-22', 10, NULL, NULL, NULL, NULL, 20, '', '', 10, 255.00, 2550.00, '2'),
(29143, '2023-11-22 12:44:06', NULL, '2023-11-22', 10, NULL, NULL, NULL, NULL, 25, '', '', 25, 170.00, 4250.00, '2'),
(29144, '2023-11-22 12:44:06', NULL, '2023-11-22', 10, NULL, NULL, NULL, NULL, 26, '', '', 60, 180.00, 10800.00, '2'),
(29145, '2023-11-22 12:44:06', NULL, '2023-11-22', 10, NULL, NULL, NULL, NULL, 27, '', '', 47, 180.00, 8460.00, '2'),
(29146, '2023-11-23 10:30:32', NULL, '2023-11-23', 11, NULL, NULL, NULL, NULL, 18, '', '', 100, 34.00, 3400.00, '2'),
(29147, '2023-11-23 10:30:32', NULL, '2023-11-23', 11, NULL, NULL, NULL, NULL, 17, '', '', 70, 66.00, 4620.00, '2'),
(29148, '2023-11-23 13:02:48', NULL, '2023-11-23', 10, NULL, NULL, NULL, NULL, 15, '', '', 10, 132.00, 1320.00, '2'),
(29149, '2023-11-23 13:02:48', NULL, '2023-11-23', 10, NULL, NULL, NULL, NULL, 16, '', '', 30, 99.00, 2970.00, '2'),
(29150, '2023-11-23 13:02:48', NULL, '2023-11-23', 10, NULL, NULL, NULL, NULL, 17, '', '', 50, 66.00, 3300.00, '2'),
(29151, '2023-11-23 13:02:48', NULL, '2023-11-23', 10, NULL, NULL, NULL, NULL, 18, '', '', 50, 34.00, 1700.00, '2'),
(29152, '2023-11-23 13:02:48', NULL, '2023-11-23', 10, NULL, NULL, NULL, NULL, 19, '', '', 50, 22.00, 1100.00, '2'),
(29153, '2023-11-23 13:02:48', NULL, '2023-11-23', 10, NULL, NULL, NULL, NULL, 20, '', '', 20, 255.00, 5100.00, '2'),
(29154, '2023-11-23 13:02:48', NULL, '2023-11-23', 10, NULL, NULL, NULL, NULL, 26, '', '', 60, 180.00, 10800.00, '2'),
(29155, '2023-11-23 13:02:48', NULL, '2023-11-23', 10, NULL, NULL, NULL, NULL, 27, '', '', 30, 180.00, 5400.00, '2'),
(29156, '2023-11-24 08:47:03', NULL, '2023-11-24', 29, NULL, NULL, NULL, NULL, 15, '', '', 2, 180.00, 360.00, '2'),
(29157, '2023-11-24 08:47:03', NULL, '2023-11-24', 29, NULL, NULL, NULL, NULL, 65, '', '', 1, 600.00, 600.00, '2'),
(29158, '2023-11-24 08:47:03', NULL, '2023-11-24', 29, NULL, NULL, NULL, NULL, 18, '', '', 9, 45.00, 405.00, '2'),
(29159, '2023-11-24 08:47:03', NULL, '2023-11-24', 29, NULL, NULL, NULL, NULL, 54, '', '', 144, 10.00, 1440.00, '2'),
(29160, '2023-11-24 08:47:03', NULL, '2023-11-24', 29, NULL, NULL, NULL, NULL, 60, '', '', 4, 120.00, 480.00, '2'),
(29161, '2023-11-24 08:47:03', NULL, '2023-11-24', 29, NULL, NULL, NULL, NULL, 61, '', '', 4, 120.00, 480.00, '2'),
(29162, '2023-11-24 08:47:03', NULL, '2023-11-24', 29, NULL, NULL, NULL, NULL, 63, '', '', 4, 100.00, 400.00, '2'),
(29163, '2023-11-24 08:47:03', NULL, '2023-11-24', 29, NULL, NULL, NULL, NULL, 62, '', '', 4, 120.00, 480.00, '2'),
(29164, '2023-11-24 08:47:03', NULL, '2023-11-24', 29, NULL, NULL, NULL, NULL, 64, '', '', 3, 120.00, 360.00, '2'),
(29165, '2023-11-24 08:47:03', NULL, '2023-11-24', 29, NULL, NULL, NULL, NULL, 181, '', '', 14, 20.00, 280.00, '2'),
(29166, '2023-11-24 08:49:39', NULL, '2023-11-24', 29, NULL, NULL, NULL, NULL, 60, '', '', 4, 120.00, 480.00, '2'),
(29167, '2023-11-24 08:49:39', NULL, '2023-11-24', 29, NULL, NULL, NULL, NULL, 61, '', '', 4, 120.00, 480.00, '2'),
(29168, '2023-11-24 08:49:39', NULL, '2023-11-24', 29, NULL, NULL, NULL, NULL, 62, '', '', 4, 120.00, 480.00, '2'),
(29169, '2023-11-24 08:49:39', NULL, '2023-11-24', 29, NULL, NULL, NULL, NULL, 63, '', '', 4, 100.00, 400.00, '2'),
(29170, '2023-11-24 08:49:39', NULL, '2023-11-24', 29, NULL, NULL, NULL, NULL, 64, '', '', 3, 120.00, 360.00, '2'),
(29171, '2023-11-24 08:49:39', NULL, '2023-11-24', 29, NULL, NULL, NULL, NULL, 15, '', '', 2, 180.00, 360.00, '2'),
(29172, '2023-11-24 08:49:39', NULL, '2023-11-24', 29, NULL, NULL, NULL, NULL, 18, '', '', 9, 45.00, 405.00, '2'),
(29173, '2023-11-24 08:49:39', NULL, '2023-11-24', 29, NULL, NULL, NULL, NULL, 66, '', '', 168, 5.00, 840.00, '2'),
(29174, '2023-11-24 08:49:39', NULL, '2023-11-24', 29, NULL, NULL, NULL, NULL, 68, '', '', 120, 5.00, 600.00, '2'),
(29175, '2023-11-24 08:49:39', NULL, '2023-11-24', 29, NULL, NULL, NULL, NULL, 181, '', '', 16, 20.00, 320.00, '2'),
(29176, '2023-11-24 08:52:24', NULL, '2023-11-24', 29, NULL, NULL, NULL, NULL, 60, '', '', 6, 120.00, 720.00, '2'),
(29177, '2023-11-24 08:52:24', NULL, '2023-11-24', 29, NULL, NULL, NULL, NULL, 61, '', '', 6, 120.00, 720.00, '2'),
(29178, '2023-11-24 08:52:24', NULL, '2023-11-24', 29, NULL, NULL, NULL, NULL, 62, '', '', 6, 120.00, 720.00, '2'),
(29179, '2023-11-24 08:52:24', NULL, '2023-11-24', 29, NULL, NULL, NULL, NULL, 63, '', '', 6, 100.00, 600.00, '2'),
(29180, '2023-11-24 08:52:24', NULL, '2023-11-24', 29, NULL, NULL, NULL, NULL, 64, '', '', 4, 120.00, 480.00, '2'),
(29181, '2023-11-24 08:52:24', NULL, '2023-11-24', 29, NULL, NULL, NULL, NULL, 17, '', '', 9, 90.00, 810.00, '2'),
(29182, '2023-11-24 08:52:24', NULL, '2023-11-24', 29, NULL, NULL, NULL, NULL, 18, '', '', 20, 45.00, 900.00, '2'),
(29183, '2023-11-24 08:52:24', NULL, '2023-11-24', 29, NULL, NULL, NULL, NULL, 66, '', '', 256, 5.00, 1280.00, '2'),
(29184, '2023-11-24 08:52:24', NULL, '2023-11-24', 29, NULL, NULL, NULL, NULL, 67, '', '', 192, 5.00, 960.00, '2'),
(29185, '2023-11-24 08:52:24', NULL, '2023-11-24', 29, NULL, NULL, NULL, NULL, 181, '', '', 18, 20.00, 360.00, '2'),
(29186, '2023-11-24 08:52:24', NULL, '2023-11-24', 29, NULL, NULL, NULL, NULL, 17, '', '', 15, 90.00, 1350.00, '2'),
(29187, '2023-11-24 08:52:24', NULL, '2023-11-24', 29, NULL, NULL, NULL, NULL, 17, '', '', 10, 90.00, 900.00, '2'),
(29188, '2023-11-24 09:38:38', NULL, '2023-11-24', 31, NULL, NULL, NULL, NULL, 20, '', '', 30, 255.00, 7650.00, '2');
INSERT INTO `order_p` (`od_id`, `od_code`, `invoice_no`, `od_date`, `cus_id`, `cus_name`, `cus_phone`, `cus_address`, `cus_taxid`, `pd_id`, `pd_name`, `unit_name`, `od_num`, `od_priceperunit`, `od_total`, `od_status`) VALUES
(29189, '2023-11-24 09:38:38', NULL, '2023-11-24', 31, NULL, NULL, NULL, NULL, 26, '', '', 10, 180.00, 1800.00, '2'),
(29190, '2023-11-24 12:40:09', NULL, '2023-11-24', 29, NULL, NULL, NULL, NULL, 60, '', '', 6, 120.00, 720.00, '2'),
(29191, '2023-11-24 12:40:09', NULL, '2023-11-24', 29, NULL, NULL, NULL, NULL, 61, '', '', 6, 120.00, 720.00, '2'),
(29192, '2023-11-24 12:40:09', NULL, '2023-11-24', 29, NULL, NULL, NULL, NULL, 62, '', '', 6, 120.00, 720.00, '2'),
(29193, '2023-11-24 12:40:09', NULL, '2023-11-24', 29, NULL, NULL, NULL, NULL, 63, '', '', 6, 100.00, 600.00, '2'),
(29194, '2023-11-24 12:40:09', NULL, '2023-11-24', 29, NULL, NULL, NULL, NULL, 64, '', '', 4, 120.00, 480.00, '2'),
(29195, '2023-11-24 12:40:09', NULL, '2023-11-24', 29, NULL, NULL, NULL, NULL, 14, '', '', 2, 270.00, 540.00, '2'),
(29196, '2023-11-24 12:40:09', NULL, '2023-11-24', 29, NULL, NULL, NULL, NULL, 18, '', '', 9, 45.00, 405.00, '2'),
(29197, '2023-11-24 12:40:09', NULL, '2023-11-24', 29, NULL, NULL, NULL, NULL, 66, '', '', 256, 5.00, 1280.00, '2'),
(29198, '2023-11-24 13:23:20', NULL, '2023-11-24', 10, NULL, NULL, NULL, NULL, 17, '', '', 100, 66.00, 6600.00, '2'),
(29199, '2023-11-24 13:23:20', NULL, '2023-11-24', 10, NULL, NULL, NULL, NULL, 18, '', '', 50, 34.00, 1700.00, '2'),
(29200, '2023-11-24 13:23:20', NULL, '2023-11-24', 10, NULL, NULL, NULL, NULL, 19, '', '', 30, 22.00, 660.00, '2'),
(29201, '2023-11-24 13:23:20', NULL, '2023-11-24', 10, NULL, NULL, NULL, NULL, 27, '', '', 4, 180.00, 720.00, '2'),
(29202, '2023-11-24 13:23:20', NULL, '2023-11-24', 10, NULL, NULL, NULL, NULL, 17, '', '', 150, 66.00, 9900.00, '2'),
(29203, '2023-11-24 13:23:20', NULL, '2023-11-24', 10, NULL, NULL, NULL, NULL, 18, '', '', 150, 34.00, 5100.00, '2'),
(29204, '2023-11-24 13:23:20', NULL, '2023-11-24', 10, NULL, NULL, NULL, NULL, 19, '', '', 150, 22.00, 3300.00, '2'),
(29205, '2023-11-24 13:23:20', NULL, '2023-11-24', 10, NULL, NULL, NULL, NULL, 25, '', '', 20, 170.00, 3400.00, '2'),
(29206, '2023-11-24 13:23:20', NULL, '2023-11-24', 10, NULL, NULL, NULL, NULL, 26, '', '', 70, 180.00, 12600.00, '2'),
(29207, '2023-11-24 13:23:20', NULL, '2023-11-24', 10, NULL, NULL, NULL, NULL, 27, '', '', 21, 180.00, 3780.00, '2'),
(29208, '2023-11-25 08:02:54', NULL, '2023-11-25', 29, NULL, NULL, NULL, NULL, 60, '', '', 6, 120.00, 720.00, '2'),
(29209, '2023-11-25 08:02:54', NULL, '2023-11-25', 29, NULL, NULL, NULL, NULL, 61, '', '', 6, 120.00, 720.00, '2'),
(29210, '2023-11-25 08:02:54', NULL, '2023-11-25', 29, NULL, NULL, NULL, NULL, 62, '', '', 6, 120.00, 720.00, '2'),
(29211, '2023-11-25 08:02:54', NULL, '2023-11-25', 29, NULL, NULL, NULL, NULL, 63, '', '', 6, 100.00, 600.00, '2'),
(29212, '2023-11-25 08:02:54', NULL, '2023-11-25', 29, NULL, NULL, NULL, NULL, 64, '', '', 4, 120.00, 480.00, '2'),
(29213, '2023-11-25 08:02:54', NULL, '2023-11-25', 29, NULL, NULL, NULL, NULL, 65, '', '', 1, 600.00, 600.00, '2'),
(29214, '2023-11-25 08:02:54', NULL, '2023-11-25', 29, NULL, NULL, NULL, NULL, 229, '', '', 2, 450.00, 900.00, '2'),
(29215, '2023-11-25 08:02:54', NULL, '2023-11-25', 29, NULL, NULL, NULL, NULL, 18, '', '', 9, 45.00, 405.00, '2'),
(29216, '2023-11-25 08:02:54', NULL, '2023-11-25', 29, NULL, NULL, NULL, NULL, 66, '', '', 256, 5.00, 1280.00, '2'),
(29217, '2023-11-25 08:02:54', NULL, '2023-11-25', 29, NULL, NULL, NULL, NULL, 181, '', '', 14, 20.00, 280.00, '2'),
(29218, '2023-11-25 12:40:40', NULL, '2023-11-25', 10, NULL, NULL, NULL, NULL, 15, '', '', 10, 132.00, 1320.00, '2'),
(29219, '2023-11-25 12:40:40', NULL, '2023-11-25', 10, NULL, NULL, NULL, NULL, 17, '', '', 100, 66.00, 6600.00, '2'),
(29220, '2023-11-25 12:40:40', NULL, '2023-11-25', 10, NULL, NULL, NULL, NULL, 18, '', '', 100, 34.00, 3400.00, '2'),
(29221, '2023-11-25 12:40:40', NULL, '2023-11-25', 10, NULL, NULL, NULL, NULL, 19, '', '', 100, 22.00, 2200.00, '2'),
(29222, '2023-11-25 12:40:40', NULL, '2023-11-25', 10, NULL, NULL, NULL, NULL, 20, '', '', 20, 255.00, 5100.00, '2'),
(29223, '2023-11-25 12:40:40', NULL, '2023-11-25', 10, NULL, NULL, NULL, NULL, 25, '', '', 25, 170.00, 4250.00, '2'),
(29224, '2023-11-25 12:40:40', NULL, '2023-11-25', 10, NULL, NULL, NULL, NULL, 26, '', '', 40, 180.00, 7200.00, '2'),
(29225, '2023-11-25 12:40:40', NULL, '2023-11-25', 10, NULL, NULL, NULL, NULL, 27, '', '', 20, 180.00, 3600.00, '2'),
(29226, '2023-11-26 13:10:08', NULL, '2023-11-26', 10, NULL, NULL, NULL, NULL, 19, '', '', 50, 22.00, 1100.00, '2'),
(29227, '2023-11-26 13:10:08', NULL, '2023-11-26', 10, NULL, NULL, NULL, NULL, 18, '', '', 100, 34.00, 3400.00, '2'),
(29228, '2023-11-26 13:10:08', NULL, '2023-11-26', 10, NULL, NULL, NULL, NULL, 19, '', '', 100, 22.00, 2200.00, '2'),
(29229, '2023-11-26 13:10:08', NULL, '2023-11-26', 10, NULL, NULL, NULL, NULL, 40, '', '', 10, 510.00, 5100.00, '2'),
(29230, '2023-11-26 13:10:08', NULL, '2023-11-26', 10, NULL, NULL, NULL, NULL, 26, '', '', 20, 180.00, 3600.00, '2'),
(29233, '2023-11-26 13:10:08', NULL, '2023-11-26', 10, NULL, NULL, NULL, NULL, 27, '', '', 15, 180.00, 2700.00, '2'),
(29234, '2023-11-26 13:10:08', NULL, '2023-11-26', 10, NULL, NULL, NULL, NULL, 20, '', '', 20, 255.00, 5100.00, '2'),
(29235, '2023-11-27 10:27:15', NULL, '2023-11-27', 31, NULL, NULL, NULL, NULL, 20, '', '', 20, 255.00, 5100.00, '2'),
(29236, '2023-11-27 13:11:55', NULL, '2023-11-27', 10, NULL, NULL, NULL, NULL, 228, '', '', 45, 122.00, 5490.00, '2'),
(29237, '2023-11-27 13:11:55', NULL, '2023-11-27', 10, NULL, NULL, NULL, NULL, 17, '', '', 150, 66.00, 9900.00, '2'),
(29238, '2023-11-27 13:11:55', NULL, '2023-11-27', 10, NULL, NULL, NULL, NULL, 18, '', '', 150, 34.00, 5100.00, '2'),
(29239, '2023-11-27 13:11:55', NULL, '2023-11-27', 10, NULL, NULL, NULL, NULL, 20, '', '', 11, 255.00, 2805.00, '2'),
(29240, '2023-11-27 13:11:55', NULL, '2023-11-27', 10, NULL, NULL, NULL, NULL, 25, '', '', 30, 170.00, 5100.00, '2'),
(29241, '2023-11-27 13:11:55', NULL, '2023-11-27', 10, NULL, NULL, NULL, NULL, 26, '', '', 60, 180.00, 10800.00, '2'),
(29242, '2023-11-27 13:11:55', NULL, '2023-11-27', 10, NULL, NULL, NULL, NULL, 27, '', '', 32, 180.00, 5760.00, '2'),
(29243, '2023-11-28 13:30:53', NULL, '2023-11-28', 10, NULL, NULL, NULL, NULL, 17, '', '', 40, 66.00, 2640.00, '2'),
(29244, '2023-11-28 13:30:53', NULL, '2023-11-28', 10, NULL, NULL, NULL, NULL, 17, '', '', 40, 66.00, 2640.00, '2'),
(29245, '2023-11-28 13:30:53', NULL, '2023-11-28', 10, NULL, NULL, NULL, NULL, 18, '', '', 45, 34.00, 1530.00, '2'),
(29246, '2023-11-28 13:30:53', NULL, '2023-11-28', 10, NULL, NULL, NULL, NULL, 19, '', '', 20, 22.00, 440.00, '2'),
(29247, '2023-11-28 13:30:53', NULL, '2023-11-28', 10, NULL, NULL, NULL, NULL, 19, '', '', 50, 22.00, 1100.00, '2'),
(29248, '2023-11-28 13:30:53', NULL, '2023-11-28', 10, NULL, NULL, NULL, NULL, 20, '', '', 5, 255.00, 1275.00, '2'),
(29249, '2023-11-28 13:30:53', NULL, '2023-11-28', 10, NULL, NULL, NULL, NULL, 25, '', '', 9, 170.00, 1530.00, '2'),
(29250, '2023-11-28 13:30:53', NULL, '2023-11-28', 10, NULL, NULL, NULL, NULL, 26, '', '', 30, 180.00, 5400.00, '2'),
(29251, '2023-11-28 13:30:53', NULL, '2023-11-28', 10, NULL, NULL, NULL, NULL, 27, '', '', 21, 180.00, 3780.00, '2'),
(29252, '2023-11-29 08:45:37', NULL, '2023-11-29', 31, NULL, NULL, NULL, NULL, 20, '', '', 30, 255.00, 7650.00, '2'),
(29253, '2023-11-29 08:45:37', NULL, '2023-11-29', 31, NULL, NULL, NULL, NULL, 26, '', '', 20, 180.00, 3600.00, '2'),
(29254, '2023-11-30 09:52:20', NULL, '2023-11-30', 10, NULL, NULL, NULL, NULL, 19, '', '', 100, 22.00, 2200.00, '2'),
(29255, '2023-11-30 09:52:20', NULL, '2023-11-30', 10, NULL, NULL, NULL, NULL, 18, '', '', 100, 34.00, 3400.00, '2'),
(29256, '2023-11-30 09:52:20', NULL, '2023-11-30', 10, NULL, NULL, NULL, NULL, 17, '', '', 100, 66.00, 6600.00, '2'),
(29257, '2023-11-30 09:52:20', NULL, '2023-11-30', 10, NULL, NULL, NULL, NULL, 16, '', '', 20, 99.00, 1980.00, '2'),
(29258, '2023-11-30 09:52:20', NULL, '2023-11-30', 10, NULL, NULL, NULL, NULL, 15, '', '', 20, 132.00, 2640.00, '2'),
(29259, '2023-11-30 09:52:20', NULL, '2023-11-30', 10, NULL, NULL, NULL, NULL, 228, '', '', 50, 122.00, 6100.00, '2'),
(29260, '2023-11-30 09:52:20', NULL, '2023-11-30', 10, NULL, NULL, NULL, NULL, 19, '', '', 300, 22.00, 6600.00, '2'),
(29261, '2023-11-30 09:52:20', NULL, '2023-11-30', 10, NULL, NULL, NULL, NULL, 18, '', '', 300, 34.00, 10200.00, '2'),
(29262, '2023-11-30 09:52:20', NULL, '2023-11-30', 10, NULL, NULL, NULL, NULL, 17, '', '', 300, 66.00, 19800.00, '2'),
(29263, '2023-11-30 09:52:20', NULL, '2023-11-30', 10, NULL, NULL, NULL, NULL, 16, '', '', 20, 99.00, 1980.00, '2'),
(29264, '2023-11-30 09:52:20', NULL, '2023-11-30', 10, NULL, NULL, NULL, NULL, 15, '', '', 20, 132.00, 2640.00, '2'),
(29265, '2023-11-30 09:52:20', NULL, '2023-11-30', 10, NULL, NULL, NULL, NULL, 228, '', '', 50, 122.00, 6100.00, '2'),
(29267, '2023-11-30 13:19:54', NULL, '2023-11-30', 10, NULL, NULL, NULL, NULL, 18, '', '', 30, 34.00, 1020.00, '2'),
(29268, '2023-11-30 13:19:54', NULL, '2023-11-30', 10, NULL, NULL, NULL, NULL, 26, '', '', 30, 180.00, 5400.00, '2'),
(29269, '2023-11-30 13:19:54', NULL, '2023-11-30', 10, NULL, NULL, NULL, NULL, 27, '', '', 20, 180.00, 3600.00, '2'),
(29270, '2023-11-30 13:19:54', NULL, '2023-11-30', 10, NULL, NULL, NULL, NULL, 20, '', '', 10, 255.00, 2550.00, '2'),
(29271, '2023-11-30 13:19:54', NULL, '2023-11-30', 10, NULL, NULL, NULL, NULL, 19, '', '', 100, 22.00, 2200.00, '2'),
(29272, '2023-11-30 13:19:54', NULL, '2023-11-30', 10, NULL, NULL, NULL, NULL, 25, '', '', 30, 170.00, 5100.00, '2'),
(29273, '2023-11-30 13:19:54', NULL, '2023-11-30', 10, NULL, NULL, NULL, NULL, 26, '', '', 67, 180.00, 12060.00, '2'),
(29274, '2023-11-30 13:19:54', NULL, '2023-11-30', 10, NULL, NULL, NULL, NULL, 27, '', '', 20, 180.00, 3600.00, '2'),
(29275, '2023-11-30 13:25:09', NULL, '2023-11-30', 10, NULL, NULL, NULL, NULL, 19, '', '', 50, 22.00, 1100.00, '2'),
(29276, '2023-11-30 13:25:09', NULL, '2023-11-30', 10, NULL, NULL, NULL, NULL, 26, '', '', 30, 180.00, 5400.00, '2'),
(29277, '2023-11-30 13:25:09', NULL, '2023-11-30', 10, NULL, NULL, NULL, NULL, 27, '', '', 20, 180.00, 3600.00, '2'),
(29278, '2023-11-30 13:25:09', NULL, '2023-11-30', 10, NULL, NULL, NULL, NULL, 20, '', '', 10, 255.00, 2550.00, '2'),
(29279, '2023-11-30 13:25:09', NULL, '2023-11-30', 10, NULL, NULL, NULL, NULL, 19, '', '', 100, 22.00, 2200.00, '2'),
(29280, '2023-11-30 13:25:09', NULL, '2023-11-30', 10, NULL, NULL, NULL, NULL, 25, '', '', 30, 170.00, 5100.00, '2'),
(29281, '2023-11-30 13:25:09', NULL, '2023-11-30', 10, NULL, NULL, NULL, NULL, 26, '', '', 67, 180.00, 12060.00, '2'),
(29282, '2023-11-30 13:25:09', NULL, '2023-11-30', 10, NULL, NULL, NULL, NULL, 27, '', '', 26, 180.00, 4680.00, '2'),
(29283, '2023-12-01 10:45:36', NULL, '2023-12-01', 12, NULL, NULL, NULL, NULL, 15, '', '', 10, 140.00, 1400.00, '2'),
(29284, '2023-12-01 10:45:36', NULL, '2023-12-01', 12, NULL, NULL, NULL, NULL, 17, '', '', 1000, 70.00, 70000.00, '2'),
(29285, '2023-12-01 10:45:36', NULL, '2023-12-01', 12, NULL, NULL, NULL, NULL, 18, '', '', 1000, 35.00, 35000.00, '2'),
(29286, '2023-12-01 10:45:36', NULL, '2023-12-01', 12, NULL, NULL, NULL, NULL, 19, '', '', 1000, 24.00, 24000.00, '2'),
(29287, '2023-12-01 13:05:03', NULL, '2023-12-01', 10, NULL, NULL, NULL, NULL, 19, '', '', 1000, 22.00, 22000.00, '2'),
(29288, '2023-12-01 13:05:03', NULL, '2023-12-01', 10, NULL, NULL, NULL, NULL, 18, '', '', 1000, 34.00, 34000.00, '2'),
(29289, '2023-12-01 13:05:03', NULL, '2023-12-01', 10, NULL, NULL, NULL, NULL, 17, '', '', 1000, 66.00, 66000.00, '2'),
(29290, '2023-12-01 13:05:03', NULL, '2023-12-01', 10, NULL, NULL, NULL, NULL, 144, '', '', 1, 1700.00, 1700.00, '2'),
(29291, '2023-12-01 13:05:03', NULL, '2023-12-01', 10, NULL, NULL, NULL, NULL, 19, '', '', 300, 22.00, 6600.00, '2'),
(29292, '2023-12-01 13:05:03', NULL, '2023-12-01', 10, NULL, NULL, NULL, NULL, 18, '', '', 500, 34.00, 17000.00, '2'),
(29293, '2023-12-01 13:05:03', NULL, '2023-12-01', 10, NULL, NULL, NULL, NULL, 17, '', '', 600, 66.00, 39600.00, '2'),
(29294, '2023-12-01 13:05:03', NULL, '2023-12-01', 10, NULL, NULL, NULL, NULL, 16, '', '', 30, 99.00, 2970.00, '2'),
(29295, '2023-12-01 13:05:03', NULL, '2023-12-01', 10, NULL, NULL, NULL, NULL, 15, '', '', 30, 132.00, 3960.00, '2'),
(29296, '2023-12-01 13:05:03', NULL, '2023-12-01', 10, NULL, NULL, NULL, NULL, 228, '', '', 30, 122.00, 3660.00, '2'),
(29297, '2023-12-01 14:12:12', NULL, '2023-12-01', 10, NULL, NULL, NULL, NULL, 17, '', '', 100, 68.00, 6800.00, '2'),
(29298, '2023-12-01 14:12:12', NULL, '2023-12-01', 10, NULL, NULL, NULL, NULL, 18, '', '', 100, 34.00, 3400.00, '2'),
(29299, '2023-12-01 14:12:12', NULL, '2023-12-01', 10, NULL, NULL, NULL, NULL, 19, '', '', 200, 22.00, 4400.00, '2'),
(29300, '2023-12-01 14:12:12', NULL, '2023-12-01', 10, NULL, NULL, NULL, NULL, 20, '', '', 10, 255.00, 2550.00, '2'),
(29301, '2023-12-01 14:12:12', NULL, '2023-12-01', 10, NULL, NULL, NULL, NULL, 25, '', '', 18, 170.00, 3060.00, '2'),
(29302, '2023-12-01 14:12:12', NULL, '2023-12-01', 10, NULL, NULL, NULL, NULL, 26, '', '', 24, 180.00, 4320.00, '2'),
(29303, '2023-12-01 14:12:12', NULL, '2023-12-01', 10, NULL, NULL, NULL, NULL, 27, '', '', 25, 180.00, 4500.00, '2'),
(29304, '2023-12-02 09:24:02', NULL, '2023-12-02', 31, NULL, NULL, NULL, NULL, 20, '', '', 30, 255.00, 7650.00, '2'),
(29305, '2023-12-02 16:35:29', NULL, '2023-12-02', 29, NULL, NULL, NULL, NULL, 60, '', '', 6, 120.00, 720.00, '2'),
(29306, '2023-12-02 16:35:29', NULL, '2023-12-02', 29, NULL, NULL, NULL, NULL, 61, '', '', 6, 120.00, 720.00, '2'),
(29307, '2023-12-02 16:35:29', NULL, '2023-12-02', 29, NULL, NULL, NULL, NULL, 62, '', '', 6, 120.00, 720.00, '2'),
(29308, '2023-12-02 16:35:29', NULL, '2023-12-02', 29, NULL, NULL, NULL, NULL, 64, '', '', 4, 120.00, 480.00, '2'),
(29309, '2023-12-02 16:35:29', NULL, '2023-12-02', 29, NULL, NULL, NULL, NULL, 63, '', '', 6, 100.00, 600.00, '2'),
(29310, '2023-12-02 16:35:29', NULL, '2023-12-02', 29, NULL, NULL, NULL, NULL, 15, '', '', 2, 180.00, 360.00, '2'),
(29311, '2023-12-02 16:35:29', NULL, '2023-12-02', 29, NULL, NULL, NULL, NULL, 18, '', '', 9, 45.00, 405.00, '2'),
(29312, '2023-12-02 16:35:29', NULL, '2023-12-02', 29, NULL, NULL, NULL, NULL, 65, '', '', 1, 600.00, 600.00, '2'),
(29313, '2023-12-02 16:35:29', NULL, '2023-12-02', 29, NULL, NULL, NULL, NULL, 67, '', '', 192, 5.00, 960.00, '2'),
(29314, '2023-12-02 16:35:29', NULL, '2023-12-02', 29, NULL, NULL, NULL, NULL, 181, '', '', 14, 20.00, 280.00, '2'),
(29315, '2023-12-02 14:53:06', NULL, '2023-12-02', 10, NULL, NULL, NULL, NULL, 19, '', '', 40, 22.00, 880.00, '2'),
(29316, '2023-12-02 14:53:06', NULL, '2023-12-02', 10, NULL, NULL, NULL, NULL, 18, '', '', 30, 34.00, 1020.00, '2'),
(29317, '2023-12-02 14:53:06', NULL, '2023-12-02', 10, NULL, NULL, NULL, NULL, 17, '', '', 50, 68.00, 3400.00, '2'),
(29318, '2023-12-02 14:53:06', NULL, '2023-12-02', 10, NULL, NULL, NULL, NULL, 18, '', '', 50, 34.00, 1700.00, '2'),
(29319, '2023-12-02 14:53:06', NULL, '2023-12-02', 10, NULL, NULL, NULL, NULL, 19, '', '', 200, 22.00, 4400.00, '2'),
(29320, '2023-12-02 14:53:06', NULL, '2023-12-02', 10, NULL, NULL, NULL, NULL, 26, '', '', 20, 180.00, 3600.00, '2'),
(29321, '2023-12-02 14:53:06', NULL, '2023-12-02', 10, NULL, NULL, NULL, NULL, 27, '', '', 24, 180.00, 4320.00, '2'),
(29322, '2023-12-02 16:29:41', NULL, '2023-12-02', 10, NULL, NULL, NULL, NULL, 18, '', '', 200, 34.00, 6800.00, '2'),
(29323, '2023-12-02 16:29:41', NULL, '2023-12-02', 10, NULL, NULL, NULL, NULL, 17, '', '', 200, 68.00, 13600.00, '2'),
(29324, '2023-12-02 16:29:41', NULL, '2023-12-02', 10, NULL, NULL, NULL, NULL, 16, '', '', 10, 102.00, 1020.00, '2'),
(29325, '2023-12-02 16:29:41', NULL, '2023-12-02', 10, NULL, NULL, NULL, NULL, 15, '', '', 10, 136.00, 1360.00, '2'),
(29326, '2023-12-02 16:29:41', NULL, '2023-12-02', 10, NULL, NULL, NULL, NULL, 228, '', '', 30, 125.00, 3750.00, '2'),
(29327, '2023-12-03 14:01:25', NULL, '2023-12-03', 10, NULL, NULL, NULL, NULL, 19, '', '', 60, 22.00, 1320.00, '2'),
(29328, '2023-12-03 14:01:25', NULL, '2023-12-03', 10, NULL, NULL, NULL, NULL, 18, '', '', 50, 34.00, 1700.00, '2'),
(29329, '2023-12-03 14:01:25', NULL, '2023-12-03', 10, NULL, NULL, NULL, NULL, 17, '', '', 60, 68.00, 4080.00, '2'),
(29330, '2023-12-03 14:01:25', NULL, '2023-12-03', 10, NULL, NULL, NULL, NULL, 18, '', '', 100, 34.00, 3400.00, '2'),
(29331, '2023-12-03 14:01:25', NULL, '2023-12-03', 10, NULL, NULL, NULL, NULL, 20, '', '', 10, 255.00, 2550.00, '2'),
(29332, '2023-12-03 14:01:25', NULL, '2023-12-03', 10, NULL, NULL, NULL, NULL, 25, '', '', 30, 170.00, 5100.00, '2'),
(29334, '2023-12-03 14:01:25', NULL, '2023-12-03', 10, NULL, NULL, NULL, NULL, 40, '', '', 5, 510.00, 2550.00, '2'),
(29335, '2023-12-03 14:01:25', NULL, '2023-12-03', 10, NULL, NULL, NULL, NULL, 26, '', '', 40, 180.00, 7200.00, '2'),
(29336, '2023-12-04 09:02:34', NULL, '2023-12-04', 23, NULL, NULL, NULL, NULL, 15, '', '', 10, 150.00, 1500.00, '2'),
(29337, '2023-12-04 09:02:34', NULL, '2023-12-04', 23, NULL, NULL, NULL, NULL, 16, '', '', 10, 115.00, 1150.00, '2'),
(29338, '2023-12-04 09:02:34', NULL, '2023-12-04', 23, NULL, NULL, NULL, NULL, 17, '', '', 60, 75.00, 4500.00, '2'),
(29339, '2023-12-04 09:02:34', NULL, '2023-12-04', 23, NULL, NULL, NULL, NULL, 18, '', '', 60, 38.00, 2280.00, '2'),
(29340, '2023-12-04 09:02:34', NULL, '2023-12-04', 23, NULL, NULL, NULL, NULL, 40, '', '', 2, 600.00, 1200.00, '2'),
(29341, '2023-12-04 09:02:34', NULL, '2023-12-04', 23, NULL, NULL, NULL, NULL, 41, '', '', 2, 800.00, 1600.00, '2'),
(29342, '2023-12-04 09:17:15', NULL, '2023-12-04', 10, NULL, NULL, NULL, NULL, 19, '', '', 200, 22.00, 4400.00, '2'),
(29343, '2023-12-04 09:17:15', NULL, '2023-12-04', 10, NULL, NULL, NULL, NULL, 18, '', '', 300, 34.00, 10200.00, '2'),
(29344, '2023-12-04 09:17:15', NULL, '2023-12-04', 10, NULL, NULL, NULL, NULL, 17, '', '', 200, 68.00, 13600.00, '2'),
(29345, '2023-12-04 14:07:53', NULL, '2023-12-04', 10, NULL, NULL, NULL, NULL, 25, '', '', 16, 170.00, 2720.00, '2'),
(29346, '2023-12-04 14:07:53', NULL, '2023-12-04', 10, NULL, NULL, NULL, NULL, 27, '', '', 22, 180.00, 3960.00, '2'),
(29347, '2023-12-04 14:07:53', NULL, '2023-12-04', 10, NULL, NULL, NULL, NULL, 26, '', '', 60, 180.00, 10800.00, '2'),
(29348, '2023-12-04 14:07:53', NULL, '2023-12-04', 10, NULL, NULL, NULL, NULL, 20, '', '', 13, 255.00, 3315.00, '2'),
(29349, '2023-12-04 14:07:53', NULL, '2023-12-04', 10, NULL, NULL, NULL, NULL, 40, '', '', 5, 510.00, 2550.00, '2'),
(29351, '2023-12-05 11:07:16', NULL, '2023-12-05', 11, NULL, NULL, NULL, NULL, 177, '', '', 10, 35.00, 350.00, '2'),
(29352, '2023-12-05 11:07:16', NULL, '2023-12-05', 11, NULL, NULL, NULL, NULL, 81, '', '', 24, 44.00, 1056.00, '2'),
(29353, '2023-12-05 11:07:16', NULL, '2023-12-05', 11, NULL, NULL, NULL, NULL, 68, '', '', 48, 8.00, 384.00, '2'),
(29354, '2023-12-05 11:07:16', NULL, '2023-12-05', 11, NULL, NULL, NULL, NULL, 18, '', '', 170, 34.00, 5780.00, '2'),
(29355, '2023-12-05 11:07:16', NULL, '2023-12-05', 11, NULL, NULL, NULL, NULL, 17, '', '', 170, 66.00, 11220.00, '2'),
(29356, '2023-12-05 11:07:56', NULL, '2023-12-05', 52, NULL, NULL, NULL, NULL, 18, '', '', 60, 38.00, 2280.00, '2'),
(29357, '2023-12-05 11:07:56', NULL, '2023-12-05', 52, NULL, NULL, NULL, NULL, 17, '', '', 30, 75.00, 2250.00, '2'),
(29358, '2023-12-05 13:58:19', NULL, '2023-12-05', 10, NULL, NULL, NULL, NULL, 17, '', '', 200, 68.00, 13600.00, '2'),
(29359, '2023-12-05 13:58:19', NULL, '2023-12-05', 10, NULL, NULL, NULL, NULL, 18, '', '', 200, 34.00, 6800.00, '2'),
(29360, '2023-12-05 13:58:19', NULL, '2023-12-05', 10, NULL, NULL, NULL, NULL, 19, '', '', 200, 22.00, 4400.00, '2'),
(29361, '2023-12-05 13:58:19', NULL, '2023-12-05', 10, NULL, NULL, NULL, NULL, 20, '', '', 7, 255.00, 1785.00, '2'),
(29362, '2023-12-05 13:58:19', NULL, '2023-12-05', 10, NULL, NULL, NULL, NULL, 26, '', '', 49, 180.00, 8820.00, '2'),
(29363, '2023-12-06 09:52:58', NULL, '2023-12-06', 31, NULL, NULL, NULL, NULL, 20, '', '', 40, 255.00, 10200.00, '2'),
(29364, '2023-12-06 09:52:58', NULL, '2023-12-06', 31, NULL, NULL, NULL, NULL, 26, '', '', 10, 190.00, 1900.00, '2'),
(29365, '2023-12-06 10:28:11', NULL, '2023-12-06', 87, NULL, NULL, NULL, NULL, 17, '', '', 15, 80.00, 1200.00, '2'),
(29366, '2023-12-06 10:28:11', NULL, '2023-12-06', 87, NULL, NULL, NULL, NULL, 18, '', '', 15, 40.00, 600.00, '2'),
(29367, '2023-12-06 13:01:11', NULL, '2023-12-06', 41, NULL, NULL, NULL, NULL, 17, '', '', 100, 75.00, 7500.00, '2'),
(29368, '2023-12-06 13:01:11', NULL, '2023-12-06', 41, NULL, NULL, NULL, NULL, 18, '', '', 50, 38.00, 1900.00, '2'),
(29369, '2023-12-06 13:01:11', NULL, '2023-12-06', 41, NULL, NULL, NULL, NULL, 19, '', '', 30, 25.00, 750.00, '2'),
(29370, '2023-12-06 14:17:46', NULL, '2023-12-06', 10, NULL, NULL, NULL, NULL, 15, '', '', 10, 136.00, 1360.00, '2'),
(29371, '2023-12-06 14:17:46', NULL, '2023-12-06', 10, NULL, NULL, NULL, NULL, 17, '', '', 60, 68.00, 4080.00, '2'),
(29372, '2023-12-06 14:17:46', NULL, '2023-12-06', 10, NULL, NULL, NULL, NULL, 18, '', '', 100, 34.00, 3400.00, '2'),
(29373, '2023-12-06 14:17:46', NULL, '2023-12-06', 10, NULL, NULL, NULL, NULL, 19, '', '', 100, 22.00, 2200.00, '2'),
(29374, '2023-12-06 14:17:46', NULL, '2023-12-06', 10, NULL, NULL, NULL, NULL, 20, '', '', 20, 255.00, 5100.00, '2'),
(29375, '2023-12-06 14:17:46', NULL, '2023-12-06', 10, NULL, NULL, NULL, NULL, 26, '', '', 44, 180.00, 7920.00, '2'),
(29376, '2023-12-06 14:17:46', NULL, '2023-12-06', 10, NULL, NULL, NULL, NULL, 27, '', '', 25, 180.00, 4500.00, '2'),
(29377, '2023-12-06 14:17:46', NULL, '2023-12-06', 10, NULL, NULL, NULL, NULL, 40, '', '', 10, 510.00, 5100.00, '2'),
(29378, '2023-12-07 08:32:42', NULL, '2023-12-07', 10, NULL, NULL, NULL, NULL, 19, '', '', 800, 22.00, 17600.00, '2'),
(29379, '2023-12-07 08:32:42', NULL, '2023-12-07', 10, NULL, NULL, NULL, NULL, 18, '', '', 800, 34.00, 27200.00, '2'),
(29380, '2023-12-07 08:32:42', NULL, '2023-12-07', 10, NULL, NULL, NULL, NULL, 17, '', '', 1000, 68.00, 68000.00, '2'),
(29381, '2023-12-07 08:32:42', NULL, '2023-12-07', 10, NULL, NULL, NULL, NULL, 16, '', '', 50, 102.00, 5100.00, '2'),
(29382, '2023-12-07 08:32:42', NULL, '2023-12-07', 10, NULL, NULL, NULL, NULL, 15, '', '', 50, 136.00, 6800.00, '2'),
(29383, '2023-12-07 08:32:42', NULL, '2023-12-07', 10, NULL, NULL, NULL, NULL, 144, '', '', 1, 1700.00, 1700.00, '2'),
(29384, '2023-12-07 08:32:42', NULL, '2023-12-07', 10, NULL, NULL, NULL, NULL, 16, '', '', 20, 102.00, 2040.00, '2'),
(29385, '2023-12-07 08:32:42', NULL, '2023-12-07', 10, NULL, NULL, NULL, NULL, 15, '', '', 20, 136.00, 2720.00, '2'),
(29386, '2023-12-07 08:32:42', NULL, '2023-12-07', 10, NULL, NULL, NULL, NULL, 228, '', '', 30, 125.00, 3750.00, '2'),
(29387, '2023-12-07 08:32:42', NULL, '2023-12-07', 10, NULL, NULL, NULL, NULL, 167, '', '', 1, 340.00, 340.00, '2'),
(29388, '2023-12-07 08:32:42', NULL, '2023-12-07', 10, NULL, NULL, NULL, NULL, 17, '', '', 400, 68.00, 27200.00, '2'),
(29389, '2023-12-07 08:32:42', NULL, '2023-12-07', 10, NULL, NULL, NULL, NULL, 18, '', '', 500, 34.00, 17000.00, '2'),
(29390, '2023-12-07 14:18:01', NULL, '2023-12-07', 10, NULL, NULL, NULL, NULL, 16, '', '', 30, 102.00, 3060.00, '2'),
(29391, '2023-12-07 14:18:01', NULL, '2023-12-07', 10, NULL, NULL, NULL, NULL, 17, '', '', 200, 68.00, 13600.00, '2'),
(29392, '2023-12-07 14:18:01', NULL, '2023-12-07', 10, NULL, NULL, NULL, NULL, 18, '', '', 200, 34.00, 6800.00, '2'),
(29393, '2023-12-07 14:18:01', NULL, '2023-12-07', 10, NULL, NULL, NULL, NULL, 19, '', '', 100, 22.00, 2200.00, '2'),
(29394, '2023-12-07 14:18:01', NULL, '2023-12-07', 10, NULL, NULL, NULL, NULL, 20, '', '', 20, 255.00, 5100.00, '2'),
(29395, '2023-12-07 14:18:01', NULL, '2023-12-07', 10, NULL, NULL, NULL, NULL, 25, '', '', 31, 170.00, 5270.00, '2'),
(29396, '2023-12-07 14:18:01', NULL, '2023-12-07', 10, NULL, NULL, NULL, NULL, 26, '', '', 46, 180.00, 8280.00, '2'),
(29397, '2023-12-07 14:18:01', NULL, '2023-12-07', 10, NULL, NULL, NULL, NULL, 27, '', '', 25, 180.00, 4500.00, '2'),
(29399, '2023-12-08 06:47:08', NULL, '2023-12-08', 10, NULL, NULL, NULL, NULL, 19, '', '', 300, 22.00, 6600.00, '2'),
(29400, '2023-12-08 06:47:08', NULL, '2023-12-08', 10, NULL, NULL, NULL, NULL, 18, '', '', 300, 34.00, 10200.00, '2'),
(29401, '2023-12-08 06:47:08', NULL, '2023-12-08', 10, NULL, NULL, NULL, NULL, 17, '', '', 300, 68.00, 20400.00, '2'),
(29402, '2023-12-08 06:47:08', NULL, '2023-12-08', 10, NULL, NULL, NULL, NULL, 16, '', '', 30, 102.00, 3060.00, '2'),
(29403, '2023-12-08 06:47:08', NULL, '2023-12-08', 10, NULL, NULL, NULL, NULL, 15, '', '', 30, 136.00, 4080.00, '2'),
(29404, '2023-12-08 06:47:08', NULL, '2023-12-08', 10, NULL, NULL, NULL, NULL, 19, '', '', 200, 22.00, 4400.00, '2'),
(29405, '2023-12-08 06:47:08', NULL, '2023-12-08', 10, NULL, NULL, NULL, NULL, 18, '', '', 200, 34.00, 6800.00, '2'),
(29406, '2023-12-08 06:47:08', NULL, '2023-12-08', 10, NULL, NULL, NULL, NULL, 17, '', '', 200, 68.00, 13600.00, '2'),
(29407, '2023-12-08 06:47:08', NULL, '2023-12-08', 10, NULL, NULL, NULL, NULL, 16, '', '', 20, 102.00, 2040.00, '2'),
(29408, '2023-12-08 06:47:08', NULL, '2023-12-08', 10, NULL, NULL, NULL, NULL, 15, '', '', 20, 136.00, 2720.00, '2'),
(29409, '2023-12-08 06:47:08', NULL, '2023-12-08', 10, NULL, NULL, NULL, NULL, 19, '', '', 100, 22.00, 2200.00, '2'),
(29410, '2023-12-08 06:47:08', NULL, '2023-12-08', 10, NULL, NULL, NULL, NULL, 18, '', '', 100, 34.00, 3400.00, '2'),
(29411, '2023-12-08 06:47:08', NULL, '2023-12-08', 10, NULL, NULL, NULL, NULL, 17, '', '', 100, 68.00, 6800.00, '2'),
(29412, '2023-12-08 06:47:08', NULL, '2023-12-08', 10, NULL, NULL, NULL, NULL, 16, '', '', 20, 102.00, 2040.00, '2'),
(29413, '2023-12-08 06:47:08', NULL, '2023-12-08', 10, NULL, NULL, NULL, NULL, 15, '', '', 20, 136.00, 2720.00, '2'),
(29414, '2023-12-08 06:47:08', NULL, '2023-12-08', 10, NULL, NULL, NULL, NULL, 259, '', '', 1, 800.00, 800.00, '2'),
(29415, '2023-12-08 08:15:02', NULL, '2023-12-08', 10, NULL, NULL, NULL, NULL, 19, '', '', 300, 22.00, 6600.00, '2'),
(29416, '2023-12-08 08:15:02', NULL, '2023-12-08', 10, NULL, NULL, NULL, NULL, 18, '', '', 300, 34.00, 10200.00, '2'),
(29417, '2023-12-08 08:15:02', NULL, '2023-12-08', 10, NULL, NULL, NULL, NULL, 17, '', '', 300, 68.00, 20400.00, '2'),
(29418, '2023-12-08 08:15:02', NULL, '2023-12-08', 10, NULL, NULL, NULL, NULL, 19, '', '', 200, 22.00, 4400.00, '2'),
(29419, '2023-12-08 08:15:02', NULL, '2023-12-08', 10, NULL, NULL, NULL, NULL, 18, '', '', 200, 34.00, 6800.00, '2'),
(29420, '2023-12-08 08:15:02', NULL, '2023-12-08', 10, NULL, NULL, NULL, NULL, 17, '', '', 300, 68.00, 20400.00, '2'),
(29421, '2023-12-08 08:15:02', NULL, '2023-12-08', 10, NULL, NULL, NULL, NULL, 16, '', '', 20, 102.00, 2040.00, '2'),
(29422, '2023-12-08 08:15:02', NULL, '2023-12-08', 10, NULL, NULL, NULL, NULL, 15, '', '', 20, 136.00, 2720.00, '2'),
(29423, '2023-12-08 08:15:48', NULL, '2023-12-08', 117, NULL, NULL, NULL, NULL, 18, '', '', 500, 35.00, 17500.00, '2'),
(29424, '2023-12-08 08:15:48', NULL, '2023-12-08', 117, NULL, NULL, NULL, NULL, 17, '', '', 500, 70.00, 35000.00, '2'),
(29425, '2023-12-08 08:15:48', NULL, '2023-12-08', 117, NULL, NULL, NULL, NULL, 16, '', '', 70, 105.00, 7350.00, '2'),
(29426, '2023-12-08 08:15:48', NULL, '2023-12-08', 117, NULL, NULL, NULL, NULL, 15, '', '', 70, 140.00, 9800.00, '2'),
(29427, '2023-12-08 08:59:36', NULL, '2023-12-08', 49, NULL, NULL, NULL, NULL, 19, '', '', 450, 25.00, 11250.00, '2'),
(29428, '2023-12-08 08:59:36', NULL, '2023-12-08', 49, NULL, NULL, NULL, NULL, 18, '', '', 200, 38.00, 7600.00, '2'),
(29429, '2023-12-08 08:59:36', NULL, '2023-12-08', 49, NULL, NULL, NULL, NULL, 17, '', '', 110, 75.00, 8250.00, '2'),
(29430, '2023-12-08 08:59:36', NULL, '2023-12-08', 49, NULL, NULL, NULL, NULL, 16, '', '', 26, 113.00, 2938.00, '2'),
(29431, '2023-12-08 08:59:36', NULL, '2023-12-08', 49, NULL, NULL, NULL, NULL, 15, '', '', 22, 150.00, 3300.00, '2'),
(29432, '2023-12-08 11:35:46', NULL, '2023-12-08', 31, NULL, NULL, NULL, NULL, 20, '', '', 40, 255.00, 10200.00, '2'),
(29433, '2023-12-08 13:24:08', NULL, '2023-12-08', 10, NULL, NULL, NULL, NULL, 15, '', '', 20, 136.00, 2720.00, '2'),
(29434, '2023-12-08 13:24:08', NULL, '2023-12-08', 10, NULL, NULL, NULL, NULL, 16, '', '', 20, 102.00, 2040.00, '2'),
(29435, '2023-12-08 13:24:08', NULL, '2023-12-08', 10, NULL, NULL, NULL, NULL, 17, '', '', 100, 68.00, 6800.00, '2'),
(29436, '2023-12-08 13:24:08', NULL, '2023-12-08', 10, NULL, NULL, NULL, NULL, 18, '', '', 100, 34.00, 3400.00, '2'),
(29437, '2023-12-08 13:24:08', NULL, '2023-12-08', 10, NULL, NULL, NULL, NULL, 19, '', '', 100, 22.00, 2200.00, '2'),
(29438, '2023-12-08 13:24:08', NULL, '2023-12-08', 10, NULL, NULL, NULL, NULL, 20, '', '', 10, 255.00, 2550.00, '2'),
(29439, '2023-12-08 13:24:08', NULL, '2023-12-08', 10, NULL, NULL, NULL, NULL, 25, '', '', 17, 170.00, 2890.00, '2'),
(29440, '2023-12-08 13:24:08', NULL, '2023-12-08', 10, NULL, NULL, NULL, NULL, 26, '', '', 51, 180.00, 9180.00, '2'),
(29441, '2023-12-08 13:24:08', NULL, '2023-12-08', 10, NULL, NULL, NULL, NULL, 27, '', '', 30, 180.00, 5400.00, '2'),
(29442, '2023-12-09 08:19:36', NULL, '2023-12-09', 10, NULL, NULL, NULL, NULL, 15, '', '', 20, 136.00, 2720.00, '2'),
(29443, '2023-12-09 08:19:36', NULL, '2023-12-09', 10, NULL, NULL, NULL, NULL, 16, '', '', 20, 102.00, 2040.00, '2'),
(29444, '2023-12-09 08:19:36', NULL, '2023-12-09', 10, NULL, NULL, NULL, NULL, 17, '', '', 100, 68.00, 6800.00, '2'),
(29445, '2023-12-09 08:19:36', NULL, '2023-12-09', 10, NULL, NULL, NULL, NULL, 18, '', '', 100, 34.00, 3400.00, '2'),
(29446, '2023-12-09 08:19:36', NULL, '2023-12-09', 10, NULL, NULL, NULL, NULL, 19, '', '', 100, 22.00, 2200.00, '2'),
(29447, '2023-12-09 08:19:36', NULL, '2023-12-09', 10, NULL, NULL, NULL, NULL, 17, '', '', 800, 68.00, 54400.00, '2'),
(29448, '2023-12-09 08:41:44', NULL, '2023-12-09', 35, NULL, NULL, NULL, NULL, 18, '', '', 20, 32.50, 650.00, '2'),
(29449, '2023-12-09 08:41:44', NULL, '2023-12-09', 35, NULL, NULL, NULL, NULL, 17, '', '', 20, 65.00, 1300.00, '2'),
(29450, '2023-12-09 14:05:01', NULL, '2023-12-09', 10, NULL, NULL, NULL, NULL, 16, '', '', 20, 102.00, 2040.00, '2'),
(29451, '2023-12-09 14:05:01', NULL, '2023-12-09', 10, NULL, NULL, NULL, NULL, 20, '', '', 13, 255.00, 3315.00, '2'),
(29452, '2023-12-09 14:05:01', NULL, '2023-12-09', 10, NULL, NULL, NULL, NULL, 25, '', '', 30, 170.00, 5100.00, '2'),
(29453, '2023-12-09 14:05:01', NULL, '2023-12-09', 10, NULL, NULL, NULL, NULL, 26, '', '', 50, 180.00, 9000.00, '2'),
(29454, '2023-12-09 14:05:01', NULL, '2023-12-09', 10, NULL, NULL, NULL, NULL, 27, '', '', 18, 180.00, 3240.00, '2'),
(29455, '2023-12-10 08:32:59', NULL, '2023-12-10', 10, NULL, NULL, NULL, NULL, 19, '', '', 100, 22.00, 2200.00, '2'),
(29456, '2023-12-10 08:32:59', NULL, '2023-12-10', 10, NULL, NULL, NULL, NULL, 18, '', '', 100, 34.00, 3400.00, '2'),
(29457, '2023-12-10 08:32:59', NULL, '2023-12-10', 10, NULL, NULL, NULL, NULL, 17, '', '', 100, 68.00, 6800.00, '2'),
(29458, '2023-12-10 08:32:59', NULL, '2023-12-10', 10, NULL, NULL, NULL, NULL, 19, '', '', 280, 22.00, 6160.00, '2'),
(29459, '2023-12-10 08:32:59', NULL, '2023-12-10', 10, NULL, NULL, NULL, NULL, 18, '', '', 280, 34.00, 9520.00, '2'),
(29460, '2023-12-10 08:32:59', NULL, '2023-12-10', 10, NULL, NULL, NULL, NULL, 17, '', '', 280, 68.00, 19040.00, '2'),
(29461, '2023-12-10 08:32:59', NULL, '2023-12-10', 10, NULL, NULL, NULL, NULL, 228, '', '', 70, 125.00, 8750.00, '2'),
(29462, '2023-12-10 08:32:59', NULL, '2023-12-10', 10, NULL, NULL, NULL, NULL, 19, '', '', 600, 22.00, 13200.00, '2'),
(29463, '2023-12-10 08:32:59', NULL, '2023-12-10', 10, NULL, NULL, NULL, NULL, 18, '', '', 600, 34.00, 20400.00, '2'),
(29464, '2023-12-10 08:32:59', NULL, '2023-12-10', 10, NULL, NULL, NULL, NULL, 17, '', '', 600, 68.00, 40800.00, '2'),
(29465, '2023-12-10 08:32:59', NULL, '2023-12-10', 10, NULL, NULL, NULL, NULL, 16, '', '', 50, 102.00, 5100.00, '2'),
(29466, '2023-12-10 08:32:59', NULL, '2023-12-10', 10, NULL, NULL, NULL, NULL, 15, '', '', 20, 136.00, 2720.00, '2'),
(29467, '2023-12-10 08:54:32', NULL, '2023-12-10', 46, NULL, NULL, NULL, NULL, 15, '', '', 40, 150.00, 6000.00, '2'),
(29468, '2023-12-10 08:54:32', NULL, '2023-12-10', 46, NULL, NULL, NULL, NULL, 16, '', '', 40, 115.00, 4600.00, '2'),
(29469, '2023-12-10 08:54:32', NULL, '2023-12-10', 46, NULL, NULL, NULL, NULL, 17, '', '', 170, 75.00, 12750.00, '2'),
(29470, '2023-12-10 08:54:32', NULL, '2023-12-10', 46, NULL, NULL, NULL, NULL, 18, '', '', 160, 38.00, 6080.00, '2'),
(29471, '2023-12-10 08:54:32', NULL, '2023-12-10', 46, NULL, NULL, NULL, NULL, 19, '', '', 80, 25.00, 2000.00, '2'),
(29472, '2023-12-10 09:38:24', NULL, '2023-12-10', 15, NULL, NULL, NULL, NULL, 19, '', '', 50, 25.00, 1250.00, '2'),
(29473, '2023-12-10 09:38:24', NULL, '2023-12-10', 15, NULL, NULL, NULL, NULL, 18, '', '', 40, 35.00, 1400.00, '2'),
(29474, '2023-12-10 09:38:24', NULL, '2023-12-10', 15, NULL, NULL, NULL, NULL, 17, '', '', 40, 70.00, 2800.00, '2'),
(29475, '2023-12-10 13:50:00', NULL, '2023-12-10', 10, NULL, NULL, NULL, NULL, 228, '', '', 35, 125.00, 4375.00, '2'),
(29476, '2023-12-10 13:50:00', NULL, '2023-12-10', 10, NULL, NULL, NULL, NULL, 15, '', '', 20, 136.00, 2720.00, '2'),
(29477, '2023-12-10 13:50:00', NULL, '2023-12-10', 10, NULL, NULL, NULL, NULL, 17, '', '', 100, 68.00, 6800.00, '2'),
(29478, '2023-12-10 13:50:00', NULL, '2023-12-10', 10, NULL, NULL, NULL, NULL, 18, '', '', 100, 34.00, 3400.00, '2'),
(29479, '2023-12-10 13:50:00', NULL, '2023-12-10', 10, NULL, NULL, NULL, NULL, 19, '', '', 100, 22.00, 2200.00, '2'),
(29480, '2023-12-10 13:50:00', NULL, '2023-12-10', 10, NULL, NULL, NULL, NULL, 20, '', '', 10, 255.00, 2550.00, '2'),
(29481, '2023-12-10 13:50:00', NULL, '2023-12-10', 10, NULL, NULL, NULL, NULL, 25, '', '', 12, 170.00, 2040.00, '2'),
(29482, '2023-12-10 13:50:00', NULL, '2023-12-10', 10, NULL, NULL, NULL, NULL, 26, '', '', 48, 180.00, 8640.00, '2'),
(29483, '2023-12-10 13:50:00', NULL, '2023-12-10', 10, NULL, NULL, NULL, NULL, 27, '', '', 24, 180.00, 4320.00, '2'),
(29484, '2023-12-10 14:38:13', NULL, '2023-12-10', 29, NULL, NULL, NULL, NULL, 15, '', '', 2, 180.00, 360.00, '2'),
(29485, '2023-12-10 14:38:13', NULL, '2023-12-10', 29, NULL, NULL, NULL, NULL, 60, '', '', 3, 120.00, 360.00, '2'),
(29486, '2023-12-10 14:38:13', NULL, '2023-12-10', 29, NULL, NULL, NULL, NULL, 61, '', '', 3, 120.00, 360.00, '2'),
(29491, '2023-12-10 14:38:13', NULL, '2023-12-10', 29, NULL, NULL, NULL, NULL, 62, '', '', 3, 120.00, 360.00, '2'),
(29488, '2023-12-10 14:38:13', NULL, '2023-12-10', 29, NULL, NULL, NULL, NULL, 63, '', '', 3, 100.00, 300.00, '2'),
(29489, '2023-12-10 14:38:13', NULL, '2023-12-10', 29, NULL, NULL, NULL, NULL, 64, '', '', 3, 120.00, 360.00, '2'),
(29492, '2023-12-10 14:38:13', NULL, '2023-12-10', 29, NULL, NULL, NULL, NULL, 181, '', '', 10, 20.00, 200.00, '2'),
(29493, '2023-12-11 08:09:35', NULL, '2023-12-11', 10, NULL, NULL, NULL, NULL, 228, '', '', 50, 125.00, 6250.00, '2'),
(29494, '2023-12-11 08:09:35', NULL, '2023-12-11', 10, NULL, NULL, NULL, NULL, 15, '', '', 20, 136.00, 2720.00, '2'),
(29495, '2023-12-11 08:09:35', NULL, '2023-12-11', 10, NULL, NULL, NULL, NULL, 16, '', '', 20, 102.00, 2040.00, '2'),
(29496, '2023-12-11 08:09:35', NULL, '2023-12-11', 10, NULL, NULL, NULL, NULL, 17, '', '', 500, 68.00, 34000.00, '2'),
(29497, '2023-12-11 08:09:35', NULL, '2023-12-11', 10, NULL, NULL, NULL, NULL, 18, '', '', 500, 34.00, 17000.00, '2'),
(29498, '2023-12-11 08:09:35', NULL, '2023-12-11', 10, NULL, NULL, NULL, NULL, 19, '', '', 300, 22.00, 6600.00, '2'),
(29499, '2023-12-11 13:02:27', NULL, '2023-12-11', 11, NULL, NULL, NULL, NULL, 18, '', '', 1000, 34.00, 34000.00, '2'),
(29500, '2023-12-11 13:02:27', NULL, '2023-12-11', 11, NULL, NULL, NULL, NULL, 17, '', '', 1000, 68.00, 68000.00, '2'),
(29501, '2023-12-11 13:02:27', NULL, '2023-12-11', 11, NULL, NULL, NULL, NULL, 16, '', '', 1100, 102.00, 112200.00, '2'),
(29502, '2023-12-11 13:02:27', NULL, '2023-12-11', 11, NULL, NULL, NULL, NULL, 15, '', '', 700, 136.00, 95200.00, '2'),
(29503, '2023-12-11 14:13:57', NULL, '2023-12-11', 10, NULL, NULL, NULL, NULL, 15, '', '', 18, 136.00, 2448.00, '2'),
(29504, '2023-12-11 14:13:57', NULL, '2023-12-11', 10, NULL, NULL, NULL, NULL, 17, '', '', 60, 68.00, 4080.00, '2'),
(29505, '2023-12-11 14:13:57', NULL, '2023-12-11', 10, NULL, NULL, NULL, NULL, 18, '', '', 100, 34.00, 3400.00, '2'),
(29506, '2023-12-11 14:13:57', NULL, '2023-12-11', 10, NULL, NULL, NULL, NULL, 19, '', '', 200, 22.00, 4400.00, '2'),
(29507, '2023-12-11 14:13:57', NULL, '2023-12-11', 10, NULL, NULL, NULL, NULL, 20, '', '', 10, 255.00, 2550.00, '2'),
(29508, '2023-12-11 14:13:57', NULL, '2023-12-11', 10, NULL, NULL, NULL, NULL, 26, '', '', 40, 180.00, 7200.00, '2'),
(29509, '2023-12-11 14:13:57', NULL, '2023-12-11', 10, NULL, NULL, NULL, NULL, 27, '', '', 20, 180.00, 3600.00, '2'),
(29510, '2023-12-12 09:03:44', NULL, '2023-12-12', 12, NULL, NULL, NULL, NULL, 17, '', '', 200, 70.00, 14000.00, '2'),
(29511, '2023-12-12 09:03:44', NULL, '2023-12-12', 12, NULL, NULL, NULL, NULL, 15, '', '', 200, 140.00, 28000.00, '2'),
(29516, '2023-12-12 14:24:47', NULL, '2023-12-12', 10, NULL, NULL, NULL, NULL, 20, '', '', 20, 255.00, 5100.00, '2'),
(29513, '2023-12-12 14:24:47', NULL, '2023-12-12', 10, NULL, NULL, NULL, NULL, 19, '', '', 100, 22.00, 2200.00, '2'),
(29514, '2023-12-12 14:24:47', NULL, '2023-12-12', 10, NULL, NULL, NULL, NULL, 18, '', '', 100, 34.00, 3400.00, '2'),
(29515, '2023-12-12 14:24:47', NULL, '2023-12-12', 10, NULL, NULL, NULL, NULL, 17, '', '', 100, 68.00, 6800.00, '2'),
(29517, '2023-12-12 14:24:47', NULL, '2023-12-12', 10, NULL, NULL, NULL, NULL, 26, '', '', 50, 180.00, 9000.00, '2'),
(29518, '2023-12-12 14:24:47', NULL, '2023-12-12', 10, NULL, NULL, NULL, NULL, 27, '', '', 6, 180.00, 1080.00, '2'),
(29519, '2023-12-12 14:24:47', NULL, '2023-12-12', 10, NULL, NULL, NULL, NULL, 25, '', '', 30, 170.00, 5100.00, '2'),
(29520, '2023-12-13 08:55:45', NULL, '2023-12-13', 10, NULL, NULL, NULL, NULL, 19, '', '', 200, 22.00, 4400.00, '2'),
(29521, '2023-12-13 08:55:45', NULL, '2023-12-13', 10, NULL, NULL, NULL, NULL, 18, '', '', 200, 34.00, 6800.00, '2'),
(29522, '2023-12-13 08:55:45', NULL, '2023-12-13', 10, NULL, NULL, NULL, NULL, 17, '', '', 200, 68.00, 13600.00, '2'),
(29523, '2023-12-13 08:55:45', NULL, '2023-12-13', 10, NULL, NULL, NULL, NULL, 16, '', '', 60, 102.00, 6120.00, '2'),
(29524, '2023-12-13 08:55:45', NULL, '2023-12-13', 10, NULL, NULL, NULL, NULL, 15, '', '', 60, 136.00, 8160.00, '2'),
(29525, '2023-12-13 08:55:45', NULL, '2023-12-13', 10, NULL, NULL, NULL, NULL, 228, '', '', 100, 125.00, 12500.00, '2'),
(29526, '2023-12-13 10:58:20', NULL, '2023-12-13', 15, NULL, NULL, NULL, NULL, 19, '', '', 50, 25.00, 1250.00, '2'),
(29527, '2023-12-13 10:58:20', NULL, '2023-12-13', 15, NULL, NULL, NULL, NULL, 18, '', '', 50, 35.00, 1750.00, '2'),
(29528, '2023-12-13 10:58:20', NULL, '2023-12-13', 15, NULL, NULL, NULL, NULL, 17, '', '', 50, 70.00, 3500.00, '2'),
(29529, '2023-12-13 10:58:56', NULL, '2023-12-13', 55, NULL, NULL, NULL, NULL, 18, '', '', 60, 38.00, 2280.00, '2'),
(29530, '2023-12-13 10:58:56', NULL, '2023-12-13', 55, NULL, NULL, NULL, NULL, 17, '', '', 80, 75.00, 6000.00, '2'),
(29531, '2023-12-13 10:59:45', NULL, '2023-12-13', 22, NULL, NULL, NULL, NULL, 19, '', '', 15, 25.00, 375.00, '2'),
(29532, '2023-12-13 10:59:45', NULL, '2023-12-13', 22, NULL, NULL, NULL, NULL, 18, '', '', 60, 38.00, 2280.00, '2'),
(29533, '2023-12-13 10:59:45', NULL, '2023-12-13', 22, NULL, NULL, NULL, NULL, 17, '', '', 45, 75.00, 3375.00, '2'),
(29534, '2023-12-13 10:59:45', NULL, '2023-12-13', 22, NULL, NULL, NULL, NULL, 16, '', '', 6, 113.00, 678.00, '2'),
(29535, '2023-12-13 14:21:10', NULL, '2023-12-13', 10, NULL, NULL, NULL, NULL, 17, '', '', 100, 68.00, 6800.00, '2'),
(29536, '2023-12-13 14:21:10', NULL, '2023-12-13', 10, NULL, NULL, NULL, NULL, 18, '', '', 100, 34.00, 3400.00, '2'),
(29537, '2023-12-13 14:21:10', NULL, '2023-12-13', 10, NULL, NULL, NULL, NULL, 19, '', '', 100, 22.00, 2200.00, '2'),
(29538, '2023-12-13 14:21:10', NULL, '2023-12-13', 10, NULL, NULL, NULL, NULL, 25, '', '', 18, 170.00, 3060.00, '2'),
(29539, '2023-12-13 14:21:10', NULL, '2023-12-13', 10, NULL, NULL, NULL, NULL, 26, '', '', 40, 180.00, 7200.00, '2'),
(29540, '2023-12-13 14:21:10', NULL, '2023-12-13', 10, NULL, NULL, NULL, NULL, 27, '', '', 24, 180.00, 4320.00, '2'),
(29541, '2023-12-14 09:22:45', NULL, '2023-12-14', 11, NULL, NULL, NULL, NULL, 18, '', '', 850, 34.00, 28900.00, '2'),
(29542, '2023-12-14 09:22:45', NULL, '2023-12-14', 11, NULL, NULL, NULL, NULL, 17, '', '', 950, 68.00, 64600.00, '2'),
(29543, '2023-12-14 09:22:45', NULL, '2023-12-14', 11, NULL, NULL, NULL, NULL, 16, '', '', 400, 102.00, 40800.00, '2'),
(29544, '2023-12-14 09:22:45', NULL, '2023-12-14', 11, NULL, NULL, NULL, NULL, 15, '', '', 260, 136.00, 35360.00, '2'),
(29545, '2023-12-14 13:53:35', NULL, '2023-12-14', 10, NULL, NULL, NULL, NULL, 17, '', '', 100, 68.00, 6800.00, '2'),
(29546, '2023-12-14 13:53:35', NULL, '2023-12-14', 10, NULL, NULL, NULL, NULL, 18, '', '', 100, 34.00, 3400.00, '2'),
(29547, '2023-12-14 13:53:35', NULL, '2023-12-14', 10, NULL, NULL, NULL, NULL, 19, '', '', 100, 22.00, 2200.00, '2'),
(29548, '2023-12-14 13:53:35', NULL, '2023-12-14', 10, NULL, NULL, NULL, NULL, 20, '', '', 10, 255.00, 2550.00, '2'),
(29549, '2023-12-14 13:53:35', NULL, '2023-12-14', 10, NULL, NULL, NULL, NULL, 26, '', '', 20, 180.00, 3600.00, '2'),
(29550, '2023-12-14 13:53:35', NULL, '2023-12-14', 10, NULL, NULL, NULL, NULL, 40, '', '', 9, 510.00, 4590.00, '2'),
(29551, '2023-12-14 13:53:35', NULL, '2023-12-14', 10, NULL, NULL, NULL, NULL, 40, '', '', 1, 510.00, 510.00, '2'),
(29552, '2023-12-14 15:05:10', NULL, '2023-12-14', 10, NULL, NULL, NULL, NULL, 19, '', '', 60, 22.00, 1320.00, '2'),
(29553, '2023-12-14 15:05:10', NULL, '2023-12-14', 10, NULL, NULL, NULL, NULL, 18, '', '', 40, 34.00, 1360.00, '2'),
(29554, '2023-12-14 15:05:10', NULL, '2023-12-14', 10, NULL, NULL, NULL, NULL, 17, '', '', 100, 68.00, 6800.00, '2'),
(29555, '2023-12-14 15:05:10', NULL, '2023-12-14', 10, NULL, NULL, NULL, NULL, 15, '', '', 6, 136.00, 816.00, '2'),
(29556, '2023-12-14 15:05:10', NULL, '2023-12-14', 10, NULL, NULL, NULL, NULL, 228, '', '', 10, 125.00, 1250.00, '2'),
(29557, '2023-12-14 15:05:10', NULL, '2023-12-14', 10, NULL, NULL, NULL, NULL, 19, '', '', 1200, 22.00, 26400.00, '2'),
(29558, '2023-12-14 15:05:10', NULL, '2023-12-14', 10, NULL, NULL, NULL, NULL, 18, '', '', 400, 34.00, 13600.00, '2'),
(29559, '2023-12-14 15:05:10', NULL, '2023-12-14', 10, NULL, NULL, NULL, NULL, 17, '', '', 310, 68.00, 21080.00, '2'),
(29560, '2023-12-14 15:05:10', NULL, '2023-12-14', 10, NULL, NULL, NULL, NULL, 16, '', '', 52, 102.00, 5304.00, '2'),
(29561, '2023-12-14 15:05:10', NULL, '2023-12-14', 10, NULL, NULL, NULL, NULL, 216, '', '', 1, 2200.00, 2200.00, '2'),
(29562, '2023-12-14 15:05:10', NULL, '2023-12-14', 10, NULL, NULL, NULL, NULL, 19, '', '', 500, 22.00, 11000.00, '2'),
(29563, '2023-12-14 15:05:10', NULL, '2023-12-14', 10, NULL, NULL, NULL, NULL, 18, '', '', 1500, 34.00, 51000.00, '2'),
(29564, '2023-12-14 15:05:10', NULL, '2023-12-14', 10, NULL, NULL, NULL, NULL, 17, '', '', 500, 68.00, 34000.00, '2'),
(29565, '2023-12-14 15:05:10', NULL, '2023-12-14', 10, NULL, NULL, NULL, NULL, 16, '', '', 200, 102.00, 20400.00, '2'),
(29566, '2023-12-14 15:05:10', NULL, '2023-12-14', 10, NULL, NULL, NULL, NULL, 15, '', '', 200, 136.00, 27200.00, '2'),
(29567, '2023-12-14 15:05:10', NULL, '2023-12-14', 10, NULL, NULL, NULL, NULL, 144, '', '', 1, 1700.00, 1700.00, '2'),
(29568, '2023-12-15 07:08:26', NULL, '2023-12-15', 31, NULL, NULL, NULL, NULL, 20, '', '', 60, 255.00, 15300.00, '2'),
(29569, '2023-12-15 07:08:26', NULL, '2023-12-15', 31, NULL, NULL, NULL, NULL, 26, '', '', 10, 190.00, 1900.00, '2'),
(29570, '2023-12-15 13:06:15', NULL, '2023-12-15', 10, NULL, NULL, NULL, NULL, 19, '', '', 100, 22.00, 2200.00, '2'),
(29571, '2023-12-15 13:06:15', NULL, '2023-12-15', 10, NULL, NULL, NULL, NULL, 18, '', '', 100, 34.00, 3400.00, '2'),
(29572, '2023-12-15 13:06:15', NULL, '2023-12-15', 10, NULL, NULL, NULL, NULL, 17, '', '', 200, 68.00, 13600.00, '2'),
(29573, '2023-12-15 13:06:15', NULL, '2023-12-15', 10, NULL, NULL, NULL, NULL, 16, '', '', 50, 102.00, 5100.00, '2'),
(29574, '2023-12-15 13:06:15', NULL, '2023-12-15', 10, NULL, NULL, NULL, NULL, 15, '', '', 50, 136.00, 6800.00, '2'),
(29575, '2023-12-15 13:06:15', NULL, '2023-12-15', 10, NULL, NULL, NULL, NULL, 14, '', '', 20, 204.00, 4080.00, '2'),
(29576, '2023-12-15 13:06:15', NULL, '2023-12-15', 10, NULL, NULL, NULL, NULL, 18, '', '', 50, 34.00, 1700.00, '2'),
(29577, '2023-12-15 13:06:15', NULL, '2023-12-15', 10, NULL, NULL, NULL, NULL, 17, '', '', 50, 68.00, 3400.00, '2'),
(29578, '2023-12-15 13:06:15', NULL, '2023-12-15', 10, NULL, NULL, NULL, NULL, 16, '', '', 10, 102.00, 1020.00, '2'),
(29579, '2023-12-15 13:06:15', NULL, '2023-12-15', 10, NULL, NULL, NULL, NULL, 15, '', '', 30, 136.00, 4080.00, '2'),
(29580, '2023-12-15 14:36:22', NULL, '2023-12-15', 10, NULL, NULL, NULL, NULL, 19, '', '', 45, 22.00, 990.00, '2'),
(29581, '2023-12-15 14:36:22', NULL, '2023-12-15', 10, NULL, NULL, NULL, NULL, 18, '', '', 45, 34.00, 1530.00, '2'),
(29582, '2023-12-15 14:36:22', NULL, '2023-12-15', 10, NULL, NULL, NULL, NULL, 17, '', '', 55, 68.00, 3740.00, '2'),
(29583, '2023-12-15 14:36:22', NULL, '2023-12-15', 10, NULL, NULL, NULL, NULL, 228, '', '', 20, 125.00, 2500.00, '2'),
(29584, '2023-12-15 14:36:22', NULL, '2023-12-15', 10, NULL, NULL, NULL, NULL, 19, '', '', 100, 22.00, 2200.00, '2'),
(29585, '2023-12-15 14:36:22', NULL, '2023-12-15', 10, NULL, NULL, NULL, NULL, 18, '', '', 160, 34.00, 5440.00, '2'),
(29586, '2023-12-15 14:36:22', NULL, '2023-12-15', 10, NULL, NULL, NULL, NULL, 17, '', '', 160, 68.00, 10880.00, '2'),
(29587, '2023-12-15 14:36:22', NULL, '2023-12-15', 10, NULL, NULL, NULL, NULL, 228, '', '', 30, 125.00, 3750.00, '2'),
(29588, '2023-12-15 14:36:22', NULL, '2023-12-15', 10, NULL, NULL, NULL, NULL, 16, '', '', 30, 102.00, 3060.00, '2'),
(29589, '2023-12-15 14:36:22', NULL, '2023-12-15', 10, NULL, NULL, NULL, NULL, 17, '', '', 100, 68.00, 6800.00, '2'),
(29590, '2023-12-15 14:36:22', NULL, '2023-12-15', 10, NULL, NULL, NULL, NULL, 18, '', '', 100, 34.00, 3400.00, '2'),
(29591, '2023-12-15 14:36:22', NULL, '2023-12-15', 10, NULL, NULL, NULL, NULL, 19, '', '', 100, 22.00, 2200.00, '2'),
(29592, '2023-12-15 14:36:22', NULL, '2023-12-15', 10, NULL, NULL, NULL, NULL, 20, '', '', 16, 255.00, 4080.00, '2'),
(29593, '2023-12-15 14:36:22', NULL, '2023-12-15', 10, NULL, NULL, NULL, NULL, 25, '', '', 30, 170.00, 5100.00, '2'),
(29594, '2023-12-15 14:36:22', NULL, '2023-12-15', 10, NULL, NULL, NULL, NULL, 26, '', '', 40, 180.00, 7200.00, '2'),
(29595, '2023-12-15 14:36:22', NULL, '2023-12-15', 10, NULL, NULL, NULL, NULL, 27, '', '', 26, 180.00, 4680.00, '2'),
(29596, '2023-12-16 09:05:03', NULL, '2023-12-16', 10, NULL, NULL, NULL, NULL, 19, '', '', 100, 22.00, 2200.00, '2'),
(29597, '2023-12-16 09:05:03', NULL, '2023-12-16', 10, NULL, NULL, NULL, NULL, 18, '', '', 200, 34.00, 6800.00, '2'),
(29598, '2023-12-16 09:05:03', NULL, '2023-12-16', 10, NULL, NULL, NULL, NULL, 17, '', '', 200, 68.00, 13600.00, '2'),
(29599, '2023-12-16 14:45:01', NULL, '2023-12-16', 10, NULL, NULL, NULL, NULL, 19, '', '', 100, 22.00, 2200.00, '2'),
(29600, '2023-12-16 14:45:01', NULL, '2023-12-16', 10, NULL, NULL, NULL, NULL, 18, '', '', 100, 34.00, 3400.00, '2'),
(29601, '2023-12-16 14:45:01', NULL, '2023-12-16', 10, NULL, NULL, NULL, NULL, 17, '', '', 150, 68.00, 10200.00, '2'),
(29602, '2023-12-16 14:45:01', NULL, '2023-12-16', 10, NULL, NULL, NULL, NULL, 16, '', '', 20, 102.00, 2040.00, '2'),
(29603, '2023-12-16 14:45:01', NULL, '2023-12-16', 10, NULL, NULL, NULL, NULL, 228, '', '', 100, 125.00, 12500.00, '2'),
(29604, '2023-12-16 14:45:01', NULL, '2023-12-16', 10, NULL, NULL, NULL, NULL, 25, '', '', 9, 170.00, 1530.00, '2'),
(29605, '2023-12-16 14:45:01', NULL, '2023-12-16', 10, NULL, NULL, NULL, NULL, 26, '', '', 60, 180.00, 10800.00, '2'),
(29606, '2023-12-16 14:45:01', NULL, '2023-12-16', 10, NULL, NULL, NULL, NULL, 27, '', '', 30, 180.00, 5400.00, '2'),
(29607, '2023-12-16 14:45:01', NULL, '2023-12-16', 10, NULL, NULL, NULL, NULL, 19, '', '', 50, 22.00, 1100.00, '2'),
(29608, '2023-12-16 14:45:01', NULL, '2023-12-16', 10, NULL, NULL, NULL, NULL, 18, '', '', 250, 34.00, 8500.00, '2'),
(29609, '2023-12-16 14:45:01', NULL, '2023-12-16', 10, NULL, NULL, NULL, NULL, 17, '', '', 250, 68.00, 17000.00, '2'),
(29610, '2023-12-16 14:45:01', NULL, '2023-12-16', 10, NULL, NULL, NULL, NULL, 228, '', '', 10, 125.00, 1250.00, '2'),
(29611, '2023-12-16 16:03:18', NULL, '2023-12-16', 10, NULL, NULL, NULL, NULL, 19, '', '', 200, 22.00, 4400.00, '2'),
(29612, '2023-12-16 16:03:18', NULL, '2023-12-16', 10, NULL, NULL, NULL, NULL, 18, '', '', 200, 34.00, 6800.00, '2'),
(29613, '2023-12-16 16:03:18', NULL, '2023-12-16', 10, NULL, NULL, NULL, NULL, 17, '', '', 300, 68.00, 20400.00, '2'),
(29614, '2023-12-16 16:03:18', NULL, '2023-12-16', 10, NULL, NULL, NULL, NULL, 16, '', '', 50, 102.00, 5100.00, '2'),
(29615, '2023-12-16 16:03:18', NULL, '2023-12-16', 10, NULL, NULL, NULL, NULL, 15, '', '', 30, 136.00, 4080.00, '2'),
(29616, '2023-12-16 16:03:18', NULL, '2023-12-16', 10, NULL, NULL, NULL, NULL, 228, '', '', 20, 125.00, 2500.00, '2'),
(29617, '2023-12-16 16:03:18', NULL, '2023-12-16', 10, NULL, NULL, NULL, NULL, 19, '', '', 400, 22.00, 8800.00, '2'),
(29618, '2023-12-16 16:03:18', NULL, '2023-12-16', 10, NULL, NULL, NULL, NULL, 18, '', '', 400, 34.00, 13600.00, '2'),
(29619, '2023-12-16 16:03:18', NULL, '2023-12-16', 10, NULL, NULL, NULL, NULL, 17, '', '', 500, 68.00, 34000.00, '2'),
(29620, '2023-12-16 16:03:18', NULL, '2023-12-16', 10, NULL, NULL, NULL, NULL, 16, '', '', 50, 102.00, 5100.00, '2'),
(29621, '2023-12-16 16:03:18', NULL, '2023-12-16', 10, NULL, NULL, NULL, NULL, 15, '', '', 40, 136.00, 5440.00, '2'),
(29622, '2023-12-17 08:24:40', NULL, '2023-12-17', 46, NULL, NULL, NULL, NULL, 15, '', '', 52, 150.00, 7800.00, '2'),
(29623, '2023-12-17 08:24:40', NULL, '2023-12-17', 46, NULL, NULL, NULL, NULL, 16, '', '', 24, 115.00, 2760.00, '2'),
(29624, '2023-12-17 08:24:40', NULL, '2023-12-17', 46, NULL, NULL, NULL, NULL, 17, '', '', 180, 75.00, 13500.00, '2'),
(29625, '2023-12-17 08:24:40', NULL, '2023-12-17', 46, NULL, NULL, NULL, NULL, 18, '', '', 150, 38.00, 5700.00, '2'),
(29626, '2023-12-17 08:24:40', NULL, '2023-12-17', 46, NULL, NULL, NULL, NULL, 19, '', '', 70, 25.00, 1750.00, '2');
INSERT INTO `order_p` (`od_id`, `od_code`, `invoice_no`, `od_date`, `cus_id`, `cus_name`, `cus_phone`, `cus_address`, `cus_taxid`, `pd_id`, `pd_name`, `unit_name`, `od_num`, `od_priceperunit`, `od_total`, `od_status`) VALUES
(29627, '2023-12-17 08:24:40', NULL, '2023-12-17', 46, NULL, NULL, NULL, NULL, 241, '', '', 10, 140.00, 1400.00, '2'),
(29630, '2023-12-17 08:24:40', NULL, '2023-12-17', 46, NULL, NULL, NULL, NULL, 106, '', '', 10, 115.00, 1150.00, '2'),
(29631, '2023-12-17 08:24:40', NULL, '2023-12-17', 46, NULL, NULL, NULL, NULL, 107, '', '', 13, 170.00, 2210.00, '2'),
(29632, '2023-12-17 08:26:31', NULL, '2023-12-17', 117, NULL, NULL, NULL, NULL, 18, '', '', 300, 35.00, 10500.00, '2'),
(29633, '2023-12-17 08:26:31', NULL, '2023-12-17', 117, NULL, NULL, NULL, NULL, 17, '', '', 300, 70.00, 21000.00, '2'),
(29634, '2023-12-17 08:26:31', NULL, '2023-12-17', 117, NULL, NULL, NULL, NULL, 16, '', '', 30, 105.00, 3150.00, '2'),
(29635, '2023-12-17 08:26:31', NULL, '2023-12-17', 117, NULL, NULL, NULL, NULL, 15, '', '', 20, 140.00, 2800.00, '2'),
(29636, '2023-12-17 08:43:38', NULL, '2023-12-17', 10, NULL, NULL, NULL, NULL, 19, '', '', 90, 22.00, 1980.00, '2'),
(29637, '2023-12-17 08:43:38', NULL, '2023-12-17', 10, NULL, NULL, NULL, NULL, 18, '', '', 160, 34.00, 5440.00, '2'),
(29638, '2023-12-17 08:43:38', NULL, '2023-12-17', 10, NULL, NULL, NULL, NULL, 17, '', '', 130, 68.00, 8840.00, '2'),
(29639, '2023-12-17 08:43:38', NULL, '2023-12-17', 10, NULL, NULL, NULL, NULL, 15, '', '', 12, 136.00, 1632.00, '2'),
(29640, '2023-12-17 08:43:38', NULL, '2023-12-17', 10, NULL, NULL, NULL, NULL, 228, '', '', 20, 125.00, 2500.00, '2'),
(29641, '2023-12-17 08:43:38', NULL, '2023-12-17', 10, NULL, NULL, NULL, NULL, 19, '', '', 50, 22.00, 1100.00, '2'),
(29642, '2023-12-17 08:43:38', NULL, '2023-12-17', 10, NULL, NULL, NULL, NULL, 17, '', '', 250, 68.00, 17000.00, '2'),
(29643, '2023-12-17 08:43:38', NULL, '2023-12-17', 10, NULL, NULL, NULL, NULL, 15, '', '', 50, 136.00, 6800.00, '2'),
(29644, '2023-12-17 08:43:38', NULL, '2023-12-17', 10, NULL, NULL, NULL, NULL, 18, '', '', 100, 34.00, 3400.00, '2'),
(29645, '2023-12-17 08:43:38', NULL, '2023-12-17', 10, NULL, NULL, NULL, NULL, 17, '', '', 100, 68.00, 6800.00, '2'),
(29646, '2023-12-17 10:52:44', NULL, '2023-12-17', 56, NULL, NULL, NULL, NULL, 18, '', '', 50, 38.00, 1900.00, '2'),
(29647, '2023-12-17 10:52:44', NULL, '2023-12-17', 56, NULL, NULL, NULL, NULL, 17, '', '', 50, 75.00, 3750.00, '2'),
(29648, '2023-12-17 10:52:44', NULL, '2023-12-17', 56, NULL, NULL, NULL, NULL, 16, '', '', 50, 115.00, 5750.00, '2'),
(29649, '2023-12-17 10:52:44', NULL, '2023-12-17', 56, NULL, NULL, NULL, NULL, 15, '', '', 80, 150.00, 12000.00, '2'),
(29650, '2023-12-17 11:53:03', NULL, '2023-12-17', 12, NULL, NULL, NULL, NULL, 19, '', '', 500, 24.00, 12000.00, '2'),
(29651, '2023-12-17 11:53:03', NULL, '2023-12-17', 12, NULL, NULL, NULL, NULL, 18, '', '', 1000, 35.00, 35000.00, '2'),
(29652, '2023-12-17 11:53:03', NULL, '2023-12-17', 12, NULL, NULL, NULL, NULL, 17, '', '', 300, 70.00, 21000.00, '2'),
(29653, '2023-12-17 11:53:03', NULL, '2023-12-17', 12, NULL, NULL, NULL, NULL, 26, '', '', 100, 180.00, 18000.00, '2'),
(29654, '2023-12-17 11:53:03', NULL, '2023-12-17', 12, NULL, NULL, NULL, NULL, 30, '', '', 30, 180.00, 5400.00, '2'),
(29655, '2023-12-17 13:57:10', NULL, '2023-12-17', 10, NULL, NULL, NULL, NULL, 19, '', '', 100, 22.00, 2200.00, '2'),
(29656, '2023-12-17 13:57:10', NULL, '2023-12-17', 10, NULL, NULL, NULL, NULL, 18, '', '', 100, 34.00, 3400.00, '2'),
(29657, '2023-12-17 13:57:10', NULL, '2023-12-17', 10, NULL, NULL, NULL, NULL, 17, '', '', 100, 68.00, 6800.00, '2'),
(29658, '2023-12-17 13:57:10', NULL, '2023-12-17', 10, NULL, NULL, NULL, NULL, 16, '', '', 20, 102.00, 2040.00, '2'),
(29659, '2023-12-17 13:57:10', NULL, '2023-12-17', 10, NULL, NULL, NULL, NULL, 15, '', '', 20, 136.00, 2720.00, '2'),
(29660, '2023-12-17 13:57:10', NULL, '2023-12-17', 10, NULL, NULL, NULL, NULL, 25, '', '', 30, 170.00, 5100.00, '2'),
(29661, '2023-12-17 13:57:10', NULL, '2023-12-17', 10, NULL, NULL, NULL, NULL, 26, '', '', 40, 180.00, 7200.00, '2'),
(29662, '2023-12-17 13:57:10', NULL, '2023-12-17', 10, NULL, NULL, NULL, NULL, 27, '', '', 20, 180.00, 3600.00, '2'),
(29663, '2023-12-17 13:57:10', NULL, '2023-12-17', 10, NULL, NULL, NULL, NULL, 40, '', '', 10, 510.00, 5100.00, '2'),
(29664, '2023-12-18 07:56:08', NULL, '2023-12-18', 53, NULL, NULL, NULL, NULL, 19, '', '', 800, 24.00, 19200.00, '2'),
(29665, '2023-12-18 07:56:08', NULL, '2023-12-18', 53, NULL, NULL, NULL, NULL, 18, '', '', 800, 35.00, 28000.00, '2'),
(29666, '2023-12-18 07:56:08', NULL, '2023-12-18', 53, NULL, NULL, NULL, NULL, 17, '', '', 800, 70.00, 56000.00, '2'),
(29667, '2023-12-18 07:56:08', NULL, '2023-12-18', 53, NULL, NULL, NULL, NULL, 16, '', '', 200, 105.00, 21000.00, '2'),
(29668, '2023-12-18 07:56:08', NULL, '2023-12-18', 53, NULL, NULL, NULL, NULL, 15, '', '', 200, 140.00, 28000.00, '2'),
(29669, '2023-12-18 08:35:06', NULL, '2023-12-18', 31, NULL, NULL, NULL, NULL, 20, '', '', 30, 255.00, 7650.00, '2'),
(29670, '2023-12-18 08:35:06', NULL, '2023-12-18', 31, NULL, NULL, NULL, NULL, 26, '', '', 20, 190.00, 3800.00, '2'),
(29671, '2023-12-18 08:35:48', NULL, '2023-12-18', 10, NULL, NULL, NULL, NULL, 18, '', '', 250, 34.00, 8500.00, '2'),
(29672, '2023-12-18 08:35:48', NULL, '2023-12-18', 10, NULL, NULL, NULL, NULL, 17, '', '', 350, 68.00, 23800.00, '2'),
(29673, '2023-12-18 09:46:34', NULL, '2023-12-18', 57, NULL, NULL, NULL, NULL, 19, '', '', 30, 25.00, 750.00, '2'),
(29674, '2023-12-18 09:46:34', NULL, '2023-12-18', 57, NULL, NULL, NULL, NULL, 18, '', '', 30, 40.00, 1200.00, '2'),
(29675, '2023-12-18 09:46:34', NULL, '2023-12-18', 57, NULL, NULL, NULL, NULL, 17, '', '', 30, 80.00, 2400.00, '2'),
(29676, '2023-12-18 13:51:28', NULL, '2023-12-18', 10, NULL, NULL, NULL, NULL, 19, '', '', 40, 22.00, 880.00, '2'),
(29677, '2023-12-18 13:51:28', NULL, '2023-12-18', 10, NULL, NULL, NULL, NULL, 18, '', '', 40, 34.00, 1360.00, '2'),
(29678, '2023-12-18 13:51:28', NULL, '2023-12-18', 10, NULL, NULL, NULL, NULL, 17, '', '', 100, 68.00, 6800.00, '2'),
(29679, '2023-12-18 13:51:28', NULL, '2023-12-18', 10, NULL, NULL, NULL, NULL, 16, '', '', 56, 102.00, 5712.00, '2'),
(29680, '2023-12-18 13:51:28', NULL, '2023-12-18', 10, NULL, NULL, NULL, NULL, 15, '', '', 20, 136.00, 2720.00, '2'),
(29681, '2023-12-18 13:51:28', NULL, '2023-12-18', 10, NULL, NULL, NULL, NULL, 20, '', '', 2, 255.00, 510.00, '2'),
(29682, '2023-12-18 13:51:28', NULL, '2023-12-18', 10, NULL, NULL, NULL, NULL, 19, '', '', 30, 22.00, 660.00, '2'),
(29683, '2023-12-18 13:51:28', NULL, '2023-12-18', 10, NULL, NULL, NULL, NULL, 18, '', '', 60, 34.00, 2040.00, '2'),
(29684, '2023-12-18 13:51:28', NULL, '2023-12-18', 10, NULL, NULL, NULL, NULL, 17, '', '', 80, 68.00, 5440.00, '2'),
(29685, '2023-12-18 13:51:28', NULL, '2023-12-18', 10, NULL, NULL, NULL, NULL, 15, '', '', 40, 136.00, 5440.00, '2'),
(29686, '2023-12-18 13:51:28', NULL, '2023-12-18', 10, NULL, NULL, NULL, NULL, 19, '', '', 50, 22.00, 1100.00, '2'),
(29687, '2023-12-18 13:51:28', NULL, '2023-12-18', 10, NULL, NULL, NULL, NULL, 18, '', '', 50, 34.00, 1700.00, '2'),
(29688, '2023-12-18 13:51:28', NULL, '2023-12-18', 10, NULL, NULL, NULL, NULL, 17, '', '', 40, 68.00, 2720.00, '2'),
(29689, '2023-12-18 13:51:28', NULL, '2023-12-18', 10, NULL, NULL, NULL, NULL, 16, '', '', 6, 102.00, 612.00, '2'),
(29690, '2023-12-18 13:51:28', NULL, '2023-12-18', 10, NULL, NULL, NULL, NULL, 228, '', '', 5, 125.00, 625.00, '2'),
(29691, '2023-12-18 13:51:28', NULL, '2023-12-18', 10, NULL, NULL, NULL, NULL, 17, '', '', 100, 68.00, 6800.00, '2'),
(29692, '2023-12-18 13:51:28', NULL, '2023-12-18', 10, NULL, NULL, NULL, NULL, 18, '', '', 100, 34.00, 3400.00, '2'),
(29693, '2023-12-18 13:51:28', NULL, '2023-12-18', 10, NULL, NULL, NULL, NULL, 19, '', '', 100, 22.00, 2200.00, '2'),
(29694, '2023-12-18 13:51:28', NULL, '2023-12-18', 10, NULL, NULL, NULL, NULL, 20, '', '', 20, 255.00, 5100.00, '2'),
(29695, '2023-12-18 13:51:28', NULL, '2023-12-18', 10, NULL, NULL, NULL, NULL, 26, '', '', 40, 180.00, 7200.00, '2'),
(29696, '2023-12-18 13:51:28', NULL, '2023-12-18', 10, NULL, NULL, NULL, NULL, 27, '', '', 20, 180.00, 3600.00, '2'),
(29703, '2023-12-19 00:45:17', NULL, '2023-12-19', 0, 'Suwit', NULL, NULL, NULL, 0, 'Test', 't', 10, 50.00, 500.00, '2'),
(29704, '2023-12-19 00:45:17', NULL, '2023-12-19', 0, 'Suwit', NULL, NULL, NULL, 0, 'Test2', 'T2', 25, 100.00, 2500.00, '2'),
(29707, '2023-12-19 01:14:53', NULL, '2023-12-19', 0, 'ครูกะปิ', NULL, NULL, NULL, 0, 'ไข่', 'ฟอง', 0, 6.00, 0.00, '2'),
(29708, '2023-12-19 01:14:53', NULL, '2023-12-19', 0, 'ครูกะปิ', NULL, NULL, NULL, 0, 'งู', 'ตัว', 20, 8.00, 160.00, '2'),
(29709, '2023-12-19 01:15:56', NULL, '2023-12-19', 0, 'ครูกะปิ', NULL, NULL, NULL, 0, 'ข้าว', 'กล่อง', 10, 100.00, 1000.00, '2'),
(29710, '2023-12-19 01:15:56', NULL, '2023-12-19', 0, 'Suwit', NULL, NULL, NULL, 0, 'เสื้อ', 'ตัว', 20, 99.00, 1980.00, '2'),
(29711, '2023-12-19 01:18:18', NULL, '2023-12-19', 0, 'โต้ง', NULL, NULL, NULL, 0, 'ต', 'กล่อง', 20, 198.00, 3960.00, '2'),
(29712, '2023-12-19 01:18:18', NULL, '2023-12-19', 0, 'โต้ง', NULL, NULL, NULL, 0, 'งง', 'ตะกร้า', 20, 100.00, 2000.00, '2'),
(29713, '2023-12-19 01:18:18', NULL, '2023-12-19', 0, 'โต้ง', NULL, NULL, NULL, 0, 'Test', 'กล่อง', 10, 100.00, 1000.00, '2'),
(29714, '2023-12-19 01:27:10', NULL, '2023-12-19', 0, 'ครูกะปิ', NULL, NULL, NULL, 0, 'เสื้อ', 'กล่อง', 10, 200.00, 2000.00, '2'),
(29715, '2023-12-19 01:27:10', NULL, '2023-12-19', 0, 'ครูกะปิ', NULL, NULL, NULL, 0, 'Test', 'กล่อง', 10, 198.00, 1980.00, '2'),
(29716, '2023-12-19 01:27:45', NULL, '2023-12-19', 0, 'ครูกะปิ', NULL, NULL, NULL, 0, 'ผ', 'กล่อง', 20, 198.00, 3960.00, '2'),
(29717, '2023-12-19 01:27:45', NULL, '2023-12-19', 0, 'ครูกะปิ', NULL, NULL, NULL, 0, 'เสื้อ', 'ตะกร้า', 20, 100.00, 2000.00, '2'),
(29718, NULL, NULL, '2023-12-19', 0, 'ครูกะปิ', NULL, NULL, NULL, 0, 'ก', 'กล่อง', 1, 1.00, 1.00, '1'),
(29719, NULL, NULL, '2023-12-19', 0, 'ครูกะปิ', NULL, NULL, NULL, 0, 'ข', 'ตะกร้า', 2, 2.00, 4.00, '1'),
(29720, NULL, NULL, '2023-12-19', 0, 'ครูกะปิ', NULL, NULL, NULL, 0, 'ต', 'ตัว', 3, 3.00, 9.00, '1'),
(29721, NULL, NULL, '2023-12-19', 0, 'Suwit 2', NULL, NULL, NULL, 0, 'Test', 'T3', 10, 100.00, 1000.00, '1'),
(29722, NULL, NULL, '2023-12-19', 0, 'Suwit', NULL, NULL, NULL, 0, 'Test2', 'T3', 8, 100.00, 800.00, '1'),
(29723, '2023-12-19 01:29:49', NULL, '2023-12-19', 0, 'Suwit', '0986699892', '39/62', NULL, 0, 'Test', 'T4', 9, 22.00, 198.00, '2'),
(29725, '2023-12-19 10:00:56', NULL, '2023-12-19', 52, '', '', '', NULL, 19, '', 'กล่อง', 190, 24.00, 4560.00, '2'),
(29726, '2023-12-19 10:00:56', NULL, '2023-12-19', 52, '', '', '', NULL, 18, '', 'กล่อง', 90, 38.00, 3420.00, '2'),
(29727, '2023-12-19 10:00:56', NULL, '2023-12-19', 52, '', '', '', NULL, 17, '', 'กล่อง', 90, 75.00, 6750.00, '2'),
(29728, '2023-12-19 10:00:56', NULL, '2023-12-19', 52, '', '', '', NULL, 16, '', 'กล่อง', 30, 115.00, 3450.00, '2'),
(29729, '2023-12-19 10:00:56', NULL, '2023-12-19', 52, '', '', '', NULL, 15, '', 'กล่อง', 18, 150.00, 2700.00, '2'),
(29730, '2023-12-19 10:01:57', '5', '2023-12-19', 55, '', '', '', NULL, 18, '', 'กล่อง', 20, 38.00, 760.00, '2'),
(29731, '2023-12-19 10:01:57', '5', '2023-12-19', 55, '', '', '', NULL, 17, '', 'กล่อง', 110, 75.00, 8250.00, '2'),
(29732, '2023-12-19 13:43:36', NULL, '2023-12-19', 11, '', '', '', NULL, 18, '', 'กล่อง', 100, 34.00, 3400.00, '2'),
(29733, '2023-12-19 13:43:36', NULL, '2023-12-19', 11, '', '', '', NULL, 17, '', 'กล่อง', 600, 68.00, 40800.00, '2'),
(29734, '2023-12-19 14:18:26', NULL, '2023-12-19', 10, '', '', '', NULL, 19, '', 'กล่อง', 50, 22.00, 1100.00, '2'),
(29735, '2023-12-19 14:18:26', NULL, '2023-12-19', 10, '', '', '', NULL, 18, '', 'กล่อง', 50, 34.00, 1700.00, '2'),
(29736, '2023-12-19 14:18:26', NULL, '2023-12-19', 10, '', '', '', NULL, 17, '', 'กล่อง', 5, 68.00, 340.00, '2'),
(29737, '2023-12-19 14:18:26', NULL, '2023-12-19', 10, '', '', '', NULL, 19, '', 'กล่อง', 10, 22.00, 220.00, '2'),
(29738, '2023-12-19 14:18:26', NULL, '2023-12-19', 10, '', '', '', NULL, 18, '', 'กล่อง', 20, 34.00, 680.00, '2'),
(29739, '2023-12-19 14:18:26', NULL, '2023-12-19', 10, '', '', '', NULL, 17, '', 'กล่อง', 40, 68.00, 2720.00, '2'),
(29740, '2023-12-19 14:18:26', NULL, '2023-12-19', 10, '', '', '', NULL, 228, '', 'กล่อง', 10, 125.00, 1250.00, '2'),
(29741, '2023-12-19 14:18:26', NULL, '2023-12-19', 10, '', '', '', NULL, 18, '', 'กล่อง', 300, 34.00, 10200.00, '2'),
(29742, '2023-12-19 14:18:26', NULL, '2023-12-19', 10, '', '', '', NULL, 17, '', 'กล่อง', 200, 68.00, 13600.00, '2'),
(29743, '2023-12-19 14:18:26', NULL, '2023-12-19', 10, '', '', '', NULL, 16, '', 'กล่อง', 20, 102.00, 2040.00, '2'),
(29744, '2023-12-19 14:18:26', NULL, '2023-12-19', 10, '', '', '', NULL, 15, '', 'กล่อง', 10, 136.00, 1360.00, '2'),
(29745, '2023-12-19 14:18:26', NULL, '2023-12-19', 10, '', '', '', NULL, 17, '', 'กล่อง', 30, 68.00, 2040.00, '2'),
(29746, '2023-12-19 14:18:26', NULL, '2023-12-19', 10, '', '', '', NULL, 228, '', 'กล่อง', 100, 125.00, 12500.00, '2'),
(29747, '2023-12-19 14:18:26', NULL, '2023-12-19', 10, '', '', '', NULL, 17, '', 'กล่อง', 200, 68.00, 13600.00, '2'),
(29748, '2023-12-19 14:18:26', NULL, '2023-12-19', 10, '', '', '', NULL, 18, '', 'กล่อง', 200, 34.00, 6800.00, '2'),
(29749, '2023-12-19 14:18:26', NULL, '2023-12-19', 10, '', '', '', NULL, 19, '', 'กล่อง', 200, 22.00, 4400.00, '2'),
(29750, '2023-12-19 14:18:26', NULL, '2023-12-19', 10, '', '', '', NULL, 20, '', 'ลัง', 20, 255.00, 5100.00, '2'),
(29751, '2023-12-19 14:18:26', NULL, '2023-12-19', 10, '', '', '', NULL, 25, '', 'ลัง', 13, 170.00, 2210.00, '2'),
(29752, '2023-12-19 14:18:26', NULL, '2023-12-19', 10, '', '', '', NULL, 26, '', 'ลัง', 40, 180.00, 7200.00, '2'),
(29753, '2023-12-19 14:18:26', NULL, '2023-12-19', 10, '', '', '', NULL, 27, '', 'ลัง', 30, 180.00, 5400.00, '2'),
(29754, NULL, NULL, '2023-12-19', 76, '', '', '', NULL, 17, '', 'กล่อง', 50, 75.00, 3750.00, '1'),
(29755, NULL, NULL, '2023-12-19', 76, '', '', '', NULL, 18, '', 'กล่อง', 30, 38.00, 1140.00, '1'),
(29756, NULL, NULL, '2023-12-19', 76, '', '', '', NULL, 19, '', 'กล่อง', 30, 25.00, 750.00, '1'),
(29757, '2023-12-19 14:21:42', NULL, '2023-12-19', 75, '', '', '', NULL, 174, '', 'ถุง', 1, 60.00, 60.00, '2'),
(29758, '2023-12-19 14:21:42', NULL, '2023-12-19', 75, '', '', '', NULL, 19, '', 'กล่อง', 30, 23.00, 690.00, '2'),
(29759, '2023-12-19 14:21:42', NULL, '2023-12-19', 75, '', '', '', NULL, 18, '', 'กล่อง', 30, 38.00, 1140.00, '2'),
(29760, '2023-12-19 14:21:42', NULL, '2023-12-19', 75, '', '', '', NULL, 17, '', 'กล่อง', 50, 75.00, 3750.00, '2'),
(29761, '2023-12-19 14:27:25', NULL, '2023-12-19', 74, '', '', '', NULL, 17, '', 'กล่อง', 20, 75.00, 1500.00, '2'),
(29762, '2023-12-19 14:27:25', NULL, '2023-12-19', 74, '', '', '', NULL, 18, '', 'กล่อง', 20, 38.00, 760.00, '2'),
(29763, '2023-12-19 14:27:25', NULL, '2023-12-19', 74, '', '', '', NULL, 19, '', 'กล่อง', 5, 23.00, 115.00, '2'),
(29768, '2023-12-19 14:27:25', NULL, '2023-12-19', 74, '', '', '', NULL, 173, '', 'ถุง', 1, 100.00, 100.00, '2'),
(29767, '2023-12-19 14:27:25', NULL, '2023-12-19', 74, '', '', '', NULL, 105, '', 'ถุง', 2, 100.00, 200.00, '2'),
(29769, '2023-12-20 08:07:09', NULL, '2023-12-20', 10, '', '', '', NULL, 19, '', 'กล่อง', 200, 22.00, 4400.00, '2'),
(29770, '2023-12-20 08:07:09', NULL, '2023-12-20', 10, '', '', '', NULL, 18, '', 'กล่อง', 100, 34.00, 3400.00, '2'),
(29771, '2023-12-20 08:07:09', NULL, '2023-12-20', 10, '', '', '', NULL, 17, '', 'กล่อง', 100, 68.00, 6800.00, '2'),
(29772, '2023-12-20 08:07:09', NULL, '2023-12-20', 10, '', '', '', NULL, 19, '', 'กล่อง', 200, 22.00, 4400.00, '2'),
(29773, '2023-12-20 08:07:09', NULL, '2023-12-20', 10, '', '', '', NULL, 18, '', 'กล่อง', 300, 34.00, 10200.00, '2'),
(29774, '2023-12-20 08:07:09', NULL, '2023-12-20', 10, '', '', '', NULL, 17, '', 'กล่อง', 300, 68.00, 20400.00, '2'),
(29775, '2023-12-20 08:07:09', NULL, '2023-12-20', 10, '', '', '', NULL, 16, '', 'กล่อง', 30, 102.00, 3060.00, '2'),
(29776, '2023-12-20 08:07:09', NULL, '2023-12-20', 10, '', '', '', NULL, 15, '', 'กล่อง', 30, 136.00, 4080.00, '2'),
(29777, '2023-12-20 08:07:09', NULL, '2023-12-20', 10, '', '', '', NULL, 228, '', 'กล่อง', 100, 125.00, 12500.00, '2'),
(29778, '2023-12-20 09:48:26', '4', '2023-12-20', 35, '', '', '', NULL, 15, '', 'กล่อง', 10, 130.00, 1300.00, '2'),
(29779, '2023-12-20 09:48:26', '4', '2023-12-20', 35, '', '', '', NULL, 16, '', 'กล่อง', 10, 97.50, 975.00, '2'),
(29780, '2023-12-20 09:48:26', '4', '2023-12-20', 35, '', '', '', NULL, 17, '', 'กล่อง', 30, 65.00, 1950.00, '2'),
(29781, '2023-12-20 09:48:26', '4', '2023-12-20', 35, '', '', '', NULL, 20, '', 'ลัง', 3, 240.00, 720.00, '2'),
(29782, '2023-12-20 15:30:49', NULL, '2023-12-20', 10, '', '', '', NULL, 19, '', 'กล่อง', 100, 22.00, 2200.00, '2'),
(29783, '2023-12-20 15:30:49', NULL, '2023-12-20', 10, '', '', '', NULL, 18, '', 'กล่อง', 200, 34.00, 6800.00, '2'),
(29784, '2023-12-20 15:30:49', NULL, '2023-12-20', 10, '', '', '', NULL, 17, '', 'กล่อง', 300, 68.00, 20400.00, '2'),
(29785, '2023-12-20 15:30:49', NULL, '2023-12-20', 10, '', '', '', NULL, 228, '', 'กล่อง', 10, 125.00, 1250.00, '2'),
(29786, '2023-12-20 15:30:49', NULL, '2023-12-20', 10, '', '', '', NULL, 27, '', 'ลัง', 5, 180.00, 900.00, '2'),
(29787, '2023-12-20 15:30:49', NULL, '2023-12-20', 10, '', '', '', NULL, 19, '', 'กล่อง', 100, 22.00, 2200.00, '2'),
(29788, '2023-12-20 15:30:49', NULL, '2023-12-20', 10, '', '', '', NULL, 18, '', 'กล่อง', 100, 34.00, 3400.00, '2'),
(29789, '2023-12-20 15:30:49', NULL, '2023-12-20', 10, '', '', '', NULL, 17, '', 'กล่อง', 100, 68.00, 6800.00, '2'),
(29790, '2023-12-20 15:30:49', NULL, '2023-12-20', 10, '', '', '', NULL, 15, '', 'กล่อง', 10, 136.00, 1360.00, '2'),
(29791, '2023-12-20 15:30:49', NULL, '2023-12-20', 10, '', '', '', NULL, 15, '', 'กล่อง', 50, 136.00, 6800.00, '2'),
(29792, '2023-12-20 15:30:49', NULL, '2023-12-20', 10, '', '', '', NULL, 17, '', 'กล่อง', 100, 68.00, 6800.00, '2'),
(29793, '2023-12-20 15:30:49', NULL, '2023-12-20', 10, '', '', '', NULL, 18, '', 'กล่อง', 100, 34.00, 3400.00, '2'),
(29794, '2023-12-20 15:30:49', NULL, '2023-12-20', 10, '', '', '', NULL, 19, '', 'กล่อง', 200, 22.00, 4400.00, '2'),
(29795, '2023-12-20 15:30:49', NULL, '2023-12-20', 10, '', '', '', NULL, 20, '', 'ลัง', 30, 255.00, 7650.00, '2'),
(29796, '2023-12-20 15:30:49', NULL, '2023-12-20', 10, '', '', '', NULL, 25, '', 'ลัง', 30, 170.00, 5100.00, '2'),
(29797, '2023-12-20 15:30:49', NULL, '2023-12-20', 10, '', '', '', NULL, 26, '', 'ลัง', 50, 180.00, 9000.00, '2'),
(29798, '2023-12-20 15:30:49', NULL, '2023-12-20', 10, '', '', '', NULL, 27, '', 'ลัง', 20, 180.00, 3600.00, '2'),
(29799, '2023-12-20 15:30:49', NULL, '2023-12-20', 10, '', '', '', NULL, 40, '', 'ลัง', 10, 510.00, 5100.00, '2'),
(29800, '2023-12-20 18:28:23', NULL, '2023-12-20', 10, '', '', '', NULL, 19, '', 'กล่อง', 500, 22.00, 11000.00, '2'),
(29801, '2023-12-20 18:28:23', NULL, '2023-12-20', 10, '', '', '', NULL, 18, '', 'กล่อง', 500, 34.00, 17000.00, '2'),
(29802, '2023-12-20 18:28:23', NULL, '2023-12-20', 10, '', '', '', NULL, 17, '', 'กล่อง', 500, 68.00, 34000.00, '2'),
(29803, '2023-12-20 18:28:23', NULL, '2023-12-20', 10, '', '', '', NULL, 228, '', 'กล่อง', 15, 125.00, 1875.00, '2'),
(29804, '2023-12-20 18:28:23', NULL, '2023-12-20', 10, '', '', '', NULL, 18, '', 'กล่อง', 100, 34.00, 3400.00, '2'),
(29805, '2023-12-20 18:28:23', NULL, '2023-12-20', 10, '', '', '', NULL, 17, '', 'กล่อง', 50, 68.00, 3400.00, '2'),
(29806, '2023-12-20 18:28:23', NULL, '2023-12-20', 10, '', '', '', NULL, 16, '', 'กล่อง', 20, 102.00, 2040.00, '2'),
(29807, '2023-12-20 18:28:23', NULL, '2023-12-20', 10, '', '', '', NULL, 15, '', 'กล่อง', 20, 136.00, 2720.00, '2'),
(29808, '2023-12-20 18:28:23', NULL, '2023-12-20', 10, '', '', '', NULL, 16, '', 'กล่อง', 50, 102.00, 5100.00, '2'),
(29809, '2023-12-20 18:28:23', NULL, '2023-12-20', 10, '', '', '', NULL, 15, '', 'กล่อง', 50, 136.00, 6800.00, '2'),
(29810, '2023-12-20 18:28:23', NULL, '2023-12-20', 10, '', '', '', NULL, 18, '', 'กล่อง', 350, 34.00, 11900.00, '2'),
(29811, '2023-12-20 18:28:23', NULL, '2023-12-20', 10, '', '', '', NULL, 17, '', 'กล่อง', 350, 68.00, 23800.00, '2'),
(29812, '2023-12-20 18:28:23', NULL, '2023-12-20', 10, '', '', '', NULL, 259, '', 'เที่ยว', 1, 800.00, 800.00, '2'),
(29813, '2023-12-20 18:28:23', NULL, '2023-12-20', 10, '', '', '', NULL, 18, '', 'กล่อง', 500, 34.00, 17000.00, '2'),
(29814, '2023-12-20 18:28:23', NULL, '2023-12-20', 10, '', '', '', NULL, 17, '', 'กล่อง', 400, 68.00, 27200.00, '2'),
(29815, '2023-12-20 18:28:23', NULL, '2023-12-20', 10, '', '', '', NULL, 228, '', 'กล่อง', 100, 125.00, 12500.00, '2'),
(29816, NULL, NULL, '2023-12-20', 11, '', '', '', NULL, 16, '', 'กล่อง', 10, 102.00, 1020.00, '1'),
(29817, NULL, NULL, '2023-12-20', 11, '', '', '', NULL, 18, '', 'กล่อง', 10, 34.00, 340.00, '1'),
(29818, NULL, NULL, '2023-12-20', 0, 'สุวิทย์', '0986699884', 'ไม่มี', NULL, 0, '1ๆ1ๆ1ๆ', '3ไำ', 50, 30.00, 1500.00, '1'),
(29819, NULL, NULL, '2023-12-20', 0, 'สุวิทย์', '0986699884', 'ไม่มี', NULL, 0, 'TsuwitWW', '7777', 50, 20.00, 1000.00, '1'),
(29820, NULL, NULL, '2023-12-22', 0, 'suwit', '0986699', '142645', NULL, 0, '1231', '30', 10, 50.00, 500.00, '1'),
(29821, NULL, NULL, '2024-01-20', 10, '', '', '', '', 14, '', 'กล่อง', 10, 204.00, 2040.00, '1');

-- --------------------------------------------------------

--
-- Table structure for table `order_p_running`
--

CREATE TABLE `order_p_running` (
  `row_id` int(11) NOT NULL,
  `order_id` varchar(50) NOT NULL,
  `created_datetime` datetime NOT NULL DEFAULT current_timestamp()
) ENGINE=InnoDB DEFAULT CHARSET=utf8mb4 COLLATE=utf8mb4_general_ci;

--
-- Dumping data for table `order_p_running`
--

INSERT INTO `order_p_running` (`row_id`, `order_id`, `created_datetime`) VALUES
(1, '20230810213129', '2024-03-14 00:44:57'),
(4, '20231220094826', '2024-03-14 00:53:45'),
(5, '20231219100157', '2024-03-14 01:04:13');

-- --------------------------------------------------------

--
-- Table structure for table `po_customer`
--

CREATE TABLE `po_customer` (
  `cus_id` int(11) NOT NULL,
  `cus_name` varchar(50) NOT NULL,
  `cus_address` varchar(150) NOT NULL,
  `cus_phone` varchar(20) NOT NULL,
  `cus_taxid` varchar(20) NOT NULL,
  `created_datetime` datetime NOT NULL DEFAULT current_timestamp()
) ENGINE=InnoDB DEFAULT CHARSET=utf8mb4 COLLATE=utf8mb4_general_ci;

--
-- Dumping data for table `po_customer`
--

INSERT INTO `po_customer` (`cus_id`, `cus_name`, `cus_address`, `cus_phone`, `cus_taxid`, `created_datetime`) VALUES
(1, 'ร้านเจ๊ตี้', 'บ้านคุณเก้า', '0986699892', '1100701721895', '2024-01-01 14:54:57'),
(2, 'ร้านเฮียเก้า', 'ที่บ้านคุณเก้า', '0986699892', '11020020007', '2024-01-01 17:04:35');

-- --------------------------------------------------------

--
-- Table structure for table `po_customer_product`
--

CREATE TABLE `po_customer_product` (
  `id` int(11) NOT NULL,
  `cus_id` int(11) NOT NULL,
  `product_id` int(11) NOT NULL
) ENGINE=InnoDB DEFAULT CHARSET=utf8mb4 COLLATE=utf8mb4_general_ci;

--
-- Dumping data for table `po_customer_product`
--

INSERT INTO `po_customer_product` (`id`, `cus_id`, `product_id`) VALUES
(13, 1, 1),
(15, 3, 2),
(17, 2, 1),
(21, 2, 6),
(28, 3, 3),
(29, 1, 3);

-- --------------------------------------------------------

--
-- Table structure for table `po_order`
--

CREATE TABLE `po_order` (
  `order_id` int(11) NOT NULL,
  `document_type` varchar(20) NOT NULL,
  `cus_id` varchar(20) DEFAULT NULL,
  `cus_name` varchar(50) DEFAULT NULL,
  `cus_phone` varchar(20) DEFAULT NULL,
  `cus_address` varchar(150) DEFAULT NULL,
  `cus_taxid` varchar(20) DEFAULT NULL,
  `status` int(11) NOT NULL DEFAULT 1,
  `created_datetime` datetime NOT NULL DEFAULT current_timestamp()
) ENGINE=InnoDB DEFAULT CHARSET=utf8mb4 COLLATE=utf8mb4_general_ci;

--
-- Dumping data for table `po_order`
--

INSERT INTO `po_order` (`order_id`, `document_type`, `cus_id`, `cus_name`, `cus_phone`, `cus_address`, `cus_taxid`, `status`, `created_datetime`) VALUES
(16, 'PURCHASE', NULL, NULL, NULL, NULL, NULL, 1, '2023-12-28 23:56:00'),
(17, 'PURCHASE', NULL, NULL, NULL, NULL, NULL, 1, '2023-12-29 00:22:25'),
(18, 'PURCHASE', '1', 'ร้านเจ๊ตี้', NULL, NULL, NULL, 1, '2024-01-01 14:55:39'),
(19, 'PURCHASE', '1', 'ร้านเจ๊ตี้', NULL, NULL, NULL, 1, '2024-01-01 16:30:12'),
(20, 'PURCHASE', '2', 'ร้านเฮียเก้า', NULL, NULL, NULL, 1, '2024-01-01 18:00:05'),
(21, 'PRODUCTION', '', '', NULL, NULL, NULL, 1, '2024-01-02 15:59:26'),
(22, 'PRODUCTION', '', '', NULL, NULL, NULL, 1, '2024-01-02 15:59:32'),
(23, 'PRODUCTION', '', '', NULL, NULL, NULL, 1, '2024-01-02 15:59:36'),
(24, 'PURCHASE', '1', 'ร้านเจ๊ตี้', NULL, NULL, NULL, 1, '2024-05-11 21:01:27'),
(25, 'PRODUCTION', '', '', NULL, NULL, NULL, 1, '2024-01-20 21:03:36');

-- --------------------------------------------------------

--
-- Table structure for table `po_order_detail`
--

CREATE TABLE `po_order_detail` (
  `order_detail_id` int(11) NOT NULL,
  `order_id` int(11) DEFAULT NULL,
  `product_id` int(11) DEFAULT NULL,
  `product_name` varchar(250) NOT NULL,
  `unit_name` varchar(250) NOT NULL,
  `price` double(10,2) DEFAULT NULL,
  `qty` double(10,2) DEFAULT NULL
) ENGINE=MyISAM DEFAULT CHARSET=utf8 COLLATE=utf8_general_ci;

--
-- Dumping data for table `po_order_detail`
--

INSERT INTO `po_order_detail` (`order_detail_id`, `order_id`, `product_id`, `product_name`, `unit_name`, `price`, `qty`) VALUES
(31, 17, 1, 'ขนมเบื้อง', 'อัน', 200.00, 8.00),
(30, 17, 6, 'ตี้ทดสอบ', 'พิฆาต', 898.00, 7.00),
(29, 16, 2, 'ขนมเบื้อง', 'ชิ้น', 200.00, 90.00),
(28, 16, 1, 'ขนมเบื้อง', 'อัน', 200.00, 9.00),
(26, 15, 6, 'ตี้ทดสอบ', 'พิฆาต', 898.00, 10.00),
(27, 15, 3, 'ขนมเข่ง', 'กล่อง', 300.00, 5.00),
(25, 14, 2, 'ขนมเบื้อง', 'ชิ้น', 0.00, 8.00),
(24, 14, 1, 'ขนมเบื้อง', 'อัน', 0.00, 9.00),
(23, 13, 3, 'ขนมเข่ง', 'กล่อง', 0.00, 15.00),
(22, 13, 6, 'ตี้ทดสอบ', 'พิฆาต', 0.00, 10.00),
(32, 17, 3, 'ขนมเข่ง', 'กล่อง', 300.00, 9.00),
(33, 17, 3, 'ขนมเข่ง', 'กล่อง', 300.00, 8.00),
(34, 17, 3, 'ขนมเข่ง', 'กล่อง', 300.00, 7.00),
(35, 18, 3, 'ขนมเข่ง', 'กล่อง', 300.00, 15.00),
(36, 19, 3, 'ขนมเข่ง', 'กล่อง', 300.00, 20.00),
(37, 19, 1, 'ขนมเบื้อง', 'อัน', 200.00, 5.00),
(38, 20, 6, 'ตี้ทดสอบ', 'พิฆาต', 898.00, 9.00),
(39, 20, 1, 'ขนมเบื้อง', 'อัน', 200.00, 67.00),
(40, 21, 7, 'ตี้สินค้า สั่งผลิต1', 'ตี้สินค้า สั่งผลิต1', 0.00, 10.00),
(41, 21, 8, 'ตี้สินค้า สั่งผลิต2', 'ตี้สินค้า สั่งผลิต2', 0.00, 20.00),
(42, 22, 8, 'ตี้สินค้า สั่งผลิต2', 'ตี้สินค้า สั่งผลิต2', 0.00, 5.00),
(43, 23, 7, 'ตี้สินค้า สั่งผลิต1', 'ตี้สินค้า สั่งผลิต1', 0.00, 10.00),
(44, 24, 3, 'ขนมเข่ง', 'กล่อง', 300.00, 5.00),
(45, 24, 1, 'ขนมเบื้อง', 'อัน', 200.00, 9999.00),
(46, 25, 8, 'ตี้สินค้า สั่งผลิต2', 'ตี้สินค้า สั่งผลิต2', 0.00, 10.00),
(47, 25, 8, 'ตี้สินค้า สั่งผลิต2', 'ตี้สินค้า สั่งผลิต2', 0.00, 111.00);

-- --------------------------------------------------------

--
-- Table structure for table `po_product`
--

CREATE TABLE `po_product` (
  `product_id` int(11) NOT NULL,
  `product_name` varchar(150) NOT NULL,
  `unit_name` varchar(50) NOT NULL,
  `price` float NOT NULL,
  `status` int(11) NOT NULL DEFAULT 1,
  `product_type` varchar(20) NOT NULL DEFAULT 'PO',
  `created_datetime` datetime NOT NULL DEFAULT current_timestamp(),
  `created_by` varchar(20) NOT NULL DEFAULT 'SYSTEM'
) ENGINE=InnoDB DEFAULT CHARSET=utf8mb4 COLLATE=utf8mb4_general_ci;

--
-- Dumping data for table `po_product`
--

INSERT INTO `po_product` (`product_id`, `product_name`, `unit_name`, `price`, `status`, `product_type`, `created_datetime`, `created_by`) VALUES
(1, 'ขนมเบื้อง', 'อัน', 200, 1, 'PO', '2023-12-26 20:04:06', 'SYSTEM'),
(2, 'ขนมเบื้อง', 'ชิ้น', 200, 1, 'PO', '2023-12-26 20:04:50', 'SYSTEM'),
(3, 'ขนมเข่ง', 'กล่อง', 300, 1, 'PO', '2023-12-26 20:11:48', 'SYSTEM'),
(6, 'ตี้ทดสอบ', 'พิฆาต', 898, 1, 'PO', '2023-12-28 00:27:20', 'SYSTEM'),
(7, 'ตี้สินค้า สั่งผลิต1', 'ตี้สินค้า สั่งผลิต1', 0, 1, 'PD', '2024-01-02 15:59:08', 'SYSTEM'),
(8, 'ตี้สินค้า สั่งผลิต2', 'ตี้สินค้า สั่งผลิต2', 0, 1, 'PD', '2024-01-02 15:59:15', 'SYSTEM');

-- --------------------------------------------------------

--
-- Table structure for table `product`
--

CREATE TABLE `product` (
  `pd_id` int(11) NOT NULL,
  `pd_name` varchar(200) NOT NULL,
  `pd_unit` varchar(200) NOT NULL,
  `pd_status` char(2) DEFAULT '1'
) ENGINE=MyISAM DEFAULT CHARSET=utf8 COLLATE=utf8_general_ci;

--
-- Dumping data for table `product`
--

INSERT INTO `product` (`pd_id`, `pd_name`, `pd_unit`, `pd_status`) VALUES
(1, 'สินค้า1', 'ชิ้น', '0'),
(2, 'สินค้า2', 'ลัง', '0'),
(3, 'สินค้า3', 'กล่อง', '0'),
(4, 'สินค้า4', 'อัน', '0'),
(6, 'สินค้า6', 'กระป๋อง', '0'),
(7, 'สินค้า7', 'ชิ้น', '0'),
(8, 'สินค้า8', 'ชิ้น', '0'),
(9, 'สินค้า9', 'ลัง', '0'),
(10, '-ภภ-พ', 'ำไๆพไำ', '0'),
(11, 'เปี๊ยะ 100', 'กล่อง', '0'),
(12, 'เปี๊ยะ 50', 'กล่อง', '0'),
(13, 'เปี๊ยะ 30', 'กล่อง', '0'),
(14, 'เปี๊ยะ 300', 'กล่อง', '1'),
(15, 'เปี๊ยะ 200', 'กล่อง', '1'),
(16, 'เปี๊ยะ 150', 'กล่อง', '1'),
(17, 'เปี๊ยะ 100', 'กล่อง', '1'),
(18, 'เปี๊ยะ 50', 'กล่อง', '1'),
(19, 'เปี๊ยะ 35', 'กล่อง', '1'),
(20, 'เปี๊ยะ 10 ( 30 ก้อน / ลัง )', 'ลัง', '1'),
(21, 'เปี๊ยะไส้ฟัก ( 100 อัน / ตะกร้า )', 'ตะกร้า', '1'),
(22, 'เปี๊ยะไส้ถั่วฟัก ( 100 อัน / ตะกร้า )', 'ตะกร้า', '0'),
(23, 'เปี๊ยะแดง ( 50 อัน / ตะกร้า )', 'ตะกร้า', '1'),
(24, 'เปี๊ยะตัด ( 50 อัน / ตะกร้า )', 'ตะกร้า', '1'),
(25, 'เปี๊ยะตัด ( 20 กล่อง / ลัง )', 'ลัง', '1'),
(26, 'คอกล่อง ขาว ( 20 กล่อง / ลัง )', 'ลัง', '1'),
(27, 'คอกล่อง ดำ ( 20 กล่อง / ลัง )', 'ลัง', '1'),
(28, 'ถั่วตัด ( 20 โฟม / ลัง )', 'ลัง', '1'),
(29, 'ลูกเต๋า( 20 กล่อง / ลัง )', 'ลัง', '1'),
(30, 'เหม่งทึ้ง ขาว ( 20 กล่อง / ลัง )', 'ลัง', '1'),
(31, 'หน้าแตก ( 15 โฟม / ลัง )', 'ลัง', '1'),
(32, 'เปี๊ยะตัด (80 อัน / ตะกร้า )', 'ตะกร้า', '1'),
(33, 'เปี๊ยะตัด ( 100 อัน / ตะกร้า )', 'ตะกร้า', '1'),
(34, 'โก๋ขาว 6 นิ้ว ( 20 แผ่น / ลัง )', 'ลัง', '1'),
(35, 'โก๋งาดำ 6 นิ้ว ( 20 แผ่น / ลัง )', 'ลัง', '1'),
(36, 'โก๋ 2 ไส้ - 8 ชิ้น ( 16 ถุง / ลัง )', 'ลัง', '1'),
(37, 'โก๋ 2 ไส้ - 4 ชิ้น ( 30 ถุง / ลัง )', 'ลัง', '1'),
(38, 'โก๋ขาวใหญ่ 8 นิ้ว ( 25 แผ่น / ลัง )', 'ลัง', '1'),
(39, 'โก๋ขาว 0.5 ก.ก. ( 18 ถุง / ลัง )  ', 'ลัง', '1'),
(40, 'หน้างาเล็ก ( 60 แผ่น / ลัง )', 'ลัง', '1'),
(41, 'หน้างาใหญ่ ( 40 แผ่น / ลัง )', 'ลัง', '1'),
(42, 'ขนมไหว้พระจันทร์ - ทุเรียน ไข่เดี่ยว ( 4 ชิ้น / กล่อง )', 'กล่อง', '1'),
(43, 'ขนมไหว้พระจันทร์ - โหงวยิ้ง ไข่เดี่ยว ( 4 ชิ้น / กล่อง )', 'กล่อง', '1'),
(44, 'ขนมไหว้พระจันทร์ - เม็ดบัว ไข่เดี่ยว ( 4 ชิ้น / กล่อง )', 'กล่อง', '1'),
(45, 'ขนมไหว้พระจันทร์ - ทุเรียน', 'อัน', '1'),
(46, 'ขนมไหว้พระจันทร์ - โหงวยิ้ง', 'อัน', '1'),
(47, 'ขนมไหว้พระจันทร์ - เม็ดบัว', 'อัน', '1'),
(48, 'ขนมไหว้พระจันทร์ - ทุเรียน ไข่เดี่ยว', 'อัน', '1'),
(49, 'ขนมไหว้พระจันทร์ - โหงวยิ้ง ไข่เดี่ยว', 'อัน', '1'),
(50, 'ขนมไหว้พระจันทร์ - เม็ดบัว ไข่เดี่ยว', 'อัน', '1'),
(51, 'ขนมไหว้พระจันทร์ - ทุเรียน ไข่คู่', 'อัน', '1'),
(52, 'ขนมไหว้พระจันทร์ - โหงวยิ้ง ไข่คู่', 'อัน', '1'),
(53, 'ขนมไหว้พระจันทร์ - เม็ดบัว ไข่คู่', 'อัน', '1'),
(54, 'คอกล่อง ขาว', 'กล่อง', '1'),
(55, 'คอกล่อง ดำ', 'กล่อง', '1'),
(56, 'โก๋ขาว 6 นิ้ว', 'แผ่น', '1'),
(57, 'โก๋  2 ไส้ - 4 ชิ้น', 'ถุง', '1'),
(58, 'หน้างาใหญ่', 'แผ่น', '1'),
(59, 'เปี๊ยะปลา ( 50 อัน / ตะกร้า )', 'ตะกร้า', '1'),
(60, 'ถั่วตัด', 'ก.ก.', '1'),
(61, 'งาตัด', 'ก.ก.', '1'),
(62, 'ลูกกวาด', 'ก.ก.', '1'),
(63, ' ฟัก', 'ก.ก.', '1'),
(64, 'ข้าวพอง', 'ก.ก.', '1'),
(65, 'ปลา', 'คู่', '1'),
(80, 'เปี๊ยะถุง', 'ถุง', '1'),
(79, 'เปี๊ยะแดง', 'อัน', '1'),
(78, 'เปี๊ยะตัด', 'อัน', '1'),
(66, 'ลูกเต๋า', 'อัน', '1'),
(67, 'คอเป็ด', 'อัน', '1'),
(68, ' เม่งทึ้ง', 'อัน', '1'),
(69, ' กล่องขันหมาก', 'ใบ', '1'),
(70, 'เปี๊ยะ 12 บาท', 'ก้อน', '1'),
(71, 'เปี๊ยะ 22 บาท', 'ก้อน', '1'),
(72, 'จันอับ 10 บาท ( 20 ถุง / ลัง )', 'ลัง', '1'),
(73, 'จันอับ 25 บาท ( 30 ถุง / ลัง )', 'ลัง', '1'),
(74, 'จันอับ 0.5 ก.ก. ( 15 ถุง / ลัง )', 'ลัง', '1'),
(75, 'จันอับ 1 ก.ก.', 'ถุง', '1'),
(76, 'ฟัก (ลัง) - น้าแดง', 'ลัง', '1'),
(77, 'ฟัก (ลัง) - เพชรบุรี', 'ลัง', '1'),
(81, 'จันอับ 0.5 ก.ก.', 'ถุง', '1'),
(82, 'กล่อง 5 ชั่ง', 'มัด', '1'),
(83, 'โก๋ 2 ไส้ - 8 ชิ้น', 'ถุง', '1'),
(84, 'หน้างา 10 บาท', 'แผ่น', '1'),
(85, 'หน้างาเล็ก', 'แผ่น', '1'),
(86, 'โก๋ 7 นิ้ว', 'ก.ก.', '1'),
(87, 'โก๋ 6 นิ้ว', 'แผ่น', '1'),
(88, 'โก๋ขาว 5 นิ้ว- 5 ชิ้น ( 18 ถุง / ลัง )', 'ลัง', '1'),
(89, 'ทุเรียน เล็ก', 'ก้อน', '1'),
(90, 'โก๋ 5 นิ้ว - 3 ชิ้น', 'ห่อ', '1'),
(91, 'โก๋ 5 นิ้ว', 'ก.ก.', '1'),
(92, 'โก๋ 6 นิ้ว ', 'ก.ก.', '1'),
(93, 'ถั่วหลอด(มีไส้)', 'ห่อ', '1'),
(94, 'ถั่วหลอด(ไม่มีไส้)', 'ห่อ', '1'),
(95, 'โก๋ใต้', 'ห่อ', '1'),
(96, 'โก๋ถั่ว', 'แผ่น', '1'),
(97, 'จันอับ 2.5 ขีด (25ถุง/ลัง)', 'ลัง', '1'),
(98, 'จันอับ 2.5 ขีด', 'ถุง', '1'),
(99, 'เปี๊ยะกล่อง 6 ชิ้น (50)', 'กล่อง', '1'),
(100, 'เปี๊ยะเล็ก (35)', 'กล่อง', '1'),
(101, 'เปี๊ยะกลาง (50)', 'กล่อง', '1'),
(102, 'เปี๊ยะใหญ่ (100)', 'กล่อง', '1'),
(103, 'เปี๊ยะไส้ถั่วฟัก ( 100 อัน / ตะกร้า )', 'ตะกร้า', '1'),
(104, 'เปี๊ยะไส้ถั่ว ( 100 อัน / ตะกร้า )', 'ตะกร้า', '0'),
(105, 'คุ๊กกี้ถุง', 'ถุง', '1'),
(106, 'คุ๊กกี้กล่องเล็ก', 'กล่อง', '1'),
(107, 'คุ๊กกี้กล่องใหญ่', 'กล่อง', '1'),
(108, 'กล่องขันหมาก (ใหญ่)', 'ใบ', '1'),
(109, 'เม่งทึ้ง (6 ชิ้น/กล่อง)', 'กล่อง', '1'),
(110, 'ถั่วตัด 0.5 ก.ก. ( 15 ถุง / ลัง )', 'ลัง', '1'),
(111, 'จันอับ 1 ก.ก. ( 5 ถุง / ลัง )', 'ลัง', '1'),
(112, 'หัวกระดาษแดง (เล็ก)', 'ใบ', '1'),
(113, 'หัวกระดาษแดง (ใหญ่)', 'ใบ', '1'),
(114, 'หน้าแตก ( 5 ชิ้น / ถุง )', 'ถุง', '1'),
(115, 'จันอับ 3 ขีด ( 25 ถุง / ลัง )', 'ลัง', '1'),
(116, 'ถั่วตัด 0.5 ก.ก. (ถุง)', 'ถุง', '1'),
(117, 'จันอับ 2 ขีด', 'ถุง', '1'),
(118, 'หัวตะปู', 'ก.ก.', '1'),
(119, 'คอเป็ด ( 30 ถุง / ตะกร้า )', 'ตะกร้า', '0'),
(120, 'คอเป็ด ขาว ( 60 ถุง / ตะกร้า )', 'ตะกร้า', '1'),
(121, 'คอเป็ด ดำ ( 60 ถุง / ตะกร้า )', 'ตะกร้า', '1'),
(122, 'โก๋อ่อน', 'อัน', '1'),
(123, 'คอโฟม ขาว ( 15 โฟม / ลัง )', 'ลัง', '1'),
(124, 'คอโฟม ดำ ( 15 โฟม / ลัง )', 'ลัง', '1'),
(125, 'คอเป็ด ขาว ( 100 อัน / ลัง )', 'ลัง', '1'),
(126, 'คอเป็ด ดำ ( 100 อัน / ลัง )', 'ลัง', '1'),
(127, 'หน้าแตก (20 โฟม / ลัง )', '150', '0'),
(128, 'หน้าแตก ( 20 โฟม / ลัง )', 'ลัง', '1'),
(129, 'ชุดเบรค ', 'กล่อง', '1'),
(130, 'ทุเรียน', 'ชิ้น', '1'),
(131, 'เปี๊ยะถั่วไข่เค็ม', 'ชิ้น', '1'),
(132, 'ลูกเต๋า', 'ชิ้น', '1'),
(133, 'งาดำตัด(เส้นยาว)', 'ถุง', '1'),
(134, 'ค่าส่งของ คลอง 9', 'เที่ยว', '1'),
(135, 'โก๋ 5 นิ้ว - 3 ชิ้น ( 20 ถุง / ลัง )', 'ลัง', '1'),
(136, 'โก๋ 5 นิ้ว - 5 ชิ้น ( 16 ถุง / ลัง )', 'ลัง', '1'),
(137, 'โก๋7 นิ้ว (แผ่น)', 'แผ่น', '1'),
(138, 'เปี๊ยะถั่วเค็ม เล็ก', 'อัน', '1'),
(139, 'หลุม 6 ช่อง', 'ชุด', '1'),
(140, 'โก๋ขาว 5 นิ้ว - 5 ชิ้น ( 20 ถุง / ลัง )', 'ลัง', '1'),
(141, 'โก๋ 2 ไส้ - 2 ชิ้น ( 20 ถุง / ลัง )', 'ลัง', '1'),
(142, 'เปี๊ยะ 5 บาท (เจ)', 'ชิ้น', '1'),
(143, 'ขนมหอย (เจ)', 'อัน', '1'),
(144, 'ค่าส่งของ อยุธยา', 'เที่ยว', '1'),
(145, 'ค่าส่งของ หน้าเครือ', 'เที่ยว', '1'),
(146, 'ค่าส่งของ ศรีราชา', 'เที่ยว', '1'),
(147, 'เปี๊ยะ 100 - ไส้ทุเรียน', 'กล่อง', '1'),
(148, 'ถุงหู้หิ้ว 9x18', 'ก.ก.', '1'),
(149, 'จันอับ (ถุง)', 'ถุง', '1'),
(150, 'ค่าน้ำมัน สุราษฎร์ธานี', 'เที่ยว', '1'),
(151, 'ค่าส่งของ 8878', 'เที่ยว', '1'),
(152, 'จันอับ 25 บาท', 'ถุง', '1'),
(153, 'จันอับ 0.5 ก.ก. ( 15 ถุง / ลัง )', 'ลัง', '0'),
(154, 'จันอับ 4 ขีด ( 15 ถุง / ลัง )', 'ลัง', '1'),
(155, 'เม่งทึ้งกล่อง ขาว ( 20 กล่อง / ลัง )', 'ลัง', '1'),
(156, 'เปี๊ยะ 400', 'กล่อง', '1'),
(157, 'โก๋ขาว 8 นิ้ว', 'แผ่น', '1'),
(158, 'โก๋ไพ่ (มีไส้)', 'ห่อ', '1'),
(159, 'โก๋ขาว 7 นิ้ว', 'แผ่น', '1'),
(160, 'โก๋ ไส้ถั่วเหลือง - 8 ชิ้น ( 20 ถุง / ลัง )', 'ลัง', '1'),
(161, 'โก๋ ไส้ถั่วดำ - 8 ชิ้น ( 20 ถุง / ลัง )', 'ลัง', '1'),
(162, 'กุ้ง', 'ตัว', '1'),
(163, 'โก๋อ่อน', 'อัน', '1'),
(164, 'ขนมกง', 'อัน', '1'),
(165, 'ขนมเกลียว', 'ห่อ', '1'),
(166, 'ขนมกระหรี่พัฟ', 'อัน', '1'),
(167, 'เปี๊ยะ 500', 'กล่อง', '1'),
(168, 'เปี๊ยะ 500', 'กล่อง', '0'),
(169, 'ค่าส่งของ ชัภููมิ', 'เที่ยว', '1'),
(170, 'ลูกเต๋า ( 20 ลูก/ถุง )', 'ถุง', '1'),
(171, 'เปี๊ยะ 5 บาท ( 25 อัน/ถุง )', 'ถุง', '1'),
(172, 'กล่องเปี๊ยะทวีสิน (ขนาด ป.150)', 'ใบ', '1'),
(173, 'ถั่วตัด 1 ก.ก. (ถุง)', 'ถุง', '1'),
(174, 'งาตัด 0.5 ก.ก. (ถุง)', 'ถุง', '1'),
(175, 'จันอับ', 'ก.ก.', '1'),
(176, 'ค่าส่งของ ตลาดศรืเมือง / ราชบุรี', 'เที่ยว', '1'),
(177, 'จันอับ 4 ขีด', 'ถุง', '1'),
(178, 'จันอับ 4 ขีด', 'ถุง', '1'),
(179, 'เม่งทึ้ง( 15 โฟม / ลัง )', 'ลัง', '0'),
(180, 'ชุดเบรค', 'กล่อง', '1'),
(181, 'กล่องขันหมาก', 'ใบ', '1'),
(182, 'ขนมไหว้พระจันทร์ - ฟัก ไข่เดี่ยว ( 4 ชิ้น / กล่อง )', 'กล่อง', '1'),
(183, 'หน้างาเล็ก 6 แผ่น / ถุง  ( 6 ถุง / ลัง )', 'ลัง', '1'),
(184, 'หน้างา 30 บ. ( 10 แผ่น / ลัง )', 'ลัง', '1'),
(185, 'โก๋ขาว 5 นิ้ว- 5 ชิ้น', 'ถุง', '1'),
(186, 'โก๋ขาว 5 นิ้ว- 8 ชิ้น', 'ถุง', '1'),
(187, 'โก๋ขาว  7 นิ้ว ( 20 แผ่น / ลัง )', 'ลัง', '1'),
(188, 'โก๋ไพ่ (มีไส้ )', 'ห่อ', '1'),
(189, 'โก๋ 2 ไส้ 6 นิ้ว', 'แผ่น', '1'),
(190, 'เปี๊ยะถั่วฟัก เล็ก', 'อัน', '1'),
(191, 'เปี๊ยะถั่วหวาน เล็ก', 'อัน', '1'),
(192, 'เปี๊ยะถั่วเค็ม เล็ก', 'อัน', '1'),
(193, 'เปี๊ยะถั่วเค็มผ่า เล็ก', 'อัน', '1'),
(194, 'เปี๊ยะฟักหวาน เล็ก', 'อัน', '1'),
(195, 'เม่งทึ้ง ', 'อัน', '1'),
(196, 'ถั่วตัด 0.5 ก.ก.', 'ถุง', '1'),
(197, 'งาตัด 0.5 ก.ก.', 'ถุง', '1'),
(198, 'ลูกกวาด 0.5 ก.ก.', 'ถุง', '1'),
(199, 'ข้าวพอง 0.5 ก.ก.', 'ถุง', '1'),
(200, 'ฟัก 0.5 ก.ก. ( ถุง )', 'ถุง', '1'),
(201, 'เปี๊ยะ 100 (ถั่วดำพิเศษ)', 'กล่อง', '1'),
(202, 'ค่ารถขนส่ง', 'เที่ยว', '1'),
(203, 'คอกล่องใหญ่ ขาว ( 10 กล่อง / ลัง )', 'ลัง', '1'),
(204, 'เปี๊ยะโหล', 'โหล', '1'),
(205, 'กะหรี่พัฟโหล', 'โหล', '1'),
(206, 'หน้างา 30', 'แผ่น', '1'),
(207, 'หน้างา เล็ก', 'แผ่น', '1'),
(208, 'โก๋ 2 ไส้ - 4 ชิ้น ( 15 ถุง / ลัง )', 'ลัง', '1'),
(209, 'หน้างา 30 ( 10 แผ่น / ลัง )', 'ลัง', '0'),
(210, 'กล่องหลุม 6 ช่อง', 'ชุด', '1'),
(211, 'โก๋ 2 ไส้ - 4 ชิ้น ( 10 ถุง / ลัง )', 'ลัง', '1'),
(212, 'เปี๊ยะ 10 ( 50 ก้อน / ลัง )', 'ลัง', '1'),
(213, 'กล่อง 5 ชั่ง', 'ใบ', '1'),
(214, 'ค่าส่งของ เจ๊แดง ชลบุรี', 'เที่ยว', '1'),
(215, 'ค่าส่งของ น้องเจ๊แดง ชลบุรี', 'เที่ยว', '1'),
(216, 'ค่าส่งของ ปลวกแดง', 'เที่ยว', '1'),
(217, 'จันอับ 25 บาท', 'ถุง', '1'),
(218, 'เปี๊ยะตัดใหญ่ ( 6 กล่อง / ลัง )', 'ลัง', '1'),
(219, 'เปี๊ยะตัดใหญ่ ( 10 กล่อง / ลัง )', 'ลัง', '1'),
(220, 'ปลาพร้อมถาด', 'คู่', '1'),
(221, 'ปลาพร้อมถาด', 'คู่', '0'),
(222, 'ป.กุยสือ ( 10 กล่อง / ลัง )', 'ลัง', '1'),
(223, 'ป.ถั่ว ( 10 กล่อง / ลัง )', 'ลัง', '1'),
(224, 'หน้างาเล็ก 6 แผ่น / ถุง', 'ถุง', '1'),
(225, 'โก๋ขาว 5 นิ้้ว ( 30 แผ่น / ลัง )', 'ลัง', '1'),
(226, 'หน้างา 10 บาท', 'แผ่น', '1'),
(227, 'โก๋ 2 ไส้ (4 นิ้ว)- 4 ชิ้น ', 'ถุง', '1'),
(228, 'เปี๊ยะไข่ระเบิด', 'กล่อง', '1'),
(229, 'เปี๊ยะ 500', 'กล่อง', '1'),
(230, 'ถั่วตัด 25 บาท', 'ถุง', '1'),
(231, 'ถั่วตัด 25 บาท ( 30 ถุง / ลัง )', 'ลัง', '1'),
(232, 'เม่งทึ้ง', 'ห่อ', '1'),
(233, 'คอเป็ด', 'ห่อ', '1'),
(234, 'เปี๊ยะ 100 ทุเรียน (ทุเรียนลุกค้า)', 'กล่อง', '1'),
(235, 'หน้างา', 'แผ่น', '1'),
(236, 'หน้าแตก', 'ถุง', '1'),
(237, 'โก๋ขาว 4 นิ้ว ( 50 แผ่น / ลัง )', 'ลัง', '1'),
(238, 'หน้างา ใหญ๋', 'แผ่น', '1'),
(239, 'หน้างา 30 บ.', 'แผ่น', '1'),
(240, 'เปี๊ยะ50 - ไส้ทุเรียน', 'กล่อง', '1'),
(241, 'เปี๊ยะนมสดไข่ระเบิด', 'กล่อง', '1'),
(242, 'เปี๊ยะนมสดไข่ระเบิด ไส้ถั่วฝอยทอง', 'กล่อง', '1'),
(243, 'ค่าพับกล่อง', 'รอบ', '1'),
(244, 'งาพอง ( ถุงเล็ก )', 'ถุง', '1'),
(245, 'งาพอง ( ถุงใหญ่ )', 'ถุง', '1'),
(246, 'เปี๊ยะ 10 บาท', 'อัน', '1'),
(247, 'ลังกระดาษ', 'ใบ', '1'),
(248, 'หน้างา 20 บ. ( 30 แผ่น / ลัง )', 'ลัง', '1'),
(249, 'เปี๊ยะเล็ก ( 6 ชิ้น/กล่อง )', 'กล่อง', '1'),
(250, 'โก๋ขาว 5 นิ้ว', 'แผ่น', '1'),
(251, 'โก๋ไพ่', 'แพ็ค', '1'),
(252, 'ขนมไหว้พระจันทร์ - ทุเรียน ( 4 ชิ้น / กล่อง )', 'กล่อง', '1'),
(253, 'หน้างาใหญ่ ( 10 แผ่น / ลัง ) เป็งเส็ง', 'ลัง', '1'),
(254, 'หน้างากลาง ( 40 แผ่น / ลัง ) เป็งเส็ง', 'ลัง', '1'),
(255, 'หน้างาเล็ก ( 60 แผ่น / ลัง ) เป็งเส็ง', 'ลัง', '1'),
(256, 'เหม่งทึ้ง ดำ ( 20 กล่อง / ลัง )', 'ลัง', '1'),
(257, 'เหม่งทึ้ง ขาว ( 200 ชิ้น / ลัง )', 'ลัง', '1'),
(258, 'เหม่งทึ้ง ดำ ( 200 ชิ้น / ลัง )', 'ลัง', '1'),
(259, 'ค่าส่งของ บางวัว', 'เที่ยว', '1'),
(260, 'งาตัด 0.5 ก.ก. ( 15 ถุง / ลัง )', 'ลัง', '1'),
(261, 'เม่งทึ้ง ขาว ( 15 โฟม / ลัง )', 'ลัง', '1'),
(262, 'เม่งทึ้ง ดำ ( 15 โฟม / ลัง )', 'ลัง', '1'),
(263, 'เม่งทึ้ง ( 4 ชิ้น/กล่อง )', 'กล่อง', '1'),
(264, 'โก๋ 2 ไส้ - 8 ชิ้น ( 20 ถุง / ลัง )', 'ลัง', '1'),
(265, 'ลูกเต๋า 32 อัน / กล่อง', 'กล่อง', '1'),
(266, 'ค่าส่งเพชรบูรณ์ ( เก็บเงินลูกค้าเลย )', 'เที่ยว', '1'),
(267, 'Suwit Test2', 'Test3', '0');

--
-- Indexes for dumped tables
--

--
-- Indexes for table `customer`
--
ALTER TABLE `customer`
  ADD PRIMARY KEY (`cus_id`);

--
-- Indexes for table `customer_price`
--
ALTER TABLE `customer_price`
  ADD PRIMARY KEY (`cp_id`);

--
-- Indexes for table `flash`
--
ALTER TABLE `flash`
  ADD PRIMARY KEY (`f_id`);

--
-- Indexes for table `order_p`
--
ALTER TABLE `order_p`
  ADD PRIMARY KEY (`od_id`);

--
-- Indexes for table `order_p_running`
--
ALTER TABLE `order_p_running`
  ADD PRIMARY KEY (`row_id`);

--
-- Indexes for table `po_customer`
--
ALTER TABLE `po_customer`
  ADD PRIMARY KEY (`cus_id`);

--
-- Indexes for table `po_customer_product`
--
ALTER TABLE `po_customer_product`
  ADD PRIMARY KEY (`id`);

--
-- Indexes for table `po_order`
--
ALTER TABLE `po_order`
  ADD PRIMARY KEY (`order_id`);

--
-- Indexes for table `po_order_detail`
--
ALTER TABLE `po_order_detail`
  ADD PRIMARY KEY (`order_detail_id`);

--
-- Indexes for table `po_product`
--
ALTER TABLE `po_product`
  ADD PRIMARY KEY (`product_id`);

--
-- Indexes for table `product`
--
ALTER TABLE `product`
  ADD PRIMARY KEY (`pd_id`);

--
-- AUTO_INCREMENT for dumped tables
--

--
-- AUTO_INCREMENT for table `customer`
--
ALTER TABLE `customer`
  MODIFY `cus_id` int(11) NOT NULL AUTO_INCREMENT, AUTO_INCREMENT=120;

--
-- AUTO_INCREMENT for table `customer_price`
--
ALTER TABLE `customer_price`
  MODIFY `cp_id` int(11) NOT NULL AUTO_INCREMENT, AUTO_INCREMENT=1612;

--
-- AUTO_INCREMENT for table `flash`
--
ALTER TABLE `flash`
  MODIFY `f_id` int(11) NOT NULL AUTO_INCREMENT, AUTO_INCREMENT=4;

--
-- AUTO_INCREMENT for table `order_p`
--
ALTER TABLE `order_p`
  MODIFY `od_id` int(11) NOT NULL AUTO_INCREMENT, AUTO_INCREMENT=29822;

--
-- AUTO_INCREMENT for table `order_p_running`
--
ALTER TABLE `order_p_running`
  MODIFY `row_id` int(11) NOT NULL AUTO_INCREMENT, AUTO_INCREMENT=6;

--
-- AUTO_INCREMENT for table `po_customer`
--
ALTER TABLE `po_customer`
  MODIFY `cus_id` int(11) NOT NULL AUTO_INCREMENT, AUTO_INCREMENT=3;

--
-- AUTO_INCREMENT for table `po_customer_product`
--
ALTER TABLE `po_customer_product`
  MODIFY `id` int(11) NOT NULL AUTO_INCREMENT, AUTO_INCREMENT=30;

--
-- AUTO_INCREMENT for table `po_order`
--
ALTER TABLE `po_order`
  MODIFY `order_id` int(11) NOT NULL AUTO_INCREMENT, AUTO_INCREMENT=26;

--
-- AUTO_INCREMENT for table `po_order_detail`
--
ALTER TABLE `po_order_detail`
  MODIFY `order_detail_id` int(11) NOT NULL AUTO_INCREMENT, AUTO_INCREMENT=48;

--
-- AUTO_INCREMENT for table `po_product`
--
ALTER TABLE `po_product`
  MODIFY `product_id` int(11) NOT NULL AUTO_INCREMENT, AUTO_INCREMENT=9;

--
-- AUTO_INCREMENT for table `product`
--
ALTER TABLE `product`
  MODIFY `pd_id` int(11) NOT NULL AUTO_INCREMENT, AUTO_INCREMENT=268;
COMMIT;

/*!40101 SET CHARACTER_SET_CLIENT=@OLD_CHARACTER_SET_CLIENT */;
/*!40101 SET CHARACTER_SET_RESULTS=@OLD_CHARACTER_SET_RESULTS */;
/*!40101 SET COLLATION_CONNECTION=@OLD_COLLATION_CONNECTION */;
