-- MySQL dump 10.13  Distrib 8.0.21, for macos10.15 (x86_64)
--
-- Host: 127.0.0.1    Database: sport_data
-- ------------------------------------------------------
-- Server version	5.7.32

/*!40101 SET @OLD_CHARACTER_SET_CLIENT=@@CHARACTER_SET_CLIENT */;
/*!40101 SET @OLD_CHARACTER_SET_RESULTS=@@CHARACTER_SET_RESULTS */;
/*!40101 SET @OLD_COLLATION_CONNECTION=@@COLLATION_CONNECTION */;
/*!50503 SET NAMES utf8 */;
/*!40103 SET @OLD_TIME_ZONE=@@TIME_ZONE */;
/*!40103 SET TIME_ZONE='+00:00' */;
/*!40014 SET @OLD_UNIQUE_CHECKS=@@UNIQUE_CHECKS, UNIQUE_CHECKS=0 */;
/*!40014 SET @OLD_FOREIGN_KEY_CHECKS=@@FOREIGN_KEY_CHECKS, FOREIGN_KEY_CHECKS=0 */;
/*!40101 SET @OLD_SQL_MODE=@@SQL_MODE, SQL_MODE='NO_AUTO_VALUE_ON_ZERO' */;
/*!40111 SET @OLD_SQL_NOTES=@@SQL_NOTES, SQL_NOTES=0 */;

--
-- Dumping data for table `event_type`
--

LOCK TABLES `event_type` WRITE;
/*!40000 ALTER TABLE `event_type` DISABLE KEYS */;
INSERT INTO `event_type` VALUES ('attempt_missed','2020-10-27 03:13:46','2020-10-27 03:13:46'),('ball_block','2020-10-27 03:13:46','2020-10-27 03:13:46'),('break_start','2020-10-27 02:45:26','2020-10-27 02:45:26'),('canceled_decision_to_var','2020-11-10 02:28:04','2020-11-10 02:28:04'),('corner_kick','2020-10-27 02:45:26','2020-10-27 02:45:26'),('decision_to_var','2020-11-10 02:28:04','2020-11-10 02:28:04'),('decision_to_var_over','2020-11-10 02:28:04','2020-11-10 02:28:04'),('foul','2020-10-27 03:11:48','2020-10-27 03:11:48'),('free_kick','2020-10-27 02:45:26','2020-10-27 02:45:26'),('free_throws_awarded','2020-10-27 03:13:46','2020-10-27 03:13:46'),('goal_kick','2020-10-27 02:45:26','2020-10-27 02:45:26'),('injury','2020-10-27 02:45:26','2020-10-27 02:45:26'),('injury_return','2020-10-27 02:45:26','2020-10-27 02:45:26'),('injury_time_shown','2020-10-27 02:45:26','2020-10-27 02:45:26'),('match_ended','2020-10-27 02:45:26','2020-10-27 02:45:26'),('match_started','2020-10-27 02:45:26','2020-10-27 02:45:26'),('offside','2020-10-27 02:45:26','2020-10-27 02:45:26'),('penalty_awarded','2020-10-27 02:45:26','2020-10-27 02:45:26'),('penalty_kick','2020-11-10 02:28:04','2020-11-10 02:28:04'),('penalty_missed','2020-10-27 02:45:26','2020-10-27 02:45:26'),('penalty_shootout','2020-10-27 02:45:26','2020-10-27 02:45:26'),('period_score','2020-10-27 02:45:26','2020-10-27 02:45:26'),('period_start','2020-10-27 02:45:26','2020-10-27 02:45:26'),('player_back_from_injury','2020-11-10 02:28:04','2020-11-10 02:28:04'),('possible_decision_to_var','2020-11-10 02:28:04','2020-11-10 02:28:04'),('possible_goal','2020-11-10 02:28:04','2020-11-10 02:28:04'),('rebound','2020-10-27 03:10:29','2020-10-27 03:10:29'),('red_card','2020-10-27 02:45:26','2020-10-27 02:45:26'),('save','2020-11-10 02:28:04','2020-11-10 02:28:04'),('score_change','2020-10-27 02:45:26','2020-10-27 02:45:26'),('shot_off_target','2020-10-27 02:45:26','2020-10-27 02:45:26'),('shot_on_target','2020-10-27 02:45:26','2020-10-27 02:45:26'),('shot_saved','2020-10-27 02:45:26','2020-10-27 02:45:26'),('steal','2020-10-27 03:13:46','2020-10-27 03:13:46'),('substitution','2020-10-27 02:45:26','2020-10-27 02:45:26'),('throw_in','2020-10-27 02:45:26','2020-10-27 02:45:26'),('timeout','2020-10-27 03:13:46','2020-10-27 03:13:46'),('timeout_over','2020-10-27 03:13:46','2020-10-27 03:13:46'),('turnover','2020-10-27 03:14:41','2020-10-27 03:14:41'),('video_assistant_referee','2020-10-27 02:45:26','2020-10-27 02:45:26'),('video_assistant_referee_over','2020-10-27 02:45:26','2020-10-27 02:45:26'),('video_review','2020-10-27 03:14:41','2020-10-27 03:14:41'),('video_review_over','2020-10-27 03:14:41','2020-10-27 03:14:41'),('won_jump_ball','2020-10-27 03:14:41','2020-10-27 03:14:41'),('yellow_card','2020-10-27 02:45:26','2020-11-06 03:46:23'),('yellow_red_card','2020-10-27 02:45:26','2020-10-27 02:45:26');
/*!40000 ALTER TABLE `event_type` ENABLE KEYS */;
UNLOCK TABLES;

--
-- Dumping data for table `event_type_translation`
--

LOCK TABLES `event_type_translation` WRITE;
/*!40000 ALTER TABLE `event_type_translation` DISABLE KEYS */;
INSERT INTO `event_type_translation` VALUES (1,'en','attempt_missed','attempt_missed','2020-10-29 08:35:07','2020-10-29 08:35:07'),(2,'en','ball_block','ball_block','2020-10-29 08:35:07','2020-10-29 08:35:07'),(3,'en','break_start','break_start','2020-10-29 08:35:07','2020-10-29 08:35:07'),(4,'en','corner_kick','corner_kick','2020-10-29 08:35:07','2020-10-29 08:35:07'),(5,'en','foul','foul','2020-10-29 08:35:07','2020-10-29 08:35:07'),(6,'en','free_kick','free_kick','2020-10-29 08:35:07','2020-10-29 08:35:07'),(7,'en','free_throws_awarded','free_throws_awarded','2020-10-29 08:35:07','2020-10-29 08:35:07'),(8,'en','goal_kick','goal_kick','2020-10-29 08:35:07','2020-10-29 08:35:07'),(9,'en','injury','injury','2020-10-29 08:35:07','2020-10-29 08:35:07'),(10,'en','injury_return','injury_return','2020-10-29 08:35:07','2020-10-29 08:35:07'),(11,'en','injury_time_shown','injury_time_shown','2020-10-29 08:35:07','2020-10-29 08:35:07'),(12,'en','match_ended','match_ended','2020-10-29 08:35:07','2020-10-29 08:35:07'),(13,'en','match_started','match_started','2020-10-29 08:35:07','2020-10-29 08:35:07'),(14,'en','offside','offside','2020-10-29 08:35:07','2020-10-29 08:35:07'),(15,'en','penalty_awarded','penalty_awarded','2020-10-29 08:35:07','2020-10-29 08:35:07'),(16,'en','penalty_missed','penalty_missed','2020-10-29 08:35:07','2020-10-29 08:35:07'),(17,'en','penalty_shootout','penalty_shootout','2020-10-29 08:35:07','2020-10-29 08:35:07'),(18,'en','period_score','period_score','2020-10-29 08:35:07','2020-10-29 08:35:07'),(19,'en','period_start','period_start','2020-10-29 08:35:07','2020-10-29 08:35:07'),(20,'en','rebound','rebound','2020-10-29 08:35:07','2020-10-29 08:35:07'),(21,'en','red_card','red_card','2020-10-29 08:35:07','2020-10-29 08:35:07'),(22,'en','score_change','score_change','2020-10-29 08:35:07','2020-10-29 08:35:07'),(23,'en','shot_off_target','shot_off_target','2020-10-29 08:35:07','2020-10-29 08:35:07'),(24,'en','shot_on_target','shot_on_target','2020-10-29 08:35:07','2020-10-29 08:35:07'),(25,'en','shot_saved','shot_saved','2020-10-29 08:35:07','2020-10-29 08:35:07'),(26,'en','steal','steal','2020-10-29 08:35:07','2020-10-29 08:35:07'),(27,'en','substitution','substitution','2020-10-29 08:35:07','2020-10-29 08:35:07'),(28,'en','throw_in','throw_in','2020-10-29 08:35:07','2020-10-29 08:35:07'),(29,'en','timeout','timeout','2020-10-29 08:35:07','2020-10-29 08:35:07'),(30,'en','timeout_over','timeout_over','2020-10-29 08:35:07','2020-10-29 08:35:07'),(31,'en','turnover','turnover','2020-10-29 08:35:07','2020-10-29 08:35:07'),(32,'en','video_assistant_referee','video_assistant_referee','2020-10-29 08:35:07','2020-10-29 08:35:07'),(33,'en','video_assistant_referee_over','video_assistant_referee_over','2020-10-29 08:35:07','2020-10-29 08:35:07'),(34,'en','video_review','video_review','2020-10-29 08:35:07','2020-10-29 08:35:07'),(35,'en','video_review_over','video_review_over','2020-10-29 08:35:07','2020-10-29 08:35:07'),(36,'en','won_jump_ball','won_jump_ball','2020-10-29 08:35:07','2020-10-29 08:35:07'),(37,'en','yellow_card','yellow_card','2020-10-29 08:35:07','2020-10-29 08:35:07'),(38,'en','yellow_red_card','yellow_red_card','2020-10-29 08:35:07','2020-10-29 08:35:07'),(39,'zh','attempt_missed','尝试失败','2020-10-29 08:35:07','2020-10-29 09:04:10'),(40,'zh','ball_block','盖帽','2020-10-29 08:35:07','2020-11-04 01:01:31'),(41,'zh','break_start','休息开始','2020-10-29 08:35:07','2020-10-29 09:04:10'),(42,'zh','corner_kick','角球','2020-10-29 08:35:07','2020-10-29 09:04:10'),(43,'zh','foul','犯规','2020-10-29 08:35:07','2020-10-29 09:04:10'),(44,'zh','free_kick','任意球','2020-10-29 08:35:07','2020-10-29 09:04:10'),(45,'zh','free_throws_awarded','罚球','2020-10-29 08:35:07','2020-10-29 09:04:10'),(46,'zh','goal_kick','球门球','2020-10-29 08:35:07','2020-10-29 09:04:10'),(47,'zh','injury','受伤','2020-10-29 08:35:07','2020-10-29 09:04:10'),(48,'zh','injury_return','受伤离场','2020-10-29 08:35:07','2020-10-29 09:04:10'),(49,'zh','injury_time_shown','显示的受伤时间','2020-10-29 08:35:07','2020-10-29 09:04:10'),(50,'zh','match_ended','比赛结束','2020-10-29 08:35:07','2020-10-29 09:04:10'),(51,'zh','match_started','比赛开始','2020-10-29 08:35:07','2020-10-29 09:04:10'),(52,'zh','offside','越位','2020-10-29 08:35:07','2020-10-29 09:04:10'),(53,'zh','penalty_awarded','被授予点球','2020-10-29 08:35:07','2020-10-29 09:04:10'),(54,'zh','penalty_missed','点球未进','2020-10-29 08:35:07','2020-10-29 09:04:10'),(55,'zh','penalty_shootout','点球大战','2020-10-29 08:35:07','2020-10-29 09:04:10'),(56,'zh','period_score','期间分数','2020-10-29 08:35:07','2020-10-29 09:04:10'),(57,'zh','period_start','期间开始','2020-10-29 08:35:07','2020-10-29 09:04:10'),(58,'zh','rebound','篮板球','2020-10-29 08:35:07','2020-10-29 09:04:10'),(59,'zh','red_card','红牌','2020-10-29 08:35:07','2020-10-29 09:04:10'),(60,'zh','score_change','分数变化','2020-10-29 08:35:07','2020-11-04 00:49:30'),(61,'zh','shot_off_target','射偏','2020-10-29 08:35:07','2020-11-04 00:49:30'),(62,'zh','shot_on_target','射正','2020-10-29 08:35:07','2020-11-04 00:49:30'),(63,'zh','shot_saved','被扑救','2020-10-29 08:35:07','2020-11-04 00:49:30'),(64,'zh','steal','偷球','2020-10-29 08:35:07','2020-11-04 00:49:30'),(65,'zh','substitution','替代','2020-10-29 08:35:07','2020-11-04 00:49:30'),(66,'zh','throw_in','发界外球','2020-10-29 08:35:07','2020-11-04 00:49:30'),(67,'zh','timeout','超时','2020-10-29 08:35:07','2020-10-29 09:04:10'),(68,'zh','timeout_over','超时结束','2020-10-29 08:35:07','2020-11-04 01:01:31'),(69,'zh','turnover','失误','2020-10-29 08:35:07','2020-11-04 00:49:30'),(70,'zh','video_assistant_referee','video_assistant_referee','2020-10-29 08:35:07','2020-11-04 01:01:31'),(71,'zh','video_assistant_referee_over','video_assistant_referee_over','2020-10-29 08:35:07','2020-11-04 01:01:31'),(72,'zh','video_review','video_review','2020-10-29 08:35:07','2020-11-04 01:01:31'),(73,'zh','video_review_over','video_review_over','2020-10-29 08:35:07','2020-11-04 01:01:31'),(74,'zh','won_jump_ball','赢得跳球','2020-10-29 08:35:07','2020-10-29 09:04:10'),(75,'zh','yellow_card','黄牌','2020-10-29 08:35:07','2020-10-29 09:04:10'),(76,'zh','yellow_red_card','黄红卡','2020-10-29 08:35:07','2020-10-29 09:04:10'),(77,'en','save','save','2020-11-10 03:29:44','2020-11-10 03:29:44'),(78,'zh','save','救球','2020-11-10 03:29:44','2020-11-10 03:29:44'),(79,'en','penalty_kick','penalty_kick','2020-11-10 03:29:44','2020-11-10 03:29:44'),(80,'zh','penalty_kick','罚十二码','2020-11-10 03:29:44','2020-11-10 03:29:44'),(81,'en','player_back_from_injury','player_back_from_injury','2020-11-10 03:29:44','2020-11-10 03:29:44'),(82,'zh','player_back_from_injury','球员受伤回场','2020-11-10 03:29:44','2020-11-10 03:29:44'),(83,'en','decision_to_var','decision_to_var','2020-11-10 03:29:44','2020-11-10 03:29:44'),(84,'zh','decision_to_var','回放裁定','2020-11-10 03:29:44','2020-11-10 03:29:44'),(85,'zh','decision_to_var_over','回放裁定结束','2020-11-10 03:29:44','2020-11-10 03:29:44'),(86,'en','decision_to_var_over','decision_to_var_over','2020-11-10 03:29:44','2020-11-10 03:29:44'),(87,'en','possible_decision_to_var','possible_decision_to_var','2020-11-10 03:29:44','2020-11-10 03:29:44'),(88,'zh','possible_decision_to_var','可能使用回放裁定','2020-11-10 03:29:44','2020-11-10 03:29:44'),(89,'en','canceled_decision_to_var','canceled_decision_to_var','2020-11-10 03:29:44','2020-11-10 03:29:44'),(90,'zh','canceled_decision_to_var','取消回放裁定','2020-11-10 03:29:44','2020-11-10 03:29:44'),(91,'en','possible_goal','possible_goal','2020-11-10 03:29:44','2020-11-10 03:29:44'),(92,'zh','possible_goal','可能进球','2020-11-10 03:29:44','2020-11-10 03:29:44');
/*!40000 ALTER TABLE `event_type_translation` ENABLE KEYS */;
UNLOCK TABLES;

--
-- Dumping data for table `source_event_type`
--

LOCK TABLES `source_event_type` WRITE;
/*!40000 ALTER TABLE `source_event_type` DISABLE KEYS */;
INSERT INTO `source_event_type` VALUES (1,'sportradar','attempt_missed','attempt_missed','2020-11-04 01:06:34','2020-11-04 01:06:34'),(2,'sportradar','ball_block','ball_block','2020-11-04 01:06:34','2020-11-04 01:06:34'),(3,'sportradar','break_start','break_start','2020-11-04 01:06:34','2020-11-04 01:06:34'),(4,'sportradar','corner_kick','corner_kick','2020-11-04 01:06:34','2020-11-04 01:06:34'),(5,'sportradar','foul','foul','2020-11-04 01:06:34','2020-11-04 01:06:34'),(6,'sportradar','free_kick','free_kick','2020-11-04 01:06:34','2020-11-04 01:06:34'),(7,'sportradar','free_throws_awarded','free_throws_awarded','2020-11-04 01:06:34','2020-11-04 01:06:34'),(8,'sportradar','goal_kick','goal_kick','2020-11-04 01:06:34','2020-11-04 01:06:34'),(9,'sportradar','injury','injury','2020-11-04 01:06:34','2020-11-04 01:06:34'),(10,'sportradar','injury_return','injury_return','2020-11-04 01:06:34','2020-11-04 01:06:34'),(11,'sportradar','injury_time_shown','injury_time_shown','2020-11-04 01:06:34','2020-11-04 01:06:34'),(12,'sportradar','match_ended','match_ended','2020-11-04 01:06:34','2020-11-04 01:06:34'),(13,'sportradar','match_started','match_started','2020-11-04 01:06:34','2020-11-04 01:06:34'),(14,'sportradar','offside','offside','2020-11-04 01:06:34','2020-11-04 01:06:34'),(15,'sportradar','penalty_awarded','penalty_awarded','2020-11-04 01:06:34','2020-11-04 01:06:34'),(16,'sportradar','penalty_missed','penalty_missed','2020-11-04 01:06:34','2020-11-04 01:06:34'),(17,'sportradar','penalty_shootout','penalty_shootout','2020-11-04 01:06:34','2020-11-04 01:06:34'),(18,'sportradar','period_score','period_score','2020-11-04 01:06:34','2020-11-04 01:06:34'),(19,'sportradar','period_start','period_start','2020-11-04 01:06:34','2020-11-04 01:06:34'),(20,'sportradar','rebound','rebound','2020-11-04 01:06:34','2020-11-04 01:06:34'),(21,'sportradar','red_card','red_card','2020-11-04 01:06:34','2020-11-04 01:06:34'),(22,'sportradar','score_change','score_change','2020-11-04 01:06:34','2020-11-04 01:06:34'),(23,'sportradar','shot_off_target','shot_off_target','2020-11-04 01:06:34','2020-11-04 01:06:34'),(24,'sportradar','shot_on_target','shot_on_target','2020-11-04 01:06:34','2020-11-04 01:06:34'),(25,'sportradar','shot_saved','shot_saved','2020-11-04 01:06:34','2020-11-04 01:06:34'),(26,'sportradar','steal','steal','2020-11-04 01:06:34','2020-11-04 01:06:34'),(27,'sportradar','substitution','substitution','2020-11-04 01:06:34','2020-11-04 01:06:34'),(28,'sportradar','throw_in','throw_in','2020-11-04 01:06:34','2020-11-04 01:06:34'),(29,'sportradar','timeout','timeout','2020-11-04 01:06:34','2020-11-04 01:06:34'),(30,'sportradar','timeout_over','timeout_over','2020-11-04 01:06:34','2020-11-04 01:06:34'),(31,'sportradar','turnover','turnover','2020-11-04 01:06:34','2020-11-04 01:06:34'),(32,'sportradar','video_assistant_referee','video_assistant_referee','2020-11-04 01:06:34','2020-11-04 01:06:34'),(33,'sportradar','video_assistant_referee_over','video_assistant_referee_over','2020-11-04 01:06:34','2020-11-04 01:06:34'),(34,'sportradar','video_review','video_review','2020-11-04 01:06:34','2020-11-04 01:06:34'),(35,'sportradar','video_review_over','video_review_over','2020-11-04 01:06:34','2020-11-04 01:06:34'),(36,'sportradar','won_jump_ball','won_jump_ball','2020-11-04 01:06:34','2020-11-04 01:06:34'),(37,'sportradar','yellow_card','yello_card','2020-11-04 01:06:34','2020-11-06 03:46:59'),(38,'sportradar','yellow_red_card','yellow_red_card','2020-11-04 01:06:34','2020-11-04 01:06:34'),(64,'sportradar','save','save','2020-11-10 03:32:56','2020-11-10 03:32:56'),(65,'sportradar','penalty_kick','penalty_kick','2020-11-10 03:32:56','2020-11-10 03:32:56'),(66,'sportradar','player_back_from_injury','player_back_from_injury','2020-11-10 03:32:56','2020-11-10 03:32:56'),(67,'sportradar','decision_to_var','decision_to_var','2020-11-10 03:32:56','2020-11-10 03:32:56'),(68,'sportradar','decision_to_var_over','decision_to_var_over','2020-11-10 03:32:56','2020-11-10 03:32:56'),(69,'sportradar','possible_decision_to_var','possible_decision_to_var','2020-11-10 03:32:56','2020-11-10 03:32:56'),(70,'sportradar','canceled_decision_to_var','canceled_decision_to_var','2020-11-10 03:32:56','2020-11-10 03:32:56'),(71,'sportradar','possible_goal','possible_goal','2020-11-10 03:32:56','2020-11-10 03:32:56');
/*!40000 ALTER TABLE `source_event_type` ENABLE KEYS */;
UNLOCK TABLES;
/*!40103 SET TIME_ZONE=@OLD_TIME_ZONE */;

/*!40101 SET SQL_MODE=@OLD_SQL_MODE */;
/*!40014 SET FOREIGN_KEY_CHECKS=@OLD_FOREIGN_KEY_CHECKS */;
/*!40014 SET UNIQUE_CHECKS=@OLD_UNIQUE_CHECKS */;
/*!40101 SET CHARACTER_SET_CLIENT=@OLD_CHARACTER_SET_CLIENT */;
/*!40101 SET CHARACTER_SET_RESULTS=@OLD_CHARACTER_SET_RESULTS */;
/*!40101 SET COLLATION_CONNECTION=@OLD_COLLATION_CONNECTION */;
/*!40111 SET SQL_NOTES=@OLD_SQL_NOTES */;

-- Dump completed on 2020-11-10 13:50:40
