insert into Technicien (idTechnicien, entreprise, nom, prenom, qualification, dateNaissance, salaire, pays, ville, zoneAffectation, equipe, nomResponsable) values (1, 'Topicblab', 'Koralle', 'Vize', 'serveur n2', '10-02-2022', 88, 'Yemen', 'Ḩajjah', 'Sepit', 'matin', 'Andriana');
insert into Technicien (idTechnicien, entreprise, nom, prenom, qualification, dateNaissance, salaire, pays, ville, zoneAffectation, equipe, nomResponsable) values (2, 'Riffwire', 'Leticia', 'Lodin', 'manutention serveur', '31-05-2022', 80, 'China', 'Yong’an', 'Kampen (Overijssel)', 'nuit', 'Son');
insert into Technicien (idTechnicien, entreprise, nom, prenom, qualification, dateNaissance, salaire, pays, ville, zoneAffectation, equipe, nomResponsable) values (3, 'Innojam', 'Hailee', 'Assiratti', 'serveur n1', '17-11-2022', 3, 'China', 'Huaguo', 'Panadtaban', 'journee', 'Robin');
insert into Technicien (idTechnicien, entreprise, nom, prenom, qualification, dateNaissance, salaire, pays, ville, zoneAffectation, equipe, nomResponsable) values (4, 'Agimba', 'Irma', 'Slavin', 'manutention serveur', '10-08-2022', 36, 'China', 'Xiaqiao', 'Young America', 'journee', 'Fiona');
insert into Technicien (idTechnicien, entreprise, nom, prenom, qualification, dateNaissance, salaire, pays, ville, zoneAffectation, equipe, nomResponsable) values (5, 'Eidel', 'Erin', 'Bradbrook', 'manutention serveur', '24-10-2022', 65, 'Nigeria', 'Tegina', 'Abbeville', 'nuit', 'Erick');
insert into Technicien (idTechnicien, entreprise, nom, prenom, qualification, dateNaissance, salaire, pays, ville, zoneAffectation, equipe, nomResponsable) values (6, 'Nlounge', 'Barnaby', 'Caroll', 'serveur n2', '23-08-2022', 27, 'Philippines', 'Isulan', 'Filipowice', 'apres-midi', 'Trix');
insert into Technicien (idTechnicien, entreprise, nom, prenom, qualification, dateNaissance, salaire, pays, ville, zoneAffectation, equipe, nomResponsable) values (7, 'Centidel', 'Emmalynne', 'Burgiss', 'serveur n2', '02-05-2022', 32, 'Finland', 'Närpes', 'Maluno Sur', 'journee', 'Griffin');
insert into Technicien (idTechnicien, entreprise, nom, prenom, qualification, dateNaissance, salaire, pays, ville, zoneAffectation, equipe, nomResponsable) values (8, 'Jaxnation', 'Coralie', 'Barlee', 'serveur n2', '30-07-2022', 53, 'China', 'Piaocao', 'Luwingu', 'apres-midi', 'Clare');
insert into Technicien (idTechnicien, entreprise, nom, prenom, qualification, dateNaissance, salaire, pays, ville, zoneAffectation, equipe, nomResponsable) values (9, 'Kwimbee', 'Jeanine', 'Turnock', 'manutention serveur', '13-09-2022', 41, 'Indonesia', 'Pangradin Satu', 'San Rafael', 'matin', 'Constantina');
insert into Technicien (idTechnicien, entreprise, nom, prenom, qualification, dateNaissance, salaire, pays, ville, zoneAffectation, equipe, nomResponsable) values (10, 'Shuffledrive', 'Sauveur', 'McQuorkell', 'serveur n1', '16-05-2022', 66, 'Philippines', 'Cabaritan East', 'Soacha', 'nuit', 'Nickola');
insert into Technicien (idTechnicien, entreprise, nom, prenom, qualification, dateNaissance, salaire, pays, ville, zoneAffectation, equipe, nomResponsable) values (11, 'Zoombeat', 'Marcela', 'Shipton', 'frigoriste', '29-07-2022', 62, 'Czech Republic', 'Vlachovice', 'Mílos', 'matin', 'Brunhilda');
insert into Technicien (idTechnicien, entreprise, nom, prenom, qualification, dateNaissance, salaire, pays, ville, zoneAffectation, equipe, nomResponsable) values (12, 'Mudo', 'North', 'Mariel', 'serveur n2', '07-03-2022', 44, 'Sweden', 'Varberg', 'Largo', 'journee', 'Dominick');
insert into Technicien (idTechnicien, entreprise, nom, prenom, qualification, dateNaissance, salaire, pays, ville, zoneAffectation, equipe, nomResponsable) values (13, 'Oba', 'Tonie', 'Gotts', 'serveur n2', '09-09-2022', 51, 'Netherlands', 'Winschoten', 'Yeniköy', 'matin', 'Vanya');
insert into Technicien (idTechnicien, entreprise, nom, prenom, qualification, dateNaissance, salaire, pays, ville, zoneAffectation, equipe, nomResponsable) values (14, 'Zoombeat', 'Ware', 'Clemenceau', 'serveur n2', '29-05-2022', 4, 'Iran', 'Eslāmābād', 'Budenovetc', 'journee', 'Minda');
insert into Technicien (idTechnicien, entreprise, nom, prenom, qualification, dateNaissance, salaire, pays, ville, zoneAffectation, equipe, nomResponsable) values (15, 'Dabshots', 'Misha', 'Kears', 'serveur n2', '16-09-2022', 35, 'Russia', 'Turinsk', 'Parista', 'journee', 'Isaiah');
insert into Technicien (idTechnicien, entreprise, nom, prenom, qualification, dateNaissance, salaire, pays, ville, zoneAffectation, equipe, nomResponsable) values (16, 'Jabbersphere', 'Cyndie', 'McCallister', 'manutention serveur', '23-05-2022', 54, 'China', 'Huangling', 'Filimonovo', 'journee', 'Brook');
insert into Technicien (idTechnicien, entreprise, nom, prenom, qualification, dateNaissance, salaire, pays, ville, zoneAffectation, equipe, nomResponsable) values (17, 'Skivee', 'Florri', 'Wrout', 'serveur n2', '21-10-2022', 34, 'Mexico', 'Bellavista', 'Dongjiahe', 'journee', 'Darya');
insert into Technicien (idTechnicien, entreprise, nom, prenom, qualification, dateNaissance, salaire, pays, ville, zoneAffectation, equipe, nomResponsable) values (18, 'Eamia', 'Doralia', 'Marjoram', 'serveur n2', '24-01-2022', 61, 'Indonesia', 'Unden', 'Spas-Klepiki', 'matin', 'Trent');
insert into Technicien (idTechnicien, entreprise, nom, prenom, qualification, dateNaissance, salaire, pays, ville, zoneAffectation, equipe, nomResponsable) values (19, 'Zoonoodle', 'Flossie', 'Wethered', 'serveur n2', '16-03-2022', 75, 'Russia', 'Kalnibolotskaya', 'Sucha', 'journee', 'Charlie');
insert into Technicien (idTechnicien, entreprise, nom, prenom, qualification, dateNaissance, salaire, pays, ville, zoneAffectation, equipe, nomResponsable) values (20, 'Twitterbridge', 'Mindy', 'Smith', 'frigoriste', '30-09-2022', 12, 'Indonesia', 'Mboto', 'Touho', 'matin', 'Herminia');
insert into Technicien (idTechnicien, entreprise, nom, prenom, qualification, dateNaissance, salaire, pays, ville, zoneAffectation, equipe, nomResponsable) values (21, 'Skippad', 'Chan', 'Fumagall', 'serveur n2', '16-08-2022', 62, 'Colombia', 'Puerto Asís', 'Arnhem', 'journee', 'Manuel');
insert into Technicien (idTechnicien, entreprise, nom, prenom, qualification, dateNaissance, salaire, pays, ville, zoneAffectation, equipe, nomResponsable) values (22, 'Quamba', 'Hunter', 'Cliss', 'serveur n2', '17-11-2022', 18, 'Peru', 'El Carmen', 'Usarin', 'nuit', 'Lucy');
insert into Technicien (idTechnicien, entreprise, nom, prenom, qualification, dateNaissance, salaire, pays, ville, zoneAffectation, equipe, nomResponsable) values (23, 'Linkbridge', 'Roseline', 'Tarbert', 'serveur n2', '21-04-2022', 88, 'Japan', 'Kameda-honchō', 'Zhanping', 'journee', 'Saree');
insert into Technicien (idTechnicien, entreprise, nom, prenom, qualification, dateNaissance, salaire, pays, ville, zoneAffectation, equipe, nomResponsable) values (24, 'Zoomzone', 'Elena', 'Slayny', 'serveur n2', '14-09-2022', 76, 'Russia', 'Verkhnyaya Khava', 'Brengkok', 'journee', 'Wallie');
insert into Technicien (idTechnicien, entreprise, nom, prenom, qualification, dateNaissance, salaire, pays, ville, zoneAffectation, equipe, nomResponsable) values (25, 'Voonix', 'Kerry', 'Citrine', 'serveur n2', '13-03-2022', 29, 'Sudan', 'Berber', 'Lons-le-Saunier', 'journee', 'Cosmo');
insert into Technicien (idTechnicien, entreprise, nom, prenom, qualification, dateNaissance, salaire, pays, ville, zoneAffectation, equipe, nomResponsable) values (26, 'Rhynyx', 'Gabbie', 'Yardy', 'serveur n2', '02-07-2022', 52, 'France', 'Blagnac', 'Passo', 'journee', 'Emmalyn');
insert into Technicien (idTechnicien, entreprise, nom, prenom, qualification, dateNaissance, salaire, pays, ville, zoneAffectation, equipe, nomResponsable) values (27, 'Devify', 'Frayda', 'Georghiou', 'serveur n2', '27-12-2021', 46, 'China', 'Hewan', 'Crumlin', 'journee', 'Stephi');
insert into Technicien (idTechnicien, entreprise, nom, prenom, qualification, dateNaissance, salaire, pays, ville, zoneAffectation, equipe, nomResponsable) values (28, 'Fivechat', 'Lenka', 'Shrubshall', 'serveur n2', '14-02-2022', 91, 'Spain', 'Pontevedra', 'Barrancas', 'journee', 'Tori');
insert into Technicien (idTechnicien, entreprise, nom, prenom, qualification, dateNaissance, salaire, pays, ville, zoneAffectation, equipe, nomResponsable) values (29, 'Aivee', 'Terry', 'Hartley', 'serveur n2', '29-12-2021', 93, 'China', 'Dawang', 'Enskede', 'nuit', 'Celie');
insert into Technicien (idTechnicien, entreprise, nom, prenom, qualification, dateNaissance, salaire, pays, ville, zoneAffectation, equipe, nomResponsable) values (30, 'Mymm', 'Hollis', 'Holtum', 'serveur n2', '18-07-2022', 12, 'Japan', 'Kaizuka', 'Hanjia', 'journee', 'Jacques');
insert into Technicien (idTechnicien, entreprise, nom, prenom, qualification, dateNaissance, salaire, pays, ville, zoneAffectation, equipe, nomResponsable) values (31, 'Aivee', 'Corine', 'Stuehmeier', 'frigoriste', '03-02-2022', 15, 'China', 'Tangtuzhui', 'At Tall al Kabīr', 'journee', 'Leesa');
insert into Technicien (idTechnicien, entreprise, nom, prenom, qualification, dateNaissance, salaire, pays, ville, zoneAffectation, equipe, nomResponsable) values (32, 'Minyx', 'Devonne', 'Batts', 'frigoriste', '18-04-2022', 78, 'New Zealand', 'Maungatapere', 'Tubungan', 'matin', 'Emelyne');
insert into Technicien (idTechnicien, entreprise, nom, prenom, qualification, dateNaissance, salaire, pays, ville, zoneAffectation, equipe, nomResponsable) values (33, 'Skimia', 'Rodd', 'Deave', 'manutention serveur', '07-12-2021', 15, 'China', 'Pianbai', 'Chaoyang', 'apres-midi', 'Stacee');
insert into Technicien (idTechnicien, entreprise, nom, prenom, qualification, dateNaissance, salaire, pays, ville, zoneAffectation, equipe, nomResponsable) values (34, 'Camimbo', 'Amanda', 'Hedde', 'frigoriste', '20-10-2022', 86, 'China', 'Sanbao', 'Pendembu', 'apres-midi', 'Dalston');
insert into Technicien (idTechnicien, entreprise, nom, prenom, qualification, dateNaissance, salaire, pays, ville, zoneAffectation, equipe, nomResponsable) values (35, 'Skipfire', 'Alma', 'Cowe', 'serveur n2', '10-01-2022', 77, 'Nigeria', 'Bassa', 'Belverde', 'journee', 'Felicia');
insert into Technicien (idTechnicien, entreprise, nom, prenom, qualification, dateNaissance, salaire, pays, ville, zoneAffectation, equipe, nomResponsable) values (36, 'Topicshots', 'Raffarty', 'Kienzle', 'serveur n2', '07-02-2022', 81, 'Russia', 'Berëzovyy', 'Zhongbao', 'apres-midi', 'Georgie');
insert into Technicien (idTechnicien, entreprise, nom, prenom, qualification, dateNaissance, salaire, pays, ville, zoneAffectation, equipe, nomResponsable) values (37, 'Babbleset', 'Pris', 'Feeham', 'serveur n2', '07-01-2022', 62, 'Russia', 'Ulety', 'Ordóñez', 'nuit', 'Mabelle');
insert into Technicien (idTechnicien, entreprise, nom, prenom, qualification, dateNaissance, salaire, pays, ville, zoneAffectation, equipe, nomResponsable) values (38, 'LiveZ', 'Lorrie', 'Heino', 'serveur n2', '19-08-2022', 30, 'Brazil', 'Floriano', 'Nowshahr', 'matin', 'Binnie');
insert into Technicien (idTechnicien, entreprise, nom, prenom, qualification, dateNaissance, salaire, pays, ville, zoneAffectation, equipe, nomResponsable) values (39, 'Skiptube', 'Bonnibelle', 'Poundsford', 'serveur n1', '19-09-2022', 55, 'United States', 'Seattle', 'Des Moines', 'nuit', 'Dalton');
insert into Technicien (idTechnicien, entreprise, nom, prenom, qualification, dateNaissance, salaire, pays, ville, zoneAffectation, equipe, nomResponsable) values (40, 'Livetube', 'Paton', 'Limrick', 'serveur n1', '02-09-2022', 22, 'China', 'Yaxi', 'Avignon', 'matin', 'Hildagard');
insert into Technicien (idTechnicien, entreprise, nom, prenom, qualification, dateNaissance, salaire, pays, ville, zoneAffectation, equipe, nomResponsable) values (41, 'Skiptube', 'Cleo', 'Starcks', 'serveur n1', '11-07-2022', 19, 'United States', 'New York City', 'Hongor', 'journee', 'Lillis');
insert into Technicien (idTechnicien, entreprise, nom, prenom, qualification, dateNaissance, salaire, pays, ville, zoneAffectation, equipe, nomResponsable) values (42, 'Linktype', 'Valeda', 'Collisson', 'serveur n2', '18-12-2021', 71, 'Indonesia', 'Muarabuliti', 'Staryy Dobrotvir', 'journee', 'Lee');
insert into Technicien (idTechnicien, entreprise, nom, prenom, qualification, dateNaissance, salaire, pays, ville, zoneAffectation, equipe, nomResponsable) values (43, 'Vidoo', 'Andras', 'Corre', 'serveur n2', '29-05-2022', 99, 'Netherlands', 'Zevenaar', 'Kankan', 'apres-midi', 'Valida');
insert into Technicien (idTechnicien, entreprise, nom, prenom, qualification, dateNaissance, salaire, pays, ville, zoneAffectation, equipe, nomResponsable) values (44, 'Jetwire', 'Chicky', 'Kellett', 'serveur n2', '21-01-2022', 58, 'China', 'Tieshan', 'Kāshān', 'journee', 'Sinclair');
insert into Technicien (idTechnicien, entreprise, nom, prenom, qualification, dateNaissance, salaire, pays, ville, zoneAffectation, equipe, nomResponsable) values (45, 'Ntag', 'Chicky', 'Hatzar', 'serveur n1', '24-12-2021', 61, 'Sweden', 'Tungelsta', 'Tambawel', 'nuit', 'Josias');
insert into Technicien (idTechnicien, entreprise, nom, prenom, qualification, dateNaissance, salaire, pays, ville, zoneAffectation, equipe, nomResponsable) values (46, 'Tazz', 'Jehu', 'Romei', 'serveur n1', '21-03-2022', 7, 'United States', 'Birmingham', 'Yaojiaji', 'journee', 'Chrysa');
insert into Technicien (idTechnicien, entreprise, nom, prenom, qualification, dateNaissance, salaire, pays, ville, zoneAffectation, equipe, nomResponsable) values (47, 'Oyondu', 'Martie', 'Langfield', 'serveur n2', '25-05-2022', 21, 'Philippines', 'Simunul', 'Ouro Preto', 'journee', 'Amargo');
insert into Technicien (idTechnicien, entreprise, nom, prenom, qualification, dateNaissance, salaire, pays, ville, zoneAffectation, equipe, nomResponsable) values (48, 'Topiczoom', 'Mitzi', 'Maps', 'frigoriste', '31-01-2022', 39, 'Philippines', 'Umingan', 'Nuasepu', 'nuit', 'Dion');
insert into Technicien (idTechnicien, entreprise, nom, prenom, qualification, dateNaissance, salaire, pays, ville, zoneAffectation, equipe, nomResponsable) values (49, 'Photojam', 'Margi', 'Swindon', 'manutention serveur', '01-11-2022', 8, 'China', 'Hekou', 'Xiangfu', 'journee', 'Ahmed');
insert into Technicien (idTechnicien, entreprise, nom, prenom, qualification, dateNaissance, salaire, pays, ville, zoneAffectation, equipe, nomResponsable) values (50, 'Zoombeat', 'Kilian', 'Conerding', 'serveur n2', '21-10-2022', 23, 'Sudan', 'Kosti', 'Quince Mil', 'nuit', 'Jessalin');



insert into Jeux (idJeux, nom, categorie, nomDevelopper, nomDistributeur, dateSortie, poids, typeCharge) values (1, 'Heinssen', 'Horreur', 'Einti', 'Jaloo', '29-01-2009', 5299, 'Monde');
insert into Jeux (idJeux, nom, categorie, nomDevelopper, nomDistributeur, dateSortie, poids, typeCharge) values (2, 'Yglesias', 'MMORPG', 'Yakidoo', 'Zava', '21-08-1998', 3771, 'Autre');
insert into Jeux (idJeux, nom, categorie, nomDevelopper, nomDistributeur, dateSortie, poids, typeCharge) values (3, 'Simao', 'Survie', 'Izio', 'Skajo', '12-04-1998', 7537, 'Lobby');
insert into Jeux (idJeux, nom, categorie, nomDevelopper, nomDistributeur, dateSortie, poids, typeCharge) values (4, 'Tolland', 'Survie', 'Meevee', 'Wikizz', '13-07-1992', 2601, 'Autre');
insert into Jeux (idJeux, nom, categorie, nomDevelopper, nomDistributeur, dateSortie, poids, typeCharge) values (5, 'Bretland', 'Horreur', 'Demizz', 'Tagfeed', '16-09-2003', 6804, 'Autre');
insert into Jeux (idJeux, nom, categorie, nomDevelopper, nomDistributeur, dateSortie, poids, typeCharge) values (6, 'Maffioni', 'MMORPG', 'Photojam', 'Skippad', '14-02-2007', 5013, 'Autre');
insert into Jeux (idJeux, nom, categorie, nomDevelopper, nomDistributeur, dateSortie, poids, typeCharge) values (7, 'Stammers', 'Horreur', 'Jabbersphere', 'Realblab', '01-09-1995', 416, 'Monde');
insert into Jeux (idJeux, nom, categorie, nomDevelopper, nomDistributeur, dateSortie, poids, typeCharge) values (8, 'Kalkhoven', 'MMORPG', 'Jaxnation', 'Yakitri', '25-01-1995', 562, 'Autre');
insert into Jeux (idJeux, nom, categorie, nomDevelopper, nomDistributeur, dateSortie, poids, typeCharge) values (9, 'Laugier', 'MMORPG', 'Cogibox', 'Vinte', '24-05-2020', 2635, 'Telechargement');
insert into Jeux (idJeux, nom, categorie, nomDevelopper, nomDistributeur, dateSortie, poids, typeCharge) values (10, 'Van der Kruys', 'Horreur', 'Gigashots', 'Yadel', '02-11-1997', 4160, 'Monde');
insert into Jeux (idJeux, nom, categorie, nomDevelopper, nomDistributeur, dateSortie, poids, typeCharge) values (11, 'Morot', 'MMO', 'Centidel', 'Youspan', '07-09-2000', 1378, 'Autre');
insert into Jeux (idJeux, nom, categorie, nomDevelopper, nomDistributeur, dateSortie, poids, typeCharge) values (12, 'Keenlayside', 'Horreur', 'Flipopia', 'Eare', '27-06-1991', 156, 'Lobby');
insert into Jeux (idJeux, nom, categorie, nomDevelopper, nomDistributeur, dateSortie, poids, typeCharge) values (13, 'Currom', 'MMORPG', 'Fanoodle', 'Kanoodle', '26-01-1991', 4105, 'Autre');
insert into Jeux (idJeux, nom, categorie, nomDevelopper, nomDistributeur, dateSortie, poids, typeCharge) values (14, 'Brayford', 'MMO', 'Voolith', 'Dabjam', '25-04-2013', 7356, 'Monde');
insert into Jeux (idJeux, nom, categorie, nomDevelopper, nomDistributeur, dateSortie, poids, typeCharge) values (15, 'Clousley', 'MMORPG', 'Ailane', 'Npath', '09-08-2018', 6967, 'Autre');
insert into Jeux (idJeux, nom, categorie, nomDevelopper, nomDistributeur, dateSortie, poids, typeCharge) values (16, 'Aggs', 'MMORPG', 'Quimm', 'Blogspan', '08-12-2019', 8414, 'Monde');
insert into Jeux (idJeux, nom, categorie, nomDevelopper, nomDistributeur, dateSortie, poids, typeCharge) values (17, 'Satchel', 'RPG', 'Twitterbeat', 'Geba', '28-12-1993', 4858, 'Autre');
insert into Jeux (idJeux, nom, categorie, nomDevelopper, nomDistributeur, dateSortie, poids, typeCharge) values (18, 'Pickin', 'Horreur', 'Jayo', 'Topiclounge', '10-10-2017', 943, 'Monde');
insert into Jeux (idJeux, nom, categorie, nomDevelopper, nomDistributeur, dateSortie, poids, typeCharge) values (19, 'Brobak', 'MMORPG', 'Edgewire', 'Riffpedia', '21-03-2019', 8545, 'Monde');
insert into Jeux (idJeux, nom, categorie, nomDevelopper, nomDistributeur, dateSortie, poids, typeCharge) values (20, 'Henrych', 'Horreur', 'Brainsphere', 'Divavu', '10-09-1999', 9010, 'Autre');
insert into Jeux (idJeux, nom, categorie, nomDevelopper, nomDistributeur, dateSortie, poids, typeCharge) values (21, 'Mitton', 'Plateforme', 'Eazzy', 'Youfeed', '09-01-2006', 2284, 'Autre');
insert into Jeux (idJeux, nom, categorie, nomDevelopper, nomDistributeur, dateSortie, poids, typeCharge) values (22, 'Glover', 'MMORPG', 'Minyx', 'Voonder', '10-03-1994', 7104, 'Autre');
insert into Jeux (idJeux, nom, categorie, nomDevelopper, nomDistributeur, dateSortie, poids, typeCharge) values (23, 'Caswill', 'Horreur', 'Feedmix', 'Thoughtblab', '16-08-1992', 2099, 'Autre');
insert into Jeux (idJeux, nom, categorie, nomDevelopper, nomDistributeur, dateSortie, poids, typeCharge) values (24, 'De Filippo', 'Plateforme', 'Voonix', 'Tekfly', '21-06-1999', 8203, 'Monde');
insert into Jeux (idJeux, nom, categorie, nomDevelopper, nomDistributeur, dateSortie, poids, typeCharge) values (25, 'Runnett', 'MMORPG', 'Meembee', 'Snaptags', '30-11-2009', 5508, 'Telechargement');
insert into Jeux (idJeux, nom, categorie, nomDevelopper, nomDistributeur, dateSortie, poids, typeCharge) values (26, 'Veevers', 'Plateforme', 'Jabbertype', 'Bubblemix', '11-12-1999', 8710, 'Autre');
insert into Jeux (idJeux, nom, categorie, nomDevelopper, nomDistributeur, dateSortie, poids, typeCharge) values (27, 'Annatt', 'MMORPG', 'Jetpulse', 'Talane', '10-06-1999', 4752, 'Autre');
insert into Jeux (idJeux, nom, categorie, nomDevelopper, nomDistributeur, dateSortie, poids, typeCharge) values (28, 'Izatson', 'Horreur', 'Jetpulse', 'Feedmix', '08-02-2003', 7368, 'Telechargement');
insert into Jeux (idJeux, nom, categorie, nomDevelopper, nomDistributeur, dateSortie, poids, typeCharge) values (29, 'Rubinsky', 'Plateforme', 'Eadel', 'Twimbo', '18-06-1992', 6959, 'Monde');
insert into Jeux (idJeux, nom, categorie, nomDevelopper, nomDistributeur, dateSortie, poids, typeCharge) values (30, 'FitzGibbon', 'MMORPG', 'DabZ', 'Tazzy', '19-04-2009', 4699, 'Monde');
insert into Jeux (idJeux, nom, categorie, nomDevelopper, nomDistributeur, dateSortie, poids, typeCharge) values (31, 'Lockless', 'Horreur', 'Riffpedia', 'Twinte', '10-11-1994', 5913, 'Autre');
insert into Jeux (idJeux, nom, categorie, nomDevelopper, nomDistributeur, dateSortie, poids, typeCharge) values (32, 'Maundrell', 'Plateforme', 'Jaxbean', 'Jatri', '10-09-2011', 3524, 'Monde');
insert into Jeux (idJeux, nom, categorie, nomDevelopper, nomDistributeur, dateSortie, poids, typeCharge) values (33, 'Barnfather', 'MMORPG', 'Gigaclub', 'Youfeed', '16-03-2006', 474, 'Autre');
insert into Jeux (idJeux, nom, categorie, nomDevelopper, nomDistributeur, dateSortie, poids, typeCharge) values (34, 'Shannon', 'MMORPG', 'Skinder', 'Gabtype', '23-04-2004', 6941, 'Autre');
insert into Jeux (idJeux, nom, categorie, nomDevelopper, nomDistributeur, dateSortie, poids, typeCharge) values (35, 'Kleinpeltz', 'Plateforme', 'Twitterbridge', 'Innotype', '19-09-2017', 6109, 'Autre');
insert into Jeux (idJeux, nom, categorie, nomDevelopper, nomDistributeur, dateSortie, poids, typeCharge) values (36, 'Swinyard', 'MMORPG', 'Lazzy', 'Brainsphere', '08-02-2014', 6790, 'Autre');
insert into Jeux (idJeux, nom, categorie, nomDevelopper, nomDistributeur, dateSortie, poids, typeCharge) values (37, 'McCole', 'Survie', 'Photobug', 'Aimbo', '14-09-2000', 8106, 'Monde');
insert into Jeux (idJeux, nom, categorie, nomDevelopper, nomDistributeur, dateSortie, poids, typeCharge) values (38, 'Venditti', 'Horreur', 'Brainsphere', 'Linktype', '11-05-2002', 3885, 'Autre');
insert into Jeux (idJeux, nom, categorie, nomDevelopper, nomDistributeur, dateSortie, poids, typeCharge) values (39, 'Winscum', 'Plateforme', 'Zoomzone', 'Buzzbean', '02-12-1996', 2478, 'Monde');
insert into Jeux (idJeux, nom, categorie, nomDevelopper, nomDistributeur, dateSortie, poids, typeCharge) values (40, 'Rattray', 'Plateforme', 'Gigaclub', 'Topiczoom', '07-01-2003', 2218, 'Telechargement');
insert into Jeux (idJeux, nom, categorie, nomDevelopper, nomDistributeur, dateSortie, poids, typeCharge) values (41, 'Leahy', 'Horreur', 'Zoonoodle', 'Centizu', '03-02-1995', 2830, 'Autre');
insert into Jeux (idJeux, nom, categorie, nomDevelopper, nomDistributeur, dateSortie, poids, typeCharge) values (42, 'Shapera', 'Horreur', 'Quinu', 'Skyndu', '13-10-2001', 5631, 'Monde');
insert into Jeux (idJeux, nom, categorie, nomDevelopper, nomDistributeur, dateSortie, poids, typeCharge) values (43, 'Balsom', 'MMORPG', 'Lazzy', 'Flashpoint', '20-10-1991', 7382, 'Monde');
insert into Jeux (idJeux, nom, categorie, nomDevelopper, nomDistributeur, dateSortie, poids, typeCharge) values (44, 'Grafton-Herbert', 'Horreur', 'Shuffledrive', 'Fanoodle', '07-02-2008', 9279, 'Monde');
insert into Jeux (idJeux, nom, categorie, nomDevelopper, nomDistributeur, dateSortie, poids, typeCharge) values (45, 'Densey', 'Horreur', 'Avaveo', 'Miboo', '22-05-2013', 5329, 'Lobby');
insert into Jeux (idJeux, nom, categorie, nomDevelopper, nomDistributeur, dateSortie, poids, typeCharge) values (46, 'Dunrige', 'Horreur', 'Linkbridge', 'Edgewire', '20-05-2005', 4416, 'Telechargement');
insert into Jeux (idJeux, nom, categorie, nomDevelopper, nomDistributeur, dateSortie, poids, typeCharge) values (47, 'Edmundson', 'Survie', 'Gabtune', 'Flashspan', '28-10-2003', 48, 'Autre');
insert into Jeux (idJeux, nom, categorie, nomDevelopper, nomDistributeur, dateSortie, poids, typeCharge) values (48, 'Hamlett', 'Horreur', 'Trunyx', 'Lazz', '10-07-1997', 9649, 'Autre');
insert into Jeux (idJeux, nom, categorie, nomDevelopper, nomDistributeur, dateSortie, poids, typeCharge) values (49, 'Bradnam', 'MMORPG', 'Meezzy', 'Babbleblab', '22-04-2021', 4952, 'Monde');
insert into Jeux (idJeux, nom, categorie, nomDevelopper, nomDistributeur, dateSortie, poids, typeCharge) values (50, 'Neumann', 'Horreur', 'Oyope', 'Brightbean', '06-10-2014', 4956, 'Monde');



insert into Maintenance (idMaintenance, dateDebutMaintenance, dateFinMaintenance, equipeResponsable, raisonMaintenance) values (1, '06-12-2021', '06-01-2022', 'apres-midi', 'surcharge');
insert into Maintenance (idMaintenance, dateDebutMaintenance, dateFinMaintenance, equipeResponsable, raisonMaintenance) values (2, '24-07-2022', '24-08-2022', 'journee', 'panne');
insert into Maintenance (idMaintenance, dateDebutMaintenance, dateFinMaintenance, equipeResponsable, raisonMaintenance) values (3, '09-02-2022', '09-03-2022', 'journee', 'entretien');
insert into Maintenance (idMaintenance, dateDebutMaintenance, dateFinMaintenance, equipeResponsable, raisonMaintenance) values (4, '22-10-2022', '22-11-2022', 'nuit', 'attaque');
insert into Maintenance (idMaintenance, dateDebutMaintenance, dateFinMaintenance, equipeResponsable, raisonMaintenance) values (5, '15-05-2022', '15-06-2022', 'journee', 'attaque');
insert into Maintenance (idMaintenance, dateDebutMaintenance, dateFinMaintenance, equipeResponsable, raisonMaintenance) values (6, '13-06-2022', '13-07-2022', 'journee', 'panne');
insert into Maintenance (idMaintenance, dateDebutMaintenance, dateFinMaintenance, equipeResponsable, raisonMaintenance) values (7, '16-07-2022', '16-08-2022', 'journee', 'panne');
insert into Maintenance (idMaintenance, dateDebutMaintenance, dateFinMaintenance, equipeResponsable, raisonMaintenance) values (8, '24-04-2022', '24-05-2022', 'journee', 'entretien');
insert into Maintenance (idMaintenance, dateDebutMaintenance, dateFinMaintenance, equipeResponsable, raisonMaintenance) values (9, '03-06-2022', '03-07-2022', 'journee', 'attaque');
insert into Maintenance (idMaintenance, dateDebutMaintenance, dateFinMaintenance, equipeResponsable, raisonMaintenance) values (10, '08-04-2022', '08-05-2022', 'journee', 'panne');
insert into Maintenance (idMaintenance, dateDebutMaintenance, dateFinMaintenance, equipeResponsable, raisonMaintenance) values (11, '17-02-2022', '17-03-2022', 'journee', 'surcharge');
insert into Maintenance (idMaintenance, dateDebutMaintenance, dateFinMaintenance, equipeResponsable, raisonMaintenance) values (12, '30-05-2022', '30-06-2022', 'nuit', 'panne');
insert into Maintenance (idMaintenance, dateDebutMaintenance, dateFinMaintenance, equipeResponsable, raisonMaintenance) values (13, '06-03-2022', '06-04-2022', 'nuit', 'panne');
insert into Maintenance (idMaintenance, dateDebutMaintenance, dateFinMaintenance, equipeResponsable, raisonMaintenance) values (14, '07-03-2022', '07-04-2022', 'journee', 'entretien');
insert into Maintenance (idMaintenance, dateDebutMaintenance, dateFinMaintenance, equipeResponsable, raisonMaintenance) values (15, '23-04-2022', '23-05-2022', 'journee', 'panne');
insert into Maintenance (idMaintenance, dateDebutMaintenance, dateFinMaintenance, equipeResponsable, raisonMaintenance) values (16, '23-08-2022', '23-09-2022', 'matin', 'attaque');
insert into Maintenance (idMaintenance, dateDebutMaintenance, dateFinMaintenance, equipeResponsable, raisonMaintenance) values (17, '19-07-2022', '19-08-2022', 'nuit', 'panne');
insert into Maintenance (idMaintenance, dateDebutMaintenance, dateFinMaintenance, equipeResponsable, raisonMaintenance) values (18, '01-11-2022', '01-12-2022', 'apres-midi', 'surchauffe');
insert into Maintenance (idMaintenance, dateDebutMaintenance, dateFinMaintenance, equipeResponsable, raisonMaintenance) values (19, '30-05-2022', '30-06-2022', 'nuit', 'attaque');
insert into Maintenance (idMaintenance, dateDebutMaintenance, dateFinMaintenance, equipeResponsable, raisonMaintenance) values (20, '12-06-2022', '12-07-2022', 'matin', 'entretien');
insert into Maintenance (idMaintenance, dateDebutMaintenance, dateFinMaintenance, equipeResponsable, raisonMaintenance) values (21, '18-09-2022', '18-10-2022', 'nuit', 'panne');
insert into Maintenance (idMaintenance, dateDebutMaintenance, dateFinMaintenance, equipeResponsable, raisonMaintenance) values (22, '25-11-2021', '25-12-2021', 'journee', 'surcharge');
insert into Maintenance (idMaintenance, dateDebutMaintenance, dateFinMaintenance, equipeResponsable, raisonMaintenance) values (23, '10-06-2022', '10-07-2022', 'journee', 'attaque');
insert into Maintenance (idMaintenance, dateDebutMaintenance, dateFinMaintenance, equipeResponsable, raisonMaintenance) values (24, '19-09-2022', '19-10-2022', 'journee', 'entretien');
insert into Maintenance (idMaintenance, dateDebutMaintenance, dateFinMaintenance, equipeResponsable, raisonMaintenance) values (25, '08-06-2022', '08-07-2022', 'nuit', 'panne');
insert into Maintenance (idMaintenance, dateDebutMaintenance, dateFinMaintenance, equipeResponsable, raisonMaintenance) values (26, '23-03-2022', '23-04-2022', 'journee', 'panne');
insert into Maintenance (idMaintenance, dateDebutMaintenance, dateFinMaintenance, equipeResponsable, raisonMaintenance) values (27, '15-03-2022', '15-04-2022', 'journee', 'panne');
insert into Maintenance (idMaintenance, dateDebutMaintenance, dateFinMaintenance, equipeResponsable, raisonMaintenance) values (28, '17-05-2022', '17-06-2022', 'journee', 'panne');
insert into Maintenance (idMaintenance, dateDebutMaintenance, dateFinMaintenance, equipeResponsable, raisonMaintenance) values (29, '06-01-2022', '06-02-2022', 'journee', 'surchauffe');
insert into Maintenance (idMaintenance, dateDebutMaintenance, dateFinMaintenance, equipeResponsable, raisonMaintenance) values (30, '18-06-2022', '18-07-2022', 'nuit', 'attaque');
insert into Maintenance (idMaintenance, dateDebutMaintenance, dateFinMaintenance, equipeResponsable, raisonMaintenance) values (31, '26-02-2022', '26-03-2022', 'journee', 'attaque');
insert into Maintenance (idMaintenance, dateDebutMaintenance, dateFinMaintenance, equipeResponsable, raisonMaintenance) values (32, '22-01-2022', '22-02-2022', 'journee', 'attaque');
insert into Maintenance (idMaintenance, dateDebutMaintenance, dateFinMaintenance, equipeResponsable, raisonMaintenance) values (33, '14-12-2021', '14-01-2022', 'nuit', 'panne');
insert into Maintenance (idMaintenance, dateDebutMaintenance, dateFinMaintenance, equipeResponsable, raisonMaintenance) values (34, '31-01-2022', '28-02-2022', 'journee', 'panne');
insert into Maintenance (idMaintenance, dateDebutMaintenance, dateFinMaintenance, equipeResponsable, raisonMaintenance) values (35, '30-04-2022', '30-05-2022', 'matin', 'panne');
insert into Maintenance (idMaintenance, dateDebutMaintenance, dateFinMaintenance, equipeResponsable, raisonMaintenance) values (36, '05-04-2022', '05-05-2022', 'apres-midi', 'surcharge');
insert into Maintenance (idMaintenance, dateDebutMaintenance, dateFinMaintenance, equipeResponsable, raisonMaintenance) values (37, '26-01-2022', '26-02-2022', 'journee', 'panne');
insert into Maintenance (idMaintenance, dateDebutMaintenance, dateFinMaintenance, equipeResponsable, raisonMaintenance) values (38, '16-06-2022', '16-07-2022', 'nuit', 'surchauffe');
insert into Maintenance (idMaintenance, dateDebutMaintenance, dateFinMaintenance, equipeResponsable, raisonMaintenance) values (39, '30-01-2022', '28-02-2022', 'nuit', 'entretien');
insert into Maintenance (idMaintenance, dateDebutMaintenance, dateFinMaintenance, equipeResponsable, raisonMaintenance) values (40, '07-03-2022', '07-04-2022', 'journee', 'panne');
insert into Maintenance (idMaintenance, dateDebutMaintenance, dateFinMaintenance, equipeResponsable, raisonMaintenance) values (41, '23-11-2021', '23-12-2021', 'journee', 'attaque');
insert into Maintenance (idMaintenance, dateDebutMaintenance, dateFinMaintenance, equipeResponsable, raisonMaintenance) values (42, '16-12-2021', '16-01-2022', 'journee', 'attaque');
insert into Maintenance (idMaintenance, dateDebutMaintenance, dateFinMaintenance, equipeResponsable, raisonMaintenance) values (43, '20-06-2022', '20-07-2022', 'journee', 'panne');
insert into Maintenance (idMaintenance, dateDebutMaintenance, dateFinMaintenance, equipeResponsable, raisonMaintenance) values (44, '30-07-2022', '30-08-2022', 'matin', 'panne');
insert into Maintenance (idMaintenance, dateDebutMaintenance, dateFinMaintenance, equipeResponsable, raisonMaintenance) values (45, '13-03-2022', '13-04-2022', 'apres-midi', 'entretien');
insert into Maintenance (idMaintenance, dateDebutMaintenance, dateFinMaintenance, equipeResponsable, raisonMaintenance) values (46, '21-07-2022', '21-08-2022', 'nuit', 'panne');
insert into Maintenance (idMaintenance, dateDebutMaintenance, dateFinMaintenance, equipeResponsable, raisonMaintenance) values (47, '11-05-2022', '11-06-2022', 'apres-midi', 'panne');
insert into Maintenance (idMaintenance, dateDebutMaintenance, dateFinMaintenance, equipeResponsable, raisonMaintenance) values (48, '08-04-2022', '08-05-2022', 'journee', 'panne');
insert into Maintenance (idMaintenance, dateDebutMaintenance, dateFinMaintenance, equipeResponsable, raisonMaintenance) values (49, '04-06-2022', '04-07-2022', 'apres-midi', 'attaque');
insert into Maintenance (idMaintenance, dateDebutMaintenance, dateFinMaintenance, equipeResponsable, raisonMaintenance) values (50, '19-04-2022', '19-05-2022', 'journee', 'entretien');



insert into coutServeur (idTechnicien, idJeux, idDate, idTemps, idUtilisateur, idMaintenance, idServeur, chargeTotalServeur, prixTotalServeur, prixMaintenance, prixMemoire) values (1, 33, 47, 19, 48, 3, 25.49, 7138512.13, 564371.41, 3765282.0, 3214421.57);
insert into coutServeur (idTechnicien, idJeux, idDate, idTemps, idUtilisateur, idMaintenance, idServeur, chargeTotalServeur, prixTotalServeur, prixMaintenance, prixMemoire) values (15, 2, 50, 28, 45, 28, 7.41, 7033267.0, 9345329.0, 7745230.0, 23312.92);
insert into coutServeur (idTechnicien, idJeux, idDate, idTemps, idUtilisateur, idMaintenance, idServeur, chargeTotalServeur, prixTotalServeur, prixMaintenance, prixMemoire) values (26, 4, 18, 36, 32, 38, 7.94, 5743656.0, 7911919.0, 7712016.89, 6095800.0);
insert into coutServeur (idTechnicien, idJeux, idDate, idTemps, idUtilisateur, idMaintenance, idServeur, chargeTotalServeur, prixTotalServeur, prixMaintenance, prixMemoire) values (48, 1, 26, 43, 10, 2, 21.01, 9416095.0, 2520383.29, 3599406.0, 2136244.02);
insert into coutServeur (idTechnicien, idJeux, idDate, idTemps, idUtilisateur, idMaintenance, idServeur, chargeTotalServeur, prixTotalServeur, prixMaintenance, prixMemoire) values (24, 29, 12, 26, 10, 40, 34.5, 8116905.0, 2968161.0, 4656977.03, 5486808.89);
insert into coutServeur (idTechnicien, idJeux, idDate, idTemps, idUtilisateur, idMaintenance, idServeur, chargeTotalServeur, prixTotalServeur, prixMaintenance, prixMemoire) values (4, 24, 21, 38, 16, 28, 31.91, 6259319.45, 7173197.75, 3274347.71, 7122624.69);
insert into coutServeur (idTechnicien, idJeux, idDate, idTemps, idUtilisateur, idMaintenance, idServeur, chargeTotalServeur, prixTotalServeur, prixMaintenance, prixMemoire) values (46, 30, 25, 18, 19, 22, 18.3, 5194779.69, 678623.8, 988849.35, 1549497.63);
insert into coutServeur (idTechnicien, idJeux, idDate, idTemps, idUtilisateur, idMaintenance, idServeur, chargeTotalServeur, prixTotalServeur, prixMaintenance, prixMemoire) values (37, 38, 37, 25, 36, 48, 12.37, 5719665.73, 8908463.0, 7671237.0, 3088472.61);
insert into coutServeur (idTechnicien, idJeux, idDate, idTemps, idUtilisateur, idMaintenance, idServeur, chargeTotalServeur, prixTotalServeur, prixMaintenance, prixMemoire) values (21, 42, 22, 7, 36, 37, 15.17, 3166810.07, 8173455.92, 2214260.6, 392404.06);
insert into coutServeur (idTechnicien, idJeux, idDate, idTemps, idUtilisateur, idMaintenance, idServeur, chargeTotalServeur, prixTotalServeur, prixMaintenance, prixMemoire) values (1, 21, 20, 46, 4, 34, 9.37, 3231169.93, 5326634.71, 8273087.9, 7033927.17);
insert into coutServeur (idTechnicien, idJeux, idDate, idTemps, idUtilisateur, idMaintenance, idServeur, chargeTotalServeur, prixTotalServeur, prixMaintenance, prixMemoire) values (13, 48, 47, 21, 13, 4, 41.41, 8148392.11, 2732135.0, 3572640.49, 6592499.0);
insert into coutServeur (idTechnicien, idJeux, idDate, idTemps, idUtilisateur, idMaintenance, idServeur, chargeTotalServeur, prixTotalServeur, prixMaintenance, prixMemoire) values (15, 34, 20, 25, 15, 50, 31.75, 4292398.0, 2730420.7, 1100390.0, 1709117.19);
insert into coutServeur (idTechnicien, idJeux, idDate, idTemps, idUtilisateur, idMaintenance, idServeur, chargeTotalServeur, prixTotalServeur, prixMaintenance, prixMemoire) values (23, 11, 40, 4, 18, 10, 25.26, 2939575.0, 6085709.0, 6927824.0, 7237025.45);
insert into coutServeur (idTechnicien, idJeux, idDate, idTemps, idUtilisateur, idMaintenance, idServeur, chargeTotalServeur, prixTotalServeur, prixMaintenance, prixMemoire) values (37, 32, 21, 38, 35, 13, 10.83, 1537086.16, 9206977.0, 1651039.93, 4986910.0);
insert into coutServeur (idTechnicien, idJeux, idDate, idTemps, idUtilisateur, idMaintenance, idServeur, chargeTotalServeur, prixTotalServeur, prixMaintenance, prixMemoire) values (6, 27, 32, 18, 47, 39, 32.69, 3512946.7, 6018704.53, 2875294.65, 6089710.82);
insert into coutServeur (idTechnicien, idJeux, idDate, idTemps, idUtilisateur, idMaintenance, idServeur, chargeTotalServeur, prixTotalServeur, prixMaintenance, prixMemoire) values (10, 18, 9, 18, 27, 44, 33.07, 6610884.0, 1200738.11, 1805718.0, 5186832.0);
insert into coutServeur (idTechnicien, idJeux, idDate, idTemps, idUtilisateur, idMaintenance, idServeur, chargeTotalServeur, prixTotalServeur, prixMaintenance, prixMemoire) values (29, 11, 25, 32, 6, 41, 39.81, 1630702.6, 13610.89, 7711068.04, 8682256.0);
insert into coutServeur (idTechnicien, idJeux, idDate, idTemps, idUtilisateur, idMaintenance, idServeur, chargeTotalServeur, prixTotalServeur, prixMaintenance, prixMemoire) values (7, 12, 8, 22, 15, 49, 30.52, 3437995.82, 6608595.0, 5337482.0, 4118898.24);
insert into coutServeur (idTechnicien, idJeux, idDate, idTemps, idUtilisateur, idMaintenance, idServeur, chargeTotalServeur, prixTotalServeur, prixMaintenance, prixMemoire) values (29, 38, 29, 38, 16, 49, 31.38, 2489031.85, 9056946.0, 1299242.76, 9115252.0);
insert into coutServeur (idTechnicien, idJeux, idDate, idTemps, idUtilisateur, idMaintenance, idServeur, chargeTotalServeur, prixTotalServeur, prixMaintenance, prixMemoire) values (48, 16, 23, 35, 7, 28, 10.11, 9021497.0, 1637211.0, 6370082.37, 1086335.0);
insert into coutServeur (idTechnicien, idJeux, idDate, idTemps, idUtilisateur, idMaintenance, idServeur, chargeTotalServeur, prixTotalServeur, prixMaintenance, prixMemoire) values (26, 5, 5, 48, 24, 22, 39.46, 9284124.0, 5781254.03, 8374592.84, 9938804.0);
insert into coutServeur (idTechnicien, idJeux, idDate, idTemps, idUtilisateur, idMaintenance, idServeur, chargeTotalServeur, prixTotalServeur, prixMaintenance, prixMemoire) values (21, 25, 26, 34, 38, 32, 47.32, 8987059.0, 1875625.95, 8003217.5, 6774467.95);
insert into coutServeur (idTechnicien, idJeux, idDate, idTemps, idUtilisateur, idMaintenance, idServeur, chargeTotalServeur, prixTotalServeur, prixMaintenance, prixMemoire) values (46, 7, 10, 24, 20, 22, 15.52, 941630.0, 9330995.0, 6142334.0, 7642276.01);
insert into coutServeur (idTechnicien, idJeux, idDate, idTemps, idUtilisateur, idMaintenance, idServeur, chargeTotalServeur, prixTotalServeur, prixMaintenance, prixMemoire) values (50, 12, 2, 18, 43, 41, 49.49, 5883158.17, 5484350.0, 5091080.73, 2297377.24);
insert into coutServeur (idTechnicien, idJeux, idDate, idTemps, idUtilisateur, idMaintenance, idServeur, chargeTotalServeur, prixTotalServeur, prixMaintenance, prixMemoire) values (45, 41, 24, 11, 38, 26, 39.34, 2419748.38, 8105443.0, 3072413.77, 4703161.45);
insert into coutServeur (idTechnicien, idJeux, idDate, idTemps, idUtilisateur, idMaintenance, idServeur, chargeTotalServeur, prixTotalServeur, prixMaintenance, prixMemoire) values (21, 7, 16, 14, 29, 22, 12.03, 1334678.57, 5335305.45, 7178598.83, 9697601.0);
insert into coutServeur (idTechnicien, idJeux, idDate, idTemps, idUtilisateur, idMaintenance, idServeur, chargeTotalServeur, prixTotalServeur, prixMaintenance, prixMemoire) values (25, 9, 20, 23, 26, 4, 20.16, 7455795.25, 8869920.0, 8225074.48, 7409453.0);
insert into coutServeur (idTechnicien, idJeux, idDate, idTemps, idUtilisateur, idMaintenance, idServeur, chargeTotalServeur, prixTotalServeur, prixMaintenance, prixMemoire) values (7, 40, 13, 44, 2, 45, 26.22, 641314.16, 3037141.0, 6182065.0, 6378525.0);
insert into coutServeur (idTechnicien, idJeux, idDate, idTemps, idUtilisateur, idMaintenance, idServeur, chargeTotalServeur, prixTotalServeur, prixMaintenance, prixMemoire) values (7, 19, 18, 42, 29, 37, 16.91, 3088393.13, 3492247.51, 6203235.41, 5440637.0);
insert into coutServeur (idTechnicien, idJeux, idDate, idTemps, idUtilisateur, idMaintenance, idServeur, chargeTotalServeur, prixTotalServeur, prixMaintenance, prixMemoire) values (5, 5, 23, 41, 28, 49, 19.73, 9720330.0, 8501583.0, 9722307.0, 152256.75);
insert into coutServeur (idTechnicien, idJeux, idDate, idTemps, idUtilisateur, idMaintenance, idServeur, chargeTotalServeur, prixTotalServeur, prixMaintenance, prixMemoire) values (9, 47, 15, 13, 41, 48, 29.22, 8811962.0, 1515839.85, 7251940.25, 1985159.43);
insert into coutServeur (idTechnicien, idJeux, idDate, idTemps, idUtilisateur, idMaintenance, idServeur, chargeTotalServeur, prixTotalServeur, prixMaintenance, prixMemoire) values (39, 46, 41, 16, 50, 17, 23.5, 4923398.13, 1346512.95, 4775725.0, 5555532.37);
insert into coutServeur (idTechnicien, idJeux, idDate, idTemps, idUtilisateur, idMaintenance, idServeur, chargeTotalServeur, prixTotalServeur, prixMaintenance, prixMemoire) values (45, 1, 38, 26, 43, 33, 2.11, 834994.81, 6638615.0, 8983865.0, 4062580.36);
insert into coutServeur (idTechnicien, idJeux, idDate, idTemps, idUtilisateur, idMaintenance, idServeur, chargeTotalServeur, prixTotalServeur, prixMaintenance, prixMemoire) values (25, 44, 43, 50, 7, 47, 30.87, 1793261.91, 1780896.41, 649571.41, 4512356.0);
insert into coutServeur (idTechnicien, idJeux, idDate, idTemps, idUtilisateur, idMaintenance, idServeur, chargeTotalServeur, prixTotalServeur, prixMaintenance, prixMemoire) values (20, 10, 48, 27, 19, 17, 42.9, 440290.46, 7371439.81, 2294170.51, 4389539.0);
insert into coutServeur (idTechnicien, idJeux, idDate, idTemps, idUtilisateur, idMaintenance, idServeur, chargeTotalServeur, prixTotalServeur, prixMaintenance, prixMemoire) values (14, 42, 14, 44, 49, 23, 26.43, 2120821.64, 157749.35, 2083706.91, 1948226.83);
insert into coutServeur (idTechnicien, idJeux, idDate, idTemps, idUtilisateur, idMaintenance, idServeur, chargeTotalServeur, prixTotalServeur, prixMaintenance, prixMemoire) values (27, 44, 28, 45, 17, 30, 19.79, 9426431.0, 4130450.78, 7601369.56, 8527378.0);
insert into coutServeur (idTechnicien, idJeux, idDate, idTemps, idUtilisateur, idMaintenance, idServeur, chargeTotalServeur, prixTotalServeur, prixMaintenance, prixMemoire) values (12, 16, 41, 44, 37, 43, 26.16, 1645159.96, 7769838.0, 1851699.13, 2781155.97);
insert into coutServeur (idTechnicien, idJeux, idDate, idTemps, idUtilisateur, idMaintenance, idServeur, chargeTotalServeur, prixTotalServeur, prixMaintenance, prixMemoire) values (16, 19, 41, 19, 21, 46, 24.66, 6676283.28, 2234600.66, 3446272.31, 8072240.0);
insert into coutServeur (idTechnicien, idJeux, idDate, idTemps, idUtilisateur, idMaintenance, idServeur, chargeTotalServeur, prixTotalServeur, prixMaintenance, prixMemoire) values (23, 50, 12, 40, 6, 5, 8.6, 3788615.2, 5462098.08, 1228575.62, 7673684.59);
insert into coutServeur (idTechnicien, idJeux, idDate, idTemps, idUtilisateur, idMaintenance, idServeur, chargeTotalServeur, prixTotalServeur, prixMaintenance, prixMemoire) values (3, 36, 35, 5, 29, 29, 15.26, 3329129.0, 5359209.0, 5287495.68, 9793468.0);
insert into coutServeur (idTechnicien, idJeux, idDate, idTemps, idUtilisateur, idMaintenance, idServeur, chargeTotalServeur, prixTotalServeur, prixMaintenance, prixMemoire) values (29, 36, 28, 29, 23, 27, 14.46, 5678459.31, 1973600.11, 4844518.0, 3617481.0);
insert into coutServeur (idTechnicien, idJeux, idDate, idTemps, idUtilisateur, idMaintenance, idServeur, chargeTotalServeur, prixTotalServeur, prixMaintenance, prixMemoire) values (22, 16, 21, 27, 29, 18, 25.79, 7693967.1, 4178792.23, 3102712.0, 7478470.0);
insert into coutServeur (idTechnicien, idJeux, idDate, idTemps, idUtilisateur, idMaintenance, idServeur, chargeTotalServeur, prixTotalServeur, prixMaintenance, prixMemoire) values (33, 40, 27, 12, 11, 49, 19.23, 1967287.17, 2224436.0, 6792719.23, 9000843.0);
insert into coutServeur (idTechnicien, idJeux, idDate, idTemps, idUtilisateur, idMaintenance, idServeur, chargeTotalServeur, prixTotalServeur, prixMaintenance, prixMemoire) values (5, 31, 32, 17, 10, 6, 12.8, 6342013.3, 3870000.2, 7569356.76, 6403620.99);
insert into coutServeur (idTechnicien, idJeux, idDate, idTemps, idUtilisateur, idMaintenance, idServeur, chargeTotalServeur, prixTotalServeur, prixMaintenance, prixMemoire) values (32, 15, 5, 32, 28, 36, 31.08, 4397581.61, 6677084.98, 9368548.0, 6231371.71);
insert into coutServeur (idTechnicien, idJeux, idDate, idTemps, idUtilisateur, idMaintenance, idServeur, chargeTotalServeur, prixTotalServeur, prixMaintenance, prixMemoire) values (28, 5, 37, 49, 17, 42, 11.74, 1010262.0, 8743579.0, 9077939.0, 9879168.0);
insert into coutServeur (idTechnicien, idJeux, idDate, idTemps, idUtilisateur, idMaintenance, idServeur, chargeTotalServeur, prixTotalServeur, prixMaintenance, prixMemoire) values (22, 46, 22, 31, 26, 46, 14.63, 167789.48, 1147849.0, 375392.26, 7881595.0);
insert into coutServeur (idTechnicien, idJeux, idDate, idTemps, idUtilisateur, idMaintenance, idServeur, chargeTotalServeur, prixTotalServeur, prixMaintenance, prixMemoire) values (49, 47, 32, 2, 11, 2, 4.48, 5813624.6, 6512078.24, 1896104.24, 3569661.88);
insert into coutServeur (idTechnicien, idJeux, idDate, idTemps, idUtilisateur, idMaintenance, idServeur, chargeTotalServeur, prixTotalServeur, prixMaintenance, prixMemoire) values (39, 35, 18, 20, 26, 43, 3.47, 4161683.94, 6173064.0, 8389618.0, 1335398.46);
insert into coutServeur (idTechnicien, idJeux, idDate, idTemps, idUtilisateur, idMaintenance, idServeur, chargeTotalServeur, prixTotalServeur, prixMaintenance, prixMemoire) values (35, 40, 16, 39, 28, 30, 13.18, 4214296.0, 2220696.58, 374213.56, 1175150.12);
insert into coutServeur (idTechnicien, idJeux, idDate, idTemps, idUtilisateur, idMaintenance, idServeur, chargeTotalServeur, prixTotalServeur, prixMaintenance, prixMemoire) values (38, 14, 13, 41, 21, 14, 3.23, 9251822.0, 1638290.72, 1799846.0, 4996478.0);
insert into coutServeur (idTechnicien, idJeux, idDate, idTemps, idUtilisateur, idMaintenance, idServeur, chargeTotalServeur, prixTotalServeur, prixMaintenance, prixMemoire) values (43, 40, 43, 20, 31, 14, 39.97, 5193158.0, 2388982.51, 8364969.0, 2559790.25);
insert into coutServeur (idTechnicien, idJeux, idDate, idTemps, idUtilisateur, idMaintenance, idServeur, chargeTotalServeur, prixTotalServeur, prixMaintenance, prixMemoire) values (17, 28, 50, 47, 23, 1, 9.35, 5087862.93, 2351682.0, 6173278.0, 6157694.15);
insert into coutServeur (idTechnicien, idJeux, idDate, idTemps, idUtilisateur, idMaintenance, idServeur, chargeTotalServeur, prixTotalServeur, prixMaintenance, prixMemoire) values (24, 21, 34, 46, 31, 46, 33.11, 2235531.0, 1524881.46, 5120455.0, 6034922.0);
insert into coutServeur (idTechnicien, idJeux, idDate, idTemps, idUtilisateur, idMaintenance, idServeur, chargeTotalServeur, prixTotalServeur, prixMaintenance, prixMemoire) values (33, 24, 21, 10, 31, 17, 16.3, 8732957.0, 4147287.0, 35248.52, 7417114.53);
insert into coutServeur (idTechnicien, idJeux, idDate, idTemps, idUtilisateur, idMaintenance, idServeur, chargeTotalServeur, prixTotalServeur, prixMaintenance, prixMemoire) values (35, 39, 41, 33, 20, 40, 22.11, 6013271.61, 438691.32, 419490.66, 184883.7);
insert into coutServeur (idTechnicien, idJeux, idDate, idTemps, idUtilisateur, idMaintenance, idServeur, chargeTotalServeur, prixTotalServeur, prixMaintenance, prixMemoire) values (37, 48, 12, 23, 50, 20, 10.98, 7069936.0, 6608049.28, 1966110.27, 292931.23);
insert into coutServeur (idTechnicien, idJeux, idDate, idTemps, idUtilisateur, idMaintenance, idServeur, chargeTotalServeur, prixTotalServeur, prixMaintenance, prixMemoire) values (10, 10, 41, 9, 29, 9, 48.6, 2225477.13, 9565336.0, 4302404.0, 4163346.82);
insert into coutServeur (idTechnicien, idJeux, idDate, idTemps, idUtilisateur, idMaintenance, idServeur, chargeTotalServeur, prixTotalServeur, prixMaintenance, prixMemoire) values (36, 50, 30, 28, 2, 24, 19.98, 6295307.04, 7095699.2, 5627748.05, 7214749.0);
insert into coutServeur (idTechnicien, idJeux, idDate, idTemps, idUtilisateur, idMaintenance, idServeur, chargeTotalServeur, prixTotalServeur, prixMaintenance, prixMemoire) values (27, 41, 14, 27, 42, 25, 27.49, 5824379.4, 9252055.0, 1983152.81, 8443264.0);
insert into coutServeur (idTechnicien, idJeux, idDate, idTemps, idUtilisateur, idMaintenance, idServeur, chargeTotalServeur, prixTotalServeur, prixMaintenance, prixMemoire) values (21, 21, 23, 41, 1, 46, 37.27, 4465966.0, 3593899.3, 7464328.0, 7781248.5);
insert into coutServeur (idTechnicien, idJeux, idDate, idTemps, idUtilisateur, idMaintenance, idServeur, chargeTotalServeur, prixTotalServeur, prixMaintenance, prixMemoire) values (50, 8, 48, 13, 9, 11, 32.52, 7838127.0, 133707.68, 2792338.0, 8062404.0);
insert into coutServeur (idTechnicien, idJeux, idDate, idTemps, idUtilisateur, idMaintenance, idServeur, chargeTotalServeur, prixTotalServeur, prixMaintenance, prixMemoire) values (22, 28, 20, 41, 1, 38, 11.99, 6676660.0, 3980836.54, 9336718.0, 5095364.57);
insert into coutServeur (idTechnicien, idJeux, idDate, idTemps, idUtilisateur, idMaintenance, idServeur, chargeTotalServeur, prixTotalServeur, prixMaintenance, prixMemoire) values (6, 17, 17, 46, 44, 29, 21.69, 8927769.0, 3614384.57, 5377852.73, 4980740.19);
insert into coutServeur (idTechnicien, idJeux, idDate, idTemps, idUtilisateur, idMaintenance, idServeur, chargeTotalServeur, prixTotalServeur, prixMaintenance, prixMemoire) values (21, 45, 27, 41, 26, 29, 11.32, 769360.91, 3181258.73, 7195537.0, 175230.01);
insert into coutServeur (idTechnicien, idJeux, idDate, idTemps, idUtilisateur, idMaintenance, idServeur, chargeTotalServeur, prixTotalServeur, prixMaintenance, prixMemoire) values (35, 23, 31, 34, 39, 30, 33.32, 7774732.0, 169806.05, 1424306.52, 8978313.0);
insert into coutServeur (idTechnicien, idJeux, idDate, idTemps, idUtilisateur, idMaintenance, idServeur, chargeTotalServeur, prixTotalServeur, prixMaintenance, prixMemoire) values (8, 30, 50, 30, 26, 47, 36.13, 2377656.58, 3419567.49, 212220.39, 2650599.0);
insert into coutServeur (idTechnicien, idJeux, idDate, idTemps, idUtilisateur, idMaintenance, idServeur, chargeTotalServeur, prixTotalServeur, prixMaintenance, prixMemoire) values (46, 31, 36, 45, 23, 4, 25.41, 6336637.0, 594379.54, 1634612.03, 662420.56);
insert into coutServeur (idTechnicien, idJeux, idDate, idTemps, idUtilisateur, idMaintenance, idServeur, chargeTotalServeur, prixTotalServeur, prixMaintenance, prixMemoire) values (7, 19, 21, 47, 29, 46, 28.13, 3765239.77, 8057191.5, 1227871.12, 6756299.57);
insert into coutServeur (idTechnicien, idJeux, idDate, idTemps, idUtilisateur, idMaintenance, idServeur, chargeTotalServeur, prixTotalServeur, prixMaintenance, prixMemoire) values (27, 27, 2, 39, 17, 20, 1.82, 7176643.0, 4204956.86, 7728761.56, 3832171.0);
insert into coutServeur (idTechnicien, idJeux, idDate, idTemps, idUtilisateur, idMaintenance, idServeur, chargeTotalServeur, prixTotalServeur, prixMaintenance, prixMemoire) values (11, 45, 15, 47, 31, 26, 12.35, 9494158.0, 4419522.0, 4598058.55, 7700636.0);
insert into coutServeur (idTechnicien, idJeux, idDate, idTemps, idUtilisateur, idMaintenance, idServeur, chargeTotalServeur, prixTotalServeur, prixMaintenance, prixMemoire) values (34, 28, 14, 4, 12, 16, 10.96, 9556106.0, 1350617.0, 5352389.0, 3138529.93);
insert into coutServeur (idTechnicien, idJeux, idDate, idTemps, idUtilisateur, idMaintenance, idServeur, chargeTotalServeur, prixTotalServeur, prixMaintenance, prixMemoire) values (44, 42, 21, 37, 15, 50, 30.4, 698083.67, 2505132.0, 1961690.68, 6728735.34);
insert into coutServeur (idTechnicien, idJeux, idDate, idTemps, idUtilisateur, idMaintenance, idServeur, chargeTotalServeur, prixTotalServeur, prixMaintenance, prixMemoire) values (33, 15, 50, 48, 25, 10, 40.57, 2033308.24, 765162.04, 4838187.3, 8491154.0);
insert into coutServeur (idTechnicien, idJeux, idDate, idTemps, idUtilisateur, idMaintenance, idServeur, chargeTotalServeur, prixTotalServeur, prixMaintenance, prixMemoire) values (40, 38, 25, 7, 12, 30, 49.15, 1993493.86, 8760065.0, 7469751.44, 1881479.43);
insert into coutServeur (idTechnicien, idJeux, idDate, idTemps, idUtilisateur, idMaintenance, idServeur, chargeTotalServeur, prixTotalServeur, prixMaintenance, prixMemoire) values (50, 7, 34, 33, 14, 35, 32.71, 782354.32, 8810557.0, 3474050.0, 5199194.3);
insert into coutServeur (idTechnicien, idJeux, idDate, idTemps, idUtilisateur, idMaintenance, idServeur, chargeTotalServeur, prixTotalServeur, prixMaintenance, prixMemoire) values (46, 40, 44, 50, 50, 5, 1.43, 2518267.9, 9934480.0, 212031.4, 4395770.0);
insert into coutServeur (idTechnicien, idJeux, idDate, idTemps, idUtilisateur, idMaintenance, idServeur, chargeTotalServeur, prixTotalServeur, prixMaintenance, prixMemoire) values (34, 31, 49, 48, 22, 23, 1.39, 8787974.0, 2572469.36, 2932344.0, 4370186.66);
insert into coutServeur (idTechnicien, idJeux, idDate, idTemps, idUtilisateur, idMaintenance, idServeur, chargeTotalServeur, prixTotalServeur, prixMaintenance, prixMemoire) values (36, 50, 36, 20, 36, 32, 29.75, 3467563.19, 1634156.24, 9726151.0, 3068179.16);
insert into coutServeur (idTechnicien, idJeux, idDate, idTemps, idUtilisateur, idMaintenance, idServeur, chargeTotalServeur, prixTotalServeur, prixMaintenance, prixMemoire) values (33, 19, 37, 29, 29, 32, 32.43, 3545062.0, 8050831.0, 2056078.96, 1866336.26);
insert into coutServeur (idTechnicien, idJeux, idDate, idTemps, idUtilisateur, idMaintenance, idServeur, chargeTotalServeur, prixTotalServeur, prixMaintenance, prixMemoire) values (1, 1, 19, 28, 39, 24, 21.17, 6958997.82, 4386773.0, 8648983.0, 9629259.0);
insert into coutServeur (idTechnicien, idJeux, idDate, idTemps, idUtilisateur, idMaintenance, idServeur, chargeTotalServeur, prixTotalServeur, prixMaintenance, prixMemoire) values (46, 40, 38, 47, 47, 11, 34.03, 7457670.0, 5611143.0, 8999863.0, 3640659.25);
insert into coutServeur (idTechnicien, idJeux, idDate, idTemps, idUtilisateur, idMaintenance, idServeur, chargeTotalServeur, prixTotalServeur, prixMaintenance, prixMemoire) values (4, 23, 50, 6, 39, 1, 38.04, 2561398.77, 5942736.0, 3235587.14, 8517808.0);
insert into coutServeur (idTechnicien, idJeux, idDate, idTemps, idUtilisateur, idMaintenance, idServeur, chargeTotalServeur, prixTotalServeur, prixMaintenance, prixMemoire) values (13, 14, 13, 49, 22, 20, 36.12, 5613402.93, 4170360.0, 7210443.0, 9563181.0);
insert into coutServeur (idTechnicien, idJeux, idDate, idTemps, idUtilisateur, idMaintenance, idServeur, chargeTotalServeur, prixTotalServeur, prixMaintenance, prixMemoire) values (18, 33, 13, 18, 38, 23, 49.44, 796649.48, 929670.32, 9817049.0, 616999.26);
insert into coutServeur (idTechnicien, idJeux, idDate, idTemps, idUtilisateur, idMaintenance, idServeur, chargeTotalServeur, prixTotalServeur, prixMaintenance, prixMemoire) values (7, 20, 37, 25, 22, 9, 31.16, 409459.31, 4880779.12, 5016339.88, 6842728.97);
insert into coutServeur (idTechnicien, idJeux, idDate, idTemps, idUtilisateur, idMaintenance, idServeur, chargeTotalServeur, prixTotalServeur, prixMaintenance, prixMemoire) values (41, 20, 22, 48, 40, 21, 27.45, 801085.49, 9797546.0, 6646811.82, 2969703.0);
insert into coutServeur (idTechnicien, idJeux, idDate, idTemps, idUtilisateur, idMaintenance, idServeur, chargeTotalServeur, prixTotalServeur, prixMaintenance, prixMemoire) values (28, 3, 22, 2, 12, 7, 40.91, 9621459.0, 2558913.46, 6090697.92, 9144326.0);
insert into coutServeur (idTechnicien, idJeux, idDate, idTemps, idUtilisateur, idMaintenance, idServeur, chargeTotalServeur, prixTotalServeur, prixMaintenance, prixMemoire) values (31, 15, 45, 42, 15, 21, 30.72, 2228865.0, 4264754.06, 65011.4, 176381.88);
insert into coutServeur (idTechnicien, idJeux, idDate, idTemps, idUtilisateur, idMaintenance, idServeur, chargeTotalServeur, prixTotalServeur, prixMaintenance, prixMemoire) values (20, 26, 16, 16, 19, 7, 40.49, 3829033.71, 8396404.0, 7448029.57, 5466150.71);
insert into coutServeur (idTechnicien, idJeux, idDate, idTemps, idUtilisateur, idMaintenance, idServeur, chargeTotalServeur, prixTotalServeur, prixMaintenance, prixMemoire) values (33, 11, 12, 32, 47, 43, 13.74, 8099589.0, 1733994.45, 9436589.0, 3695903.12);
insert into coutServeur (idTechnicien, idJeux, idDate, idTemps, idUtilisateur, idMaintenance, idServeur, chargeTotalServeur, prixTotalServeur, prixMaintenance, prixMemoire) values (9, 35, 44, 17, 36, 34, 8.3, 9054386.0, 1548767.41, 4659822.75, 248587.2);
insert into coutServeur (idTechnicien, idJeux, idDate, idTemps, idUtilisateur, idMaintenance, idServeur, chargeTotalServeur, prixTotalServeur, prixMaintenance, prixMemoire) values (3, 49, 50, 24, 42, 11, 7.05, 7068651.68, 3461954.0, 195162.15, 6662750.0);
insert into coutServeur (idTechnicien, idJeux, idDate, idTemps, idUtilisateur, idMaintenance, idServeur, chargeTotalServeur, prixTotalServeur, prixMaintenance, prixMemoire) values (10, 17, 7, 16, 31, 8, 35.47, 9843255.0, 1925004.75, 7279155.69, 4113918.6);
insert into coutServeur (idTechnicien, idJeux, idDate, idTemps, idUtilisateur, idMaintenance, idServeur, chargeTotalServeur, prixTotalServeur, prixMaintenance, prixMemoire) values (34, 42, 36, 12, 37, 6, 28.51, 2710653.99, 7406752.4, 5724585.0, 4679924.5);
insert into coutServeur (idTechnicien, idJeux, idDate, idTemps, idUtilisateur, idMaintenance, idServeur, chargeTotalServeur, prixTotalServeur, prixMaintenance, prixMemoire) values (15, 31, 36, 40, 50, 46, 21.67, 8128108.88, 4317577.0, 6076405.0, 3604196.15);
insert into coutServeur (idTechnicien, idJeux, idDate, idTemps, idUtilisateur, idMaintenance, idServeur, chargeTotalServeur, prixTotalServeur, prixMaintenance, prixMemoire) values (30, 3, 19, 24, 7, 46, 6.61, 7481612.71, 7403020.26, 1986855.53, 477088.01);
insert into coutServeur (idTechnicien, idJeux, idDate, idTemps, idUtilisateur, idMaintenance, idServeur, chargeTotalServeur, prixTotalServeur, prixMaintenance, prixMemoire) values (4, 36, 15, 1, 40, 45, 47.99, 9742122.0, 4475250.39, 4160822.91, 2599193.0);
insert into coutServeur (idTechnicien, idJeux, idDate, idTemps, idUtilisateur, idMaintenance, idServeur, chargeTotalServeur, prixTotalServeur, prixMaintenance, prixMemoire) values (13, 39, 43, 11, 15, 5, 43.42, 2803472.13, 5788874.73, 447133.24, 1681858.0);
insert into coutServeur (idTechnicien, idJeux, idDate, idTemps, idUtilisateur, idMaintenance, idServeur, chargeTotalServeur, prixTotalServeur, prixMaintenance, prixMemoire) values (47, 49, 43, 22, 35, 22, 4.57, 4982176.0, 9877935.0, 4971362.0, 1030088.2);
insert into coutServeur (idTechnicien, idJeux, idDate, idTemps, idUtilisateur, idMaintenance, idServeur, chargeTotalServeur, prixTotalServeur, prixMaintenance, prixMemoire) values (2, 8, 36, 24, 5, 39, 46.18, 8886291.0, 1993363.64, 3514702.0, 8012080.77);
insert into coutServeur (idTechnicien, idJeux, idDate, idTemps, idUtilisateur, idMaintenance, idServeur, chargeTotalServeur, prixTotalServeur, prixMaintenance, prixMemoire) values (26, 2, 46, 15, 10, 21, 15.87, 1410647.38, 240998.67, 4388007.36, 3586452.73);
insert into coutServeur (idTechnicien, idJeux, idDate, idTemps, idUtilisateur, idMaintenance, idServeur, chargeTotalServeur, prixTotalServeur, prixMaintenance, prixMemoire) values (45, 29, 6, 35, 36, 33, 6.69, 5794471.0, 6786432.0, 9192739.0, 8650198.0);
insert into coutServeur (idTechnicien, idJeux, idDate, idTemps, idUtilisateur, idMaintenance, idServeur, chargeTotalServeur, prixTotalServeur, prixMaintenance, prixMemoire) values (19, 49, 21, 35, 35, 2, 30.13, 3790657.46, 4906008.73, 3159241.74, 5771816.44);
insert into coutServeur (idTechnicien, idJeux, idDate, idTemps, idUtilisateur, idMaintenance, idServeur, chargeTotalServeur, prixTotalServeur, prixMaintenance, prixMemoire) values (16, 42, 26, 18, 38, 35, 26.87, 4438560.03, 4225773.0, 8613802.0, 6735545.0);
insert into coutServeur (idTechnicien, idJeux, idDate, idTemps, idUtilisateur, idMaintenance, idServeur, chargeTotalServeur, prixTotalServeur, prixMaintenance, prixMemoire) values (41, 6, 15, 22, 1, 39, 3.81, 972593.34, 7959150.49, 8945644.0, 4217864.0);
insert into coutServeur (idTechnicien, idJeux, idDate, idTemps, idUtilisateur, idMaintenance, idServeur, chargeTotalServeur, prixTotalServeur, prixMaintenance, prixMemoire) values (42, 48, 12, 39, 36, 16, 37.69, 6317585.0, 1244339.68, 7053517.41, 208129.22);
insert into coutServeur (idTechnicien, idJeux, idDate, idTemps, idUtilisateur, idMaintenance, idServeur, chargeTotalServeur, prixTotalServeur, prixMaintenance, prixMemoire) values (6, 39, 22, 6, 6, 50, 20.18, 9956497.0, 1453148.38, 1285459.98, 1865644.23);
insert into coutServeur (idTechnicien, idJeux, idDate, idTemps, idUtilisateur, idMaintenance, idServeur, chargeTotalServeur, prixTotalServeur, prixMaintenance, prixMemoire) values (48, 44, 5, 48, 16, 33, 17.88, 4667946.52, 9938478.0, 9937468.0, 9985709.0);
insert into coutServeur (idTechnicien, idJeux, idDate, idTemps, idUtilisateur, idMaintenance, idServeur, chargeTotalServeur, prixTotalServeur, prixMaintenance, prixMemoire) values (26, 29, 31, 24, 42, 17, 24.22, 6706444.0, 7554686.0, 3436422.29, 9398830.0);
insert into coutServeur (idTechnicien, idJeux, idDate, idTemps, idUtilisateur, idMaintenance, idServeur, chargeTotalServeur, prixTotalServeur, prixMaintenance, prixMemoire) values (8, 30, 43, 17, 28, 50, 33.16, 767473.17, 675430.48, 5393120.0, 9135982.0);
insert into coutServeur (idTechnicien, idJeux, idDate, idTemps, idUtilisateur, idMaintenance, idServeur, chargeTotalServeur, prixTotalServeur, prixMaintenance, prixMemoire) values (18, 28, 45, 22, 41, 35, 37.99, 7806483.0, 2954005.0, 6533851.0, 9853605.0);
insert into coutServeur (idTechnicien, idJeux, idDate, idTemps, idUtilisateur, idMaintenance, idServeur, chargeTotalServeur, prixTotalServeur, prixMaintenance, prixMemoire) values (35, 19, 49, 34, 7, 29, 45.78, 2878595.51, 8026944.0, 1568702.05, 9190566.0);
insert into coutServeur (idTechnicien, idJeux, idDate, idTemps, idUtilisateur, idMaintenance, idServeur, chargeTotalServeur, prixTotalServeur, prixMaintenance, prixMemoire) values (39, 44, 40, 12, 45, 45, 19.82, 811006.69, 5405993.0, 5005816.22, 9061761.0);
insert into coutServeur (idTechnicien, idJeux, idDate, idTemps, idUtilisateur, idMaintenance, idServeur, chargeTotalServeur, prixTotalServeur, prixMaintenance, prixMemoire) values (29, 15, 11, 19, 14, 48, 21.9, 7224998.0, 5689149.88, 7009347.63, 7132079.0);
insert into coutServeur (idTechnicien, idJeux, idDate, idTemps, idUtilisateur, idMaintenance, idServeur, chargeTotalServeur, prixTotalServeur, prixMaintenance, prixMemoire) values (45, 48, 30, 17, 34, 31, 43.62, 2816135.82, 8876352.0, 5796503.0, 3882863.31);
insert into coutServeur (idTechnicien, idJeux, idDate, idTemps, idUtilisateur, idMaintenance, idServeur, chargeTotalServeur, prixTotalServeur, prixMaintenance, prixMemoire) values (20, 17, 8, 13, 9, 37, 5.0, 524917.33, 7957102.76, 8791281.0, 1089979.37);
insert into coutServeur (idTechnicien, idJeux, idDate, idTemps, idUtilisateur, idMaintenance, idServeur, chargeTotalServeur, prixTotalServeur, prixMaintenance, prixMemoire) values (14, 5, 41, 15, 21, 12, 25.23, 5813525.68, 4833046.0, 5452230.58, 7214127.0);
insert into coutServeur (idTechnicien, idJeux, idDate, idTemps, idUtilisateur, idMaintenance, idServeur, chargeTotalServeur, prixTotalServeur, prixMaintenance, prixMemoire) values (15, 46, 1, 22, 32, 2, 17.79, 1114769.11, 4131659.92, 6792802.0, 9137308.0);
insert into coutServeur (idTechnicien, idJeux, idDate, idTemps, idUtilisateur, idMaintenance, idServeur, chargeTotalServeur, prixTotalServeur, prixMaintenance, prixMemoire) values (43, 39, 13, 16, 20, 1, 48.19, 7026245.0, 9963908.0, 2697406.29, 9686844.0);
insert into coutServeur (idTechnicien, idJeux, idDate, idTemps, idUtilisateur, idMaintenance, idServeur, chargeTotalServeur, prixTotalServeur, prixMaintenance, prixMemoire) values (38, 29, 21, 30, 37, 23, 23.22, 5191213.34, 3231906.85, 3234651.25, 6003689.53);
insert into coutServeur (idTechnicien, idJeux, idDate, idTemps, idUtilisateur, idMaintenance, idServeur, chargeTotalServeur, prixTotalServeur, prixMaintenance, prixMemoire) values (27, 49, 6, 22, 18, 23, 29.86, 2346827.56, 231065.1, 2165868.11, 9787959.0);
insert into coutServeur (idTechnicien, idJeux, idDate, idTemps, idUtilisateur, idMaintenance, idServeur, chargeTotalServeur, prixTotalServeur, prixMaintenance, prixMemoire) values (39, 37, 28, 40, 3, 3, 9.26, 3318059.15, 1838400.0, 3010992.78, 3899436.74);
insert into coutServeur (idTechnicien, idJeux, idDate, idTemps, idUtilisateur, idMaintenance, idServeur, chargeTotalServeur, prixTotalServeur, prixMaintenance, prixMemoire) values (50, 38, 14, 14, 27, 22, 5.06, 6944673.48, 7695566.06, 2518616.28, 4427451.01);
insert into coutServeur (idTechnicien, idJeux, idDate, idTemps, idUtilisateur, idMaintenance, idServeur, chargeTotalServeur, prixTotalServeur, prixMaintenance, prixMemoire) values (20, 36, 22, 40, 13, 31, 20.36, 1982622.56, 2775635.2, 1885100.55, 7414617.5);
insert into coutServeur (idTechnicien, idJeux, idDate, idTemps, idUtilisateur, idMaintenance, idServeur, chargeTotalServeur, prixTotalServeur, prixMaintenance, prixMemoire) values (19, 43, 48, 42, 33, 46, 33.9, 6855014.0, 8540998.0, 9019062.0, 1443206.69);
insert into coutServeur (idTechnicien, idJeux, idDate, idTemps, idUtilisateur, idMaintenance, idServeur, chargeTotalServeur, prixTotalServeur, prixMaintenance, prixMemoire) values (27, 40, 38, 23, 23, 47, 13.01, 8661587.0, 8969347.0, 6067233.0, 7845906.86);
insert into coutServeur (idTechnicien, idJeux, idDate, idTemps, idUtilisateur, idMaintenance, idServeur, chargeTotalServeur, prixTotalServeur, prixMaintenance, prixMemoire) values (23, 33, 40, 14, 8, 4, 14.0, 3255472.03, 2473413.31, 7146479.78, 5159689.0);
insert into coutServeur (idTechnicien, idJeux, idDate, idTemps, idUtilisateur, idMaintenance, idServeur, chargeTotalServeur, prixTotalServeur, prixMaintenance, prixMemoire) values (23, 49, 50, 9, 33, 29, 11.18, 7760386.0, 5017668.52, 878422.0, 1397518.75);
insert into coutServeur (idTechnicien, idJeux, idDate, idTemps, idUtilisateur, idMaintenance, idServeur, chargeTotalServeur, prixTotalServeur, prixMaintenance, prixMemoire) values (35, 18, 31, 46, 39, 10, 10.76, 9612223.0, 337215.0, 5567263.87, 2137783.93);
insert into coutServeur (idTechnicien, idJeux, idDate, idTemps, idUtilisateur, idMaintenance, idServeur, chargeTotalServeur, prixTotalServeur, prixMaintenance, prixMemoire) values (23, 13, 35, 49, 46, 5, 16.82, 6471683.0, 2573110.26, 2876061.6, 8715707.0);
insert into coutServeur (idTechnicien, idJeux, idDate, idTemps, idUtilisateur, idMaintenance, idServeur, chargeTotalServeur, prixTotalServeur, prixMaintenance, prixMemoire) values (47, 45, 24, 15, 5, 3, 34.48, 2629996.0, 9397815.0, 7729281.0, 5522951.0);
insert into coutServeur (idTechnicien, idJeux, idDate, idTemps, idUtilisateur, idMaintenance, idServeur, chargeTotalServeur, prixTotalServeur, prixMaintenance, prixMemoire) values (23, 23, 4, 31, 44, 8, 39.8, 7144744.0, 6026316.0, 4362787.0, 7645060.99);
insert into coutServeur (idTechnicien, idJeux, idDate, idTemps, idUtilisateur, idMaintenance, idServeur, chargeTotalServeur, prixTotalServeur, prixMaintenance, prixMemoire) values (17, 8, 21, 46, 3, 8, 19.25, 5821290.0, 9009844.0, 5721187.0, 4508248.73);
insert into coutServeur (idTechnicien, idJeux, idDate, idTemps, idUtilisateur, idMaintenance, idServeur, chargeTotalServeur, prixTotalServeur, prixMaintenance, prixMemoire) values (46, 14, 39, 32, 33, 45, 25.48, 662392.5, 8096186.98, 3686818.31, 4263742.28);
insert into coutServeur (idTechnicien, idJeux, idDate, idTemps, idUtilisateur, idMaintenance, idServeur, chargeTotalServeur, prixTotalServeur, prixMaintenance, prixMemoire) values (1, 15, 3, 48, 34, 46, 14.31, 4988000.0, 1774576.06, 8999147.0, 2200154.12);
insert into coutServeur (idTechnicien, idJeux, idDate, idTemps, idUtilisateur, idMaintenance, idServeur, chargeTotalServeur, prixTotalServeur, prixMaintenance, prixMemoire) values (30, 6, 43, 20, 7, 12, 19.78, 1642413.0, 7874324.11, 7654835.34, 6311341.0);
insert into coutServeur (idTechnicien, idJeux, idDate, idTemps, idUtilisateur, idMaintenance, idServeur, chargeTotalServeur, prixTotalServeur, prixMaintenance, prixMemoire) values (33, 2, 34, 17, 49, 28, 18.52, 6508507.12, 5653866.0, 3219359.14, 586328.0);
insert into coutServeur (idTechnicien, idJeux, idDate, idTemps, idUtilisateur, idMaintenance, idServeur, chargeTotalServeur, prixTotalServeur, prixMaintenance, prixMemoire) values (8, 32, 47, 2, 32, 13, 28.09, 4245632.0, 9417760.0, 4904144.77, 4828516.0);
insert into coutServeur (idTechnicien, idJeux, idDate, idTemps, idUtilisateur, idMaintenance, idServeur, chargeTotalServeur, prixTotalServeur, prixMaintenance, prixMemoire) values (33, 26, 6, 7, 16, 40, 32.58, 8940586.0, 167611.61, 6758209.82, 2917985.76);
insert into coutServeur (idTechnicien, idJeux, idDate, idTemps, idUtilisateur, idMaintenance, idServeur, chargeTotalServeur, prixTotalServeur, prixMaintenance, prixMemoire) values (3, 50, 37, 17, 38, 25, 43.38, 5715502.23, 5488501.0, 4568651.0, 5801176.94);
insert into coutServeur (idTechnicien, idJeux, idDate, idTemps, idUtilisateur, idMaintenance, idServeur, chargeTotalServeur, prixTotalServeur, prixMaintenance, prixMemoire) values (33, 40, 10, 46, 39, 50, 15.12, 3020025.5, 516852.95, 5835953.0, 2660408.32);
insert into coutServeur (idTechnicien, idJeux, idDate, idTemps, idUtilisateur, idMaintenance, idServeur, chargeTotalServeur, prixTotalServeur, prixMaintenance, prixMemoire) values (23, 39, 46, 15, 43, 26, 28.12, 5992887.21, 3164600.27, 2499489.29, 6233640.71);
insert into coutServeur (idTechnicien, idJeux, idDate, idTemps, idUtilisateur, idMaintenance, idServeur, chargeTotalServeur, prixTotalServeur, prixMaintenance, prixMemoire) values (10, 8, 20, 50, 31, 37, 20.86, 7237416.28, 1347529.36, 3204306.65, 9601675.0);
insert into coutServeur (idTechnicien, idJeux, idDate, idTemps, idUtilisateur, idMaintenance, idServeur, chargeTotalServeur, prixTotalServeur, prixMaintenance, prixMemoire) values (34, 31, 49, 24, 18, 38, 9.44, 6266562.0, 7936492.0, 9830666.0, 2158274.45);
insert into coutServeur (idTechnicien, idJeux, idDate, idTemps, idUtilisateur, idMaintenance, idServeur, chargeTotalServeur, prixTotalServeur, prixMaintenance, prixMemoire) values (2, 13, 13, 16, 34, 42, 26.27, 408120.81, 5017198.11, 877760.67, 93973.67);
insert into coutServeur (idTechnicien, idJeux, idDate, idTemps, idUtilisateur, idMaintenance, idServeur, chargeTotalServeur, prixTotalServeur, prixMaintenance, prixMemoire) values (16, 4, 2, 31, 27, 3, 8.21, 3324290.49, 774360.87, 7063407.0, 8099673.77);
insert into coutServeur (idTechnicien, idJeux, idDate, idTemps, idUtilisateur, idMaintenance, idServeur, chargeTotalServeur, prixTotalServeur, prixMaintenance, prixMemoire) values (33, 48, 11, 31, 12, 27, 32.16, 3582566.58, 4806236.44, 1748455.3, 7141971.0);
insert into coutServeur (idTechnicien, idJeux, idDate, idTemps, idUtilisateur, idMaintenance, idServeur, chargeTotalServeur, prixTotalServeur, prixMaintenance, prixMemoire) values (2, 30, 45, 44, 13, 25, 46.44, 6710383.87, 2995897.24, 4732725.48, 8694119.0);
insert into coutServeur (idTechnicien, idJeux, idDate, idTemps, idUtilisateur, idMaintenance, idServeur, chargeTotalServeur, prixTotalServeur, prixMaintenance, prixMemoire) values (45, 2, 18, 12, 14, 8, 48.44, 6545067.83, 2145360.74, 1785189.99, 2142119.24);
insert into coutServeur (idTechnicien, idJeux, idDate, idTemps, idUtilisateur, idMaintenance, idServeur, chargeTotalServeur, prixTotalServeur, prixMaintenance, prixMemoire) values (16, 34, 42, 18, 25, 28, 16.49, 3835960.2, 8643349.0, 3586585.66, 5069629.77);
insert into coutServeur (idTechnicien, idJeux, idDate, idTemps, idUtilisateur, idMaintenance, idServeur, chargeTotalServeur, prixTotalServeur, prixMaintenance, prixMemoire) values (6, 33, 44, 17, 44, 22, 9.89, 8048840.0, 9846478.0, 5243682.0, 862999.76);
insert into coutServeur (idTechnicien, idJeux, idDate, idTemps, idUtilisateur, idMaintenance, idServeur, chargeTotalServeur, prixTotalServeur, prixMaintenance, prixMemoire) values (39, 48, 27, 19, 33, 44, 48.68, 8065784.97, 6298307.03, 9552585.0, 1521137.42);
insert into coutServeur (idTechnicien, idJeux, idDate, idTemps, idUtilisateur, idMaintenance, idServeur, chargeTotalServeur, prixTotalServeur, prixMaintenance, prixMemoire) values (19, 28, 50, 8, 42, 11, 25.31, 1692851.19, 5111543.62, 5180262.97, 4204244.0);
insert into coutServeur (idTechnicien, idJeux, idDate, idTemps, idUtilisateur, idMaintenance, idServeur, chargeTotalServeur, prixTotalServeur, prixMaintenance, prixMemoire) values (34, 13, 49, 31, 37, 12, 3.2, 4715447.0, 4061756.5, 2610933.27, 7808624.49);
insert into coutServeur (idTechnicien, idJeux, idDate, idTemps, idUtilisateur, idMaintenance, idServeur, chargeTotalServeur, prixTotalServeur, prixMaintenance, prixMemoire) values (38, 24, 20, 1, 21, 24, 9.57, 6980663.0, 3268411.86, 1614483.94, 3598625.91);
insert into coutServeur (idTechnicien, idJeux, idDate, idTemps, idUtilisateur, idMaintenance, idServeur, chargeTotalServeur, prixTotalServeur, prixMaintenance, prixMemoire) values (35, 45, 1, 49, 16, 39, 10.78, 7043499.0, 8619587.0, 741930.09, 62037.76);
insert into coutServeur (idTechnicien, idJeux, idDate, idTemps, idUtilisateur, idMaintenance, idServeur, chargeTotalServeur, prixTotalServeur, prixMaintenance, prixMemoire) values (48, 5, 45, 13, 45, 50, 23.19, 8648790.0, 1650291.0, 7097488.0, 4810202.23);
insert into coutServeur (idTechnicien, idJeux, idDate, idTemps, idUtilisateur, idMaintenance, idServeur, chargeTotalServeur, prixTotalServeur, prixMaintenance, prixMemoire) values (49, 43, 43, 18, 36, 22, 4.25, 9666921.0, 9205721.0, 1630174.33, 6071184.42);
insert into coutServeur (idTechnicien, idJeux, idDate, idTemps, idUtilisateur, idMaintenance, idServeur, chargeTotalServeur, prixTotalServeur, prixMaintenance, prixMemoire) values (10, 24, 17, 21, 13, 7, 38.42, 5594883.1, 6649659.66, 5932262.2, 3649135.0);
insert into coutServeur (idTechnicien, idJeux, idDate, idTemps, idUtilisateur, idMaintenance, idServeur, chargeTotalServeur, prixTotalServeur, prixMaintenance, prixMemoire) values (50, 35, 12, 49, 42, 20, 21.31, 9795687.0, 8617091.0, 5237479.3, 7333079.0);
insert into coutServeur (idTechnicien, idJeux, idDate, idTemps, idUtilisateur, idMaintenance, idServeur, chargeTotalServeur, prixTotalServeur, prixMaintenance, prixMemoire) values (35, 12, 16, 14, 34, 15, 37.93, 2908337.36, 5176964.66, 7075229.96, 5434208.82);
insert into coutServeur (idTechnicien, idJeux, idDate, idTemps, idUtilisateur, idMaintenance, idServeur, chargeTotalServeur, prixTotalServeur, prixMaintenance, prixMemoire) values (22, 8, 39, 25, 42, 26, 2.69, 7364557.0, 3027646.79, 712166.93, 1208616.09);
insert into coutServeur (idTechnicien, idJeux, idDate, idTemps, idUtilisateur, idMaintenance, idServeur, chargeTotalServeur, prixTotalServeur, prixMaintenance, prixMemoire) values (48, 28, 10, 10, 36, 1, 35.28, 3677075.53, 7897222.0, 7530705.0, 2771409.0);
insert into coutServeur (idTechnicien, idJeux, idDate, idTemps, idUtilisateur, idMaintenance, idServeur, chargeTotalServeur, prixTotalServeur, prixMaintenance, prixMemoire) values (8, 3, 38, 24, 10, 40, 47.93, 8158965.0, 4483703.0, 946194.65, 8936872.0);
insert into coutServeur (idTechnicien, idJeux, idDate, idTemps, idUtilisateur, idMaintenance, idServeur, chargeTotalServeur, prixTotalServeur, prixMaintenance, prixMemoire) values (25, 50, 10, 47, 16, 31, 2.99, 4870724.06, 9853442.0, 5355787.0, 3832584.94);
insert into coutServeur (idTechnicien, idJeux, idDate, idTemps, idUtilisateur, idMaintenance, idServeur, chargeTotalServeur, prixTotalServeur, prixMaintenance, prixMemoire) values (15, 3, 3, 31, 13, 39, 40.01, 742406.58, 4847334.0, 8816872.0, 7367947.46);
insert into coutServeur (idTechnicien, idJeux, idDate, idTemps, idUtilisateur, idMaintenance, idServeur, chargeTotalServeur, prixTotalServeur, prixMaintenance, prixMemoire) values (25, 42, 8, 5, 46, 11, 35.32, 1417147.32, 8171298.02, 8908342.0, 89914.7);
insert into coutServeur (idTechnicien, idJeux, idDate, idTemps, idUtilisateur, idMaintenance, idServeur, chargeTotalServeur, prixTotalServeur, prixMaintenance, prixMemoire) values (37, 4, 8, 44, 45, 40, 21.03, 9017825.0, 1556244.38, 6286954.68, 2760254.0);
insert into coutServeur (idTechnicien, idJeux, idDate, idTemps, idUtilisateur, idMaintenance, idServeur, chargeTotalServeur, prixTotalServeur, prixMaintenance, prixMemoire) values (46, 20, 48, 12, 14, 48, 17.74, 2317671.02, 1976941.34, 8243176.71, 7110910.96);
insert into coutServeur (idTechnicien, idJeux, idDate, idTemps, idUtilisateur, idMaintenance, idServeur, chargeTotalServeur, prixTotalServeur, prixMaintenance, prixMemoire) values (29, 32, 33, 42, 21, 41, 6.33, 5994757.0, 57410.51, 2432351.0, 7627643.0);
insert into coutServeur (idTechnicien, idJeux, idDate, idTemps, idUtilisateur, idMaintenance, idServeur, chargeTotalServeur, prixTotalServeur, prixMaintenance, prixMemoire) values (21, 39, 24, 1, 29, 6, 5.64, 313936.45, 7425441.89, 2780843.89, 2118567.0);
insert into coutServeur (idTechnicien, idJeux, idDate, idTemps, idUtilisateur, idMaintenance, idServeur, chargeTotalServeur, prixTotalServeur, prixMaintenance, prixMemoire) values (50, 35, 20, 46, 16, 34, 26.65, 8052560.0, 8882974.0, 552135.76, 1324904.25);
insert into coutServeur (idTechnicien, idJeux, idDate, idTemps, idUtilisateur, idMaintenance, idServeur, chargeTotalServeur, prixTotalServeur, prixMaintenance, prixMemoire) values (3, 4, 19, 18, 14, 46, 25.56, 3481997.52, 5947480.6, 6802493.0, 6674587.06);
insert into coutServeur (idTechnicien, idJeux, idDate, idTemps, idUtilisateur, idMaintenance, idServeur, chargeTotalServeur, prixTotalServeur, prixMaintenance, prixMemoire) values (16, 36, 13, 32, 24, 34, 48.42, 5490156.0, 9486743.0, 5051496.49, 4139246.39);
insert into coutServeur (idTechnicien, idJeux, idDate, idTemps, idUtilisateur, idMaintenance, idServeur, chargeTotalServeur, prixTotalServeur, prixMaintenance, prixMemoire) values (37, 31, 26, 48, 50, 42, 30.9, 4287617.0, 5923312.11, 3464233.93, 5507535.0);
insert into coutServeur (idTechnicien, idJeux, idDate, idTemps, idUtilisateur, idMaintenance, idServeur, chargeTotalServeur, prixTotalServeur, prixMaintenance, prixMemoire) values (49, 50, 37, 42, 31, 48, 18.68, 5874560.0, 6185760.83, 9327501.0, 9895783.0);
insert into coutServeur (idTechnicien, idJeux, idDate, idTemps, idUtilisateur, idMaintenance, idServeur, chargeTotalServeur, prixTotalServeur, prixMaintenance, prixMemoire) values (40, 21, 15, 41, 11, 6, 2.33, 8116840.0, 9799060.0, 3134619.0, 4391912.01);
insert into coutServeur (idTechnicien, idJeux, idDate, idTemps, idUtilisateur, idMaintenance, idServeur, chargeTotalServeur, prixTotalServeur, prixMaintenance, prixMemoire) values (20, 15, 46, 11, 14, 43, 16.52, 613796.26, 7277772.0, 6988413.0, 6534773.99);
insert into coutServeur (idTechnicien, idJeux, idDate, idTemps, idUtilisateur, idMaintenance, idServeur, chargeTotalServeur, prixTotalServeur, prixMaintenance, prixMemoire) values (47, 32, 19, 8, 43, 32, 2.01, 1211551.72, 1182135.99, 6842445.0, 2491769.54);
insert into coutServeur (idTechnicien, idJeux, idDate, idTemps, idUtilisateur, idMaintenance, idServeur, chargeTotalServeur, prixTotalServeur, prixMaintenance, prixMemoire) values (27, 16, 33, 12, 31, 19, 39.95, 7406818.88, 8838901.0, 5942712.0, 7611455.67);
insert into coutServeur (idTechnicien, idJeux, idDate, idTemps, idUtilisateur, idMaintenance, idServeur, chargeTotalServeur, prixTotalServeur, prixMaintenance, prixMemoire) values (5, 40, 13, 4, 13, 42, 3.28, 7504395.0, 9044220.0, 4805758.0, 1152816.68);
insert into coutServeur (idTechnicien, idJeux, idDate, idTemps, idUtilisateur, idMaintenance, idServeur, chargeTotalServeur, prixTotalServeur, prixMaintenance, prixMemoire) values (29, 34, 32, 21, 49, 20, 3.49, 915424.39, 9117367.0, 9118113.0, 7831139.48);
insert into coutServeur (idTechnicien, idJeux, idDate, idTemps, idUtilisateur, idMaintenance, idServeur, chargeTotalServeur, prixTotalServeur, prixMaintenance, prixMemoire) values (9, 4, 37, 39, 25, 26, 43.47, 3962264.0, 3127835.0, 454205.78, 549210.72);
insert into coutServeur (idTechnicien, idJeux, idDate, idTemps, idUtilisateur, idMaintenance, idServeur, chargeTotalServeur, prixTotalServeur, prixMaintenance, prixMemoire) values (12, 41, 44, 19, 32, 44, 23.32, 290099.45, 776648.18, 9634464.0, 9303864.0);
insert into coutServeur (idTechnicien, idJeux, idDate, idTemps, idUtilisateur, idMaintenance, idServeur, chargeTotalServeur, prixTotalServeur, prixMaintenance, prixMemoire) values (46, 20, 46, 18, 25, 42, 29.05, 3112099.02, 9273371.0, 5256765.0, 6044067.0);
insert into coutServeur (idTechnicien, idJeux, idDate, idTemps, idUtilisateur, idMaintenance, idServeur, chargeTotalServeur, prixTotalServeur, prixMaintenance, prixMemoire) values (8, 31, 30, 24, 40, 20, 7.27, 8082995.2, 2378865.19, 2392044.44, 1342663.34);
insert into coutServeur (idTechnicien, idJeux, idDate, idTemps, idUtilisateur, idMaintenance, idServeur, chargeTotalServeur, prixTotalServeur, prixMaintenance, prixMemoire) values (28, 28, 41, 18, 27, 35, 16.4, 6514103.0, 4771937.0, 1746840.73, 9405928.0);
insert into coutServeur (idTechnicien, idJeux, idDate, idTemps, idUtilisateur, idMaintenance, idServeur, chargeTotalServeur, prixTotalServeur, prixMaintenance, prixMemoire) values (11, 41, 24, 17, 22, 45, 20.22, 1965735.64, 8127061.76, 1084579.0, 9769104.0);
insert into coutServeur (idTechnicien, idJeux, idDate, idTemps, idUtilisateur, idMaintenance, idServeur, chargeTotalServeur, prixTotalServeur, prixMaintenance, prixMemoire) values (39, 15, 22, 41, 3, 16, 33.9, 1032202.6, 8271151.0, 497465.99, 693086.95);
insert into coutServeur (idTechnicien, idJeux, idDate, idTemps, idUtilisateur, idMaintenance, idServeur, chargeTotalServeur, prixTotalServeur, prixMaintenance, prixMemoire) values (4, 9, 1, 20, 17, 11, 21.23, 6229983.09, 2065568.76, 1877759.31, 9771387.0);
insert into coutServeur (idTechnicien, idJeux, idDate, idTemps, idUtilisateur, idMaintenance, idServeur, chargeTotalServeur, prixTotalServeur, prixMaintenance, prixMemoire) values (14, 15, 4, 26, 47, 20, 31.68, 8361096.0, 2071836.01, 4980311.0, 5585347.63);
insert into coutServeur (idTechnicien, idJeux, idDate, idTemps, idUtilisateur, idMaintenance, idServeur, chargeTotalServeur, prixTotalServeur, prixMaintenance, prixMemoire) values (19, 9, 38, 25, 23, 42, 40.0, 7694418.0, 7911539.64, 5609703.0, 6915194.93);
insert into coutServeur (idTechnicien, idJeux, idDate, idTemps, idUtilisateur, idMaintenance, idServeur, chargeTotalServeur, prixTotalServeur, prixMaintenance, prixMemoire) values (37, 16, 14, 31, 50, 3, 4.38, 486329.31, 2319458.21, 8654214.0, 8126978.0);
insert into coutServeur (idTechnicien, idJeux, idDate, idTemps, idUtilisateur, idMaintenance, idServeur, chargeTotalServeur, prixTotalServeur, prixMaintenance, prixMemoire) values (7, 22, 47, 14, 44, 43, 9.17, 9126592.0, 9461444.0, 5743835.13, 2009767.0);
insert into coutServeur (idTechnicien, idJeux, idDate, idTemps, idUtilisateur, idMaintenance, idServeur, chargeTotalServeur, prixTotalServeur, prixMaintenance, prixMemoire) values (22, 19, 21, 32, 49, 9, 18.98, 8720695.0, 4266743.06, 1305182.66, 3331929.78);
insert into coutServeur (idTechnicien, idJeux, idDate, idTemps, idUtilisateur, idMaintenance, idServeur, chargeTotalServeur, prixTotalServeur, prixMaintenance, prixMemoire) values (29, 45, 40, 39, 15, 44, 39.34, 3558905.29, 2719457.37, 6943734.21, 9229317.0);
insert into coutServeur (idTechnicien, idJeux, idDate, idTemps, idUtilisateur, idMaintenance, idServeur, chargeTotalServeur, prixTotalServeur, prixMaintenance, prixMemoire) values (12, 33, 20, 18, 48, 2, 20.41, 2243638.48, 2051371.64, 8275315.0, 298094.11);
insert into coutServeur (idTechnicien, idJeux, idDate, idTemps, idUtilisateur, idMaintenance, idServeur, chargeTotalServeur, prixTotalServeur, prixMaintenance, prixMemoire) values (27, 38, 17, 1, 11, 40, 26.47, 3956240.52, 339820.0, 5585718.0, 3229006.0);
insert into coutServeur (idTechnicien, idJeux, idDate, idTemps, idUtilisateur, idMaintenance, idServeur, chargeTotalServeur, prixTotalServeur, prixMaintenance, prixMemoire) values (46, 11, 10, 23, 12, 10, 11.8, 6527520.0, 3479895.0, 5879078.27, 2815568.47);
insert into coutServeur (idTechnicien, idJeux, idDate, idTemps, idUtilisateur, idMaintenance, idServeur, chargeTotalServeur, prixTotalServeur, prixMaintenance, prixMemoire) values (26, 1, 17, 29, 20, 21, 47.16, 138562.43, 8405089.0, 7958407.0, 9379473.0);
insert into coutServeur (idTechnicien, idJeux, idDate, idTemps, idUtilisateur, idMaintenance, idServeur, chargeTotalServeur, prixTotalServeur, prixMaintenance, prixMemoire) values (8, 47, 41, 33, 19, 2, 44.86, 247316.39, 1008388.43, 7657732.0, 126258.63);
insert into coutServeur (idTechnicien, idJeux, idDate, idTemps, idUtilisateur, idMaintenance, idServeur, chargeTotalServeur, prixTotalServeur, prixMaintenance, prixMemoire) values (37, 18, 7, 6, 10, 26, 6.97, 7197806.63, 9636337.0, 9446060.0, 4052994.17);
insert into coutServeur (idTechnicien, idJeux, idDate, idTemps, idUtilisateur, idMaintenance, idServeur, chargeTotalServeur, prixTotalServeur, prixMaintenance, prixMemoire) values (28, 17, 3, 40, 19, 43, 26.82, 1626832.28, 1105598.1, 2975483.85, 3376436.0);
insert into coutServeur (idTechnicien, idJeux, idDate, idTemps, idUtilisateur, idMaintenance, idServeur, chargeTotalServeur, prixTotalServeur, prixMaintenance, prixMemoire) values (39, 4, 42, 30, 6, 34, 13.33, 2598194.0, 3954382.26, 1455066.88, 7150704.0);
insert into coutServeur (idTechnicien, idJeux, idDate, idTemps, idUtilisateur, idMaintenance, idServeur, chargeTotalServeur, prixTotalServeur, prixMaintenance, prixMemoire) values (49, 1, 12, 20, 45, 38, 3.25, 739451.34, 567727.98, 630150.44, 8862713.0);
insert into coutServeur (idTechnicien, idJeux, idDate, idTemps, idUtilisateur, idMaintenance, idServeur, chargeTotalServeur, prixTotalServeur, prixMaintenance, prixMemoire) values (49, 17, 13, 10, 11, 26, 2.4, 5438301.34, 305856.51, 2818402.67, 1907773.85);
insert into coutServeur (idTechnicien, idJeux, idDate, idTemps, idUtilisateur, idMaintenance, idServeur, chargeTotalServeur, prixTotalServeur, prixMaintenance, prixMemoire) values (15, 45, 27, 44, 34, 35, 38.53, 3470898.23, 8390533.0, 4837638.0, 4616886.0);
insert into coutServeur (idTechnicien, idJeux, idDate, idTemps, idUtilisateur, idMaintenance, idServeur, chargeTotalServeur, prixTotalServeur, prixMaintenance, prixMemoire) values (15, 44, 49, 41, 36, 10, 37.23, 3527326.52, 1463642.4, 6179168.0, 7737713.0);
insert into coutServeur (idTechnicien, idJeux, idDate, idTemps, idUtilisateur, idMaintenance, idServeur, chargeTotalServeur, prixTotalServeur, prixMaintenance, prixMemoire) values (11, 47, 36, 44, 50, 33, 45.56, 3837956.74, 2687773.0, 7411370.0, 6540048.0);
insert into coutServeur (idTechnicien, idJeux, idDate, idTemps, idUtilisateur, idMaintenance, idServeur, chargeTotalServeur, prixTotalServeur, prixMaintenance, prixMemoire) values (5, 45, 22, 4, 47, 38, 18.99, 5429701.0, 9874329.0, 3656304.54, 6061393.46);
insert into coutServeur (idTechnicien, idJeux, idDate, idTemps, idUtilisateur, idMaintenance, idServeur, chargeTotalServeur, prixTotalServeur, prixMaintenance, prixMemoire) values (38, 26, 48, 42, 46, 12, 35.68, 9783003.0, 6771120.0, 3181599.35, 1444115.9);
insert into coutServeur (idTechnicien, idJeux, idDate, idTemps, idUtilisateur, idMaintenance, idServeur, chargeTotalServeur, prixTotalServeur, prixMaintenance, prixMemoire) values (14, 21, 14, 36, 44, 6, 20.64, 3828094.82, 1981083.01, 5886784.67, 1174329.83);
insert into coutServeur (idTechnicien, idJeux, idDate, idTemps, idUtilisateur, idMaintenance, idServeur, chargeTotalServeur, prixTotalServeur, prixMaintenance, prixMemoire) values (49, 50, 13, 3, 32, 5, 30.26, 8672040.0, 4494827.54, 9743144.0, 2517004.37);
insert into coutServeur (idTechnicien, idJeux, idDate, idTemps, idUtilisateur, idMaintenance, idServeur, chargeTotalServeur, prixTotalServeur, prixMaintenance, prixMemoire) values (35, 5, 17, 12, 23, 48, 38.27, 5479928.53, 4645511.68, 1564975.85, 3745100.84);
insert into coutServeur (idTechnicien, idJeux, idDate, idTemps, idUtilisateur, idMaintenance, idServeur, chargeTotalServeur, prixTotalServeur, prixMaintenance, prixMemoire) values (16, 28, 41, 38, 28, 14, 21.48, 8682600.0, 7557089.04, 936434.34, 6281955.41);
insert into coutServeur (idTechnicien, idJeux, idDate, idTemps, idUtilisateur, idMaintenance, idServeur, chargeTotalServeur, prixTotalServeur, prixMaintenance, prixMemoire) values (15, 26, 22, 33, 23, 41, 36.67, 1831083.72, 1437640.15, 7412350.02, 2603089.0);
insert into coutServeur (idTechnicien, idJeux, idDate, idTemps, idUtilisateur, idMaintenance, idServeur, chargeTotalServeur, prixTotalServeur, prixMaintenance, prixMemoire) values (32, 12, 46, 18, 35, 38, 39.47, 3951829.0, 5013548.07, 1283360.0, 6222330.5);
insert into coutServeur (idTechnicien, idJeux, idDate, idTemps, idUtilisateur, idMaintenance, idServeur, chargeTotalServeur, prixTotalServeur, prixMaintenance, prixMemoire) values (14, 31, 5, 17, 46, 20, 9.89, 5765156.3, 1593841.05, 4164961.85, 7796442.24);
insert into coutServeur (idTechnicien, idJeux, idDate, idTemps, idUtilisateur, idMaintenance, idServeur, chargeTotalServeur, prixTotalServeur, prixMaintenance, prixMemoire) values (22, 14, 40, 11, 17, 41, 32.18, 9717367.0, 3121653.0, 1393683.43, 2670917.43);
insert into coutServeur (idTechnicien, idJeux, idDate, idTemps, idUtilisateur, idMaintenance, idServeur, chargeTotalServeur, prixTotalServeur, prixMaintenance, prixMemoire) values (40, 42, 45, 39, 20, 15, 32.37, 6036642.0, 7227551.72, 7792068.49, 9703383.0);
insert into coutServeur (idTechnicien, idJeux, idDate, idTemps, idUtilisateur, idMaintenance, idServeur, chargeTotalServeur, prixTotalServeur, prixMaintenance, prixMemoire) values (44, 48, 32, 17, 40, 47, 15.47, 6397119.0, 2494488.84, 6538428.0, 8697129.0);
insert into coutServeur (idTechnicien, idJeux, idDate, idTemps, idUtilisateur, idMaintenance, idServeur, chargeTotalServeur, prixTotalServeur, prixMaintenance, prixMemoire) values (28, 38, 15, 1, 29, 13, 16.22, 6733466.0, 8993131.0, 6734821.81, 8762864.0);
insert into coutServeur (idTechnicien, idJeux, idDate, idTemps, idUtilisateur, idMaintenance, idServeur, chargeTotalServeur, prixTotalServeur, prixMaintenance, prixMemoire) values (10, 24, 49, 27, 44, 5, 35.53, 923288.79, 688950.51, 3074092.0, 9800046.0);
insert into coutServeur (idTechnicien, idJeux, idDate, idTemps, idUtilisateur, idMaintenance, idServeur, chargeTotalServeur, prixTotalServeur, prixMaintenance, prixMemoire) values (38, 22, 41, 9, 46, 17, 43.41, 7969457.21, 4240541.0, 2583046.5, 5764509.0);
insert into coutServeur (idTechnicien, idJeux, idDate, idTemps, idUtilisateur, idMaintenance, idServeur, chargeTotalServeur, prixTotalServeur, prixMaintenance, prixMemoire) values (16, 6, 43, 7, 13, 27, 24.2, 2155965.8, 7622907.41, 7347418.0, 3240680.0);
insert into coutServeur (idTechnicien, idJeux, idDate, idTemps, idUtilisateur, idMaintenance, idServeur, chargeTotalServeur, prixTotalServeur, prixMaintenance, prixMemoire) values (31, 15, 29, 28, 27, 30, 38.73, 3062944.04, 9320386.0, 879175.0, 1426215.52);
insert into coutServeur (idTechnicien, idJeux, idDate, idTemps, idUtilisateur, idMaintenance, idServeur, chargeTotalServeur, prixTotalServeur, prixMaintenance, prixMemoire) values (19, 30, 16, 13, 31, 9, 37.42, 6878287.14, 6781688.73, 8419219.0, 8359945.0);
insert into coutServeur (idTechnicien, idJeux, idDate, idTemps, idUtilisateur, idMaintenance, idServeur, chargeTotalServeur, prixTotalServeur, prixMaintenance, prixMemoire) values (47, 34, 30, 10, 17, 32, 36.46, 8088565.15, 514459.66, 2742726.08, 828973.09);
insert into coutServeur (idTechnicien, idJeux, idDate, idTemps, idUtilisateur, idMaintenance, idServeur, chargeTotalServeur, prixTotalServeur, prixMaintenance, prixMemoire) values (34, 39, 1, 8, 47, 18, 18.12, 2305006.34, 7255120.24, 5542785.0, 389124.19);
insert into coutServeur (idTechnicien, idJeux, idDate, idTemps, idUtilisateur, idMaintenance, idServeur, chargeTotalServeur, prixTotalServeur, prixMaintenance, prixMemoire) values (40, 26, 18, 29, 20, 48, 23.85, 7517932.83, 8395992.0, 9886099.0, 2357621.03);
insert into coutServeur (idTechnicien, idJeux, idDate, idTemps, idUtilisateur, idMaintenance, idServeur, chargeTotalServeur, prixTotalServeur, prixMaintenance, prixMemoire) values (26, 8, 46, 23, 12, 30, 39.07, 9652488.0, 3063815.0, 9240449.0, 4911469.0);
insert into coutServeur (idTechnicien, idJeux, idDate, idTemps, idUtilisateur, idMaintenance, idServeur, chargeTotalServeur, prixTotalServeur, prixMaintenance, prixMemoire) values (21, 11, 18, 44, 10, 32, 45.05, 5724697.0, 2921372.09, 9968486.0, 4357218.0);
insert into coutServeur (idTechnicien, idJeux, idDate, idTemps, idUtilisateur, idMaintenance, idServeur, chargeTotalServeur, prixTotalServeur, prixMaintenance, prixMemoire) values (16, 34, 34, 15, 49, 27, 39.5, 6165147.0, 2898473.27, 3680617.0, 4342384.0);
insert into coutServeur (idTechnicien, idJeux, idDate, idTemps, idUtilisateur, idMaintenance, idServeur, chargeTotalServeur, prixTotalServeur, prixMaintenance, prixMemoire) values (4, 32, 11, 6, 40, 14, 29.09, 9303321.0, 4557295.35, 5899138.0, 3590134.69);
insert into coutServeur (idTechnicien, idJeux, idDate, idTemps, idUtilisateur, idMaintenance, idServeur, chargeTotalServeur, prixTotalServeur, prixMaintenance, prixMemoire) values (43, 20, 13, 32, 47, 7, 36.88, 6251384.0, 1080232.25, 450370.92, 2008285.76);
insert into coutServeur (idTechnicien, idJeux, idDate, idTemps, idUtilisateur, idMaintenance, idServeur, chargeTotalServeur, prixTotalServeur, prixMaintenance, prixMemoire) values (47, 25, 17, 2, 50, 34, 2.9, 3167995.9, 9269753.0, 3838432.0, 1205384.51);
insert into coutServeur (idTechnicien, idJeux, idDate, idTemps, idUtilisateur, idMaintenance, idServeur, chargeTotalServeur, prixTotalServeur, prixMaintenance, prixMemoire) values (32, 24, 29, 29, 10, 4, 48.69, 7855582.72, 7593099.0, 2463630.38, 8783740.0);
insert into coutServeur (idTechnicien, idJeux, idDate, idTemps, idUtilisateur, idMaintenance, idServeur, chargeTotalServeur, prixTotalServeur, prixMaintenance, prixMemoire) values (16, 43, 26, 41, 42, 37, 9.1, 507203.46, 8267446.88, 320587.19, 5432627.0);
insert into coutServeur (idTechnicien, idJeux, idDate, idTemps, idUtilisateur, idMaintenance, idServeur, chargeTotalServeur, prixTotalServeur, prixMaintenance, prixMemoire) values (39, 45, 12, 46, 28, 34, 47.72, 4936785.0, 1680719.34, 9511378.0, 2906133.58);
insert into coutServeur (idTechnicien, idJeux, idDate, idTemps, idUtilisateur, idMaintenance, idServeur, chargeTotalServeur, prixTotalServeur, prixMaintenance, prixMemoire) values (44, 25, 9, 32, 48, 4, 9.35, 9503182.0, 2076201.29, 3779998.16, 7791597.0);
insert into coutServeur (idTechnicien, idJeux, idDate, idTemps, idUtilisateur, idMaintenance, idServeur, chargeTotalServeur, prixTotalServeur, prixMaintenance, prixMemoire) values (23, 5, 38, 24, 16, 45, 5.71, 7701982.97, 4933003.0, 1166558.0, 6412376.76);
insert into coutServeur (idTechnicien, idJeux, idDate, idTemps, idUtilisateur, idMaintenance, idServeur, chargeTotalServeur, prixTotalServeur, prixMaintenance, prixMemoire) values (14, 11, 22, 33, 35, 9, 34.43, 2218137.0, 4343262.0, 1837954.0, 9225086.0);
insert into coutServeur (idTechnicien, idJeux, idDate, idTemps, idUtilisateur, idMaintenance, idServeur, chargeTotalServeur, prixTotalServeur, prixMaintenance, prixMemoire) values (41, 10, 28, 13, 40, 16, 13.78, 6587932.46, 9451403.0, 734768.92, 8290825.0);
insert into coutServeur (idTechnicien, idJeux, idDate, idTemps, idUtilisateur, idMaintenance, idServeur, chargeTotalServeur, prixTotalServeur, prixMaintenance, prixMemoire) values (40, 11, 20, 49, 34, 36, 36.47, 4269553.36, 5479346.78, 5165383.0, 35756.85);
insert into coutServeur (idTechnicien, idJeux, idDate, idTemps, idUtilisateur, idMaintenance, idServeur, chargeTotalServeur, prixTotalServeur, prixMaintenance, prixMemoire) values (35, 9, 27, 9, 43, 28, 6.85, 4677548.0, 6360039.93, 4352120.0, 1962316.78);
insert into coutServeur (idTechnicien, idJeux, idDate, idTemps, idUtilisateur, idMaintenance, idServeur, chargeTotalServeur, prixTotalServeur, prixMaintenance, prixMemoire) values (46, 23, 26, 12, 27, 34, 8.2, 5210326.14, 9725402.0, 7301523.71, 3537672.39);
insert into coutServeur (idTechnicien, idJeux, idDate, idTemps, idUtilisateur, idMaintenance, idServeur, chargeTotalServeur, prixTotalServeur, prixMaintenance, prixMemoire) values (40, 43, 30, 36, 42, 44, 3.31, 2780809.0, 6766617.0, 2513003.14, 2861775.74);
insert into coutServeur (idTechnicien, idJeux, idDate, idTemps, idUtilisateur, idMaintenance, idServeur, chargeTotalServeur, prixTotalServeur, prixMaintenance, prixMemoire) values (37, 7, 46, 6, 8, 1, 48.93, 4260675.55, 5041807.8, 1348112.77, 5758626.3);
insert into coutServeur (idTechnicien, idJeux, idDate, idTemps, idUtilisateur, idMaintenance, idServeur, chargeTotalServeur, prixTotalServeur, prixMaintenance, prixMemoire) values (21, 44, 13, 14, 8, 23, 25.44, 1416361.43, 8014442.0, 2776335.21, 3344802.56);
insert into coutServeur (idTechnicien, idJeux, idDate, idTemps, idUtilisateur, idMaintenance, idServeur, chargeTotalServeur, prixTotalServeur, prixMaintenance, prixMemoire) values (17, 31, 18, 3, 21, 17, 15.08, 3558842.88, 4528625.0, 2076429.03, 3107268.0);
insert into coutServeur (idTechnicien, idJeux, idDate, idTemps, idUtilisateur, idMaintenance, idServeur, chargeTotalServeur, prixTotalServeur, prixMaintenance, prixMemoire) values (17, 30, 10, 4, 24, 9, 39.46, 5424086.88, 3943896.73, 769788.83, 6116198.0);
insert into coutServeur (idTechnicien, idJeux, idDate, idTemps, idUtilisateur, idMaintenance, idServeur, chargeTotalServeur, prixTotalServeur, prixMaintenance, prixMemoire) values (3, 13, 9, 42, 9, 39, 27.8, 3666338.55, 6686738.0, 9832694.0, 8177508.0);
insert into coutServeur (idTechnicien, idJeux, idDate, idTemps, idUtilisateur, idMaintenance, idServeur, chargeTotalServeur, prixTotalServeur, prixMaintenance, prixMemoire) values (45, 5, 32, 32, 6, 48, 46.26, 9791960.0, 2598638.38, 5438947.49, 7714554.66);
insert into coutServeur (idTechnicien, idJeux, idDate, idTemps, idUtilisateur, idMaintenance, idServeur, chargeTotalServeur, prixTotalServeur, prixMaintenance, prixMemoire) values (35, 30, 20, 18, 34, 11, 44.69, 6067846.35, 8491749.0, 7359519.0, 6500944.08);
insert into coutServeur (idTechnicien, idJeux, idDate, idTemps, idUtilisateur, idMaintenance, idServeur, chargeTotalServeur, prixTotalServeur, prixMaintenance, prixMemoire) values (39, 26, 46, 43, 47, 10, 7.34, 7438669.0, 4639832.31, 7933709.77, 9863678.0);
insert into coutServeur (idTechnicien, idJeux, idDate, idTemps, idUtilisateur, idMaintenance, idServeur, chargeTotalServeur, prixTotalServeur, prixMaintenance, prixMemoire) values (20, 39, 34, 43, 31, 31, 37.5, 2588745.43, 421521.0, 4379343.0, 3913543.32);
insert into coutServeur (idTechnicien, idJeux, idDate, idTemps, idUtilisateur, idMaintenance, idServeur, chargeTotalServeur, prixTotalServeur, prixMaintenance, prixMemoire) values (41, 35, 19, 17, 25, 5, 11.37, 4722467.0, 8816350.0, 9223862.0, 8038743.77);
insert into coutServeur (idTechnicien, idJeux, idDate, idTemps, idUtilisateur, idMaintenance, idServeur, chargeTotalServeur, prixTotalServeur, prixMaintenance, prixMemoire) values (20, 11, 43, 47, 41, 28, 20.78, 3933574.0, 2695179.74, 988805.6, 5446341.0);
insert into coutServeur (idTechnicien, idJeux, idDate, idTemps, idUtilisateur, idMaintenance, idServeur, chargeTotalServeur, prixTotalServeur, prixMaintenance, prixMemoire) values (6, 8, 15, 19, 47, 3, 31.59, 4797824.93, 2431368.86, 3179576.7, 2158636.0);
insert into coutServeur (idTechnicien, idJeux, idDate, idTemps, idUtilisateur, idMaintenance, idServeur, chargeTotalServeur, prixTotalServeur, prixMaintenance, prixMemoire) values (32, 4, 48, 11, 13, 10, 32.43, 1778741.55, 4029101.66, 6644439.18, 7944320.0);
insert into coutServeur (idTechnicien, idJeux, idDate, idTemps, idUtilisateur, idMaintenance, idServeur, chargeTotalServeur, prixTotalServeur, prixMaintenance, prixMemoire) values (24, 6, 49, 28, 22, 9, 18.94, 6874766.01, 4302657.0, 326719.92, 2237119.76);
insert into coutServeur (idTechnicien, idJeux, idDate, idTemps, idUtilisateur, idMaintenance, idServeur, chargeTotalServeur, prixTotalServeur, prixMaintenance, prixMemoire) values (9, 1, 2, 26, 20, 6, 37.83, 4982881.92, 3797188.78, 837777.7, 8369254.0);
insert into coutServeur (idTechnicien, idJeux, idDate, idTemps, idUtilisateur, idMaintenance, idServeur, chargeTotalServeur, prixTotalServeur, prixMaintenance, prixMemoire) values (2, 7, 19, 32, 49, 45, 42.81, 263880.51, 5747314.0, 1655665.51, 6371992.0);
insert into coutServeur (idTechnicien, idJeux, idDate, idTemps, idUtilisateur, idMaintenance, idServeur, chargeTotalServeur, prixTotalServeur, prixMaintenance, prixMemoire) values (2, 20, 47, 42, 33, 5, 22.23, 3508281.75, 5106584.94, 581369.0, 2082495.51);
insert into coutServeur (idTechnicien, idJeux, idDate, idTemps, idUtilisateur, idMaintenance, idServeur, chargeTotalServeur, prixTotalServeur, prixMaintenance, prixMemoire) values (46, 3, 34, 37, 8, 15, 34.45, 7575386.0, 4289062.0, 2169861.87, 9482182.0);
insert into coutServeur (idTechnicien, idJeux, idDate, idTemps, idUtilisateur, idMaintenance, idServeur, chargeTotalServeur, prixTotalServeur, prixMaintenance, prixMemoire) values (30, 49, 3, 20, 1, 34, 8.28, 8725407.0, 9494990.0, 6790240.0, 6520544.0);
insert into coutServeur (idTechnicien, idJeux, idDate, idTemps, idUtilisateur, idMaintenance, idServeur, chargeTotalServeur, prixTotalServeur, prixMaintenance, prixMemoire) values (39, 37, 11, 8, 12, 25, 47.39, 684094.95, 5172071.1, 6747772.0, 3012118.62);
insert into coutServeur (idTechnicien, idJeux, idDate, idTemps, idUtilisateur, idMaintenance, idServeur, chargeTotalServeur, prixTotalServeur, prixMaintenance, prixMemoire) values (20, 7, 27, 33, 36, 8, 14.8, 7670707.0, 5962344.17, 3637631.37, 9879415.0);
insert into coutServeur (idTechnicien, idJeux, idDate, idTemps, idUtilisateur, idMaintenance, idServeur, chargeTotalServeur, prixTotalServeur, prixMaintenance, prixMemoire) values (44, 14, 49, 14, 6, 5, 19.38, 317655.1, 6279432.0, 3105447.27, 3301156.0);
insert into coutServeur (idTechnicien, idJeux, idDate, idTemps, idUtilisateur, idMaintenance, idServeur, chargeTotalServeur, prixTotalServeur, prixMaintenance, prixMemoire) values (16, 40, 26, 2, 37, 35, 28.63, 435678.91, 8836838.0, 8143435.0, 7311126.7);
insert into coutServeur (idTechnicien, idJeux, idDate, idTemps, idUtilisateur, idMaintenance, idServeur, chargeTotalServeur, prixTotalServeur, prixMaintenance, prixMemoire) values (44, 36, 18, 37, 2, 14, 47.33, 7067363.0, 3593756.0, 2054819.92, 4829259.14);
insert into coutServeur (idTechnicien, idJeux, idDate, idTemps, idUtilisateur, idMaintenance, idServeur, chargeTotalServeur, prixTotalServeur, prixMaintenance, prixMemoire) values (48, 46, 12, 46, 40, 40, 37.31, 5339650.0, 7938795.0, 2097058.82, 398145.43);
insert into coutServeur (idTechnicien, idJeux, idDate, idTemps, idUtilisateur, idMaintenance, idServeur, chargeTotalServeur, prixTotalServeur, prixMaintenance, prixMemoire) values (32, 33, 6, 17, 28, 24, 28.05, 607964.82, 6111773.36, 2908079.99, 9214050.0);
insert into coutServeur (idTechnicien, idJeux, idDate, idTemps, idUtilisateur, idMaintenance, idServeur, chargeTotalServeur, prixTotalServeur, prixMaintenance, prixMemoire) values (42, 28, 10, 36, 9, 45, 1.87, 7228309.0, 8347428.52, 3833616.45, 9741952.0);
insert into coutServeur (idTechnicien, idJeux, idDate, idTemps, idUtilisateur, idMaintenance, idServeur, chargeTotalServeur, prixTotalServeur, prixMaintenance, prixMemoire) values (44, 35, 36, 41, 2, 10, 15.24, 6044331.0, 4952241.31, 1701162.59, 9433533.0);
insert into coutServeur (idTechnicien, idJeux, idDate, idTemps, idUtilisateur, idMaintenance, idServeur, chargeTotalServeur, prixTotalServeur, prixMaintenance, prixMemoire) values (5, 4, 10, 43, 36, 33, 8.84, 8411713.0, 9732800.0, 5667097.35, 9071147.0);
insert into coutServeur (idTechnicien, idJeux, idDate, idTemps, idUtilisateur, idMaintenance, idServeur, chargeTotalServeur, prixTotalServeur, prixMaintenance, prixMemoire) values (39, 16, 8, 5, 3, 9, 14.13, 5254939.76, 7574348.34, 2717235.61, 9814740.0);
insert into coutServeur (idTechnicien, idJeux, idDate, idTemps, idUtilisateur, idMaintenance, idServeur, chargeTotalServeur, prixTotalServeur, prixMaintenance, prixMemoire) values (43, 18, 20, 12, 38, 50, 20.27, 6620986.73, 9236666.0, 4344704.43, 7435381.0);
insert into coutServeur (idTechnicien, idJeux, idDate, idTemps, idUtilisateur, idMaintenance, idServeur, chargeTotalServeur, prixTotalServeur, prixMaintenance, prixMemoire) values (45, 19, 43, 47, 18, 11, 4.77, 7217728.0, 4372621.72, 3833603.15, 1063217.0);
insert into coutServeur (idTechnicien, idJeux, idDate, idTemps, idUtilisateur, idMaintenance, idServeur, chargeTotalServeur, prixTotalServeur, prixMaintenance, prixMemoire) values (28, 48, 42, 34, 40, 4, 35.91, 9832815.0, 836964.89, 8297634.0, 7801444.42);
insert into coutServeur (idTechnicien, idJeux, idDate, idTemps, idUtilisateur, idMaintenance, idServeur, chargeTotalServeur, prixTotalServeur, prixMaintenance, prixMemoire) values (45, 26, 47, 49, 33, 17, 32.34, 5354494.0, 2722024.24, 223447.78, 4422674.96);
insert into coutServeur (idTechnicien, idJeux, idDate, idTemps, idUtilisateur, idMaintenance, idServeur, chargeTotalServeur, prixTotalServeur, prixMaintenance, prixMemoire) values (36, 19, 7, 10, 6, 29, 36.89, 4955242.0, 23518.62, 8454015.0, 5685828.0);
insert into coutServeur (idTechnicien, idJeux, idDate, idTemps, idUtilisateur, idMaintenance, idServeur, chargeTotalServeur, prixTotalServeur, prixMaintenance, prixMemoire) values (40, 12, 35, 16, 16, 23, 5.69, 2153826.71, 7133242.0, 5984503.0, 1201875.43);
insert into coutServeur (idTechnicien, idJeux, idDate, idTemps, idUtilisateur, idMaintenance, idServeur, chargeTotalServeur, prixTotalServeur, prixMaintenance, prixMemoire) values (9, 19, 11, 32, 16, 9, 46.44, 5957671.44, 9186172.0, 947651.85, 4536322.68);
insert into coutServeur (idTechnicien, idJeux, idDate, idTemps, idUtilisateur, idMaintenance, idServeur, chargeTotalServeur, prixTotalServeur, prixMaintenance, prixMemoire) values (20, 18, 1, 24, 11, 33, 12.67, 986.58, 9416066.0, 650295.84, 7143351.44);
insert into coutServeur (idTechnicien, idJeux, idDate, idTemps, idUtilisateur, idMaintenance, idServeur, chargeTotalServeur, prixTotalServeur, prixMaintenance, prixMemoire) values (24, 6, 21, 39, 8, 47, 3.26, 6060765.0, 4640905.0, 2931013.13, 9051275.0);
insert into coutServeur (idTechnicien, idJeux, idDate, idTemps, idUtilisateur, idMaintenance, idServeur, chargeTotalServeur, prixTotalServeur, prixMaintenance, prixMemoire) values (25, 23, 16, 33, 18, 21, 1.13, 7103134.1, 4705072.09, 9614523.0, 3920060.28);
insert into coutServeur (idTechnicien, idJeux, idDate, idTemps, idUtilisateur, idMaintenance, idServeur, chargeTotalServeur, prixTotalServeur, prixMaintenance, prixMemoire) values (29, 2, 34, 42, 10, 16, 22.19, 4712503.0, 5026699.29, 2267414.0, 3766385.35);
insert into coutServeur (idTechnicien, idJeux, idDate, idTemps, idUtilisateur, idMaintenance, idServeur, chargeTotalServeur, prixTotalServeur, prixMaintenance, prixMemoire) values (10, 32, 40, 5, 33, 49, 31.85, 8473249.0, 2607679.19, 3822282.1, 115515.2);
insert into coutServeur (idTechnicien, idJeux, idDate, idTemps, idUtilisateur, idMaintenance, idServeur, chargeTotalServeur, prixTotalServeur, prixMaintenance, prixMemoire) values (1, 39, 12, 19, 5, 47, 9.6, 2891405.86, 4131775.55, 3131672.0, 2131989.46);
insert into coutServeur (idTechnicien, idJeux, idDate, idTemps, idUtilisateur, idMaintenance, idServeur, chargeTotalServeur, prixTotalServeur, prixMaintenance, prixMemoire) values (40, 10, 41, 47, 20, 20, 19.61, 2092079.06, 1080102.77, 2476030.0, 4189079.89);
insert into coutServeur (idTechnicien, idJeux, idDate, idTemps, idUtilisateur, idMaintenance, idServeur, chargeTotalServeur, prixTotalServeur, prixMaintenance, prixMemoire) values (12, 30, 35, 39, 4, 6, 39.54, 4882386.0, 3183754.22, 6147542.53, 1571653.35);
insert into coutServeur (idTechnicien, idJeux, idDate, idTemps, idUtilisateur, idMaintenance, idServeur, chargeTotalServeur, prixTotalServeur, prixMaintenance, prixMemoire) values (41, 23, 2, 29, 45, 46, 1.69, 7802934.0, 2676670.58, 4675362.0, 5226840.0);
insert into coutServeur (idTechnicien, idJeux, idDate, idTemps, idUtilisateur, idMaintenance, idServeur, chargeTotalServeur, prixTotalServeur, prixMaintenance, prixMemoire) values (28, 41, 22, 40, 5, 43, 10.21, 8249655.18, 8341674.86, 7869849.25, 5031010.0);
insert into coutServeur (idTechnicien, idJeux, idDate, idTemps, idUtilisateur, idMaintenance, idServeur, chargeTotalServeur, prixTotalServeur, prixMaintenance, prixMemoire) values (8, 49, 36, 30, 20, 34, 41.95, 5888659.24, 4053195.31, 9586117.0, 7002221.0);
insert into coutServeur (idTechnicien, idJeux, idDate, idTemps, idUtilisateur, idMaintenance, idServeur, chargeTotalServeur, prixTotalServeur, prixMaintenance, prixMemoire) values (40, 11, 24, 9, 1, 16, 5.32, 8135102.0, 8839178.0, 9164294.0, 5668560.0);
insert into coutServeur (idTechnicien, idJeux, idDate, idTemps, idUtilisateur, idMaintenance, idServeur, chargeTotalServeur, prixTotalServeur, prixMaintenance, prixMemoire) values (43, 4, 3, 34, 39, 11, 49.76, 5150936.0, 6917409.0, 4760617.0, 7613947.27);
insert into coutServeur (idTechnicien, idJeux, idDate, idTemps, idUtilisateur, idMaintenance, idServeur, chargeTotalServeur, prixTotalServeur, prixMaintenance, prixMemoire) values (50, 41, 44, 9, 8, 4, 25.36, 9967921.0, 7398494.0, 4590475.0, 7713776.56);
insert into coutServeur (idTechnicien, idJeux, idDate, idTemps, idUtilisateur, idMaintenance, idServeur, chargeTotalServeur, prixTotalServeur, prixMaintenance, prixMemoire) values (35, 37, 6, 40, 13, 32, 29.95, 6825120.1, 762932.14, 6440048.45, 4476316.0);
insert into coutServeur (idTechnicien, idJeux, idDate, idTemps, idUtilisateur, idMaintenance, idServeur, chargeTotalServeur, prixTotalServeur, prixMaintenance, prixMemoire) values (49, 13, 14, 43, 9, 45, 27.06, 5005684.88, 8142000.02, 3955481.19, 2307894.2);
insert into coutServeur (idTechnicien, idJeux, idDate, idTemps, idUtilisateur, idMaintenance, idServeur, chargeTotalServeur, prixTotalServeur, prixMaintenance, prixMemoire) values (25, 47, 40, 44, 13, 33, 31.85, 7446479.86, 3960811.01, 7356293.0, 1948437.24);
insert into coutServeur (idTechnicien, idJeux, idDate, idTemps, idUtilisateur, idMaintenance, idServeur, chargeTotalServeur, prixTotalServeur, prixMaintenance, prixMemoire) values (50, 37, 32, 49, 20, 20, 6.96, 4299561.0, 4630276.0, 8778468.0, 6303714.0);
insert into coutServeur (idTechnicien, idJeux, idDate, idTemps, idUtilisateur, idMaintenance, idServeur, chargeTotalServeur, prixTotalServeur, prixMaintenance, prixMemoire) values (29, 47, 14, 39, 14, 17, 25.17, 9456517.0, 835581.69, 7600489.0, 9962603.0);
insert into coutServeur (idTechnicien, idJeux, idDate, idTemps, idUtilisateur, idMaintenance, idServeur, chargeTotalServeur, prixTotalServeur, prixMaintenance, prixMemoire) values (8, 26, 40, 36, 17, 19, 25.61, 226406.06, 5447836.0, 5871577.31, 9397953.0);
insert into coutServeur (idTechnicien, idJeux, idDate, idTemps, idUtilisateur, idMaintenance, idServeur, chargeTotalServeur, prixTotalServeur, prixMaintenance, prixMemoire) values (13, 46, 49, 15, 40, 10, 39.56, 1255849.46, 6676312.0, 3551184.87, 8925596.0);
insert into coutServeur (idTechnicien, idJeux, idDate, idTemps, idUtilisateur, idMaintenance, idServeur, chargeTotalServeur, prixTotalServeur, prixMaintenance, prixMemoire) values (12, 24, 34, 19, 4, 40, 13.33, 2736888.36, 1610696.38, 5999485.81, 7784835.02);
insert into coutServeur (idTechnicien, idJeux, idDate, idTemps, idUtilisateur, idMaintenance, idServeur, chargeTotalServeur, prixTotalServeur, prixMaintenance, prixMemoire) values (30, 5, 14, 9, 13, 18, 27.21, 4815714.17, 2744052.68, 7265439.0, 7673262.15);
insert into coutServeur (idTechnicien, idJeux, idDate, idTemps, idUtilisateur, idMaintenance, idServeur, chargeTotalServeur, prixTotalServeur, prixMaintenance, prixMemoire) values (22, 50, 4, 47, 27, 5, 37.25, 1430809.74, 6162846.0, 8051025.0, 665883.86);
insert into coutServeur (idTechnicien, idJeux, idDate, idTemps, idUtilisateur, idMaintenance, idServeur, chargeTotalServeur, prixTotalServeur, prixMaintenance, prixMemoire) values (46, 21, 35, 13, 21, 27, 11.68, 8594910.0, 9445234.0, 6145275.0, 4827614.89);
insert into coutServeur (idTechnicien, idJeux, idDate, idTemps, idUtilisateur, idMaintenance, idServeur, chargeTotalServeur, prixTotalServeur, prixMaintenance, prixMemoire) values (50, 46, 15, 48, 38, 26, 14.9, 4634184.69, 3598780.75, 2735926.0, 9109655.0);
insert into coutServeur (idTechnicien, idJeux, idDate, idTemps, idUtilisateur, idMaintenance, idServeur, chargeTotalServeur, prixTotalServeur, prixMaintenance, prixMemoire) values (37, 24, 25, 20, 40, 22, 31.37, 8660721.0, 75672.41, 7403054.0, 3243234.22);
insert into coutServeur (idTechnicien, idJeux, idDate, idTemps, idUtilisateur, idMaintenance, idServeur, chargeTotalServeur, prixTotalServeur, prixMaintenance, prixMemoire) values (9, 36, 49, 33, 4, 48, 10.39, 4699819.95, 2800735.0, 743118.96, 795278.1);
insert into coutServeur (idTechnicien, idJeux, idDate, idTemps, idUtilisateur, idMaintenance, idServeur, chargeTotalServeur, prixTotalServeur, prixMaintenance, prixMemoire) values (30, 42, 37, 44, 37, 15, 29.32, 134032.83, 7069894.0, 2223735.0, 8592418.0);
insert into coutServeur (idTechnicien, idJeux, idDate, idTemps, idUtilisateur, idMaintenance, idServeur, chargeTotalServeur, prixTotalServeur, prixMaintenance, prixMemoire) values (43, 34, 32, 29, 49, 23, 10.18, 8671943.0, 7392260.0, 1468810.61, 7833845.86);
insert into coutServeur (idTechnicien, idJeux, idDate, idTemps, idUtilisateur, idMaintenance, idServeur, chargeTotalServeur, prixTotalServeur, prixMaintenance, prixMemoire) values (5, 36, 50, 20, 49, 17, 42.49, 2477522.12, 7746833.46, 2869306.0, 7410640.0);
insert into coutServeur (idTechnicien, idJeux, idDate, idTemps, idUtilisateur, idMaintenance, idServeur, chargeTotalServeur, prixTotalServeur, prixMaintenance, prixMemoire) values (17, 49, 24, 12, 37, 41, 27.25, 5282806.0, 1662306.0, 1388273.0, 2811639.98);
insert into coutServeur (idTechnicien, idJeux, idDate, idTemps, idUtilisateur, idMaintenance, idServeur, chargeTotalServeur, prixTotalServeur, prixMaintenance, prixMemoire) values (17, 24, 31, 23, 48, 39, 44.87, 7203495.0, 526362.6, 9921002.0, 3072863.66);
insert into coutServeur (idTechnicien, idJeux, idDate, idTemps, idUtilisateur, idMaintenance, idServeur, chargeTotalServeur, prixTotalServeur, prixMaintenance, prixMemoire) values (50, 37, 26, 42, 16, 36, 27.92, 8725672.0, 439537.86, 569975.99, 1553309.6);
insert into coutServeur (idTechnicien, idJeux, idDate, idTemps, idUtilisateur, idMaintenance, idServeur, chargeTotalServeur, prixTotalServeur, prixMaintenance, prixMemoire) values (40, 2, 42, 1, 9, 44, 3.33, 3724836.54, 4462554.45, 2767558.67, 3963002.0);
insert into coutServeur (idTechnicien, idJeux, idDate, idTemps, idUtilisateur, idMaintenance, idServeur, chargeTotalServeur, prixTotalServeur, prixMaintenance, prixMemoire) values (14, 46, 23, 25, 40, 31, 23.83, 4679629.0, 2398591.87, 2258827.26, 9397125.0);
insert into coutServeur (idTechnicien, idJeux, idDate, idTemps, idUtilisateur, idMaintenance, idServeur, chargeTotalServeur, prixTotalServeur, prixMaintenance, prixMemoire) values (20, 31, 6, 14, 44, 14, 12.93, 1777502.85, 1082020.0, 9279270.0, 1321442.44);
insert into coutServeur (idTechnicien, idJeux, idDate, idTemps, idUtilisateur, idMaintenance, idServeur, chargeTotalServeur, prixTotalServeur, prixMaintenance, prixMemoire) values (25, 1, 29, 37, 35, 47, 28.77, 8366164.0, 4695275.41, 3048245.25, 8355682.88);
insert into coutServeur (idTechnicien, idJeux, idDate, idTemps, idUtilisateur, idMaintenance, idServeur, chargeTotalServeur, prixTotalServeur, prixMaintenance, prixMemoire) values (34, 18, 45, 19, 9, 4, 44.63, 5593045.0, 8553010.0, 9687404.0, 4300982.51);
insert into coutServeur (idTechnicien, idJeux, idDate, idTemps, idUtilisateur, idMaintenance, idServeur, chargeTotalServeur, prixTotalServeur, prixMaintenance, prixMemoire) values (38, 28, 43, 20, 10, 19, 21.83, 5233413.74, 2713051.0, 6833257.37, 9990075.0);
insert into coutServeur (idTechnicien, idJeux, idDate, idTemps, idUtilisateur, idMaintenance, idServeur, chargeTotalServeur, prixTotalServeur, prixMaintenance, prixMemoire) values (27, 17, 1, 20, 1, 13, 33.81, 4378422.2, 8177802.65, 801666.73, 406280.52);
insert into coutServeur (idTechnicien, idJeux, idDate, idTemps, idUtilisateur, idMaintenance, idServeur, chargeTotalServeur, prixTotalServeur, prixMaintenance, prixMemoire) values (38, 35, 22, 4, 21, 19, 13.64, 1431321.0, 4107210.93, 4526273.72, 3517843.19);
insert into coutServeur (idTechnicien, idJeux, idDate, idTemps, idUtilisateur, idMaintenance, idServeur, chargeTotalServeur, prixTotalServeur, prixMaintenance, prixMemoire) values (43, 40, 37, 26, 39, 3, 1.82, 2762855.0, 2154183.0, 4169336.21, 1397735.3);
insert into coutServeur (idTechnicien, idJeux, idDate, idTemps, idUtilisateur, idMaintenance, idServeur, chargeTotalServeur, prixTotalServeur, prixMaintenance, prixMemoire) values (50, 2, 3, 34, 8, 15, 21.55, 4593832.79, 808065.86, 1173728.4, 2352543.53);
insert into coutServeur (idTechnicien, idJeux, idDate, idTemps, idUtilisateur, idMaintenance, idServeur, chargeTotalServeur, prixTotalServeur, prixMaintenance, prixMemoire) values (9, 33, 13, 14, 37, 11, 10.68, 6705448.0, 3731089.0, 5702647.39, 124303.16);
insert into coutServeur (idTechnicien, idJeux, idDate, idTemps, idUtilisateur, idMaintenance, idServeur, chargeTotalServeur, prixTotalServeur, prixMaintenance, prixMemoire) values (3, 29, 4, 22, 23, 37, 44.18, 2233694.86, 5530886.0, 8411596.0, 4427303.29);
insert into coutServeur (idTechnicien, idJeux, idDate, idTemps, idUtilisateur, idMaintenance, idServeur, chargeTotalServeur, prixTotalServeur, prixMaintenance, prixMemoire) values (50, 9, 6, 9, 34, 8, 30.56, 2389385.87, 6863166.0, 4030375.0, 2773724.4);
insert into coutServeur (idTechnicien, idJeux, idDate, idTemps, idUtilisateur, idMaintenance, idServeur, chargeTotalServeur, prixTotalServeur, prixMaintenance, prixMemoire) values (11, 39, 8, 26, 40, 27, 34.18, 4728538.63, 3617594.69, 3253524.0, 7351053.11);
insert into coutServeur (idTechnicien, idJeux, idDate, idTemps, idUtilisateur, idMaintenance, idServeur, chargeTotalServeur, prixTotalServeur, prixMaintenance, prixMemoire) values (31, 38, 31, 31, 29, 1, 25.41, 1358141.03, 5577619.0, 4711896.0, 2087256.78);
insert into coutServeur (idTechnicien, idJeux, idDate, idTemps, idUtilisateur, idMaintenance, idServeur, chargeTotalServeur, prixTotalServeur, prixMaintenance, prixMemoire) values (11, 42, 1, 30, 24, 18, 29.93, 846523.48, 6584646.0, 7364598.0, 1021526.92);
insert into coutServeur (idTechnicien, idJeux, idDate, idTemps, idUtilisateur, idMaintenance, idServeur, chargeTotalServeur, prixTotalServeur, prixMaintenance, prixMemoire) values (12, 19, 48, 41, 8, 41, 7.73, 5958469.0, 5849077.0, 6486937.25, 4403523.18);
insert into coutServeur (idTechnicien, idJeux, idDate, idTemps, idUtilisateur, idMaintenance, idServeur, chargeTotalServeur, prixTotalServeur, prixMaintenance, prixMemoire) values (10, 46, 1, 11, 37, 48, 45.6, 8734455.0, 9841676.0, 5857719.25, 8413475.0);
insert into coutServeur (idTechnicien, idJeux, idDate, idTemps, idUtilisateur, idMaintenance, idServeur, chargeTotalServeur, prixTotalServeur, prixMaintenance, prixMemoire) values (19, 2, 26, 46, 32, 9, 19.23, 7327287.0, 6202742.0, 4789536.0, 4696202.0);
insert into coutServeur (idTechnicien, idJeux, idDate, idTemps, idUtilisateur, idMaintenance, idServeur, chargeTotalServeur, prixTotalServeur, prixMaintenance, prixMemoire) values (15, 17, 6, 16, 49, 5, 21.86, 3599093.49, 541612.61, 9686154.0, 8043619.0);
insert into coutServeur (idTechnicien, idJeux, idDate, idTemps, idUtilisateur, idMaintenance, idServeur, chargeTotalServeur, prixTotalServeur, prixMaintenance, prixMemoire) values (13, 4, 33, 39, 31, 13, 47.84, 961400.34, 7643403.37, 4757578.76, 394068.34);
insert into coutServeur (idTechnicien, idJeux, idDate, idTemps, idUtilisateur, idMaintenance, idServeur, chargeTotalServeur, prixTotalServeur, prixMaintenance, prixMemoire) values (5, 16, 40, 4, 28, 5, 22.98, 9092325.0, 3417227.05, 8531998.0, 6486352.0);
insert into coutServeur (idTechnicien, idJeux, idDate, idTemps, idUtilisateur, idMaintenance, idServeur, chargeTotalServeur, prixTotalServeur, prixMaintenance, prixMemoire) values (42, 19, 27, 24, 6, 23, 1.01, 1461206.22, 1712522.79, 2429096.64, 1627115.95);
insert into coutServeur (idTechnicien, idJeux, idDate, idTemps, idUtilisateur, idMaintenance, idServeur, chargeTotalServeur, prixTotalServeur, prixMaintenance, prixMemoire) values (26, 11, 40, 20, 7, 14, 24.24, 3925440.47, 8833397.0, 8766697.0, 5435472.0);
insert into coutServeur (idTechnicien, idJeux, idDate, idTemps, idUtilisateur, idMaintenance, idServeur, chargeTotalServeur, prixTotalServeur, prixMaintenance, prixMemoire) values (38, 50, 13, 43, 16, 19, 47.87, 5634459.0, 7496715.36, 7562953.0, 2451210.93);
insert into coutServeur (idTechnicien, idJeux, idDate, idTemps, idUtilisateur, idMaintenance, idServeur, chargeTotalServeur, prixTotalServeur, prixMaintenance, prixMemoire) values (10, 48, 46, 2, 50, 18, 9.86, 6376376.0, 8107859.0, 459248.56, 6902626.0);
insert into coutServeur (idTechnicien, idJeux, idDate, idTemps, idUtilisateur, idMaintenance, idServeur, chargeTotalServeur, prixTotalServeur, prixMaintenance, prixMemoire) values (21, 4, 7, 43, 27, 21, 27.73, 1340240.27, 3230409.26, 1943846.22, 6415467.24);
insert into coutServeur (idTechnicien, idJeux, idDate, idTemps, idUtilisateur, idMaintenance, idServeur, chargeTotalServeur, prixTotalServeur, prixMaintenance, prixMemoire) values (42, 50, 19, 8, 33, 12, 3.89, 6070435.0, 817437.0, 6386408.22, 3862255.0);
insert into coutServeur (idTechnicien, idJeux, idDate, idTemps, idUtilisateur, idMaintenance, idServeur, chargeTotalServeur, prixTotalServeur, prixMaintenance, prixMemoire) values (25, 40, 27, 26, 3, 16, 11.5, 5958535.15, 2211577.02, 411047.6, 2088204.86);
insert into coutServeur (idTechnicien, idJeux, idDate, idTemps, idUtilisateur, idMaintenance, idServeur, chargeTotalServeur, prixTotalServeur, prixMaintenance, prixMemoire) values (4, 40, 31, 4, 13, 49, 24.05, 9899522.0, 2630654.32, 7084123.65, 3665497.3);
insert into coutServeur (idTechnicien, idJeux, idDate, idTemps, idUtilisateur, idMaintenance, idServeur, chargeTotalServeur, prixTotalServeur, prixMaintenance, prixMemoire) values (15, 28, 20, 13, 23, 18, 21.7, 9511198.0, 8582446.0, 7276326.67, 2176899.0);
insert into coutServeur (idTechnicien, idJeux, idDate, idTemps, idUtilisateur, idMaintenance, idServeur, chargeTotalServeur, prixTotalServeur, prixMaintenance, prixMemoire) values (38, 26, 11, 20, 21, 1, 10.3, 9813166.0, 4662539.19, 1835287.31, 4351386.0);
insert into coutServeur (idTechnicien, idJeux, idDate, idTemps, idUtilisateur, idMaintenance, idServeur, chargeTotalServeur, prixTotalServeur, prixMaintenance, prixMemoire) values (44, 19, 16, 4, 12, 1, 48.4, 9120340.0, 5178470.45, 7351476.72, 2405339.0);
insert into coutServeur (idTechnicien, idJeux, idDate, idTemps, idUtilisateur, idMaintenance, idServeur, chargeTotalServeur, prixTotalServeur, prixMaintenance, prixMemoire) values (38, 50, 29, 18, 14, 28, 36.21, 8292484.26, 9668616.0, 9582950.0, 5984595.54);
insert into coutServeur (idTechnicien, idJeux, idDate, idTemps, idUtilisateur, idMaintenance, idServeur, chargeTotalServeur, prixTotalServeur, prixMaintenance, prixMemoire) values (25, 11, 33, 46, 22, 34, 21.56, 6259138.21, 4118263.89, 6265066.26, 1890918.44);
insert into coutServeur (idTechnicien, idJeux, idDate, idTemps, idUtilisateur, idMaintenance, idServeur, chargeTotalServeur, prixTotalServeur, prixMaintenance, prixMemoire) values (16, 46, 22, 17, 41, 2, 12.91, 9913333.0, 7774238.0, 1039968.8, 9754363.0);
insert into coutServeur (idTechnicien, idJeux, idDate, idTemps, idUtilisateur, idMaintenance, idServeur, chargeTotalServeur, prixTotalServeur, prixMaintenance, prixMemoire) values (9, 4, 17, 30, 25, 37, 32.6, 7786837.31, 634204.05, 1651897.18, 470119.29);
insert into coutServeur (idTechnicien, idJeux, idDate, idTemps, idUtilisateur, idMaintenance, idServeur, chargeTotalServeur, prixTotalServeur, prixMaintenance, prixMemoire) values (47, 1, 28, 37, 25, 5, 39.38, 6476564.0, 8132290.0, 9876183.0, 4048094.02);
insert into coutServeur (idTechnicien, idJeux, idDate, idTemps, idUtilisateur, idMaintenance, idServeur, chargeTotalServeur, prixTotalServeur, prixMaintenance, prixMemoire) values (47, 38, 42, 34, 14, 28, 45.73, 9804408.0, 183760.41, 275897.06, 969658.9);
insert into coutServeur (idTechnicien, idJeux, idDate, idTemps, idUtilisateur, idMaintenance, idServeur, chargeTotalServeur, prixTotalServeur, prixMaintenance, prixMemoire) values (48, 44, 27, 14, 18, 4, 29.96, 5130036.0, 3595211.9, 8837452.0, 5062322.72);
insert into coutServeur (idTechnicien, idJeux, idDate, idTemps, idUtilisateur, idMaintenance, idServeur, chargeTotalServeur, prixTotalServeur, prixMaintenance, prixMemoire) values (29, 49, 13, 44, 19, 20, 16.54, 4385088.0, 4737724.0, 6531947.07, 7259970.0);
insert into coutServeur (idTechnicien, idJeux, idDate, idTemps, idUtilisateur, idMaintenance, idServeur, chargeTotalServeur, prixTotalServeur, prixMaintenance, prixMemoire) values (27, 23, 35, 16, 26, 13, 14.49, 5842714.1, 160480.55, 9825100.0, 596326.65);
insert into coutServeur (idTechnicien, idJeux, idDate, idTemps, idUtilisateur, idMaintenance, idServeur, chargeTotalServeur, prixTotalServeur, prixMaintenance, prixMemoire) values (49, 24, 12, 18, 25, 7, 1.51, 2370939.77, 4208333.0, 9657096.0, 3106991.0);
insert into coutServeur (idTechnicien, idJeux, idDate, idTemps, idUtilisateur, idMaintenance, idServeur, chargeTotalServeur, prixTotalServeur, prixMaintenance, prixMemoire) values (14, 3, 3, 30, 10, 38, 2.48, 6797858.0, 9384123.0, 2546112.7, 1307538.58);
insert into coutServeur (idTechnicien, idJeux, idDate, idTemps, idUtilisateur, idMaintenance, idServeur, chargeTotalServeur, prixTotalServeur, prixMaintenance, prixMemoire) values (12, 19, 44, 37, 23, 37, 36.88, 6153042.27, 3635276.83, 6331529.26, 3817596.59);
insert into coutServeur (idTechnicien, idJeux, idDate, idTemps, idUtilisateur, idMaintenance, idServeur, chargeTotalServeur, prixTotalServeur, prixMaintenance, prixMemoire) values (33, 36, 31, 41, 21, 8, 36.43, 1714579.34, 6361966.0, 543677.62, 2917846.2);
insert into coutServeur (idTechnicien, idJeux, idDate, idTemps, idUtilisateur, idMaintenance, idServeur, chargeTotalServeur, prixTotalServeur, prixMaintenance, prixMemoire) values (31, 35, 13, 43, 31, 34, 40.92, 1587347.6, 4540300.0, 9237765.0, 7188671.04);
insert into coutServeur (idTechnicien, idJeux, idDate, idTemps, idUtilisateur, idMaintenance, idServeur, chargeTotalServeur, prixTotalServeur, prixMaintenance, prixMemoire) values (15, 25, 47, 44, 18, 17, 22.28, 3731176.15, 3799268.0, 646976.12, 732835.69);
insert into coutServeur (idTechnicien, idJeux, idDate, idTemps, idUtilisateur, idMaintenance, idServeur, chargeTotalServeur, prixTotalServeur, prixMaintenance, prixMemoire) values (28, 36, 22, 28, 46, 45, 19.18, 117874.66, 1765623.82, 8844941.0, 3900043.97);
insert into coutServeur (idTechnicien, idJeux, idDate, idTemps, idUtilisateur, idMaintenance, idServeur, chargeTotalServeur, prixTotalServeur, prixMaintenance, prixMemoire) values (9, 18, 29, 29, 29, 49, 32.79, 3930746.29, 8697176.0, 7509342.43, 7627036.0);
insert into coutServeur (idTechnicien, idJeux, idDate, idTemps, idUtilisateur, idMaintenance, idServeur, chargeTotalServeur, prixTotalServeur, prixMaintenance, prixMemoire) values (1, 32, 25, 23, 5, 20, 22.43, 4250825.54, 8845416.0, 6793260.0, 5820676.82);
insert into coutServeur (idTechnicien, idJeux, idDate, idTemps, idUtilisateur, idMaintenance, idServeur, chargeTotalServeur, prixTotalServeur, prixMaintenance, prixMemoire) values (49, 15, 43, 33, 8, 7, 35.2, 1120164.65, 529461.01, 6688389.01, 3829610.47);
insert into coutServeur (idTechnicien, idJeux, idDate, idTemps, idUtilisateur, idMaintenance, idServeur, chargeTotalServeur, prixTotalServeur, prixMaintenance, prixMemoire) values (23, 24, 48, 13, 18, 9, 46.11, 9519297.0, 9863923.0, 9422163.0, 7217240.0);
insert into coutServeur (idTechnicien, idJeux, idDate, idTemps, idUtilisateur, idMaintenance, idServeur, chargeTotalServeur, prixTotalServeur, prixMaintenance, prixMemoire) values (20, 16, 43, 28, 24, 23, 34.78, 7804611.09, 3378673.0, 9565620.0, 7579997.17);
insert into coutServeur (idTechnicien, idJeux, idDate, idTemps, idUtilisateur, idMaintenance, idServeur, chargeTotalServeur, prixTotalServeur, prixMaintenance, prixMemoire) values (6, 50, 9, 50, 33, 34, 44.83, 8591945.0, 2575547.98, 5183889.66, 5261664.39);
insert into coutServeur (idTechnicien, idJeux, idDate, idTemps, idUtilisateur, idMaintenance, idServeur, chargeTotalServeur, prixTotalServeur, prixMaintenance, prixMemoire) values (6, 5, 23, 18, 17, 31, 16.8, 1791957.77, 1362846.85, 1518163.18, 5669127.36);
insert into coutServeur (idTechnicien, idJeux, idDate, idTemps, idUtilisateur, idMaintenance, idServeur, chargeTotalServeur, prixTotalServeur, prixMaintenance, prixMemoire) values (37, 23, 21, 3, 50, 46, 30.69, 4619895.43, 7341388.0, 119043.03, 4209690.0);
insert into coutServeur (idTechnicien, idJeux, idDate, idTemps, idUtilisateur, idMaintenance, idServeur, chargeTotalServeur, prixTotalServeur, prixMaintenance, prixMemoire) values (42, 7, 40, 43, 35, 43, 11.25, 5968622.0, 8687797.0, 217150.0, 3148178.03);
insert into coutServeur (idTechnicien, idJeux, idDate, idTemps, idUtilisateur, idMaintenance, idServeur, chargeTotalServeur, prixTotalServeur, prixMaintenance, prixMemoire) values (27, 46, 27, 22, 2, 5, 48.89, 795314.66, 2663583.0, 7594823.0, 7112368.0);
insert into coutServeur (idTechnicien, idJeux, idDate, idTemps, idUtilisateur, idMaintenance, idServeur, chargeTotalServeur, prixTotalServeur, prixMaintenance, prixMemoire) values (44, 44, 28, 1, 48, 11, 22.28, 3232611.87, 5323731.0, 4852925.8, 8142114.0);
insert into coutServeur (idTechnicien, idJeux, idDate, idTemps, idUtilisateur, idMaintenance, idServeur, chargeTotalServeur, prixTotalServeur, prixMaintenance, prixMemoire) values (15, 26, 20, 23, 15, 35, 49.07, 7134559.12, 809241.62, 1308393.9, 6863438.59);
insert into coutServeur (idTechnicien, idJeux, idDate, idTemps, idUtilisateur, idMaintenance, idServeur, chargeTotalServeur, prixTotalServeur, prixMaintenance, prixMemoire) values (4, 14, 30, 44, 32, 29, 35.87, 9880348.0, 644448.28, 6947117.0, 3600354.94);
insert into coutServeur (idTechnicien, idJeux, idDate, idTemps, idUtilisateur, idMaintenance, idServeur, chargeTotalServeur, prixTotalServeur, prixMaintenance, prixMemoire) values (18, 25, 44, 25, 21, 32, 20.62, 9807137.0, 3337711.94, 8415535.0, 3461804.0);
insert into coutServeur (idTechnicien, idJeux, idDate, idTemps, idUtilisateur, idMaintenance, idServeur, chargeTotalServeur, prixTotalServeur, prixMaintenance, prixMemoire) values (7, 49, 31, 26, 39, 2, 35.02, 5851826.0, 1754423.6, 5348661.0, 7712667.83);
insert into coutServeur (idTechnicien, idJeux, idDate, idTemps, idUtilisateur, idMaintenance, idServeur, chargeTotalServeur, prixTotalServeur, prixMaintenance, prixMemoire) values (44, 6, 28, 19, 13, 27, 19.02, 7522386.0, 9719735.0, 5203256.53, 8777367.0);
insert into coutServeur (idTechnicien, idJeux, idDate, idTemps, idUtilisateur, idMaintenance, idServeur, chargeTotalServeur, prixTotalServeur, prixMaintenance, prixMemoire) values (7, 21, 31, 24, 17, 1, 4.14, 7185260.5, 8646902.0, 9761240.0, 8258515.0);
insert into coutServeur (idTechnicien, idJeux, idDate, idTemps, idUtilisateur, idMaintenance, idServeur, chargeTotalServeur, prixTotalServeur, prixMaintenance, prixMemoire) values (11, 14, 20, 18, 16, 43, 41.8, 4765647.52, 4261803.19, 7126732.99, 5886489.88);
insert into coutServeur (idTechnicien, idJeux, idDate, idTemps, idUtilisateur, idMaintenance, idServeur, chargeTotalServeur, prixTotalServeur, prixMaintenance, prixMemoire) values (27, 43, 25, 45, 50, 44, 37.69, 5566118.0, 8595727.0, 5850578.14, 9399106.0);
insert into coutServeur (idTechnicien, idJeux, idDate, idTemps, idUtilisateur, idMaintenance, idServeur, chargeTotalServeur, prixTotalServeur, prixMaintenance, prixMemoire) values (8, 36, 18, 46, 41, 43, 39.75, 9314490.0, 209288.78, 690468.21, 7479670.0);
insert into coutServeur (idTechnicien, idJeux, idDate, idTemps, idUtilisateur, idMaintenance, idServeur, chargeTotalServeur, prixTotalServeur, prixMaintenance, prixMemoire) values (42, 45, 31, 13, 5, 21, 26.9, 3725229.0, 4247622.5, 8374478.19, 4153988.08);
insert into coutServeur (idTechnicien, idJeux, idDate, idTemps, idUtilisateur, idMaintenance, idServeur, chargeTotalServeur, prixTotalServeur, prixMaintenance, prixMemoire) values (14, 11, 31, 19, 32, 23, 27.6, 4293741.2, 7214168.0, 3526479.0, 274239.02);
insert into coutServeur (idTechnicien, idJeux, idDate, idTemps, idUtilisateur, idMaintenance, idServeur, chargeTotalServeur, prixTotalServeur, prixMaintenance, prixMemoire) values (4, 10, 39, 19, 23, 33, 48.39, 1710491.54, 3523648.64, 3399184.0, 7925197.0);
insert into coutServeur (idTechnicien, idJeux, idDate, idTemps, idUtilisateur, idMaintenance, idServeur, chargeTotalServeur, prixTotalServeur, prixMaintenance, prixMemoire) values (45, 37, 13, 47, 23, 50, 46.55, 582873.0, 4569658.09, 3754729.52, 7402218.0);
insert into coutServeur (idTechnicien, idJeux, idDate, idTemps, idUtilisateur, idMaintenance, idServeur, chargeTotalServeur, prixTotalServeur, prixMaintenance, prixMemoire) values (30, 3, 49, 35, 13, 15, 42.67, 9570917.0, 5363586.0, 5630977.94, 8247737.0);
insert into coutServeur (idTechnicien, idJeux, idDate, idTemps, idUtilisateur, idMaintenance, idServeur, chargeTotalServeur, prixTotalServeur, prixMaintenance, prixMemoire) values (21, 1, 35, 50, 33, 10, 16.26, 7329411.58, 6780539.28, 9807997.0, 5170014.06);
insert into coutServeur (idTechnicien, idJeux, idDate, idTemps, idUtilisateur, idMaintenance, idServeur, chargeTotalServeur, prixTotalServeur, prixMaintenance, prixMemoire) values (12, 49, 39, 10, 10, 39, 39.76, 1257110.8, 978140.15, 8702241.0, 353793.0);
insert into coutServeur (idTechnicien, idJeux, idDate, idTemps, idUtilisateur, idMaintenance, idServeur, chargeTotalServeur, prixTotalServeur, prixMaintenance, prixMemoire) values (4, 15, 30, 29, 24, 11, 46.97, 2292558.49, 3939522.0, 6783977.44, 8884450.0);
insert into coutServeur (idTechnicien, idJeux, idDate, idTemps, idUtilisateur, idMaintenance, idServeur, chargeTotalServeur, prixTotalServeur, prixMaintenance, prixMemoire) values (16, 9, 31, 38, 9, 8, 43.65, 4333454.3, 172327.64, 6211307.3, 9523636.0);
insert into coutServeur (idTechnicien, idJeux, idDate, idTemps, idUtilisateur, idMaintenance, idServeur, chargeTotalServeur, prixTotalServeur, prixMaintenance, prixMemoire) values (47, 8, 3, 5, 33, 34, 3.39, 210438.84, 944387.09, 2424962.78, 2045061.59);
insert into coutServeur (idTechnicien, idJeux, idDate, idTemps, idUtilisateur, idMaintenance, idServeur, chargeTotalServeur, prixTotalServeur, prixMaintenance, prixMemoire) values (17, 44, 44, 3, 5, 44, 22.67, 1361911.23, 9429859.0, 8952058.0, 7042013.0);
insert into coutServeur (idTechnicien, idJeux, idDate, idTemps, idUtilisateur, idMaintenance, idServeur, chargeTotalServeur, prixTotalServeur, prixMaintenance, prixMemoire) values (16, 17, 44, 33, 22, 43, 12.92, 5262985.0, 5616182.0, 7340816.71, 3392947.8);
insert into coutServeur (idTechnicien, idJeux, idDate, idTemps, idUtilisateur, idMaintenance, idServeur, chargeTotalServeur, prixTotalServeur, prixMaintenance, prixMemoire) values (14, 14, 46, 17, 26, 3, 9.0, 6703448.35, 364143.81, 9377980.0, 546533.62);
insert into coutServeur (idTechnicien, idJeux, idDate, idTemps, idUtilisateur, idMaintenance, idServeur, chargeTotalServeur, prixTotalServeur, prixMaintenance, prixMemoire) values (28, 13, 21, 18, 38, 33, 3.44, 460652.68, 6735013.15, 1681110.53, 8846817.0);
insert into coutServeur (idTechnicien, idJeux, idDate, idTemps, idUtilisateur, idMaintenance, idServeur, chargeTotalServeur, prixTotalServeur, prixMaintenance, prixMemoire) values (44, 3, 6, 28, 18, 14, 22.15, 4048745.93, 661760.22, 6088405.0, 5968456.0);
insert into coutServeur (idTechnicien, idJeux, idDate, idTemps, idUtilisateur, idMaintenance, idServeur, chargeTotalServeur, prixTotalServeur, prixMaintenance, prixMemoire) values (46, 19, 49, 9, 26, 47, 10.35, 6782783.92, 3698360.94, 2964166.0, 4917969.0);
insert into coutServeur (idTechnicien, idJeux, idDate, idTemps, idUtilisateur, idMaintenance, idServeur, chargeTotalServeur, prixTotalServeur, prixMaintenance, prixMemoire) values (9, 19, 41, 19, 8, 38, 4.13, 8233021.67, 4136145.14, 2648748.0, 7070506.0);
insert into coutServeur (idTechnicien, idJeux, idDate, idTemps, idUtilisateur, idMaintenance, idServeur, chargeTotalServeur, prixTotalServeur, prixMaintenance, prixMemoire) values (10, 15, 2, 45, 45, 18, 3.0, 6030920.0, 7100120.63, 8427260.0, 3919867.48);
insert into coutServeur (idTechnicien, idJeux, idDate, idTemps, idUtilisateur, idMaintenance, idServeur, chargeTotalServeur, prixTotalServeur, prixMaintenance, prixMemoire) values (7, 15, 12, 9, 7, 24, 12.66, 3259468.9, 183603.64, 9678838.0, 8857929.0);
insert into coutServeur (idTechnicien, idJeux, idDate, idTemps, idUtilisateur, idMaintenance, idServeur, chargeTotalServeur, prixTotalServeur, prixMaintenance, prixMemoire) values (50, 10, 27, 27, 13, 16, 4.6, 5972133.77, 6513514.0, 4484654.53, 7531568.21);
insert into coutServeur (idTechnicien, idJeux, idDate, idTemps, idUtilisateur, idMaintenance, idServeur, chargeTotalServeur, prixTotalServeur, prixMaintenance, prixMemoire) values (9, 12, 16, 30, 18, 33, 22.89, 4677609.0, 6839011.0, 1245508.44, 8177218.0);
insert into coutServeur (idTechnicien, idJeux, idDate, idTemps, idUtilisateur, idMaintenance, idServeur, chargeTotalServeur, prixTotalServeur, prixMaintenance, prixMemoire) values (34, 50, 38, 4, 16, 18, 28.41, 9198160.0, 9627812.0, 5543739.06, 4362549.0);
insert into coutServeur (idTechnicien, idJeux, idDate, idTemps, idUtilisateur, idMaintenance, idServeur, chargeTotalServeur, prixTotalServeur, prixMaintenance, prixMemoire) values (21, 40, 43, 7, 39, 14, 18.62, 9591607.0, 3215916.0, 1743969.78, 4684578.0);
insert into coutServeur (idTechnicien, idJeux, idDate, idTemps, idUtilisateur, idMaintenance, idServeur, chargeTotalServeur, prixTotalServeur, prixMaintenance, prixMemoire) values (27, 23, 32, 12, 29, 19, 33.45, 5068427.41, 8177383.22, 3563570.0, 8150394.0);
insert into coutServeur (idTechnicien, idJeux, idDate, idTemps, idUtilisateur, idMaintenance, idServeur, chargeTotalServeur, prixTotalServeur, prixMaintenance, prixMemoire) values (6, 36, 12, 32, 37, 37, 41.84, 9925070.0, 2493189.0, 9342111.0, 4818652.0);
insert into coutServeur (idTechnicien, idJeux, idDate, idTemps, idUtilisateur, idMaintenance, idServeur, chargeTotalServeur, prixTotalServeur, prixMaintenance, prixMemoire) values (50, 26, 46, 17, 45, 32, 25.57, 344828.44, 6138375.67, 5669607.42, 4785697.0);
insert into coutServeur (idTechnicien, idJeux, idDate, idTemps, idUtilisateur, idMaintenance, idServeur, chargeTotalServeur, prixTotalServeur, prixMaintenance, prixMemoire) values (6, 7, 48, 45, 45, 6, 45.11, 432763.08, 3925604.62, 5109473.15, 2711738.95);
insert into coutServeur (idTechnicien, idJeux, idDate, idTemps, idUtilisateur, idMaintenance, idServeur, chargeTotalServeur, prixTotalServeur, prixMaintenance, prixMemoire) values (17, 13, 33, 32, 42, 14, 19.36, 5039898.0, 719671.0, 5804338.0, 5813571.61);
insert into coutServeur (idTechnicien, idJeux, idDate, idTemps, idUtilisateur, idMaintenance, idServeur, chargeTotalServeur, prixTotalServeur, prixMaintenance, prixMemoire) values (26, 50, 6, 24, 4, 30, 28.19, 3356871.04, 2196208.3, 7968941.0, 1010188.79);
insert into coutServeur (idTechnicien, idJeux, idDate, idTemps, idUtilisateur, idMaintenance, idServeur, chargeTotalServeur, prixTotalServeur, prixMaintenance, prixMemoire) values (42, 1, 39, 30, 9, 3, 1.94, 9015807.0, 4830552.0, 4428529.71, 9096959.0);
insert into coutServeur (idTechnicien, idJeux, idDate, idTemps, idUtilisateur, idMaintenance, idServeur, chargeTotalServeur, prixTotalServeur, prixMaintenance, prixMemoire) values (30, 1, 50, 27, 17, 31, 20.82, 6281057.79, 6602292.82, 7733602.46, 5851334.0);
insert into coutServeur (idTechnicien, idJeux, idDate, idTemps, idUtilisateur, idMaintenance, idServeur, chargeTotalServeur, prixTotalServeur, prixMaintenance, prixMemoire) values (3, 21, 10, 27, 25, 41, 18.64, 7398172.0, 9333958.0, 4682454.08, 4895446.83);
insert into coutServeur (idTechnicien, idJeux, idDate, idTemps, idUtilisateur, idMaintenance, idServeur, chargeTotalServeur, prixTotalServeur, prixMaintenance, prixMemoire) values (28, 16, 40, 11, 31, 36, 22.6, 7126703.0, 6645002.0, 4359359.0, 8162410.0);
insert into coutServeur (idTechnicien, idJeux, idDate, idTemps, idUtilisateur, idMaintenance, idServeur, chargeTotalServeur, prixTotalServeur, prixMaintenance, prixMemoire) values (18, 16, 20, 22, 14, 2, 32.48, 9460367.0, 1299772.04, 4159417.96, 2663445.59);
insert into coutServeur (idTechnicien, idJeux, idDate, idTemps, idUtilisateur, idMaintenance, idServeur, chargeTotalServeur, prixTotalServeur, prixMaintenance, prixMemoire) values (49, 33, 23, 7, 49, 25, 47.15, 4537891.04, 6084529.63, 7390063.0, 1765217.38);
insert into coutServeur (idTechnicien, idJeux, idDate, idTemps, idUtilisateur, idMaintenance, idServeur, chargeTotalServeur, prixTotalServeur, prixMaintenance, prixMemoire) values (11, 5, 43, 31, 24, 25, 23.86, 4793055.0, 754117.45, 804216.75, 3219240.0);
insert into coutServeur (idTechnicien, idJeux, idDate, idTemps, idUtilisateur, idMaintenance, idServeur, chargeTotalServeur, prixTotalServeur, prixMaintenance, prixMemoire) values (32, 47, 23, 13, 11, 16, 7.35, 1578506.0, 9995521.0, 2448993.09, 4715366.38);
insert into coutServeur (idTechnicien, idJeux, idDate, idTemps, idUtilisateur, idMaintenance, idServeur, chargeTotalServeur, prixTotalServeur, prixMaintenance, prixMemoire) values (1, 31, 5, 24, 26, 32, 2.05, 1272227.0, 7737159.0, 7098398.0, 1787523.44);
insert into coutServeur (idTechnicien, idJeux, idDate, idTemps, idUtilisateur, idMaintenance, idServeur, chargeTotalServeur, prixTotalServeur, prixMaintenance, prixMemoire) values (13, 28, 30, 39, 48, 25, 34.16, 123606.47, 9287738.0, 1584713.41, 4478832.0);
insert into coutServeur (idTechnicien, idJeux, idDate, idTemps, idUtilisateur, idMaintenance, idServeur, chargeTotalServeur, prixTotalServeur, prixMaintenance, prixMemoire) values (3, 3, 22, 32, 42, 22, 18.12, 4150558.0, 306479.92, 1752861.36, 1044635.82);
insert into coutServeur (idTechnicien, idJeux, idDate, idTemps, idUtilisateur, idMaintenance, idServeur, chargeTotalServeur, prixTotalServeur, prixMaintenance, prixMemoire) values (49, 24, 23, 28, 36, 40, 8.93, 1917714.67, 7504492.0, 2872022.0, 7187316.0);
insert into coutServeur (idTechnicien, idJeux, idDate, idTemps, idUtilisateur, idMaintenance, idServeur, chargeTotalServeur, prixTotalServeur, prixMaintenance, prixMemoire) values (49, 31, 41, 12, 23, 19, 15.65, 5561817.98, 7410755.0, 9174191.0, 2001080.67);
insert into coutServeur (idTechnicien, idJeux, idDate, idTemps, idUtilisateur, idMaintenance, idServeur, chargeTotalServeur, prixTotalServeur, prixMaintenance, prixMemoire) values (4, 13, 21, 10, 50, 2, 13.4, 1243954.92, 803909.61, 633390.63, 6736207.45);
insert into coutServeur (idTechnicien, idJeux, idDate, idTemps, idUtilisateur, idMaintenance, idServeur, chargeTotalServeur, prixTotalServeur, prixMaintenance, prixMemoire) values (17, 33, 32, 4, 6, 25, 4.16, 9403204.0, 3084719.0, 224800.17, 2570134.98);
insert into coutServeur (idTechnicien, idJeux, idDate, idTemps, idUtilisateur, idMaintenance, idServeur, chargeTotalServeur, prixTotalServeur, prixMaintenance, prixMemoire) values (40, 5, 49, 36, 49, 46, 17.64, 7451154.34, 8699645.0, 5939712.69, 4638556.0);
insert into coutServeur (idTechnicien, idJeux, idDate, idTemps, idUtilisateur, idMaintenance, idServeur, chargeTotalServeur, prixTotalServeur, prixMaintenance, prixMemoire) values (3, 46, 47, 31, 1, 6, 35.43, 5874615.32, 5066531.0, 7417213.0, 1207670.63);
insert into coutServeur (idTechnicien, idJeux, idDate, idTemps, idUtilisateur, idMaintenance, idServeur, chargeTotalServeur, prixTotalServeur, prixMaintenance, prixMemoire) values (12, 5, 16, 48, 49, 18, 13.65, 758290.66, 7091742.41, 2933162.71, 8242948.92);
insert into coutServeur (idTechnicien, idJeux, idDate, idTemps, idUtilisateur, idMaintenance, idServeur, chargeTotalServeur, prixTotalServeur, prixMaintenance, prixMemoire) values (13, 25, 31, 15, 29, 8, 6.19, 6380948.0, 3275380.32, 4958598.0, 3692137.28);
insert into coutServeur (idTechnicien, idJeux, idDate, idTemps, idUtilisateur, idMaintenance, idServeur, chargeTotalServeur, prixTotalServeur, prixMaintenance, prixMemoire) values (22, 30, 8, 2, 6, 20, 45.42, 9901017.0, 9361426.0, 5013551.68, 468296.55);
insert into coutServeur (idTechnicien, idJeux, idDate, idTemps, idUtilisateur, idMaintenance, idServeur, chargeTotalServeur, prixTotalServeur, prixMaintenance, prixMemoire) values (19, 48, 18, 18, 31, 47, 47.1, 4732833.74, 695811.73, 5239751.74, 9412687.0);
insert into coutServeur (idTechnicien, idJeux, idDate, idTemps, idUtilisateur, idMaintenance, idServeur, chargeTotalServeur, prixTotalServeur, prixMaintenance, prixMemoire) values (30, 11, 36, 23, 36, 6, 5.63, 9730928.0, 4721131.0, 853845.72, 8977190.0);
insert into coutServeur (idTechnicien, idJeux, idDate, idTemps, idUtilisateur, idMaintenance, idServeur, chargeTotalServeur, prixTotalServeur, prixMaintenance, prixMemoire) values (42, 23, 31, 3, 21, 33, 2.01, 6137452.0, 6696151.11, 1325623.76, 8476924.0);
insert into coutServeur (idTechnicien, idJeux, idDate, idTemps, idUtilisateur, idMaintenance, idServeur, chargeTotalServeur, prixTotalServeur, prixMaintenance, prixMemoire) values (32, 41, 23, 2, 5, 23, 1.08, 5516108.0, 5509907.0, 1704910.81, 738924.3);
insert into coutServeur (idTechnicien, idJeux, idDate, idTemps, idUtilisateur, idMaintenance, idServeur, chargeTotalServeur, prixTotalServeur, prixMaintenance, prixMemoire) values (21, 44, 21, 19, 27, 18, 26.73, 6544910.0, 8540020.0, 3445731.96, 4929331.0);
insert into coutServeur (idTechnicien, idJeux, idDate, idTemps, idUtilisateur, idMaintenance, idServeur, chargeTotalServeur, prixTotalServeur, prixMaintenance, prixMemoire) values (35, 9, 21, 14, 23, 24, 26.44, 3896844.69, 2273456.98, 6959535.0, 6535897.0);
insert into coutServeur (idTechnicien, idJeux, idDate, idTemps, idUtilisateur, idMaintenance, idServeur, chargeTotalServeur, prixTotalServeur, prixMaintenance, prixMemoire) values (39, 50, 49, 42, 50, 16, 17.25, 6444562.0, 2174716.98, 5520545.0, 9251255.0);
insert into coutServeur (idTechnicien, idJeux, idDate, idTemps, idUtilisateur, idMaintenance, idServeur, chargeTotalServeur, prixTotalServeur, prixMaintenance, prixMemoire) values (46, 45, 30, 13, 14, 37, 27.63, 5514675.0, 6004738.42, 5370609.76, 2030967.42);
insert into coutServeur (idTechnicien, idJeux, idDate, idTemps, idUtilisateur, idMaintenance, idServeur, chargeTotalServeur, prixTotalServeur, prixMaintenance, prixMemoire) values (38, 33, 50, 46, 26, 40, 21.29, 7363878.0, 9356116.0, 8209990.0, 5498234.46);
insert into coutServeur (idTechnicien, idJeux, idDate, idTemps, idUtilisateur, idMaintenance, idServeur, chargeTotalServeur, prixTotalServeur, prixMaintenance, prixMemoire) values (25, 3, 28, 29, 36, 25, 18.54, 1581449.75, 8368152.1, 4054092.71, 5167650.0);
insert into coutServeur (idTechnicien, idJeux, idDate, idTemps, idUtilisateur, idMaintenance, idServeur, chargeTotalServeur, prixTotalServeur, prixMaintenance, prixMemoire) values (29, 42, 49, 13, 34, 47, 14.61, 9460002.0, 7043398.0, 5726013.0, 8807703.0);
insert into coutServeur (idTechnicien, idJeux, idDate, idTemps, idUtilisateur, idMaintenance, idServeur, chargeTotalServeur, prixTotalServeur, prixMaintenance, prixMemoire) values (29, 36, 6, 25, 36, 50, 41.92, 7793502.0, 3799816.55, 8951091.0, 2667020.32);
insert into coutServeur (idTechnicien, idJeux, idDate, idTemps, idUtilisateur, idMaintenance, idServeur, chargeTotalServeur, prixTotalServeur, prixMaintenance, prixMemoire) values (42, 27, 10, 37, 6, 47, 48.05, 6777281.47, 9177354.0, 2852636.85, 8977658.0);
insert into coutServeur (idTechnicien, idJeux, idDate, idTemps, idUtilisateur, idMaintenance, idServeur, chargeTotalServeur, prixTotalServeur, prixMaintenance, prixMemoire) values (43, 3, 46, 41, 29, 12, 8.67, 7677409.32, 9702319.0, 848107.01, 464937.0);
insert into coutServeur (idTechnicien, idJeux, idDate, idTemps, idUtilisateur, idMaintenance, idServeur, chargeTotalServeur, prixTotalServeur, prixMaintenance, prixMemoire) values (30, 20, 22, 40, 22, 36, 10.03, 3396149.17, 69828.34, 7011704.62, 9798550.0);
insert into coutServeur (idTechnicien, idJeux, idDate, idTemps, idUtilisateur, idMaintenance, idServeur, chargeTotalServeur, prixTotalServeur, prixMaintenance, prixMemoire) values (44, 13, 26, 9, 24, 23, 15.56, 1231157.83, 2842518.0, 6619362.92, 2777128.26);
insert into coutServeur (idTechnicien, idJeux, idDate, idTemps, idUtilisateur, idMaintenance, idServeur, chargeTotalServeur, prixTotalServeur, prixMaintenance, prixMemoire) values (8, 29, 16, 38, 34, 31, 40.54, 4714502.0, 6087921.0, 8911807.0, 9178725.0);
insert into coutServeur (idTechnicien, idJeux, idDate, idTemps, idUtilisateur, idMaintenance, idServeur, chargeTotalServeur, prixTotalServeur, prixMaintenance, prixMemoire) values (30, 38, 49, 20, 3, 4, 25.32, 2200870.18, 1223899.6, 6042035.7, 8174234.67);
insert into coutServeur (idTechnicien, idJeux, idDate, idTemps, idUtilisateur, idMaintenance, idServeur, chargeTotalServeur, prixTotalServeur, prixMaintenance, prixMemoire) values (44, 40, 48, 39, 19, 3, 1.27, 9371656.0, 5278094.78, 7648844.66, 3169234.2);
insert into coutServeur (idTechnicien, idJeux, idDate, idTemps, idUtilisateur, idMaintenance, idServeur, chargeTotalServeur, prixTotalServeur, prixMaintenance, prixMemoire) values (11, 42, 38, 27, 30, 19, 23.25, 4884952.39, 3938296.73, 8755951.0, 5362168.0);
insert into coutServeur (idTechnicien, idJeux, idDate, idTemps, idUtilisateur, idMaintenance, idServeur, chargeTotalServeur, prixTotalServeur, prixMaintenance, prixMemoire) values (1, 43, 37, 9, 10, 9, 17.7, 6637089.0, 4156191.0, 5828614.0, 7754273.0);
insert into coutServeur (idTechnicien, idJeux, idDate, idTemps, idUtilisateur, idMaintenance, idServeur, chargeTotalServeur, prixTotalServeur, prixMaintenance, prixMemoire) values (13, 7, 30, 20, 27, 21, 32.55, 2955051.54, 2865644.09, 7701719.57, 5116340.25);
insert into coutServeur (idTechnicien, idJeux, idDate, idTemps, idUtilisateur, idMaintenance, idServeur, chargeTotalServeur, prixTotalServeur, prixMaintenance, prixMemoire) values (32, 18, 19, 25, 9, 37, 11.39, 5419012.34, 3114488.88, 8067263.0, 3925714.48);
insert into coutServeur (idTechnicien, idJeux, idDate, idTemps, idUtilisateur, idMaintenance, idServeur, chargeTotalServeur, prixTotalServeur, prixMaintenance, prixMemoire) values (23, 44, 34, 25, 16, 5, 13.9, 8681020.0, 9408444.0, 4052846.81, 4632067.63);
insert into coutServeur (idTechnicien, idJeux, idDate, idTemps, idUtilisateur, idMaintenance, idServeur, chargeTotalServeur, prixTotalServeur, prixMaintenance, prixMemoire) values (21, 40, 39, 36, 20, 21, 25.92, 1723373.23, 8392320.0, 6656339.31, 3029345.58);
insert into coutServeur (idTechnicien, idJeux, idDate, idTemps, idUtilisateur, idMaintenance, idServeur, chargeTotalServeur, prixTotalServeur, prixMaintenance, prixMemoire) values (21, 6, 44, 39, 18, 35, 2.05, 4761204.32, 4751731.21, 6324583.0, 2170483.0);
insert into coutServeur (idTechnicien, idJeux, idDate, idTemps, idUtilisateur, idMaintenance, idServeur, chargeTotalServeur, prixTotalServeur, prixMaintenance, prixMemoire) values (33, 37, 11, 6, 30, 48, 23.42, 3239685.8, 4652393.0, 8548162.0, 3025996.32);
insert into coutServeur (idTechnicien, idJeux, idDate, idTemps, idUtilisateur, idMaintenance, idServeur, chargeTotalServeur, prixTotalServeur, prixMaintenance, prixMemoire) values (44, 24, 7, 38, 40, 6, 20.36, 4926841.0, 3330352.0, 450773.14, 2504865.59);
insert into coutServeur (idTechnicien, idJeux, idDate, idTemps, idUtilisateur, idMaintenance, idServeur, chargeTotalServeur, prixTotalServeur, prixMaintenance, prixMemoire) values (18, 17, 19, 43, 37, 43, 7.83, 179163.69, 6385765.16, 9934177.0, 7654289.77);
insert into coutServeur (idTechnicien, idJeux, idDate, idTemps, idUtilisateur, idMaintenance, idServeur, chargeTotalServeur, prixTotalServeur, prixMaintenance, prixMemoire) values (46, 20, 50, 27, 28, 27, 46.01, 6552951.0, 6252325.0, 7732691.72, 2460455.18);
insert into coutServeur (idTechnicien, idJeux, idDate, idTemps, idUtilisateur, idMaintenance, idServeur, chargeTotalServeur, prixTotalServeur, prixMaintenance, prixMemoire) values (13, 24, 34, 27, 26, 38, 31.96, 3728982.62, 9260424.0, 6269138.76, 6422398.0);
insert into coutServeur (idTechnicien, idJeux, idDate, idTemps, idUtilisateur, idMaintenance, idServeur, chargeTotalServeur, prixTotalServeur, prixMaintenance, prixMemoire) values (9, 23, 16, 14, 39, 5, 13.05, 5578318.73, 7700266.0, 4439571.22, 5775574.04);
insert into coutServeur (idTechnicien, idJeux, idDate, idTemps, idUtilisateur, idMaintenance, idServeur, chargeTotalServeur, prixTotalServeur, prixMaintenance, prixMemoire) values (48, 19, 19, 30, 38, 5, 44.97, 5680345.4, 4663807.66, 7834182.0, 6094527.8);
insert into coutServeur (idTechnicien, idJeux, idDate, idTemps, idUtilisateur, idMaintenance, idServeur, chargeTotalServeur, prixTotalServeur, prixMaintenance, prixMemoire) values (41, 41, 46, 48, 24, 30, 2.99, 8177875.0, 3784445.03, 9793156.0, 4778386.0);
insert into coutServeur (idTechnicien, idJeux, idDate, idTemps, idUtilisateur, idMaintenance, idServeur, chargeTotalServeur, prixTotalServeur, prixMaintenance, prixMemoire) values (6, 21, 29, 17, 19, 38, 40.48, 7376877.0, 8406394.0, 4921125.88, 2801310.44);
insert into coutServeur (idTechnicien, idJeux, idDate, idTemps, idUtilisateur, idMaintenance, idServeur, chargeTotalServeur, prixTotalServeur, prixMaintenance, prixMemoire) values (16, 8, 29, 27, 43, 2, 1.94, 9766880.0, 1141440.0, 3720497.37, 5333299.53);
insert into coutServeur (idTechnicien, idJeux, idDate, idTemps, idUtilisateur, idMaintenance, idServeur, chargeTotalServeur, prixTotalServeur, prixMaintenance, prixMemoire) values (21, 15, 37, 38, 18, 33, 26.76, 5352794.38, 5082478.3, 3068018.1, 1874270.18);
insert into coutServeur (idTechnicien, idJeux, idDate, idTemps, idUtilisateur, idMaintenance, idServeur, chargeTotalServeur, prixTotalServeur, prixMaintenance, prixMemoire) values (7, 21, 3, 1, 40, 36, 41.34, 7125876.0, 682610.35, 5711694.14, 5625005.43);
insert into coutServeur (idTechnicien, idJeux, idDate, idTemps, idUtilisateur, idMaintenance, idServeur, chargeTotalServeur, prixTotalServeur, prixMaintenance, prixMemoire) values (45, 48, 5, 9, 47, 15, 41.97, 1240086.83, 4935330.2, 2545493.0, 8109894.0);
insert into coutServeur (idTechnicien, idJeux, idDate, idTemps, idUtilisateur, idMaintenance, idServeur, chargeTotalServeur, prixTotalServeur, prixMaintenance, prixMemoire) values (12, 3, 22, 23, 37, 23, 46.37, 3380213.0, 5196254.0, 5143802.12, 7791324.84);
insert into coutServeur (idTechnicien, idJeux, idDate, idTemps, idUtilisateur, idMaintenance, idServeur, chargeTotalServeur, prixTotalServeur, prixMaintenance, prixMemoire) values (24, 10, 26, 43, 48, 26, 12.28, 9162402.0, 1894641.16, 6040603.32, 989776.64);
insert into coutServeur (idTechnicien, idJeux, idDate, idTemps, idUtilisateur, idMaintenance, idServeur, chargeTotalServeur, prixTotalServeur, prixMaintenance, prixMemoire) values (23, 37, 46, 7, 4, 7, 2.71, 1313541.96, 4343986.0, 6361597.48, 3765691.81);
insert into coutServeur (idTechnicien, idJeux, idDate, idTemps, idUtilisateur, idMaintenance, idServeur, chargeTotalServeur, prixTotalServeur, prixMaintenance, prixMemoire) values (43, 4, 26, 22, 34, 49, 6.16, 3615170.98, 1297365.49, 4669565.0, 8128987.0);
insert into coutServeur (idTechnicien, idJeux, idDate, idTemps, idUtilisateur, idMaintenance, idServeur, chargeTotalServeur, prixTotalServeur, prixMaintenance, prixMemoire) values (32, 12, 26, 26, 40, 15, 9.82, 4269185.48, 7594229.78, 2712274.45, 9642269.0);
insert into coutServeur (idTechnicien, idJeux, idDate, idTemps, idUtilisateur, idMaintenance, idServeur, chargeTotalServeur, prixTotalServeur, prixMaintenance, prixMemoire) values (38, 27, 25, 49, 6, 45, 18.91, 8107577.0, 1106149.42, 5840286.2, 9520977.0);
insert into coutServeur (idTechnicien, idJeux, idDate, idTemps, idUtilisateur, idMaintenance, idServeur, chargeTotalServeur, prixTotalServeur, prixMaintenance, prixMemoire) values (49, 15, 40, 39, 45, 32, 31.14, 4411906.0, 3345885.15, 6003196.0, 563743.71);
insert into coutServeur (idTechnicien, idJeux, idDate, idTemps, idUtilisateur, idMaintenance, idServeur, chargeTotalServeur, prixTotalServeur, prixMaintenance, prixMemoire) values (20, 27, 37, 12, 26, 5, 34.6, 3221101.02, 5894529.87, 5128748.0, 9296527.0);
insert into coutServeur (idTechnicien, idJeux, idDate, idTemps, idUtilisateur, idMaintenance, idServeur, chargeTotalServeur, prixTotalServeur, prixMaintenance, prixMemoire) values (7, 36, 20, 3, 32, 32, 41.91, 574581.17, 2190279.03, 5779233.0, 9827990.0);
insert into coutServeur (idTechnicien, idJeux, idDate, idTemps, idUtilisateur, idMaintenance, idServeur, chargeTotalServeur, prixTotalServeur, prixMaintenance, prixMemoire) values (13, 38, 6, 13, 7, 25, 46.33, 450122.03, 3099861.67, 5689147.59, 756310.08);
insert into coutServeur (idTechnicien, idJeux, idDate, idTemps, idUtilisateur, idMaintenance, idServeur, chargeTotalServeur, prixTotalServeur, prixMaintenance, prixMemoire) values (3, 26, 48, 20, 4, 37, 30.43, 1454421.11, 8111883.0, 7779005.0, 4487875.99);
insert into coutServeur (idTechnicien, idJeux, idDate, idTemps, idUtilisateur, idMaintenance, idServeur, chargeTotalServeur, prixTotalServeur, prixMaintenance, prixMemoire) values (14, 12, 23, 42, 24, 4, 28.77, 3838987.95, 9266409.0, 6798333.02, 7339496.24);
insert into coutServeur (idTechnicien, idJeux, idDate, idTemps, idUtilisateur, idMaintenance, idServeur, chargeTotalServeur, prixTotalServeur, prixMaintenance, prixMemoire) values (44, 37, 16, 25, 29, 2, 41.92, 9355500.0, 6212989.0, 1597979.26, 4880416.94);
insert into coutServeur (idTechnicien, idJeux, idDate, idTemps, idUtilisateur, idMaintenance, idServeur, chargeTotalServeur, prixTotalServeur, prixMaintenance, prixMemoire) values (37, 45, 23, 20, 13, 12, 4.32, 3486034.71, 6511849.98, 1803306.0, 6917418.0);
insert into coutServeur (idTechnicien, idJeux, idDate, idTemps, idUtilisateur, idMaintenance, idServeur, chargeTotalServeur, prixTotalServeur, prixMaintenance, prixMemoire) values (49, 18, 49, 21, 38, 12, 11.72, 353233.64, 4374180.0, 7167223.91, 4544040.43);
insert into coutServeur (idTechnicien, idJeux, idDate, idTemps, idUtilisateur, idMaintenance, idServeur, chargeTotalServeur, prixTotalServeur, prixMaintenance, prixMemoire) values (24, 39, 48, 10, 3, 42, 12.23, 3854490.14, 9247580.0, 8294469.0, 8424417.0);
insert into coutServeur (idTechnicien, idJeux, idDate, idTemps, idUtilisateur, idMaintenance, idServeur, chargeTotalServeur, prixTotalServeur, prixMaintenance, prixMemoire) values (7, 26, 34, 15, 32, 21, 2.91, 170885.94, 5059487.0, 1032699.85, 7683743.0);
insert into coutServeur (idTechnicien, idJeux, idDate, idTemps, idUtilisateur, idMaintenance, idServeur, chargeTotalServeur, prixTotalServeur, prixMaintenance, prixMemoire) values (1, 46, 50, 42, 28, 11, 24.19, 5098488.0, 4112536.18, 7033063.73, 6310840.0);
insert into coutServeur (idTechnicien, idJeux, idDate, idTemps, idUtilisateur, idMaintenance, idServeur, chargeTotalServeur, prixTotalServeur, prixMaintenance, prixMemoire) values (47, 13, 24, 40, 25, 35, 13.14, 9226326.0, 7177191.82, 1241814.74, 9666337.0);
insert into coutServeur (idTechnicien, idJeux, idDate, idTemps, idUtilisateur, idMaintenance, idServeur, chargeTotalServeur, prixTotalServeur, prixMaintenance, prixMemoire) values (48, 50, 18, 22, 6, 40, 23.55, 9065313.0, 3718778.12, 9897128.0, 3215190.79);
insert into coutServeur (idTechnicien, idJeux, idDate, idTemps, idUtilisateur, idMaintenance, idServeur, chargeTotalServeur, prixTotalServeur, prixMaintenance, prixMemoire) values (42, 32, 19, 4, 42, 14, 17.97, 8018057.0, 7919058.0, 1967824.5, 8216878.9);
insert into coutServeur (idTechnicien, idJeux, idDate, idTemps, idUtilisateur, idMaintenance, idServeur, chargeTotalServeur, prixTotalServeur, prixMaintenance, prixMemoire) values (32, 34, 11, 25, 32, 10, 26.9, 4576329.82, 5535444.06, 9262653.0, 2767173.31);
insert into coutServeur (idTechnicien, idJeux, idDate, idTemps, idUtilisateur, idMaintenance, idServeur, chargeTotalServeur, prixTotalServeur, prixMaintenance, prixMemoire) values (46, 6, 7, 38, 4, 22, 10.83, 5718874.38, 4449254.0, 4524793.87, 5802225.0);
