insert into genresV (idGenres, cat1) values (1, 'MMORPG');
insert into genresV (idGenres, cat1) values (2, 'Horreur');
insert into genresV (idGenres, cat1) values (3, 'Horreur');
insert into genresV (idGenres, cat1) values (4, 'Logiciel');
insert into genresV (idGenres, cat1) values (5, 'Horreur');
insert into genresV (idGenres, cat1) values (6, 'Horreur');
insert into genresV (idGenres, cat1) values (7, 'Horreur');
insert into genresV (idGenres, cat1) values (8, 'Horreur');
insert into genresV (idGenres, cat1) values (9, 'Sport');
insert into genresV (idGenres, cat1) values (10, 'Sport');
insert into genresV (idGenres, cat1) values (11, 'Horreur');
insert into genresV (idGenres, cat1) values (12, 'Horreur');
insert into genresV (idGenres, cat1) values (13, 'MMORPG');
insert into genresV (idGenres, cat1) values (14, 'Horreur');
insert into genresV (idGenres, cat1) values (15, 'Logiciel');
insert into genresV (idGenres, cat1) values (16, 'Horreur');
insert into genresV (idGenres, cat1) values (17, 'Sport');
insert into genresV (idGenres, cat1) values (18, 'Horreur');
insert into genresV (idGenres, cat1) values (19, 'Horreur');
insert into genresV (idGenres, cat1) values (20, 'MMORPG');
insert into genresV (idGenres, cat1) values (21, 'Logiciel');
insert into genresV (idGenres, cat1) values (22, 'Horreur');
insert into genresV (idGenres, cat1) values (23, 'Survie');
insert into genresV (idGenres, cat1) values (24, 'Horreur');
insert into genresV (idGenres, cat1) values (25, 'Horreur');
insert into genresV (idGenres, cat1) values (26, 'Skin');
insert into genresV (idGenres, cat1) values (27, 'Sport');
insert into genresV (idGenres, cat1) values (28, 'Horreur');
insert into genresV (idGenres, cat1) values (29, 'Horreur');
insert into genresV (idGenres, cat1) values (30, 'Sport');
insert into genresV (idGenres, cat1) values (31, 'Horreur');
insert into genresV (idGenres, cat1) values (32, 'Sport');
insert into genresV (idGenres, cat1) values (33, 'Horreur');
insert into genresV (idGenres, cat1) values (34, 'Horreur');
insert into genresV (idGenres, cat1) values (35, 'Sport');
insert into genresV (idGenres, cat1) values (36, 'Logiciel');
insert into genresV (idGenres, cat1) values (37, 'Survie');
insert into genresV (idGenres, cat1) values (38, 'Horreur');
insert into genresV (idGenres, cat1) values (39, 'Horreur');
insert into genresV (idGenres, cat1) values (40, 'Logiciel');
insert into genresV (idGenres, cat1) values (41, 'Horreur');
insert into genresV (idGenres, cat1) values (42, 'Horreur');
insert into genresV (idGenres, cat1) values (43, 'Horreur');
insert into genresV (idGenres, cat1) values (44, 'Logiciel');
insert into genresV (idGenres, cat1) values (45, 'Sport');
insert into genresV (idGenres, cat1) values (46, 'Horreur');
insert into genresV (idGenres, cat1) values (47, 'Horreur');
insert into genresV (idGenres, cat1) values (48, 'Horreur');
insert into genresV (idGenres, cat1) values (49, 'Horreur');
insert into genresV (idGenres, cat1) values (50, 'Logiciel');



insert into Objet (idObjet, nom, prix, categorie, likes, dislikes, nomDevelopper, nomPublisher, releaseDate, pourcentageVente) values (1, 'Deveril', 487.15, 'Horreur', 28468, 7402, 'Gigashots', 'Eidel', '5/18/1968', 0.2);
insert into Objet (idObjet, nom, prix, categorie, likes, dislikes, nomDevelopper, nomPublisher, releaseDate, pourcentageVente) values (2, 'Dignam', 584.19, 'Horreur', 680, 22434, 'Photobean', 'Meemm', '6/25/1987', 0.5);
insert into Objet (idObjet, nom, prix, categorie, likes, dislikes, nomDevelopper, nomPublisher, releaseDate, pourcentageVente) values (3, 'Luffman', 533.84, 'MMORPG', 81349, 60801, 'Fivechat', 'Skaboo', '1/4/2010', 0.4);
insert into Objet (idObjet, nom, prix, categorie, likes, dislikes, nomDevelopper, nomPublisher, releaseDate, pourcentageVente) values (4, 'Doran', 183.21, 'Sport', 54102, 83220, 'Zooveo', 'Brainverse', '2/20/1976', 0.8);
insert into Objet (idObjet, nom, prix, categorie, likes, dislikes, nomDevelopper, nomPublisher, releaseDate, pourcentageVente) values (5, 'Broadwood', 180.42, 'MMORPG', 97750, 33041, 'Devcast', 'Geba', '9/30/1968', 0.3);
insert into Objet (idObjet, nom, prix, categorie, likes, dislikes, nomDevelopper, nomPublisher, releaseDate, pourcentageVente) values (6, 'Chasen', 828.24, 'Survie', 23355, 55045, 'Rhyzio', 'Zoovu', '10/10/2018', 0.2);
insert into Objet (idObjet, nom, prix, categorie, likes, dislikes, nomDevelopper, nomPublisher, releaseDate, pourcentageVente) values (7, 'Kalker', 689.24, 'Horreur', 32383, 18763, 'Ntags', 'JumpXS', '10/8/2013', 0.1);
insert into Objet (idObjet, nom, prix, categorie, likes, dislikes, nomDevelopper, nomPublisher, releaseDate, pourcentageVente) values (8, 'Brodhead', 692.79, 'Horreur', 60797, 47009, 'Jatri', 'Minyx', '7/9/2005', 0.2);
insert into Objet (idObjet, nom, prix, categorie, likes, dislikes, nomDevelopper, nomPublisher, releaseDate, pourcentageVente) values (9, 'Ree', 855.93, 'Combat', 67915, 40711, 'Wordpedia', 'Zoonder', '9/27/1961', 0.5);
insert into Objet (idObjet, nom, prix, categorie, likes, dislikes, nomDevelopper, nomPublisher, releaseDate, pourcentageVente) values (10, 'Toynbee', 201.95, 'Sport', 92518, 21867, 'Centizu', 'Wikibox', '5/6/2008', 0.9);
insert into Objet (idObjet, nom, prix, categorie, likes, dislikes, nomDevelopper, nomPublisher, releaseDate, pourcentageVente) values (11, 'Perrelle', 924.2, 'Horreur', 87828, 65398, 'Jaxspan', 'Voonte', '12/25/1986', 0.6);
insert into Objet (idObjet, nom, prix, categorie, likes, dislikes, nomDevelopper, nomPublisher, releaseDate, pourcentageVente) values (12, 'Rodgers', 214.05, 'MMORPG', 87079, 43326, 'Kaymbo', 'Zazio', '10/17/1969', 1.0);
insert into Objet (idObjet, nom, prix, categorie, likes, dislikes, nomDevelopper, nomPublisher, releaseDate, pourcentageVente) values (13, 'Langdridge', 861.51, 'Logiciel', 82298, 82476, 'Zoomdog', 'Wordify', '8/5/1987', 0.4);
insert into Objet (idObjet, nom, prix, categorie, likes, dislikes, nomDevelopper, nomPublisher, releaseDate, pourcentageVente) values (14, 'Renny', 266.64, 'Sport', 64333, 90488, 'Plambee', 'Voonte', '11/17/2007', 0.9);
insert into Objet (idObjet, nom, prix, categorie, likes, dislikes, nomDevelopper, nomPublisher, releaseDate, pourcentageVente) values (15, 'Gove', 674.61, 'Horreur', 74878, 67391, 'Trilia', 'Eimbee', '6/27/2016', 0.8);
insert into Objet (idObjet, nom, prix, categorie, likes, dislikes, nomDevelopper, nomPublisher, releaseDate, pourcentageVente) values (16, 'Gregoretti', 268.11, 'Horreur', 5874, 22555, 'Wordware', 'Kayveo', '10/30/2012', 0.8);
insert into Objet (idObjet, nom, prix, categorie, likes, dislikes, nomDevelopper, nomPublisher, releaseDate, pourcentageVente) values (17, 'Draper', 453.44, 'Horreur', 94056, 15975, 'Chatterbridge', 'Topdrive', '5/21/1969', 0.3);
insert into Objet (idObjet, nom, prix, categorie, likes, dislikes, nomDevelopper, nomPublisher, releaseDate, pourcentageVente) values (18, 'Blaskett', 16.12, 'Horreur', 7346, 38444, 'Skynoodle', 'Kwilith', '6/30/1988', 0.8);
insert into Objet (idObjet, nom, prix, categorie, likes, dislikes, nomDevelopper, nomPublisher, releaseDate, pourcentageVente) values (19, 'Fulop', 924.49, 'Sport', 93164, 87711, 'Youfeed', 'Skyble', '11/5/1980', 0.1);
insert into Objet (idObjet, nom, prix, categorie, likes, dislikes, nomDevelopper, nomPublisher, releaseDate, pourcentageVente) values (20, 'La Rosa', 815.69, 'Horreur', 43063, 63072, 'Lazzy', 'Roombo', '9/29/1980', 0.2);
insert into Objet (idObjet, nom, prix, categorie, likes, dislikes, nomDevelopper, nomPublisher, releaseDate, pourcentageVente) values (21, 'Mynett', 646.38, 'Horreur', 37112, 743, 'Yozio', 'Browsedrive', '12/8/2018', 0.1);
insert into Objet (idObjet, nom, prix, categorie, likes, dislikes, nomDevelopper, nomPublisher, releaseDate, pourcentageVente) values (22, 'Brithman', 839.13, 'Logiciel', 32514, 20763, 'Centimia', 'Aimbu', '5/8/1997', 0.6);
insert into Objet (idObjet, nom, prix, categorie, likes, dislikes, nomDevelopper, nomPublisher, releaseDate, pourcentageVente) values (23, 'Hallybone', 428.89, 'Logiciel', 22807, 24096, 'Izio', 'Eazzy', '2/26/2019', 0.5);
insert into Objet (idObjet, nom, prix, categorie, likes, dislikes, nomDevelopper, nomPublisher, releaseDate, pourcentageVente) values (24, 'Cassels', 816.15, 'Horreur', 13072, 25421, 'Brightbean', 'Skiptube', '9/3/1997', 0.7);
insert into Objet (idObjet, nom, prix, categorie, likes, dislikes, nomDevelopper, nomPublisher, releaseDate, pourcentageVente) values (25, 'Stobart', 358.85, 'Horreur', 79950, 73325, 'Wikizz', 'Feedspan', '4/8/1993', 0.4);
insert into Objet (idObjet, nom, prix, categorie, likes, dislikes, nomDevelopper, nomPublisher, releaseDate, pourcentageVente) values (26, 'Antrim', 580.29, 'Horreur', 40555, 46844, 'Jabberbean', 'Twimm', '11/15/1990', 0.1);
insert into Objet (idObjet, nom, prix, categorie, likes, dislikes, nomDevelopper, nomPublisher, releaseDate, pourcentageVente) values (27, 'Ruppelin', 315.33, 'Horreur', 55753, 37018, 'Twimbo', 'Ailane', '3/14/1991', 0.1);
insert into Objet (idObjet, nom, prix, categorie, likes, dislikes, nomDevelopper, nomPublisher, releaseDate, pourcentageVente) values (28, 'Speechly', 789.34, 'Horreur', 22446, 48300, 'Yozio', 'Jabbercube', '5/21/2012', 0.4);
insert into Objet (idObjet, nom, prix, categorie, likes, dislikes, nomDevelopper, nomPublisher, releaseDate, pourcentageVente) values (29, 'Boorer', 830.5, 'Horreur', 94072, 48940, 'Quatz', 'Aibox', '1/30/1963', 0.1);
insert into Objet (idObjet, nom, prix, categorie, likes, dislikes, nomDevelopper, nomPublisher, releaseDate, pourcentageVente) values (30, 'Scrigmour', 953.03, 'Horreur', 63799, 93896, 'Jabbertype', 'Babblestorm', '8/25/1994', 0.2);
insert into Objet (idObjet, nom, prix, categorie, likes, dislikes, nomDevelopper, nomPublisher, releaseDate, pourcentageVente) values (31, 'Shea', 65.08, 'Horreur', 20097, 8813, 'Edgetag', 'Thoughtmix', '11/6/1965', 0.3);
insert into Objet (idObjet, nom, prix, categorie, likes, dislikes, nomDevelopper, nomPublisher, releaseDate, pourcentageVente) values (32, 'Sein', 483.77, 'Logiciel', 51422, 29918, 'Centizu', 'Twimbo', '6/23/1988', 0.7);
insert into Objet (idObjet, nom, prix, categorie, likes, dislikes, nomDevelopper, nomPublisher, releaseDate, pourcentageVente) values (33, 'Huddles', 292.81, 'Horreur', 25485, 63232, 'Wikido', 'Eazzy', '7/25/1990', 0.1);
insert into Objet (idObjet, nom, prix, categorie, likes, dislikes, nomDevelopper, nomPublisher, releaseDate, pourcentageVente) values (34, 'Tunsley', 986.19, 'Sport', 20139, 22583, 'Skippad', 'Npath', '10/29/2017', 0.9);
insert into Objet (idObjet, nom, prix, categorie, likes, dislikes, nomDevelopper, nomPublisher, releaseDate, pourcentageVente) values (35, 'Cranstoun', 104.11, 'Horreur', 98702, 48437, 'Innojam', 'Brightdog', '1/27/1995', 1.0);
insert into Objet (idObjet, nom, prix, categorie, likes, dislikes, nomDevelopper, nomPublisher, releaseDate, pourcentageVente) values (36, 'Shalloe', 868.8, 'Horreur', 57578, 16893, 'Blogtags', 'Twitterworks', '1/16/2001', 0.8);
insert into Objet (idObjet, nom, prix, categorie, likes, dislikes, nomDevelopper, nomPublisher, releaseDate, pourcentageVente) values (37, 'Bartosinski', 710.91, 'Sport', 20642, 55122, 'Yadel', 'Feedfire', '4/24/1992', 0.7);
insert into Objet (idObjet, nom, prix, categorie, likes, dislikes, nomDevelopper, nomPublisher, releaseDate, pourcentageVente) values (38, 'Dalglish', 776.57, 'Survie', 69205, 80740, 'Pixoboo', 'Latz', '5/22/2012', 0.7);
insert into Objet (idObjet, nom, prix, categorie, likes, dislikes, nomDevelopper, nomPublisher, releaseDate, pourcentageVente) values (39, 'Minto', 490.72, 'Horreur', 65163, 94593, 'Chatterbridge', 'Oba', '11/25/1966', 0.7);
insert into Objet (idObjet, nom, prix, categorie, likes, dislikes, nomDevelopper, nomPublisher, releaseDate, pourcentageVente) values (40, 'Baudts', 50.95, 'Horreur', 64973, 66600, 'Centizu', 'Wikizz', '10/4/1998', 0.3);
insert into Objet (idObjet, nom, prix, categorie, likes, dislikes, nomDevelopper, nomPublisher, releaseDate, pourcentageVente) values (41, 'Lent', 89.5, 'Logiciel', 15756, 56858, 'Browsedrive', 'Aivee', '9/13/2012', 0.2);
insert into Objet (idObjet, nom, prix, categorie, likes, dislikes, nomDevelopper, nomPublisher, releaseDate, pourcentageVente) values (42, 'Saiens', 502.71, 'Horreur', 21066, 89611, 'Fadeo', 'Tambee', '11/20/1960', 0.2);
insert into Objet (idObjet, nom, prix, categorie, likes, dislikes, nomDevelopper, nomPublisher, releaseDate, pourcentageVente) values (43, 'Kelloway', 119.78, 'MMORPG', 3774, 66793, 'Jabberbean', 'Jaxspan', '2/15/2011', 1.0);
insert into Objet (idObjet, nom, prix, categorie, likes, dislikes, nomDevelopper, nomPublisher, releaseDate, pourcentageVente) values (44, 'Schnitter', 366.32, 'Horreur', 77193, 32070, 'Kwimbee', 'Feednation', '3/4/1975', 0.1);
insert into Objet (idObjet, nom, prix, categorie, likes, dislikes, nomDevelopper, nomPublisher, releaseDate, pourcentageVente) values (45, 'Armatys', 387.5, 'Logiciel', 2027, 91457, 'Eire', 'Divape', '7/12/2018', 0.1);
insert into Objet (idObjet, nom, prix, categorie, likes, dislikes, nomDevelopper, nomPublisher, releaseDate, pourcentageVente) values (46, 'Habberjam', 250.79, 'Horreur', 66546, 55796, 'Yombu', 'Jetwire', '4/16/2000', 0.3);
insert into Objet (idObjet, nom, prix, categorie, likes, dislikes, nomDevelopper, nomPublisher, releaseDate, pourcentageVente) values (47, 'Miguet', 937.9, 'Horreur', 26689, 83640, 'Yodo', 'Kazu', '7/28/1965', 0.5);
insert into Objet (idObjet, nom, prix, categorie, likes, dislikes, nomDevelopper, nomPublisher, releaseDate, pourcentageVente) values (48, 'Tournie', 921.34, 'Logiciel', 40252, 46506, 'Jetwire', 'Zoombeat', '4/24/1978', 0.1);
insert into Objet (idObjet, nom, prix, categorie, likes, dislikes, nomDevelopper, nomPublisher, releaseDate, pourcentageVente) values (49, 'Chaffey', 658.54, 'Survie', 18906, 57418, 'Oozz', 'Rhyzio', '12/7/1979', 0.4);
insert into Objet (idObjet, nom, prix, categorie, likes, dislikes, nomDevelopper, nomPublisher, releaseDate, pourcentageVente) values (50, 'Leere', 831.24, 'Sport', 53878, 84528, 'Flipopia', 'Voonyx', '12/7/1985', 0.5);


insert into Utilisateur (idUtilisateur, pseudo, nom, niveau, dateNaissance, dateCreation, nbBanned, adresseMail, adressIP, region, genre, montantPortefeuille) values (1, 'smcnicol0', 'McNicol', 23, '7/17/1976', '8/5/2011', 34, 'smcnicol0@phpbb.com', '71.192.205.241', 'Sammatti', 'homme', 114);
insert into Utilisateur (idUtilisateur, pseudo, nom, niveau, dateNaissance, dateCreation, nbBanned, adresseMail, adressIP, region, genre, montantPortefeuille) values (2, 'rtremonte1', 'Tremonte', 13, '5/24/1986', '7/20/2016', 64, 'ttremonte1@shareasale.com', '137.235.203.41', 'Břasy', 'femme', 458);
insert into Utilisateur (idUtilisateur, pseudo, nom, niveau, dateNaissance, dateCreation, nbBanned, adresseMail, adressIP, region, genre, montantPortefeuille) values (3, 'lgolding2', 'Golding', 58, '1/8/2002', '3/28/2020', 79, 'vgolding2@creativecommons.org', '205.145.192.131', 'Corralito', 'autre', 253);
insert into Utilisateur (idUtilisateur, pseudo, nom, niveau, dateNaissance, dateCreation, nbBanned, adresseMail, adressIP, region, genre, montantPortefeuille) values (4, 'tkasparski3', 'Kasparski', 75, '9/28/1994', '8/3/2022', 45, 'ckasparski3@google.com', '71.201.80.227', 'Domsjö', 'autre', 527);
insert into Utilisateur (idUtilisateur, pseudo, nom, niveau, dateNaissance, dateCreation, nbBanned, adresseMail, adressIP, region, genre, montantPortefeuille) values (5, 'aolenichev4', 'Olenichev', 52, '12/21/1981', '1/31/2006', 33, 'rolenichev4@privacy.gov.au', '85.246.169.3', 'Houston', 'autre', 526);
insert into Utilisateur (idUtilisateur, pseudo, nom, niveau, dateNaissance, dateCreation, nbBanned, adresseMail, adressIP, region, genre, montantPortefeuille) values (6, 'gforster5', 'Forster', 90, '12/12/1992', '5/29/2006', 57, 'hforster5@yellowbook.com', '132.149.101.233', 'Oxelösund', 'homme', 131);
insert into Utilisateur (idUtilisateur, pseudo, nom, niveau, dateNaissance, dateCreation, nbBanned, adresseMail, adressIP, region, genre, montantPortefeuille) values (7, 'dsutliff6', 'Sutliff', 15, '12/11/1965', '4/8/2020', 45, 'csutliff6@redcross.org', '158.158.246.246', 'Choushui', 'autre', 80);
insert into Utilisateur (idUtilisateur, pseudo, nom, niveau, dateNaissance, dateCreation, nbBanned, adresseMail, adressIP, region, genre, montantPortefeuille) values (8, 'lband7', 'Band', 92, '2/4/1975', '9/2/2010', 70, 'hband7@printfriendly.com', '7.210.32.134', 'Al Funayţīs', 'femme', 88);
insert into Utilisateur (idUtilisateur, pseudo, nom, niveau, dateNaissance, dateCreation, nbBanned, adresseMail, adressIP, region, genre, montantPortefeuille) values (9, 'ebackhurst8', 'Backhurst', 36, '4/11/2003', '9/24/2018', 36, 'abackhurst8@weibo.com', '168.99.207.197', 'Wujingfu', 'femme', 930);
insert into Utilisateur (idUtilisateur, pseudo, nom, niveau, dateNaissance, dateCreation, nbBanned, adresseMail, adressIP, region, genre, montantPortefeuille) values (10, 'pmursell9', 'Mursell', 54, '9/24/1993', '2/19/2011', 98, 'nmursell9@salon.com', '54.2.149.98', 'Ḩablah', 'autre', 202);
insert into Utilisateur (idUtilisateur, pseudo, nom, niveau, dateNaissance, dateCreation, nbBanned, adresseMail, adressIP, region, genre, montantPortefeuille) values (11, 'gisetona', 'Iseton', 42, '9/26/1984', '6/9/2012', 29, 'misetona@dropbox.com', '224.190.181.39', 'Busungbiu', 'autre', 523);
insert into Utilisateur (idUtilisateur, pseudo, nom, niveau, dateNaissance, dateCreation, nbBanned, adresseMail, adressIP, region, genre, montantPortefeuille) values (12, 'cgrossierb', 'Grossier', 31, '5/2/1965', '2/27/2022', 37, 'agrossierb@goo.ne.jp', '127.222.228.242', 'Artashat', 'homme', 718);
insert into Utilisateur (idUtilisateur, pseudo, nom, niveau, dateNaissance, dateCreation, nbBanned, adresseMail, adressIP, region, genre, montantPortefeuille) values (13, 'aaprilc', 'April', 50, '10/26/2003', '10/18/2022', 49, 'taprilc@de.vu', '138.201.73.179', 'Isakly', 'autre', 432);
insert into Utilisateur (idUtilisateur, pseudo, nom, niveau, dateNaissance, dateCreation, nbBanned, adresseMail, adressIP, region, genre, montantPortefeuille) values (14, 'lmannied', 'Mannie', 71, '7/30/1963', '1/21/2005', 79, 'vmannied@squarespace.com', '142.154.99.236', 'Piet Retief', 'homme', 346);
insert into Utilisateur (idUtilisateur, pseudo, nom, niveau, dateNaissance, dateCreation, nbBanned, adresseMail, adressIP, region, genre, montantPortefeuille) values (15, 'tardernee', 'Arderne', 48, '4/21/1970', '1/23/2022', 56, 'aardernee@hibu.com', '176.242.100.67', 'Xihanling', 'autre', 430);
insert into Utilisateur (idUtilisateur, pseudo, nom, niveau, dateNaissance, dateCreation, nbBanned, adresseMail, adressIP, region, genre, montantPortefeuille) values (16, 'adalstonf', 'Dalston', 10, '2/22/1977', '7/16/2022', 37, 'mdalstonf@loc.gov', '7.92.188.53', 'Prokhladnyy', 'homme', 195);
insert into Utilisateur (idUtilisateur, pseudo, nom, niveau, dateNaissance, dateCreation, nbBanned, adresseMail, adressIP, region, genre, montantPortefeuille) values (17, 'tmilsteadg', 'Milstead', 99, '4/11/1989', '11/10/2005', 90, 'rmilsteadg@1688.com', '57.105.92.135', 'Ţafas', 'femme', 393);
insert into Utilisateur (idUtilisateur, pseudo, nom, niveau, dateNaissance, dateCreation, nbBanned, adresseMail, adressIP, region, genre, montantPortefeuille) values (18, 'gfowlsh', 'Fowls', 49, '11/15/1994', '1/12/2013', 42, 'dfowlsh@printfriendly.com', '201.12.49.144', 'Umm Şalāl ‘Alī', 'homme', 600);
insert into Utilisateur (idUtilisateur, pseudo, nom, niveau, dateNaissance, dateCreation, nbBanned, adresseMail, adressIP, region, genre, montantPortefeuille) values (19, 'eorgani', 'Organ', 28, '6/25/1979', '1/21/2005', 81, 'aorgani@ustream.tv', '42.63.59.184', 'Sanqiao', 'autre', 191);
insert into Utilisateur (idUtilisateur, pseudo, nom, niveau, dateNaissance, dateCreation, nbBanned, adresseMail, adressIP, region, genre, montantPortefeuille) values (20, 'shapsj', 'Haps', 32, '3/4/1988', '9/16/2005', 59, 'ghapsj@amazonaws.com', '193.152.145.100', 'Zhangdun', 'homme', 598);
insert into Utilisateur (idUtilisateur, pseudo, nom, niveau, dateNaissance, dateCreation, nbBanned, adresseMail, adressIP, region, genre, montantPortefeuille) values (21, 'awewellk', 'Wewell', 83, '5/11/1965', '8/16/2010', 87, 'awewellk@canalblog.com', '171.73.105.187', 'Péfki', 'autre', 330);
insert into Utilisateur (idUtilisateur, pseudo, nom, niveau, dateNaissance, dateCreation, nbBanned, adresseMail, adressIP, region, genre, montantPortefeuille) values (22, 'vosuairdl', 'O''Suaird', 60, '2/28/1996', '6/9/2004', 41, 'mosuairdl@bbb.org', '118.140.120.203', 'La Jicaral', 'autre', 549);
insert into Utilisateur (idUtilisateur, pseudo, nom, niveau, dateNaissance, dateCreation, nbBanned, adresseMail, adressIP, region, genre, montantPortefeuille) values (23, 'apaynm', 'Payn', 11, '12/23/1967', '9/24/2009', 32, 'bpaynm@newyorker.com', '228.67.29.246', 'Gastello', 'autre', 818);
insert into Utilisateur (idUtilisateur, pseudo, nom, niveau, dateNaissance, dateCreation, nbBanned, adresseMail, adressIP, region, genre, montantPortefeuille) values (24, 'bbeasantn', 'Beasant', 55, '4/16/1975', '12/24/2010', 74, 'mbeasantn@ovh.net', '219.209.88.82', 'Morgados', 'autre', 229);
insert into Utilisateur (idUtilisateur, pseudo, nom, niveau, dateNaissance, dateCreation, nbBanned, adresseMail, adressIP, region, genre, montantPortefeuille) values (25, 'bhamiltono', 'Hamilton', 76, '3/21/1990', '8/21/2021', 0, 'lhamiltono@wordpress.org', '134.41.235.54', 'Geta', 'autre', 741);
insert into Utilisateur (idUtilisateur, pseudo, nom, niveau, dateNaissance, dateCreation, nbBanned, adresseMail, adressIP, region, genre, montantPortefeuille) values (26, 'wgoodayp', 'Gooday', 100, '2/21/2003', '8/30/2008', 93, 'sgoodayp@google.com.br', '142.55.253.177', 'Ystad', 'autre', 582);
insert into Utilisateur (idUtilisateur, pseudo, nom, niveau, dateNaissance, dateCreation, nbBanned, adresseMail, adressIP, region, genre, montantPortefeuille) values (27, 'ljohanningq', 'Johanning', 35, '6/22/1983', '5/2/2005', 25, 'rjohanningq@tinypic.com', '193.70.138.162', 'Tsiatsan', 'autre', 504);
insert into Utilisateur (idUtilisateur, pseudo, nom, niveau, dateNaissance, dateCreation, nbBanned, adresseMail, adressIP, region, genre, montantPortefeuille) values (28, 'hdawidsohnr', 'Dawidsohn', 6, '12/15/1999', '2/17/2015', 8, 'jdawidsohnr@nytimes.com', '240.97.15.232', 'Filipstad', 'homme', 302);
insert into Utilisateur (idUtilisateur, pseudo, nom, niveau, dateNaissance, dateCreation, nbBanned, adresseMail, adressIP, region, genre, montantPortefeuille) values (29, 'lpretos', 'Preto', 31, '5/22/1983', '1/19/2010', 60, 'npretos@toplist.cz', '66.157.208.229', 'Boavista', 'autre', 154);
insert into Utilisateur (idUtilisateur, pseudo, nom, niveau, dateNaissance, dateCreation, nbBanned, adresseMail, adressIP, region, genre, montantPortefeuille) values (30, 'morant', 'Oran', 64, '5/14/1974', '9/8/2014', 71, 'dorant@yolasite.com', '90.34.172.242', 'Černovice', 'autre', 400);
insert into Utilisateur (idUtilisateur, pseudo, nom, niveau, dateNaissance, dateCreation, nbBanned, adresseMail, adressIP, region, genre, montantPortefeuille) values (31, 'chackneyu', 'Hackney', 2, '3/7/1996', '2/6/2015', 66, 'ehackneyu@privacy.gov.au', '112.248.70.145', 'Mogotes', 'homme', 730);
insert into Utilisateur (idUtilisateur, pseudo, nom, niveau, dateNaissance, dateCreation, nbBanned, adresseMail, adressIP, region, genre, montantPortefeuille) values (32, 'dautryv', 'Autry', 7, '4/14/1974', '10/1/2016', 16, 'kautryv@tamu.edu', '42.228.49.234', 'Marinhais', 'homme', 652);
insert into Utilisateur (idUtilisateur, pseudo, nom, niveau, dateNaissance, dateCreation, nbBanned, adresseMail, adressIP, region, genre, montantPortefeuille) values (33, 'bhyndw', 'Hynd', 88, '5/15/1978', '8/23/2010', 7, 'dhyndw@wsj.com', '138.194.175.228', 'Neyagawa', 'autre', 724);
insert into Utilisateur (idUtilisateur, pseudo, nom, niveau, dateNaissance, dateCreation, nbBanned, adresseMail, adressIP, region, genre, montantPortefeuille) values (34, 'gkayx', 'Kay', 18, '6/30/1996', '1/13/2009', 42, 'skayx@yahoo.com', '228.172.195.27', 'Quezon', 'femme', 735);
insert into Utilisateur (idUtilisateur, pseudo, nom, niveau, dateNaissance, dateCreation, nbBanned, adresseMail, adressIP, region, genre, montantPortefeuille) values (35, 'ncrookally', 'Crookall', 90, '10/18/1985', '8/7/2016', 10, 'icrookally@clickbank.net', '119.30.12.251', 'Jalālpur Pīrwāla', 'homme', 337);
insert into Utilisateur (idUtilisateur, pseudo, nom, niveau, dateNaissance, dateCreation, nbBanned, adresseMail, adressIP, region, genre, montantPortefeuille) values (36, 'jrutledgez', 'Rutledge', 29, '4/5/1967', '10/14/2019', 50, 'brutledgez@1688.com', '11.98.18.163', 'Ershilipu', 'femme', 163);
insert into Utilisateur (idUtilisateur, pseudo, nom, niveau, dateNaissance, dateCreation, nbBanned, adresseMail, adressIP, region, genre, montantPortefeuille) values (37, 'amcelvogue10', 'McElvogue', 3, '8/31/1969', '1/13/2021', 38, 'dmcelvogue10@mac.com', '36.138.214.127', 'Mérignac', 'autre', 350);
insert into Utilisateur (idUtilisateur, pseudo, nom, niveau, dateNaissance, dateCreation, nbBanned, adresseMail, adressIP, region, genre, montantPortefeuille) values (38, 'rmclenahan11', 'McLenahan', 39, '1/2/1999', '6/17/2011', 21, 'amclenahan11@bloglines.com', '220.203.227.125', 'Lumby', 'homme', 902);
insert into Utilisateur (idUtilisateur, pseudo, nom, niveau, dateNaissance, dateCreation, nbBanned, adresseMail, adressIP, region, genre, montantPortefeuille) values (39, 'bwilbor12', 'Wilbor', 92, '1/2/1966', '3/2/2019', 47, 'wwilbor12@parallels.com', '69.34.148.42', 'Khalopyenichy', 'homme', 590);
insert into Utilisateur (idUtilisateur, pseudo, nom, niveau, dateNaissance, dateCreation, nbBanned, adresseMail, adressIP, region, genre, montantPortefeuille) values (40, 'ksheward13', 'Sheward', 13, '12/25/1960', '8/12/2007', 93, 'gsheward13@independent.co.uk', '190.98.207.138', 'Güines', 'homme', 477);
insert into Utilisateur (idUtilisateur, pseudo, nom, niveau, dateNaissance, dateCreation, nbBanned, adresseMail, adressIP, region, genre, montantPortefeuille) values (41, 'nwiggins14', 'Wiggins', 90, '12/26/1972', '2/2/2022', 12, 'dwiggins14@fda.gov', '73.29.1.10', 'Kankara', 'homme', 809);
insert into Utilisateur (idUtilisateur, pseudo, nom, niveau, dateNaissance, dateCreation, nbBanned, adresseMail, adressIP, region, genre, montantPortefeuille) values (42, 'mgorbell15', 'Gorbell', 15, '10/11/1990', '6/20/2015', 4, 'rgorbell15@psu.edu', '56.129.7.163', 'Mercedes', 'femme', 246);
insert into Utilisateur (idUtilisateur, pseudo, nom, niveau, dateNaissance, dateCreation, nbBanned, adresseMail, adressIP, region, genre, montantPortefeuille) values (43, 'rdanihel16', 'Danihel', 63, '5/12/1971', '5/6/2019', 34, 'cdanihel16@scribd.com', '137.43.149.17', 'Xin’an', 'femme', 849);
insert into Utilisateur (idUtilisateur, pseudo, nom, niveau, dateNaissance, dateCreation, nbBanned, adresseMail, adressIP, region, genre, montantPortefeuille) values (44, 'emorrad17', 'Morrad', 98, '3/1/1996', '12/8/2017', 11, 'emorrad17@com.com', '105.131.144.162', 'Topol’noye', 'autre', 581);
insert into Utilisateur (idUtilisateur, pseudo, nom, niveau, dateNaissance, dateCreation, nbBanned, adresseMail, adressIP, region, genre, montantPortefeuille) values (45, 'fionesco18', 'Ionesco', 91, '3/5/1980', '11/1/2012', 44, 'mionesco18@example.com', '163.236.19.66', 'Krajan Dua Dawuan Wetan', 'femme', 379);
insert into Utilisateur (idUtilisateur, pseudo, nom, niveau, dateNaissance, dateCreation, nbBanned, adresseMail, adressIP, region, genre, montantPortefeuille) values (46, 'dbollans19', 'Bollans', 49, '7/30/1972', '2/13/2021', 62, 'nbollans19@google.com.au', '145.88.89.188', 'Dondar Quşçu', 'autre', 854);
insert into Utilisateur (idUtilisateur, pseudo, nom, niveau, dateNaissance, dateCreation, nbBanned, adresseMail, adressIP, region, genre, montantPortefeuille) values (47, 'browet1a', 'Rowet', 5, '11/17/2000', '8/8/2017', 61, 'krowet1a@de.vu', '1.87.124.90', 'Tanggung', 'femme', 64);
insert into Utilisateur (idUtilisateur, pseudo, nom, niveau, dateNaissance, dateCreation, nbBanned, adresseMail, adressIP, region, genre, montantPortefeuille) values (48, 'abentham1b', 'Bentham', 8, '8/28/1981', '10/16/2007', 40, 'dbentham1b@dagondesign.com', '40.81.91.78', 'Radā‘', 'homme', 489);
insert into Utilisateur (idUtilisateur, pseudo, nom, niveau, dateNaissance, dateCreation, nbBanned, adresseMail, adressIP, region, genre, montantPortefeuille) values (49, 'pantyukhin1c', 'Antyukhin', 82, '11/4/1981', '6/28/2019', 84, 'rantyukhin1c@skype.com', '49.105.78.229', 'Toulouse', 'autre', 991);
insert into Utilisateur (idUtilisateur, pseudo, nom, niveau, dateNaissance, dateCreation, nbBanned, adresseMail, adressIP, region, genre, montantPortefeuille) values (50, 'cvideler1d', 'Videler', 39, '5/30/1979', '2/16/2021', 17, 'avideler1d@princeton.edu', '246.180.218.217', 'Parlilitan', 'autre', 901);


insert into Serveur (idServeur, nom, region, espaceTotal, espaceLibre, prixAchat, prixLocation, espaceLoue, dateDebutLocation, dateMisEnService) values (1, 'Sonsing', 'Baton Rouge', 91032, 73968, 97084, 46971, 64723, '3/1/2003', 'error: Function ''mont'' not found');
insert into Serveur (idServeur, nom, region, espaceTotal, espaceLibre, prixAchat, prixLocation, espaceLoue, dateDebutLocation, dateMisEnService) values (2, 'Viva', 'Khŭjand', 43766, 18089, 10377, 5182, 56194, '5/27/2015', 'error: Function ''mont'' not found');
insert into Serveur (idServeur, nom, region, espaceTotal, espaceLibre, prixAchat, prixLocation, espaceLoue, dateDebutLocation, dateMisEnService) values (3, 'Bytecard', 'Yotala', 5498, 92467, 30243, 92046, 46591, '1/10/2020', 'error: Function ''mont'' not found');
insert into Serveur (idServeur, nom, region, espaceTotal, espaceLibre, prixAchat, prixLocation, espaceLoue, dateDebutLocation, dateMisEnService) values (4, 'Job', 'Vyshneve', 74460, 54818, 83212, 18923, 40165, '1/26/2005', 'error: Function ''mont'' not found');
insert into Serveur (idServeur, nom, region, espaceTotal, espaceLibre, prixAchat, prixLocation, espaceLoue, dateDebutLocation, dateMisEnService) values (5, 'Bytecard', 'Cuispes', 57166, 96814, 22782, 66626, 29104, '12/30/2012', 'error: Function ''mont'' not found');
insert into Serveur (idServeur, nom, region, espaceTotal, espaceLibre, prixAchat, prixLocation, espaceLoue, dateDebutLocation, dateMisEnService) values (6, 'Wrapsafe', 'Manchester', 37221, 55278, 29290, 85407, 6146, '5/10/2009', 'error: Function ''mont'' not found');
insert into Serveur (idServeur, nom, region, espaceTotal, espaceLibre, prixAchat, prixLocation, espaceLoue, dateDebutLocation, dateMisEnService) values (7, 'Bamity', 'Ngilengan', 7248, 23828, 73776, 96758, 29671, '7/4/2010', 'error: Function ''mont'' not found');
insert into Serveur (idServeur, nom, region, espaceTotal, espaceLibre, prixAchat, prixLocation, espaceLoue, dateDebutLocation, dateMisEnService) values (8, 'Cardguard', 'Goris', 47459, 9306, 88190, 56354, 33957, '7/11/2001', 'error: Function ''mont'' not found');
insert into Serveur (idServeur, nom, region, espaceTotal, espaceLibre, prixAchat, prixLocation, espaceLoue, dateDebutLocation, dateMisEnService) values (9, 'Job', 'Strasbourg', 60374, 98978, 54866, 86760, 37005, '8/2/2004', 'error: Function ''mont'' not found');
insert into Serveur (idServeur, nom, region, espaceTotal, espaceLibre, prixAchat, prixLocation, espaceLoue, dateDebutLocation, dateMisEnService) values (10, 'Zaam-Dox', 'Sidi Bouzid', 67118, 33763, 39630, 21900, 75338, '12/31/2017', 'error: Function ''mont'' not found');
insert into Serveur (idServeur, nom, region, espaceTotal, espaceLibre, prixAchat, prixLocation, espaceLoue, dateDebutLocation, dateMisEnService) values (11, 'Vagram', 'Durham', 70973, 44165, 63735, 43632, 37592, '6/21/2005', 'error: Function ''mont'' not found');
insert into Serveur (idServeur, nom, region, espaceTotal, espaceLibre, prixAchat, prixLocation, espaceLoue, dateDebutLocation, dateMisEnService) values (12, 'Home Ing', 'Cikijing', 96311, 41528, 33384, 8473, 59026, '5/14/2004', 'error: Function ''mont'' not found');
insert into Serveur (idServeur, nom, region, espaceTotal, espaceLibre, prixAchat, prixLocation, espaceLoue, dateDebutLocation, dateMisEnService) values (13, 'Sub-Ex', 'Ryazanskaya', 30722, 24389, 11909, 14651, 93173, '7/3/2001', 'error: Function ''mont'' not found');
insert into Serveur (idServeur, nom, region, espaceTotal, espaceLibre, prixAchat, prixLocation, espaceLoue, dateDebutLocation, dateMisEnService) values (14, 'Namfix', 'Welibo', 69307, 9721, 39191, 4330, 7725, '6/21/2010', 'error: Function ''mont'' not found');
insert into Serveur (idServeur, nom, region, espaceTotal, espaceLibre, prixAchat, prixLocation, espaceLoue, dateDebutLocation, dateMisEnService) values (15, 'Regrant', 'Savonlinna', 53914, 35964, 21351, 33096, 48302, '9/2/2008', 'error: Function ''mont'' not found');
insert into Serveur (idServeur, nom, region, espaceTotal, espaceLibre, prixAchat, prixLocation, espaceLoue, dateDebutLocation, dateMisEnService) values (16, 'Zaam-Dox', 'Santo Domingo', 86289, 30740, 60387, 98566, 68058, '1/9/2015', 'error: Function ''mont'' not found');
insert into Serveur (idServeur, nom, region, espaceTotal, espaceLibre, prixAchat, prixLocation, espaceLoue, dateDebutLocation, dateMisEnService) values (17, 'Zoolab', 'Tanudan', 99482, 58494, 77062, 78782, 91151, '2/3/2006', 'error: Function ''mont'' not found');
insert into Serveur (idServeur, nom, region, espaceTotal, espaceLibre, prixAchat, prixLocation, espaceLoue, dateDebutLocation, dateMisEnService) values (18, 'Namfix', 'Shahkot', 51352, 50455, 56371, 17980, 13292, '9/10/2021', 'error: Function ''mont'' not found');
insert into Serveur (idServeur, nom, region, espaceTotal, espaceLibre, prixAchat, prixLocation, espaceLoue, dateDebutLocation, dateMisEnService) values (19, 'Cookley', 'Batan', 51203, 57019, 95064, 12886, 16691, '9/19/2001', 'error: Function ''mont'' not found');
insert into Serveur (idServeur, nom, region, espaceTotal, espaceLibre, prixAchat, prixLocation, espaceLoue, dateDebutLocation, dateMisEnService) values (20, 'Transcof', 'Bondy', 37643, 19402, 26422, 27950, 91736, '7/28/2017', 'error: Function ''mont'' not found');
insert into Serveur (idServeur, nom, region, espaceTotal, espaceLibre, prixAchat, prixLocation, espaceLoue, dateDebutLocation, dateMisEnService) values (21, 'Sonair', 'Mariestad', 8991, 61473, 12673, 11808, 87832, '3/23/2014', 'error: Function ''mont'' not found');
insert into Serveur (idServeur, nom, region, espaceTotal, espaceLibre, prixAchat, prixLocation, espaceLoue, dateDebutLocation, dateMisEnService) values (22, 'Duobam', 'Loivos', 7960, 49587, 36405, 75184, 33657, '5/9/2008', 'error: Function ''mont'' not found');
insert into Serveur (idServeur, nom, region, espaceTotal, espaceLibre, prixAchat, prixLocation, espaceLoue, dateDebutLocation, dateMisEnService) values (23, 'Stronghold', 'Cumadcad', 97479, 51576, 44048, 87414, 21236, '7/10/2011', 'error: Function ''mont'' not found');
insert into Serveur (idServeur, nom, region, espaceTotal, espaceLibre, prixAchat, prixLocation, espaceLoue, dateDebutLocation, dateMisEnService) values (24, 'Holdlamis', 'Shuangbaiyang', 22752, 21429, 59021, 71043, 46549, '5/13/2004', 'error: Function ''mont'' not found');
insert into Serveur (idServeur, nom, region, espaceTotal, espaceLibre, prixAchat, prixLocation, espaceLoue, dateDebutLocation, dateMisEnService) values (25, 'Prodder', 'Betong', 95222, 96708, 93113, 85941, 78700, '6/29/2001', 'error: Function ''mont'' not found');
insert into Serveur (idServeur, nom, region, espaceTotal, espaceLibre, prixAchat, prixLocation, espaceLoue, dateDebutLocation, dateMisEnService) values (26, 'Bigtax', 'Massakory', 67052, 82435, 85136, 4435, 23916, '6/12/2010', 'error: Function ''mont'' not found');
insert into Serveur (idServeur, nom, region, espaceTotal, espaceLibre, prixAchat, prixLocation, espaceLoue, dateDebutLocation, dateMisEnService) values (27, 'Tampflex', 'Chosica', 65027, 76292, 68091, 74591, 24119, '5/1/2004', 'error: Function ''mont'' not found');
insert into Serveur (idServeur, nom, region, espaceTotal, espaceLibre, prixAchat, prixLocation, espaceLoue, dateDebutLocation, dateMisEnService) values (28, 'Home Ing', 'Saint Catherine', 28622, 91904, 71964, 50780, 21886, '8/15/2007', 'error: Function ''mont'' not found');
insert into Serveur (idServeur, nom, region, espaceTotal, espaceLibre, prixAchat, prixLocation, espaceLoue, dateDebutLocation, dateMisEnService) values (29, 'Wrapsafe', 'Outlook', 63419, 71302, 42600, 87500, 34393, '2/1/2006', 'error: Function ''mont'' not found');
insert into Serveur (idServeur, nom, region, espaceTotal, espaceLibre, prixAchat, prixLocation, espaceLoue, dateDebutLocation, dateMisEnService) values (30, 'Treeflex', 'Jinquan', 10718, 45802, 17194, 8670, 22913, '3/29/2016', 'error: Function ''mont'' not found');
insert into Serveur (idServeur, nom, region, espaceTotal, espaceLibre, prixAchat, prixLocation, espaceLoue, dateDebutLocation, dateMisEnService) values (31, 'Wrapsafe', 'Aranyaprathet', 19388, 53271, 58691, 76703, 75154, '8/16/2008', 'error: Function ''mont'' not found');
insert into Serveur (idServeur, nom, region, espaceTotal, espaceLibre, prixAchat, prixLocation, espaceLoue, dateDebutLocation, dateMisEnService) values (32, 'Stronghold', 'Sabang', 89945, 7965, 39938, 37837, 43202, '6/14/2016', 'error: Function ''mont'' not found');
insert into Serveur (idServeur, nom, region, espaceTotal, espaceLibre, prixAchat, prixLocation, espaceLoue, dateDebutLocation, dateMisEnService) values (33, 'Holdlamis', 'Taoyuan', 43353, 35805, 53177, 90650, 50896, '8/1/2019', 'error: Function ''mont'' not found');
insert into Serveur (idServeur, nom, region, espaceTotal, espaceLibre, prixAchat, prixLocation, espaceLoue, dateDebutLocation, dateMisEnService) values (34, 'Tres-Zap', 'Santa Marcela', 44295, 37197, 60893, 8655, 74154, '8/16/2021', 'error: Function ''mont'' not found');
insert into Serveur (idServeur, nom, region, espaceTotal, espaceLibre, prixAchat, prixLocation, espaceLoue, dateDebutLocation, dateMisEnService) values (35, 'Stim', 'Daliuhao', 17822, 77184, 46358, 36283, 41204, '3/21/2005', 'error: Function ''mont'' not found');
insert into Serveur (idServeur, nom, region, espaceTotal, espaceLibre, prixAchat, prixLocation, espaceLoue, dateDebutLocation, dateMisEnService) values (36, 'Zontrax', 'Logroño', 93044, 85708, 39838, 83459, 53745, '4/28/2019', 'error: Function ''mont'' not found');
insert into Serveur (idServeur, nom, region, espaceTotal, espaceLibre, prixAchat, prixLocation, espaceLoue, dateDebutLocation, dateMisEnService) values (37, 'Andalax', 'Łącko', 6564, 44556, 75832, 81872, 33258, '11/7/2007', 'error: Function ''mont'' not found');
insert into Serveur (idServeur, nom, region, espaceTotal, espaceLibre, prixAchat, prixLocation, espaceLoue, dateDebutLocation, dateMisEnService) values (38, 'Job', 'Huaylillas', 26165, 44130, 99956, 83746, 9598, '7/19/2004', 'error: Function ''mont'' not found');
insert into Serveur (idServeur, nom, region, espaceTotal, espaceLibre, prixAchat, prixLocation, espaceLoue, dateDebutLocation, dateMisEnService) values (39, 'Subin', 'Nor Gyugh', 85742, 64356, 29441, 68430, 37134, '12/28/2003', 'error: Function ''mont'' not found');
insert into Serveur (idServeur, nom, region, espaceTotal, espaceLibre, prixAchat, prixLocation, espaceLoue, dateDebutLocation, dateMisEnService) values (40, 'Lotlux', 'Lianhe', 36185, 86792, 28727, 25963, 41926, '12/28/2003', 'error: Function ''mont'' not found');
insert into Serveur (idServeur, nom, region, espaceTotal, espaceLibre, prixAchat, prixLocation, espaceLoue, dateDebutLocation, dateMisEnService) values (41, 'Konklux', 'Shifang', 58803, 30469, 31174, 83276, 63439, '5/22/2020', 'error: Function ''mont'' not found');
insert into Serveur (idServeur, nom, region, espaceTotal, espaceLibre, prixAchat, prixLocation, espaceLoue, dateDebutLocation, dateMisEnService) values (42, 'Tres-Zap', 'Itsukaichi', 48861, 6348, 54003, 29712, 28345, '11/8/2019', 'error: Function ''mont'' not found');
insert into Serveur (idServeur, nom, region, espaceTotal, espaceLibre, prixAchat, prixLocation, espaceLoue, dateDebutLocation, dateMisEnService) values (43, 'Bytecard', 'Phanom Phrai', 30989, 54126, 79546, 85838, 60953, '6/20/2016', 'error: Function ''mont'' not found');
insert into Serveur (idServeur, nom, region, espaceTotal, espaceLibre, prixAchat, prixLocation, espaceLoue, dateDebutLocation, dateMisEnService) values (44, 'Stringtough', '‘Akko', 60107, 84448, 67764, 70589, 22071, '8/23/2019', 'error: Function ''mont'' not found');
insert into Serveur (idServeur, nom, region, espaceTotal, espaceLibre, prixAchat, prixLocation, espaceLoue, dateDebutLocation, dateMisEnService) values (45, 'Hatity', 'Sa’erhusong', 14466, 90713, 86024, 21431, 64379, '8/3/2013', 'error: Function ''mont'' not found');
insert into Serveur (idServeur, nom, region, espaceTotal, espaceLibre, prixAchat, prixLocation, espaceLoue, dateDebutLocation, dateMisEnService) values (46, 'Toughjoyfax', 'Caazapá', 85400, 94437, 40595, 67620, 73130, '2/8/2009', 'error: Function ''mont'' not found');
insert into Serveur (idServeur, nom, region, espaceTotal, espaceLibre, prixAchat, prixLocation, espaceLoue, dateDebutLocation, dateMisEnService) values (47, 'Bitchip', 'Marolambo', 60562, 65047, 69150, 7407, 87795, '1/31/2005', 'error: Function ''mont'' not found');
insert into Serveur (idServeur, nom, region, espaceTotal, espaceLibre, prixAchat, prixLocation, espaceLoue, dateDebutLocation, dateMisEnService) values (48, 'Vagram', 'Esperalvillo', 84779, 73383, 55444, 68492, 33458, '11/13/2017', 'error: Function ''mont'' not found');
insert into Serveur (idServeur, nom, region, espaceTotal, espaceLibre, prixAchat, prixLocation, espaceLoue, dateDebutLocation, dateMisEnService) values (49, 'Matsoft', 'Orlovat', 74625, 29055, 85194, 27184, 45605, '10/30/2008', 'error: Function ''mont'' not found');
insert into Serveur (idServeur, nom, region, espaceTotal, espaceLibre, prixAchat, prixLocation, espaceLoue, dateDebutLocation, dateMisEnService) values (50, 'Zaam-Dox', 'Fangjun', 44300, 98846, 92926, 8046, 69602, '4/20/2020', 'error: Function ''mont'' not found');


insert into Promotion (idPromotion, nomPromotion, regionPromotion, typeReduction, valeurPromotion, dateDebut, dateFin) values (1, 'Regrant', 'Tigpalay', 'Net', 59.14, '1/12/2022', '2/12/2022');
insert into Promotion (idPromotion, nomPromotion, regionPromotion, typeReduction, valeurPromotion, dateDebut, dateFin) values (2, 'Aerified', 'Jihui', 'Net', 53.35, '10/25/2022', '11/25/2022');
insert into Promotion (idPromotion, nomPromotion, regionPromotion, typeReduction, valeurPromotion, dateDebut, dateFin) values (3, 'Tempsoft', 'Bobowo', 'Net', 26.61, '12/4/2021', '1/4/2022');
insert into Promotion (idPromotion, nomPromotion, regionPromotion, typeReduction, valeurPromotion, dateDebut, dateFin) values (4, 'Subin', 'Bangui', 'Net', 83.91, '11/10/2022', '12/10/2022');
insert into Promotion (idPromotion, nomPromotion, regionPromotion, typeReduction, valeurPromotion, dateDebut, dateFin) values (5, 'Latlux', 'Agboville', 'Net', 36.61, '11/26/2021', '12/26/2021');
insert into Promotion (idPromotion, nomPromotion, regionPromotion, typeReduction, valeurPromotion, dateDebut, dateFin) values (6, 'Tresom', 'Lianhe', 'Net', 22.2, '12/19/2021', '1/19/2022');
insert into Promotion (idPromotion, nomPromotion, regionPromotion, typeReduction, valeurPromotion, dateDebut, dateFin) values (7, 'Aerified', 'San Emilio', 'Net', 1.55, '8/29/2022', '9/29/2022');
insert into Promotion (idPromotion, nomPromotion, regionPromotion, typeReduction, valeurPromotion, dateDebut, dateFin) values (8, 'Quo Lux', 'Mzuzu', 'Net', 66.31, '11/30/2021', '12/30/2021');
insert into Promotion (idPromotion, nomPromotion, regionPromotion, typeReduction, valeurPromotion, dateDebut, dateFin) values (9, 'Alphazap', 'Uruguaiana', 'Net', 95.27, '2/24/2022', '3/24/2022');
insert into Promotion (idPromotion, nomPromotion, regionPromotion, typeReduction, valeurPromotion, dateDebut, dateFin) values (10, 'Fixflex', 'Xialu', 'Pourcent', 88.64, '11/29/2021', '12/29/2021');
insert into Promotion (idPromotion, nomPromotion, regionPromotion, typeReduction, valeurPromotion, dateDebut, dateFin) values (11, 'Trippledex', 'Pital', 'Net', 8.66, '8/28/2022', '9/28/2022');
insert into Promotion (idPromotion, nomPromotion, regionPromotion, typeReduction, valeurPromotion, dateDebut, dateFin) values (12, 'Job', 'Margotuhu Kidul', 'Net', 77.33, '6/26/2022', '7/26/2022');
insert into Promotion (idPromotion, nomPromotion, regionPromotion, typeReduction, valeurPromotion, dateDebut, dateFin) values (13, 'Bitwolf', 'Munjungan', 'Net', 7.71, '4/25/2022', '5/25/2022');
insert into Promotion (idPromotion, nomPromotion, regionPromotion, typeReduction, valeurPromotion, dateDebut, dateFin) values (14, 'Matsoft', 'Los Dos Caminos', 'Net', 74.07, '4/18/2022', '5/18/2022');
insert into Promotion (idPromotion, nomPromotion, regionPromotion, typeReduction, valeurPromotion, dateDebut, dateFin) values (15, 'Pannier', 'La Eduvigis', 'Net', 23.56, '2/5/2022', '3/5/2022');
insert into Promotion (idPromotion, nomPromotion, regionPromotion, typeReduction, valeurPromotion, dateDebut, dateFin) values (16, 'Ventosanzap', 'Ochojno', 'Pourcent', 42.11, '12/13/2021', '1/13/2022');
insert into Promotion (idPromotion, nomPromotion, regionPromotion, typeReduction, valeurPromotion, dateDebut, dateFin) values (17, 'Vagram', 'Potoni', 'Pourcent', 86.63, '7/24/2022', '8/24/2022');
insert into Promotion (idPromotion, nomPromotion, regionPromotion, typeReduction, valeurPromotion, dateDebut, dateFin) values (18, 'Tempsoft', 'Rydzyna', 'Pourcent', 70.94, '11/18/2022', '12/18/2022');
insert into Promotion (idPromotion, nomPromotion, regionPromotion, typeReduction, valeurPromotion, dateDebut, dateFin) values (19, 'Kanlam', 'Şūr', 'Net', 93.15, '2/14/2022', '3/14/2022');
insert into Promotion (idPromotion, nomPromotion, regionPromotion, typeReduction, valeurPromotion, dateDebut, dateFin) values (20, 'Cookley', 'Zaozhuang', 'Pourcent', 73.8, '7/10/2022', '8/10/2022');
insert into Promotion (idPromotion, nomPromotion, regionPromotion, typeReduction, valeurPromotion, dateDebut, dateFin) values (21, 'Lotstring', 'Maanĭt', 'Net', 52.57, '5/16/2022', '6/16/2022');
insert into Promotion (idPromotion, nomPromotion, regionPromotion, typeReduction, valeurPromotion, dateDebut, dateFin) values (22, 'Zaam-Dox', 'Olszanica', 'Pourcent', 5.4, '2/12/2022', '3/12/2022');
insert into Promotion (idPromotion, nomPromotion, regionPromotion, typeReduction, valeurPromotion, dateDebut, dateFin) values (23, 'Hatity', 'Cravinhos', 'Pourcent', 86.28, '9/15/2022', '10/15/2022');
insert into Promotion (idPromotion, nomPromotion, regionPromotion, typeReduction, valeurPromotion, dateDebut, dateFin) values (24, 'Alpha', 'Sanxixiang', 'Net', 60.03, '2/19/2022', '3/19/2022');
insert into Promotion (idPromotion, nomPromotion, regionPromotion, typeReduction, valeurPromotion, dateDebut, dateFin) values (25, 'Cardguard', 'Natu', 'Pourcent', 69.95, '2/18/2022', '3/18/2022');
insert into Promotion (idPromotion, nomPromotion, regionPromotion, typeReduction, valeurPromotion, dateDebut, dateFin) values (26, 'Duobam', 'San Mateo', 'Pourcent', 72.24, '11/5/2022', '12/5/2022');
insert into Promotion (idPromotion, nomPromotion, regionPromotion, typeReduction, valeurPromotion, dateDebut, dateFin) values (27, 'Greenlam', 'Cergy-Pontoise', 'Net', 38.82, '10/31/2022', '11/30/2022');
insert into Promotion (idPromotion, nomPromotion, regionPromotion, typeReduction, valeurPromotion, dateDebut, dateFin) values (28, 'Treeflex', 'Kukichūō', 'Pourcent', 66.38, '3/1/2022', '4/1/2022');
insert into Promotion (idPromotion, nomPromotion, regionPromotion, typeReduction, valeurPromotion, dateDebut, dateFin) values (29, 'Alpha', 'Shamkhor', 'Net', 8.11, '4/2/2022', '5/2/2022');
insert into Promotion (idPromotion, nomPromotion, regionPromotion, typeReduction, valeurPromotion, dateDebut, dateFin) values (30, 'Solarbreeze', 'Solnechnyy', 'Net', 60.97, '5/21/2022', '6/21/2022');
insert into Promotion (idPromotion, nomPromotion, regionPromotion, typeReduction, valeurPromotion, dateDebut, dateFin) values (31, 'Sub-Ex', 'Vareš', 'Net', 67.01, '6/30/2022', '7/30/2022');
insert into Promotion (idPromotion, nomPromotion, regionPromotion, typeReduction, valeurPromotion, dateDebut, dateFin) values (32, 'Flexidy', 'San Antonio', 'Pourcent', 22.03, '8/23/2022', '9/23/2022');
insert into Promotion (idPromotion, nomPromotion, regionPromotion, typeReduction, valeurPromotion, dateDebut, dateFin) values (33, 'Overhold', 'Sedayulawas', 'Pourcent', 5.83, '2/6/2022', '3/6/2022');
insert into Promotion (idPromotion, nomPromotion, regionPromotion, typeReduction, valeurPromotion, dateDebut, dateFin) values (34, 'Home Ing', 'Rochester', 'Pourcent', 43.05, '5/7/2022', '6/7/2022');
insert into Promotion (idPromotion, nomPromotion, regionPromotion, typeReduction, valeurPromotion, dateDebut, dateFin) values (35, 'Latlux', 'Pyatigorskiy', 'Net', 2.74, '8/12/2022', '9/12/2022');
insert into Promotion (idPromotion, nomPromotion, regionPromotion, typeReduction, valeurPromotion, dateDebut, dateFin) values (36, 'Flowdesk', 'Vitarte', 'Net', 58.49, '1/27/2022', '2/27/2022');
insert into Promotion (idPromotion, nomPromotion, regionPromotion, typeReduction, valeurPromotion, dateDebut, dateFin) values (37, 'Vagram', 'Peixing', 'Pourcent', 23.18, '1/15/2022', '2/15/2022');
insert into Promotion (idPromotion, nomPromotion, regionPromotion, typeReduction, valeurPromotion, dateDebut, dateFin) values (38, 'Konklab', 'Cikuya', 'Pourcent', 87.68, '12/25/2021', '1/25/2022');
insert into Promotion (idPromotion, nomPromotion, regionPromotion, typeReduction, valeurPromotion, dateDebut, dateFin) values (39, 'Hatity', 'Banyulegi', 'Net', 69.34, '1/12/2022', '2/12/2022');
insert into Promotion (idPromotion, nomPromotion, regionPromotion, typeReduction, valeurPromotion, dateDebut, dateFin) values (40, 'Y-find', 'Sintansin', 'Pourcent', 58.7, '10/16/2022', '11/16/2022');
insert into Promotion (idPromotion, nomPromotion, regionPromotion, typeReduction, valeurPromotion, dateDebut, dateFin) values (41, 'Pannier', 'Huangcun', 'Net', 79.14, '11/2/2022', '12/2/2022');
insert into Promotion (idPromotion, nomPromotion, regionPromotion, typeReduction, valeurPromotion, dateDebut, dateFin) values (42, 'Sonsing', 'Kotadukuh', 'Pourcent', 31.4, '12/6/2021', '1/6/2022');
insert into Promotion (idPromotion, nomPromotion, regionPromotion, typeReduction, valeurPromotion, dateDebut, dateFin) values (43, 'Temp', 'Qilong', 'Net', 65.67, '1/25/2022', '2/25/2022');
insert into Promotion (idPromotion, nomPromotion, regionPromotion, typeReduction, valeurPromotion, dateDebut, dateFin) values (44, 'Quo Lux', 'Anding', 'Pourcent', 77.65, '8/25/2022', '9/25/2022');
insert into Promotion (idPromotion, nomPromotion, regionPromotion, typeReduction, valeurPromotion, dateDebut, dateFin) values (45, 'Voyatouch', 'Konstantinovskoye', 'Net', 71.93, '5/17/2022', '6/17/2022');
insert into Promotion (idPromotion, nomPromotion, regionPromotion, typeReduction, valeurPromotion, dateDebut, dateFin) values (46, 'Pannier', 'Bureya', 'Pourcent', 17.25, '8/2/2022', '9/2/2022');
insert into Promotion (idPromotion, nomPromotion, regionPromotion, typeReduction, valeurPromotion, dateDebut, dateFin) values (47, 'Tres-Zap', 'Koźmin Wielkopolski', 'Pourcent', 72.47, '12/14/2021', '1/14/2022');
insert into Promotion (idPromotion, nomPromotion, regionPromotion, typeReduction, valeurPromotion, dateDebut, dateFin) values (48, 'Andalax', 'Czarków', 'Net', 2.33, '9/22/2022', '10/22/2022');
insert into Promotion (idPromotion, nomPromotion, regionPromotion, typeReduction, valeurPromotion, dateDebut, dateFin) values (49, 'Andalax', 'Amnat Charoen', 'Net', 5.75, '1/19/2022', '2/19/2022');
insert into Promotion (idPromotion, nomPromotion, regionPromotion, typeReduction, valeurPromotion, dateDebut, dateFin) values (50, 'Opela', 'København', 'Pourcent', 24.42, '4/7/2022', '5/7/2022');



create table Dates (
	idDate INT,
	dates DATE,
	jour INT,
	mois INT,
	annee INT,
	numJourSemaine INT,
	numJourMois INT,
	numJourAnnee INT,
	numeroTrimestre INT,
	vacances VARCHAR(50)
);
insert into Dates (idDate, dates, jour, mois, annee, numJourSemaine, numJourMois, numJourAnnee, numeroTrimestre, vacances) values (1, '7/30/2022', 30, 7, 2022, 3, 30, 213, 4, 'Ete');
insert into Dates (idDate, dates, jour, mois, annee, numJourSemaine, numJourMois, numJourAnnee, numeroTrimestre, vacances) values (2, '9/15/2022', 15, 9, 2022, 7, 15, 277, 1, 'Ete');
insert into Dates (idDate, dates, jour, mois, annee, numJourSemaine, numJourMois, numJourAnnee, numeroTrimestre, vacances) values (3, '4/28/2022', 28, 4, 2022, 3, 28, 195, 1, 'Ete');
insert into Dates (idDate, dates, jour, mois, annee, numJourSemaine, numJourMois, numJourAnnee, numeroTrimestre, vacances) values (4, '1/2/2022', 2, 1, 2022, 7, 2, 218, 3, 'Printemps');
insert into Dates (idDate, dates, jour, mois, annee, numJourSemaine, numJourMois, numJourAnnee, numeroTrimestre, vacances) values (5, '12/11/2021', 11, 12, 2021, 4, 11, 118, 4, 'Ete');
insert into Dates (idDate, dates, jour, mois, annee, numJourSemaine, numJourMois, numJourAnnee, numeroTrimestre, vacances) values (6, '4/26/2022', 26, 4, 2022, 5, 26, 244, 2, 'Hiver');
insert into Dates (idDate, dates, jour, mois, annee, numJourSemaine, numJourMois, numJourAnnee, numeroTrimestre, vacances) values (7, '4/18/2022', 18, 4, 2022, 6, 18, 166, 1, 'Printemps');
insert into Dates (idDate, dates, jour, mois, annee, numJourSemaine, numJourMois, numJourAnnee, numeroTrimestre, vacances) values (8, '7/5/2022', 5, 7, 2022, 5, 5, 342, 2, 'Noel');
insert into Dates (idDate, dates, jour, mois, annee, numJourSemaine, numJourMois, numJourAnnee, numeroTrimestre, vacances) values (9, '3/5/2022', 5, 3, 2022, 3, 5, 6, 2, 'Printemps');
insert into Dates (idDate, dates, jour, mois, annee, numJourSemaine, numJourMois, numJourAnnee, numeroTrimestre, vacances) values (10, '1/20/2022', 20, 1, 2022, 7, 20, 245, 2, 'Printemps');
insert into Dates (idDate, dates, jour, mois, annee, numJourSemaine, numJourMois, numJourAnnee, numeroTrimestre, vacances) values (11, '7/19/2022', 19, 7, 2022, 3, 19, 284, 2, 'Printemps');
insert into Dates (idDate, dates, jour, mois, annee, numJourSemaine, numJourMois, numJourAnnee, numeroTrimestre, vacances) values (12, '7/1/2022', 1, 7, 2022, 2, 1, 110, 2, 'Ete');
insert into Dates (idDate, dates, jour, mois, annee, numJourSemaine, numJourMois, numJourAnnee, numeroTrimestre, vacances) values (13, '12/14/2021', 14, 12, 2021, 3, 14, 49, 4, 'Printemps');
insert into Dates (idDate, dates, jour, mois, annee, numJourSemaine, numJourMois, numJourAnnee, numeroTrimestre, vacances) values (14, '10/15/2022', 15, 10, 2022, 3, 15, 139, 4, 'Toussaint');
insert into Dates (idDate, dates, jour, mois, annee, numJourSemaine, numJourMois, numJourAnnee, numeroTrimestre, vacances) values (15, '5/29/2022', 29, 5, 2022, 6, 29, 28, 3, 'Ete');
insert into Dates (idDate, dates, jour, mois, annee, numJourSemaine, numJourMois, numJourAnnee, numeroTrimestre, vacances) values (16, '4/21/2022', 21, 4, 2022, 2, 21, 226, 1, 'Printemps');
insert into Dates (idDate, dates, jour, mois, annee, numJourSemaine, numJourMois, numJourAnnee, numeroTrimestre, vacances) values (17, '9/28/2022', 28, 9, 2022, 3, 28, 13, 1, 'Ete');
insert into Dates (idDate, dates, jour, mois, annee, numJourSemaine, numJourMois, numJourAnnee, numeroTrimestre, vacances) values (18, '9/7/2022', 7, 9, 2022, 7, 7, 100, 4, 'Printemps');
insert into Dates (idDate, dates, jour, mois, annee, numJourSemaine, numJourMois, numJourAnnee, numeroTrimestre, vacances) values (19, '5/29/2022', 29, 5, 2022, 6, 29, 332, 4, 'Printemps');
insert into Dates (idDate, dates, jour, mois, annee, numJourSemaine, numJourMois, numJourAnnee, numeroTrimestre, vacances) values (20, '4/20/2022', 20, 4, 2022, 4, 20, 359, 4, 'Ete');
insert into Dates (idDate, dates, jour, mois, annee, numJourSemaine, numJourMois, numJourAnnee, numeroTrimestre, vacances) values (21, '9/22/2022', 22, 9, 2022, 3, 22, 229, 4, 'Noel');
insert into Dates (idDate, dates, jour, mois, annee, numJourSemaine, numJourMois, numJourAnnee, numeroTrimestre, vacances) values (22, '11/14/2022', 14, 11, 2022, 2, 14, 106, 2, 'Ete');
insert into Dates (idDate, dates, jour, mois, annee, numJourSemaine, numJourMois, numJourAnnee, numeroTrimestre, vacances) values (23, '12/21/2021', 21, 12, 2021, 7, 21, 291, 3, 'Printemps');
insert into Dates (idDate, dates, jour, mois, annee, numJourSemaine, numJourMois, numJourAnnee, numeroTrimestre, vacances) values (24, '6/17/2022', 17, 6, 2022, 1, 17, 83, 3, 'Printemps');
insert into Dates (idDate, dates, jour, mois, annee, numJourSemaine, numJourMois, numJourAnnee, numeroTrimestre, vacances) values (25, '8/31/2022', 31, 8, 2022, 7, 31, 104, 4, 'Printemps');
insert into Dates (idDate, dates, jour, mois, annee, numJourSemaine, numJourMois, numJourAnnee, numeroTrimestre, vacances) values (26, '9/22/2022', 22, 9, 2022, 3, 22, 46, 4, 'Hiver');
insert into Dates (idDate, dates, jour, mois, annee, numJourSemaine, numJourMois, numJourAnnee, numeroTrimestre, vacances) values (27, '2/5/2022', 5, 2, 2022, 5, 5, 74, 1, 'Hiver');
insert into Dates (idDate, dates, jour, mois, annee, numJourSemaine, numJourMois, numJourAnnee, numeroTrimestre, vacances) values (28, '10/23/2022', 23, 10, 2022, 1, 23, 324, 1, 'Hiver');
insert into Dates (idDate, dates, jour, mois, annee, numJourSemaine, numJourMois, numJourAnnee, numeroTrimestre, vacances) values (29, '6/4/2022', 4, 6, 2022, 7, 4, 172, 2, 'Printemps');
insert into Dates (idDate, dates, jour, mois, annee, numJourSemaine, numJourMois, numJourAnnee, numeroTrimestre, vacances) values (30, '10/17/2022', 17, 10, 2022, 5, 17, 340, 4, 'Ete');
insert into Dates (idDate, dates, jour, mois, annee, numJourSemaine, numJourMois, numJourAnnee, numeroTrimestre, vacances) values (31, '5/16/2022', 16, 5, 2022, 1, 16, 188, 2, 'Printemps');
insert into Dates (idDate, dates, jour, mois, annee, numJourSemaine, numJourMois, numJourAnnee, numeroTrimestre, vacances) values (32, '12/17/2021', 17, 12, 2021, 5, 17, 212, 1, 'Ete');
insert into Dates (idDate, dates, jour, mois, annee, numJourSemaine, numJourMois, numJourAnnee, numeroTrimestre, vacances) values (33, '2/10/2022', 10, 2, 2022, 2, 10, 356, 3, 'Printemps');
insert into Dates (idDate, dates, jour, mois, annee, numJourSemaine, numJourMois, numJourAnnee, numeroTrimestre, vacances) values (34, '9/17/2022', 17, 9, 2022, 3, 17, 127, 2, 'Printemps');
insert into Dates (idDate, dates, jour, mois, annee, numJourSemaine, numJourMois, numJourAnnee, numeroTrimestre, vacances) values (35, '8/23/2022', 23, 8, 2022, 7, 23, 94, 1, 'Hiver');
insert into Dates (idDate, dates, jour, mois, annee, numJourSemaine, numJourMois, numJourAnnee, numeroTrimestre, vacances) values (36, '11/26/2021', 26, 11, 2021, 7, 26, 337, 3, 'Noel');
insert into Dates (idDate, dates, jour, mois, annee, numJourSemaine, numJourMois, numJourAnnee, numeroTrimestre, vacances) values (37, '8/4/2022', 4, 8, 2022, 6, 4, 22, 3, 'Toussaint');
insert into Dates (idDate, dates, jour, mois, annee, numJourSemaine, numJourMois, numJourAnnee, numeroTrimestre, vacances) values (38, '6/4/2022', 4, 6, 2022, 3, 4, 192, 2, 'Hiver');
insert into Dates (idDate, dates, jour, mois, annee, numJourSemaine, numJourMois, numJourAnnee, numeroTrimestre, vacances) values (39, '7/5/2022', 5, 7, 2022, 2, 5, 223, 4, 'Ete');
insert into Dates (idDate, dates, jour, mois, annee, numJourSemaine, numJourMois, numJourAnnee, numeroTrimestre, vacances) values (40, '8/9/2022', 9, 8, 2022, 5, 9, 92, 1, 'Ete');
insert into Dates (idDate, dates, jour, mois, annee, numJourSemaine, numJourMois, numJourAnnee, numeroTrimestre, vacances) values (41, '2/22/2022', 22, 2, 2022, 1, 22, 253, 1, 'Printemps');
insert into Dates (idDate, dates, jour, mois, annee, numJourSemaine, numJourMois, numJourAnnee, numeroTrimestre, vacances) values (42, '11/2/2022', 2, 11, 2022, 5, 2, 65, 2, 'Noel');
insert into Dates (idDate, dates, jour, mois, annee, numJourSemaine, numJourMois, numJourAnnee, numeroTrimestre, vacances) values (43, '10/18/2022', 18, 10, 2022, 5, 18, 165, 4, 'Ete');
insert into Dates (idDate, dates, jour, mois, annee, numJourSemaine, numJourMois, numJourAnnee, numeroTrimestre, vacances) values (44, '12/8/2021', 8, 12, 2021, 7, 8, 44, 4, 'Ete');
insert into Dates (idDate, dates, jour, mois, annee, numJourSemaine, numJourMois, numJourAnnee, numeroTrimestre, vacances) values (45, '10/24/2022', 24, 10, 2022, 4, 24, 312, 2, 'Hiver');
insert into Dates (idDate, dates, jour, mois, annee, numJourSemaine, numJourMois, numJourAnnee, numeroTrimestre, vacances) values (46, '10/25/2022', 25, 10, 2022, 1, 25, 193, 4, 'Ete');
insert into Dates (idDate, dates, jour, mois, annee, numJourSemaine, numJourMois, numJourAnnee, numeroTrimestre, vacances) values (47, '11/12/2022', 12, 11, 2022, 6, 12, 341, 2, 'Hiver');
insert into Dates (idDate, dates, jour, mois, annee, numJourSemaine, numJourMois, numJourAnnee, numeroTrimestre, vacances) values (48, '6/9/2022', 9, 6, 2022, 5, 9, 222, 4, 'Printemps');
insert into Dates (idDate, dates, jour, mois, annee, numJourSemaine, numJourMois, numJourAnnee, numeroTrimestre, vacances) values (49, '9/9/2022', 9, 9, 2022, 6, 9, 310, 4, 'Printemps');
insert into Dates (idDate, dates, jour, mois, annee, numJourSemaine, numJourMois, numJourAnnee, numeroTrimestre, vacances) values (50, '4/12/2022', 12, 4, 2022, 5, 12, 360, 4, 'Ete');


insert into Temps (idTemps, heure, minute, seconde) values (1, 5, 47, 35);
insert into Temps (idTemps, heure, minute, seconde) values (2, 3, 30, 19);
insert into Temps (idTemps, heure, minute, seconde) values (3, 5, 11, 17);
insert into Temps (idTemps, heure, minute, seconde) values (4, 8, 36, 6);
insert into Temps (idTemps, heure, minute, seconde) values (5, 9, 59, 12);
insert into Temps (idTemps, heure, minute, seconde) values (6, 19, 45, 29);
insert into Temps (idTemps, heure, minute, seconde) values (7, 5, 36, 42);
insert into Temps (idTemps, heure, minute, seconde) values (8, 9, 30, 44);
insert into Temps (idTemps, heure, minute, seconde) values (9, 18, 33, 33);
insert into Temps (idTemps, heure, minute, seconde) values (10, 12, 13, 27);
insert into Temps (idTemps, heure, minute, seconde) values (11, 5, 46, 35);
insert into Temps (idTemps, heure, minute, seconde) values (12, 23, 9, 28);
insert into Temps (idTemps, heure, minute, seconde) values (13, 2, 10, 37);
insert into Temps (idTemps, heure, minute, seconde) values (14, 8, 8, 57);
insert into Temps (idTemps, heure, minute, seconde) values (15, 10, 12, 36);
insert into Temps (idTemps, heure, minute, seconde) values (16, 9, 23, 6);
insert into Temps (idTemps, heure, minute, seconde) values (17, 2, 30, 52);
insert into Temps (idTemps, heure, minute, seconde) values (18, 24, 5, 38);
insert into Temps (idTemps, heure, minute, seconde) values (19, 0, 6, 3);
insert into Temps (idTemps, heure, minute, seconde) values (20, 5, 57, 30);
insert into Temps (idTemps, heure, minute, seconde) values (21, 23, 53, 6);
insert into Temps (idTemps, heure, minute, seconde) values (22, 7, 9, 7);
insert into Temps (idTemps, heure, minute, seconde) values (23, 24, 50, 50);
insert into Temps (idTemps, heure, minute, seconde) values (24, 1, 29, 26);
insert into Temps (idTemps, heure, minute, seconde) values (25, 4, 30, 37);
insert into Temps (idTemps, heure, minute, seconde) values (26, 21, 4, 33);
insert into Temps (idTemps, heure, minute, seconde) values (27, 4, 10, 8);
insert into Temps (idTemps, heure, minute, seconde) values (28, 13, 50, 7);
insert into Temps (idTemps, heure, minute, seconde) values (29, 7, 33, 57);
insert into Temps (idTemps, heure, minute, seconde) values (30, 24, 18, 1);
insert into Temps (idTemps, heure, minute, seconde) values (31, 23, 54, 46);
insert into Temps (idTemps, heure, minute, seconde) values (32, 3, 55, 56);
insert into Temps (idTemps, heure, minute, seconde) values (33, 5, 28, 60);
insert into Temps (idTemps, heure, minute, seconde) values (34, 14, 56, 60);
insert into Temps (idTemps, heure, minute, seconde) values (35, 18, 28, 26);
insert into Temps (idTemps, heure, minute, seconde) values (36, 20, 59, 33);
insert into Temps (idTemps, heure, minute, seconde) values (37, 20, 55, 16);
insert into Temps (idTemps, heure, minute, seconde) values (38, 14, 54, 44);
insert into Temps (idTemps, heure, minute, seconde) values (39, 11, 27, 57);
insert into Temps (idTemps, heure, minute, seconde) values (40, 14, 1, 5);
insert into Temps (idTemps, heure, minute, seconde) values (41, 1, 34, 45);
insert into Temps (idTemps, heure, minute, seconde) values (42, 1, 12, 31);
insert into Temps (idTemps, heure, minute, seconde) values (43, 5, 31, 11);
insert into Temps (idTemps, heure, minute, seconde) values (44, 13, 40, 57);
insert into Temps (idTemps, heure, minute, seconde) values (45, 12, 39, 19);
insert into Temps (idTemps, heure, minute, seconde) values (46, 12, 21, 19);
insert into Temps (idTemps, heure, minute, seconde) values (47, 10, 4, 32);
insert into Temps (idTemps, heure, minute, seconde) values (48, 23, 17, 21);
insert into Temps (idTemps, heure, minute, seconde) values (49, 20, 27, 51);
insert into Temps (idTemps, heure, minute, seconde) values (50, 24, 54, 54);


insert into Ventes (idUtilisateur, idObjet, idPromotion, idTemps, idDate, idServeur, prixTotal, quantite, profit, prixunitaire, POS) values (30, 21, 44, 45, 36, 11, 488, 2, 649, 90, 1);
insert into Ventes (idUtilisateur, idObjet, idPromotion, idTemps, idDate, idServeur, prixTotal, quantite, profit, prixunitaire, POS) values (28, 6, 3, 39, 42, 22, 466, 97, 418, 16, 2);
insert into Ventes (idUtilisateur, idObjet, idPromotion, idTemps, idDate, idServeur, prixTotal, quantite, profit, prixunitaire, POS) values (11, 41, 23, 24, 50, 2, 724, 99, 599, 31, 3);
insert into Ventes (idUtilisateur, idObjet, idPromotion, idTemps, idDate, idServeur, prixTotal, quantite, profit, prixunitaire, POS) values (13, 43, 47, 28, 39, 30, 970, 34, 512, 51, 4);
insert into Ventes (idUtilisateur, idObjet, idPromotion, idTemps, idDate, idServeur, prixTotal, quantite, profit, prixunitaire, POS) values (45, 4, 30, 39, 49, 36, 925, 77, 76, 95, 5);
insert into Ventes (idUtilisateur, idObjet, idPromotion, idTemps, idDate, idServeur, prixTotal, quantite, profit, prixunitaire, POS) values (14, 15, 23, 33, 33, 37, 156, 26, 684, 80, 6);
insert into Ventes (idUtilisateur, idObjet, idPromotion, idTemps, idDate, idServeur, prixTotal, quantite, profit, prixunitaire, POS) values (20, 1, 46, 20, 26, 35, 400, 67, 77, 88, 7);
insert into Ventes (idUtilisateur, idObjet, idPromotion, idTemps, idDate, idServeur, prixTotal, quantite, profit, prixunitaire, POS) values (33, 50, 10, 16, 26, 48, 739, 75, 962, 63, 8);
insert into Ventes (idUtilisateur, idObjet, idPromotion, idTemps, idDate, idServeur, prixTotal, quantite, profit, prixunitaire, POS) values (3, 35, 6, 40, 1, 48, 544, 76, 732, 49, 9);
insert into Ventes (idUtilisateur, idObjet, idPromotion, idTemps, idDate, idServeur, prixTotal, quantite, profit, prixunitaire, POS) values (31, 44, 48, 7, 35, 26, 208, 91, 601, 68, 10);
insert into Ventes (idUtilisateur, idObjet, idPromotion, idTemps, idDate, idServeur, prixTotal, quantite, profit, prixunitaire, POS) values (10, 16, 38, 37, 37, 8, 354, 92, 624, 40, 11);
insert into Ventes (idUtilisateur, idObjet, idPromotion, idTemps, idDate, idServeur, prixTotal, quantite, profit, prixunitaire, POS) values (12, 5, 27, 27, 2, 20, 965, 76, 960, 33, 12);
insert into Ventes (idUtilisateur, idObjet, idPromotion, idTemps, idDate, idServeur, prixTotal, quantite, profit, prixunitaire, POS) values (13, 3, 21, 21, 26, 7, 174, 71, 180, 82, 13);
insert into Ventes (idUtilisateur, idObjet, idPromotion, idTemps, idDate, idServeur, prixTotal, quantite, profit, prixunitaire, POS) values (26, 36, 43, 30, 47, 30, 350, 69, 604, 77, 14);
insert into Ventes (idUtilisateur, idObjet, idPromotion, idTemps, idDate, idServeur, prixTotal, quantite, profit, prixunitaire, POS) values (33, 17, 9, 16, 34, 31, 460, 94, 196, 72, 15);
insert into Ventes (idUtilisateur, idObjet, idPromotion, idTemps, idDate, idServeur, prixTotal, quantite, profit, prixunitaire, POS) values (12, 2, 32, 13, 21, 23, 5, 97, 577, 54, 16);
insert into Ventes (idUtilisateur, idObjet, idPromotion, idTemps, idDate, idServeur, prixTotal, quantite, profit, prixunitaire, POS) values (2, 49, 49, 9, 14, 47, 25, 53, 626, 18, 17);
insert into Ventes (idUtilisateur, idObjet, idPromotion, idTemps, idDate, idServeur, prixTotal, quantite, profit, prixunitaire, POS) values (25, 32, 21, 41, 18, 38, 172, 10, 543, 84, 18);
insert into Ventes (idUtilisateur, idObjet, idPromotion, idTemps, idDate, idServeur, prixTotal, quantite, profit, prixunitaire, POS) values (1, 7, 37, 50, 47, 38, 215, 97, 621, 63, 19);
insert into Ventes (idUtilisateur, idObjet, idPromotion, idTemps, idDate, idServeur, prixTotal, quantite, profit, prixunitaire, POS) values (10, 17, 47, 3, 27, 21, 367, 53, 727, 21, 20);
insert into Ventes (idUtilisateur, idObjet, idPromotion, idTemps, idDate, idServeur, prixTotal, quantite, profit, prixunitaire, POS) values (40, 6, 6, 28, 43, 40, 597, 65, 657, 92, 21);
insert into Ventes (idUtilisateur, idObjet, idPromotion, idTemps, idDate, idServeur, prixTotal, quantite, profit, prixunitaire, POS) values (38, 15, 7, 47, 29, 10, 974, 24, 668, 78, 22);
insert into Ventes (idUtilisateur, idObjet, idPromotion, idTemps, idDate, idServeur, prixTotal, quantite, profit, prixunitaire, POS) values (27, 48, 24, 35, 21, 33, 459, 46, 425, 81, 23);
insert into Ventes (idUtilisateur, idObjet, idPromotion, idTemps, idDate, idServeur, prixTotal, quantite, profit, prixunitaire, POS) values (10, 35, 48, 8, 12, 28, 132, 22, 650, 85, 24);
insert into Ventes (idUtilisateur, idObjet, idPromotion, idTemps, idDate, idServeur, prixTotal, quantite, profit, prixunitaire, POS) values (32, 18, 36, 14, 22, 30, 541, 100, 185, 32, 25);
insert into Ventes (idUtilisateur, idObjet, idPromotion, idTemps, idDate, idServeur, prixTotal, quantite, profit, prixunitaire, POS) values (31, 48, 38, 13, 15, 40, 704, 75, 193, 80, 26);
insert into Ventes (idUtilisateur, idObjet, idPromotion, idTemps, idDate, idServeur, prixTotal, quantite, profit, prixunitaire, POS) values (21, 30, 41, 7, 33, 2, 946, 39, 46, 94, 27);
insert into Ventes (idUtilisateur, idObjet, idPromotion, idTemps, idDate, idServeur, prixTotal, quantite, profit, prixunitaire, POS) values (39, 8, 40, 8, 49, 31, 714, 18, 221, 18, 28);
insert into Ventes (idUtilisateur, idObjet, idPromotion, idTemps, idDate, idServeur, prixTotal, quantite, profit, prixunitaire, POS) values (37, 28, 18, 22, 4, 43, 777, 46, 39, 71, 29);
insert into Ventes (idUtilisateur, idObjet, idPromotion, idTemps, idDate, idServeur, prixTotal, quantite, profit, prixunitaire, POS) values (13, 45, 10, 33, 46, 41, 28, 1, 729, 17, 30);
insert into Ventes (idUtilisateur, idObjet, idPromotion, idTemps, idDate, idServeur, prixTotal, quantite, profit, prixunitaire, POS) values (14, 12, 41, 34, 36, 22, 871, 45, 839, 50, 31);
insert into Ventes (idUtilisateur, idObjet, idPromotion, idTemps, idDate, idServeur, prixTotal, quantite, profit, prixunitaire, POS) values (5, 20, 11, 45, 32, 50, 917, 74, 353, 28, 32);
insert into Ventes (idUtilisateur, idObjet, idPromotion, idTemps, idDate, idServeur, prixTotal, quantite, profit, prixunitaire, POS) values (37, 7, 8, 24, 3, 2, 533, 28, 478, 96, 33);
insert into Ventes (idUtilisateur, idObjet, idPromotion, idTemps, idDate, idServeur, prixTotal, quantite, profit, prixunitaire, POS) values (33, 46, 7, 50, 50, 41, 607, 83, 490, 15, 34);
insert into Ventes (idUtilisateur, idObjet, idPromotion, idTemps, idDate, idServeur, prixTotal, quantite, profit, prixunitaire, POS) values (12, 50, 43, 18, 7, 23, 397, 21, 846, 67, 35);
insert into Ventes (idUtilisateur, idObjet, idPromotion, idTemps, idDate, idServeur, prixTotal, quantite, profit, prixunitaire, POS) values (18, 12, 4, 9, 18, 12, 596, 20, 264, 9, 36);
insert into Ventes (idUtilisateur, idObjet, idPromotion, idTemps, idDate, idServeur, prixTotal, quantite, profit, prixunitaire, POS) values (14, 9, 41, 17, 5, 11, 903, 55, 512, 59, 37);
insert into Ventes (idUtilisateur, idObjet, idPromotion, idTemps, idDate, idServeur, prixTotal, quantite, profit, prixunitaire, POS) values (8, 37, 35, 41, 9, 6, 368, 4, 141, 70, 38);
insert into Ventes (idUtilisateur, idObjet, idPromotion, idTemps, idDate, idServeur, prixTotal, quantite, profit, prixunitaire, POS) values (17, 12, 8, 33, 49, 22, 291, 70, 374, 80, 39);
insert into Ventes (idUtilisateur, idObjet, idPromotion, idTemps, idDate, idServeur, prixTotal, quantite, profit, prixunitaire, POS) values (5, 36, 10, 2, 14, 40, 405, 7, 150, 71, 40);
insert into Ventes (idUtilisateur, idObjet, idPromotion, idTemps, idDate, idServeur, prixTotal, quantite, profit, prixunitaire, POS) values (19, 46, 17, 11, 23, 43, 110, 45, 276, 62, 41);
insert into Ventes (idUtilisateur, idObjet, idPromotion, idTemps, idDate, idServeur, prixTotal, quantite, profit, prixunitaire, POS) values (49, 8, 46, 49, 13, 18, 407, 14, 835, 12, 42);
insert into Ventes (idUtilisateur, idObjet, idPromotion, idTemps, idDate, idServeur, prixTotal, quantite, profit, prixunitaire, POS) values (15, 10, 26, 47, 13, 30, 790, 27, 946, 2, 43);
insert into Ventes (idUtilisateur, idObjet, idPromotion, idTemps, idDate, idServeur, prixTotal, quantite, profit, prixunitaire, POS) values (18, 46, 40, 34, 24, 24, 733, 17, 698, 99, 44);
insert into Ventes (idUtilisateur, idObjet, idPromotion, idTemps, idDate, idServeur, prixTotal, quantite, profit, prixunitaire, POS) values (32, 14, 6, 49, 23, 25, 312, 63, 716, 46, 45);
insert into Ventes (idUtilisateur, idObjet, idPromotion, idTemps, idDate, idServeur, prixTotal, quantite, profit, prixunitaire, POS) values (43, 35, 48, 3, 42, 15, 634, 84, 417, 76, 46);
insert into Ventes (idUtilisateur, idObjet, idPromotion, idTemps, idDate, idServeur, prixTotal, quantite, profit, prixunitaire, POS) values (30, 27, 47, 45, 27, 22, 797, 97, 588, 52, 47);
insert into Ventes (idUtilisateur, idObjet, idPromotion, idTemps, idDate, idServeur, prixTotal, quantite, profit, prixunitaire, POS) values (46, 38, 26, 44, 2, 20, 107, 84, 133, 20, 48);
insert into Ventes (idUtilisateur, idObjet, idPromotion, idTemps, idDate, idServeur, prixTotal, quantite, profit, prixunitaire, POS) values (42, 33, 43, 28, 18, 28, 31, 36, 231, 100, 49);
insert into Ventes (idUtilisateur, idObjet, idPromotion, idTemps, idDate, idServeur, prixTotal, quantite, profit, prixunitaire, POS) values (8, 15, 31, 42, 7, 11, 711, 58, 409, 65, 50);


insert into ObjetGenre (idObjetlie, idGenrelie) values (35, 43);
insert into ObjetGenre (idObjetlie, idGenrelie) values (20, 23);
insert into ObjetGenre (idObjetlie, idGenrelie) values (18, 19);
insert into ObjetGenre (idObjetlie, idGenrelie) values (21, 33);
insert into ObjetGenre (idObjetlie, idGenrelie) values (42, 10);
insert into ObjetGenre (idObjetlie, idGenrelie) values (29, 12);
insert into ObjetGenre (idObjetlie, idGenrelie) values (24, 15);
insert into ObjetGenre (idObjetlie, idGenrelie) values (50, 14);
insert into ObjetGenre (idObjetlie, idGenrelie) values (39, 33);
insert into ObjetGenre (idObjetlie, idGenrelie) values (12, 20);
insert into ObjetGenre (idObjetlie, idGenrelie) values (16, 47);
insert into ObjetGenre (idObjetlie, idGenrelie) values (28, 10);
insert into ObjetGenre (idObjetlie, idGenrelie) values (37, 2);
insert into ObjetGenre (idObjetlie, idGenrelie) values (36, 28);
insert into ObjetGenre (idObjetlie, idGenrelie) values (29, 12);
insert into ObjetGenre (idObjetlie, idGenrelie) values (36, 23);
insert into ObjetGenre (idObjetlie, idGenrelie) values (18, 45);
insert into ObjetGenre (idObjetlie, idGenrelie) values (30, 5);
insert into ObjetGenre (idObjetlie, idGenrelie) values (33, 17);
insert into ObjetGenre (idObjetlie, idGenrelie) values (38, 45);
insert into ObjetGenre (idObjetlie, idGenrelie) values (14, 44);
insert into ObjetGenre (idObjetlie, idGenrelie) values (19, 3);
insert into ObjetGenre (idObjetlie, idGenrelie) values (31, 18);
insert into ObjetGenre (idObjetlie, idGenrelie) values (11, 33);
insert into ObjetGenre (idObjetlie, idGenrelie) values (48, 42);
insert into ObjetGenre (idObjetlie, idGenrelie) values (45, 39);
insert into ObjetGenre (idObjetlie, idGenrelie) values (17, 31);
insert into ObjetGenre (idObjetlie, idGenrelie) values (21, 12);
insert into ObjetGenre (idObjetlie, idGenrelie) values (48, 4);
insert into ObjetGenre (idObjetlie, idGenrelie) values (35, 25);
insert into ObjetGenre (idObjetlie, idGenrelie) values (45, 48);
insert into ObjetGenre (idObjetlie, idGenrelie) values (35, 3);
insert into ObjetGenre (idObjetlie, idGenrelie) values (35, 28);
insert into ObjetGenre (idObjetlie, idGenrelie) values (23, 50);
insert into ObjetGenre (idObjetlie, idGenrelie) values (50, 22);
insert into ObjetGenre (idObjetlie, idGenrelie) values (4, 46);
insert into ObjetGenre (idObjetlie, idGenrelie) values (40, 32);
insert into ObjetGenre (idObjetlie, idGenrelie) values (46, 30);
insert into ObjetGenre (idObjetlie, idGenrelie) values (7, 2);
insert into ObjetGenre (idObjetlie, idGenrelie) values (11, 45);
insert into ObjetGenre (idObjetlie, idGenrelie) values (47, 34);
insert into ObjetGenre (idObjetlie, idGenrelie) values (10, 30);
insert into ObjetGenre (idObjetlie, idGenrelie) values (31, 5);
insert into ObjetGenre (idObjetlie, idGenrelie) values (43, 43);
insert into ObjetGenre (idObjetlie, idGenrelie) values (31, 27);
insert into ObjetGenre (idObjetlie, idGenrelie) values (38, 41);
insert into ObjetGenre (idObjetlie, idGenrelie) values (28, 11);
insert into ObjetGenre (idObjetlie, idGenrelie) values (45, 18);
insert into ObjetGenre (idObjetlie, idGenrelie) values (16, 42);
insert into ObjetGenre (idObjetlie, idGenrelie) values (10, 23);
