insert into Objet (idObjet, nom, prix, categoriePremier, categorieSecondaire, likes, dislikes, nomDevelopper, nomPublisher, releaseDate, pourcentageVente) values (1, 'Devoy', 325.11, 'Jeu', 'Musique', 311, 35268, 'Skyble', 'Meevee', '21-09-1998', 0.04);
insert into Objet (idObjet, nom, prix, categoriePremier, categorieSecondaire, likes, dislikes, nomDevelopper, nomPublisher, releaseDate, pourcentageVente) values (2, 'Tchir', 498.82, 'Logiciel', 'Sport', 46575, 61412, 'Wordpedia', 'Rhycero', '27-05-2008', 0.73);
insert into Objet (idObjet, nom, prix, categoriePremier, categorieSecondaire, likes, dislikes, nomDevelopper, nomPublisher, releaseDate, pourcentageVente) values (3, 'Haithwaite', 517.83, 'Jeu', 'Musique', 75123, 41194, 'Kare', 'Skynoodle', '01-01-2007', 0.07);
insert into Objet (idObjet, nom, prix, categoriePremier, categorieSecondaire, likes, dislikes, nomDevelopper, nomPublisher, releaseDate, pourcentageVente) values (4, 'Gales', 507.05, 'Logiciel', 'Musique', 23954, 79809, 'LiveZ', 'BlogXS', '20-09-2009', 0.7);
insert into Objet (idObjet, nom, prix, categoriePremier, categorieSecondaire, likes, dislikes, nomDevelopper, nomPublisher, releaseDate, pourcentageVente) values (5, 'Lydon', 803.33, 'Skin', 'MMO', 2944, 17630, 'Muxo', 'Fivespan', '24-10-1995', 0.05);
insert into Objet (idObjet, nom, prix, categoriePremier, categorieSecondaire, likes, dislikes, nomDevelopper, nomPublisher, releaseDate, pourcentageVente) values (6, 'Paddle', 276.4, 'Logiciel', 'Survie', 52696, 63262, 'Yambee', 'Twitterworks', '25-04-1971', 0.32);
insert into Objet (idObjet, nom, prix, categoriePremier, categorieSecondaire, likes, dislikes, nomDevelopper, nomPublisher, releaseDate, pourcentageVente) values (7, 'Huttley', 779.22, 'Logiciel', 'Musique', 40822, 10320, 'Divavu', 'Mynte', '05-11-1981', 0.8);
insert into Objet (idObjet, nom, prix, categoriePremier, categorieSecondaire, likes, dislikes, nomDevelopper, nomPublisher, releaseDate, pourcentageVente) values (8, 'Farherty', 580.15, 'Jeu', 'Musique', 72593, 78461, 'Youopia', 'Abatz', '25-05-2006', 0.24);
insert into Objet (idObjet, nom, prix, categoriePremier, categorieSecondaire, likes, dislikes, nomDevelopper, nomPublisher, releaseDate, pourcentageVente) values (9, 'Sondland', 676.17, 'Logiciel', 'Horreur', 7754, 39787, 'Flashdog', 'Dabvine', '06-06-1985', 0.65);
insert into Objet (idObjet, nom, prix, categoriePremier, categorieSecondaire, likes, dislikes, nomDevelopper, nomPublisher, releaseDate, pourcentageVente) values (10, 'Eddison', 865.98, 'Jeu', 'Horreur', 49733, 26979, 'Tagtune', 'Thoughtbeat', '31-08-2020', 0.79);
insert into Objet (idObjet, nom, prix, categoriePremier, categorieSecondaire, likes, dislikes, nomDevelopper, nomPublisher, releaseDate, pourcentageVente) values (11, 'Debell', 6.2, 'Logiciel', 'Horreur', 26075, 56240, 'Blogpad', 'Trudeo', '29-06-1997', 0.63);
insert into Objet (idObjet, nom, prix, categoriePremier, categorieSecondaire, likes, dislikes, nomDevelopper, nomPublisher, releaseDate, pourcentageVente) values (12, 'Puleston', 933.11, 'Skin', 'Horreur', 61543, 91935, 'Skilith', 'Kayveo', '08-04-1987', 0.71);
insert into Objet (idObjet, nom, prix, categoriePremier, categorieSecondaire, likes, dislikes, nomDevelopper, nomPublisher, releaseDate, pourcentageVente) values (13, 'Ernshaw', 279.96, 'Skin', 'Musique', 7474, 93479, 'Nlounge', 'Wikizz', '13-07-2019', 0.05);
insert into Objet (idObjet, nom, prix, categoriePremier, categorieSecondaire, likes, dislikes, nomDevelopper, nomPublisher, releaseDate, pourcentageVente) values (14, 'Roddam', 222.44, 'Logiciel', 'Combat', 21688, 73675, 'Fliptune', 'Twitterwire', '17-04-1977', 0.08);
insert into Objet (idObjet, nom, prix, categoriePremier, categorieSecondaire, likes, dislikes, nomDevelopper, nomPublisher, releaseDate, pourcentageVente) values (15, 'Avrasin', 528.52, 'Logiciel', 'Sport', 93905, 3139, 'Myworks', 'Fivespan', '17-04-2017', 0.27);
insert into Objet (idObjet, nom, prix, categoriePremier, categorieSecondaire, likes, dislikes, nomDevelopper, nomPublisher, releaseDate, pourcentageVente) values (16, 'Andric', 911.69, 'Skin', 'Musique', 57689, 49289, 'Oyoyo', 'Wikido', '10-06-1994', 0.3);
insert into Objet (idObjet, nom, prix, categoriePremier, categorieSecondaire, likes, dislikes, nomDevelopper, nomPublisher, releaseDate, pourcentageVente) values (17, 'Coltart', 817.54, 'Logiciel', 'Musique', 82277, 58328, 'Realblab', 'Quire', '11-12-1972', 0.18);
insert into Objet (idObjet, nom, prix, categoriePremier, categorieSecondaire, likes, dislikes, nomDevelopper, nomPublisher, releaseDate, pourcentageVente) values (18, 'Sincock', 119.49, 'Skin', 'Musique', 64538, 47701, 'Feedbug', 'Dynabox', '19-11-2016', 0.4);
insert into Objet (idObjet, nom, prix, categoriePremier, categorieSecondaire, likes, dislikes, nomDevelopper, nomPublisher, releaseDate, pourcentageVente) values (19, 'MacCague', 338.5, 'Logiciel', 'Musique', 31167, 37823, 'Kwideo', 'Trilith', '10-12-2018', 0.13);
insert into Objet (idObjet, nom, prix, categoriePremier, categorieSecondaire, likes, dislikes, nomDevelopper, nomPublisher, releaseDate, pourcentageVente) values (20, 'Nettleship', 637.1, 'Skin', 'Musique', 8699, 33803, 'Dynabox', 'Twitterbeat', '17-04-1976', 0.43);
insert into Objet (idObjet, nom, prix, categoriePremier, categorieSecondaire, likes, dislikes, nomDevelopper, nomPublisher, releaseDate, pourcentageVente) values (21, 'Testin', 502.23, 'Logiciel', 'Musique', 21679, 16848, 'Fadeo', 'Demimbu', '16-08-1994', 0.88);
insert into Objet (idObjet, nom, prix, categoriePremier, categorieSecondaire, likes, dislikes, nomDevelopper, nomPublisher, releaseDate, pourcentageVente) values (22, 'Gerge', 389.54, 'Logiciel', 'MMORPG', 80818, 98305, 'Photojam', 'Chatterpoint', '09-05-1973', 0.4);
insert into Objet (idObjet, nom, prix, categoriePremier, categorieSecondaire, likes, dislikes, nomDevelopper, nomPublisher, releaseDate, pourcentageVente) values (23, 'Peet', 937.18, 'Skin', 'Musique', 45009, 13000, 'Photospace', 'Aivee', '25-04-1963', 0.21);
insert into Objet (idObjet, nom, prix, categoriePremier, categorieSecondaire, likes, dislikes, nomDevelopper, nomPublisher, releaseDate, pourcentageVente) values (24, 'Bouts', 613.18, 'Jeu', 'Horreur', 90634, 8077, 'Fivebridge', 'Kimia', '24-02-2001', 0.08);
insert into Objet (idObjet, nom, prix, categoriePremier, categorieSecondaire, likes, dislikes, nomDevelopper, nomPublisher, releaseDate, pourcentageVente) values (25, 'Flanaghan', 960.96, 'Jeu', 'Musique', 71016, 78338, 'Photobug', 'Skyvu', '06-07-1963', 0.76);
insert into Objet (idObjet, nom, prix, categoriePremier, categorieSecondaire, likes, dislikes, nomDevelopper, nomPublisher, releaseDate, pourcentageVente) values (26, 'Machon', 619.85, 'Jeu', 'Survie', 59922, 39309, 'Trudeo', 'Skiba', '17-05-1970', 0.31);
insert into Objet (idObjet, nom, prix, categoriePremier, categorieSecondaire, likes, dislikes, nomDevelopper, nomPublisher, releaseDate, pourcentageVente) values (27, 'Kick', 884.57, 'Jeu', 'Musique', 13002, 9265, 'Twinte', 'Janyx', '20-09-2003', 1.0);
insert into Objet (idObjet, nom, prix, categoriePremier, categorieSecondaire, likes, dislikes, nomDevelopper, nomPublisher, releaseDate, pourcentageVente) values (28, 'Dutt', 71.84, 'Skin', 'Horreur', 7173, 24412, 'Voolith', 'Edgewire', '02-02-1989', 0.04);
insert into Objet (idObjet, nom, prix, categoriePremier, categorieSecondaire, likes, dislikes, nomDevelopper, nomPublisher, releaseDate, pourcentageVente) values (29, 'Mordecai', 514.56, 'Skin', 'Musique', 91650, 18736, 'Babblestorm', 'Babblestorm', '30-07-2019', 0.68);
insert into Objet (idObjet, nom, prix, categoriePremier, categorieSecondaire, likes, dislikes, nomDevelopper, nomPublisher, releaseDate, pourcentageVente) values (30, 'Mobbs', 185.25, 'Logiciel', 'Horreur', 74563, 35526, 'Bluejam', 'Meevee', '29-09-1974', 0.14);
insert into Objet (idObjet, nom, prix, categoriePremier, categorieSecondaire, likes, dislikes, nomDevelopper, nomPublisher, releaseDate, pourcentageVente) values (31, 'Arbor', 735.25, 'Skin', 'Sport', 40878, 47195, 'Dabvine', 'Linktype', '14-12-1990', 0.91);
insert into Objet (idObjet, nom, prix, categoriePremier, categorieSecondaire, likes, dislikes, nomDevelopper, nomPublisher, releaseDate, pourcentageVente) values (32, 'Manners', 377.74, 'Logiciel', 'Musique', 11977, 44007, 'Dynava', 'Trunyx', '23-12-1988', 0.71);
insert into Objet (idObjet, nom, prix, categoriePremier, categorieSecondaire, likes, dislikes, nomDevelopper, nomPublisher, releaseDate, pourcentageVente) values (33, 'Brecken', 622.85, 'Jeu', 'Musique', 1320, 97775, 'Zoomlounge', 'Zazio', '01-09-1961', 0.19);
insert into Objet (idObjet, nom, prix, categoriePremier, categorieSecondaire, likes, dislikes, nomDevelopper, nomPublisher, releaseDate, pourcentageVente) values (34, 'Agate', 70.92, 'Logiciel', 'Horreur', 75470, 59697, 'Livepath', 'Eire', '02-01-1994', 0.23);
insert into Objet (idObjet, nom, prix, categoriePremier, categorieSecondaire, likes, dislikes, nomDevelopper, nomPublisher, releaseDate, pourcentageVente) values (35, 'Hazart', 289.89, 'Skin', 'Sport', 96232, 83549, 'Miboo', 'Brightdog', '10-02-2007', 0.05);
insert into Objet (idObjet, nom, prix, categoriePremier, categorieSecondaire, likes, dislikes, nomDevelopper, nomPublisher, releaseDate, pourcentageVente) values (36, 'Ganderton', 2.74, 'Logiciel', 'Musique', 97214, 9618, 'Yotz', 'Photospace', '03-11-2017', 0.5);
insert into Objet (idObjet, nom, prix, categoriePremier, categorieSecondaire, likes, dislikes, nomDevelopper, nomPublisher, releaseDate, pourcentageVente) values (37, 'Swinburne', 978.21, 'Logiciel', 'Musique', 80919, 95394, 'Photobug', 'Gabvine', '21-01-1999', 0.17);
insert into Objet (idObjet, nom, prix, categoriePremier, categorieSecondaire, likes, dislikes, nomDevelopper, nomPublisher, releaseDate, pourcentageVente) values (38, 'Lillywhite', 929.84, 'Jeu', 'Sport', 48452, 18845, 'Skinix', 'Fliptune', '04-12-1973', 0.69);
insert into Objet (idObjet, nom, prix, categoriePremier, categorieSecondaire, likes, dislikes, nomDevelopper, nomPublisher, releaseDate, pourcentageVente) values (39, 'Goroni', 84.54, 'Logiciel', 'Musique', 93278, 77562, 'Youtags', 'Ailane', '20-11-2000', 0.7);
insert into Objet (idObjet, nom, prix, categoriePremier, categorieSecondaire, likes, dislikes, nomDevelopper, nomPublisher, releaseDate, pourcentageVente) values (40, 'Drewitt', 101.22, 'Logiciel', 'Musique', 50185, 68771, 'Flashspan', 'Latz', '18-04-2005', 0.31);
insert into Objet (idObjet, nom, prix, categoriePremier, categorieSecondaire, likes, dislikes, nomDevelopper, nomPublisher, releaseDate, pourcentageVente) values (41, 'Greystock', 135.18, 'Logiciel', 'Musique', 7116, 25995, 'Jazzy', 'Browsebug', '13-05-1992', 0.67);
insert into Objet (idObjet, nom, prix, categoriePremier, categorieSecondaire, likes, dislikes, nomDevelopper, nomPublisher, releaseDate, pourcentageVente) values (42, 'Waylett', 250.24, 'Skin', 'Horreur', 7912, 67909, 'Topicware', 'Edgeify', '28-10-1961', 0.69);
insert into Objet (idObjet, nom, prix, categoriePremier, categorieSecondaire, likes, dislikes, nomDevelopper, nomPublisher, releaseDate, pourcentageVente) values (43, 'Truscott', 47.88, 'Skin', 'Horreur', 87536, 99708, 'Voomm', 'Buzzster', '28-09-1984', 0.42);
insert into Objet (idObjet, nom, prix, categoriePremier, categorieSecondaire, likes, dislikes, nomDevelopper, nomPublisher, releaseDate, pourcentageVente) values (44, 'Hearne', 499.79, 'Logiciel', 'Horreur', 52837, 42914, 'Jabberstorm', 'Riffpedia', '04-02-1965', 0.5);
insert into Objet (idObjet, nom, prix, categoriePremier, categorieSecondaire, likes, dislikes, nomDevelopper, nomPublisher, releaseDate, pourcentageVente) values (45, 'Frotton', 781.96, 'Logiciel', 'Survie', 9676, 45251, 'Divavu', 'Tagfeed', '30-06-2008', 0.85);
insert into Objet (idObjet, nom, prix, categoriePremier, categorieSecondaire, likes, dislikes, nomDevelopper, nomPublisher, releaseDate, pourcentageVente) values (46, 'Stanman', 228.71, 'Skin', 'Musique', 74428, 67328, 'Divanoodle', 'Dablist', '16-02-1962', 0.15);
insert into Objet (idObjet, nom, prix, categoriePremier, categorieSecondaire, likes, dislikes, nomDevelopper, nomPublisher, releaseDate, pourcentageVente) values (47, 'Stitch', 690.44, 'Logiciel', 'Musique', 67013, 86981, 'Twinder', 'Flashspan', '02-08-2016', 0.04);
insert into Objet (idObjet, nom, prix, categoriePremier, categorieSecondaire, likes, dislikes, nomDevelopper, nomPublisher, releaseDate, pourcentageVente) values (48, 'Cregin', 496.8, 'Logiciel', 'Musique', 22267, 2862, 'Photospace', 'Ntag', '23-09-1994', 0.6);
insert into Objet (idObjet, nom, prix, categoriePremier, categorieSecondaire, likes, dislikes, nomDevelopper, nomPublisher, releaseDate, pourcentageVente) values (49, 'Pharoah', 194.97, 'Logiciel', 'Horreur', 47887, 13079, 'Bluezoom', 'Jabbercube', '06-11-2017', 0.79);
insert into Objet (idObjet, nom, prix, categoriePremier, categorieSecondaire, likes, dislikes, nomDevelopper, nomPublisher, releaseDate, pourcentageVente) values (50, 'Ivanenko', 278.23, 'Jeu', 'Horreur', 33485, 38694, 'Skyba', 'Quatz', '18-08-2018', 0.13);




insert into Utilisateur (idUtilisateur, pseudo, nom, niveau, dateNaissance, dateCreationCompte, nbBanned, adresseMail, adressIP, region, genre, montantPortefeuille) values (1, 'qmilkins0', 'Milkins', 43, '29-06-1985', '28-05-2022', 72, 'tmilkins0@shutterfly.com', '205.204.27.162', 'Svetlanovskiy', 'autre', 598);
insert into Utilisateur (idUtilisateur, pseudo, nom, niveau, dateNaissance, dateCreationCompte, nbBanned, adresseMail, adressIP, region, genre, montantPortefeuille) values (2, 'iminard1', 'Minard', 37, '20-04-1969', '13-05-2020', 72, 'dminard1@wired.com', '112.253.244.189', 'Taishihe', 'femme', 396);
insert into Utilisateur (idUtilisateur, pseudo, nom, niveau, dateNaissance, dateCreationCompte, nbBanned, adresseMail, adressIP, region, genre, montantPortefeuille) values (3, 'mcamplejohn2', 'Camplejohn', 69, '09-02-1979', '17-02-2009', 32, 'ccamplejohn2@yellowbook.com', '102.75.229.242', 'Kayukembang', 'autre', 936);
insert into Utilisateur (idUtilisateur, pseudo, nom, niveau, dateNaissance, dateCreationCompte, nbBanned, adresseMail, adressIP, region, genre, montantPortefeuille) values (4, 'dluthwood3', 'Luthwood', 72, '03-04-1965', '07-01-2017', 52, 'kluthwood3@networkadvertising.org', '101.8.192.87', 'Nāṟay', 'autre', 693);
insert into Utilisateur (idUtilisateur, pseudo, nom, niveau, dateNaissance, dateCreationCompte, nbBanned, adresseMail, adressIP, region, genre, montantPortefeuille) values (5, 'polivier4', 'Olivier', 24, '05-07-1976', '20-10-2020', 50, 'solivier4@dmoz.org', '100.140.236.144', 'Ibarreta', 'autre', 303);
insert into Utilisateur (idUtilisateur, pseudo, nom, niveau, dateNaissance, dateCreationCompte, nbBanned, adresseMail, adressIP, region, genre, montantPortefeuille) values (6, 'elargent5', 'L''argent', 47, '04-04-1997', '07-09-2015', 4, 'mlargent5@booking.com', '63.136.173.57', 'Daxin', 'autre', 854);
insert into Utilisateur (idUtilisateur, pseudo, nom, niveau, dateNaissance, dateCreationCompte, nbBanned, adresseMail, adressIP, region, genre, montantPortefeuille) values (7, 'laskem6', 'Askem', 20, '06-07-1971', '03-04-2018', 68, 'maskem6@oaic.gov.au', '156.35.75.179', 'Bangassou', 'homme', 151);
insert into Utilisateur (idUtilisateur, pseudo, nom, niveau, dateNaissance, dateCreationCompte, nbBanned, adresseMail, adressIP, region, genre, montantPortefeuille) values (8, 'acrain7', 'Crain', 43, '29-11-1987', '14-04-2004', 5, 'acrain7@geocities.com', '162.167.244.224', 'Amsterdam', 'autre', 628);
insert into Utilisateur (idUtilisateur, pseudo, nom, niveau, dateNaissance, dateCreationCompte, nbBanned, adresseMail, adressIP, region, genre, montantPortefeuille) values (9, 'nkofax8', 'Kofax', 58, '26-02-1979', '20-05-2015', 65, 'rkofax8@chron.com', '63.30.237.212', 'Julcamarca', 'femme', 372);
insert into Utilisateur (idUtilisateur, pseudo, nom, niveau, dateNaissance, dateCreationCompte, nbBanned, adresseMail, adressIP, region, genre, montantPortefeuille) values (10, 'hrief9', 'Rief', 25, '21-07-2001', '30-03-2005', 21, 'hrief9@usgs.gov', '105.231.44.117', 'Malambo', 'autre', 724);
insert into Utilisateur (idUtilisateur, pseudo, nom, niveau, dateNaissance, dateCreationCompte, nbBanned, adresseMail, adressIP, region, genre, montantPortefeuille) values (11, 'dlaurencota', 'Laurencot', 41, '03-06-1974', '20-06-2016', 22, 'vlaurencota@ezinearticles.com', '227.38.93.1', 'Herceg-Novi', 'homme', 921);
insert into Utilisateur (idUtilisateur, pseudo, nom, niveau, dateNaissance, dateCreationCompte, nbBanned, adresseMail, adressIP, region, genre, montantPortefeuille) values (12, 'nbenthamb', 'Bentham', 21, '04-12-1999', '23-06-2013', 33, 'tbenthamb@friendfeed.com', '87.134.24.102', 'Ginatilan', 'autre', 586);
insert into Utilisateur (idUtilisateur, pseudo, nom, niveau, dateNaissance, dateCreationCompte, nbBanned, adresseMail, adressIP, region, genre, montantPortefeuille) values (13, 'mevesc', 'Eves', 82, '09-08-1980', '14-09-2010', 17, 'levesc@walmart.com', '50.21.196.99', 'São João da Boa Vista', 'homme', 269);
insert into Utilisateur (idUtilisateur, pseudo, nom, niveau, dateNaissance, dateCreationCompte, nbBanned, adresseMail, adressIP, region, genre, montantPortefeuille) values (14, 'dwayperd', 'Wayper', 8, '10-04-1972', '05-01-2010', 5, 'dwayperd@ameblo.jp', '106.195.76.163', 'Duki', 'homme', 828);
insert into Utilisateur (idUtilisateur, pseudo, nom, niveau, dateNaissance, dateCreationCompte, nbBanned, adresseMail, adressIP, region, genre, montantPortefeuille) values (15, 'okeasye', 'Keasy', 13, '04-02-1995', '28-04-2019', 25, 'ykeasye@delicious.com', '226.28.181.62', 'Shemonaīkha', 'femme', 215);
insert into Utilisateur (idUtilisateur, pseudo, nom, niveau, dateNaissance, dateCreationCompte, nbBanned, adresseMail, adressIP, region, genre, montantPortefeuille) values (16, 'haishfordf', 'Aishford', 6, '28-05-1961', '18-07-2007', 84, 'kaishfordf@canalblog.com', '214.137.202.10', 'Kihancha', 'autre', 155);
insert into Utilisateur (idUtilisateur, pseudo, nom, niveau, dateNaissance, dateCreationCompte, nbBanned, adresseMail, adressIP, region, genre, montantPortefeuille) values (17, 'tellicottg', 'Ellicott', 3, '31-10-1982', '27-08-2014', 25, 'rellicottg@telegraph.co.uk', '83.78.85.74', 'Kubangsari', 'homme', 464);
insert into Utilisateur (idUtilisateur, pseudo, nom, niveau, dateNaissance, dateCreationCompte, nbBanned, adresseMail, adressIP, region, genre, montantPortefeuille) values (18, 'khutleyh', 'Hutley', 74, '20-04-2002', '15-05-2011', 19, 'jhutleyh@netvibes.com', '211.215.226.61', 'Tabalosos', 'homme', 137);
insert into Utilisateur (idUtilisateur, pseudo, nom, niveau, dateNaissance, dateCreationCompte, nbBanned, adresseMail, adressIP, region, genre, montantPortefeuille) values (19, 'lloughlini', 'Loughlin', 64, '27-09-1990', '01-03-2022', 70, 'bloughlini@imageshack.us', '87.22.65.105', 'Bununu Kasa', 'autre', 289);
insert into Utilisateur (idUtilisateur, pseudo, nom, niveau, dateNaissance, dateCreationCompte, nbBanned, adresseMail, adressIP, region, genre, montantPortefeuille) values (20, 'mjewisj', 'Jewis', 81, '07-06-1969', '09-02-2006', 48, 'cjewisj@gnu.org', '235.103.120.58', 'Santa Fe', 'femme', 116);
insert into Utilisateur (idUtilisateur, pseudo, nom, niveau, dateNaissance, dateCreationCompte, nbBanned, adresseMail, adressIP, region, genre, montantPortefeuille) values (21, 'ralcornk', 'Alcorn', 19, '18-11-1984', '10-01-2012', 20, 'dalcornk@microsoft.com', '59.244.206.98', 'Busuanga', 'autre', 730);
insert into Utilisateur (idUtilisateur, pseudo, nom, niveau, dateNaissance, dateCreationCompte, nbBanned, adresseMail, adressIP, region, genre, montantPortefeuille) values (22, 'trussanl', 'Russan', 16, '08-11-1964', '21-10-2016', 50, 'arussanl@pbs.org', '136.172.223.84', 'Buk', 'femme', 728);
insert into Utilisateur (idUtilisateur, pseudo, nom, niveau, dateNaissance, dateCreationCompte, nbBanned, adresseMail, adressIP, region, genre, montantPortefeuille) values (23, 'kmcvaughm', 'McVaugh', 7, '23-09-1981', '12-03-2021', 51, 'omcvaughm@columbia.edu', '114.109.204.41', 'Galižana', 'autre', 345);
insert into Utilisateur (idUtilisateur, pseudo, nom, niveau, dateNaissance, dateCreationCompte, nbBanned, adresseMail, adressIP, region, genre, montantPortefeuille) values (24, 'ddanettn', 'Danett', 90, '06-10-1964', '10-07-2016', 5, 'vdanettn@opensource.org', '39.1.96.90', 'Nanhe', 'femme', 100);
insert into Utilisateur (idUtilisateur, pseudo, nom, niveau, dateNaissance, dateCreationCompte, nbBanned, adresseMail, adressIP, region, genre, montantPortefeuille) values (25, 'jwinstono', 'Winston', 5, '11-06-2003', '21-02-2019', 21, 'kwinstono@dmoz.org', '254.28.233.116', 'Kutamandarakan', 'femme', 616);
insert into Utilisateur (idUtilisateur, pseudo, nom, niveau, dateNaissance, dateCreationCompte, nbBanned, adresseMail, adressIP, region, genre, montantPortefeuille) values (26, 'hbosselp', 'Bossel', 50, '17-04-1961', '03-07-2019', 69, 'dbosselp@tiny.cc', '217.33.1.165', 'Jēkabpils', 'autre', 698);
insert into Utilisateur (idUtilisateur, pseudo, nom, niveau, dateNaissance, dateCreationCompte, nbBanned, adresseMail, adressIP, region, genre, montantPortefeuille) values (27, 'fyakolevq', 'Yakolev', 34, '01-01-1962', '29-04-2014', 36, 'dyakolevq@webnode.com', '209.140.166.29', 'Pindaré Mirim', 'femme', 750);
insert into Utilisateur (idUtilisateur, pseudo, nom, niveau, dateNaissance, dateCreationCompte, nbBanned, adresseMail, adressIP, region, genre, montantPortefeuille) values (28, 'mpadleyr', 'Padley', 1, '30-08-1976', '31-10-2007', 0, 'jpadleyr@tripadvisor.com', '80.49.113.229', 'Sacramento', 'autre', 148);
insert into Utilisateur (idUtilisateur, pseudo, nom, niveau, dateNaissance, dateCreationCompte, nbBanned, adresseMail, adressIP, region, genre, montantPortefeuille) values (29, 'xdurns', 'Durn', 37, '16-08-2001', '30-09-2004', 2, 'cdurns@imageshack.us', '57.164.222.229', 'Amangarh', 'femme', 547);
insert into Utilisateur (idUtilisateur, pseudo, nom, niveau, dateNaissance, dateCreationCompte, nbBanned, adresseMail, adressIP, region, genre, montantPortefeuille) values (30, 'mbedot', 'Bedo', 73, '14-01-1981', '30-07-2012', 3, 'jbedot@flickr.com', '182.83.247.211', 'Tanahmerah', 'autre', 940);
insert into Utilisateur (idUtilisateur, pseudo, nom, niveau, dateNaissance, dateCreationCompte, nbBanned, adresseMail, adressIP, region, genre, montantPortefeuille) values (31, 'mwyattu', 'Wyatt', 29, '03-06-1998', '28-06-2005', 37, 'mwyattu@youku.com', '190.21.222.148', 'Ubay', 'homme', 450);
insert into Utilisateur (idUtilisateur, pseudo, nom, niveau, dateNaissance, dateCreationCompte, nbBanned, adresseMail, adressIP, region, genre, montantPortefeuille) values (32, 'sewencev', 'Ewence', 66, '27-10-1987', '25-10-2013', 72, 'rewencev@aboutads.info', '91.59.60.63', 'Likhovskoy', 'homme', 804);
insert into Utilisateur (idUtilisateur, pseudo, nom, niveau, dateNaissance, dateCreationCompte, nbBanned, adresseMail, adressIP, region, genre, montantPortefeuille) values (33, 'lvakhrushinw', 'Vakhrushin', 95, '07-01-1989', '26-12-2003', 28, 'mvakhrushinw@icio.us', '117.167.127.236', 'Trondheim', 'homme', 379);
insert into Utilisateur (idUtilisateur, pseudo, nom, niveau, dateNaissance, dateCreationCompte, nbBanned, adresseMail, adressIP, region, genre, montantPortefeuille) values (34, 'rfellneex', 'Fellnee', 86, '17-03-1989', '14-12-2021', 87, 'mfellneex@mozilla.org', '117.114.225.64', 'Mwinilunga', 'autre', 371);
insert into Utilisateur (idUtilisateur, pseudo, nom, niveau, dateNaissance, dateCreationCompte, nbBanned, adresseMail, adressIP, region, genre, montantPortefeuille) values (35, 'bstoopy', 'Stoop', 58, '29-05-1999', '17-06-2019', 55, 'mstoopy@wordpress.org', '146.14.21.23', 'Dartang', 'autre', 235);
insert into Utilisateur (idUtilisateur, pseudo, nom, niveau, dateNaissance, dateCreationCompte, nbBanned, adresseMail, adressIP, region, genre, montantPortefeuille) values (36, 'hhurdidgez', 'Hurdidge', 100, '04-04-1974', '30-01-2014', 16, 'yhurdidgez@cnn.com', '73.109.216.85', 'Brengkok', 'autre', 980);
insert into Utilisateur (idUtilisateur, pseudo, nom, niveau, dateNaissance, dateCreationCompte, nbBanned, adresseMail, adressIP, region, genre, montantPortefeuille) values (37, 'wmcdermott10', 'McDermott', 29, '12-02-1975', '08-12-2020', 45, 'tmcdermott10@sina.com.cn', '152.127.129.58', 'Barberton', 'femme', 252);
insert into Utilisateur (idUtilisateur, pseudo, nom, niveau, dateNaissance, dateCreationCompte, nbBanned, adresseMail, adressIP, region, genre, montantPortefeuille) values (38, 'ccheltnam11', 'Cheltnam', 24, '04-07-1983', '10-10-2018', 18, 'dcheltnam11@hc360.com', '76.117.144.216', 'Sang-e Chārak', 'autre', 661);
insert into Utilisateur (idUtilisateur, pseudo, nom, niveau, dateNaissance, dateCreationCompte, nbBanned, adresseMail, adressIP, region, genre, montantPortefeuille) values (39, 'drudgley12', 'Rudgley', 50, '03-08-1992', '22-07-2018', 13, 'trudgley12@nba.com', '39.181.183.57', 'Toulon', 'femme', 180);
insert into Utilisateur (idUtilisateur, pseudo, nom, niveau, dateNaissance, dateCreationCompte, nbBanned, adresseMail, adressIP, region, genre, montantPortefeuille) values (40, 'mbranigan13', 'Branigan', 6, '17-11-1967', '12-08-2019', 21, 'ibranigan13@oaic.gov.au', '129.202.212.142', 'Ksawerów', 'autre', 912);
insert into Utilisateur (idUtilisateur, pseudo, nom, niveau, dateNaissance, dateCreationCompte, nbBanned, adresseMail, adressIP, region, genre, montantPortefeuille) values (41, 'gambrosch14', 'Ambrosch', 55, '12-03-1979', '01-08-2018', 80, 'aambrosch14@alibaba.com', '92.67.235.40', 'Zahlé', 'homme', 399);
insert into Utilisateur (idUtilisateur, pseudo, nom, niveau, dateNaissance, dateCreationCompte, nbBanned, adresseMail, adressIP, region, genre, montantPortefeuille) values (42, 'mautie15', 'Autie', 28, '18-08-1961', '23-08-2015', 4, 'kautie15@mozilla.com', '58.81.224.209', 'Envigado', 'autre', 342);
insert into Utilisateur (idUtilisateur, pseudo, nom, niveau, dateNaissance, dateCreationCompte, nbBanned, adresseMail, adressIP, region, genre, montantPortefeuille) values (43, 'dboult16', 'Boult', 2, '12-09-2003', '07-10-2011', 63, 'mboult16@washingtonpost.com', '158.171.180.8', 'Semibratovo', 'femme', 16);
insert into Utilisateur (idUtilisateur, pseudo, nom, niveau, dateNaissance, dateCreationCompte, nbBanned, adresseMail, adressIP, region, genre, montantPortefeuille) values (44, 'tgonzalvo17', 'Gonzalvo', 41, '14-04-2003', '24-03-2011', 75, 'agonzalvo17@salon.com', '138.101.63.37', 'Roubaix', 'autre', 516);
insert into Utilisateur (idUtilisateur, pseudo, nom, niveau, dateNaissance, dateCreationCompte, nbBanned, adresseMail, adressIP, region, genre, montantPortefeuille) values (45, 'rbocken18', 'Bocken', 96, '02-01-1978', '06-10-2004', 75, 'cbocken18@china.com.cn', '46.135.106.178', 'Alhambra', 'femme', 797);
insert into Utilisateur (idUtilisateur, pseudo, nom, niveau, dateNaissance, dateCreationCompte, nbBanned, adresseMail, adressIP, region, genre, montantPortefeuille) values (46, 'bcribbin19', 'Cribbin', 43, '09-04-1984', '27-02-2005', 49, 'ccribbin19@trellian.com', '110.164.83.36', 'Gaofeng', 'autre', 806);
insert into Utilisateur (idUtilisateur, pseudo, nom, niveau, dateNaissance, dateCreationCompte, nbBanned, adresseMail, adressIP, region, genre, montantPortefeuille) values (47, 'jlinsley1a', 'Linsley', 17, '15-12-1969', '19-11-2004', 58, 'rlinsley1a@accuweather.com', '86.215.49.24', 'Soasio', 'femme', 265);
insert into Utilisateur (idUtilisateur, pseudo, nom, niveau, dateNaissance, dateCreationCompte, nbBanned, adresseMail, adressIP, region, genre, montantPortefeuille) values (48, 'hhaycraft1b', 'Haycraft', 86, '03-04-1970', '14-01-2013', 99, 'dhaycraft1b@cpanel.net', '67.117.155.249', 'Badu', 'homme', 907);
insert into Utilisateur (idUtilisateur, pseudo, nom, niveau, dateNaissance, dateCreationCompte, nbBanned, adresseMail, adressIP, region, genre, montantPortefeuille) values (49, 'tkordova1c', 'Kordova', 30, '03-10-1980', '15-11-2014', 43, 'rkordova1c@unblog.fr', '13.146.133.151', 'Kamyshevatskaya', 'homme', 588);
insert into Utilisateur (idUtilisateur, pseudo, nom, niveau, dateNaissance, dateCreationCompte, nbBanned, adresseMail, adressIP, region, genre, montantPortefeuille) values (50, 'dheditch1d', 'Heditch', 15, '26-02-1996', '25-11-2004', 76, 'nheditch1d@toplist.cz', '216.226.251.195', 'Cikalong', 'homme', 46);


insert into Serveur (idServeur, nom, region, espaceTotal, espaceLibre, prixAchat, prixLocation, espaceLoue, dateDebutLocation, dateMisEnService) values (1, 'Zontrax', 'Hino', 80748, 90273, 16, 20, 56, '15-10-2018', '15-12-2018');
insert into Serveur (idServeur, nom, region, espaceTotal, espaceLibre, prixAchat, prixLocation, espaceLoue, dateDebutLocation, dateMisEnService) values (2, 'Viva', 'Sumberbaru', 46019, 20992, 48, 63, 20, '18-01-2020', '18-03-2020');
insert into Serveur (idServeur, nom, region, espaceTotal, espaceLibre, prixAchat, prixLocation, espaceLoue, dateDebutLocation, dateMisEnService) values (3, 'Lotlux', 'Cihaurbeuti', 73698, 96727, 21, 41, 57, '11-06-2022', '11-08-2022');
insert into Serveur (idServeur, nom, region, espaceTotal, espaceLibre, prixAchat, prixLocation, espaceLoue, dateDebutLocation, dateMisEnService) values (4, 'Latlux', 'Watergrasshill', 39044, 96283, 17, 38, 40, '03-03-2004', '03-05-2004');
insert into Serveur (idServeur, nom, region, espaceTotal, espaceLibre, prixAchat, prixLocation, espaceLoue, dateDebutLocation, dateMisEnService) values (5, 'Treeflex', 'Kutapanjang', 11229, 19278, 85, 62, 58, '27-12-2018', '27-02-2019');
insert into Serveur (idServeur, nom, region, espaceTotal, espaceLibre, prixAchat, prixLocation, espaceLoue, dateDebutLocation, dateMisEnService) values (6, 'Pannier', 'Pruzhany', 59021, 46769, 59, 99, 35, '21-09-2015', '21-11-2015');
insert into Serveur (idServeur, nom, region, espaceTotal, espaceLibre, prixAchat, prixLocation, espaceLoue, dateDebutLocation, dateMisEnService) values (7, 'Sub-Ex', 'Hajeom', 24007, 92595, 6, 76, 59, '02-01-2021', '02-03-2021');
insert into Serveur (idServeur, nom, region, espaceTotal, espaceLibre, prixAchat, prixLocation, espaceLoue, dateDebutLocation, dateMisEnService) values (8, 'Bitchip', 'Årjäng', 25194, 90517, 70, 47, 59, '30-10-2011', '30-12-2011');
insert into Serveur (idServeur, nom, region, espaceTotal, espaceLibre, prixAchat, prixLocation, espaceLoue, dateDebutLocation, dateMisEnService) values (9, 'Voyatouch', 'Donabate', 74288, 3413, 31, 43, 82, '08-07-2006', '08-09-2006');
insert into Serveur (idServeur, nom, region, espaceTotal, espaceLibre, prixAchat, prixLocation, espaceLoue, dateDebutLocation, dateMisEnService) values (10, 'Fixflex', 'Rantau', 77824, 47969, 58, 5, 27, '28-07-2009', '28-09-2009');
insert into Serveur (idServeur, nom, region, espaceTotal, espaceLibre, prixAchat, prixLocation, espaceLoue, dateDebutLocation, dateMisEnService) values (11, 'Tin', 'Wenjiao', 82744, 96438, 21, 41, 96, '13-07-2017', '13-09-2017');
insert into Serveur (idServeur, nom, region, espaceTotal, espaceLibre, prixAchat, prixLocation, espaceLoue, dateDebutLocation, dateMisEnService) values (12, 'Job', 'Bethel Town', 64644, 33355, 84, 50, 41, '11-10-2008', '11-12-2008');
insert into Serveur (idServeur, nom, region, espaceTotal, espaceLibre, prixAchat, prixLocation, espaceLoue, dateDebutLocation, dateMisEnService) values (13, 'Cookley', 'Gremyachinsk', 64329, 45216, 5, 15, 6, '03-11-2009', '03-01-2010');
insert into Serveur (idServeur, nom, region, espaceTotal, espaceLibre, prixAchat, prixLocation, espaceLoue, dateDebutLocation, dateMisEnService) values (14, 'Zamit', 'Karanganyar', 55236, 78893, 30, 12, 37, '19-03-2011', '19-05-2011');
insert into Serveur (idServeur, nom, region, espaceTotal, espaceLibre, prixAchat, prixLocation, espaceLoue, dateDebutLocation, dateMisEnService) values (15, 'Bigtax', 'Mingyue', 98657, 91607, 32, 71, 48, '11-11-2008', '11-01-2009');
insert into Serveur (idServeur, nom, region, espaceTotal, espaceLibre, prixAchat, prixLocation, espaceLoue, dateDebutLocation, dateMisEnService) values (16, 'Konklab', 'Boljoon', 40276, 10160, 6, 7, 6, '28-10-2006', '28-12-2006');
insert into Serveur (idServeur, nom, region, espaceTotal, espaceLibre, prixAchat, prixLocation, espaceLoue, dateDebutLocation, dateMisEnService) values (17, 'Bitwolf', 'Xiluodu', 54658, 1544, 49, 16, 35, '21-05-2017', '21-07-2017');
insert into Serveur (idServeur, nom, region, espaceTotal, espaceLibre, prixAchat, prixLocation, espaceLoue, dateDebutLocation, dateMisEnService) values (18, 'Solarbreeze', 'Saukkola', 59788, 79286, 38, 27, 50, '08-06-2003', '08-08-2003');
insert into Serveur (idServeur, nom, region, espaceTotal, espaceLibre, prixAchat, prixLocation, espaceLoue, dateDebutLocation, dateMisEnService) values (19, 'Voltsillam', 'San Clemente', 9730, 65331, 70, 94, 23, '01-12-2003', '01-02-2004');
insert into Serveur (idServeur, nom, region, espaceTotal, espaceLibre, prixAchat, prixLocation, espaceLoue, dateDebutLocation, dateMisEnService) values (20, 'Mat Lam Tam', 'Dabaozi', 84572, 75374, 97, 20, 8, '18-08-2005', '18-10-2005');
insert into Serveur (idServeur, nom, region, espaceTotal, espaceLibre, prixAchat, prixLocation, espaceLoue, dateDebutLocation, dateMisEnService) values (21, 'Stronghold', 'Khamyāb', 20992, 96142, 99, 27, 34, '30-06-2018', '30-08-2018');
insert into Serveur (idServeur, nom, region, espaceTotal, espaceLibre, prixAchat, prixLocation, espaceLoue, dateDebutLocation, dateMisEnService) values (22, 'Pannier', 'Cipari', 52253, 38049, 27, 33, 74, '16-07-2013', '16-09-2013');
insert into Serveur (idServeur, nom, region, espaceTotal, espaceLibre, prixAchat, prixLocation, espaceLoue, dateDebutLocation, dateMisEnService) values (23, 'Fintone', 'Hoeryŏng', 6728, 60011, 91, 32, 70, '16-10-2004', '16-12-2004');
insert into Serveur (idServeur, nom, region, espaceTotal, espaceLibre, prixAchat, prixLocation, espaceLoue, dateDebutLocation, dateMisEnService) values (24, 'Subin', 'Santiago de las Vegas', 98249, 46677, 26, 18, 34, '23-05-2019', '23-07-2019');
insert into Serveur (idServeur, nom, region, espaceTotal, espaceLibre, prixAchat, prixLocation, espaceLoue, dateDebutLocation, dateMisEnService) values (25, 'Zontrax', 'Baltimore', 50724, 47357, 26, 44, 46, '10-07-2001', '10-09-2001');
insert into Serveur (idServeur, nom, region, espaceTotal, espaceLibre, prixAchat, prixLocation, espaceLoue, dateDebutLocation, dateMisEnService) values (26, 'Aerified', 'Maracanaú', 16182, 64055, 26, 74, 66, '10-12-2020', '10-02-2021');
insert into Serveur (idServeur, nom, region, espaceTotal, espaceLibre, prixAchat, prixLocation, espaceLoue, dateDebutLocation, dateMisEnService) values (27, 'Fintone', 'Incheon', 58487, 24464, 43, 3, 46, '07-09-2019', '07-11-2019');
insert into Serveur (idServeur, nom, region, espaceTotal, espaceLibre, prixAchat, prixLocation, espaceLoue, dateDebutLocation, dateMisEnService) values (28, 'Cardguard', 'Novorossiysk', 84492, 2494, 88, 41, 92, '19-04-2020', '19-06-2020');
insert into Serveur (idServeur, nom, region, espaceTotal, espaceLibre, prixAchat, prixLocation, espaceLoue, dateDebutLocation, dateMisEnService) values (29, 'Latlux', 'Xiachengzi', 62499, 46765, 24, 64, 74, '27-02-2009', '27-04-2009');
insert into Serveur (idServeur, nom, region, espaceTotal, espaceLibre, prixAchat, prixLocation, espaceLoue, dateDebutLocation, dateMisEnService) values (30, 'Aerified', 'Magisterial', 75357, 91454, 88, 89, 23, '06-09-2021', '06-11-2021');
insert into Serveur (idServeur, nom, region, espaceTotal, espaceLibre, prixAchat, prixLocation, espaceLoue, dateDebutLocation, dateMisEnService) values (31, 'Redhold', 'Sharjah', 80634, 22210, 20, 44, 65, '18-07-2004', '18-09-2004');
insert into Serveur (idServeur, nom, region, espaceTotal, espaceLibre, prixAchat, prixLocation, espaceLoue, dateDebutLocation, dateMisEnService) values (32, 'Mat Lam Tam', 'Ulricehamn', 16896, 33703, 62, 99, 89, '21-06-2016', '21-08-2016');
insert into Serveur (idServeur, nom, region, espaceTotal, espaceLibre, prixAchat, prixLocation, espaceLoue, dateDebutLocation, dateMisEnService) values (33, 'Opela', 'Huangpi', 58019, 39231, 49, 50, 1, '11-01-2011', '11-03-2011');
insert into Serveur (idServeur, nom, region, espaceTotal, espaceLibre, prixAchat, prixLocation, espaceLoue, dateDebutLocation, dateMisEnService) values (34, 'Tempsoft', 'Santa Fe', 75455, 40564, 50, 70, 2, '30-03-2018', '30-05-2018');
insert into Serveur (idServeur, nom, region, espaceTotal, espaceLibre, prixAchat, prixLocation, espaceLoue, dateDebutLocation, dateMisEnService) values (35, 'Bamity', 'Nice', 48641, 36523, 13, 2, 43, '05-08-2002', '05-10-2002');
insert into Serveur (idServeur, nom, region, espaceTotal, espaceLibre, prixAchat, prixLocation, espaceLoue, dateDebutLocation, dateMisEnService) values (36, 'Tempsoft', 'Sepahua', 27811, 3055, 9, 51, 61, '19-01-2011', '19-03-2011');
insert into Serveur (idServeur, nom, region, espaceTotal, espaceLibre, prixAchat, prixLocation, espaceLoue, dateDebutLocation, dateMisEnService) values (37, 'Keylex', 'Santa Paz', 6479, 54009, 61, 45, 17, '17-08-2014', '17-10-2014');
insert into Serveur (idServeur, nom, region, espaceTotal, espaceLibre, prixAchat, prixLocation, espaceLoue, dateDebutLocation, dateMisEnService) values (38, 'Lotlux', 'Beigong', 63613, 70379, 18, 93, 94, '26-02-2019', '26-04-2019');
insert into Serveur (idServeur, nom, region, espaceTotal, espaceLibre, prixAchat, prixLocation, espaceLoue, dateDebutLocation, dateMisEnService) values (39, 'Vagram', 'Woerden', 14438, 49294, 6, 38, 54, '22-12-2005', '22-02-2006');
insert into Serveur (idServeur, nom, region, espaceTotal, espaceLibre, prixAchat, prixLocation, espaceLoue, dateDebutLocation, dateMisEnService) values (40, 'Flowdesk', 'Paris 08', 80865, 1529, 6, 5, 3, '09-02-2020', '09-04-2020');
insert into Serveur (idServeur, nom, region, espaceTotal, espaceLibre, prixAchat, prixLocation, espaceLoue, dateDebutLocation, dateMisEnService) values (41, 'Voltsillam', 'Barakani', 32314, 8708, 40, 72, 6, '25-06-2014', '25-08-2014');
insert into Serveur (idServeur, nom, region, espaceTotal, espaceLibre, prixAchat, prixLocation, espaceLoue, dateDebutLocation, dateMisEnService) values (42, 'Trippledex', 'Pereira', 51741, 99749, 91, 17, 51, '28-03-2010', '28-05-2010');
insert into Serveur (idServeur, nom, region, espaceTotal, espaceLibre, prixAchat, prixLocation, espaceLoue, dateDebutLocation, dateMisEnService) values (43, 'Veribet', 'Rusnė', 14557, 16417, 10, 63, 34, '25-05-2008', '25-07-2008');
insert into Serveur (idServeur, nom, region, espaceTotal, espaceLibre, prixAchat, prixLocation, espaceLoue, dateDebutLocation, dateMisEnService) values (44, 'Bigtax', 'Negotino', 87148, 82095, 35, 77, 69, '28-06-2004', '28-08-2004');
insert into Serveur (idServeur, nom, region, espaceTotal, espaceLibre, prixAchat, prixLocation, espaceLoue, dateDebutLocation, dateMisEnService) values (45, 'Greenlam', 'Belz', 53074, 62362, 43, 30, 7, '22-04-2011', '22-06-2011');
insert into Serveur (idServeur, nom, region, espaceTotal, espaceLibre, prixAchat, prixLocation, espaceLoue, dateDebutLocation, dateMisEnService) values (46, 'Redhold', 'Gununganyar', 92643, 31040, 75, 76, 87, '16-08-2003', '16-10-2003');
insert into Serveur (idServeur, nom, region, espaceTotal, espaceLibre, prixAchat, prixLocation, espaceLoue, dateDebutLocation, dateMisEnService) values (47, 'Lotstring', 'Barrunchal', 24342, 45766, 24, 7, 6, '23-01-2022', '23-03-2022');
insert into Serveur (idServeur, nom, region, espaceTotal, espaceLibre, prixAchat, prixLocation, espaceLoue, dateDebutLocation, dateMisEnService) values (48, 'Asoka', 'Edinburgh of the Seven Seas', 76874, 74939, 43, 21, 13, '29-01-2005', '29-03-2005');
insert into Serveur (idServeur, nom, region, espaceTotal, espaceLibre, prixAchat, prixLocation, espaceLoue, dateDebutLocation, dateMisEnService) values (49, 'Andalax', 'Ramenki', 30376, 24322, 91, 28, 40, '01-05-2002', '01-07-2002');
insert into Serveur (idServeur, nom, region, espaceTotal, espaceLibre, prixAchat, prixLocation, espaceLoue, dateDebutLocation, dateMisEnService) values (50, 'Stim', 'Lijiang', 29505, 36774, 2, 66, 78, '25-04-2008', '25-06-2008');


insert into Promotion (idPromotion, nomPromotion, regionPromotion, typeReduction, valeurPromotion, dateDebut, dateFin) values (1, 'Bamity', 'Heyan', 'Pourcent', 0.46, '28-06-2022', '28-07-2022');
insert into Promotion (idPromotion, nomPromotion, regionPromotion, typeReduction, valeurPromotion, dateDebut, dateFin) values (2, 'Bamity', 'Candoni', 'Pourcent', 0.22, '14-11-2022', '14-12-2022');
insert into Promotion (idPromotion, nomPromotion, regionPromotion, typeReduction, valeurPromotion, dateDebut, dateFin) values (3, 'Asoka', 'Mýto', 'Pourcent', 78.4, '15-07-2022', '15-08-2022');
insert into Promotion (idPromotion, nomPromotion, regionPromotion, typeReduction, valeurPromotion, dateDebut, dateFin) values (4, 'Flexidy', 'Verkhniye Kigi', 'Pourcent', 0.36, '07-01-2022', '07-02-2022');
insert into Promotion (idPromotion, nomPromotion, regionPromotion, typeReduction, valeurPromotion, dateDebut, dateFin) values (5, 'Pannier', 'Tonjongsari', 'Pourcent', 0.57, '19-06-2022', '19-07-2022');
insert into Promotion (idPromotion, nomPromotion, regionPromotion, typeReduction, valeurPromotion, dateDebut, dateFin) values (6, 'Subin', 'Cruz del Eje', 'Pourcent', 0.26, '17-10-2022', '17-11-2022');
insert into Promotion (idPromotion, nomPromotion, regionPromotion, typeReduction, valeurPromotion, dateDebut, dateFin) values (7, 'Voltsillam', 'Xiangshi', 'Net', 87, '06-01-2022', '06-02-2022');
insert into Promotion (idPromotion, nomPromotion, regionPromotion, typeReduction, valeurPromotion, dateDebut, dateFin) values (8, 'Tin', 'Paris 17', 'Pourcent', 0.6, '27-05-2022', '27-06-2022');
insert into Promotion (idPromotion, nomPromotion, regionPromotion, typeReduction, valeurPromotion, dateDebut, dateFin) values (9, 'Solarbreeze', 'Rafaela', 'Pourcent', 0.12, '06-12-2021', '06-01-2022');
insert into Promotion (idPromotion, nomPromotion, regionPromotion, typeReduction, valeurPromotion, dateDebut, dateFin) values (10, 'Duobam', 'Mranggen', 'Pourcent', 0.11, '03-10-2022', '03-11-2022');
insert into Promotion (idPromotion, nomPromotion, regionPromotion, typeReduction, valeurPromotion, dateDebut, dateFin) values (11, 'Transcof', 'Longjing', 'Net', 75, '19-01-2022', '19-02-2022');
insert into Promotion (idPromotion, nomPromotion, regionPromotion, typeReduction, valeurPromotion, dateDebut, dateFin) values (12, 'Quo Lux', 'Pokhvistnevo', 'Net', 11, '04-11-2022', '04-12-2022');
insert into Promotion (idPromotion, nomPromotion, regionPromotion, typeReduction, valeurPromotion, dateDebut, dateFin) values (13, 'Prodder', 'Arsenal', 'Pourcent', 0.94, '01-10-2022', '01-11-2022');
insert into Promotion (idPromotion, nomPromotion, regionPromotion, typeReduction, valeurPromotion, dateDebut, dateFin) values (14, 'Alphazap', 'Alejal', 'Pourcent', 0.46, '02-09-2022', '02-10-2022');
insert into Promotion (idPromotion, nomPromotion, regionPromotion, typeReduction, valeurPromotion, dateDebut, dateFin) values (15, 'Stringtough', 'Hamilton', 'Net', 9, '12-12-2021', '12-01-2022');
insert into Promotion (idPromotion, nomPromotion, regionPromotion, typeReduction, valeurPromotion, dateDebut, dateFin) values (16, 'Alpha', 'Alma', 'Net', 44, '16-04-2022', '16-05-2022');
insert into Promotion (idPromotion, nomPromotion, regionPromotion, typeReduction, valeurPromotion, dateDebut, dateFin) values (17, 'Trippledex', 'Cartagena', 'Net', 59, '23-10-2022', '23-11-2022');
insert into Promotion (idPromotion, nomPromotion, regionPromotion, typeReduction, valeurPromotion, dateDebut, dateFin) values (18, 'Regrant', 'Comillas Norte', 'Pourcent', 0.62, '30-09-2022', '30-10-2022');
insert into Promotion (idPromotion, nomPromotion, regionPromotion, typeReduction, valeurPromotion, dateDebut, dateFin) values (19, 'Tres-Zap', 'Uusikaupunki', 'Net', 71, '06-02-2022', '06-03-2022');
insert into Promotion (idPromotion, nomPromotion, regionPromotion, typeReduction, valeurPromotion, dateDebut, dateFin) values (20, 'Overhold', 'Bianba', 'Pourcent', 0.55, '21-12-2021', '21-01-2022');
insert into Promotion (idPromotion, nomPromotion, regionPromotion, typeReduction, valeurPromotion, dateDebut, dateFin) values (21, 'Temp', 'Chengjiang', 'Net', 28, '01-01-2022', '01-02-2022');
insert into Promotion (idPromotion, nomPromotion, regionPromotion, typeReduction, valeurPromotion, dateDebut, dateFin) values (22, 'Holdlamis', 'Valence', 'Net', 21, '11-05-2022', '11-06-2022');
insert into Promotion (idPromotion, nomPromotion, regionPromotion, typeReduction, valeurPromotion, dateDebut, dateFin) values (23, 'Home Ing', 'San Agustin', 'Net', 21.85, '15-04-2022', '15-05-2022');
insert into Promotion (idPromotion, nomPromotion, regionPromotion, typeReduction, valeurPromotion, dateDebut, dateFin) values (24, 'Redhold', 'Krylovskaya', 'Net', 43, '05-09-2022', '05-10-2022');
insert into Promotion (idPromotion, nomPromotion, regionPromotion, typeReduction, valeurPromotion, dateDebut, dateFin) values (25, 'Zaam-Dox', 'São Manuel', 'Net', 77, '13-11-2022', '13-12-2022');
insert into Promotion (idPromotion, nomPromotion, regionPromotion, typeReduction, valeurPromotion, dateDebut, dateFin) values (26, 'Ronstring', 'Gongnong', 'Net', 94, '25-11-2021', '25-12-2021');
insert into Promotion (idPromotion, nomPromotion, regionPromotion, typeReduction, valeurPromotion, dateDebut, dateFin) values (27, 'Regrant', 'Chiquinquirá', 'Pourcent', 0.51, '25-08-2022', '25-09-2022');
insert into Promotion (idPromotion, nomPromotion, regionPromotion, typeReduction, valeurPromotion, dateDebut, dateFin) values (28, 'Bamity', 'Guta', 'Net', 65, '07-05-2022', '07-06-2022');
insert into Promotion (idPromotion, nomPromotion, regionPromotion, typeReduction, valeurPromotion, dateDebut, dateFin) values (29, 'Konklux', 'Clonskeagh', 'Net', 16, '02-06-2022', '02-07-2022');
insert into Promotion (idPromotion, nomPromotion, regionPromotion, typeReduction, valeurPromotion, dateDebut, dateFin) values (30, 'Domainer', 'Mégara', 'Net', 19, '17-08-2022', '17-09-2022');
insert into Promotion (idPromotion, nomPromotion, regionPromotion, typeReduction, valeurPromotion, dateDebut, dateFin) values (31, 'Bamity', 'Pasirmanggu', 'Net', 40, '27-02-2022', '27-03-2022');
insert into Promotion (idPromotion, nomPromotion, regionPromotion, typeReduction, valeurPromotion, dateDebut, dateFin) values (32, 'Regrant', 'Avignon', 'Net', 96, '22-02-2022', '22-03-2022');
insert into Promotion (idPromotion, nomPromotion, regionPromotion, typeReduction, valeurPromotion, dateDebut, dateFin) values (33, 'Sonsing', 'Garmo', 'Pourcent', 0.82, '30-09-2022', '30-10-2022');
insert into Promotion (idPromotion, nomPromotion, regionPromotion, typeReduction, valeurPromotion, dateDebut, dateFin) values (34, 'Redhold', 'Wanhu', 'Pourcent', 0.19, '30-01-2022', '28-02-2022');
insert into Promotion (idPromotion, nomPromotion, regionPromotion, typeReduction, valeurPromotion, dateDebut, dateFin) values (35, 'Voyatouch', 'Göteborg', 'Pourcent', 0.43, '18-05-2022', '18-06-2022');
insert into Promotion (idPromotion, nomPromotion, regionPromotion, typeReduction, valeurPromotion, dateDebut, dateFin) values (36, 'Lotstring', 'Hitiaa', 'Pourcent', 0.57, '13-09-2022', '13-10-2022');
insert into Promotion (idPromotion, nomPromotion, regionPromotion, typeReduction, valeurPromotion, dateDebut, dateFin) values (37, 'Lotstring', 'Waipawa', 'Net', 98, '17-01-2022', '17-02-2022');
insert into Promotion (idPromotion, nomPromotion, regionPromotion, typeReduction, valeurPromotion, dateDebut, dateFin) values (38, 'Lotstring', 'Aberdeen', 'Pourcent', 0.83, '14-08-2022', '14-09-2022');
insert into Promotion (idPromotion, nomPromotion, regionPromotion, typeReduction, valeurPromotion, dateDebut, dateFin) values (39, 'Andalax', 'Caracol', 'Pourcent', 0.86, '22-08-2022', '22-09-2022');
insert into Promotion (idPromotion, nomPromotion, regionPromotion, typeReduction, valeurPromotion, dateDebut, dateFin) values (40, 'Bitchip', 'Rząśnik', 'Pourcent', 0.99, '09-09-2022', '09-10-2022');
insert into Promotion (idPromotion, nomPromotion, regionPromotion, typeReduction, valeurPromotion, dateDebut, dateFin) values (41, 'Zontrax', 'Kawangohari', 'Pourcent', 0.1, '26-09-2022', '26-10-2022');
insert into Promotion (idPromotion, nomPromotion, regionPromotion, typeReduction, valeurPromotion, dateDebut, dateFin) values (42, 'Trippledex', 'Enschede', 'Pourcent', 0.4, '03-12-2021', '03-01-2022');
insert into Promotion (idPromotion, nomPromotion, regionPromotion, typeReduction, valeurPromotion, dateDebut, dateFin) values (43, 'Sub-Ex', 'Zhajin', 'Net', 1, '22-03-2022', '22-04-2022');
insert into Promotion (idPromotion, nomPromotion, regionPromotion, typeReduction, valeurPromotion, dateDebut, dateFin) values (44, 'Sonair', 'Bor Ondor', 'Pourcent', 0.31, '27-11-2021', '27-12-2021');
insert into Promotion (idPromotion, nomPromotion, regionPromotion, typeReduction, valeurPromotion, dateDebut, dateFin) values (45, 'Flexidy', 'Heishui', 'Pourcent', 0.43, '23-02-2022', '23-03-2022');
insert into Promotion (idPromotion, nomPromotion, regionPromotion, typeReduction, valeurPromotion, dateDebut, dateFin) values (46, 'Bitchip', 'Couva', 'Pourcent', 0.63, '03-06-2022', '03-07-2022');
insert into Promotion (idPromotion, nomPromotion, regionPromotion, typeReduction, valeurPromotion, dateDebut, dateFin) values (47, 'Flowdesk', 'Guayaramerín', 'Pourcent', 0.16, '07-03-2022', '07-04-2022');
insert into Promotion (idPromotion, nomPromotion, regionPromotion, typeReduction, valeurPromotion, dateDebut, dateFin) values (48, 'Tempsoft', 'Ainaro', 'Pourcent',0.18, '25-09-2022', '25-10-2022');
insert into Promotion (idPromotion, nomPromotion, regionPromotion, typeReduction, valeurPromotion, dateDebut, dateFin) values (49, 'Rank', 'Susiec', 'Net', 28, '20-12-2021', '20-01-2022');
insert into Promotion (idPromotion, nomPromotion, regionPromotion, typeReduction, valeurPromotion, dateDebut, dateFin) values (50, 'Veribet', 'Qijia', 'Net', 20, '02-06-2022', '02-07-2022');




insert into Dates (idDate, dates, jour, mois, annee, numJourSemaine, numJourMois, numJourAnnee, numeroTrimestre, vacances) values (1, '05-07-2016', 5, 7, 2016, 1, 5, 276, 2, 'Printemps');
insert into Dates (idDate, dates, jour, mois, annee, numJourSemaine, numJourMois, numJourAnnee, numeroTrimestre, vacances) values (2, '04-05-2006', 4, 5, 2006, 7, 4, 340, 1, 'Printemps');
insert into Dates (idDate, dates, jour, mois, annee, numJourSemaine, numJourMois, numJourAnnee, numeroTrimestre, vacances) values (3, '01-12-2009', 1, 12, 2009, 2, 1, 223, 4, 'Hiver');
insert into Dates (idDate, dates, jour, mois, annee, numJourSemaine, numJourMois, numJourAnnee, numeroTrimestre, vacances) values (4, '30-05-2007', 30, 5, 2007, 4, 30, 169, 3, 'Printemps');
insert into Dates (idDate, dates, jour, mois, annee, numJourSemaine, numJourMois, numJourAnnee, numeroTrimestre, vacances) values (5, '06-01-2016', 6, 1, 2016, 2, 6, 176, 1, 'Printemps');
insert into Dates (idDate, dates, jour, mois, annee, numJourSemaine, numJourMois, numJourAnnee, numeroTrimestre, vacances) values (6, '05-04-2011', 5, 4, 2011, 7, 5, 97, 1, 'Ete');
insert into Dates (idDate, dates, jour, mois, annee, numJourSemaine, numJourMois, numJourAnnee, numeroTrimestre, vacances) values (7, '04-10-2008', 4, 10, 2008, 2, 4, 93, 4, 'Hiver');
insert into Dates (idDate, dates, jour, mois, annee, numJourSemaine, numJourMois, numJourAnnee, numeroTrimestre, vacances) values (8, '20-11-2017', 20, 11, 2017, 2, 20, 40, 3, 'Toussaint');
insert into Dates (idDate, dates, jour, mois, annee, numJourSemaine, numJourMois, numJourAnnee, numeroTrimestre, vacances) values (9, '28-01-2011', 28, 1, 2011, 5, 28, 244, 2, 'Printemps');
insert into Dates (idDate, dates, jour, mois, annee, numJourSemaine, numJourMois, numJourAnnee, numeroTrimestre, vacances) values (10, '18-02-2020', 18, 2, 2020, 6, 18, 145, 1, 'Printemps');
insert into Dates (idDate, dates, jour, mois, annee, numJourSemaine, numJourMois, numJourAnnee, numeroTrimestre, vacances) values (11, '02-06-2019', 2, 6, 2019, 2, 2, 187, 1, 'Ete');
insert into Dates (idDate, dates, jour, mois, annee, numJourSemaine, numJourMois, numJourAnnee, numeroTrimestre, vacances) values (12, '29-08-2016', 29, 8, 2016, 6, 29, 180, 2, 'Noel');
insert into Dates (idDate, dates, jour, mois, annee, numJourSemaine, numJourMois, numJourAnnee, numeroTrimestre, vacances) values (13, '27-08-2009', 27, 8, 2009, 1, 27, 157, 3, 'Hiver');
insert into Dates (idDate, dates, jour, mois, annee, numJourSemaine, numJourMois, numJourAnnee, numeroTrimestre, vacances) values (14, '07-07-2022', 7, 7, 2022, 3, 7, 213, 4, 'Hiver');
insert into Dates (idDate, dates, jour, mois, annee, numJourSemaine, numJourMois, numJourAnnee, numeroTrimestre, vacances) values (15, '07-04-2015', 7, 4, 2015, 4, 7, 62, 3, 'Hiver');
insert into Dates (idDate, dates, jour, mois, annee, numJourSemaine, numJourMois, numJourAnnee, numeroTrimestre, vacances) values (16, '28-11-2018', 28, 11, 2018, 4, 28, 296, 3, 'Ete');
insert into Dates (idDate, dates, jour, mois, annee, numJourSemaine, numJourMois, numJourAnnee, numeroTrimestre, vacances) values (17, '01-07-2021', 1, 7, 2021, 3, 1, 78, 3, 'Hiver');
insert into Dates (idDate, dates, jour, mois, annee, numJourSemaine, numJourMois, numJourAnnee, numeroTrimestre, vacances) values (18, '12-01-2020', 12, 1, 2020, 5, 12, 190, 3, 'Noel');
insert into Dates (idDate, dates, jour, mois, annee, numJourSemaine, numJourMois, numJourAnnee, numeroTrimestre, vacances) values (19, '08-12-2018', 8, 12, 2018, 7, 8, 27, 4, 'Hiver');
insert into Dates (idDate, dates, jour, mois, annee, numJourSemaine, numJourMois, numJourAnnee, numeroTrimestre, vacances) values (20, '15-10-2021', 15, 10, 2021, 4, 15, 23, 2, 'Toussaint');
insert into Dates (idDate, dates, jour, mois, annee, numJourSemaine, numJourMois, numJourAnnee, numeroTrimestre, vacances) values (21, '11-10-2008', 11, 10, 2008, 5, 11, 68, 4, 'Ete');
insert into Dates (idDate, dates, jour, mois, annee, numJourSemaine, numJourMois, numJourAnnee, numeroTrimestre, vacances) values (22, '08-06-2018', 8, 6, 2018, 2, 8, 20, 3, 'Printemps');
insert into Dates (idDate, dates, jour, mois, annee, numJourSemaine, numJourMois, numJourAnnee, numeroTrimestre, vacances) values (23, '25-06-2022', 25, 6, 2022, 1, 25, 255, 4, 'Hiver');
insert into Dates (idDate, dates, jour, mois, annee, numJourSemaine, numJourMois, numJourAnnee, numeroTrimestre, vacances) values (24, '05-05-2016', 5, 5, 2016, 6, 5, 38, 2, 'Noel');
insert into Dates (idDate, dates, jour, mois, annee, numJourSemaine, numJourMois, numJourAnnee, numeroTrimestre, vacances) values (25, '03-08-2011', 3, 8, 2011, 1, 3, 48, 1, 'Printemps');
insert into Dates (idDate, dates, jour, mois, annee, numJourSemaine, numJourMois, numJourAnnee, numeroTrimestre, vacances) values (26, '29-07-2021', 29, 7, 2021, 7, 29, 138, 3, 'Ete');
insert into Dates (idDate, dates, jour, mois, annee, numJourSemaine, numJourMois, numJourAnnee, numeroTrimestre, vacances) values (27, '05-03-2021', 5, 3, 2021, 6, 5, 327, 3, 'Ete');
insert into Dates (idDate, dates, jour, mois, annee, numJourSemaine, numJourMois, numJourAnnee, numeroTrimestre, vacances) values (28, '16-06-2006', 16, 6, 2006, 7, 16, 203, 1, 'Hiver');
insert into Dates (idDate, dates, jour, mois, annee, numJourSemaine, numJourMois, numJourAnnee, numeroTrimestre, vacances) values (29, '29-10-2013', 29, 10, 2013, 4, 29, 279, 1, 'Toussaint');
insert into Dates (idDate, dates, jour, mois, annee, numJourSemaine, numJourMois, numJourAnnee, numeroTrimestre, vacances) values (30, '30-01-2004', 30, 1, 2004, 1, 30, 304, 4, 'Printemps');
insert into Dates (idDate, dates, jour, mois, annee, numJourSemaine, numJourMois, numJourAnnee, numeroTrimestre, vacances) values (31, '03-10-2006', 3, 10, 2006, 1, 3, 200, 3, 'Ete');
insert into Dates (idDate, dates, jour, mois, annee, numJourSemaine, numJourMois, numJourAnnee, numeroTrimestre, vacances) values (32, '16-11-2007', 16, 11, 2007, 5, 16, 18, 4, 'Printemps');
insert into Dates (idDate, dates, jour, mois, annee, numJourSemaine, numJourMois, numJourAnnee, numeroTrimestre, vacances) values (33, '28-06-2013', 28, 6, 2013, 4, 28, 235, 4, 'Ete');
insert into Dates (idDate, dates, jour, mois, annee, numJourSemaine, numJourMois, numJourAnnee, numeroTrimestre, vacances) values (34, '19-11-2015', 19, 11, 2015, 1, 19, 240, 4, 'Noel');
insert into Dates (idDate, dates, jour, mois, annee, numJourSemaine, numJourMois, numJourAnnee, numeroTrimestre, vacances) values (35, '08-10-2006', 8, 10, 2006, 7, 8, 124, 3, 'Ete');
insert into Dates (idDate, dates, jour, mois, annee, numJourSemaine, numJourMois, numJourAnnee, numeroTrimestre, vacances) values (36, '22-03-2013', 22, 3, 2013, 6, 22, 5, 4, 'Ete');
insert into Dates (idDate, dates, jour, mois, annee, numJourSemaine, numJourMois, numJourAnnee, numeroTrimestre, vacances) values (37, '11-09-2006', 11, 9, 2006, 4, 11, 16, 2, 'Ete');
insert into Dates (idDate, dates, jour, mois, annee, numJourSemaine, numJourMois, numJourAnnee, numeroTrimestre, vacances) values (38, '16-02-2017', 16, 2, 2017, 5, 16, 271, 3, 'Hiver');
insert into Dates (idDate, dates, jour, mois, annee, numJourSemaine, numJourMois, numJourAnnee, numeroTrimestre, vacances) values (39, '13-04-2019', 13, 4, 2019, 4, 13, 220, 3, 'Ete');
insert into Dates (idDate, dates, jour, mois, annee, numJourSemaine, numJourMois, numJourAnnee, numeroTrimestre, vacances) values (40, '24-07-2005', 24, 7, 2005, 4, 24, 188, 4, 'Ete');
insert into Dates (idDate, dates, jour, mois, annee, numJourSemaine, numJourMois, numJourAnnee, numeroTrimestre, vacances) values (41, '15-01-2011', 15, 1, 2011, 5, 15, 212, 1, 'Ete');
insert into Dates (idDate, dates, jour, mois, annee, numJourSemaine, numJourMois, numJourAnnee, numeroTrimestre, vacances) values (42, '19-02-2016', 19, 2, 2016, 4, 19, 272, 2, 'Hiver');
insert into Dates (idDate, dates, jour, mois, annee, numJourSemaine, numJourMois, numJourAnnee, numeroTrimestre, vacances) values (43, '11-02-2022', 11, 2, 2022, 3, 11, 157, 4, 'Hiver');
insert into Dates (idDate, dates, jour, mois, annee, numJourSemaine, numJourMois, numJourAnnee, numeroTrimestre, vacances) values (44, '31-01-2004', 31, 1, 2004, 3, 31, 151, 1, 'Printemps');
insert into Dates (idDate, dates, jour, mois, annee, numJourSemaine, numJourMois, numJourAnnee, numeroTrimestre, vacances) values (45, '17-06-2006', 17, 6, 2006, 6, 17, 123, 2, 'Printemps');
insert into Dates (idDate, dates, jour, mois, annee, numJourSemaine, numJourMois, numJourAnnee, numeroTrimestre, vacances) values (46, '28-02-2020', 28, 2, 2020, 5, 28, 315, 4, 'Printemps');
insert into Dates (idDate, dates, jour, mois, annee, numJourSemaine, numJourMois, numJourAnnee, numeroTrimestre, vacances) values (47, '30-04-2009', 30, 4, 2009, 2, 30, 210, 1, 'Noel');
insert into Dates (idDate, dates, jour, mois, annee, numJourSemaine, numJourMois, numJourAnnee, numeroTrimestre, vacances) values (48, '27-10-2017', 27, 10, 2017, 2, 27, 112, 3, 'Printemps');
insert into Dates (idDate, dates, jour, mois, annee, numJourSemaine, numJourMois, numJourAnnee, numeroTrimestre, vacances) values (49, '30-11-2020', 30, 11, 2020, 2, 30, 216, 4, 'Ete');
insert into Dates (idDate, dates, jour, mois, annee, numJourSemaine, numJourMois, numJourAnnee, numeroTrimestre, vacances) values (50, '11-12-2010', 11, 12, 2010, 5, 11, 294, 3, 'Ete');

insert into Temps (idTemps, heure, minute, seconde) values (1, 5, 47, 35);
insert into Temps (idTemps, heure, minute, seconde) values (2, 3, 30, 19);
insert into Temps (idTemps, heure, minute, seconde) values (3, 5, 11, 17);
insert into Temps (idTemps, heure, minute, seconde) values (4, 8, 36, 6);
insert into Temps (idTemps, heure, minute, seconde) values (5, 9, 59, 12);
insert into Temps (idTemps, heure, minute, seconde) values (6, 19, 45, 29);
insert into Temps (idTemps, heure, minute, seconde) values (7, 5, 36, 42);
insert into Temps (idTemps, heure, minute, seconde) values (8, 9, 30, 44);
insert into Temps (idTemps, heure, minute, seconde) values (9, 18, 33, 33);
insert into Temps (idTemps, heure, minute, seconde) values (10, 12, 13, 27);
insert into Temps (idTemps, heure, minute, seconde) values (11, 5, 46, 35);
insert into Temps (idTemps, heure, minute, seconde) values (12, 23, 9, 28);
insert into Temps (idTemps, heure, minute, seconde) values (13, 2, 10, 37);
insert into Temps (idTemps, heure, minute, seconde) values (14, 8, 8, 57);
insert into Temps (idTemps, heure, minute, seconde) values (15, 10, 12, 36);
insert into Temps (idTemps, heure, minute, seconde) values (16, 9, 23, 6);
insert into Temps (idTemps, heure, minute, seconde) values (17, 2, 30, 52);
insert into Temps (idTemps, heure, minute, seconde) values (18, 24, 5, 38);
insert into Temps (idTemps, heure, minute, seconde) values (19, 0, 6, 3);
insert into Temps (idTemps, heure, minute, seconde) values (20, 5, 57, 30);
insert into Temps (idTemps, heure, minute, seconde) values (21, 23, 53, 6);
insert into Temps (idTemps, heure, minute, seconde) values (22, 7, 9, 7);
insert into Temps (idTemps, heure, minute, seconde) values (23, 24, 50, 50);
insert into Temps (idTemps, heure, minute, seconde) values (24, 1, 29, 26);
insert into Temps (idTemps, heure, minute, seconde) values (25, 4, 30, 37);
insert into Temps (idTemps, heure, minute, seconde) values (26, 21, 4, 33);
insert into Temps (idTemps, heure, minute, seconde) values (27, 4, 10, 8);
insert into Temps (idTemps, heure, minute, seconde) values (28, 13, 50, 7);
insert into Temps (idTemps, heure, minute, seconde) values (29, 7, 33, 57);
insert into Temps (idTemps, heure, minute, seconde) values (30, 24, 18, 1);
insert into Temps (idTemps, heure, minute, seconde) values (31, 23, 54, 46);
insert into Temps (idTemps, heure, minute, seconde) values (32, 3, 55, 56);
insert into Temps (idTemps, heure, minute, seconde) values (33, 5, 28, 60);
insert into Temps (idTemps, heure, minute, seconde) values (34, 14, 56, 60);
insert into Temps (idTemps, heure, minute, seconde) values (35, 18, 28, 26);
insert into Temps (idTemps, heure, minute, seconde) values (36, 20, 59, 33);
insert into Temps (idTemps, heure, minute, seconde) values (37, 20, 55, 16);
insert into Temps (idTemps, heure, minute, seconde) values (38, 14, 54, 44);
insert into Temps (idTemps, heure, minute, seconde) values (39, 11, 27, 57);
insert into Temps (idTemps, heure, minute, seconde) values (40, 14, 1, 5);
insert into Temps (idTemps, heure, minute, seconde) values (41, 1, 34, 45);
insert into Temps (idTemps, heure, minute, seconde) values (42, 1, 12, 31);
insert into Temps (idTemps, heure, minute, seconde) values (43, 5, 31, 11);
insert into Temps (idTemps, heure, minute, seconde) values (44, 13, 40, 57);
insert into Temps (idTemps, heure, minute, seconde) values (45, 12, 39, 19);
insert into Temps (idTemps, heure, minute, seconde) values (46, 12, 21, 19);
insert into Temps (idTemps, heure, minute, seconde) values (47, 10, 4, 32);
insert into Temps (idTemps, heure, minute, seconde) values (48, 23, 17, 21);
insert into Temps (idTemps, heure, minute, seconde) values (49, 20, 27, 51);
insert into Temps (idTemps, heure, minute, seconde) values (50, 24, 54, 54);





insert into Ventes (idUtilisateur, idObjet, idPromotion, idTemps, idDate, idServeur, prixTotal, quantite, profit, prixunitaire, POS) values (2, 34, 5, 12, 33, 28, 760, 75, 569, 91, 1);
insert into Ventes (idUtilisateur, idObjet, idPromotion, idTemps, idDate, idServeur, prixTotal, quantite, profit, prixunitaire, POS) values (27, 6, 26, 17, 38, 21, 672, 20, 880, 5, 2);
insert into Ventes (idUtilisateur, idObjet, idPromotion, idTemps, idDate, idServeur, prixTotal, quantite, profit, prixunitaire, POS) values (20, 39, 1, 39, 39, 37, 692, 55, 215, 76, 3);
insert into Ventes (idUtilisateur, idObjet, idPromotion, idTemps, idDate, idServeur, prixTotal, quantite, profit, prixunitaire, POS) values (1, 20, 45, 5, 49, 41, 719, 10, 264, 7, 4);
insert into Ventes (idUtilisateur, idObjet, idPromotion, idTemps, idDate, idServeur, prixTotal, quantite, profit, prixunitaire, POS) values (37, 44, 50, 37, 24, 33, 337, 31, 959, 21, 5);
insert into Ventes (idUtilisateur, idObjet, idPromotion, idTemps, idDate, idServeur, prixTotal, quantite, profit, prixunitaire, POS) values (46, 17, 48, 22, 8, 43, 65, 65, 526, 42, 6);
insert into Ventes (idUtilisateur, idObjet, idPromotion, idTemps, idDate, idServeur, prixTotal, quantite, profit, prixunitaire, POS) values (17, 37, 42, 40, 14, 28, 873, 56, 575, 53, 7);
insert into Ventes (idUtilisateur, idObjet, idPromotion, idTemps, idDate, idServeur, prixTotal, quantite, profit, prixunitaire, POS) values (46, 48, 41, 24, 6, 22, 251, 8, 22, 48, 8);
insert into Ventes (idUtilisateur, idObjet, idPromotion, idTemps, idDate, idServeur, prixTotal, quantite, profit, prixunitaire, POS) values (25, 1, 7, 33, 31, 50, 729, 11, 666, 36, 9);
insert into Ventes (idUtilisateur, idObjet, idPromotion, idTemps, idDate, idServeur, prixTotal, quantite, profit, prixunitaire, POS) values (30, 37, 42, 3, 47, 36, 80, 59, 182, 25, 10);
insert into Ventes (idUtilisateur, idObjet, idPromotion, idTemps, idDate, idServeur, prixTotal, quantite, profit, prixunitaire, POS) values (40, 30, 11, 30, 31, 44, 924, 73, 662, 36, 11);
insert into Ventes (idUtilisateur, idObjet, idPromotion, idTemps, idDate, idServeur, prixTotal, quantite, profit, prixunitaire, POS) values (18, 43, 2, 10, 6, 25, 194, 90, 298, 87, 12);
insert into Ventes (idUtilisateur, idObjet, idPromotion, idTemps, idDate, idServeur, prixTotal, quantite, profit, prixunitaire, POS) values (4, 10, 22, 6, 21, 37, 252, 1, 957, 93, 13);
insert into Ventes (idUtilisateur, idObjet, idPromotion, idTemps, idDate, idServeur, prixTotal, quantite, profit, prixunitaire, POS) values (47, 5, 26, 9, 43, 24, 360, 8, 353, 54, 14);
insert into Ventes (idUtilisateur, idObjet, idPromotion, idTemps, idDate, idServeur, prixTotal, quantite, profit, prixunitaire, POS) values (8, 35, 21, 10, 35, 40, 363, 15, 22, 33, 15);
insert into Ventes (idUtilisateur, idObjet, idPromotion, idTemps, idDate, idServeur, prixTotal, quantite, profit, prixunitaire, POS) values (4, 40, 23, 39, 31, 9, 153, 47, 217, 100, 16);
insert into Ventes (idUtilisateur, idObjet, idPromotion, idTemps, idDate, idServeur, prixTotal, quantite, profit, prixunitaire, POS) values (44, 16, 34, 3, 14, 17, 860, 63, 161, 5, 17);
insert into Ventes (idUtilisateur, idObjet, idPromotion, idTemps, idDate, idServeur, prixTotal, quantite, profit, prixunitaire, POS) values (13, 24, 38, 22, 19, 10, 648, 75, 380, 96, 18);
insert into Ventes (idUtilisateur, idObjet, idPromotion, idTemps, idDate, idServeur, prixTotal, quantite, profit, prixunitaire, POS) values (22, 5, 11, 18, 49, 22, 493, 32, 934, 94, 19);
insert into Ventes (idUtilisateur, idObjet, idPromotion, idTemps, idDate, idServeur, prixTotal, quantite, profit, prixunitaire, POS) values (12, 7, 13, 44, 30, 49, 696, 99, 925, 50, 20);
insert into Ventes (idUtilisateur, idObjet, idPromotion, idTemps, idDate, idServeur, prixTotal, quantite, profit, prixunitaire, POS) values (28, 37, 4, 44, 48, 15, 938, 21, 959, 56, 21);
insert into Ventes (idUtilisateur, idObjet, idPromotion, idTemps, idDate, idServeur, prixTotal, quantite, profit, prixunitaire, POS) values (41, 16, 40, 49, 39, 9, 786, 36, 688, 33, 22);
insert into Ventes (idUtilisateur, idObjet, idPromotion, idTemps, idDate, idServeur, prixTotal, quantite, profit, prixunitaire, POS) values (26, 47, 8, 17, 44, 24, 1000, 72, 765, 76, 23);
insert into Ventes (idUtilisateur, idObjet, idPromotion, idTemps, idDate, idServeur, prixTotal, quantite, profit, prixunitaire, POS) values (11, 7, 22, 30, 17, 4, 357, 51, 118, 20, 24);
insert into Ventes (idUtilisateur, idObjet, idPromotion, idTemps, idDate, idServeur, prixTotal, quantite, profit, prixunitaire, POS) values (40, 13, 19, 26, 48, 16, 388, 52, 309, 49, 25);
insert into Ventes (idUtilisateur, idObjet, idPromotion, idTemps, idDate, idServeur, prixTotal, quantite, profit, prixunitaire, POS) values (10, 49, 11, 25, 8, 42, 885, 76, 176, 18, 26);
insert into Ventes (idUtilisateur, idObjet, idPromotion, idTemps, idDate, idServeur, prixTotal, quantite, profit, prixunitaire, POS) values (42, 44, 14, 43, 1, 23, 317, 72, 529, 72, 27);
insert into Ventes (idUtilisateur, idObjet, idPromotion, idTemps, idDate, idServeur, prixTotal, quantite, profit, prixunitaire, POS) values (18, 45, 20, 2, 50, 40, 130, 58, 669, 45, 28);
insert into Ventes (idUtilisateur, idObjet, idPromotion, idTemps, idDate, idServeur, prixTotal, quantite, profit, prixunitaire, POS) values (9, 25, 26, 36, 15, 28, 123, 41, 378, 63, 29);
insert into Ventes (idUtilisateur, idObjet, idPromotion, idTemps, idDate, idServeur, prixTotal, quantite, profit, prixunitaire, POS) values (11, 43, 19, 40, 41, 10, 869, 56, 982, 57, 30);
insert into Ventes (idUtilisateur, idObjet, idPromotion, idTemps, idDate, idServeur, prixTotal, quantite, profit, prixunitaire, POS) values (33, 8, 25, 15, 4, 18, 234, 31, 135, 33, 31);
insert into Ventes (idUtilisateur, idObjet, idPromotion, idTemps, idDate, idServeur, prixTotal, quantite, profit, prixunitaire, POS) values (17, 28, 27, 7, 32, 33, 656, 12, 433, 70, 32);
insert into Ventes (idUtilisateur, idObjet, idPromotion, idTemps, idDate, idServeur, prixTotal, quantite, profit, prixunitaire, POS) values (25, 16, 4, 46, 17, 46, 689, 70, 273, 88, 33);
insert into Ventes (idUtilisateur, idObjet, idPromotion, idTemps, idDate, idServeur, prixTotal, quantite, profit, prixunitaire, POS) values (19, 37, 17, 36, 36, 4, 140, 19, 32, 93, 34);
insert into Ventes (idUtilisateur, idObjet, idPromotion, idTemps, idDate, idServeur, prixTotal, quantite, profit, prixunitaire, POS) values (38, 34, 31, 38, 14, 2, 874, 83, 795, 85, 35);
insert into Ventes (idUtilisateur, idObjet, idPromotion, idTemps, idDate, idServeur, prixTotal, quantite, profit, prixunitaire, POS) values (30, 42, 9, 32, 23, 16, 338, 46, 340, 27, 36);
insert into Ventes (idUtilisateur, idObjet, idPromotion, idTemps, idDate, idServeur, prixTotal, quantite, profit, prixunitaire, POS) values (46, 15, 48, 16, 23, 12, 601, 30, 724, 15, 37);
insert into Ventes (idUtilisateur, idObjet, idPromotion, idTemps, idDate, idServeur, prixTotal, quantite, profit, prixunitaire, POS) values (14, 40, 46, 34, 13, 21, 430, 41, 758, 57, 38);
insert into Ventes (idUtilisateur, idObjet, idPromotion, idTemps, idDate, idServeur, prixTotal, quantite, profit, prixunitaire, POS) values (42, 34, 5, 17, 47, 38, 497, 39, 349, 57, 39);
insert into Ventes (idUtilisateur, idObjet, idPromotion, idTemps, idDate, idServeur, prixTotal, quantite, profit, prixunitaire, POS) values (6, 4, 46, 11, 13, 32, 894, 2, 157, 99, 40);
insert into Ventes (idUtilisateur, idObjet, idPromotion, idTemps, idDate, idServeur, prixTotal, quantite, profit, prixunitaire, POS) values (9, 34, 32, 28, 30, 16, 853, 83, 667, 48, 41);
insert into Ventes (idUtilisateur, idObjet, idPromotion, idTemps, idDate, idServeur, prixTotal, quantite, profit, prixunitaire, POS) values (29, 13, 48, 7, 41, 20, 276, 71, 764, 49, 42);
insert into Ventes (idUtilisateur, idObjet, idPromotion, idTemps, idDate, idServeur, prixTotal, quantite, profit, prixunitaire, POS) values (7, 17, 24, 2, 29, 10, 334, 32, 91, 90, 43);
insert into Ventes (idUtilisateur, idObjet, idPromotion, idTemps, idDate, idServeur, prixTotal, quantite, profit, prixunitaire, POS) values (15, 11, 7, 8, 31, 25, 849, 73, 234, 45, 44);
insert into Ventes (idUtilisateur, idObjet, idPromotion, idTemps, idDate, idServeur, prixTotal, quantite, profit, prixunitaire, POS) values (46, 10, 43, 44, 22, 21, 640, 66, 818, 74, 45);
insert into Ventes (idUtilisateur, idObjet, idPromotion, idTemps, idDate, idServeur, prixTotal, quantite, profit, prixunitaire, POS) values (46, 47, 45, 21, 20, 17, 447, 3, 350, 69, 46);
insert into Ventes (idUtilisateur, idObjet, idPromotion, idTemps, idDate, idServeur, prixTotal, quantite, profit, prixunitaire, POS) values (21, 1, 38, 47, 27, 15, 833, 46, 738, 32, 47);
insert into Ventes (idUtilisateur, idObjet, idPromotion, idTemps, idDate, idServeur, prixTotal, quantite, profit, prixunitaire, POS) values (13, 2, 4, 32, 1, 20, 768, 76, 663, 79, 48);
insert into Ventes (idUtilisateur, idObjet, idPromotion, idTemps, idDate, idServeur, prixTotal, quantite, profit, prixunitaire, POS) values (43, 22, 28, 2, 25, 13, 84, 37, 435, 36, 49);
insert into Ventes (idUtilisateur, idObjet, idPromotion, idTemps, idDate, idServeur, prixTotal, quantite, profit, prixunitaire, POS) values (16, 14, 11, 29, 11, 7, 166, 54, 624, 64, 50);
insert into Ventes (idUtilisateur, idObjet, idPromotion, idTemps, idDate, idServeur, prixTotal, quantite, profit, prixunitaire, POS) values (47, 11, 10, 2, 46, 41, 396, 92, 137, 61, 51);
insert into Ventes (idUtilisateur, idObjet, idPromotion, idTemps, idDate, idServeur, prixTotal, quantite, profit, prixunitaire, POS) values (46, 24, 46, 40, 20, 23, 963, 12, 932, 54, 52);
insert into Ventes (idUtilisateur, idObjet, idPromotion, idTemps, idDate, idServeur, prixTotal, quantite, profit, prixunitaire, POS) values (6, 19, 11, 34, 38, 11, 461, 24, 692, 45, 53);
insert into Ventes (idUtilisateur, idObjet, idPromotion, idTemps, idDate, idServeur, prixTotal, quantite, profit, prixunitaire, POS) values (41, 17, 41, 22, 6, 44, 282, 30, 713, 56, 54);
insert into Ventes (idUtilisateur, idObjet, idPromotion, idTemps, idDate, idServeur, prixTotal, quantite, profit, prixunitaire, POS) values (29, 15, 26, 32, 48, 18, 449, 12, 907, 62, 55);
insert into Ventes (idUtilisateur, idObjet, idPromotion, idTemps, idDate, idServeur, prixTotal, quantite, profit, prixunitaire, POS) values (48, 45, 31, 33, 14, 33, 671, 57, 891, 90, 56);
insert into Ventes (idUtilisateur, idObjet, idPromotion, idTemps, idDate, idServeur, prixTotal, quantite, profit, prixunitaire, POS) values (4, 41, 37, 22, 46, 21, 1, 51, 937, 46, 57);
insert into Ventes (idUtilisateur, idObjet, idPromotion, idTemps, idDate, idServeur, prixTotal, quantite, profit, prixunitaire, POS) values (7, 5, 21, 44, 10, 10, 73, 96, 373, 46, 58);
insert into Ventes (idUtilisateur, idObjet, idPromotion, idTemps, idDate, idServeur, prixTotal, quantite, profit, prixunitaire, POS) values (33, 12, 4, 11, 41, 26, 1, 85, 774, 71, 59);
insert into Ventes (idUtilisateur, idObjet, idPromotion, idTemps, idDate, idServeur, prixTotal, quantite, profit, prixunitaire, POS) values (12, 11, 25, 4, 22, 50, 77, 73, 96, 10, 60);
insert into Ventes (idUtilisateur, idObjet, idPromotion, idTemps, idDate, idServeur, prixTotal, quantite, profit, prixunitaire, POS) values (38, 47, 18, 31, 16, 28, 287, 1, 780, 99, 61);
insert into Ventes (idUtilisateur, idObjet, idPromotion, idTemps, idDate, idServeur, prixTotal, quantite, profit, prixunitaire, POS) values (49, 13, 43, 39, 8, 20, 854, 100, 432, 48, 62);
insert into Ventes (idUtilisateur, idObjet, idPromotion, idTemps, idDate, idServeur, prixTotal, quantite, profit, prixunitaire, POS) values (10, 27, 17, 3, 4, 16, 760, 77, 282, 63, 63);
insert into Ventes (idUtilisateur, idObjet, idPromotion, idTemps, idDate, idServeur, prixTotal, quantite, profit, prixunitaire, POS) values (41, 21, 13, 18, 1, 50, 985, 4, 262, 56, 64);
insert into Ventes (idUtilisateur, idObjet, idPromotion, idTemps, idDate, idServeur, prixTotal, quantite, profit, prixunitaire, POS) values (13, 25, 39, 22, 17, 35, 166, 88, 207, 56, 65);
insert into Ventes (idUtilisateur, idObjet, idPromotion, idTemps, idDate, idServeur, prixTotal, quantite, profit, prixunitaire, POS) values (22, 36, 13, 32, 1, 1, 892, 38, 314, 69, 66);
insert into Ventes (idUtilisateur, idObjet, idPromotion, idTemps, idDate, idServeur, prixTotal, quantite, profit, prixunitaire, POS) values (14, 5, 26, 4, 20, 18, 45, 1, 239, 60, 67);
insert into Ventes (idUtilisateur, idObjet, idPromotion, idTemps, idDate, idServeur, prixTotal, quantite, profit, prixunitaire, POS) values (13, 30, 2, 45, 18, 3, 916, 32, 662, 54, 68);
insert into Ventes (idUtilisateur, idObjet, idPromotion, idTemps, idDate, idServeur, prixTotal, quantite, profit, prixunitaire, POS) values (15, 15, 50, 44, 27, 6, 275, 83, 879, 56, 69);
insert into Ventes (idUtilisateur, idObjet, idPromotion, idTemps, idDate, idServeur, prixTotal, quantite, profit, prixunitaire, POS) values (23, 37, 25, 35, 35, 30, 899, 5, 623, 22, 70);
insert into Ventes (idUtilisateur, idObjet, idPromotion, idTemps, idDate, idServeur, prixTotal, quantite, profit, prixunitaire, POS) values (27, 38, 12, 47, 46, 43, 741, 88, 891, 57, 71);
insert into Ventes (idUtilisateur, idObjet, idPromotion, idTemps, idDate, idServeur, prixTotal, quantite, profit, prixunitaire, POS) values (2, 21, 17, 47, 43, 20, 602, 79, 751, 2, 72);
insert into Ventes (idUtilisateur, idObjet, idPromotion, idTemps, idDate, idServeur, prixTotal, quantite, profit, prixunitaire, POS) values (20, 22, 30, 30, 10, 12, 351, 56, 649, 50, 73);
insert into Ventes (idUtilisateur, idObjet, idPromotion, idTemps, idDate, idServeur, prixTotal, quantite, profit, prixunitaire, POS) values (11, 15, 28, 2, 35, 27, 667, 67, 488, 45, 74);
insert into Ventes (idUtilisateur, idObjet, idPromotion, idTemps, idDate, idServeur, prixTotal, quantite, profit, prixunitaire, POS) values (30, 33, 28, 3, 3, 44, 943, 33, 50, 3, 75);
insert into Ventes (idUtilisateur, idObjet, idPromotion, idTemps, idDate, idServeur, prixTotal, quantite, profit, prixunitaire, POS) values (34, 50, 21, 13, 5, 13, 835, 69, 8, 93, 76);
insert into Ventes (idUtilisateur, idObjet, idPromotion, idTemps, idDate, idServeur, prixTotal, quantite, profit, prixunitaire, POS) values (44, 49, 45, 49, 43, 21, 705, 88, 885, 38, 77);
insert into Ventes (idUtilisateur, idObjet, idPromotion, idTemps, idDate, idServeur, prixTotal, quantite, profit, prixunitaire, POS) values (3, 45, 1, 14, 37, 2, 195, 45, 34, 31, 78);
insert into Ventes (idUtilisateur, idObjet, idPromotion, idTemps, idDate, idServeur, prixTotal, quantite, profit, prixunitaire, POS) values (5, 21, 37, 34, 27, 31, 287, 37, 148, 42, 79);
insert into Ventes (idUtilisateur, idObjet, idPromotion, idTemps, idDate, idServeur, prixTotal, quantite, profit, prixunitaire, POS) values (7, 40, 28, 28, 35, 34, 262, 92, 709, 14, 80);
insert into Ventes (idUtilisateur, idObjet, idPromotion, idTemps, idDate, idServeur, prixTotal, quantite, profit, prixunitaire, POS) values (32, 7, 14, 11, 34, 15, 835, 4, 148, 64, 81);
insert into Ventes (idUtilisateur, idObjet, idPromotion, idTemps, idDate, idServeur, prixTotal, quantite, profit, prixunitaire, POS) values (38, 1, 40, 28, 28, 32, 894, 52, 154, 57, 82);
insert into Ventes (idUtilisateur, idObjet, idPromotion, idTemps, idDate, idServeur, prixTotal, quantite, profit, prixunitaire, POS) values (32, 36, 17, 5, 33, 31, 555, 38, 747, 4, 83);
insert into Ventes (idUtilisateur, idObjet, idPromotion, idTemps, idDate, idServeur, prixTotal, quantite, profit, prixunitaire, POS) values (30, 5, 30, 8, 4, 11, 62, 94, 253, 76, 84);
insert into Ventes (idUtilisateur, idObjet, idPromotion, idTemps, idDate, idServeur, prixTotal, quantite, profit, prixunitaire, POS) values (44, 29, 31, 43, 48, 11, 847, 47, 666, 96, 85);
insert into Ventes (idUtilisateur, idObjet, idPromotion, idTemps, idDate, idServeur, prixTotal, quantite, profit, prixunitaire, POS) values (48, 22, 37, 31, 36, 35, 690, 19, 848, 75, 86);
insert into Ventes (idUtilisateur, idObjet, idPromotion, idTemps, idDate, idServeur, prixTotal, quantite, profit, prixunitaire, POS) values (4, 15, 43, 36, 22, 28, 19, 84, 277, 98, 87);
insert into Ventes (idUtilisateur, idObjet, idPromotion, idTemps, idDate, idServeur, prixTotal, quantite, profit, prixunitaire, POS) values (40, 15, 18, 39, 23, 18, 837, 82, 516, 64, 88);
insert into Ventes (idUtilisateur, idObjet, idPromotion, idTemps, idDate, idServeur, prixTotal, quantite, profit, prixunitaire, POS) values (32, 34, 39, 25, 40, 34, 462, 71, 586, 69, 89);
insert into Ventes (idUtilisateur, idObjet, idPromotion, idTemps, idDate, idServeur, prixTotal, quantite, profit, prixunitaire, POS) values (26, 15, 41, 29, 35, 31, 407, 22, 303, 11, 90);
insert into Ventes (idUtilisateur, idObjet, idPromotion, idTemps, idDate, idServeur, prixTotal, quantite, profit, prixunitaire, POS) values (20, 40, 2, 45, 38, 33, 263, 20, 281, 27, 91);
insert into Ventes (idUtilisateur, idObjet, idPromotion, idTemps, idDate, idServeur, prixTotal, quantite, profit, prixunitaire, POS) values (48, 31, 39, 35, 15, 42, 207, 10, 489, 27, 92);
insert into Ventes (idUtilisateur, idObjet, idPromotion, idTemps, idDate, idServeur, prixTotal, quantite, profit, prixunitaire, POS) values (19, 3, 33, 40, 40, 43, 42, 56, 637, 29, 93);
insert into Ventes (idUtilisateur, idObjet, idPromotion, idTemps, idDate, idServeur, prixTotal, quantite, profit, prixunitaire, POS) values (16, 33, 24, 44, 32, 4, 404, 19, 220, 67, 94);
insert into Ventes (idUtilisateur, idObjet, idPromotion, idTemps, idDate, idServeur, prixTotal, quantite, profit, prixunitaire, POS) values (1, 35, 44, 23, 2, 3, 745, 56, 890, 100, 95);
insert into Ventes (idUtilisateur, idObjet, idPromotion, idTemps, idDate, idServeur, prixTotal, quantite, profit, prixunitaire, POS) values (15, 28, 28, 8, 17, 15, 432, 42, 496, 79, 96);
insert into Ventes (idUtilisateur, idObjet, idPromotion, idTemps, idDate, idServeur, prixTotal, quantite, profit, prixunitaire, POS) values (26, 33, 12, 13, 26, 7, 317, 33, 946, 63, 97);
insert into Ventes (idUtilisateur, idObjet, idPromotion, idTemps, idDate, idServeur, prixTotal, quantite, profit, prixunitaire, POS) values (14, 50, 10, 5, 21, 23, 830, 75, 869, 89, 98);
insert into Ventes (idUtilisateur, idObjet, idPromotion, idTemps, idDate, idServeur, prixTotal, quantite, profit, prixunitaire, POS) values (49, 29, 12, 18, 50, 18, 703, 42, 423, 82, 99);
insert into Ventes (idUtilisateur, idObjet, idPromotion, idTemps, idDate, idServeur, prixTotal, quantite, profit, prixunitaire, POS) values (19, 6, 46, 29, 38, 13, 209, 62, 599, 58, 100);
insert into Ventes (idUtilisateur, idObjet, idPromotion, idTemps, idDate, idServeur, prixTotal, quantite, profit, prixunitaire, POS) values (24, 16, 9, 35, 9, 2, 180, 17, 481, 89, 101);
insert into Ventes (idUtilisateur, idObjet, idPromotion, idTemps, idDate, idServeur, prixTotal, quantite, profit, prixunitaire, POS) values (17, 31, 45, 37, 13, 43, 721, 24, 713, 28, 102);
insert into Ventes (idUtilisateur, idObjet, idPromotion, idTemps, idDate, idServeur, prixTotal, quantite, profit, prixunitaire, POS) values (18, 16, 2, 1, 45, 4, 75, 39, 223, 2, 103);
insert into Ventes (idUtilisateur, idObjet, idPromotion, idTemps, idDate, idServeur, prixTotal, quantite, profit, prixunitaire, POS) values (9, 41, 9, 5, 35, 28, 536, 24, 27, 34, 104);
insert into Ventes (idUtilisateur, idObjet, idPromotion, idTemps, idDate, idServeur, prixTotal, quantite, profit, prixunitaire, POS) values (19, 11, 28, 1, 27, 43, 797, 59, 343, 56, 105);
insert into Ventes (idUtilisateur, idObjet, idPromotion, idTemps, idDate, idServeur, prixTotal, quantite, profit, prixunitaire, POS) values (29, 39, 34, 36, 20, 45, 102, 98, 605, 42, 106);
insert into Ventes (idUtilisateur, idObjet, idPromotion, idTemps, idDate, idServeur, prixTotal, quantite, profit, prixunitaire, POS) values (26, 43, 22, 25, 3, 14, 375, 16, 530, 86, 107);
insert into Ventes (idUtilisateur, idObjet, idPromotion, idTemps, idDate, idServeur, prixTotal, quantite, profit, prixunitaire, POS) values (3, 30, 4, 34, 49, 29, 11, 21, 453, 73, 108);
insert into Ventes (idUtilisateur, idObjet, idPromotion, idTemps, idDate, idServeur, prixTotal, quantite, profit, prixunitaire, POS) values (48, 48, 32, 4, 5, 19, 787, 25, 283, 27, 109);
insert into Ventes (idUtilisateur, idObjet, idPromotion, idTemps, idDate, idServeur, prixTotal, quantite, profit, prixunitaire, POS) values (11, 20, 27, 48, 33, 7, 439, 14, 762, 83, 110);
insert into Ventes (idUtilisateur, idObjet, idPromotion, idTemps, idDate, idServeur, prixTotal, quantite, profit, prixunitaire, POS) values (3, 42, 43, 38, 22, 36, 71, 35, 237, 75, 111);
insert into Ventes (idUtilisateur, idObjet, idPromotion, idTemps, idDate, idServeur, prixTotal, quantite, profit, prixunitaire, POS) values (11, 46, 43, 42, 25, 16, 571, 50, 858, 69, 112);
insert into Ventes (idUtilisateur, idObjet, idPromotion, idTemps, idDate, idServeur, prixTotal, quantite, profit, prixunitaire, POS) values (6, 11, 43, 5, 43, 21, 962, 64, 234, 8, 113);
insert into Ventes (idUtilisateur, idObjet, idPromotion, idTemps, idDate, idServeur, prixTotal, quantite, profit, prixunitaire, POS) values (21, 37, 34, 12, 37, 22, 753, 80, 36, 36, 114);
insert into Ventes (idUtilisateur, idObjet, idPromotion, idTemps, idDate, idServeur, prixTotal, quantite, profit, prixunitaire, POS) values (17, 27, 6, 14, 30, 5, 925, 11, 954, 6, 115);
insert into Ventes (idUtilisateur, idObjet, idPromotion, idTemps, idDate, idServeur, prixTotal, quantite, profit, prixunitaire, POS) values (36, 19, 35, 10, 18, 29, 741, 57, 999, 38, 116);
insert into Ventes (idUtilisateur, idObjet, idPromotion, idTemps, idDate, idServeur, prixTotal, quantite, profit, prixunitaire, POS) values (3, 35, 36, 16, 32, 8, 919, 77, 397, 67, 117);
insert into Ventes (idUtilisateur, idObjet, idPromotion, idTemps, idDate, idServeur, prixTotal, quantite, profit, prixunitaire, POS) values (22, 25, 10, 34, 33, 29, 861, 7, 898, 23, 118);
insert into Ventes (idUtilisateur, idObjet, idPromotion, idTemps, idDate, idServeur, prixTotal, quantite, profit, prixunitaire, POS) values (7, 19, 10, 37, 32, 24, 998, 39, 151, 52, 119);
insert into Ventes (idUtilisateur, idObjet, idPromotion, idTemps, idDate, idServeur, prixTotal, quantite, profit, prixunitaire, POS) values (15, 26, 22, 48, 20, 50, 211, 68, 909, 25, 120);
insert into Ventes (idUtilisateur, idObjet, idPromotion, idTemps, idDate, idServeur, prixTotal, quantite, profit, prixunitaire, POS) values (31, 33, 18, 21, 34, 17, 103, 7, 472, 48, 121);
insert into Ventes (idUtilisateur, idObjet, idPromotion, idTemps, idDate, idServeur, prixTotal, quantite, profit, prixunitaire, POS) values (37, 5, 32, 35, 1, 40, 123, 73, 553, 29, 122);
insert into Ventes (idUtilisateur, idObjet, idPromotion, idTemps, idDate, idServeur, prixTotal, quantite, profit, prixunitaire, POS) values (8, 8, 28, 8, 20, 29, 336, 96, 225, 35, 123);
insert into Ventes (idUtilisateur, idObjet, idPromotion, idTemps, idDate, idServeur, prixTotal, quantite, profit, prixunitaire, POS) values (42, 18, 46, 41, 15, 45, 681, 9, 690, 70, 124);
insert into Ventes (idUtilisateur, idObjet, idPromotion, idTemps, idDate, idServeur, prixTotal, quantite, profit, prixunitaire, POS) values (17, 6, 9, 2, 39, 50, 254, 35, 535, 78, 125);
insert into Ventes (idUtilisateur, idObjet, idPromotion, idTemps, idDate, idServeur, prixTotal, quantite, profit, prixunitaire, POS) values (7, 15, 30, 22, 4, 38, 864, 24, 446, 91, 126);
insert into Ventes (idUtilisateur, idObjet, idPromotion, idTemps, idDate, idServeur, prixTotal, quantite, profit, prixunitaire, POS) values (15, 7, 7, 23, 43, 33, 921, 32, 726, 5, 127);
insert into Ventes (idUtilisateur, idObjet, idPromotion, idTemps, idDate, idServeur, prixTotal, quantite, profit, prixunitaire, POS) values (4, 14, 17, 25, 47, 2, 13, 30, 478, 9, 128);
insert into Ventes (idUtilisateur, idObjet, idPromotion, idTemps, idDate, idServeur, prixTotal, quantite, profit, prixunitaire, POS) values (36, 28, 14, 34, 36, 29, 86, 1, 96, 57, 129);
insert into Ventes (idUtilisateur, idObjet, idPromotion, idTemps, idDate, idServeur, prixTotal, quantite, profit, prixunitaire, POS) values (44, 39, 9, 48, 3, 36, 290, 5, 839, 51, 130);
insert into Ventes (idUtilisateur, idObjet, idPromotion, idTemps, idDate, idServeur, prixTotal, quantite, profit, prixunitaire, POS) values (44, 11, 45, 3, 27, 43, 686, 35, 982, 55, 131);
insert into Ventes (idUtilisateur, idObjet, idPromotion, idTemps, idDate, idServeur, prixTotal, quantite, profit, prixunitaire, POS) values (15, 16, 26, 18, 43, 4, 348, 77, 547, 93, 132);
insert into Ventes (idUtilisateur, idObjet, idPromotion, idTemps, idDate, idServeur, prixTotal, quantite, profit, prixunitaire, POS) values (12, 46, 32, 14, 37, 41, 746, 97, 8, 34, 133);
insert into Ventes (idUtilisateur, idObjet, idPromotion, idTemps, idDate, idServeur, prixTotal, quantite, profit, prixunitaire, POS) values (38, 25, 43, 1, 39, 5, 687, 40, 716, 79, 134);
insert into Ventes (idUtilisateur, idObjet, idPromotion, idTemps, idDate, idServeur, prixTotal, quantite, profit, prixunitaire, POS) values (13, 29, 48, 8, 15, 18, 824, 96, 424, 82, 135);
insert into Ventes (idUtilisateur, idObjet, idPromotion, idTemps, idDate, idServeur, prixTotal, quantite, profit, prixunitaire, POS) values (47, 13, 35, 43, 47, 44, 833, 98, 840, 24, 136);
insert into Ventes (idUtilisateur, idObjet, idPromotion, idTemps, idDate, idServeur, prixTotal, quantite, profit, prixunitaire, POS) values (3, 20, 21, 20, 16, 47, 320, 60, 977, 3, 137);
insert into Ventes (idUtilisateur, idObjet, idPromotion, idTemps, idDate, idServeur, prixTotal, quantite, profit, prixunitaire, POS) values (39, 38, 16, 9, 21, 22, 170, 34, 815, 81, 138);
insert into Ventes (idUtilisateur, idObjet, idPromotion, idTemps, idDate, idServeur, prixTotal, quantite, profit, prixunitaire, POS) values (25, 40, 42, 34, 9, 1, 726, 84, 413, 19, 139);
insert into Ventes (idUtilisateur, idObjet, idPromotion, idTemps, idDate, idServeur, prixTotal, quantite, profit, prixunitaire, POS) values (26, 12, 3, 45, 7, 40, 992, 88, 582, 29, 140);
insert into Ventes (idUtilisateur, idObjet, idPromotion, idTemps, idDate, idServeur, prixTotal, quantite, profit, prixunitaire, POS) values (44, 26, 7, 35, 9, 10, 38, 1, 511, 50, 141);
insert into Ventes (idUtilisateur, idObjet, idPromotion, idTemps, idDate, idServeur, prixTotal, quantite, profit, prixunitaire, POS) values (25, 11, 44, 25, 41, 14, 385, 33, 754, 100, 142);
insert into Ventes (idUtilisateur, idObjet, idPromotion, idTemps, idDate, idServeur, prixTotal, quantite, profit, prixunitaire, POS) values (18, 33, 50, 43, 31, 14, 151, 61, 95, 18, 143);
insert into Ventes (idUtilisateur, idObjet, idPromotion, idTemps, idDate, idServeur, prixTotal, quantite, profit, prixunitaire, POS) values (8, 38, 5, 29, 2, 48, 91, 53, 382, 22, 144);
insert into Ventes (idUtilisateur, idObjet, idPromotion, idTemps, idDate, idServeur, prixTotal, quantite, profit, prixunitaire, POS) values (5, 45, 33, 33, 43, 26, 740, 20, 637, 93, 145);
insert into Ventes (idUtilisateur, idObjet, idPromotion, idTemps, idDate, idServeur, prixTotal, quantite, profit, prixunitaire, POS) values (39, 44, 45, 50, 5, 7, 264, 68, 285, 6, 146);
insert into Ventes (idUtilisateur, idObjet, idPromotion, idTemps, idDate, idServeur, prixTotal, quantite, profit, prixunitaire, POS) values (29, 40, 41, 41, 5, 48, 692, 11, 533, 45, 147);
insert into Ventes (idUtilisateur, idObjet, idPromotion, idTemps, idDate, idServeur, prixTotal, quantite, profit, prixunitaire, POS) values (37, 23, 11, 30, 47, 6, 144, 1, 5, 43, 148);
insert into Ventes (idUtilisateur, idObjet, idPromotion, idTemps, idDate, idServeur, prixTotal, quantite, profit, prixunitaire, POS) values (42, 25, 8, 46, 4, 4, 49, 24, 202, 28, 149);
insert into Ventes (idUtilisateur, idObjet, idPromotion, idTemps, idDate, idServeur, prixTotal, quantite, profit, prixunitaire, POS) values (6, 7, 34, 36, 1, 15, 625, 74, 533, 45, 150);
insert into Ventes (idUtilisateur, idObjet, idPromotion, idTemps, idDate, idServeur, prixTotal, quantite, profit, prixunitaire, POS) values (21, 23, 9, 26, 29, 19, 301, 27, 766, 45, 151);
insert into Ventes (idUtilisateur, idObjet, idPromotion, idTemps, idDate, idServeur, prixTotal, quantite, profit, prixunitaire, POS) values (14, 2, 30, 28, 5, 21, 410, 99, 39, 80, 152);
insert into Ventes (idUtilisateur, idObjet, idPromotion, idTemps, idDate, idServeur, prixTotal, quantite, profit, prixunitaire, POS) values (27, 32, 26, 32, 38, 26, 855, 2, 375, 74, 153);
insert into Ventes (idUtilisateur, idObjet, idPromotion, idTemps, idDate, idServeur, prixTotal, quantite, profit, prixunitaire, POS) values (24, 4, 47, 21, 47, 29, 87, 9, 128, 91, 154);
insert into Ventes (idUtilisateur, idObjet, idPromotion, idTemps, idDate, idServeur, prixTotal, quantite, profit, prixunitaire, POS) values (25, 11, 43, 1, 8, 4, 461, 37, 222, 21, 155);
insert into Ventes (idUtilisateur, idObjet, idPromotion, idTemps, idDate, idServeur, prixTotal, quantite, profit, prixunitaire, POS) values (11, 40, 20, 39, 9, 41, 213, 28, 410, 71, 156);
insert into Ventes (idUtilisateur, idObjet, idPromotion, idTemps, idDate, idServeur, prixTotal, quantite, profit, prixunitaire, POS) values (38, 20, 36, 3, 5, 5, 942, 98, 86, 95, 157);
insert into Ventes (idUtilisateur, idObjet, idPromotion, idTemps, idDate, idServeur, prixTotal, quantite, profit, prixunitaire, POS) values (43, 31, 26, 11, 8, 2, 514, 41, 207, 92, 158);
insert into Ventes (idUtilisateur, idObjet, idPromotion, idTemps, idDate, idServeur, prixTotal, quantite, profit, prixunitaire, POS) values (45, 32, 9, 17, 2, 1, 528, 55, 720, 50, 159);
insert into Ventes (idUtilisateur, idObjet, idPromotion, idTemps, idDate, idServeur, prixTotal, quantite, profit, prixunitaire, POS) values (36, 27, 32, 26, 23, 4, 539, 27, 829, 18, 160);
insert into Ventes (idUtilisateur, idObjet, idPromotion, idTemps, idDate, idServeur, prixTotal, quantite, profit, prixunitaire, POS) values (19, 4, 9, 25, 18, 9, 529, 19, 926, 39, 161);
insert into Ventes (idUtilisateur, idObjet, idPromotion, idTemps, idDate, idServeur, prixTotal, quantite, profit, prixunitaire, POS) values (13, 28, 48, 42, 38, 50, 783, 38, 176, 15, 162);
insert into Ventes (idUtilisateur, idObjet, idPromotion, idTemps, idDate, idServeur, prixTotal, quantite, profit, prixunitaire, POS) values (32, 44, 32, 42, 12, 14, 760, 41, 982, 87, 163);
insert into Ventes (idUtilisateur, idObjet, idPromotion, idTemps, idDate, idServeur, prixTotal, quantite, profit, prixunitaire, POS) values (4, 19, 38, 26, 14, 42, 539, 93, 242, 86, 164);
insert into Ventes (idUtilisateur, idObjet, idPromotion, idTemps, idDate, idServeur, prixTotal, quantite, profit, prixunitaire, POS) values (36, 45, 47, 45, 6, 13, 539, 58, 56, 1, 165);
insert into Ventes (idUtilisateur, idObjet, idPromotion, idTemps, idDate, idServeur, prixTotal, quantite, profit, prixunitaire, POS) values (5, 29, 46, 23, 9, 10, 536, 39, 737, 27, 166);
insert into Ventes (idUtilisateur, idObjet, idPromotion, idTemps, idDate, idServeur, prixTotal, quantite, profit, prixunitaire, POS) values (29, 14, 3, 2, 3, 40, 120, 60, 228, 87, 167);
insert into Ventes (idUtilisateur, idObjet, idPromotion, idTemps, idDate, idServeur, prixTotal, quantite, profit, prixunitaire, POS) values (14, 40, 17, 32, 23, 9, 341, 43, 8, 15, 168);
insert into Ventes (idUtilisateur, idObjet, idPromotion, idTemps, idDate, idServeur, prixTotal, quantite, profit, prixunitaire, POS) values (44, 33, 40, 24, 14, 41, 857, 98, 275, 44, 169);
insert into Ventes (idUtilisateur, idObjet, idPromotion, idTemps, idDate, idServeur, prixTotal, quantite, profit, prixunitaire, POS) values (39, 2, 23, 37, 3, 38, 251, 74, 897, 8, 170);
insert into Ventes (idUtilisateur, idObjet, idPromotion, idTemps, idDate, idServeur, prixTotal, quantite, profit, prixunitaire, POS) values (31, 38, 37, 18, 19, 47, 752, 49, 597, 6, 171);
insert into Ventes (idUtilisateur, idObjet, idPromotion, idTemps, idDate, idServeur, prixTotal, quantite, profit, prixunitaire, POS) values (21, 41, 5, 46, 29, 30, 739, 42, 27, 63, 172);
insert into Ventes (idUtilisateur, idObjet, idPromotion, idTemps, idDate, idServeur, prixTotal, quantite, profit, prixunitaire, POS) values (37, 43, 1, 18, 14, 17, 622, 50, 398, 65, 173);
insert into Ventes (idUtilisateur, idObjet, idPromotion, idTemps, idDate, idServeur, prixTotal, quantite, profit, prixunitaire, POS) values (17, 50, 17, 13, 18, 29, 651, 87, 170, 86, 174);
insert into Ventes (idUtilisateur, idObjet, idPromotion, idTemps, idDate, idServeur, prixTotal, quantite, profit, prixunitaire, POS) values (37, 7, 38, 41, 27, 44, 23, 64, 430, 91, 175);
insert into Ventes (idUtilisateur, idObjet, idPromotion, idTemps, idDate, idServeur, prixTotal, quantite, profit, prixunitaire, POS) values (22, 9, 48, 48, 40, 31, 456, 38, 842, 37, 176);
insert into Ventes (idUtilisateur, idObjet, idPromotion, idTemps, idDate, idServeur, prixTotal, quantite, profit, prixunitaire, POS) values (20, 45, 20, 26, 18, 45, 257, 47, 166, 41, 177);
insert into Ventes (idUtilisateur, idObjet, idPromotion, idTemps, idDate, idServeur, prixTotal, quantite, profit, prixunitaire, POS) values (36, 38, 26, 10, 4, 1, 710, 74, 649, 40, 178);
insert into Ventes (idUtilisateur, idObjet, idPromotion, idTemps, idDate, idServeur, prixTotal, quantite, profit, prixunitaire, POS) values (48, 50, 37, 42, 50, 29, 969, 75, 320, 55, 179);
insert into Ventes (idUtilisateur, idObjet, idPromotion, idTemps, idDate, idServeur, prixTotal, quantite, profit, prixunitaire, POS) values (46, 26, 31, 23, 23, 47, 462, 48, 633, 48, 180);
insert into Ventes (idUtilisateur, idObjet, idPromotion, idTemps, idDate, idServeur, prixTotal, quantite, profit, prixunitaire, POS) values (27, 42, 28, 25, 37, 38, 515, 31, 454, 54, 181);
insert into Ventes (idUtilisateur, idObjet, idPromotion, idTemps, idDate, idServeur, prixTotal, quantite, profit, prixunitaire, POS) values (29, 42, 3, 20, 25, 28, 484, 68, 140, 29, 182);
insert into Ventes (idUtilisateur, idObjet, idPromotion, idTemps, idDate, idServeur, prixTotal, quantite, profit, prixunitaire, POS) values (33, 39, 27, 49, 31, 44, 172, 23, 518, 14, 183);
insert into Ventes (idUtilisateur, idObjet, idPromotion, idTemps, idDate, idServeur, prixTotal, quantite, profit, prixunitaire, POS) values (18, 50, 12, 27, 29, 40, 398, 41, 313, 68, 184);
insert into Ventes (idUtilisateur, idObjet, idPromotion, idTemps, idDate, idServeur, prixTotal, quantite, profit, prixunitaire, POS) values (26, 20, 47, 16, 15, 49, 566, 36, 366, 21, 185);
insert into Ventes (idUtilisateur, idObjet, idPromotion, idTemps, idDate, idServeur, prixTotal, quantite, profit, prixunitaire, POS) values (13, 18, 10, 2, 9, 4, 870, 57, 719, 12, 186);
insert into Ventes (idUtilisateur, idObjet, idPromotion, idTemps, idDate, idServeur, prixTotal, quantite, profit, prixunitaire, POS) values (18, 7, 30, 30, 10, 44, 88, 93, 923, 16, 187);
insert into Ventes (idUtilisateur, idObjet, idPromotion, idTemps, idDate, idServeur, prixTotal, quantite, profit, prixunitaire, POS) values (2, 39, 7, 44, 12, 31, 372, 57, 109, 61, 188);
insert into Ventes (idUtilisateur, idObjet, idPromotion, idTemps, idDate, idServeur, prixTotal, quantite, profit, prixunitaire, POS) values (27, 37, 2, 36, 19, 47, 741, 29, 392, 75, 189);
insert into Ventes (idUtilisateur, idObjet, idPromotion, idTemps, idDate, idServeur, prixTotal, quantite, profit, prixunitaire, POS) values (14, 43, 1, 38, 33, 48, 396, 78, 968, 93, 190);
insert into Ventes (idUtilisateur, idObjet, idPromotion, idTemps, idDate, idServeur, prixTotal, quantite, profit, prixunitaire, POS) values (8, 18, 39, 16, 50, 22, 643, 31, 483, 89, 191);
insert into Ventes (idUtilisateur, idObjet, idPromotion, idTemps, idDate, idServeur, prixTotal, quantite, profit, prixunitaire, POS) values (28, 37, 32, 33, 37, 12, 349, 39, 115, 51, 192);
insert into Ventes (idUtilisateur, idObjet, idPromotion, idTemps, idDate, idServeur, prixTotal, quantite, profit, prixunitaire, POS) values (27, 6, 46, 25, 41, 35, 139, 76, 461, 75, 193);
insert into Ventes (idUtilisateur, idObjet, idPromotion, idTemps, idDate, idServeur, prixTotal, quantite, profit, prixunitaire, POS) values (10, 36, 40, 7, 43, 25, 865, 7, 164, 61, 194);
insert into Ventes (idUtilisateur, idObjet, idPromotion, idTemps, idDate, idServeur, prixTotal, quantite, profit, prixunitaire, POS) values (17, 43, 10, 7, 11, 12, 877, 71, 408, 5, 195);
insert into Ventes (idUtilisateur, idObjet, idPromotion, idTemps, idDate, idServeur, prixTotal, quantite, profit, prixunitaire, POS) values (21, 2, 34, 35, 8, 50, 434, 67, 837, 40, 196);
insert into Ventes (idUtilisateur, idObjet, idPromotion, idTemps, idDate, idServeur, prixTotal, quantite, profit, prixunitaire, POS) values (35, 39, 31, 46, 16, 30, 618, 8, 126, 20, 197);
insert into Ventes (idUtilisateur, idObjet, idPromotion, idTemps, idDate, idServeur, prixTotal, quantite, profit, prixunitaire, POS) values (9, 48, 41, 10, 39, 36, 156, 13, 647, 55, 198);
insert into Ventes (idUtilisateur, idObjet, idPromotion, idTemps, idDate, idServeur, prixTotal, quantite, profit, prixunitaire, POS) values (8, 40, 16, 20, 10, 25, 102, 55, 822, 4, 199);
insert into Ventes (idUtilisateur, idObjet, idPromotion, idTemps, idDate, idServeur, prixTotal, quantite, profit, prixunitaire, POS) values (18, 43, 15, 19, 47, 24, 554, 80, 37, 45, 200);
insert into Ventes (idUtilisateur, idObjet, idPromotion, idTemps, idDate, idServeur, prixTotal, quantite, profit, prixunitaire, POS) values (43, 11, 22, 46, 28, 46, 47, 39, 816, 32, 201);
insert into Ventes (idUtilisateur, idObjet, idPromotion, idTemps, idDate, idServeur, prixTotal, quantite, profit, prixunitaire, POS) values (17, 38, 33, 25, 25, 18, 292, 80, 417, 69, 202);
insert into Ventes (idUtilisateur, idObjet, idPromotion, idTemps, idDate, idServeur, prixTotal, quantite, profit, prixunitaire, POS) values (19, 36, 23, 40, 1, 9, 20, 40, 170, 2, 203);
insert into Ventes (idUtilisateur, idObjet, idPromotion, idTemps, idDate, idServeur, prixTotal, quantite, profit, prixunitaire, POS) values (18, 10, 26, 31, 30, 8, 802, 99, 631, 12, 204);
insert into Ventes (idUtilisateur, idObjet, idPromotion, idTemps, idDate, idServeur, prixTotal, quantite, profit, prixunitaire, POS) values (47, 43, 9, 13, 10, 8, 925, 100, 769, 72, 205);
insert into Ventes (idUtilisateur, idObjet, idPromotion, idTemps, idDate, idServeur, prixTotal, quantite, profit, prixunitaire, POS) values (24, 27, 26, 9, 36, 46, 458, 100, 952, 52, 206);
insert into Ventes (idUtilisateur, idObjet, idPromotion, idTemps, idDate, idServeur, prixTotal, quantite, profit, prixunitaire, POS) values (48, 50, 38, 9, 12, 45, 369, 94, 60, 17, 207);
insert into Ventes (idUtilisateur, idObjet, idPromotion, idTemps, idDate, idServeur, prixTotal, quantite, profit, prixunitaire, POS) values (49, 35, 5, 41, 12, 29, 359, 48, 855, 58, 208);
insert into Ventes (idUtilisateur, idObjet, idPromotion, idTemps, idDate, idServeur, prixTotal, quantite, profit, prixunitaire, POS) values (3, 1, 23, 4, 1, 27, 280, 54, 271, 9, 209);
insert into Ventes (idUtilisateur, idObjet, idPromotion, idTemps, idDate, idServeur, prixTotal, quantite, profit, prixunitaire, POS) values (7, 16, 48, 29, 12, 22, 390, 29, 515, 3, 210);
insert into Ventes (idUtilisateur, idObjet, idPromotion, idTemps, idDate, idServeur, prixTotal, quantite, profit, prixunitaire, POS) values (25, 18, 41, 4, 26, 8, 442, 65, 41, 21, 211);
insert into Ventes (idUtilisateur, idObjet, idPromotion, idTemps, idDate, idServeur, prixTotal, quantite, profit, prixunitaire, POS) values (20, 6, 4, 44, 26, 30, 937, 25, 293, 22, 212);
insert into Ventes (idUtilisateur, idObjet, idPromotion, idTemps, idDate, idServeur, prixTotal, quantite, profit, prixunitaire, POS) values (13, 4, 39, 30, 31, 22, 238, 92, 700, 18, 213);
insert into Ventes (idUtilisateur, idObjet, idPromotion, idTemps, idDate, idServeur, prixTotal, quantite, profit, prixunitaire, POS) values (35, 26, 45, 6, 10, 34, 634, 50, 492, 1, 214);
insert into Ventes (idUtilisateur, idObjet, idPromotion, idTemps, idDate, idServeur, prixTotal, quantite, profit, prixunitaire, POS) values (2, 27, 1, 16, 27, 4, 246, 65, 533, 39, 215);
insert into Ventes (idUtilisateur, idObjet, idPromotion, idTemps, idDate, idServeur, prixTotal, quantite, profit, prixunitaire, POS) values (31, 24, 10, 38, 22, 35, 15, 75, 787, 6, 216);
insert into Ventes (idUtilisateur, idObjet, idPromotion, idTemps, idDate, idServeur, prixTotal, quantite, profit, prixunitaire, POS) values (41, 33, 48, 35, 3, 23, 454, 87, 26, 29, 217);
insert into Ventes (idUtilisateur, idObjet, idPromotion, idTemps, idDate, idServeur, prixTotal, quantite, profit, prixunitaire, POS) values (11, 1, 37, 10, 2, 16, 35, 16, 731, 44, 218);
insert into Ventes (idUtilisateur, idObjet, idPromotion, idTemps, idDate, idServeur, prixTotal, quantite, profit, prixunitaire, POS) values (47, 42, 20, 27, 19, 48, 962, 4, 24, 42, 219);
insert into Ventes (idUtilisateur, idObjet, idPromotion, idTemps, idDate, idServeur, prixTotal, quantite, profit, prixunitaire, POS) values (43, 17, 20, 3, 30, 10, 490, 69, 889, 96, 220);
insert into Ventes (idUtilisateur, idObjet, idPromotion, idTemps, idDate, idServeur, prixTotal, quantite, profit, prixunitaire, POS) values (39, 1, 3, 50, 19, 41, 414, 92, 471, 100, 221);
insert into Ventes (idUtilisateur, idObjet, idPromotion, idTemps, idDate, idServeur, prixTotal, quantite, profit, prixunitaire, POS) values (11, 48, 2, 30, 50, 28, 134, 81, 300, 12, 222);
insert into Ventes (idUtilisateur, idObjet, idPromotion, idTemps, idDate, idServeur, prixTotal, quantite, profit, prixunitaire, POS) values (41, 43, 7, 38, 9, 17, 905, 30, 203, 33, 223);
insert into Ventes (idUtilisateur, idObjet, idPromotion, idTemps, idDate, idServeur, prixTotal, quantite, profit, prixunitaire, POS) values (38, 37, 3, 12, 25, 41, 219, 23, 367, 9, 224);
insert into Ventes (idUtilisateur, idObjet, idPromotion, idTemps, idDate, idServeur, prixTotal, quantite, profit, prixunitaire, POS) values (49, 50, 36, 27, 15, 48, 582, 15, 622, 12, 225);
insert into Ventes (idUtilisateur, idObjet, idPromotion, idTemps, idDate, idServeur, prixTotal, quantite, profit, prixunitaire, POS) values (43, 28, 33, 35, 34, 49, 622, 2, 12, 71, 226);
insert into Ventes (idUtilisateur, idObjet, idPromotion, idTemps, idDate, idServeur, prixTotal, quantite, profit, prixunitaire, POS) values (26, 45, 47, 1, 1, 14, 260, 99, 699, 81, 227);
insert into Ventes (idUtilisateur, idObjet, idPromotion, idTemps, idDate, idServeur, prixTotal, quantite, profit, prixunitaire, POS) values (16, 25, 29, 37, 33, 32, 738, 7, 173, 65, 228);
insert into Ventes (idUtilisateur, idObjet, idPromotion, idTemps, idDate, idServeur, prixTotal, quantite, profit, prixunitaire, POS) values (45, 48, 13, 35, 27, 49, 315, 66, 710, 83, 229);
insert into Ventes (idUtilisateur, idObjet, idPromotion, idTemps, idDate, idServeur, prixTotal, quantite, profit, prixunitaire, POS) values (31, 35, 50, 45, 27, 8, 525, 93, 537, 65, 230);
insert into Ventes (idUtilisateur, idObjet, idPromotion, idTemps, idDate, idServeur, prixTotal, quantite, profit, prixunitaire, POS) values (7, 8, 34, 16, 34, 28, 784, 14, 291, 75, 231);
insert into Ventes (idUtilisateur, idObjet, idPromotion, idTemps, idDate, idServeur, prixTotal, quantite, profit, prixunitaire, POS) values (16, 37, 29, 18, 45, 47, 441, 10, 723, 73, 232);
insert into Ventes (idUtilisateur, idObjet, idPromotion, idTemps, idDate, idServeur, prixTotal, quantite, profit, prixunitaire, POS) values (14, 27, 19, 22, 46, 24, 848, 77, 77, 14, 233);
insert into Ventes (idUtilisateur, idObjet, idPromotion, idTemps, idDate, idServeur, prixTotal, quantite, profit, prixunitaire, POS) values (45, 2, 29, 3, 4, 28, 958, 56, 699, 78, 234);
insert into Ventes (idUtilisateur, idObjet, idPromotion, idTemps, idDate, idServeur, prixTotal, quantite, profit, prixunitaire, POS) values (46, 22, 22, 11, 37, 15, 50, 13, 992, 1, 235);
insert into Ventes (idUtilisateur, idObjet, idPromotion, idTemps, idDate, idServeur, prixTotal, quantite, profit, prixunitaire, POS) values (42, 8, 24, 27, 5, 1, 862, 45, 998, 87, 236);
insert into Ventes (idUtilisateur, idObjet, idPromotion, idTemps, idDate, idServeur, prixTotal, quantite, profit, prixunitaire, POS) values (32, 10, 27, 45, 25, 35, 862, 57, 616, 76, 237);
insert into Ventes (idUtilisateur, idObjet, idPromotion, idTemps, idDate, idServeur, prixTotal, quantite, profit, prixunitaire, POS) values (48, 40, 39, 28, 50, 37, 603, 73, 196, 50, 238);
insert into Ventes (idUtilisateur, idObjet, idPromotion, idTemps, idDate, idServeur, prixTotal, quantite, profit, prixunitaire, POS) values (34, 5, 28, 1, 32, 39, 892, 43, 340, 46, 239);
insert into Ventes (idUtilisateur, idObjet, idPromotion, idTemps, idDate, idServeur, prixTotal, quantite, profit, prixunitaire, POS) values (33, 8, 9, 23, 34, 31, 746, 25, 184, 48, 240);
insert into Ventes (idUtilisateur, idObjet, idPromotion, idTemps, idDate, idServeur, prixTotal, quantite, profit, prixunitaire, POS) values (13, 5, 32, 12, 18, 11, 873, 6, 599, 5, 241);
insert into Ventes (idUtilisateur, idObjet, idPromotion, idTemps, idDate, idServeur, prixTotal, quantite, profit, prixunitaire, POS) values (2, 33, 25, 24, 10, 48, 115, 49, 126, 56, 242);
insert into Ventes (idUtilisateur, idObjet, idPromotion, idTemps, idDate, idServeur, prixTotal, quantite, profit, prixunitaire, POS) values (8, 46, 34, 27, 28, 45, 219, 12, 819, 42, 243);
insert into Ventes (idUtilisateur, idObjet, idPromotion, idTemps, idDate, idServeur, prixTotal, quantite, profit, prixunitaire, POS) values (16, 14, 12, 12, 26, 32, 127, 51, 479, 81, 244);
insert into Ventes (idUtilisateur, idObjet, idPromotion, idTemps, idDate, idServeur, prixTotal, quantite, profit, prixunitaire, POS) values (45, 4, 5, 13, 46, 3, 97, 90, 644, 5, 245);
insert into Ventes (idUtilisateur, idObjet, idPromotion, idTemps, idDate, idServeur, prixTotal, quantite, profit, prixunitaire, POS) values (46, 45, 35, 13, 19, 23, 872, 8, 191, 78, 246);
insert into Ventes (idUtilisateur, idObjet, idPromotion, idTemps, idDate, idServeur, prixTotal, quantite, profit, prixunitaire, POS) values (35, 6, 10, 8, 38, 29, 1, 19, 340, 11, 247);
insert into Ventes (idUtilisateur, idObjet, idPromotion, idTemps, idDate, idServeur, prixTotal, quantite, profit, prixunitaire, POS) values (1, 13, 25, 39, 45, 47, 574, 7, 117, 91, 248);
insert into Ventes (idUtilisateur, idObjet, idPromotion, idTemps, idDate, idServeur, prixTotal, quantite, profit, prixunitaire, POS) values (2, 10, 8, 49, 23, 3, 811, 27, 326, 71, 249);
insert into Ventes (idUtilisateur, idObjet, idPromotion, idTemps, idDate, idServeur, prixTotal, quantite, profit, prixunitaire, POS) values (27, 23, 43, 39, 50, 27, 148, 80, 214, 5, 250);
insert into Ventes (idUtilisateur, idObjet, idPromotion, idTemps, idDate, idServeur, prixTotal, quantite, profit, prixunitaire, POS) values (19, 4, 28, 12, 18, 14, 397, 34, 426, 53, 251);
insert into Ventes (idUtilisateur, idObjet, idPromotion, idTemps, idDate, idServeur, prixTotal, quantite, profit, prixunitaire, POS) values (8, 42, 29, 18, 11, 8, 96, 70, 98, 29, 252);
insert into Ventes (idUtilisateur, idObjet, idPromotion, idTemps, idDate, idServeur, prixTotal, quantite, profit, prixunitaire, POS) values (12, 13, 36, 14, 13, 9, 255, 60, 522, 59, 253);
insert into Ventes (idUtilisateur, idObjet, idPromotion, idTemps, idDate, idServeur, prixTotal, quantite, profit, prixunitaire, POS) values (47, 47, 7, 18, 5, 7, 46, 95, 954, 93, 254);
insert into Ventes (idUtilisateur, idObjet, idPromotion, idTemps, idDate, idServeur, prixTotal, quantite, profit, prixunitaire, POS) values (11, 48, 47, 41, 21, 5, 368, 22, 304, 53, 255);
insert into Ventes (idUtilisateur, idObjet, idPromotion, idTemps, idDate, idServeur, prixTotal, quantite, profit, prixunitaire, POS) values (42, 47, 25, 47, 16, 25, 673, 83, 3, 1, 256);
insert into Ventes (idUtilisateur, idObjet, idPromotion, idTemps, idDate, idServeur, prixTotal, quantite, profit, prixunitaire, POS) values (26, 5, 6, 47, 29, 39, 372, 51, 548, 6, 257);
insert into Ventes (idUtilisateur, idObjet, idPromotion, idTemps, idDate, idServeur, prixTotal, quantite, profit, prixunitaire, POS) values (14, 34, 36, 10, 50, 5, 573, 37, 414, 21, 258);
insert into Ventes (idUtilisateur, idObjet, idPromotion, idTemps, idDate, idServeur, prixTotal, quantite, profit, prixunitaire, POS) values (18, 27, 26, 7, 29, 45, 878, 87, 979, 90, 259);
insert into Ventes (idUtilisateur, idObjet, idPromotion, idTemps, idDate, idServeur, prixTotal, quantite, profit, prixunitaire, POS) values (37, 1, 9, 36, 19, 40, 48, 27, 635, 55, 260);
insert into Ventes (idUtilisateur, idObjet, idPromotion, idTemps, idDate, idServeur, prixTotal, quantite, profit, prixunitaire, POS) values (15, 36, 27, 20, 39, 37, 544, 29, 59, 46, 261);
insert into Ventes (idUtilisateur, idObjet, idPromotion, idTemps, idDate, idServeur, prixTotal, quantite, profit, prixunitaire, POS) values (35, 26, 30, 30, 16, 4, 62, 64, 383, 68, 262);
insert into Ventes (idUtilisateur, idObjet, idPromotion, idTemps, idDate, idServeur, prixTotal, quantite, profit, prixunitaire, POS) values (32, 43, 37, 20, 32, 41, 83, 57, 129, 88, 263);
insert into Ventes (idUtilisateur, idObjet, idPromotion, idTemps, idDate, idServeur, prixTotal, quantite, profit, prixunitaire, POS) values (26, 46, 15, 10, 49, 1, 23, 85, 140, 21, 264);
insert into Ventes (idUtilisateur, idObjet, idPromotion, idTemps, idDate, idServeur, prixTotal, quantite, profit, prixunitaire, POS) values (14, 1, 35, 44, 8, 36, 927, 37, 146, 93, 265);
insert into Ventes (idUtilisateur, idObjet, idPromotion, idTemps, idDate, idServeur, prixTotal, quantite, profit, prixunitaire, POS) values (24, 36, 43, 41, 35, 12, 492, 62, 26, 96, 266);
insert into Ventes (idUtilisateur, idObjet, idPromotion, idTemps, idDate, idServeur, prixTotal, quantite, profit, prixunitaire, POS) values (7, 13, 30, 6, 38, 32, 164, 1, 515, 86, 267);
insert into Ventes (idUtilisateur, idObjet, idPromotion, idTemps, idDate, idServeur, prixTotal, quantite, profit, prixunitaire, POS) values (19, 46, 47, 9, 27, 28, 16, 28, 833, 23, 268);
insert into Ventes (idUtilisateur, idObjet, idPromotion, idTemps, idDate, idServeur, prixTotal, quantite, profit, prixunitaire, POS) values (44, 10, 34, 23, 34, 12, 732, 67, 358, 29, 269);
insert into Ventes (idUtilisateur, idObjet, idPromotion, idTemps, idDate, idServeur, prixTotal, quantite, profit, prixunitaire, POS) values (2, 1, 49, 47, 45, 26, 299, 23, 710, 18, 270);
insert into Ventes (idUtilisateur, idObjet, idPromotion, idTemps, idDate, idServeur, prixTotal, quantite, profit, prixunitaire, POS) values (21, 42, 32, 50, 45, 31, 220, 30, 738, 77, 271);
insert into Ventes (idUtilisateur, idObjet, idPromotion, idTemps, idDate, idServeur, prixTotal, quantite, profit, prixunitaire, POS) values (28, 5, 45, 9, 10, 19, 874, 76, 109, 68, 272);
insert into Ventes (idUtilisateur, idObjet, idPromotion, idTemps, idDate, idServeur, prixTotal, quantite, profit, prixunitaire, POS) values (49, 17, 47, 42, 46, 14, 292, 25, 600, 54, 273);
insert into Ventes (idUtilisateur, idObjet, idPromotion, idTemps, idDate, idServeur, prixTotal, quantite, profit, prixunitaire, POS) values (39, 26, 29, 1, 11, 28, 807, 66, 250, 55, 274);
insert into Ventes (idUtilisateur, idObjet, idPromotion, idTemps, idDate, idServeur, prixTotal, quantite, profit, prixunitaire, POS) values (23, 27, 17, 21, 27, 9, 272, 73, 561, 85, 275);
insert into Ventes (idUtilisateur, idObjet, idPromotion, idTemps, idDate, idServeur, prixTotal, quantite, profit, prixunitaire, POS) values (5, 18, 10, 11, 50, 19, 628, 63, 217, 85, 276);
insert into Ventes (idUtilisateur, idObjet, idPromotion, idTemps, idDate, idServeur, prixTotal, quantite, profit, prixunitaire, POS) values (26, 31, 7, 23, 21, 20, 109, 25, 392, 1, 277);
insert into Ventes (idUtilisateur, idObjet, idPromotion, idTemps, idDate, idServeur, prixTotal, quantite, profit, prixunitaire, POS) values (18, 8, 45, 45, 45, 8, 86, 62, 762, 75, 278);
insert into Ventes (idUtilisateur, idObjet, idPromotion, idTemps, idDate, idServeur, prixTotal, quantite, profit, prixunitaire, POS) values (24, 5, 6, 36, 10, 35, 988, 88, 781, 70, 279);
insert into Ventes (idUtilisateur, idObjet, idPromotion, idTemps, idDate, idServeur, prixTotal, quantite, profit, prixunitaire, POS) values (6, 29, 17, 43, 17, 49, 622, 35, 454, 67, 280);
insert into Ventes (idUtilisateur, idObjet, idPromotion, idTemps, idDate, idServeur, prixTotal, quantite, profit, prixunitaire, POS) values (27, 49, 30, 49, 23, 28, 564, 38, 337, 99, 281);
insert into Ventes (idUtilisateur, idObjet, idPromotion, idTemps, idDate, idServeur, prixTotal, quantite, profit, prixunitaire, POS) values (29, 33, 2, 31, 24, 45, 561, 26, 205, 89, 282);
insert into Ventes (idUtilisateur, idObjet, idPromotion, idTemps, idDate, idServeur, prixTotal, quantite, profit, prixunitaire, POS) values (27, 15, 18, 41, 13, 41, 985, 50, 630, 38, 283);
insert into Ventes (idUtilisateur, idObjet, idPromotion, idTemps, idDate, idServeur, prixTotal, quantite, profit, prixunitaire, POS) values (22, 33, 20, 44, 49, 45, 263, 66, 455, 22, 284);
insert into Ventes (idUtilisateur, idObjet, idPromotion, idTemps, idDate, idServeur, prixTotal, quantite, profit, prixunitaire, POS) values (4, 35, 5, 18, 2, 38, 199, 9, 751, 15, 285);
insert into Ventes (idUtilisateur, idObjet, idPromotion, idTemps, idDate, idServeur, prixTotal, quantite, profit, prixunitaire, POS) values (22, 21, 46, 7, 45, 28, 692, 18, 205, 64, 286);
insert into Ventes (idUtilisateur, idObjet, idPromotion, idTemps, idDate, idServeur, prixTotal, quantite, profit, prixunitaire, POS) values (22, 5, 3, 40, 49, 4, 937, 33, 852, 86, 287);
insert into Ventes (idUtilisateur, idObjet, idPromotion, idTemps, idDate, idServeur, prixTotal, quantite, profit, prixunitaire, POS) values (1, 49, 29, 12, 24, 35, 896, 35, 683, 97, 288);
insert into Ventes (idUtilisateur, idObjet, idPromotion, idTemps, idDate, idServeur, prixTotal, quantite, profit, prixunitaire, POS) values (49, 20, 44, 17, 40, 35, 372, 15, 210, 46, 289);
insert into Ventes (idUtilisateur, idObjet, idPromotion, idTemps, idDate, idServeur, prixTotal, quantite, profit, prixunitaire, POS) values (25, 45, 45, 34, 22, 5, 335, 20, 41, 86, 290);
insert into Ventes (idUtilisateur, idObjet, idPromotion, idTemps, idDate, idServeur, prixTotal, quantite, profit, prixunitaire, POS) values (46, 9, 6, 22, 38, 21, 438, 62, 178, 79, 291);
insert into Ventes (idUtilisateur, idObjet, idPromotion, idTemps, idDate, idServeur, prixTotal, quantite, profit, prixunitaire, POS) values (1, 27, 8, 31, 23, 32, 624, 68, 54, 76, 292);
insert into Ventes (idUtilisateur, idObjet, idPromotion, idTemps, idDate, idServeur, prixTotal, quantite, profit, prixunitaire, POS) values (38, 44, 16, 2, 44, 26, 650, 16, 338, 40, 293);
insert into Ventes (idUtilisateur, idObjet, idPromotion, idTemps, idDate, idServeur, prixTotal, quantite, profit, prixunitaire, POS) values (28, 21, 16, 15, 2, 50, 301, 48, 452, 38, 294);
insert into Ventes (idUtilisateur, idObjet, idPromotion, idTemps, idDate, idServeur, prixTotal, quantite, profit, prixunitaire, POS) values (26, 42, 9, 44, 38, 10, 692, 94, 461, 47, 295);
insert into Ventes (idUtilisateur, idObjet, idPromotion, idTemps, idDate, idServeur, prixTotal, quantite, profit, prixunitaire, POS) values (1, 36, 12, 27, 15, 24, 890, 32, 309, 78, 296);
insert into Ventes (idUtilisateur, idObjet, idPromotion, idTemps, idDate, idServeur, prixTotal, quantite, profit, prixunitaire, POS) values (34, 27, 25, 38, 48, 48, 675, 53, 428, 56, 297);
insert into Ventes (idUtilisateur, idObjet, idPromotion, idTemps, idDate, idServeur, prixTotal, quantite, profit, prixunitaire, POS) values (16, 16, 48, 30, 35, 46, 362, 70, 350, 26, 298);
insert into Ventes (idUtilisateur, idObjet, idPromotion, idTemps, idDate, idServeur, prixTotal, quantite, profit, prixunitaire, POS) values (12, 44, 48, 4, 7, 32, 480, 83, 94, 22, 299);
insert into Ventes (idUtilisateur, idObjet, idPromotion, idTemps, idDate, idServeur, prixTotal, quantite, profit, prixunitaire, POS) values (5, 33, 20, 44, 19, 32, 518, 80, 6, 79, 300);
insert into Ventes (idUtilisateur, idObjet, idPromotion, idTemps, idDate, idServeur, prixTotal, quantite, profit, prixunitaire, POS) values (11, 44, 20, 27, 16, 46, 628, 87, 229, 25, 301);
insert into Ventes (idUtilisateur, idObjet, idPromotion, idTemps, idDate, idServeur, prixTotal, quantite, profit, prixunitaire, POS) values (47, 15, 38, 4, 1, 8, 751, 87, 124, 44, 302);
insert into Ventes (idUtilisateur, idObjet, idPromotion, idTemps, idDate, idServeur, prixTotal, quantite, profit, prixunitaire, POS) values (15, 29, 48, 11, 6, 36, 151, 49, 904, 92, 303);
insert into Ventes (idUtilisateur, idObjet, idPromotion, idTemps, idDate, idServeur, prixTotal, quantite, profit, prixunitaire, POS) values (36, 33, 38, 24, 21, 31, 359, 1, 841, 57, 304);
insert into Ventes (idUtilisateur, idObjet, idPromotion, idTemps, idDate, idServeur, prixTotal, quantite, profit, prixunitaire, POS) values (22, 39, 5, 17, 33, 5, 464, 36, 412, 15, 305);
insert into Ventes (idUtilisateur, idObjet, idPromotion, idTemps, idDate, idServeur, prixTotal, quantite, profit, prixunitaire, POS) values (46, 20, 18, 13, 7, 38, 931, 95, 133, 36, 306);
insert into Ventes (idUtilisateur, idObjet, idPromotion, idTemps, idDate, idServeur, prixTotal, quantite, profit, prixunitaire, POS) values (46, 5, 9, 49, 32, 30, 32, 73, 209, 47, 307);
insert into Ventes (idUtilisateur, idObjet, idPromotion, idTemps, idDate, idServeur, prixTotal, quantite, profit, prixunitaire, POS) values (33, 19, 22, 43, 9, 34, 302, 12, 906, 49, 308);
insert into Ventes (idUtilisateur, idObjet, idPromotion, idTemps, idDate, idServeur, prixTotal, quantite, profit, prixunitaire, POS) values (33, 16, 11, 6, 10, 49, 542, 7, 582, 5, 309);
insert into Ventes (idUtilisateur, idObjet, idPromotion, idTemps, idDate, idServeur, prixTotal, quantite, profit, prixunitaire, POS) values (8, 10, 44, 31, 19, 31, 54, 56, 851, 26, 310);
insert into Ventes (idUtilisateur, idObjet, idPromotion, idTemps, idDate, idServeur, prixTotal, quantite, profit, prixunitaire, POS) values (15, 41, 19, 47, 45, 49, 536, 41, 148, 70, 311);
insert into Ventes (idUtilisateur, idObjet, idPromotion, idTemps, idDate, idServeur, prixTotal, quantite, profit, prixunitaire, POS) values (2, 1, 16, 20, 14, 46, 283, 25, 498, 17, 312);
insert into Ventes (idUtilisateur, idObjet, idPromotion, idTemps, idDate, idServeur, prixTotal, quantite, profit, prixunitaire, POS) values (21, 17, 22, 33, 10, 24, 126, 42, 440, 38, 313);
insert into Ventes (idUtilisateur, idObjet, idPromotion, idTemps, idDate, idServeur, prixTotal, quantite, profit, prixunitaire, POS) values (36, 17, 23, 37, 27, 29, 32, 56, 888, 2, 314);
insert into Ventes (idUtilisateur, idObjet, idPromotion, idTemps, idDate, idServeur, prixTotal, quantite, profit, prixunitaire, POS) values (47, 34, 21, 17, 7, 10, 331, 33, 947, 95, 315);
insert into Ventes (idUtilisateur, idObjet, idPromotion, idTemps, idDate, idServeur, prixTotal, quantite, profit, prixunitaire, POS) values (23, 13, 39, 38, 26, 30, 244, 63, 569, 91, 316);
insert into Ventes (idUtilisateur, idObjet, idPromotion, idTemps, idDate, idServeur, prixTotal, quantite, profit, prixunitaire, POS) values (3, 1, 4, 29, 42, 3, 805, 57, 800, 41, 317);
insert into Ventes (idUtilisateur, idObjet, idPromotion, idTemps, idDate, idServeur, prixTotal, quantite, profit, prixunitaire, POS) values (39, 13, 39, 45, 25, 1, 669, 3, 126, 51, 318);
insert into Ventes (idUtilisateur, idObjet, idPromotion, idTemps, idDate, idServeur, prixTotal, quantite, profit, prixunitaire, POS) values (42, 28, 13, 18, 7, 17, 355, 3, 788, 37, 319);
insert into Ventes (idUtilisateur, idObjet, idPromotion, idTemps, idDate, idServeur, prixTotal, quantite, profit, prixunitaire, POS) values (27, 18, 28, 9, 47, 18, 810, 20, 905, 4, 320);
insert into Ventes (idUtilisateur, idObjet, idPromotion, idTemps, idDate, idServeur, prixTotal, quantite, profit, prixunitaire, POS) values (29, 10, 3, 28, 20, 7, 780, 68, 966, 41, 321);
insert into Ventes (idUtilisateur, idObjet, idPromotion, idTemps, idDate, idServeur, prixTotal, quantite, profit, prixunitaire, POS) values (18, 36, 24, 1, 32, 50, 619, 44, 38, 17, 322);
insert into Ventes (idUtilisateur, idObjet, idPromotion, idTemps, idDate, idServeur, prixTotal, quantite, profit, prixunitaire, POS) values (43, 10, 28, 43, 37, 36, 238, 57, 758, 3, 323);
insert into Ventes (idUtilisateur, idObjet, idPromotion, idTemps, idDate, idServeur, prixTotal, quantite, profit, prixunitaire, POS) values (16, 49, 13, 4, 16, 17, 938, 8, 191, 99, 324);
insert into Ventes (idUtilisateur, idObjet, idPromotion, idTemps, idDate, idServeur, prixTotal, quantite, profit, prixunitaire, POS) values (35, 42, 3, 31, 8, 16, 107, 33, 960, 100, 325);
insert into Ventes (idUtilisateur, idObjet, idPromotion, idTemps, idDate, idServeur, prixTotal, quantite, profit, prixunitaire, POS) values (13, 43, 18, 21, 48, 50, 9, 1, 453, 97, 326);
insert into Ventes (idUtilisateur, idObjet, idPromotion, idTemps, idDate, idServeur, prixTotal, quantite, profit, prixunitaire, POS) values (17, 40, 20, 33, 30, 44, 471, 67, 438, 91, 327);
insert into Ventes (idUtilisateur, idObjet, idPromotion, idTemps, idDate, idServeur, prixTotal, quantite, profit, prixunitaire, POS) values (7, 22, 39, 49, 38, 38, 568, 46, 508, 44, 328);
insert into Ventes (idUtilisateur, idObjet, idPromotion, idTemps, idDate, idServeur, prixTotal, quantite, profit, prixunitaire, POS) values (9, 26, 37, 31, 1, 47, 239, 78, 265, 20, 329);
insert into Ventes (idUtilisateur, idObjet, idPromotion, idTemps, idDate, idServeur, prixTotal, quantite, profit, prixunitaire, POS) values (32, 44, 5, 43, 4, 2, 227, 13, 334, 45, 330);
insert into Ventes (idUtilisateur, idObjet, idPromotion, idTemps, idDate, idServeur, prixTotal, quantite, profit, prixunitaire, POS) values (38, 45, 1, 11, 31, 44, 487, 47, 97, 46, 331);
insert into Ventes (idUtilisateur, idObjet, idPromotion, idTemps, idDate, idServeur, prixTotal, quantite, profit, prixunitaire, POS) values (32, 9, 48, 50, 31, 38, 71, 38, 193, 3, 332);
insert into Ventes (idUtilisateur, idObjet, idPromotion, idTemps, idDate, idServeur, prixTotal, quantite, profit, prixunitaire, POS) values (27, 29, 36, 19, 37, 33, 899, 55, 245, 27, 333);
insert into Ventes (idUtilisateur, idObjet, idPromotion, idTemps, idDate, idServeur, prixTotal, quantite, profit, prixunitaire, POS) values (34, 29, 3, 1, 21, 10, 578, 91, 47, 89, 334);
insert into Ventes (idUtilisateur, idObjet, idPromotion, idTemps, idDate, idServeur, prixTotal, quantite, profit, prixunitaire, POS) values (3, 7, 23, 35, 18, 17, 507, 47, 146, 78, 335);
insert into Ventes (idUtilisateur, idObjet, idPromotion, idTemps, idDate, idServeur, prixTotal, quantite, profit, prixunitaire, POS) values (30, 22, 16, 46, 23, 27, 968, 46, 363, 41, 336);
insert into Ventes (idUtilisateur, idObjet, idPromotion, idTemps, idDate, idServeur, prixTotal, quantite, profit, prixunitaire, POS) values (36, 19, 42, 43, 42, 3, 832, 35, 6, 79, 337);
insert into Ventes (idUtilisateur, idObjet, idPromotion, idTemps, idDate, idServeur, prixTotal, quantite, profit, prixunitaire, POS) values (19, 29, 14, 32, 17, 9, 478, 74, 844, 21, 338);
insert into Ventes (idUtilisateur, idObjet, idPromotion, idTemps, idDate, idServeur, prixTotal, quantite, profit, prixunitaire, POS) values (42, 26, 14, 50, 41, 39, 78, 9, 652, 33, 339);
insert into Ventes (idUtilisateur, idObjet, idPromotion, idTemps, idDate, idServeur, prixTotal, quantite, profit, prixunitaire, POS) values (3, 2, 19, 50, 35, 27, 760, 46, 121, 32, 340);
insert into Ventes (idUtilisateur, idObjet, idPromotion, idTemps, idDate, idServeur, prixTotal, quantite, profit, prixunitaire, POS) values (9, 31, 21, 3, 2, 25, 934, 85, 682, 51, 341);
insert into Ventes (idUtilisateur, idObjet, idPromotion, idTemps, idDate, idServeur, prixTotal, quantite, profit, prixunitaire, POS) values (30, 24, 47, 11, 21, 11, 296, 20, 894, 69, 342);
insert into Ventes (idUtilisateur, idObjet, idPromotion, idTemps, idDate, idServeur, prixTotal, quantite, profit, prixunitaire, POS) values (38, 20, 16, 22, 20, 31, 689, 14, 608, 38, 343);
insert into Ventes (idUtilisateur, idObjet, idPromotion, idTemps, idDate, idServeur, prixTotal, quantite, profit, prixunitaire, POS) values (24, 19, 39, 1, 9, 34, 999, 35, 777, 18, 344);
insert into Ventes (idUtilisateur, idObjet, idPromotion, idTemps, idDate, idServeur, prixTotal, quantite, profit, prixunitaire, POS) values (16, 4, 29, 32, 30, 33, 449, 30, 146, 68, 345);
insert into Ventes (idUtilisateur, idObjet, idPromotion, idTemps, idDate, idServeur, prixTotal, quantite, profit, prixunitaire, POS) values (31, 18, 22, 4, 13, 44, 394, 37, 718, 3, 346);
insert into Ventes (idUtilisateur, idObjet, idPromotion, idTemps, idDate, idServeur, prixTotal, quantite, profit, prixunitaire, POS) values (17, 43, 19, 2, 34, 47, 830, 25, 762, 88, 347);
insert into Ventes (idUtilisateur, idObjet, idPromotion, idTemps, idDate, idServeur, prixTotal, quantite, profit, prixunitaire, POS) values (34, 45, 6, 50, 36, 13, 982, 62, 716, 86, 348);
insert into Ventes (idUtilisateur, idObjet, idPromotion, idTemps, idDate, idServeur, prixTotal, quantite, profit, prixunitaire, POS) values (24, 40, 19, 30, 48, 34, 493, 77, 453, 93, 349);
insert into Ventes (idUtilisateur, idObjet, idPromotion, idTemps, idDate, idServeur, prixTotal, quantite, profit, prixunitaire, POS) values (32, 28, 8, 22, 36, 27, 113, 31, 244, 13, 350);
insert into Ventes (idUtilisateur, idObjet, idPromotion, idTemps, idDate, idServeur, prixTotal, quantite, profit, prixunitaire, POS) values (17, 1, 12, 36, 29, 16, 155, 86, 849, 47, 351);
insert into Ventes (idUtilisateur, idObjet, idPromotion, idTemps, idDate, idServeur, prixTotal, quantite, profit, prixunitaire, POS) values (38, 50, 15, 31, 13, 43, 501, 75, 635, 53, 352);
insert into Ventes (idUtilisateur, idObjet, idPromotion, idTemps, idDate, idServeur, prixTotal, quantite, profit, prixunitaire, POS) values (11, 21, 30, 35, 32, 20, 97, 57, 759, 59, 353);
insert into Ventes (idUtilisateur, idObjet, idPromotion, idTemps, idDate, idServeur, prixTotal, quantite, profit, prixunitaire, POS) values (29, 14, 38, 38, 44, 2, 120, 88, 366, 31, 354);
insert into Ventes (idUtilisateur, idObjet, idPromotion, idTemps, idDate, idServeur, prixTotal, quantite, profit, prixunitaire, POS) values (2, 48, 26, 16, 37, 16, 177, 62, 213, 27, 355);
insert into Ventes (idUtilisateur, idObjet, idPromotion, idTemps, idDate, idServeur, prixTotal, quantite, profit, prixunitaire, POS) values (5, 43, 38, 37, 30, 44, 622, 96, 774, 38, 356);
insert into Ventes (idUtilisateur, idObjet, idPromotion, idTemps, idDate, idServeur, prixTotal, quantite, profit, prixunitaire, POS) values (15, 18, 18, 41, 47, 31, 502, 57, 127, 91, 357);
insert into Ventes (idUtilisateur, idObjet, idPromotion, idTemps, idDate, idServeur, prixTotal, quantite, profit, prixunitaire, POS) values (7, 32, 46, 42, 13, 45, 317, 96, 859, 58, 358);
insert into Ventes (idUtilisateur, idObjet, idPromotion, idTemps, idDate, idServeur, prixTotal, quantite, profit, prixunitaire, POS) values (40, 19, 28, 9, 7, 31, 315, 10, 861, 5, 359);
insert into Ventes (idUtilisateur, idObjet, idPromotion, idTemps, idDate, idServeur, prixTotal, quantite, profit, prixunitaire, POS) values (26, 44, 25, 7, 41, 24, 996, 40, 605, 2, 360);
insert into Ventes (idUtilisateur, idObjet, idPromotion, idTemps, idDate, idServeur, prixTotal, quantite, profit, prixunitaire, POS) values (34, 15, 7, 5, 23, 38, 951, 68, 308, 11, 361);
insert into Ventes (idUtilisateur, idObjet, idPromotion, idTemps, idDate, idServeur, prixTotal, quantite, profit, prixunitaire, POS) values (27, 35, 38, 7, 42, 8, 445, 51, 248, 97, 362);
insert into Ventes (idUtilisateur, idObjet, idPromotion, idTemps, idDate, idServeur, prixTotal, quantite, profit, prixunitaire, POS) values (46, 26, 17, 41, 2, 4, 467, 49, 714, 51, 363);
insert into Ventes (idUtilisateur, idObjet, idPromotion, idTemps, idDate, idServeur, prixTotal, quantite, profit, prixunitaire, POS) values (16, 27, 21, 45, 18, 25, 680, 65, 879, 76, 364);
insert into Ventes (idUtilisateur, idObjet, idPromotion, idTemps, idDate, idServeur, prixTotal, quantite, profit, prixunitaire, POS) values (40, 17, 20, 43, 19, 23, 653, 57, 718, 86, 365);
insert into Ventes (idUtilisateur, idObjet, idPromotion, idTemps, idDate, idServeur, prixTotal, quantite, profit, prixunitaire, POS) values (23, 3, 16, 41, 23, 15, 222, 29, 565, 100, 366);
insert into Ventes (idUtilisateur, idObjet, idPromotion, idTemps, idDate, idServeur, prixTotal, quantite, profit, prixunitaire, POS) values (7, 17, 43, 35, 37, 46, 53, 62, 254, 38, 367);
insert into Ventes (idUtilisateur, idObjet, idPromotion, idTemps, idDate, idServeur, prixTotal, quantite, profit, prixunitaire, POS) values (32, 23, 40, 29, 16, 33, 752, 22, 780, 13, 368);
insert into Ventes (idUtilisateur, idObjet, idPromotion, idTemps, idDate, idServeur, prixTotal, quantite, profit, prixunitaire, POS) values (13, 1, 44, 2, 19, 45, 221, 90, 265, 48, 369);
insert into Ventes (idUtilisateur, idObjet, idPromotion, idTemps, idDate, idServeur, prixTotal, quantite, profit, prixunitaire, POS) values (9, 20, 13, 37, 9, 6, 431, 98, 46, 68, 370);
insert into Ventes (idUtilisateur, idObjet, idPromotion, idTemps, idDate, idServeur, prixTotal, quantite, profit, prixunitaire, POS) values (35, 22, 43, 21, 21, 17, 774, 62, 656, 30, 371);
insert into Ventes (idUtilisateur, idObjet, idPromotion, idTemps, idDate, idServeur, prixTotal, quantite, profit, prixunitaire, POS) values (45, 22, 26, 5, 5, 3, 18, 20, 87, 52, 372);
insert into Ventes (idUtilisateur, idObjet, idPromotion, idTemps, idDate, idServeur, prixTotal, quantite, profit, prixunitaire, POS) values (36, 45, 10, 34, 49, 47, 351, 33, 549, 24, 373);
insert into Ventes (idUtilisateur, idObjet, idPromotion, idTemps, idDate, idServeur, prixTotal, quantite, profit, prixunitaire, POS) values (2, 46, 1, 12, 4, 20, 196, 66, 821, 19, 374);
insert into Ventes (idUtilisateur, idObjet, idPromotion, idTemps, idDate, idServeur, prixTotal, quantite, profit, prixunitaire, POS) values (27, 49, 32, 26, 33, 39, 136, 44, 922, 92, 375);
insert into Ventes (idUtilisateur, idObjet, idPromotion, idTemps, idDate, idServeur, prixTotal, quantite, profit, prixunitaire, POS) values (42, 49, 32, 48, 47, 33, 894, 62, 213, 69, 376);
insert into Ventes (idUtilisateur, idObjet, idPromotion, idTemps, idDate, idServeur, prixTotal, quantite, profit, prixunitaire, POS) values (24, 23, 41, 48, 28, 47, 341, 16, 71, 58, 377);
insert into Ventes (idUtilisateur, idObjet, idPromotion, idTemps, idDate, idServeur, prixTotal, quantite, profit, prixunitaire, POS) values (19, 7, 32, 17, 16, 15, 49, 77, 444, 14, 378);
insert into Ventes (idUtilisateur, idObjet, idPromotion, idTemps, idDate, idServeur, prixTotal, quantite, profit, prixunitaire, POS) values (6, 23, 38, 18, 15, 50, 332, 9, 122, 100, 379);
insert into Ventes (idUtilisateur, idObjet, idPromotion, idTemps, idDate, idServeur, prixTotal, quantite, profit, prixunitaire, POS) values (43, 19, 25, 28, 50, 3, 373, 87, 192, 7, 380);
insert into Ventes (idUtilisateur, idObjet, idPromotion, idTemps, idDate, idServeur, prixTotal, quantite, profit, prixunitaire, POS) values (6, 24, 30, 35, 38, 35, 363, 93, 786, 31, 381);
insert into Ventes (idUtilisateur, idObjet, idPromotion, idTemps, idDate, idServeur, prixTotal, quantite, profit, prixunitaire, POS) values (48, 45, 14, 36, 18, 39, 168, 75, 539, 77, 382);
insert into Ventes (idUtilisateur, idObjet, idPromotion, idTemps, idDate, idServeur, prixTotal, quantite, profit, prixunitaire, POS) values (19, 32, 9, 35, 14, 34, 149, 85, 997, 70, 383);
insert into Ventes (idUtilisateur, idObjet, idPromotion, idTemps, idDate, idServeur, prixTotal, quantite, profit, prixunitaire, POS) values (10, 45, 47, 25, 44, 1, 206, 46, 671, 89, 384);
insert into Ventes (idUtilisateur, idObjet, idPromotion, idTemps, idDate, idServeur, prixTotal, quantite, profit, prixunitaire, POS) values (35, 49, 10, 42, 17, 29, 698, 65, 992, 44, 385);
insert into Ventes (idUtilisateur, idObjet, idPromotion, idTemps, idDate, idServeur, prixTotal, quantite, profit, prixunitaire, POS) values (16, 19, 27, 32, 29, 11, 299, 53, 947, 8, 386);
insert into Ventes (idUtilisateur, idObjet, idPromotion, idTemps, idDate, idServeur, prixTotal, quantite, profit, prixunitaire, POS) values (46, 15, 49, 37, 25, 38, 444, 92, 180, 96, 387);
insert into Ventes (idUtilisateur, idObjet, idPromotion, idTemps, idDate, idServeur, prixTotal, quantite, profit, prixunitaire, POS) values (3, 26, 1, 49, 37, 6, 253, 56, 787, 31, 388);
insert into Ventes (idUtilisateur, idObjet, idPromotion, idTemps, idDate, idServeur, prixTotal, quantite, profit, prixunitaire, POS) values (17, 28, 29, 40, 24, 1, 919, 2, 807, 42, 389);
insert into Ventes (idUtilisateur, idObjet, idPromotion, idTemps, idDate, idServeur, prixTotal, quantite, profit, prixunitaire, POS) values (35, 49, 42, 27, 18, 24, 169, 77, 643, 10, 390);
insert into Ventes (idUtilisateur, idObjet, idPromotion, idTemps, idDate, idServeur, prixTotal, quantite, profit, prixunitaire, POS) values (40, 49, 33, 48, 1, 42, 66, 55, 655, 40, 391);
insert into Ventes (idUtilisateur, idObjet, idPromotion, idTemps, idDate, idServeur, prixTotal, quantite, profit, prixunitaire, POS) values (29, 16, 32, 42, 21, 42, 410, 88, 813, 73, 392);
insert into Ventes (idUtilisateur, idObjet, idPromotion, idTemps, idDate, idServeur, prixTotal, quantite, profit, prixunitaire, POS) values (36, 18, 35, 45, 27, 24, 460, 30, 213, 46, 393);
insert into Ventes (idUtilisateur, idObjet, idPromotion, idTemps, idDate, idServeur, prixTotal, quantite, profit, prixunitaire, POS) values (7, 29, 27, 50, 34, 22, 160, 52, 371, 23, 394);
insert into Ventes (idUtilisateur, idObjet, idPromotion, idTemps, idDate, idServeur, prixTotal, quantite, profit, prixunitaire, POS) values (19, 6, 44, 28, 39, 34, 654, 33, 801, 17, 395);
insert into Ventes (idUtilisateur, idObjet, idPromotion, idTemps, idDate, idServeur, prixTotal, quantite, profit, prixunitaire, POS) values (43, 22, 3, 4, 24, 24, 50, 81, 624, 63, 396);
insert into Ventes (idUtilisateur, idObjet, idPromotion, idTemps, idDate, idServeur, prixTotal, quantite, profit, prixunitaire, POS) values (49, 44, 36, 22, 21, 11, 307, 85, 991, 1, 397);
insert into Ventes (idUtilisateur, idObjet, idPromotion, idTemps, idDate, idServeur, prixTotal, quantite, profit, prixunitaire, POS) values (3, 32, 4, 1, 3, 45, 633, 91, 583, 2, 398);
insert into Ventes (idUtilisateur, idObjet, idPromotion, idTemps, idDate, idServeur, prixTotal, quantite, profit, prixunitaire, POS) values (15, 19, 34, 42, 4, 9, 561, 33, 469, 26, 399);
insert into Ventes (idUtilisateur, idObjet, idPromotion, idTemps, idDate, idServeur, prixTotal, quantite, profit, prixunitaire, POS) values (3, 26, 33, 11, 39, 37, 970, 30, 480, 16, 400);
insert into Ventes (idUtilisateur, idObjet, idPromotion, idTemps, idDate, idServeur, prixTotal, quantite, profit, prixunitaire, POS) values (29, 46, 40, 39, 32, 24, 712, 45, 543, 55, 401);
insert into Ventes (idUtilisateur, idObjet, idPromotion, idTemps, idDate, idServeur, prixTotal, quantite, profit, prixunitaire, POS) values (16, 15, 42, 31, 45, 39, 80, 43, 144, 85, 402);
insert into Ventes (idUtilisateur, idObjet, idPromotion, idTemps, idDate, idServeur, prixTotal, quantite, profit, prixunitaire, POS) values (32, 30, 19, 50, 26, 48, 469, 71, 265, 7, 403);
insert into Ventes (idUtilisateur, idObjet, idPromotion, idTemps, idDate, idServeur, prixTotal, quantite, profit, prixunitaire, POS) values (9, 9, 39, 17, 29, 41, 641, 78, 369, 74, 404);
insert into Ventes (idUtilisateur, idObjet, idPromotion, idTemps, idDate, idServeur, prixTotal, quantite, profit, prixunitaire, POS) values (7, 13, 35, 11, 12, 45, 14, 46, 677, 83, 405);
insert into Ventes (idUtilisateur, idObjet, idPromotion, idTemps, idDate, idServeur, prixTotal, quantite, profit, prixunitaire, POS) values (2, 35, 20, 6, 9, 17, 724, 76, 826, 59, 406);
insert into Ventes (idUtilisateur, idObjet, idPromotion, idTemps, idDate, idServeur, prixTotal, quantite, profit, prixunitaire, POS) values (1, 14, 23, 50, 40, 9, 391, 77, 261, 3, 407);
insert into Ventes (idUtilisateur, idObjet, idPromotion, idTemps, idDate, idServeur, prixTotal, quantite, profit, prixunitaire, POS) values (28, 16, 23, 5, 17, 13, 338, 4, 786, 41, 408);
insert into Ventes (idUtilisateur, idObjet, idPromotion, idTemps, idDate, idServeur, prixTotal, quantite, profit, prixunitaire, POS) values (42, 28, 19, 45, 29, 24, 450, 83, 875, 3, 409);
insert into Ventes (idUtilisateur, idObjet, idPromotion, idTemps, idDate, idServeur, prixTotal, quantite, profit, prixunitaire, POS) values (42, 45, 38, 21, 4, 42, 100, 23, 761, 58, 410);
insert into Ventes (idUtilisateur, idObjet, idPromotion, idTemps, idDate, idServeur, prixTotal, quantite, profit, prixunitaire, POS) values (21, 23, 45, 27, 24, 32, 766, 22, 68, 20, 411);
insert into Ventes (idUtilisateur, idObjet, idPromotion, idTemps, idDate, idServeur, prixTotal, quantite, profit, prixunitaire, POS) values (49, 36, 32, 1, 18, 48, 977, 65, 417, 44, 412);
insert into Ventes (idUtilisateur, idObjet, idPromotion, idTemps, idDate, idServeur, prixTotal, quantite, profit, prixunitaire, POS) values (38, 38, 31, 21, 39, 50, 527, 2, 269, 17, 413);
insert into Ventes (idUtilisateur, idObjet, idPromotion, idTemps, idDate, idServeur, prixTotal, quantite, profit, prixunitaire, POS) values (37, 6, 9, 7, 5, 47, 633, 70, 797, 10, 414);
insert into Ventes (idUtilisateur, idObjet, idPromotion, idTemps, idDate, idServeur, prixTotal, quantite, profit, prixunitaire, POS) values (35, 26, 41, 40, 16, 37, 439, 25, 261, 41, 415);
insert into Ventes (idUtilisateur, idObjet, idPromotion, idTemps, idDate, idServeur, prixTotal, quantite, profit, prixunitaire, POS) values (17, 34, 6, 41, 43, 30, 822, 2, 828, 4, 416);
insert into Ventes (idUtilisateur, idObjet, idPromotion, idTemps, idDate, idServeur, prixTotal, quantite, profit, prixunitaire, POS) values (48, 36, 7, 31, 18, 44, 871, 4, 559, 3, 417);
insert into Ventes (idUtilisateur, idObjet, idPromotion, idTemps, idDate, idServeur, prixTotal, quantite, profit, prixunitaire, POS) values (3, 25, 15, 1, 22, 37, 526, 50, 953, 80, 418);
insert into Ventes (idUtilisateur, idObjet, idPromotion, idTemps, idDate, idServeur, prixTotal, quantite, profit, prixunitaire, POS) values (44, 16, 11, 3, 46, 16, 964, 93, 340, 32, 419);
insert into Ventes (idUtilisateur, idObjet, idPromotion, idTemps, idDate, idServeur, prixTotal, quantite, profit, prixunitaire, POS) values (49, 36, 2, 13, 27, 28, 447, 67, 768, 61, 420);
insert into Ventes (idUtilisateur, idObjet, idPromotion, idTemps, idDate, idServeur, prixTotal, quantite, profit, prixunitaire, POS) values (12, 21, 2, 15, 49, 4, 583, 25, 951, 43, 421);
insert into Ventes (idUtilisateur, idObjet, idPromotion, idTemps, idDate, idServeur, prixTotal, quantite, profit, prixunitaire, POS) values (21, 7, 20, 38, 20, 30, 303, 79, 664, 27, 422);
insert into Ventes (idUtilisateur, idObjet, idPromotion, idTemps, idDate, idServeur, prixTotal, quantite, profit, prixunitaire, POS) values (31, 5, 37, 38, 11, 9, 89, 79, 340, 54, 423);
insert into Ventes (idUtilisateur, idObjet, idPromotion, idTemps, idDate, idServeur, prixTotal, quantite, profit, prixunitaire, POS) values (7, 13, 41, 3, 10, 14, 295, 44, 420, 80, 424);
insert into Ventes (idUtilisateur, idObjet, idPromotion, idTemps, idDate, idServeur, prixTotal, quantite, profit, prixunitaire, POS) values (27, 22, 34, 42, 33, 41, 837, 52, 21, 25, 425);
insert into Ventes (idUtilisateur, idObjet, idPromotion, idTemps, idDate, idServeur, prixTotal, quantite, profit, prixunitaire, POS) values (20, 5, 27, 21, 49, 44, 194, 19, 955, 1, 426);
insert into Ventes (idUtilisateur, idObjet, idPromotion, idTemps, idDate, idServeur, prixTotal, quantite, profit, prixunitaire, POS) values (33, 12, 26, 47, 13, 34, 191, 76, 990, 6, 427);
insert into Ventes (idUtilisateur, idObjet, idPromotion, idTemps, idDate, idServeur, prixTotal, quantite, profit, prixunitaire, POS) values (15, 41, 9, 15, 8, 9, 9, 3, 52, 41, 428);
insert into Ventes (idUtilisateur, idObjet, idPromotion, idTemps, idDate, idServeur, prixTotal, quantite, profit, prixunitaire, POS) values (5, 22, 28, 34, 34, 13, 32, 56, 325, 38, 429);
insert into Ventes (idUtilisateur, idObjet, idPromotion, idTemps, idDate, idServeur, prixTotal, quantite, profit, prixunitaire, POS) values (30, 42, 20, 26, 37, 26, 896, 14, 52, 6, 430);
insert into Ventes (idUtilisateur, idObjet, idPromotion, idTemps, idDate, idServeur, prixTotal, quantite, profit, prixunitaire, POS) values (25, 5, 37, 40, 26, 37, 525, 26, 592, 70, 431);
insert into Ventes (idUtilisateur, idObjet, idPromotion, idTemps, idDate, idServeur, prixTotal, quantite, profit, prixunitaire, POS) values (22, 46, 38, 32, 24, 16, 428, 63, 961, 79, 432);
insert into Ventes (idUtilisateur, idObjet, idPromotion, idTemps, idDate, idServeur, prixTotal, quantite, profit, prixunitaire, POS) values (43, 11, 19, 49, 18, 30, 428, 22, 208, 95, 433);
insert into Ventes (idUtilisateur, idObjet, idPromotion, idTemps, idDate, idServeur, prixTotal, quantite, profit, prixunitaire, POS) values (1, 11, 12, 29, 44, 18, 453, 48, 205, 74, 434);
insert into Ventes (idUtilisateur, idObjet, idPromotion, idTemps, idDate, idServeur, prixTotal, quantite, profit, prixunitaire, POS) values (9, 17, 46, 17, 13, 8, 698, 27, 46, 85, 435);
insert into Ventes (idUtilisateur, idObjet, idPromotion, idTemps, idDate, idServeur, prixTotal, quantite, profit, prixunitaire, POS) values (40, 30, 36, 15, 36, 50, 77, 72, 803, 25, 436);
insert into Ventes (idUtilisateur, idObjet, idPromotion, idTemps, idDate, idServeur, prixTotal, quantite, profit, prixunitaire, POS) values (10, 23, 1, 17, 1, 24, 197, 11, 93, 70, 437);
insert into Ventes (idUtilisateur, idObjet, idPromotion, idTemps, idDate, idServeur, prixTotal, quantite, profit, prixunitaire, POS) values (32, 14, 20, 2, 49, 42, 798, 18, 586, 45, 438);
insert into Ventes (idUtilisateur, idObjet, idPromotion, idTemps, idDate, idServeur, prixTotal, quantite, profit, prixunitaire, POS) values (18, 40, 19, 7, 17, 39, 728, 51, 165, 78, 439);
insert into Ventes (idUtilisateur, idObjet, idPromotion, idTemps, idDate, idServeur, prixTotal, quantite, profit, prixunitaire, POS) values (24, 15, 15, 24, 43, 21, 705, 90, 614, 47, 440);
insert into Ventes (idUtilisateur, idObjet, idPromotion, idTemps, idDate, idServeur, prixTotal, quantite, profit, prixunitaire, POS) values (16, 13, 36, 18, 6, 32, 465, 48, 880, 100, 441);
insert into Ventes (idUtilisateur, idObjet, idPromotion, idTemps, idDate, idServeur, prixTotal, quantite, profit, prixunitaire, POS) values (48, 40, 13, 42, 16, 44, 202, 91, 227, 43, 442);
insert into Ventes (idUtilisateur, idObjet, idPromotion, idTemps, idDate, idServeur, prixTotal, quantite, profit, prixunitaire, POS) values (35, 43, 9, 27, 30, 21, 772, 95, 810, 3, 443);
insert into Ventes (idUtilisateur, idObjet, idPromotion, idTemps, idDate, idServeur, prixTotal, quantite, profit, prixunitaire, POS) values (30, 20, 45, 30, 29, 26, 6, 53, 892, 10, 444);
insert into Ventes (idUtilisateur, idObjet, idPromotion, idTemps, idDate, idServeur, prixTotal, quantite, profit, prixunitaire, POS) values (30, 21, 21, 37, 44, 26, 768, 52, 655, 41, 445);
insert into Ventes (idUtilisateur, idObjet, idPromotion, idTemps, idDate, idServeur, prixTotal, quantite, profit, prixunitaire, POS) values (10, 30, 34, 27, 47, 44, 386, 15, 567, 36, 446);
insert into Ventes (idUtilisateur, idObjet, idPromotion, idTemps, idDate, idServeur, prixTotal, quantite, profit, prixunitaire, POS) values (23, 21, 1, 42, 14, 7, 116, 31, 400, 27, 447);
insert into Ventes (idUtilisateur, idObjet, idPromotion, idTemps, idDate, idServeur, prixTotal, quantite, profit, prixunitaire, POS) values (4, 18, 5, 4, 24, 2, 248, 59, 186, 28, 448);
insert into Ventes (idUtilisateur, idObjet, idPromotion, idTemps, idDate, idServeur, prixTotal, quantite, profit, prixunitaire, POS) values (6, 2, 33, 46, 42, 26, 948, 57, 674, 18, 449);
insert into Ventes (idUtilisateur, idObjet, idPromotion, idTemps, idDate, idServeur, prixTotal, quantite, profit, prixunitaire, POS) values (18, 6, 38, 41, 6, 14, 457, 82, 254, 11, 450);
insert into Ventes (idUtilisateur, idObjet, idPromotion, idTemps, idDate, idServeur, prixTotal, quantite, profit, prixunitaire, POS) values (3, 2, 23, 18, 3, 26, 237, 23, 401, 7, 451);
insert into Ventes (idUtilisateur, idObjet, idPromotion, idTemps, idDate, idServeur, prixTotal, quantite, profit, prixunitaire, POS) values (23, 19, 17, 21, 24, 16, 990, 92, 515, 59, 452);
insert into Ventes (idUtilisateur, idObjet, idPromotion, idTemps, idDate, idServeur, prixTotal, quantite, profit, prixunitaire, POS) values (42, 24, 31, 33, 48, 36, 894, 36, 624, 73, 453);
insert into Ventes (idUtilisateur, idObjet, idPromotion, idTemps, idDate, idServeur, prixTotal, quantite, profit, prixunitaire, POS) values (44, 11, 28, 26, 37, 5, 928, 27, 692, 65, 454);
insert into Ventes (idUtilisateur, idObjet, idPromotion, idTemps, idDate, idServeur, prixTotal, quantite, profit, prixunitaire, POS) values (35, 47, 35, 26, 19, 6, 369, 12, 370, 11, 455);
insert into Ventes (idUtilisateur, idObjet, idPromotion, idTemps, idDate, idServeur, prixTotal, quantite, profit, prixunitaire, POS) values (47, 17, 18, 50, 38, 9, 821, 48, 644, 3, 456);
insert into Ventes (idUtilisateur, idObjet, idPromotion, idTemps, idDate, idServeur, prixTotal, quantite, profit, prixunitaire, POS) values (30, 42, 5, 3, 16, 4, 742, 80, 703, 42, 457);
insert into Ventes (idUtilisateur, idObjet, idPromotion, idTemps, idDate, idServeur, prixTotal, quantite, profit, prixunitaire, POS) values (29, 16, 1, 7, 35, 4, 315, 67, 583, 48, 458);
insert into Ventes (idUtilisateur, idObjet, idPromotion, idTemps, idDate, idServeur, prixTotal, quantite, profit, prixunitaire, POS) values (41, 43, 49, 7, 22, 46, 257, 33, 374, 14, 459);
insert into Ventes (idUtilisateur, idObjet, idPromotion, idTemps, idDate, idServeur, prixTotal, quantite, profit, prixunitaire, POS) values (7, 16, 25, 13, 47, 24, 388, 44, 435, 45, 460);
insert into Ventes (idUtilisateur, idObjet, idPromotion, idTemps, idDate, idServeur, prixTotal, quantite, profit, prixunitaire, POS) values (4, 50, 37, 16, 48, 34, 140, 30, 15, 22, 461);
insert into Ventes (idUtilisateur, idObjet, idPromotion, idTemps, idDate, idServeur, prixTotal, quantite, profit, prixunitaire, POS) values (27, 44, 50, 46, 16, 6, 462, 92, 438, 83, 462);
insert into Ventes (idUtilisateur, idObjet, idPromotion, idTemps, idDate, idServeur, prixTotal, quantite, profit, prixunitaire, POS) values (4, 32, 1, 26, 20, 17, 373, 74, 15, 77, 463);
insert into Ventes (idUtilisateur, idObjet, idPromotion, idTemps, idDate, idServeur, prixTotal, quantite, profit, prixunitaire, POS) values (44, 14, 22, 47, 12, 26, 695, 50, 499, 99, 464);
insert into Ventes (idUtilisateur, idObjet, idPromotion, idTemps, idDate, idServeur, prixTotal, quantite, profit, prixunitaire, POS) values (48, 24, 14, 27, 6, 39, 839, 15, 928, 69, 465);
insert into Ventes (idUtilisateur, idObjet, idPromotion, idTemps, idDate, idServeur, prixTotal, quantite, profit, prixunitaire, POS) values (6, 39, 8, 13, 24, 14, 188, 17, 22, 65, 466);
insert into Ventes (idUtilisateur, idObjet, idPromotion, idTemps, idDate, idServeur, prixTotal, quantite, profit, prixunitaire, POS) values (21, 8, 48, 48, 18, 22, 312, 8, 256, 2, 467);
insert into Ventes (idUtilisateur, idObjet, idPromotion, idTemps, idDate, idServeur, prixTotal, quantite, profit, prixunitaire, POS) values (29, 22, 40, 40, 2, 46, 258, 39, 650, 6, 468);
insert into Ventes (idUtilisateur, idObjet, idPromotion, idTemps, idDate, idServeur, prixTotal, quantite, profit, prixunitaire, POS) values (42, 32, 7, 9, 30, 26, 870, 3, 863, 65, 469);
insert into Ventes (idUtilisateur, idObjet, idPromotion, idTemps, idDate, idServeur, prixTotal, quantite, profit, prixunitaire, POS) values (25, 25, 39, 1, 20, 7, 726, 68, 739, 40, 470);
insert into Ventes (idUtilisateur, idObjet, idPromotion, idTemps, idDate, idServeur, prixTotal, quantite, profit, prixunitaire, POS) values (22, 31, 22, 40, 50, 31, 364, 58, 11, 47, 471);
insert into Ventes (idUtilisateur, idObjet, idPromotion, idTemps, idDate, idServeur, prixTotal, quantite, profit, prixunitaire, POS) values (48, 37, 17, 8, 30, 50, 608, 18, 432, 87, 472);
insert into Ventes (idUtilisateur, idObjet, idPromotion, idTemps, idDate, idServeur, prixTotal, quantite, profit, prixunitaire, POS) values (43, 8, 16, 49, 22, 47, 486, 50, 383, 20, 473);
insert into Ventes (idUtilisateur, idObjet, idPromotion, idTemps, idDate, idServeur, prixTotal, quantite, profit, prixunitaire, POS) values (7, 46, 28, 48, 9, 13, 300, 26, 345, 93, 474);
insert into Ventes (idUtilisateur, idObjet, idPromotion, idTemps, idDate, idServeur, prixTotal, quantite, profit, prixunitaire, POS) values (34, 43, 23, 25, 3, 10, 443, 45, 236, 19, 475);
insert into Ventes (idUtilisateur, idObjet, idPromotion, idTemps, idDate, idServeur, prixTotal, quantite, profit, prixunitaire, POS) values (3, 20, 24, 19, 6, 1, 470, 41, 701, 17, 476);
insert into Ventes (idUtilisateur, idObjet, idPromotion, idTemps, idDate, idServeur, prixTotal, quantite, profit, prixunitaire, POS) values (14, 45, 5, 50, 43, 10, 760, 99, 875, 87, 477);
insert into Ventes (idUtilisateur, idObjet, idPromotion, idTemps, idDate, idServeur, prixTotal, quantite, profit, prixunitaire, POS) values (9, 12, 44, 44, 44, 11, 61, 38, 49, 43, 478);
insert into Ventes (idUtilisateur, idObjet, idPromotion, idTemps, idDate, idServeur, prixTotal, quantite, profit, prixunitaire, POS) values (34, 47, 37, 43, 17, 45, 59, 48, 770, 17, 479);
insert into Ventes (idUtilisateur, idObjet, idPromotion, idTemps, idDate, idServeur, prixTotal, quantite, profit, prixunitaire, POS) values (5, 14, 20, 48, 11, 36, 399, 71, 699, 62, 480);
insert into Ventes (idUtilisateur, idObjet, idPromotion, idTemps, idDate, idServeur, prixTotal, quantite, profit, prixunitaire, POS) values (21, 40, 15, 29, 28, 5, 621, 62, 535, 90, 481);
insert into Ventes (idUtilisateur, idObjet, idPromotion, idTemps, idDate, idServeur, prixTotal, quantite, profit, prixunitaire, POS) values (33, 16, 42, 10, 16, 9, 831, 18, 18, 95, 482);
insert into Ventes (idUtilisateur, idObjet, idPromotion, idTemps, idDate, idServeur, prixTotal, quantite, profit, prixunitaire, POS) values (45, 1, 24, 24, 18, 32, 155, 45, 294, 98, 483);
insert into Ventes (idUtilisateur, idObjet, idPromotion, idTemps, idDate, idServeur, prixTotal, quantite, profit, prixunitaire, POS) values (43, 4, 36, 44, 44, 26, 55, 81, 219, 15, 484);
insert into Ventes (idUtilisateur, idObjet, idPromotion, idTemps, idDate, idServeur, prixTotal, quantite, profit, prixunitaire, POS) values (40, 48, 38, 26, 30, 44, 464, 84, 704, 59, 485);
insert into Ventes (idUtilisateur, idObjet, idPromotion, idTemps, idDate, idServeur, prixTotal, quantite, profit, prixunitaire, POS) values (3, 8, 21, 41, 21, 6, 237, 6, 906, 76, 486);
insert into Ventes (idUtilisateur, idObjet, idPromotion, idTemps, idDate, idServeur, prixTotal, quantite, profit, prixunitaire, POS) values (33, 35, 47, 1, 17, 38, 927, 7, 20, 88, 487);
insert into Ventes (idUtilisateur, idObjet, idPromotion, idTemps, idDate, idServeur, prixTotal, quantite, profit, prixunitaire, POS) values (19, 37, 9, 11, 49, 43, 672, 99, 798, 51, 488);
insert into Ventes (idUtilisateur, idObjet, idPromotion, idTemps, idDate, idServeur, prixTotal, quantite, profit, prixunitaire, POS) values (1, 8, 36, 17, 50, 41, 699, 29, 424, 83, 489);
insert into Ventes (idUtilisateur, idObjet, idPromotion, idTemps, idDate, idServeur, prixTotal, quantite, profit, prixunitaire, POS) values (46, 23, 48, 20, 23, 18, 372, 43, 357, 43, 490);
insert into Ventes (idUtilisateur, idObjet, idPromotion, idTemps, idDate, idServeur, prixTotal, quantite, profit, prixunitaire, POS) values (47, 45, 27, 17, 33, 8, 184, 75, 321, 4, 491);
insert into Ventes (idUtilisateur, idObjet, idPromotion, idTemps, idDate, idServeur, prixTotal, quantite, profit, prixunitaire, POS) values (37, 27, 1, 9, 38, 16, 240, 86, 821, 15, 492);
insert into Ventes (idUtilisateur, idObjet, idPromotion, idTemps, idDate, idServeur, prixTotal, quantite, profit, prixunitaire, POS) values (7, 38, 1, 12, 38, 43, 122, 1, 518, 93, 493);
insert into Ventes (idUtilisateur, idObjet, idPromotion, idTemps, idDate, idServeur, prixTotal, quantite, profit, prixunitaire, POS) values (40, 19, 6, 27, 2, 36, 995, 39, 885, 90, 494);
insert into Ventes (idUtilisateur, idObjet, idPromotion, idTemps, idDate, idServeur, prixTotal, quantite, profit, prixunitaire, POS) values (2, 8, 37, 22, 40, 47, 304, 79, 81, 59, 495);
insert into Ventes (idUtilisateur, idObjet, idPromotion, idTemps, idDate, idServeur, prixTotal, quantite, profit, prixunitaire, POS) values (10, 49, 16, 5, 7, 45, 168, 84, 78, 34, 496);
insert into Ventes (idUtilisateur, idObjet, idPromotion, idTemps, idDate, idServeur, prixTotal, quantite, profit, prixunitaire, POS) values (13, 6, 25, 42, 32, 38, 536, 61, 793, 86, 497);
insert into Ventes (idUtilisateur, idObjet, idPromotion, idTemps, idDate, idServeur, prixTotal, quantite, profit, prixunitaire, POS) values (14, 24, 14, 9, 46, 8, 476, 53, 692, 49, 498);
insert into Ventes (idUtilisateur, idObjet, idPromotion, idTemps, idDate, idServeur, prixTotal, quantite, profit, prixunitaire, POS) values (44, 45, 29, 19, 18, 21, 899, 16, 353, 98, 499);
insert into Ventes (idUtilisateur, idObjet, idPromotion, idTemps, idDate, idServeur, prixTotal, quantite, profit, prixunitaire, POS) values (40, 31, 14, 19, 2, 24, 951, 62, 835, 74, 500);


