/*
 Navicat Premium Data Transfer

 Source Server         : DATABASE
 Source Server Type    : MySQL
 Source Server Version : 80027
 Source Host           : localhost:3360
 Source Schema         : graduate_project

 Target Server Type    : MySQL
 Target Server Version : 80027
 File Encoding         : 65001

 Date: 06/09/2022 23:37:34
*/

SET NAMES utf8mb4;
SET FOREIGN_KEY_CHECKS = 0;

-- ----------------------------
-- Table structure for admin_areas
-- ----------------------------
DROP TABLE IF EXISTS `admin_areas`;
CREATE TABLE `admin_areas`  (
  `id` int UNSIGNED NOT NULL AUTO_INCREMENT,
  `admin_id` int UNSIGNED NOT NULL,
  `area_id` int UNSIGNED NOT NULL,
  `del_flag` tinyint(1) NOT NULL,
  `created_at` timestamp NULL DEFAULT NULL,
  `updated_at` timestamp NULL DEFAULT NULL,
  PRIMARY KEY (`id`) USING BTREE,
  INDEX `admin_areas_admin_id_foreign`(`admin_id` ASC) USING BTREE,
  INDEX `admin_areas_area_id_foreign`(`area_id` ASC) USING BTREE,
  CONSTRAINT `admin_areas_admin_id_foreign` FOREIGN KEY (`admin_id`) REFERENCES `admins` (`id`) ON DELETE RESTRICT ON UPDATE RESTRICT,
  CONSTRAINT `admin_areas_area_id_foreign` FOREIGN KEY (`area_id`) REFERENCES `areas` (`id`) ON DELETE RESTRICT ON UPDATE RESTRICT
) ENGINE = InnoDB AUTO_INCREMENT = 3 CHARACTER SET = utf8mb4 COLLATE = utf8mb4_unicode_ci ROW_FORMAT = DYNAMIC;

-- ----------------------------
-- Records of admin_areas
-- ----------------------------
INSERT INTO `admin_areas` VALUES (2, 3, 1, 1, '2022-08-16 18:53:34', '2022-08-16 18:53:34');
INSERT INTO `admin_areas` VALUES (3, 2, 1, 1, '2022-08-16 19:04:14', '2022-08-16 19:04:14');

-- ----------------------------
-- Table structure for admins
-- ----------------------------
DROP TABLE IF EXISTS `admins`;
CREATE TABLE `admins`  (
  `id` int UNSIGNED NOT NULL AUTO_INCREMENT,
  `name` varchar(100) CHARACTER SET utf8mb4 COLLATE utf8mb4_unicode_ci NOT NULL,
  `email` varchar(100) CHARACTER SET utf8mb4 COLLATE utf8mb4_unicode_ci NOT NULL,
  `password` varchar(255) CHARACTER SET utf8mb4 COLLATE utf8mb4_unicode_ci NOT NULL,
  `date_birth` date NOT NULL,
  `gender` tinyint(1) NOT NULL,
  `phone` varchar(11) CHARACTER SET utf8mb4 COLLATE utf8mb4_unicode_ci NOT NULL,
  `address` varchar(100) CHARACTER SET utf8mb4 COLLATE utf8mb4_unicode_ci NOT NULL,
  `role` tinyint(1) NOT NULL,
  `del_flag` tinyint(1) NOT NULL,
  `created_at` timestamp NULL DEFAULT NULL,
  `updated_at` timestamp NULL DEFAULT NULL,
  PRIMARY KEY (`id`) USING BTREE,
  UNIQUE INDEX `admins_email_unique`(`email` ASC) USING BTREE
) ENGINE = InnoDB AUTO_INCREMENT = 3 CHARACTER SET = utf8mb4 COLLATE = utf8mb4_unicode_ci ROW_FORMAT = DYNAMIC;

-- ----------------------------
-- Records of admins
-- ----------------------------
INSERT INTO `admins` VALUES (1, 'Super Admin', 'superadmin@gmail.com', '$2y$10$QGJvlWahSZHhdA.DE1y9d.XzBeUCQ6sl8QCUvJLPGSTPvb2Z0jjqy', '2022-04-01', 1, '0962027911', 'Lào Cai', 1, 1, '2022-04-25 08:45:37', '2022-05-05 09:44:32');
INSERT INTO `admins` VALUES (2, 'Nhân viên 1', 'admin1@gmail.com', '$2y$10$Lomf.GqgcJ38wFOo/2wGau7QjwPLpNc6SEETss4DBum0sw1iB5ijm', '2022-04-28', 1, '0962027912', 'Hà Nội', 0, 1, '2022-05-05 10:06:50', '2022-05-05 10:06:50');
INSERT INTO `admins` VALUES (3, 'Nhân viên 2', 'admin2@gmail.com', '$2y$10$Lomf.GqgcJ38wFOo/2wGau7QjwPLpNc6SEETss4DBum0sw1iB5ijm', '2022-05-28', 1, '0962027913', 'Hà Nội', 0, 1, NULL, NULL);

-- ----------------------------
-- Table structure for areas
-- ----------------------------
DROP TABLE IF EXISTS `areas`;
CREATE TABLE `areas`  (
  `id` int UNSIGNED NOT NULL AUTO_INCREMENT,
  `area_name` varchar(100) CHARACTER SET utf8mb4 COLLATE utf8mb4_unicode_ci NOT NULL,
  `area_address` varchar(100) CHARACTER SET utf8mb4 COLLATE utf8mb4_unicode_ci NOT NULL,
  `image_path` varchar(255) CHARACTER SET utf8mb4 COLLATE utf8mb4_unicode_ci NOT NULL,
  `diagram` varchar(255) CHARACTER SET utf8mb4 COLLATE utf8mb4_unicode_ci NOT NULL,
  `del_flag` tinyint(1) NOT NULL,
  `created_at` timestamp NULL DEFAULT NULL,
  `updated_at` timestamp NULL DEFAULT NULL,
  PRIMARY KEY (`id`) USING BTREE
) ENGINE = InnoDB AUTO_INCREMENT = 2 CHARACTER SET = utf8mb4 COLLATE = utf8mb4_unicode_ci ROW_FORMAT = DYNAMIC;

-- ----------------------------
-- Records of areas
-- ----------------------------
INSERT INTO `areas` VALUES (1, 'Bách Khoa', 'A1 P. Lê Thanh Nghị, Bách Khoa, Hai Bà Trưng, Hà Nội', '1650852860.jpg', '1650852860.PNG', 1, '2022-04-25 09:14:20', '2022-08-16 18:48:27');

-- ----------------------------
-- Table structure for bill_details
-- ----------------------------
DROP TABLE IF EXISTS `bill_details`;
CREATE TABLE `bill_details`  (
  `id` int UNSIGNED NOT NULL AUTO_INCREMENT,
  `bill_id` int UNSIGNED NOT NULL,
  `pitch_id` int UNSIGNED NOT NULL,
  `time_start` datetime NOT NULL,
  `time_end` datetime NOT NULL,
  `pitch_price` double NOT NULL,
  `price_change` double(8, 2) NOT NULL,
  `created_at` timestamp NULL DEFAULT NULL,
  `updated_at` timestamp NULL DEFAULT NULL,
  PRIMARY KEY (`id`) USING BTREE,
  INDEX `bill_details_bill_id_foreign`(`bill_id` ASC) USING BTREE,
  INDEX `bill_details_pitch_id_foreign`(`pitch_id` ASC) USING BTREE,
  CONSTRAINT `bill_details_bill_id_foreign` FOREIGN KEY (`bill_id`) REFERENCES `bills` (`id`) ON DELETE RESTRICT ON UPDATE RESTRICT,
  CONSTRAINT `bill_details_pitch_id_foreign` FOREIGN KEY (`pitch_id`) REFERENCES `pitches` (`id`) ON DELETE RESTRICT ON UPDATE RESTRICT
) ENGINE = InnoDB AUTO_INCREMENT = 168 CHARACTER SET = utf8mb4 COLLATE = utf8mb4_unicode_ci ROW_FORMAT = DYNAMIC;

-- ----------------------------
-- Records of bill_details
-- ----------------------------
INSERT INTO `bill_details` VALUES (2, 2, 4, '2022-04-25 10:55:00', '2022-04-25 11:55:00', 300000, 50.00, '2022-04-25 10:55:54', '2022-04-25 10:55:54');
INSERT INTO `bill_details` VALUES (3, 3, 1, '2022-05-05 09:46:00', '2022-05-05 10:46:00', 300000, 50.00, '2022-05-05 09:47:19', '2022-05-05 09:47:19');
INSERT INTO `bill_details` VALUES (4, 4, 1, '2022-06-21 11:18:00', '2022-06-21 12:18:00', 300000, 50.00, '2022-06-21 23:19:05', '2022-06-21 23:19:05');
INSERT INTO `bill_details` VALUES (5, 5, 1, '2022-06-25 09:33:00', '2022-06-25 10:33:00', 300000, 50.00, '2022-06-25 09:33:41', '2022-06-25 09:33:41');
INSERT INTO `bill_details` VALUES (6, 6, 2, '2022-06-25 09:35:00', '2022-06-25 10:36:00', 300000, 50.00, '2022-06-25 09:50:44', '2022-06-25 09:50:44');
INSERT INTO `bill_details` VALUES (7, 7, 3, '2022-06-25 09:52:00', '2022-06-25 10:52:00', 300000, 50.00, '2022-06-25 09:52:32', '2022-06-25 09:52:32');
INSERT INTO `bill_details` VALUES (8, 8, 4, '2022-06-25 09:53:00', '2022-06-25 10:53:00', 300000, 50.00, '2022-06-25 09:53:59', '2022-06-25 09:53:59');
INSERT INTO `bill_details` VALUES (9, 9, 2, '2022-06-25 10:54:00', '2022-06-25 12:54:00', 300000, 50.00, '2022-06-25 11:55:09', '2022-06-25 11:55:09');
INSERT INTO `bill_details` VALUES (10, 10, 1, '2022-06-25 11:55:00', '2022-06-25 13:55:00', 300000, 50.00, '2022-06-25 12:22:34', '2022-06-25 12:22:34');
INSERT INTO `bill_details` VALUES (11, 11, 3, '2022-06-25 12:25:00', '2022-06-25 14:25:00', 300000, 50.00, '2022-06-25 12:33:12', '2022-06-25 12:33:12');
INSERT INTO `bill_details` VALUES (13, 13, 2, '2022-06-25 15:28:00', '2022-06-25 16:28:00', 300000, 50.00, '2022-06-25 16:22:16', '2022-06-25 16:22:16');
INSERT INTO `bill_details` VALUES (14, 13, 4, '2022-06-25 15:44:00', '2022-06-25 17:44:00', 300000, 50.00, '2022-06-25 16:22:16', '2022-06-25 16:22:16');
INSERT INTO `bill_details` VALUES (15, 14, 1, '2022-06-25 16:23:00', '2022-06-25 17:23:00', 300000, 50.00, '2022-06-25 16:49:55', '2022-06-25 16:49:55');
INSERT INTO `bill_details` VALUES (16, 14, 3, '2022-06-25 16:23:00', '2022-06-25 17:23:00', 300000, 50.00, '2022-06-25 16:49:55', '2022-06-25 16:49:55');
INSERT INTO `bill_details` VALUES (17, 15, 2, '2022-06-25 16:55:00', '2022-06-25 17:56:00', 300000, 50.00, '2022-06-25 16:56:10', '2022-06-25 16:56:10');
INSERT INTO `bill_details` VALUES (39, 37, 2, '2022-06-28 19:34:00', '2022-06-28 20:34:00', 300000, 50.00, '2022-06-28 19:36:46', '2022-06-28 19:36:46');
INSERT INTO `bill_details` VALUES (42, 40, 1, '2022-07-17 10:02:00', '2022-07-17 11:02:00', 300000, 50.00, '2022-07-03 11:02:36', '2022-07-03 11:02:36');
INSERT INTO `bill_details` VALUES (43, 41, 2, '2022-07-17 10:54:00', '2022-07-17 11:54:00', 300000, 50.00, '2022-07-03 11:54:41', '2022-07-03 11:54:41');
INSERT INTO `bill_details` VALUES (44, 42, 1, '2022-07-23 09:33:00', '2022-07-23 10:33:00', 300000, 50.00, '2022-07-23 09:33:24', '2022-07-23 09:33:24');
INSERT INTO `bill_details` VALUES (47, 45, 1, '2022-07-24 10:29:00', '2022-07-24 11:29:00', 300000, 50.00, '2022-07-24 10:47:11', '2022-07-24 10:47:11');
INSERT INTO `bill_details` VALUES (48, 46, 1, '2022-07-25 10:48:00', '2022-07-25 11:48:00', 300000, 50.00, '2022-07-24 10:49:54', '2022-07-24 10:49:54');
INSERT INTO `bill_details` VALUES (49, 47, 5, '2022-07-27 11:27:00', '2022-07-27 12:27:00', 500000, 50.00, '2022-07-24 11:27:43', '2022-07-24 11:27:43');
INSERT INTO `bill_details` VALUES (51, 49, 5, '2022-07-29 11:34:00', '2022-07-29 12:34:00', 500000, 50.00, '2022-07-24 11:34:30', '2022-07-24 11:34:30');
INSERT INTO `bill_details` VALUES (52, 50, 1, '2022-07-24 11:58:00', '2022-07-24 12:58:00', 300000, 50.00, '2022-07-24 11:58:34', '2022-07-24 11:58:34');
INSERT INTO `bill_details` VALUES (53, 51, 1, '2022-07-26 21:05:00', '2022-07-26 23:05:00', 300000, 50.00, '2022-07-26 22:12:03', '2022-07-26 22:12:03');
INSERT INTO `bill_details` VALUES (58, 57, 1, '2022-08-01 22:01:00', '2022-08-01 23:01:00', 300000, 50.00, '2022-07-26 23:01:48', '2022-07-26 23:01:48');
INSERT INTO `bill_details` VALUES (59, 58, 1, '2022-08-08 22:01:00', '2022-08-08 23:01:00', 300000, 50.00, '2022-07-26 23:01:48', '2022-07-26 23:01:48');
INSERT INTO `bill_details` VALUES (60, 59, 1, '2022-08-15 22:01:00', '2022-08-15 23:01:00', 300000, 50.00, '2022-07-26 23:01:48', '2022-07-26 23:01:48');
INSERT INTO `bill_details` VALUES (61, 60, 1, '2022-08-22 22:01:00', '2022-08-22 23:01:00', 300000, 50.00, '2022-07-26 23:01:48', '2022-07-26 23:01:48');
INSERT INTO `bill_details` VALUES (62, 61, 5, '2022-08-02 04:28:00', '2022-08-02 06:28:00', 500000, 50.00, '2022-07-27 00:29:15', '2022-07-27 00:29:15');
INSERT INTO `bill_details` VALUES (63, 62, 5, '2022-08-09 04:28:00', '2022-08-09 06:28:00', 500000, 50.00, '2022-07-27 00:29:15', '2022-07-27 00:29:15');
INSERT INTO `bill_details` VALUES (64, 63, 5, '2022-08-16 04:28:00', '2022-08-16 06:28:00', 500000, 50.00, '2022-07-27 00:29:15', '2022-07-27 00:29:15');
INSERT INTO `bill_details` VALUES (65, 64, 5, '2022-08-23 04:28:00', '2022-08-23 06:28:00', 500000, 50.00, '2022-07-27 00:29:15', '2022-07-27 00:29:15');
INSERT INTO `bill_details` VALUES (66, 65, 1, '2022-07-27 10:00:00', '2022-07-27 11:00:00', 300000, 50.00, '2022-07-27 10:00:54', '2022-07-27 10:00:54');
INSERT INTO `bill_details` VALUES (67, 66, 1, '2022-08-09 19:02:00', '2022-08-09 21:02:00', 300000, 50.00, '2022-08-04 19:04:32', '2022-08-04 19:04:32');
INSERT INTO `bill_details` VALUES (68, 67, 1, '2022-08-16 19:02:00', '2022-08-16 21:02:00', 300000, 50.00, '2022-08-04 19:04:32', '2022-08-04 19:04:32');
INSERT INTO `bill_details` VALUES (69, 68, 1, '2022-08-23 19:02:00', '2022-08-23 21:02:00', 300000, 50.00, '2022-08-04 19:04:32', '2022-08-04 19:04:32');
INSERT INTO `bill_details` VALUES (70, 69, 1, '2022-08-30 19:02:00', '2022-08-30 21:02:00', 300000, 50.00, '2022-08-04 19:04:32', '2022-08-04 19:04:32');
INSERT INTO `bill_details` VALUES (71, 70, 2, '2022-08-08 08:42:00', '2022-08-08 09:43:00', 300000, 50.00, '2022-08-11 00:49:39', '2022-08-11 00:49:39');
INSERT INTO `bill_details` VALUES (72, 71, 2, '2022-08-15 08:42:00', '2022-08-15 09:43:00', 300000, 50.00, '2022-08-11 00:49:39', '2022-08-11 00:49:39');
INSERT INTO `bill_details` VALUES (73, 72, 2, '2022-08-22 08:42:00', '2022-08-22 09:43:00', 300000, 50.00, '2022-08-11 00:49:39', '2022-08-11 00:49:39');
INSERT INTO `bill_details` VALUES (79, 78, 1, '2022-08-16 15:02:00', '2022-08-16 17:02:00', 300000, 50.00, '2022-08-14 15:05:24', '2022-08-14 15:05:24');
INSERT INTO `bill_details` VALUES (80, 79, 1, '2022-08-23 15:02:00', '2022-08-23 17:02:00', 300000, 50.00, '2022-08-14 15:05:24', '2022-08-14 15:05:24');
INSERT INTO `bill_details` VALUES (81, 80, 1, '2022-08-30 15:02:00', '2022-08-30 17:02:00', 300000, 50.00, '2022-08-14 15:05:24', '2022-08-14 15:05:24');
INSERT INTO `bill_details` VALUES (83, 82, 3, '2022-08-14 15:21:00', '2022-08-14 17:21:00', 300000, 50.00, '2022-08-14 15:26:42', '2022-08-14 15:26:42');
INSERT INTO `bill_details` VALUES (85, 84, 2, '2022-08-14 15:48:00', '2022-08-14 16:48:00', 300000, 50.00, '2022-08-14 15:50:31', '2022-08-14 15:50:31');
INSERT INTO `bill_details` VALUES (90, 89, 2, '2022-08-15 16:07:00', '2022-08-15 18:07:00', 300000, 50.00, '2022-08-14 16:07:36', '2022-08-14 16:07:36');
INSERT INTO `bill_details` VALUES (91, 90, 2, '2022-08-22 16:07:00', '2022-08-22 18:07:00', 300000, 50.00, '2022-08-14 16:07:36', '2022-08-14 16:07:36');
INSERT INTO `bill_details` VALUES (92, 91, 2, '2022-08-29 16:07:00', '2022-08-29 18:07:00', 300000, 50.00, '2022-08-14 16:07:36', '2022-08-14 16:07:36');
INSERT INTO `bill_details` VALUES (93, 92, 2, '2022-09-05 16:07:00', '2022-09-05 18:07:00', 300000, 50.00, '2022-08-14 16:07:36', '2022-08-14 16:07:36');
INSERT INTO `bill_details` VALUES (96, 95, 1, '2022-08-17 10:34:00', '2022-08-17 12:34:00', 300000, 50.00, '2022-08-17 11:00:47', '2022-08-17 11:00:47');
INSERT INTO `bill_details` VALUES (97, 96, 2, '2022-08-17 11:09:00', '2022-08-17 13:09:00', 300000, 50.00, '2022-08-17 11:09:44', '2022-08-17 11:09:44');
INSERT INTO `bill_details` VALUES (98, 97, 1, '2022-08-17 18:33:00', '2022-08-17 20:33:00', 300000, 50.00, '2022-08-17 18:35:50', '2022-08-17 18:35:50');
INSERT INTO `bill_details` VALUES (99, 98, 2, '2022-08-17 18:38:00', '2022-08-17 20:38:00', 300000, 50.00, '2022-08-17 18:39:50', '2022-08-17 18:39:50');
INSERT INTO `bill_details` VALUES (100, 99, 5, '2022-08-17 21:49:00', '2022-08-17 23:44:00', 500000, 50.00, '2022-08-17 18:50:28', '2022-08-17 18:50:28');
INSERT INTO `bill_details` VALUES (101, 100, 2, '2022-08-18 12:17:00', '2022-08-18 14:17:00', 300000, 50.00, '2022-08-18 12:17:16', '2022-08-18 12:17:16');
INSERT INTO `bill_details` VALUES (102, 101, 2, '2022-08-22 12:17:00', '2022-08-22 14:17:00', 300000, 50.00, '2022-08-18 12:17:47', '2022-08-18 12:17:47');
INSERT INTO `bill_details` VALUES (103, 102, 2, '2022-08-29 12:17:00', '2022-08-29 14:17:00', 300000, 50.00, '2022-08-18 12:17:47', '2022-08-18 12:17:47');
INSERT INTO `bill_details` VALUES (104, 103, 2, '2022-09-05 12:17:00', '2022-09-05 14:17:00', 300000, 50.00, '2022-08-18 12:17:47', '2022-08-18 12:17:47');
INSERT INTO `bill_details` VALUES (105, 104, 2, '2022-09-12 12:17:00', '2022-09-12 14:17:00', 300000, 50.00, '2022-08-18 12:17:47', '2022-08-18 12:17:47');
INSERT INTO `bill_details` VALUES (107, 106, 1, '2022-08-18 13:10:00', '2022-08-18 14:10:00', 300000, 50.00, '2022-08-18 13:35:12', '2022-08-18 13:35:12');
INSERT INTO `bill_details` VALUES (108, 107, 4, '2022-08-18 14:06:00', '2022-08-18 17:06:00', 300000, 50.00, '2022-08-18 14:13:25', '2022-08-18 14:13:25');
INSERT INTO `bill_details` VALUES (109, 108, 2, '2022-08-22 15:04:00', '2022-08-22 16:04:00', 300000, 50.00, '2022-08-18 15:05:14', '2022-08-18 15:05:14');
INSERT INTO `bill_details` VALUES (110, 109, 2, '2022-08-29 15:04:00', '2022-08-29 16:04:00', 300000, 50.00, '2022-08-18 15:05:14', '2022-08-18 15:05:14');
INSERT INTO `bill_details` VALUES (111, 110, 2, '2022-09-05 15:04:00', '2022-09-05 16:04:00', 300000, 50.00, '2022-08-18 15:05:14', '2022-08-18 15:05:14');
INSERT INTO `bill_details` VALUES (112, 111, 2, '2022-09-12 15:04:00', '2022-09-12 16:04:00', 300000, 50.00, '2022-08-18 15:05:14', '2022-08-18 15:05:14');
INSERT INTO `bill_details` VALUES (114, 113, 4, '2022-08-22 15:47:00', '2022-08-22 17:47:00', 300000, 50.00, '2022-08-18 15:47:16', '2022-08-18 15:47:16');
INSERT INTO `bill_details` VALUES (115, 114, 4, '2022-08-29 15:47:00', '2022-08-29 17:47:00', 300000, 50.00, '2022-08-18 15:47:16', '2022-08-18 15:47:16');
INSERT INTO `bill_details` VALUES (116, 115, 4, '2022-09-05 15:47:00', '2022-09-05 17:47:00', 300000, 50.00, '2022-08-18 15:47:16', '2022-08-18 15:47:16');
INSERT INTO `bill_details` VALUES (117, 116, 4, '2022-09-12 15:47:00', '2022-09-12 17:47:00', 300000, 50.00, '2022-08-18 15:47:16', '2022-08-18 15:47:16');
INSERT INTO `bill_details` VALUES (118, 117, 2, '2022-08-18 18:43:00', '2022-08-18 19:43:00', 300000, 50.00, '2022-08-18 19:04:24', '2022-08-18 19:04:24');
INSERT INTO `bill_details` VALUES (119, 117, 1, '2022-08-18 20:43:00', '2022-08-18 21:43:00', 300000, 50.00, '2022-08-18 19:04:24', '2022-08-18 19:04:24');
INSERT INTO `bill_details` VALUES (120, 118, 2, '2022-08-22 10:30:00', '2022-08-22 12:00:00', 300000, 50.00, '2022-08-20 00:27:46', '2022-08-20 00:27:46');
INSERT INTO `bill_details` VALUES (121, 119, 2, '2022-08-29 10:30:00', '2022-08-29 12:00:00', 300000, 50.00, '2022-08-20 00:27:46', '2022-08-20 00:27:46');
INSERT INTO `bill_details` VALUES (122, 120, 2, '2022-09-05 10:30:00', '2022-09-05 12:00:00', 300000, 50.00, '2022-08-20 00:27:46', '2022-08-20 00:27:46');
INSERT INTO `bill_details` VALUES (123, 121, 2, '2022-09-12 10:30:00', '2022-09-12 12:00:00', 300000, 50.00, '2022-08-20 00:27:46', '2022-08-20 00:27:46');
INSERT INTO `bill_details` VALUES (124, 122, 2, '2022-09-19 10:30:00', '2022-09-19 12:00:00', 300000, 50.00, '2022-08-20 00:27:46', '2022-08-20 00:27:46');
INSERT INTO `bill_details` VALUES (125, 123, 4, '2022-08-22 12:00:00', '2022-08-22 13:30:00', 300000, 50.00, '2022-08-20 00:28:16', '2022-08-20 00:28:16');
INSERT INTO `bill_details` VALUES (126, 124, 4, '2022-08-29 12:00:00', '2022-08-29 13:30:00', 300000, 50.00, '2022-08-20 00:28:16', '2022-08-20 00:28:16');
INSERT INTO `bill_details` VALUES (127, 125, 4, '2022-09-05 12:00:00', '2022-09-05 13:30:00', 300000, 50.00, '2022-08-20 00:28:16', '2022-08-20 00:28:16');
INSERT INTO `bill_details` VALUES (128, 126, 4, '2022-09-12 12:00:00', '2022-09-12 13:30:00', 300000, 50.00, '2022-08-20 00:28:16', '2022-08-20 00:28:16');
INSERT INTO `bill_details` VALUES (129, 127, 4, '2022-09-19 12:00:00', '2022-09-19 13:30:00', 300000, 50.00, '2022-08-20 00:28:16', '2022-08-20 00:28:16');
INSERT INTO `bill_details` VALUES (130, 128, 3, '2022-08-22 11:30:00', '2022-08-22 13:00:00', 300000, 50.00, '2022-08-20 00:37:08', '2022-08-20 00:37:08');
INSERT INTO `bill_details` VALUES (131, 129, 3, '2022-08-29 11:30:00', '2022-08-29 13:00:00', 300000, 50.00, '2022-08-20 00:37:08', '2022-08-20 00:37:08');
INSERT INTO `bill_details` VALUES (132, 130, 3, '2022-09-05 11:30:00', '2022-09-05 13:00:00', 300000, 50.00, '2022-08-20 00:37:08', '2022-08-20 00:37:08');
INSERT INTO `bill_details` VALUES (133, 131, 3, '2022-09-12 11:30:00', '2022-09-12 13:00:00', 300000, 50.00, '2022-08-20 00:37:08', '2022-08-20 00:37:08');
INSERT INTO `bill_details` VALUES (134, 132, 3, '2022-09-19 11:30:00', '2022-09-19 13:00:00', 300000, 50.00, '2022-08-20 00:37:08', '2022-08-20 00:37:08');
INSERT INTO `bill_details` VALUES (135, 133, 1, '2022-08-20 05:30:00', '2022-08-20 07:00:00', 300000, 50.00, '2022-08-20 00:49:08', '2022-08-20 00:49:08');
INSERT INTO `bill_details` VALUES (155, 153, 2, '2022-08-27 05:30:00', '2022-08-27 07:00:00', 300000, 50.00, '2022-08-20 04:27:42', '2022-08-20 04:27:42');
INSERT INTO `bill_details` VALUES (156, 154, 1, '2022-08-29 05:30:00', '2022-08-29 07:00:00', 400000, 50.00, '2022-08-29 22:23:42', '2022-08-29 22:23:42');
INSERT INTO `bill_details` VALUES (157, 155, 3, '2022-08-29 05:30:00', '2022-08-29 07:00:00', 400000, 50.00, '2022-08-29 22:36:50', '2022-08-29 22:36:50');
INSERT INTO `bill_details` VALUES (158, 156, 5, '2022-08-29 07:00:00', '2022-08-29 08:30:00', 700000, 50.00, '2022-08-29 22:40:20', '2022-08-29 22:40:20');
INSERT INTO `bill_details` VALUES (162, 160, 4, '2022-08-29 05:30:00', '2022-08-29 07:00:00', 400000, 50.00, '2022-08-29 22:58:28', '2022-08-29 22:58:28');
INSERT INTO `bill_details` VALUES (163, 161, 2, '2022-08-30 05:30:00', '2022-08-30 07:00:00', 400000, 50.00, '2022-08-30 00:05:08', '2022-08-30 00:05:08');
INSERT INTO `bill_details` VALUES (167, 165, 2, '2022-09-02 10:00:00', '2022-09-02 11:30:00', 400000, 50.00, '2022-09-02 18:11:39', '2022-09-02 18:11:39');
INSERT INTO `bill_details` VALUES (168, 166, 1, '2022-09-06 22:00:00', '2022-09-06 23:30:00', 400000, 50.00, '2022-09-06 21:16:24', '2022-09-06 21:16:24');
INSERT INTO `bill_details` VALUES (169, 167, 5, '2022-09-07 05:30:00', '2022-09-07 07:00:00', 700000, 50.00, '2022-09-06 21:17:13', '2022-09-06 21:17:13');
INSERT INTO `bill_details` VALUES (170, 168, 2, '2022-09-12 05:30:00', '2022-09-12 07:00:00', 400000, 50.00, '2022-09-06 21:49:51', '2022-09-06 21:49:51');
INSERT INTO `bill_details` VALUES (171, 169, 2, '2022-09-19 05:30:00', '2022-09-19 07:00:00', 400000, 50.00, '2022-09-06 21:49:51', '2022-09-06 21:49:51');
INSERT INTO `bill_details` VALUES (172, 170, 2, '2022-09-26 05:30:00', '2022-09-26 07:00:00', 400000, 50.00, '2022-09-06 21:49:51', '2022-09-06 21:49:51');
INSERT INTO `bill_details` VALUES (173, 171, 2, '2022-10-03 05:30:00', '2022-10-03 07:00:00', 400000, 50.00, '2022-09-06 21:49:51', '2022-09-06 21:49:51');

-- ----------------------------
-- Table structure for bill_periodics
-- ----------------------------
DROP TABLE IF EXISTS `bill_periodics`;
CREATE TABLE `bill_periodics`  (
  `id` int UNSIGNED NOT NULL AUTO_INCREMENT,
  `user_id` int UNSIGNED NULL DEFAULT NULL,
  `admin_id` int UNSIGNED NULL DEFAULT NULL,
  `deposit` double NOT NULL,
  `status` int NOT NULL,
  `cancellation_reason` varchar(100) CHARACTER SET utf8 COLLATE utf8_unicode_ci NULL DEFAULT NULL,
  `payment_type` tinyint NULL DEFAULT NULL,
  `created_at` timestamp NULL DEFAULT NULL,
  `updated_at` timestamp NULL DEFAULT NULL,
  PRIMARY KEY (`id`) USING BTREE,
  INDEX `bill_periodics_user_id_foreign`(`user_id` ASC) USING BTREE,
  INDEX `bill_periodics_admin_id_foreign`(`admin_id` ASC) USING BTREE,
  CONSTRAINT `bill_periodics_admin_id_foreign` FOREIGN KEY (`admin_id`) REFERENCES `admins` (`id`) ON DELETE RESTRICT ON UPDATE RESTRICT,
  CONSTRAINT `bill_periodics_user_id_foreign` FOREIGN KEY (`user_id`) REFERENCES `users` (`id`) ON DELETE RESTRICT ON UPDATE RESTRICT
) ENGINE = InnoDB AUTO_INCREMENT = 17 CHARACTER SET = utf8 COLLATE = utf8_unicode_ci ROW_FORMAT = Dynamic;

-- ----------------------------
-- Records of bill_periodics
-- ----------------------------
INSERT INTO `bill_periodics` VALUES (4, 4, 1, 1000000, 4, '', NULL, '2022-07-26 23:01:48', '2022-07-27 13:01:12');
INSERT INTO `bill_periodics` VALUES (5, 4, 1, 1000000, 3, 'huy 5', NULL, '2022-07-27 00:29:15', '2022-08-20 00:17:13');
INSERT INTO `bill_periodics` VALUES (6, 4, NULL, 1000000, 1, NULL, NULL, '2022-08-04 19:04:31', '2022-08-04 19:04:31');
INSERT INTO `bill_periodics` VALUES (7, 4, 1, 1000000, 2, NULL, 1, '2022-08-11 00:49:38', '2022-08-11 00:52:57');
INSERT INTO `bill_periodics` VALUES (9, 2, NULL, 1000000, 1, NULL, NULL, '2022-08-14 15:05:24', '2022-08-14 15:05:24');
INSERT INTO `bill_periodics` VALUES (10, 2, NULL, 1000000, 1, NULL, NULL, '2022-08-14 16:03:12', '2022-08-14 16:03:12');
INSERT INTO `bill_periodics` VALUES (11, NULL, 1, 1000000, 4, NULL, NULL, '2022-08-14 16:07:36', '2022-08-14 17:02:52');
INSERT INTO `bill_periodics` VALUES (12, 2, NULL, 1000000, 1, NULL, NULL, '2022-08-18 12:17:47', '2022-08-18 12:17:47');
INSERT INTO `bill_periodics` VALUES (13, 2, NULL, 1000000, 1, NULL, 1, '2022-08-18 15:05:14', '2022-08-18 15:05:14');
INSERT INTO `bill_periodics` VALUES (14, 2, 1, 1000000, 3, 'test huỷ modal', 0, '2022-08-18 15:47:16', '2022-08-18 16:35:28');
INSERT INTO `bill_periodics` VALUES (15, 4, NULL, 1000000, 1, NULL, 1, '2022-08-20 00:27:46', '2022-08-20 00:27:46');
INSERT INTO `bill_periodics` VALUES (16, 4, NULL, 1000000, 1, NULL, 0, '2022-08-20 00:28:16', '2022-08-20 00:28:16');
INSERT INTO `bill_periodics` VALUES (17, 2, NULL, 1000000, 1, NULL, 1, '2022-08-20 00:37:07', '2022-08-20 00:37:07');
INSERT INTO `bill_periodics` VALUES (18, NULL, NULL, 1000000, 1, NULL, 1, '2022-09-06 21:49:51', '2022-09-06 21:49:51');

-- ----------------------------
-- Table structure for bills
-- ----------------------------
DROP TABLE IF EXISTS `bills`;
CREATE TABLE `bills`  (
  `id` int UNSIGNED NOT NULL AUTO_INCREMENT,
  `user_id` int UNSIGNED NULL DEFAULT NULL,
  `admin_id` int UNSIGNED NULL DEFAULT NULL,
  `bill_periodic_id` int UNSIGNED NULL DEFAULT NULL,
  `deposit` double NOT NULL,
  `total_price` double NOT NULL,
  `status` int NOT NULL,
  `customer_name` varchar(100) CHARACTER SET utf8mb4 COLLATE utf8mb4_unicode_ci NULL DEFAULT NULL,
  `customer_phone` varchar(11) CHARACTER SET utf8mb4 COLLATE utf8mb4_unicode_ci NULL DEFAULT NULL,
  `point` int NULL DEFAULT NULL,
  `cancellation_reason` varchar(100) CHARACTER SET utf8mb4 COLLATE utf8mb4_unicode_ci NULL DEFAULT NULL,
  `payment_type` tinyint NULL DEFAULT NULL,
  `created_at` timestamp NULL DEFAULT NULL,
  `updated_at` timestamp NULL DEFAULT NULL,
  PRIMARY KEY (`id`) USING BTREE,
  INDEX `bills_user_id_foreign`(`user_id` ASC) USING BTREE,
  INDEX `bills_admin_id_foreign`(`admin_id` ASC) USING BTREE,
  INDEX `fk_bill_periodic_id`(`bill_periodic_id` ASC) USING BTREE,
  CONSTRAINT `bills_admin_id_foreign` FOREIGN KEY (`admin_id`) REFERENCES `admins` (`id`) ON DELETE RESTRICT ON UPDATE RESTRICT,
  CONSTRAINT `bills_user_id_foreign` FOREIGN KEY (`user_id`) REFERENCES `users` (`id`) ON DELETE RESTRICT ON UPDATE RESTRICT,
  CONSTRAINT `fk_bill_periodic_id` FOREIGN KEY (`bill_periodic_id`) REFERENCES `bill_periodics` (`id`) ON DELETE RESTRICT ON UPDATE RESTRICT
) ENGINE = InnoDB AUTO_INCREMENT = 166 CHARACTER SET = utf8mb4 COLLATE = utf8mb4_unicode_ci ROW_FORMAT = DYNAMIC;

-- ----------------------------
-- Records of bills
-- ----------------------------
INSERT INTO `bills` VALUES (2, 4, 2, NULL, 180000, 450000, 1, NULL, NULL, NULL, '', NULL, '2022-04-25 10:55:54', '2022-05-05 10:56:38');
INSERT INTO `bills` VALUES (3, 4, 1, NULL, 180000, 450000, 2, NULL, NULL, NULL, '', NULL, '2022-05-05 09:47:19', '2022-05-05 11:13:00');
INSERT INTO `bills` VALUES (4, 4, 1, NULL, 180000, 450000, 2, NULL, NULL, NULL, NULL, NULL, '2022-06-21 23:19:05', '2022-07-26 23:08:35');
INSERT INTO `bills` VALUES (5, 4, 1, NULL, 180000, 450000, 3, NULL, NULL, NULL, 'huỷ 61-64', NULL, '2022-06-25 09:33:41', '2022-07-27 12:46:03');
INSERT INTO `bills` VALUES (6, 4, NULL, NULL, 183000, 457500, 1, NULL, NULL, NULL, NULL, NULL, '2022-06-25 09:50:44', '2022-06-25 09:50:44');
INSERT INTO `bills` VALUES (7, 4, NULL, NULL, 180000, 450000, 1, NULL, NULL, NULL, NULL, NULL, '2022-06-25 09:52:32', '2022-06-25 09:52:32');
INSERT INTO `bills` VALUES (8, 4, NULL, NULL, 180000, 450000, 1, NULL, NULL, NULL, NULL, NULL, '2022-06-25 09:53:59', '2022-06-25 09:53:59');
INSERT INTO `bills` VALUES (9, 4, NULL, NULL, 360000, 900000, 1, NULL, NULL, NULL, NULL, NULL, '2022-06-25 11:55:09', '2022-06-25 11:55:09');
INSERT INTO `bills` VALUES (10, 4, NULL, NULL, 356000, 890000, 1, NULL, NULL, NULL, NULL, NULL, '2022-06-25 12:22:34', '2022-06-25 12:22:34');
INSERT INTO `bills` VALUES (11, 4, 1, NULL, 356000, 890000, 2, NULL, NULL, 100, NULL, NULL, '2022-06-25 12:33:12', '2022-07-03 10:41:55');
INSERT INTO `bills` VALUES (13, 4, 1, NULL, 540000, 1350000, 3, NULL, NULL, NULL, 'Không thích đá', NULL, '2022-06-25 16:22:16', '2022-06-25 17:49:46');
INSERT INTO `bills` VALUES (14, 4, 1, NULL, 445000, 890000, 3, NULL, NULL, 100, NULL, NULL, '2022-06-25 16:49:55', '2022-06-25 17:45:44');
INSERT INTO `bills` VALUES (15, 4, 1, NULL, 183000, 457500, 4, NULL, NULL, NULL, NULL, NULL, '2022-06-25 16:56:10', '2022-08-18 16:42:52');
INSERT INTO `bills` VALUES (17, 4, 1, NULL, 220000, 440000, 4, NULL, NULL, 100, NULL, NULL, '2022-06-25 16:58:25', '2022-07-03 10:42:21');
INSERT INTO `bills` VALUES (26, 3, NULL, NULL, 180000, 450000, 1, NULL, NULL, NULL, NULL, NULL, '2022-06-27 11:32:26', '2022-06-27 11:32:26');
INSERT INTO `bills` VALUES (37, 3, 1, NULL, 180000, 450000, 3, NULL, NULL, NULL, 'abc', NULL, '2022-06-28 19:36:46', '2022-07-03 11:05:05');
INSERT INTO `bills` VALUES (40, 4, NULL, NULL, 178000, 445000, 1, NULL, NULL, 5000, 'Lấy lại điểm', NULL, '2022-07-03 11:02:36', '2022-07-03 11:03:18');
INSERT INTO `bills` VALUES (41, 2, NULL, NULL, 180000, 450000, 1, NULL, NULL, NULL, NULL, NULL, '2022-07-03 11:54:41', '2022-07-03 11:54:53');
INSERT INTO `bills` VALUES (42, 4, NULL, NULL, 180000, 450000, 1, NULL, NULL, NULL, NULL, NULL, '2022-07-23 09:33:24', '2022-07-23 09:33:24');
INSERT INTO `bills` VALUES (45, 4, NULL, NULL, 225000, 450000, 1, NULL, NULL, NULL, NULL, NULL, '2022-07-24 10:47:11', '2022-07-24 10:47:11');
INSERT INTO `bills` VALUES (46, 4, NULL, NULL, 225000, 450000, 1, NULL, NULL, NULL, NULL, NULL, '2022-07-24 10:49:54', '2022-07-24 10:49:54');
INSERT INTO `bills` VALUES (47, 4, NULL, NULL, 375000, 750000, 1, NULL, NULL, NULL, NULL, NULL, '2022-07-24 11:27:43', '2022-07-24 11:27:43');
INSERT INTO `bills` VALUES (49, 2, NULL, NULL, 375000, 750000, 1, NULL, NULL, NULL, NULL, NULL, '2022-07-24 11:34:30', '2022-07-24 11:34:30');
INSERT INTO `bills` VALUES (50, 4, NULL, NULL, 180000, 450000, 1, NULL, NULL, NULL, NULL, NULL, '2022-07-24 11:58:34', '2022-07-24 11:58:34');
INSERT INTO `bills` VALUES (51, 4, NULL, NULL, 0.4, 1, 1, NULL, NULL, NULL, NULL, NULL, '2022-07-26 22:12:03', '2022-07-26 22:12:03');
INSERT INTO `bills` VALUES (57, 4, 1, 4, 0, 450000, 3, NULL, NULL, 0, 'huỷ 57-60', NULL, '2022-07-26 23:01:48', '2022-07-27 13:01:12');
INSERT INTO `bills` VALUES (58, 4, 1, 4, 0, 450000, 3, NULL, NULL, 0, 'huỷ 57-60', NULL, '2022-07-26 23:01:48', '2022-07-27 13:01:12');
INSERT INTO `bills` VALUES (59, 4, 1, 4, 0, 450000, 3, NULL, NULL, 0, 'huỷ 57-60', NULL, '2022-07-26 23:01:48', '2022-07-27 13:01:12');
INSERT INTO `bills` VALUES (60, 4, 1, 4, 0, 450000, 3, NULL, NULL, 0, 'huỷ 57-60', NULL, '2022-07-26 23:01:48', '2022-07-27 13:01:12');
INSERT INTO `bills` VALUES (61, 4, 1, 5, 0, 1500000, 3, NULL, NULL, 0, 'huy 5', NULL, '2022-07-27 00:29:15', '2022-08-20 00:17:13');
INSERT INTO `bills` VALUES (62, 4, 1, 5, 0, 1500000, 3, NULL, NULL, 0, 'huy 5', NULL, '2022-07-27 00:29:15', '2022-08-20 00:17:13');
INSERT INTO `bills` VALUES (63, 4, 1, 5, 0, 1500000, 3, NULL, NULL, 0, 'huy 5', NULL, '2022-07-27 00:29:15', '2022-08-20 00:17:13');
INSERT INTO `bills` VALUES (64, 4, 1, 5, 0, 1500000, 3, NULL, NULL, 0, 'huy 5', NULL, '2022-07-27 00:29:15', '2022-08-20 00:17:13');
INSERT INTO `bills` VALUES (65, 3, 1, NULL, 180000, 450000, 3, NULL, NULL, NULL, 'Test huỷ', NULL, '2022-07-27 10:00:54', '2022-07-27 10:33:57');
INSERT INTO `bills` VALUES (66, 4, NULL, 6, 0, 900000, 1, NULL, NULL, 0, NULL, NULL, '2022-08-04 19:04:32', '2022-08-04 19:04:32');
INSERT INTO `bills` VALUES (67, 4, NULL, 6, 0, 900000, 1, NULL, NULL, 0, NULL, NULL, '2022-08-04 19:04:32', '2022-08-04 19:04:32');
INSERT INTO `bills` VALUES (68, 4, NULL, 6, 0, 900000, 1, NULL, NULL, 0, NULL, NULL, '2022-08-04 19:04:32', '2022-08-04 19:04:32');
INSERT INTO `bills` VALUES (69, 4, NULL, 6, 0, 900000, 1, NULL, NULL, 0, NULL, NULL, '2022-08-04 19:04:32', '2022-08-04 19:04:32');
INSERT INTO `bills` VALUES (70, 4, 1, 7, 0, 457500, 2, NULL, NULL, 0, NULL, 1, '2022-08-11 00:49:39', '2022-08-19 23:07:26');
INSERT INTO `bills` VALUES (71, 4, 1, 7, 0, 457500, 3, NULL, NULL, 0, 'test huỷ modal 71', NULL, '2022-08-11 00:49:39', '2022-08-18 16:47:38');
INSERT INTO `bills` VALUES (72, 4, 1, 7, 0, 457500, 2, NULL, NULL, 0, NULL, 0, '2022-08-11 00:49:39', '2022-08-18 16:20:04');
INSERT INTO `bills` VALUES (78, 2, NULL, 9, 0, 900000, 1, NULL, NULL, 0, NULL, NULL, '2022-08-14 15:05:24', '2022-08-14 15:05:24');
INSERT INTO `bills` VALUES (79, 2, NULL, 9, 0, 900000, 1, NULL, NULL, 0, NULL, NULL, '2022-08-14 15:05:24', '2022-08-14 15:05:24');
INSERT INTO `bills` VALUES (80, 2, NULL, 9, 0, 900000, 1, NULL, NULL, 0, NULL, NULL, '2022-08-14 15:05:24', '2022-08-14 15:05:24');
INSERT INTO `bills` VALUES (82, NULL, NULL, NULL, 360000, 900000, 1, 'Vãng lãi 14/8/2022', '0973915641', 0, NULL, NULL, '2022-08-14 15:26:42', '2022-08-14 15:26:42');
INSERT INTO `bills` VALUES (84, 2, NULL, NULL, 180000, 450000, 1, NULL, NULL, 0, NULL, NULL, '2022-08-14 15:50:31', '2022-08-14 15:50:31');
INSERT INTO `bills` VALUES (89, NULL, 1, 11, 0, 900000, 2, 'Vãng lãi 14/8/2022', '0962027911', 0, NULL, NULL, '2022-08-14 16:07:36', '2022-08-14 16:18:58');
INSERT INTO `bills` VALUES (90, NULL, 1, 11, 0, 900000, 2, 'Vãng lãi 14/8/2022', '0962027911', 0, NULL, NULL, '2022-08-14 16:07:36', '2022-08-14 16:18:58');
INSERT INTO `bills` VALUES (91, NULL, 1, 11, 0, 900000, 2, 'Vãng lãi 14/8/2022', '0962027911', 0, NULL, NULL, '2022-08-14 16:07:36', '2022-08-14 16:18:58');
INSERT INTO `bills` VALUES (92, NULL, 1, 11, 0, 900000, 2, 'Vãng lãi 14/8/2022', '0962027911', 0, NULL, NULL, '2022-08-14 16:07:36', '2022-08-14 16:18:58');
INSERT INTO `bills` VALUES (95, 4, 1, NULL, 356000, 890000, 4, NULL, NULL, 10000, NULL, NULL, '2022-08-17 11:00:47', '2022-08-17 11:05:22');
INSERT INTO `bills` VALUES (96, 4, 1, NULL, 360000, 900000, 4, NULL, NULL, NULL, NULL, NULL, '2022-08-17 11:09:44', '2022-08-17 12:05:54');
INSERT INTO `bills` VALUES (97, 4, 1, NULL, 356000, 890000, 4, NULL, NULL, 10000, NULL, NULL, '2022-08-17 18:35:50', '2022-08-17 18:42:08');
INSERT INTO `bills` VALUES (98, 2, NULL, NULL, 360000, 900000, 1, NULL, NULL, 0, NULL, NULL, '2022-08-17 18:39:50', '2022-08-17 18:39:50');
INSERT INTO `bills` VALUES (99, 4, NULL, NULL, 718750, 1437500, 1, NULL, NULL, NULL, NULL, NULL, '2022-08-17 18:50:28', '2022-08-17 18:50:28');
INSERT INTO `bills` VALUES (100, 2, NULL, NULL, 360000, 900000, 1, NULL, NULL, 0, NULL, NULL, '2022-08-18 12:17:16', '2022-08-18 12:17:16');
INSERT INTO `bills` VALUES (101, 2, NULL, 12, 0, 900000, 1, NULL, NULL, 0, NULL, NULL, '2022-08-18 12:17:47', '2022-08-18 12:17:47');
INSERT INTO `bills` VALUES (102, 2, NULL, 12, 0, 900000, 1, NULL, NULL, 0, NULL, NULL, '2022-08-18 12:17:47', '2022-08-18 12:17:47');
INSERT INTO `bills` VALUES (103, 2, NULL, 12, 0, 900000, 1, NULL, NULL, 0, NULL, NULL, '2022-08-18 12:17:47', '2022-08-18 12:17:47');
INSERT INTO `bills` VALUES (104, 2, NULL, 12, 0, 900000, 1, NULL, NULL, 0, NULL, NULL, '2022-08-18 12:17:47', '2022-08-18 12:17:47');
INSERT INTO `bills` VALUES (106, 4, NULL, NULL, 180000, 450000, 1, NULL, NULL, NULL, NULL, 1, '2022-08-18 13:35:12', '2022-08-18 13:35:12');
INSERT INTO `bills` VALUES (107, 2, 1, NULL, 540000, 1350000, 3, NULL, NULL, 0, 'test huỷ modal', 0, '2022-08-18 14:13:25', '2022-08-18 16:29:33');
INSERT INTO `bills` VALUES (108, 2, NULL, 13, 0, 450000, 1, NULL, NULL, 0, NULL, NULL, '2022-08-18 15:05:14', '2022-08-18 15:05:14');
INSERT INTO `bills` VALUES (109, 2, NULL, 13, 0, 450000, 1, NULL, NULL, 0, NULL, NULL, '2022-08-18 15:05:14', '2022-08-18 15:05:14');
INSERT INTO `bills` VALUES (110, 2, NULL, 13, 0, 450000, 1, NULL, NULL, 0, NULL, NULL, '2022-08-18 15:05:14', '2022-08-18 15:05:14');
INSERT INTO `bills` VALUES (111, 2, NULL, 13, 0, 450000, 1, NULL, NULL, 0, NULL, NULL, '2022-08-18 15:05:14', '2022-08-18 15:05:14');
INSERT INTO `bills` VALUES (113, 2, 1, 14, 0, 900000, 3, NULL, NULL, 0, 'test huỷ modal', NULL, '2022-08-18 15:47:16', '2022-08-18 16:35:28');
INSERT INTO `bills` VALUES (114, 2, 1, 14, 0, 900000, 3, NULL, NULL, 0, 'test huỷ modal', NULL, '2022-08-18 15:47:16', '2022-08-18 16:35:28');
INSERT INTO `bills` VALUES (115, 2, 1, 14, 0, 900000, 3, NULL, NULL, 0, 'test huỷ modal', NULL, '2022-08-18 15:47:16', '2022-08-18 16:35:28');
INSERT INTO `bills` VALUES (116, 2, 1, 14, 0, 900000, 3, NULL, NULL, 0, 'test huỷ modal', NULL, '2022-08-18 15:47:16', '2022-08-18 16:35:28');
INSERT INTO `bills` VALUES (117, 4, NULL, NULL, 450000, 900000, 3, NULL, NULL, NULL, 'huỷ 117', 1, '2022-08-18 19:04:24', '2022-08-19 23:34:00');
INSERT INTO `bills` VALUES (118, 4, NULL, 15, 0, 675000, 1, NULL, NULL, 0, NULL, NULL, '2022-08-20 00:27:46', '2022-08-20 00:27:46');
INSERT INTO `bills` VALUES (119, 4, NULL, 15, 0, 675000, 1, NULL, NULL, 0, NULL, NULL, '2022-08-20 00:27:46', '2022-08-20 00:27:46');
INSERT INTO `bills` VALUES (120, 4, NULL, 15, 0, 675000, 1, NULL, NULL, 0, NULL, NULL, '2022-08-20 00:27:46', '2022-08-20 00:27:46');
INSERT INTO `bills` VALUES (121, 4, NULL, 15, 0, 675000, 1, NULL, NULL, 0, NULL, NULL, '2022-08-20 00:27:46', '2022-08-20 00:27:46');
INSERT INTO `bills` VALUES (122, 4, NULL, 15, 0, 675000, 1, NULL, NULL, 0, NULL, NULL, '2022-08-20 00:27:46', '2022-08-20 00:27:46');
INSERT INTO `bills` VALUES (123, 4, NULL, 16, 0, 675000, 1, NULL, NULL, 0, NULL, NULL, '2022-08-20 00:28:16', '2022-08-20 00:28:16');
INSERT INTO `bills` VALUES (124, 4, NULL, 16, 0, 675000, 1, NULL, NULL, 0, NULL, NULL, '2022-08-20 00:28:16', '2022-08-20 00:28:16');
INSERT INTO `bills` VALUES (125, 4, NULL, 16, 0, 675000, 1, NULL, NULL, 0, NULL, NULL, '2022-08-20 00:28:16', '2022-08-20 00:28:16');
INSERT INTO `bills` VALUES (126, 4, NULL, 16, 0, 675000, 1, NULL, NULL, 0, NULL, NULL, '2022-08-20 00:28:16', '2022-08-20 00:28:16');
INSERT INTO `bills` VALUES (127, 4, NULL, 16, 0, 675000, 1, NULL, NULL, 0, NULL, NULL, '2022-08-20 00:28:16', '2022-08-20 00:28:16');
INSERT INTO `bills` VALUES (128, 2, NULL, 17, 0, 675000, 1, NULL, NULL, 0, NULL, NULL, '2022-08-20 00:37:08', '2022-08-20 00:37:08');
INSERT INTO `bills` VALUES (129, 2, NULL, 17, 0, 675000, 1, NULL, NULL, 0, NULL, NULL, '2022-08-20 00:37:08', '2022-08-20 00:37:08');
INSERT INTO `bills` VALUES (130, 2, NULL, 17, 0, 675000, 1, NULL, NULL, 0, NULL, NULL, '2022-08-20 00:37:08', '2022-08-20 00:37:08');
INSERT INTO `bills` VALUES (131, 2, NULL, 17, 0, 675000, 1, NULL, NULL, 0, NULL, NULL, '2022-08-20 00:37:08', '2022-08-20 00:37:08');
INSERT INTO `bills` VALUES (132, 2, NULL, 17, 0, 675000, 1, '', '', 0, NULL, NULL, '2022-08-20 00:37:08', '2022-08-20 00:37:08');
INSERT INTO `bills` VALUES (133, 4, 1, NULL, 270000, 675000, 2, NULL, NULL, NULL, NULL, 0, '2022-08-20 00:49:08', '2022-08-20 01:56:50');
INSERT INTO `bills` VALUES (153, 2, NULL, NULL, 270000, 675000, 1, NULL, NULL, 0, NULL, 0, '2022-08-20 04:27:42', '2022-08-20 04:27:42');
INSERT INTO `bills` VALUES (154, 4, NULL, NULL, 240000, 600000, 1, NULL, NULL, NULL, NULL, 0, '2022-08-29 22:23:42', '2022-08-29 22:23:42');
INSERT INTO `bills` VALUES (155, 2, NULL, NULL, 240000, 600000, 1, NULL, NULL, 0, NULL, 0, '2022-08-29 22:36:50', '2022-08-29 22:36:50');
INSERT INTO `bills` VALUES (156, 4, NULL, NULL, 525000, 1050000, 1, NULL, NULL, 0, NULL, 0, '2022-08-29 22:40:20', '2022-08-29 22:40:20');
INSERT INTO `bills` VALUES (160, 4, NULL, NULL, 236000, 590000, 1, NULL, NULL, 10000, NULL, 0, '2022-08-29 22:58:28', '2022-08-29 22:58:28');
INSERT INTO `bills` VALUES (161, 4, NULL, NULL, 445000, 890000, 1, NULL, NULL, 10000, NULL, 0, '2022-08-30 00:05:08', '2022-08-30 00:05:08');
INSERT INTO `bills` VALUES (165, 2, NULL, NULL, 240000, 600000, 1, NULL, NULL, 0, NULL, 0, '2022-09-02 18:11:39', '2022-09-02 18:11:39');
INSERT INTO `bills` VALUES (166, 2, NULL, NULL, 240000, 600000, 1, NULL, NULL, 0, NULL, 0, '2022-09-06 21:16:24', '2022-09-06 21:16:24');
INSERT INTO `bills` VALUES (167, 2, NULL, NULL, 525000, 1050000, 1, NULL, NULL, 0, NULL, 0, '2022-09-06 21:17:13', '2022-09-06 21:17:13');
INSERT INTO `bills` VALUES (168, NULL, NULL, 18, 0, 600000, 1, 'Vãng lai Định kỳ - 6/9/2022', '0962027911', 0, NULL, NULL, '2022-09-06 21:49:51', '2022-09-06 21:49:51');
INSERT INTO `bills` VALUES (169, NULL, NULL, 18, 0, 600000, 1, 'Vãng lai Định kỳ - 6/9/2022', '0962027911', 0, NULL, NULL, '2022-09-06 21:49:51', '2022-09-06 21:49:51');
INSERT INTO `bills` VALUES (170, NULL, NULL, 18, 0, 600000, 1, 'Vãng lai Định kỳ - 6/9/2022', '0962027911', 0, NULL, NULL, '2022-09-06 21:49:51', '2022-09-06 21:49:51');
INSERT INTO `bills` VALUES (171, NULL, NULL, 18, 0, 600000, 1, 'Vãng lai Định kỳ - 6/9/2022', '0962027911', 0, NULL, NULL, '2022-09-06 21:49:51', '2022-09-06 21:49:51');

-- ----------------------------
-- Table structure for categories
-- ----------------------------
DROP TABLE IF EXISTS `categories`;
CREATE TABLE `categories`  (
  `id` int UNSIGNED NOT NULL AUTO_INCREMENT,
  `category_name` varchar(50) CHARACTER SET utf8mb4 COLLATE utf8mb4_unicode_ci NOT NULL,
  `price` double NOT NULL,
  `deposit` double NOT NULL,
  `del_flag` tinyint(1) NOT NULL,
  `created_at` timestamp NULL DEFAULT NULL,
  `updated_at` timestamp NULL DEFAULT NULL,
  PRIMARY KEY (`id`) USING BTREE
) ENGINE = InnoDB AUTO_INCREMENT = 3 CHARACTER SET = utf8mb4 COLLATE = utf8mb4_unicode_ci ROW_FORMAT = DYNAMIC;

-- ----------------------------
-- Records of categories
-- ----------------------------
INSERT INTO `categories` VALUES (1, 'Sân 7', 400000, 40, 1, '2022-04-25 09:15:00', '2022-08-29 22:16:21');
INSERT INTO `categories` VALUES (2, 'Sân 11', 700000, 50, 1, '2022-04-25 09:15:16', '2022-08-29 22:16:53');

-- ----------------------------
-- Table structure for events
-- ----------------------------
DROP TABLE IF EXISTS `events`;
CREATE TABLE `events`  (
  `id` int UNSIGNED NOT NULL AUTO_INCREMENT,
  `pitch_id` int UNSIGNED NOT NULL,
  `time_start` datetime NOT NULL,
  `time_end` datetime NOT NULL,
  `created_at` timestamp NULL DEFAULT NULL,
  `updated_at` timestamp NULL DEFAULT NULL,
  PRIMARY KEY (`id`) USING BTREE,
  INDEX `event_pitch_id_foreign`(`pitch_id` ASC) USING BTREE,
  CONSTRAINT `event_pitch_id_foreign` FOREIGN KEY (`pitch_id`) REFERENCES `project_3_football`.`pitches` (`id`) ON DELETE RESTRICT ON UPDATE RESTRICT
) ENGINE = InnoDB AUTO_INCREMENT = 73 CHARACTER SET = utf8mb4 COLLATE = utf8mb4_unicode_ci ROW_FORMAT = DYNAMIC;

-- ----------------------------
-- Records of events
-- ----------------------------
INSERT INTO `events` VALUES (10, 1, '2022-05-05 09:46:00', '2022-05-05 10:46:00', '2022-05-05 11:13:00', '2022-05-05 11:13:00');
INSERT INTO `events` VALUES (11, 2, '2022-06-25 20:03:00', '2022-06-25 22:03:00', '2022-06-25 17:10:21', '2022-06-25 17:10:21');
INSERT INTO `events` VALUES (12, 1, '2022-06-25 19:58:00', '2022-06-25 20:58:00', '2022-06-25 17:15:34', '2022-06-25 17:15:34');
INSERT INTO `events` VALUES (13, 2, '2022-06-25 20:03:00', '2022-06-25 22:03:00', '2022-06-25 17:29:30', '2022-06-25 17:29:30');
INSERT INTO `events` VALUES (14, 2, '2022-06-25 16:55:00', '2022-06-25 17:56:00', '2022-06-25 17:37:53', '2022-06-25 17:37:53');
INSERT INTO `events` VALUES (15, 3, '2022-06-25 12:25:00', '2022-06-25 14:25:00', '2022-07-03 10:41:55', '2022-07-03 10:41:55');
INSERT INTO `events` VALUES (16, 2, '2022-07-03 11:54:00', '2022-07-03 12:54:00', '2022-07-03 11:54:53', '2022-07-03 11:54:53');
INSERT INTO `events` VALUES (17, 1, '2022-06-21 11:18:00', '2022-06-21 12:18:00', '2022-07-26 23:08:35', '2022-07-26 23:08:35');
INSERT INTO `events` VALUES (38, 1, '2022-08-01 22:01:00', '2022-08-01 23:01:00', '2022-07-27 00:04:37', '2022-07-27 00:04:37');
INSERT INTO `events` VALUES (39, 1, '2022-08-08 22:01:00', '2022-08-08 23:01:00', '2022-07-27 00:04:37', '2022-07-27 00:04:37');
INSERT INTO `events` VALUES (40, 1, '2022-08-15 22:01:00', '2022-08-15 23:01:00', '2022-07-27 00:04:37', '2022-07-27 00:04:37');
INSERT INTO `events` VALUES (41, 1, '2022-08-22 22:01:00', '2022-08-22 23:01:00', '2022-07-27 00:04:37', '2022-07-27 00:04:37');
INSERT INTO `events` VALUES (58, 2, '2022-08-08 08:42:00', '2022-08-08 09:43:00', '2022-08-11 00:52:57', '2022-08-11 00:52:57');
INSERT INTO `events` VALUES (59, 2, '2022-08-15 08:42:00', '2022-08-15 09:43:00', '2022-08-11 00:52:57', '2022-08-11 00:52:57');
INSERT INTO `events` VALUES (60, 2, '2022-08-22 08:42:00', '2022-08-22 09:43:00', '2022-08-11 00:52:57', '2022-08-11 00:52:57');
INSERT INTO `events` VALUES (61, 2, '2022-08-29 08:42:00', '2022-08-29 09:43:00', '2022-08-11 00:52:57', '2022-08-11 00:52:57');
INSERT INTO `events` VALUES (62, 2, '2022-08-15 16:07:00', '2022-08-15 18:07:00', '2022-08-14 16:15:04', '2022-08-14 16:15:04');
INSERT INTO `events` VALUES (63, 2, '2022-08-22 16:07:00', '2022-08-22 18:07:00', '2022-08-14 16:15:04', '2022-08-14 16:15:04');
INSERT INTO `events` VALUES (64, 2, '2022-08-29 16:07:00', '2022-08-29 18:07:00', '2022-08-14 16:15:04', '2022-08-14 16:15:04');
INSERT INTO `events` VALUES (65, 2, '2022-09-05 16:07:00', '2022-09-05 18:07:00', '2022-08-14 16:15:04', '2022-08-14 16:15:04');
INSERT INTO `events` VALUES (66, 2, '2022-08-15 16:07:00', '2022-08-15 18:07:00', '2022-08-14 16:18:58', '2022-08-14 16:18:58');
INSERT INTO `events` VALUES (67, 2, '2022-08-22 16:07:00', '2022-08-22 18:07:00', '2022-08-14 16:18:58', '2022-08-14 16:18:58');
INSERT INTO `events` VALUES (68, 2, '2022-08-29 16:07:00', '2022-08-29 18:07:00', '2022-08-14 16:18:58', '2022-08-14 16:18:58');
INSERT INTO `events` VALUES (69, 2, '2022-09-05 16:07:00', '2022-09-05 18:07:00', '2022-08-14 16:18:58', '2022-08-14 16:18:58');
INSERT INTO `events` VALUES (70, 1, '2022-08-17 10:34:00', '2022-08-17 12:34:00', '2022-08-17 11:04:25', '2022-08-17 11:04:25');
INSERT INTO `events` VALUES (71, 2, '2022-08-17 11:09:00', '2022-08-17 13:09:00', '2022-08-17 12:04:35', '2022-08-17 12:04:35');
INSERT INTO `events` VALUES (72, 1, '2022-08-17 18:33:00', '2022-08-17 20:33:00', '2022-08-17 18:40:21', '2022-08-17 18:40:21');
INSERT INTO `events` VALUES (73, 1, '2022-08-20 05:30:00', '2022-08-20 07:00:00', '2022-08-20 01:56:50', '2022-08-20 01:56:50');

-- ----------------------------
-- Table structure for failed_jobs
-- ----------------------------
DROP TABLE IF EXISTS `failed_jobs`;
CREATE TABLE `failed_jobs`  (
  `id` bigint UNSIGNED NOT NULL AUTO_INCREMENT,
  `uuid` varchar(255) CHARACTER SET utf8mb4 COLLATE utf8mb4_unicode_ci NOT NULL,
  `connection` text CHARACTER SET utf8mb4 COLLATE utf8mb4_unicode_ci NOT NULL,
  `queue` text CHARACTER SET utf8mb4 COLLATE utf8mb4_unicode_ci NOT NULL,
  `payload` longtext CHARACTER SET utf8mb4 COLLATE utf8mb4_unicode_ci NOT NULL,
  `exception` longtext CHARACTER SET utf8mb4 COLLATE utf8mb4_unicode_ci NOT NULL,
  `failed_at` timestamp NOT NULL DEFAULT CURRENT_TIMESTAMP,
  PRIMARY KEY (`id`) USING BTREE,
  UNIQUE INDEX `failed_jobs_uuid_unique`(`uuid` ASC) USING BTREE
) ENGINE = InnoDB CHARACTER SET = utf8mb4 COLLATE = utf8mb4_unicode_ci ROW_FORMAT = DYNAMIC;

-- ----------------------------
-- Records of failed_jobs
-- ----------------------------

-- ----------------------------
-- Table structure for introduces
-- ----------------------------
DROP TABLE IF EXISTS `introduces`;
CREATE TABLE `introduces`  (
  `id` int UNSIGNED NOT NULL AUTO_INCREMENT,
  `company` varchar(100) CHARACTER SET utf8mb4 COLLATE utf8mb4_unicode_ci NOT NULL,
  `content` text CHARACTER SET utf8mb4 COLLATE utf8mb4_unicode_ci NOT NULL,
  `avatar` varchar(255) CHARACTER SET utf8mb4 COLLATE utf8mb4_unicode_ci NOT NULL,
  `address` varchar(100) CHARACTER SET utf8mb4 COLLATE utf8mb4_unicode_ci NOT NULL,
  `date_submitted` date NOT NULL,
  `del_flag` tinyint(1) NOT NULL,
  `created_at` timestamp NULL DEFAULT NULL,
  `updated_at` timestamp NULL DEFAULT NULL,
  PRIMARY KEY (`id`) USING BTREE
) ENGINE = InnoDB AUTO_INCREMENT = 2 CHARACTER SET = utf8mb4 COLLATE = utf8mb4_unicode_ci ROW_FORMAT = DYNAMIC;

-- ----------------------------
-- Records of introduces
-- ----------------------------
INSERT INTO `introduces` VALUES (1, 'Bóng đá Bách Khoa', 'Bóng đá Bách Khoa cung cấp dịch vụ cho thuê sân bóng đá cho khách hàng với các loại sân theo yêu cầu người sử dụng. Mô hình bao gồm một sân to được ghép từ 4 nhỏ và ngoài ra có rất nhiều sân nhỏ khác. Chúng tôi cam kết đem đến những sản phẩm tốt và hợp lý nhất với người tiêu dùng.', '1651384574.jpg', 'A1 P. Lê Thanh Nghị, Bách Khoa, Hai Bà Trưng, Hà Nội', '2022-08-16', 1, '2022-04-25 09:13:55', '2022-08-29 23:54:50');

-- ----------------------------
-- Table structure for jobs
-- ----------------------------
DROP TABLE IF EXISTS `jobs`;
CREATE TABLE `jobs`  (
  `id` bigint UNSIGNED NOT NULL AUTO_INCREMENT,
  `queue` varchar(255) CHARACTER SET utf8mb4 COLLATE utf8mb4_unicode_ci NOT NULL,
  `payload` longtext CHARACTER SET utf8mb4 COLLATE utf8mb4_unicode_ci NOT NULL,
  `attempts` tinyint UNSIGNED NOT NULL,
  `reserved_at` int UNSIGNED NULL DEFAULT NULL,
  `available_at` int UNSIGNED NOT NULL,
  `created_at` int UNSIGNED NOT NULL,
  PRIMARY KEY (`id`) USING BTREE,
  INDEX `jobs_queue_index`(`queue` ASC) USING BTREE
) ENGINE = InnoDB CHARACTER SET = utf8mb4 COLLATE = utf8mb4_unicode_ci ROW_FORMAT = DYNAMIC;

-- ----------------------------
-- Records of jobs
-- ----------------------------

-- ----------------------------
-- Table structure for maintenances
-- ----------------------------
DROP TABLE IF EXISTS `maintenances`;
CREATE TABLE `maintenances`  (
  `id` int UNSIGNED NOT NULL AUTO_INCREMENT,
  `pitch_id` int UNSIGNED NOT NULL,
  `description` text CHARACTER SET utf8mb4 COLLATE utf8mb4_unicode_ci NOT NULL,
  `time_start` datetime NOT NULL,
  `time_end` datetime NOT NULL,
  `del_flag` tinyint(1) NOT NULL,
  `created_at` timestamp NULL DEFAULT NULL,
  `updated_at` timestamp NULL DEFAULT NULL,
  PRIMARY KEY (`id`) USING BTREE,
  INDEX `maintenances_pitch_id_foreign`(`pitch_id` ASC) USING BTREE,
  CONSTRAINT `maintenances_pitch_id_foreign` FOREIGN KEY (`pitch_id`) REFERENCES `pitches` (`id`) ON DELETE RESTRICT ON UPDATE RESTRICT
) ENGINE = InnoDB AUTO_INCREMENT = 3 CHARACTER SET = utf8mb4 COLLATE = utf8mb4_unicode_ci ROW_FORMAT = DYNAMIC;

-- ----------------------------
-- Records of maintenances
-- ----------------------------
INSERT INTO `maintenances` VALUES (1, 1, 'test', '2022-07-25 10:12:00', '2022-07-26 10:12:00', 0, '2022-07-24 10:12:11', '2022-07-24 11:01:50');
INSERT INTO `maintenances` VALUES (2, 2, 'test b', '2022-07-24 11:13:00', '2022-07-26 12:13:00', 1, '2022-07-24 11:14:03', '2022-07-24 11:15:35');

-- ----------------------------
-- Table structure for migrations
-- ----------------------------
DROP TABLE IF EXISTS `migrations`;
CREATE TABLE `migrations`  (
  `id` int UNSIGNED NOT NULL AUTO_INCREMENT,
  `migration` varchar(255) CHARACTER SET utf8mb4 COLLATE utf8mb4_unicode_ci NOT NULL,
  `batch` int NOT NULL,
  PRIMARY KEY (`id`) USING BTREE
) ENGINE = InnoDB AUTO_INCREMENT = 16 CHARACTER SET = utf8mb4 COLLATE = utf8mb4_unicode_ci ROW_FORMAT = DYNAMIC;

-- ----------------------------
-- Records of migrations
-- ----------------------------
INSERT INTO `migrations` VALUES (1, '2019_08_19_000000_create_failed_jobs_table', 1);
INSERT INTO `migrations` VALUES (2, '2021_09_17_043947_create_jobs_table', 1);
INSERT INTO `migrations` VALUES (3, '2022_02_13_015638_create_categories_table', 1);
INSERT INTO `migrations` VALUES (4, '2022_02_13_020820_create_admins_table', 1);
INSERT INTO `migrations` VALUES (5, '2022_02_13_021355_create_areas_table', 1);
INSERT INTO `migrations` VALUES (6, '2022_02_13_021524_create_statuses_table', 1);
INSERT INTO `migrations` VALUES (7, '2022_02_13_022143_create_pitches_table', 1);
INSERT INTO `migrations` VALUES (8, '2022_02_13_022834_create_maintenances_table', 1);
INSERT INTO `migrations` VALUES (9, '2022_02_13_023207_create_users_table', 1);
INSERT INTO `migrations` VALUES (10, '2022_02_13_023918_create_bills_table', 1);
INSERT INTO `migrations` VALUES (11, '2022_02_13_024430_create_bill_details_table', 1);
INSERT INTO `migrations` VALUES (12, '2022_02_13_025325_create_introduces_table', 1);
INSERT INTO `migrations` VALUES (13, '2022_02_13_025426_create_posts_table', 1);
INSERT INTO `migrations` VALUES (14, '2022_02_16_083022_create_admin_areas_table', 1);
INSERT INTO `migrations` VALUES (15, '2022_03_16_110128_create_events_table', 1);
INSERT INTO `migrations` VALUES (16, '2022_07_24_140307_create_bill_periodics_table', 2);

-- ----------------------------
-- Table structure for pitches
-- ----------------------------
DROP TABLE IF EXISTS `pitches`;
CREATE TABLE `pitches`  (
  `id` int UNSIGNED NOT NULL AUTO_INCREMENT,
  `area_id` int UNSIGNED NOT NULL,
  `status_id` int UNSIGNED NOT NULL,
  `category_id` int UNSIGNED NOT NULL,
  `pitch_name` varchar(100) CHARACTER SET utf8mb4 COLLATE utf8mb4_unicode_ci NOT NULL,
  `image_path` varchar(255) CHARACTER SET utf8mb4 COLLATE utf8mb4_unicode_ci NOT NULL,
  `description` text CHARACTER SET utf8mb4 COLLATE utf8mb4_unicode_ci NOT NULL,
  `location` tinyint(1) NOT NULL,
  `del_flag` tinyint(1) NOT NULL,
  `created_at` timestamp NULL DEFAULT NULL,
  `updated_at` timestamp NULL DEFAULT NULL,
  PRIMARY KEY (`id`) USING BTREE,
  INDEX `pitches_area_id_foreign`(`area_id` ASC) USING BTREE,
  INDEX `pitches_status_id_foreign`(`status_id` ASC) USING BTREE,
  INDEX `pitches_category_id_foreign`(`category_id` ASC) USING BTREE,
  CONSTRAINT `pitches_area_id_foreign` FOREIGN KEY (`area_id`) REFERENCES `areas` (`id`) ON DELETE RESTRICT ON UPDATE RESTRICT,
  CONSTRAINT `pitches_category_id_foreign` FOREIGN KEY (`category_id`) REFERENCES `categories` (`id`) ON DELETE RESTRICT ON UPDATE RESTRICT,
  CONSTRAINT `pitches_status_id_foreign` FOREIGN KEY (`status_id`) REFERENCES `statuses` (`id`) ON DELETE RESTRICT ON UPDATE RESTRICT
) ENGINE = InnoDB AUTO_INCREMENT = 6 CHARACTER SET = utf8mb4 COLLATE = utf8mb4_unicode_ci ROW_FORMAT = DYNAMIC;

-- ----------------------------
-- Records of pitches
-- ----------------------------
INSERT INTO `pitches` VALUES (1, 1, 1, 1, 'Sân A', '1660707238.png', 'Sân A là một trong 4 sân bóng thuộc sân bóng Bách Khoa Hà Nội, một trong những sân có quy mô lớn nhất ở khu vực Hai Bà Trưng, gồm 4 sân bóng 7 người với kích thước lớn 30 x 50m, ghép thành 1 sân 11 người. Sân vận động Bách Khoa được xem là tổ hơp sân hiện đại và đẳng cấp. Mặt sân được đầu tư với cỏ đẹp, mềm mại, không trơn tượt. Hệ thống luới đèn, bảng hiệu tỷ số rất hiện đại. Hệ thống đèn chiếu sáng đường chạy, lưới chắn bóng đều đẹp và đồng bộ, cũng cấp đủ ảnh sáng cho các đội chơi. Các tiện ích tại sân: Có khu dịch vụ căng tin, có người bảo vệ đảm bảo an toàn, có khu gửi xe rộng rãi, cho thuê giày đá bóng, thuê bóng đá.', 1, 1, '2022-04-25 09:21:01', '2022-08-17 10:33:58');
INSERT INTO `pitches` VALUES (2, 1, 1, 1, 'Sân B', '1660707246.png', 'Sân B là một trong 4 sân bóng thuộc sân bóng Bách Khoa Hà Nội, một trong những sân có quy mô lớn nhất ở khu vực Hai Bà Trưng, gồm 4 sân bóng 7 người với kích thước lớn 30 x 50m, ghép thành 1 sân 11 người. \r\nSân vận động Bách Khoa được xem là tổ hơp sân hiện đại và đẳng cấp. Mặt sân được đầu tư với cỏ đẹp, mềm mại, không trơn tượt. Hệ thống luới đèn, bảng hiệu tỷ số rất hiện đại. Hệ thống đèn chiếu sáng đường chạy, lưới chắn bóng đều đẹp và đồng bộ, cũng cấp đủ ảnh sáng cho các đội chơi. Các tiện ích tại sân: Có khu dịch vụ căng tin, có người bảo vệ đảm bảo an toàn, có khu gửi xe rộng rãi, cho thuê giày đá bóng, thuê bóng đá.', 1, 1, '2022-04-25 09:21:14', '2022-08-17 10:34:06');
INSERT INTO `pitches` VALUES (3, 1, 1, 1, 'Sân C', '1660707230.png', 'Sân C là một trong 4 sân bóng thuộc sân bóng Bách Khoa Hà Nội, một trong những sân có quy mô lớn nhất ở khu vực Hai Bà Trưng, gồm 4 sân bóng 7 người với kích thước lớn 30 x 50m, ghép thành 1 sân 11 người. \r\nSân vận động Bách Khoa được xem là tổ hơp sân hiện đại và đẳng cấp. Mặt sân được đầu tư với cỏ đẹp, mềm mại, không trơn tượt. Hệ thống luới đèn, bảng hiệu tỷ số rất hiện đại. Hệ thống đèn chiếu sáng đường chạy, lưới chắn bóng đều đẹp và đồng bộ, cũng cấp đủ ảnh sáng cho các đội chơi. Các tiện ích tại sân: Có khu dịch vụ căng tin, có người bảo vệ đảm bảo an toàn, có khu gửi xe rộng rãi, cho thuê giày đá bóng, thuê bóng đá.', 1, 1, '2022-04-25 09:21:27', '2022-08-17 10:33:50');
INSERT INTO `pitches` VALUES (4, 1, 1, 1, 'Sân D', '1650853299.png', 'Sân D là một trong 4 sân bóng thuộc sân bóng Bách Khoa Hà Nội, một trong những sân có quy mô lớn nhất ở khu vực Hai Bà Trưng, gồm 4 sân bóng 7 người với kích thước lớn 30 x 50m, ghép thành 1 sân 11 người. \r\nSân vận động Bách Khoa được xem là tổ hơp sân hiện đại và đẳng cấp. Mặt sân được đầu tư với cỏ đẹp, mềm mại, không trơn tượt. Hệ thống luới đèn, bảng hiệu tỷ số rất hiện đại. Hệ thống đèn chiếu sáng đường chạy, lưới chắn bóng đều đẹp và đồng bộ, cũng cấp đủ ảnh sáng cho các đội chơi. Các tiện ích tại sân: Có khu dịch vụ căng tin, có người bảo vệ đảm bảo an toàn, có khu gửi xe rộng rãi, cho thuê giày đá bóng, thuê bóng đá.', 1, 1, '2022-04-25 09:21:39', '2022-08-17 10:29:02');
INSERT INTO `pitches` VALUES (5, 1, 1, 2, 'Sân 11', '1650853402.png', 'Sân 11 là sân được ghép bởi bốn sân A, B, C, D thuộc sân bóng Bách Khoa Hà Nội, một trong những sân có quy mô lớn nhất ở khu vực Hai Bà Trưng, gồm 4 sân bóng 7 người với kích thước lớn 30 x 50m, ghép thành 1 sân 11 người. \r\nSân vận động Bách Khoa được xem là tổ hơp sân hiện đại và đẳng cấp. Mặt sân được đầu tư với cỏ đẹp, mềm mại, không trơn tượt. Hệ thống luới đèn, bảng hiệu tỷ số rất hiện đại. Hệ thống đèn chiếu sáng đường chạy, lưới chắn bóng đều đẹp và đồng bộ, cũng cấp đủ ảnh sáng cho các đội chơi. Các tiện ích tại sân: Có khu dịch vụ căng tin, có người bảo vệ đảm bảo an toàn, có khu gửi xe rộng rãi, cho thuê giày đá bóng, thuê bóng đá.', 1, 1, '2022-04-25 09:23:22', '2022-08-17 10:29:13');

-- ----------------------------
-- Table structure for posts
-- ----------------------------
DROP TABLE IF EXISTS `posts`;
CREATE TABLE `posts`  (
  `id` int UNSIGNED NOT NULL AUTO_INCREMENT,
  `admin_id` int UNSIGNED NOT NULL,
  `title` varchar(100) CHARACTER SET utf8mb4 COLLATE utf8mb4_unicode_ci NOT NULL,
  `content` text CHARACTER SET utf8mb4 COLLATE utf8mb4_unicode_ci NOT NULL,
  `image_path` varchar(255) CHARACTER SET utf8mb4 COLLATE utf8mb4_unicode_ci NOT NULL,
  `date_submitted` date NOT NULL,
  `del_flag` tinyint(1) NOT NULL,
  `created_at` timestamp NULL DEFAULT NULL,
  `updated_at` timestamp NULL DEFAULT NULL,
  PRIMARY KEY (`id`) USING BTREE,
  INDEX `posts_admin_id_foreign`(`admin_id` ASC) USING BTREE,
  CONSTRAINT `posts_admin_id_foreign` FOREIGN KEY (`admin_id`) REFERENCES `admins` (`id`) ON DELETE RESTRICT ON UPDATE RESTRICT
) ENGINE = InnoDB AUTO_INCREMENT = 6 CHARACTER SET = utf8mb4 COLLATE = utf8mb4_unicode_ci ROW_FORMAT = DYNAMIC;

-- ----------------------------
-- Records of posts
-- ----------------------------
INSERT INTO `posts` VALUES (1, 2, 'Thời gian cho Ten Hag sắp cạn', 'Các báo cáo ở Anh nói rằng Erik Ten Hag có khoảng hơn 100 triệu bảng để chi tiêu ngay khi nhậm chức. Quỹ tiền đó chưa tính đến việc bán đi những \"người thừa\" ở CLB để tái đầu tư. Nhìn chung, chiến lược gia người Hà Lan mới chỉ sử dụng hơn phân nửa ngân quỹ và vẫn chờ để dốc toàn lực vào thương vụ trong mơ mang tên Frenkie De Jong. Tuy nhiên, thời gian cho Ten Hag đang dần cạn. BLĐ Man Utd sẵn sàng ủng hộ Ten Hag, nhưng không phải bằng mọi giá, nếu không họ đã trả nốt 17 triệu bảng tiền lương cho De Jong để giải quyết thương vụ từ sớm. \r\n\r\nChắc chắn đã có một chút mâu thuẫn giữa BLĐ Man Utd và Ten Hag trong cách tiếp cận bản hợp đồng này. Trong khi cựu thuyền trưởng Ajax xem De Jong là hạt nhân trong lối chơi, thì giới chủ người Mỹ có vẻ nhìn cuộc mua bán này thiên về hướng kinh tế.', '1660649105.jpeg', '2022-08-16', 1, '2022-08-16 18:25:05', '2022-08-16 18:25:05');
INSERT INTO `posts` VALUES (2, 2, 'Báo Thái nói gì khi Văn Lâm trở lại V-League thi đấu?', 'Vừa qua, thủ thành Đặng Văn Lâm đã ký kết hợp đồng kéo dài 3,5 năm với “thiếu gia” V-League Topenland Bình Định. Anh sẽ nhận được mức đãi ngộ khá cao (gần 400 triệu đồng/tháng) và hứa hẹn giúp đội bóng đất võ có thêm sức mạnh để chinh phục những mục tiêu cao hơn.\r\n\r\nQuan tâm đến việc Văn Lâm tái xuất V-League, một số trang báo của Thái Lan cũng có những bình luận. Họ dõi theo Văn Lâm với tư cách là cựu thủ thành của Muangthong United (đội bóng đang chơi ở Thai-League). Trang Thai Rath viết: “Thông tin cho rằng, sau khi không thể giành suất bắt chính ở J-League trong màu áo Cerezo Osaka và phải ngồi dự bị, Đặng Văn Lâm quyết định trở lại Việt Nam. Anh sẽ thi đấu cho Bình Định.”\r\nTrang Siam Sport đưa tin: “Cerezo Osaka đã chính thức chia tay thủ thành môn Đặng Văn Lâm của ĐTQG Việt Nam. Anh sẽ chuyển đến chơi với Bình Định FC ở V-League 1 Việt Nam.”\r\n\r\nTrước khi thương vụ diễn ra, trang báo này cũng đã đưa những thông tin hành lang bên cạnh những bình luận như sau: “Thủ thành 28 tuổi chuyển đến từ Muangthong United để đầu quân cho Cerezo Osaka ở mùa giải 2020. Tuy nhiên, anh mới chỉ đá chính 2 trận ở vòng bảng Cúp Hoàng đế và AFC Champions League 2020.\r\n\r\nAnh chưa một lần được trao cơ hội bắt chính tại J-League dù đã gắn bó 2 năm. Đặng Văn Lâm là thủ môn của Cerezo Osaka chưa ra sân trận nào ở mùa giải 2022.”', '1660649488.jpg', '2022-08-16', 1, '2022-08-16 18:31:28', '2022-08-16 18:31:28');
INSERT INTO `posts` VALUES (3, 2, 'CHÍNH THỨC: Top 3 đề cử cầu thủ hay nhất UEFA', 'Trang chủ UEFA đã chốt danh sách đề cử cho danh hiệu cầu thủ xuất sắc nhất mùa giải 2021/22 bao gồm Karim Benzema, Kevin de Bruyne và Thibaut Courtois. Những cái tên nói trên đều ghi dấu ấn rõ nét và đóng vai trò nòng cốt giúp đội bóng của họ vượt qua những đối thủ lớn.\r\n\r\nKarim Benzema,  tiền đạo người Pháp đã trải qua một mùa giải tuyệt vời khi tỏa sáng ở hầu hết những đấu trường mà anh góp mặt. Với 15 pha lập công và 2 đường kiến tạo, Benzema đã mang về cho cá nhân anh danh hiệu Champions League thứ 5, đồng thời giúp Real Madrid nối dài kỷ lục về số cúp châu Âu lên con số 14.\r\nThibaut Courtois, NHM có thể gọi ngôi sao người Bỉ là Benzema nơi khung gỗ, bởi những màn cứu thua ngoạn mục đến từ Courtois cũng chẳng kém cạnh gì người đồng đội ở đầu chiến tuyến.\r\nỞ trận chung kết Champions League, Courtois đã khiến những chân sút cự phách như Sadio Mane hay Mohamed Salah bên phía Liverpool nản lòng, qua đó giành luôn danh hiệu cầu thủ hay nhất trận.\r\n\r\nKevin de Bruyne, tiền vệ 31 tuổi có lần thứ 3 liên tiếp lọt vào top 3 đề cử. De Bruyne đã nhận danh hiệu Cầu thủ xuất sắc nhất Premier League sau những màn trình diễn ấn tượng giúp Man City bảo vệ thành công chức vô địch quốc nội.\r\n\r\nMùa giải năm ngoái, Jorginho đã trở thành chủ nhân của giải thưởng này khi giúp Chelsea giành chức vô địch Champions League, đồng thời cùng tuyển Ý lên ngôi tại EURO 2020. Tuy nhiên, sau một mùa giải thi đấu mờ nhạt, chân chuyền 30 tuổi đã phải nhường vinh dự lại cho những người đồng nghiệp khác.', '1660649781.jpg', '2022-08-16', 1, '2022-08-16 18:36:21', '2022-08-16 18:37:32');
INSERT INTO `posts` VALUES (4, 2, 'Mbappe tự điền tên vào top 3 Quả bóng vàng 2022', 'Tiền đạo người Pháp thấy bản thân mình xứng đáng nằm trong top 3 Quả bóng vàng nam 2022, bên cạnh Karim Benzema và Sadio Mane.\r\n\r\n“Tôi nghĩ top 3 Quả bóng vàng năm nay sẽ là Benzema, Sadio Mane và tôi. Mọi người luôn nghĩ cầu thủ không quan tâm đến giải thưởng cá nhân, nhưng thực tế thì ngược lại. Tôi luôn mơ ước và cố gắng để giành được nó”, Mbappe chia sẻ sau khi L\'Équipe công bố Top 30 đề cử Quả Bóng Vàng vào rạng sáng 12/8 (giờ Hà Nội).\r\n\r\nTheo Mbappe, cái tên xứng đáng với danh hiệu Quả bóng vàng 2022 là Benzema. Anh ca ngợi người đồng đội ở tuyển Pháp vừa có mùa giải hay nhất sự nghiệp khi là ngòi nổ chính giúp Real Madrid vô địch La Liga, UEFA Champions League hay mới đây nhất là Siêu cúp Châu Âu.\r\n\r\n\"Benzema đang có một năm thành công. Ở tuổi 34, anh ấy đóng vai trò quan trọng trong các trận đấu của Real Madrid và giúp đội bóng vô địch Champions League. Nếu năm Benzema trượt giải, tôi sẽ không bao giờ tin tưởng vào nó nữa”, tiền đạo 23 tuổi khẳng định.\r\n\r\nMbappe là cầu thủ PSG duy nhất xuất hiện trong top 30 năm nay, khi Lionel Messi và Neymar đều không được chọn. Trước đó, hồi cuối tháng 5, chính chủ nhân của 7 danh hiệu Quả bóng vàng, Lionel Messi cũng đưa ra lời dự báo về chủ nhân của danh hiệu cao quý này.\r\n\r\n“Không nghi ngờ gì cả, Benzema xứng đáng với Quả bóng vàng 2022. Cậu ấy có 1 năm ngoạn mục, khó ai có thể sánh bằng”, tiền đạo người Argentina nhận định.\r\n\r\nGala trao giải Quả bóng vàng 2022 được tổ chức vào ngày 17/10.', '1660650037.jpg', '2022-08-16', 1, '2022-08-16 18:40:37', '2022-08-16 18:40:37');
INSERT INTO `posts` VALUES (5, 2, 'Trọng tài nhận sai, nêu lý do không thổi phạt đền cho HAGL', 'Những ngày qua, dư luận bóng đá Việt Nam dành sự quan tâm cho sự việc trọng tài Ngô Duy Lân không thổi phạt đền cho HAGL sau tình huống trung vệ Đỗ Duy Mạnh (CLB Hà Nội) giẫm chân ngoại binh Bruno Henrique trong vòng cấm. Tình huống diễn ra ở phút 33 của trận đấu và vị vua áo đen gốc Long An có một góc nhìn thuận lợi, khoảng cách khá gần.\r\nSau khi trận đấu kết thúc, Trưởng Ban Trọng tài Liên đoàn bóng đá Việt Nam (VFF)  Dương Văn Hiền cũng đã lên tiếng về sai sót của trọng tài cấp Elite FIFA duy nhất của bóng đá Việt Nam: \"Tình huống đó trọng tài có góc quan sát tốt, đứng gần vị trí phạm lỗi nhưng không hiểu sao lại không thổi. Đây là sai sót của trọng tài.\r\n\r\nChúng tôi đã phân công tổ trọng tài tốt nhất làm nhiệm vụ ở trận đấu này. Tuy nhiên, sai sót là điều không ai muốn.\"\r\nNhà báo Minh Hải cho hay trọng tài Duy Lân đã có những trao đổi với Trưởng Ban Trọng tài, đồng thời thừa nhận mình đã sai lầm khi không thổi phạt đền tình huống Duy Mạnh giẫm lên chân của Bruno Henrique. Lý do là vì 2 cầu thủ đi giày trắng, giống nhau và tình huống lại diễn ra rất nhanh.\r\n\r\nĐây là một sai sót đáng tiếc cho trọng tài Duy Lân - một trong những vị vua áo đen luôn nỗ lực làm tốt nhiệm vụ qua từng trận đấu. Anh thường xuyên được phân công điều hành những trận đấu khó tại V-League.', '1660650136.jpg', '2022-08-16', 1, '2022-08-16 18:42:16', '2022-08-16 18:42:16');

-- ----------------------------
-- Table structure for statuses
-- ----------------------------
DROP TABLE IF EXISTS `statuses`;
CREATE TABLE `statuses`  (
  `id` int UNSIGNED NOT NULL AUTO_INCREMENT,
  `status_name` varchar(50) CHARACTER SET utf8mb4 COLLATE utf8mb4_unicode_ci NOT NULL,
  `price_change` double NOT NULL,
  `del_flag` tinyint(1) NOT NULL,
  `created_at` timestamp NULL DEFAULT NULL,
  `updated_at` timestamp NULL DEFAULT NULL,
  PRIMARY KEY (`id`) USING BTREE
) ENGINE = InnoDB AUTO_INCREMENT = 4 CHARACTER SET = utf8mb4 COLLATE = utf8mb4_unicode_ci ROW_FORMAT = DYNAMIC;

-- ----------------------------
-- Records of statuses
-- ----------------------------
INSERT INTO `statuses` VALUES (1, 'Loại 1', 50, 1, '2022-04-25 09:16:06', '2022-05-05 12:03:18');
INSERT INTO `statuses` VALUES (2, 'Loại 2', 0, 1, '2022-04-25 09:16:06', '2022-04-25 09:17:02');

-- ----------------------------
-- Table structure for users
-- ----------------------------
DROP TABLE IF EXISTS `users`;
CREATE TABLE `users`  (
  `id` int UNSIGNED NOT NULL AUTO_INCREMENT,
  `name` varchar(100) CHARACTER SET utf8mb4 COLLATE utf8mb4_unicode_ci NOT NULL,
  `email` varchar(100) CHARACTER SET utf8mb4 COLLATE utf8mb4_unicode_ci NOT NULL,
  `password` varchar(255) CHARACTER SET utf8mb4 COLLATE utf8mb4_unicode_ci NULL DEFAULT NULL,
  `google_id` varchar(255) CHARACTER SET utf8mb4 COLLATE utf8mb4_unicode_ci NULL DEFAULT NULL,
  `verification_code` varchar(255) CHARACTER SET utf8mb4 COLLATE utf8mb4_unicode_ci NULL DEFAULT NULL,
  `confirm_flag` tinyint(1) NOT NULL DEFAULT 0,
  `date_birth` date NULL DEFAULT NULL,
  `gender` tinyint(1) NULL DEFAULT NULL,
  `phone` varchar(255) CHARACTER SET utf8mb4 COLLATE utf8mb4_unicode_ci NULL DEFAULT NULL,
  `points` int NULL DEFAULT NULL,
  `del_flag` tinyint(1) NULL DEFAULT 1,
  `created_at` timestamp NULL DEFAULT NULL,
  `updated_at` timestamp NULL DEFAULT NULL,
  PRIMARY KEY (`id`) USING BTREE,
  UNIQUE INDEX `users_email_unique`(`email` ASC) USING BTREE
) ENGINE = InnoDB AUTO_INCREMENT = 5 CHARACTER SET = utf8mb4 COLLATE = utf8mb4_unicode_ci ROW_FORMAT = DYNAMIC;

-- ----------------------------
-- Records of users
-- ----------------------------
INSERT INTO `users` VALUES (2, 'Khách hàng 3', 'camson2808@gmail.com', '$2y$10$bbFMAUzEHqVS3gDx8o4RWOZHq/.aZQj2LvJ4TFe6mV9q4s1uHpViu', '', NULL, 1, '1997-08-28', 0, '0973915641', 6000, 1, '2022-04-25 09:31:05', '2022-04-25 09:31:05');
INSERT INTO `users` VALUES (3, 'Khách hàng 2', 'sonntbylc@gmail.com', '$2y$10$bbFMAUzEHqVS3gDx8o4RWOZHq/.aZQj2LvJ4TFe6mV9q4s1uHpViu', '', NULL, 1, '2004-04-01', 1, '0987654321', 5000, 1, '2022-04-25 09:38:46', '2022-06-27 10:56:05');
INSERT INTO `users` VALUES (4, 'Khách hàng 1', 'nguyenthaison082001@gmail.com', '$2y$10$HZs6zce8GLoXz/dHnrJzo.uu0JkyaDDx3YERifYQTj.U16poUYx4y', NULL, NULL, 1, '2001-04-01', 1, '0962027911', 80875, 1, '2022-04-25 10:47:22', '2022-08-30 00:05:08');

SET FOREIGN_KEY_CHECKS = 1;
