-- MySQL dump 10.13  Distrib 8.0.36, for Linux (x86_64)
--
-- Host: localhost    Database: COMPANY
-- ------------------------------------------------------
-- Server version	8.0.36

/*!40101 SET @OLD_CHARACTER_SET_CLIENT=@@CHARACTER_SET_CLIENT */;
/*!40101 SET @OLD_CHARACTER_SET_RESULTS=@@CHARACTER_SET_RESULTS */;
/*!40101 SET @OLD_COLLATION_CONNECTION=@@COLLATION_CONNECTION */;
/*!50503 SET NAMES utf8mb4 */;
/*!40103 SET @OLD_TIME_ZONE=@@TIME_ZONE */;
/*!40103 SET TIME_ZONE='+00:00' */;
/*!40014 SET @OLD_UNIQUE_CHECKS=@@UNIQUE_CHECKS, UNIQUE_CHECKS=0 */;
/*!40014 SET @OLD_FOREIGN_KEY_CHECKS=@@FOREIGN_KEY_CHECKS, FOREIGN_KEY_CHECKS=0 */;
/*!40101 SET @OLD_SQL_MODE=@@SQL_MODE, SQL_MODE='NO_AUTO_VALUE_ON_ZERO' */;
/*!40111 SET @OLD_SQL_NOTES=@@SQL_NOTES, SQL_NOTES=0 */;

--
-- Table structure for table `COMPANY_DEPARTMENTS`
--

DROP TABLE IF EXISTS `COMPANY_DEPARTMENTS`;
/*!40101 SET @saved_cs_client     = @@character_set_client */;
/*!50503 SET character_set_client = utf8mb4 */;
CREATE TABLE `COMPANY_DEPARTMENTS` (
  `ID_DEP` int unsigned NOT NULL AUTO_INCREMENT,
  `NAME` varchar(50) NOT NULL,
  `LOCATION` enum('Podgorica','Niksic','Bar','Zabljak') NOT NULL DEFAULT 'Podgorica',
  PRIMARY KEY (`ID_DEP`)
) ENGINE=InnoDB AUTO_INCREMENT=8 DEFAULT CHARSET=utf8mb4 COLLATE=utf8mb4_0900_ai_ci;
/*!40101 SET character_set_client = @saved_cs_client */;

--
-- Dumping data for table `COMPANY_DEPARTMENTS`
--

LOCK TABLES `COMPANY_DEPARTMENTS` WRITE;
/*!40000 ALTER TABLE `COMPANY_DEPARTMENTS` DISABLE KEYS */;
INSERT INTO `COMPANY_DEPARTMENTS` VALUES (1,'marketing','Podgorica'),(4,'monitoring','Bar'),(5,'monitoring','Niksic'),(6,'marketing','Podgorica'),(7,'marketing','Bar');
/*!40000 ALTER TABLE `COMPANY_DEPARTMENTS` ENABLE KEYS */;
UNLOCK TABLES;

--
-- Table structure for table `COMPANY_EMPLOYEES`
--

DROP TABLE IF EXISTS `COMPANY_EMPLOYEES`;
/*!40101 SET @saved_cs_client     = @@character_set_client */;
/*!50503 SET character_set_client = utf8mb4 */;
CREATE TABLE `COMPANY_EMPLOYEES` (
  `ID` int unsigned NOT NULL AUTO_INCREMENT,
  `DEP` int unsigned NOT NULL,
  `NAME` varchar(40) NOT NULL,
  `PHONE_NUMBER` varchar(12) DEFAULT NULL,
  `DATE_OF_EMPLOYMENT` datetime DEFAULT CURRENT_TIMESTAMP,
  `SALARY` decimal(10,0) unsigned NOT NULL,
  PRIMARY KEY (`ID`),
  UNIQUE KEY `ID_UNIQUE` (`ID`),
  UNIQUE KEY `DEP_UNIQUE` (`DEP`),
  CONSTRAINT `fk_COMPANY_EMPLOYEES_COMPANY_DEPARTMENTS` FOREIGN KEY (`DEP`) REFERENCES `COMPANY_DEPARTMENTS` (`ID_DEP`) ON DELETE RESTRICT ON UPDATE CASCADE
) ENGINE=InnoDB AUTO_INCREMENT=6 DEFAULT CHARSET=utf8mb4 COLLATE=utf8mb4_0900_ai_ci MAX_ROWS=999 CHECKSUM=1;
/*!40101 SET character_set_client = @saved_cs_client */;

--
-- Dumping data for table `COMPANY_EMPLOYEES`
--

LOCK TABLES `COMPANY_EMPLOYEES` WRITE;
/*!40000 ALTER TABLE `COMPANY_EMPLOYEES` DISABLE KEYS */;
INSERT INTO `COMPANY_EMPLOYEES` VALUES (2,4,'Milutin Milutinovic','154077923183','2024-01-22 11:34:37',1500),(3,5,'Marko Markovic','067549281','2024-01-22 13:17:38',450),(4,6,'Janko Jankovic','067091839','2024-01-22 13:17:39',1200),(5,7,'Jovan Ivanisevic','067482123','2024-01-22 13:17:40',1234);
/*!40000 ALTER TABLE `COMPANY_EMPLOYEES` ENABLE KEYS */;
UNLOCK TABLES;

--
-- Table structure for table `MANAGERS`
--

DROP TABLE IF EXISTS `MANAGERS`;
/*!40101 SET @saved_cs_client     = @@character_set_client */;
/*!50503 SET character_set_client = utf8mb4 */;
CREATE TABLE `MANAGERS` (
  `EMPLOYEE_ID` int unsigned NOT NULL,
  `DEP_ID` int unsigned NOT NULL,
  `PROMOTION_DATE` date NOT NULL,
  `DISMISSAL_DATE` date DEFAULT NULL,
  PRIMARY KEY (`EMPLOYEE_ID`,`DEP_ID`),
  UNIQUE KEY `DEP_ID` (`DEP_ID`,`EMPLOYEE_ID`),
  CONSTRAINT `MANAGERS_ibfk_1` FOREIGN KEY (`EMPLOYEE_ID`) REFERENCES `COMPANY_EMPLOYEES` (`ID`),
  CONSTRAINT `MANAGERS_ibfk_2` FOREIGN KEY (`DEP_ID`) REFERENCES `COMPANY_DEPARTMENTS` (`ID_DEP`),
  CONSTRAINT `MANAGERS_chk_1` CHECK ((`PROMOTION_DATE` < `DISMISSAL_DATE`))
) ENGINE=InnoDB DEFAULT CHARSET=utf8mb4 COLLATE=utf8mb4_0900_ai_ci;
/*!40101 SET character_set_client = @saved_cs_client */;

--
-- Dumping data for table `MANAGERS`
--

LOCK TABLES `MANAGERS` WRITE;
/*!40000 ALTER TABLE `MANAGERS` DISABLE KEYS */;
INSERT INTO `MANAGERS` VALUES (2,4,'2024-01-22','2024-01-23'),(3,4,'2024-01-23',NULL),(3,6,'2024-01-11','2024-01-18'),(4,7,'2024-01-03',NULL),(5,1,'2024-01-20','2024-01-23');
/*!40000 ALTER TABLE `MANAGERS` ENABLE KEYS */;
UNLOCK TABLES;
/*!40103 SET TIME_ZONE=@OLD_TIME_ZONE */;

/*!40101 SET SQL_MODE=@OLD_SQL_MODE */;
/*!40014 SET FOREIGN_KEY_CHECKS=@OLD_FOREIGN_KEY_CHECKS */;
/*!40014 SET UNIQUE_CHECKS=@OLD_UNIQUE_CHECKS */;
/*!40101 SET CHARACTER_SET_CLIENT=@OLD_CHARACTER_SET_CLIENT */;
/*!40101 SET CHARACTER_SET_RESULTS=@OLD_CHARACTER_SET_RESULTS */;
/*!40101 SET COLLATION_CONNECTION=@OLD_COLLATION_CONNECTION */;
/*!40111 SET SQL_NOTES=@OLD_SQL_NOTES */;

-- Dump completed on 2024-01-23 13:19:25
