-- ========================== SCRIPT DE IMPORTACION =============================
DELETE FROM MOVIMIENTO_HISTORICO_PRODUCTO;
DELETE FROM PEDIDO_VENTA_DETALLE; 
DELETE FROM PEDIDO_VENTA_ESTADO; 
DELETE FROM PEDIDO_VENTA;
DELETE FROM CLIENTE_CONTACTO;
DELETE FROM PROVEEDOR_CONTACTO;
DELETE FROM CONTACTO;
DELETE FROM CLIENTE;
DELETE FROM PROVEEDOR_PRODUCTO;
DELETE FROM PRODUCTO_MULTIMEDIO;
DELETE FROM PROVEEDOR;
DELETE FROM MULTIMEDIO;
DELETE FROM ALMACEN_PRODUCTO;
DELETE FROM PRODUCTO;
DELETE FROM MARCA;
DELETE FROM LINEA;
DELETE FROM INDUSTRIA;

-- =================================================================================

-- ==================== PROVEEDOR: 29 ITEMS
INSERT INTO PROVEEDOR(ID,RAZON_SOCIAL,RFC,TELEFONOS,TELEFONOS_MOVILES,FAXES,CALLE,NUM_EXTERIOR,NUM_INTERIOR,POBLACION_ID,EMAIL,URL) VALUES(1,'4E DE MEXICO, S.A. DE C.V.','POWE010101XX1','55-1234-5678,55-1234-5678','55-1234-5678,55-1234-5678','55-1234-5678,55-1234-5678','CALLE XX','IN','EX',60816,'nomail@mail.com','http://pagina.com');
INSERT INTO PROVEEDOR(ID,RAZON_SOCIAL,RFC,TELEFONOS,TELEFONOS_MOVILES,FAXES,CALLE,NUM_EXTERIOR,NUM_INTERIOR,POBLACION_ID,EMAIL,URL) VALUES(2,'ALEJANDRO','POWE010101XX1','55-1234-5678,55-1234-5678','55-1234-5678,55-1234-5678','55-1234-5678,55-1234-5678','CALLE XX','IN','EX',60816,'nomail@mail.com','http://pagina.com');
INSERT INTO PROVEEDOR(ID,RAZON_SOCIAL,RFC,TELEFONOS,TELEFONOS_MOVILES,FAXES,CALLE,NUM_EXTERIOR,NUM_INTERIOR,POBLACION_ID,EMAIL,URL) VALUES(3,'ALGODONES ALBY','POWE010101XX1','55-1234-5678,55-1234-5678','55-1234-5678,55-1234-5678','55-1234-5678,55-1234-5678','CALLE XX','IN','EX',60816,'nomail@mail.com','http://pagina.com');
INSERT INTO PROVEEDOR(ID,RAZON_SOCIAL,RFC,TELEFONOS,TELEFONOS_MOVILES,FAXES,CALLE,NUM_EXTERIOR,NUM_INTERIOR,POBLACION_ID,EMAIL,URL) VALUES(4,'BDF MEXICO, S.A. DE C.V.','POWE010101XX1','55-1234-5678,55-1234-5678','55-1234-5678,55-1234-5678','55-1234-5678,55-1234-5678','CALLE XX','IN','EX',60816,'nomail@mail.com','http://pagina.com');
INSERT INTO PROVEEDOR(ID,RAZON_SOCIAL,RFC,TELEFONOS,TELEFONOS_MOVILES,FAXES,CALLE,NUM_EXTERIOR,NUM_INTERIOR,POBLACION_ID,EMAIL,URL) VALUES(5,'BODEGA AURRERA','POWE010101XX1','55-1234-5678,55-1234-5678','55-1234-5678,55-1234-5678','55-1234-5678,55-1234-5678','CALLE XX','IN','EX',60816,'nomail@mail.com','http://pagina.com');
INSERT INTO PROVEEDOR(ID,RAZON_SOCIAL,RFC,TELEFONOS,TELEFONOS_MOVILES,FAXES,CALLE,NUM_EXTERIOR,NUM_INTERIOR,POBLACION_ID,EMAIL,URL) VALUES(6,'COLGATE PALMOLIVE, S.A. DE C.V. ','POWE010101XX1','55-1234-5678,55-1234-5678','55-1234-5678,55-1234-5678','55-1234-5678,55-1234-5678','CALLE XX','IN','EX',60816,'nomail@mail.com','http://pagina.com');
INSERT INTO PROVEEDOR(ID,RAZON_SOCIAL,RFC,TELEFONOS,TELEFONOS_MOVILES,FAXES,CALLE,NUM_EXTERIOR,NUM_INTERIOR,POBLACION_ID,EMAIL,URL) VALUES(7,'COMERCIALIZADORA 4 TODAY, S.A. DE C.V.','POWE010101XX1','55-1234-5678,55-1234-5678','55-1234-5678,55-1234-5678','55-1234-5678,55-1234-5678','CALLE XX','IN','EX',60816,'nomail@mail.com','http://pagina.com');
INSERT INTO PROVEEDOR(ID,RAZON_SOCIAL,RFC,TELEFONOS,TELEFONOS_MOVILES,FAXES,CALLE,NUM_EXTERIOR,NUM_INTERIOR,POBLACION_ID,EMAIL,URL) VALUES(8,'COSDELVA, S.A. DE C.V.','POWE010101XX1','55-1234-5678,55-1234-5678','55-1234-5678,55-1234-5678','55-1234-5678,55-1234-5678','CALLE XX','IN','EX',60816,'nomail@mail.com','http://pagina.com');
INSERT INTO PROVEEDOR(ID,RAZON_SOCIAL,RFC,TELEFONOS,TELEFONOS_MOVILES,FAXES,CALLE,NUM_EXTERIOR,NUM_INTERIOR,POBLACION_ID,EMAIL,URL) VALUES(9,'DALUX, S.A. DE C.V.','POWE010101XX1','55-1234-5678,55-1234-5678','55-1234-5678,55-1234-5678','55-1234-5678,55-1234-5678','CALLE XX','IN','EX',60816,'nomail@mail.com','http://pagina.com');
INSERT INTO PROVEEDOR(ID,RAZON_SOCIAL,RFC,TELEFONOS,TELEFONOS_MOVILES,FAXES,CALLE,NUM_EXTERIOR,NUM_INTERIOR,POBLACION_ID,EMAIL,URL) VALUES(10,'DISTRIBUIDORA ZALAMANDRA','POWE010101XX1','55-1234-5678,55-1234-5678','55-1234-5678,55-1234-5678','55-1234-5678,55-1234-5678','CALLE XX','IN','EX',60816,'nomail@mail.com','http://pagina.com');
INSERT INTO PROVEEDOR(ID,RAZON_SOCIAL,RFC,TELEFONOS,TELEFONOS_MOVILES,FAXES,CALLE,NUM_EXTERIOR,NUM_INTERIOR,POBLACION_ID,EMAIL,URL) VALUES(11,'DISTRIBUIDORA ZALAMANDRA, S.A. DE C.V.','POWE010101XX1','55-1234-5678,55-1234-5678','55-1234-5678,55-1234-5678','55-1234-5678,55-1234-5678','CALLE XX','IN','EX',60816,'nomail@mail.com','http://pagina.com');
INSERT INTO PROVEEDOR(ID,RAZON_SOCIAL,RFC,TELEFONOS,TELEFONOS_MOVILES,FAXES,CALLE,NUM_EXTERIOR,NUM_INTERIOR,POBLACION_ID,EMAIL,URL) VALUES(12,'DYPTEL MEXICO, S.A. DE C.V.','POWE010101XX1','55-1234-5678,55-1234-5678','55-1234-5678,55-1234-5678','55-1234-5678,55-1234-5678','CALLE XX','IN','EX',60816,'nomail@mail.com','http://pagina.com');
INSERT INTO PROVEEDOR(ID,RAZON_SOCIAL,RFC,TELEFONOS,TELEFONOS_MOVILES,FAXES,CALLE,NUM_EXTERIOR,NUM_INTERIOR,POBLACION_ID,EMAIL,URL) VALUES(13,'ELIAS HADID VERDUZCO','POWE010101XX1','55-1234-5678,55-1234-5678','55-1234-5678,55-1234-5678','55-1234-5678,55-1234-5678','CALLE XX','IN','EX',60816,'nomail@mail.com','http://pagina.com');
INSERT INTO PROVEEDOR(ID,RAZON_SOCIAL,RFC,TELEFONOS,TELEFONOS_MOVILES,FAXES,CALLE,NUM_EXTERIOR,NUM_INTERIOR,POBLACION_ID,EMAIL,URL) VALUES(14,'ERNESTO DIAS','POWE010101XX1','55-1234-5678,55-1234-5678','55-1234-5678,55-1234-5678','55-1234-5678,55-1234-5678','CALLE XX','IN','EX',60816,'nomail@mail.com','http://pagina.com');
INSERT INTO PROVEEDOR(ID,RAZON_SOCIAL,RFC,TELEFONOS,TELEFONOS_MOVILES,FAXES,CALLE,NUM_EXTERIOR,NUM_INTERIOR,POBLACION_ID,EMAIL,URL) VALUES(15,'GP POWERCELL DE MEXICO, S.A. DE C.V.','POWE010101XX1','55-1234-5678,55-1234-5678','55-1234-5678,55-1234-5678','55-1234-5678,55-1234-5678','CALLE XX','IN','EX',60816,'nomail@mail.com','http://pagina.com');
INSERT INTO PROVEEDOR(ID,RAZON_SOCIAL,RFC,TELEFONOS,TELEFONOS_MOVILES,FAXES,CALLE,NUM_EXTERIOR,NUM_INTERIOR,POBLACION_ID,EMAIL,URL) VALUES(16,'GRUPO INDUSTRIAL MONT PRIE, S.A. DE C.V.','POWE010101XX1','55-1234-5678,55-1234-5678','55-1234-5678,55-1234-5678','55-1234-5678,55-1234-5678','CALLE XX','IN','EX',60816,'nomail@mail.com','http://pagina.com');
INSERT INTO PROVEEDOR(ID,RAZON_SOCIAL,RFC,TELEFONOS,TELEFONOS_MOVILES,FAXES,CALLE,NUM_EXTERIOR,NUM_INTERIOR,POBLACION_ID,EMAIL,URL) VALUES(17,'GRUPO Y DISTRIBUCIONES DE ORIENTE, S.A. DE C.V.','POWE010101XX1','55-1234-5678,55-1234-5678','55-1234-5678,55-1234-5678','55-1234-5678,55-1234-5678','CALLE XX','IN','EX',60816,'nomail@mail.com','http://pagina.com');
INSERT INTO PROVEEDOR(ID,RAZON_SOCIAL,RFC,TELEFONOS,TELEFONOS_MOVILES,FAXES,CALLE,NUM_EXTERIOR,NUM_INTERIOR,POBLACION_ID,EMAIL,URL) VALUES(18,'HELLEN OF TROY DE MEXICO, S. DE R.L. DE C.V.','POWE010101XX1','55-1234-5678,55-1234-5678','55-1234-5678,55-1234-5678','55-1234-5678,55-1234-5678','CALLE XX','IN','EX',60816,'nomail@mail.com','http://pagina.com');
INSERT INTO PROVEEDOR(ID,RAZON_SOCIAL,RFC,TELEFONOS,TELEFONOS_MOVILES,FAXES,CALLE,NUM_EXTERIOR,NUM_INTERIOR,POBLACION_ID,EMAIL,URL) VALUES(19,'JUAN JOSE SERAFIN DIAZ','POWE010101XX1','55-1234-5678,55-1234-5678','55-1234-5678,55-1234-5678','55-1234-5678,55-1234-5678','CALLE XX','IN','EX',60816,'nomail@mail.com','http://pagina.com');
INSERT INTO PROVEEDOR(ID,RAZON_SOCIAL,RFC,TELEFONOS,TELEFONOS_MOVILES,FAXES,CALLE,NUM_EXTERIOR,NUM_INTERIOR,POBLACION_ID,EMAIL,URL) VALUES(20,'LABORATORIOS BUSTILLOS, S.A. DE C.V.','POWE010101XX1','55-1234-5678,55-1234-5678','55-1234-5678,55-1234-5678','55-1234-5678,55-1234-5678','CALLE XX','IN','EX',60816,'nomail@mail.com','http://pagina.com');
INSERT INTO PROVEEDOR(ID,RAZON_SOCIAL,RFC,TELEFONOS,TELEFONOS_MOVILES,FAXES,CALLE,NUM_EXTERIOR,NUM_INTERIOR,POBLACION_ID,EMAIL,URL) VALUES(21,'MEDIKAVA, S.A. DE C.V.','POWE010101XX1','55-1234-5678,55-1234-5678','55-1234-5678,55-1234-5678','55-1234-5678,55-1234-5678','CALLE XX','IN','EX',60816,'nomail@mail.com','http://pagina.com');
INSERT INTO PROVEEDOR(ID,RAZON_SOCIAL,RFC,TELEFONOS,TELEFONOS_MOVILES,FAXES,CALLE,NUM_EXTERIOR,NUM_INTERIOR,POBLACION_ID,EMAIL,URL) VALUES(22,'NATTURA LABORATORIOS, S.A. DE C.V.','POWE010101XX1','55-1234-5678,55-1234-5678','55-1234-5678,55-1234-5678','55-1234-5678,55-1234-5678','CALLE XX','IN','EX',60816,'nomail@mail.com','http://pagina.com');
INSERT INTO PROVEEDOR(ID,RAZON_SOCIAL,RFC,TELEFONOS,TELEFONOS_MOVILES,FAXES,CALLE,NUM_EXTERIOR,NUM_INTERIOR,POBLACION_ID,EMAIL,URL) VALUES(23,'OMAR HERRERA','POWE010101XX1','55-1234-5678,55-1234-5678','55-1234-5678,55-1234-5678','55-1234-5678,55-1234-5678','CALLE XX','IN','EX',60816,'nomail@mail.com','http://pagina.com');
INSERT INTO PROVEEDOR(ID,RAZON_SOCIAL,RFC,TELEFONOS,TELEFONOS_MOVILES,FAXES,CALLE,NUM_EXTERIOR,NUM_INTERIOR,POBLACION_ID,EMAIL,URL) VALUES(24,'PROCTER & GAMBLE INTERNATIONAL OPERATIONS, S.A. ','POWE010101XX1','55-1234-5678,55-1234-5678','55-1234-5678,55-1234-5678','55-1234-5678,55-1234-5678','CALLE XX','IN','EX',60816,'nomail@mail.com','http://pagina.com');
INSERT INTO PROVEEDOR(ID,RAZON_SOCIAL,RFC,TELEFONOS,TELEFONOS_MOVILES,FAXES,CALLE,NUM_EXTERIOR,NUM_INTERIOR,POBLACION_ID,EMAIL,URL) VALUES(25,'PROVEEDORA DE PRODUCTOS Y SERVICIOS GRUPO KAJESKA, S. DE R.L. DE C.V.','KAJE010101XXX','55-1234-5678,55-1234-5678','55-1234-5678,55-1234-5678','55-1234-5678,55-1234-5678','CALLE XX','IN','EX',60816,'nomail@mail.com','http://pagina.com');
INSERT INTO PROVEEDOR(ID,RAZON_SOCIAL,RFC,TELEFONOS,TELEFONOS_MOVILES,FAXES,CALLE,NUM_EXTERIOR,NUM_INTERIOR,POBLACION_ID,EMAIL,URL) VALUES(26,'SAFLOSA INDUSTRIA REAL, S.A. DE C.V.','POWE010101XX1','55-1234-5678,55-1234-5678','55-1234-5678,55-1234-5678','55-1234-5678,55-1234-5678','CALLE XX','IN','EX',60816,'nomail@mail.com','http://pagina.com');
INSERT INTO PROVEEDOR(ID,RAZON_SOCIAL,RFC,TELEFONOS,TELEFONOS_MOVILES,FAXES,CALLE,NUM_EXTERIOR,NUM_INTERIOR,POBLACION_ID,EMAIL,URL) VALUES(27,'SKN IMAGEN Y BELLEZA, S.A. DE C.V.','POWE010101XX1','55-1234-5678,55-1234-5678','55-1234-5678,55-1234-5678','55-1234-5678,55-1234-5678','CALLE XX','IN','EX',60816,'nomail@mail.com','http://pagina.com');
INSERT INTO PROVEEDOR(ID,RAZON_SOCIAL,RFC,TELEFONOS,TELEFONOS_MOVILES,FAXES,CALLE,NUM_EXTERIOR,NUM_INTERIOR,POBLACION_ID,EMAIL,URL) VALUES(28,'SR. VICTOR','POWE010101XX1','55-1234-5678,55-1234-5678','55-1234-5678,55-1234-5678','55-1234-5678,55-1234-5678','CALLE XX','IN','EX',60816,'nomail@mail.com','http://pagina.com');
INSERT INTO PROVEEDOR(ID,RAZON_SOCIAL,RFC,TELEFONOS,TELEFONOS_MOVILES,FAXES,CALLE,NUM_EXTERIOR,NUM_INTERIOR,POBLACION_ID,EMAIL,URL) VALUES(29,'TALCO MAX, S.A. DE C.V.','POWE010101XX1','55-1234-5678,55-1234-5678','55-1234-5678,55-1234-5678','55-1234-5678,55-1234-5678','CALLE XX','IN','EX',60816,'nomail@mail.com','http://pagina.com');
-- ==================== CLIENTE: 2 ITEMS
INSERT INTO CLIENTE(ID,RAZON_SOCIAL,RFC,TELEFONOS,TELEFONOS_MOVILES,FAXES,CALLE,NUM_EXTERIOR,NUM_INTERIOR,POBLACION_ID,EMAIL,URL) VALUES(1,'PROVEEDORA DE PRODUCTOS Y SERVICIOS GRUPO KAJESKA, S. DE R.L. DE C.V.','KAJE010101XXX','55-1234-5678,55-1234-5678','55-1234-5678,55-1234-5678','55-1234-5678,55-1234-5678','CALLE XX','IN','EX',60816,'nomail@mail.com','http://pagina.com');
INSERT INTO CLIENTE(ID,RAZON_SOCIAL,RFC,TELEFONOS,TELEFONOS_MOVILES,FAXES,CALLE,NUM_EXTERIOR,NUM_INTERIOR,POBLACION_ID,EMAIL,URL) VALUES(2,'GP POWERCELL DE MEXICO, S.A. DE C.V.','POWE010101XX1','55-1234-5678,55-1234-5678','55-1234-5678,55-1234-5678','55-1234-5678,55-1234-5678','CALLE XX','IN','EX',60816,'nomail@mail.com','http://pagina.com');
-- ==================== INDUSTRIA: 33 ITEMS
INSERT INTO INDUSTRIA(ID,NOMBRE) VALUES (1,'COTY MEXICO, S.A. DE C.V.');
INSERT INTO INDUSTRIA(ID,NOMBRE) VALUES (2,'PUIG MEXICO, S.A. DE C.V.');
INSERT INTO INDUSTRIA(ID,NOMBRE) VALUES (3,'MEJVIDA, S.A. DE C.V.');
INSERT INTO INDUSTRIA(ID,NOMBRE) VALUES (4,'NOVARTIS FARMACEUTICA, S.A. DE C.V.');
INSERT INTO INDUSTRIA(ID,NOMBRE) VALUES (5,'HELLEN OF TROY DE MEXICO, S. DE R.L. DE C.V.');
INSERT INTO INDUSTRIA(ID,NOMBRE) VALUES (6,'PROCTER & GAMBLE INTERNATIONAL OPERATIONS, S.A. ');
INSERT INTO INDUSTRIA(ID,NOMBRE) VALUES (7,'COSBEL, S.A. DE C.V.');
INSERT INTO INDUSTRIA(ID,NOMBRE) VALUES (8,'COLGATE PALMOLIVE, S.A. DE C.V. ');
INSERT INTO INDUSTRIA(ID,NOMBRE) VALUES (9,'UNILEVER DE MEXICO, S DE R.L. DE C.V.');
INSERT INTO INDUSTRIA(ID,NOMBRE) VALUES (10,'INDUSTRIAS BRANER, S.A. DE C.V.');
INSERT INTO INDUSTRIA(ID,NOMBRE) VALUES (11,'CLARINS');
INSERT INTO INDUSTRIA(ID,NOMBRE) VALUES (12,'ALBERTO CULVER, S.A. DE C.V.');
INSERT INTO INDUSTRIA(ID,NOMBRE) VALUES (13,'BDF MEXICO, S.A. DE C.V.');
INSERT INTO INDUSTRIA(ID,NOMBRE) VALUES (14,'JAN BELL DE MEXICO, S. DE R.L. DE C.V.');
INSERT INTO INDUSTRIA(ID,NOMBRE) VALUES (15,'ESTILO Y VANIDAD, S.A. DE C.V.');
INSERT INTO INDUSTRIA(ID,NOMBRE) VALUES (16,'MOCHILAS Y NOVEDADES DEL NORTE, S.A. DE C.V.');
INSERT INTO INDUSTRIA(ID,NOMBRE) VALUES (17,'SKN IMAGEN Y BELLEZA, S.A. DE C.V.');
INSERT INTO INDUSTRIA(ID,NOMBRE) VALUES (18,'SAFLOSA INDUSTRIA REAL, S.A. DE C.V.');
INSERT INTO INDUSTRIA(ID,NOMBRE) VALUES (19,'GENOMA LABORATORIES, S.A. DE C.V.');
INSERT INTO INDUSTRIA(ID,NOMBRE) VALUES (20,'TALCO MAX, S.A. DE C.V.');
INSERT INTO INDUSTRIA(ID,NOMBRE) VALUES (21,'LABORATORIOS BUSTILLOS, S.A. DE C.V.');
INSERT INTO INDUSTRIA(ID,NOMBRE) VALUES (22,'NATTURA LABORATORIOS, S.A. DE C.V.');
INSERT INTO INDUSTRIA(ID,NOMBRE) VALUES (23,'DISNEY');
INSERT INTO INDUSTRIA(ID,NOMBRE) VALUES (24,'ALGODONES ALBY');
INSERT INTO INDUSTRIA(ID,NOMBRE) VALUES (25,'GP POWERCELL DE MEXICO, S.A. DE C.V.');
INSERT INTO INDUSTRIA(ID,NOMBRE) VALUES (26,'4E DE MEXICO, S.A. DE C.V.');
INSERT INTO INDUSTRIA(ID,NOMBRE) VALUES (27,'GRUPO INDUSTRIAL MONT PRIE, S.A. DE C.V.');
INSERT INTO INDUSTRIA(ID,NOMBRE) VALUES (28,'MICRODYN');
INSERT INTO INDUSTRIA(ID,NOMBRE) VALUES (29,'COSDELVA, S.A. DE C.V.');
INSERT INTO INDUSTRIA(ID,NOMBRE) VALUES (30,'CUTEX');
INSERT INTO INDUSTRIA(ID,NOMBRE) VALUES (31,'JOHNSONS & JOHNSONS COMPANY');
INSERT INTO INDUSTRIA(ID,NOMBRE) VALUES (32,'INDUSTRIAS SELECTAS, S.A. DE C.V.');
INSERT INTO INDUSTRIA(ID,NOMBRE) VALUES (33,'DALUX, S.A. DE C.V.');
-- ==================== LINEA: 18 ITEMS
INSERT INTO LINEA(ID,NOMBRE) VALUES (1, 'LOCIONES Y FRAGANCIAS');
INSERT INTO LINEA(ID,NOMBRE) VALUES (2, 'FIJADORES Y ESTILIZADORES');
INSERT INTO LINEA(ID,NOMBRE) VALUES (3, 'PROD DIVERSOS');
INSERT INTO LINEA(ID,NOMBRE) VALUES (4, 'DESODORANTES');
INSERT INTO LINEA(ID,NOMBRE) VALUES (5, 'MEDICAMENTO');
INSERT INTO LINEA(ID,NOMBRE) VALUES (6, 'TALCOS');
INSERT INTO LINEA(ID,NOMBRE) VALUES (7, 'PROD BEBE');
INSERT INTO LINEA(ID,NOMBRE) VALUES (8, 'PROD AFEITAR');
INSERT INTO LINEA(ID,NOMBRE) VALUES (9, 'PROD HOGAR');
INSERT INTO LINEA(ID,NOMBRE) VALUES (10, 'CREMAS');
INSERT INTO LINEA(ID,NOMBRE) VALUES (11, 'LIMPIEZA BUCAL');
INSERT INTO LINEA(ID,NOMBRE) VALUES (12, 'JABON LIQ');
INSERT INTO LINEA(ID,NOMBRE) VALUES (13, 'CUIDADO FACIAL');
INSERT INTO LINEA(ID,NOMBRE) VALUES (14, 'SHAMPOOS');
INSERT INTO LINEA(ID,NOMBRE) VALUES (15, 'JAB TOCADOR');
INSERT INTO LINEA(ID,NOMBRE) VALUES (16, 'PROD KIDS');
INSERT INTO LINEA(ID,NOMBRE) VALUES (17, 'ALGODONES');
INSERT INTO LINEA(ID,NOMBRE) VALUES (18, 'PILAS');
-- ==================== MARCA: 99 ITEMS
INSERT INTO MARCA(ID,LINEA_ID,INDUSTRIA_ID,NOMBRE) VALUES (1,1,1, 'JOVAN');
INSERT INTO MARCA(ID,LINEA_ID,INDUSTRIA_ID,NOMBRE) VALUES (2,1,1, 'ADIDAS');
INSERT INTO MARCA(ID,LINEA_ID,INDUSTRIA_ID,NOMBRE) VALUES (3,1,1, 'CELINE DION');
INSERT INTO MARCA(ID,LINEA_ID,INDUSTRIA_ID,NOMBRE) VALUES (4,1,2, 'DIAVOLO');
INSERT INTO MARCA(ID,LINEA_ID,INDUSTRIA_ID,NOMBRE) VALUES (5,2,2, 'CITRE SHINE');
INSERT INTO MARCA(ID,LINEA_ID,INDUSTRIA_ID,NOMBRE) VALUES (6,3,3, 'VIVE');
INSERT INTO MARCA(ID,LINEA_ID,INDUSTRIA_ID,NOMBRE) VALUES (7,1,1, 'BRUMEL');
INSERT INTO MARCA(ID,LINEA_ID,INDUSTRIA_ID,NOMBRE) VALUES (8,4,1, 'HENO PRAVIA');
INSERT INTO MARCA(ID,LINEA_ID,INDUSTRIA_ID,NOMBRE) VALUES (9,1,1, 'COTY');
INSERT INTO MARCA(ID,LINEA_ID,INDUSTRIA_ID,NOMBRE) VALUES (10,5,4, 'CATAFLAM');
INSERT INTO MARCA(ID,LINEA_ID,INDUSTRIA_ID,NOMBRE) VALUES (11,4,5, 'BRUT');
INSERT INTO MARCA(ID,LINEA_ID,INDUSTRIA_ID,NOMBRE) VALUES (12,6,5, 'AMMENS');
INSERT INTO MARCA(ID,LINEA_ID,INDUSTRIA_ID,NOMBRE) VALUES (13,8,6, 'GILLETTE');
INSERT INTO MARCA(ID,LINEA_ID,INDUSTRIA_ID,NOMBRE) VALUES (14,2,7, 'FRUCTIS');
INSERT INTO MARCA(ID,LINEA_ID,INDUSTRIA_ID,NOMBRE) VALUES (15,4,8, 'LADY SS');
INSERT INTO MARCA(ID,LINEA_ID,INDUSTRIA_ID,NOMBRE) VALUES (16,9,8, 'AJAX');
INSERT INTO MARCA(ID,LINEA_ID,INDUSTRIA_ID,NOMBRE) VALUES (17,10,8, 'PALMOLIVE');
INSERT INTO MARCA(ID,LINEA_ID,INDUSTRIA_ID,NOMBRE) VALUES (18,10,8, 'NEUTRO BALANCE');
INSERT INTO MARCA(ID,LINEA_ID,INDUSTRIA_ID,NOMBRE) VALUES (19,4,9, 'REXONA');
INSERT INTO MARCA(ID,LINEA_ID,INDUSTRIA_ID,NOMBRE) VALUES (20,11,8, 'COLGATE PLAX');
INSERT INTO MARCA(ID,LINEA_ID,INDUSTRIA_ID,NOMBRE) VALUES (21,2,7, 'ELVIVE');
INSERT INTO MARCA(ID,LINEA_ID,INDUSTRIA_ID,NOMBRE) VALUES (22,2,7, 'LOREAL');
INSERT INTO MARCA(ID,LINEA_ID,INDUSTRIA_ID,NOMBRE) VALUES (23,12,8, 'SOFTSOAP');
INSERT INTO MARCA(ID,LINEA_ID,INDUSTRIA_ID,NOMBRE) VALUES (24,4,2, 'SPORT MAN');
INSERT INTO MARCA(ID,LINEA_ID,INDUSTRIA_ID,NOMBRE) VALUES (25,7,10, 'BABY BRANER');
INSERT INTO MARCA(ID,LINEA_ID,INDUSTRIA_ID,NOMBRE) VALUES (26,4,8, 'SPEED STICK');
INSERT INTO MARCA(ID,LINEA_ID,INDUSTRIA_ID,NOMBRE) VALUES (27,9,8, 'VEL ROSITA');
INSERT INTO MARCA(ID,LINEA_ID,INDUSTRIA_ID,NOMBRE) VALUES (28,13,7, 'GARNIER');
INSERT INTO MARCA(ID,LINEA_ID,INDUSTRIA_ID,NOMBRE) VALUES (29,10,5, 'SKIN MILK');
INSERT INTO MARCA(ID,LINEA_ID,INDUSTRIA_ID,NOMBRE) VALUES (30,13,9, 'PONDS');
INSERT INTO MARCA(ID,LINEA_ID,INDUSTRIA_ID,NOMBRE) VALUES (31,13,11, 'CLARINS');
INSERT INTO MARCA(ID,LINEA_ID,INDUSTRIA_ID,NOMBRE) VALUES (32,12,8, 'PROTEX');
INSERT INTO MARCA(ID,LINEA_ID,INDUSTRIA_ID,NOMBRE) VALUES (33,14,12, 'FOLICURE');
INSERT INTO MARCA(ID,LINEA_ID,INDUSTRIA_ID,NOMBRE) VALUES (34,14,8, 'ALERT');
INSERT INTO MARCA(ID,LINEA_ID,INDUSTRIA_ID,NOMBRE) VALUES (35,11,8, 'COLGATE');
INSERT INTO MARCA(ID,LINEA_ID,INDUSTRIA_ID,NOMBRE) VALUES (36,2,8, 'CAPRICE');
INSERT INTO MARCA(ID,LINEA_ID,INDUSTRIA_ID,NOMBRE) VALUES (37,4,5, 'SURE');
INSERT INTO MARCA(ID,LINEA_ID,INDUSTRIA_ID,NOMBRE) VALUES (38,4,1, 'MISTRAL');
INSERT INTO MARCA(ID,LINEA_ID,INDUSTRIA_ID,NOMBRE) VALUES (39,4,9, 'PATRICHS');
INSERT INTO MARCA(ID,LINEA_ID,INDUSTRIA_ID,NOMBRE) VALUES (40,6,13, 'CURITAS');
INSERT INTO MARCA(ID,LINEA_ID,INDUSTRIA_ID,NOMBRE) VALUES (41,4,13, 'NIVEA');
INSERT INTO MARCA(ID,LINEA_ID,INDUSTRIA_ID,NOMBRE) VALUES (42,4,14, 'ENGLISH LEATHER');
INSERT INTO MARCA(ID,LINEA_ID,INDUSTRIA_ID,NOMBRE) VALUES (43,4,6, 'OLD SPICE');
INSERT INTO MARCA(ID,LINEA_ID,INDUSTRIA_ID,NOMBRE) VALUES (44,4,9, 'AXE');
INSERT INTO MARCA(ID,LINEA_ID,INDUSTRIA_ID,NOMBRE) VALUES (45,4,7, 'OBAO');
INSERT INTO MARCA(ID,LINEA_ID,INDUSTRIA_ID,NOMBRE) VALUES (46,4,9, 'DOVE');
INSERT INTO MARCA(ID,LINEA_ID,INDUSTRIA_ID,NOMBRE) VALUES (47,4,7, 'BIO GARNIER');
INSERT INTO MARCA(ID,LINEA_ID,INDUSTRIA_ID,NOMBRE) VALUES (48,4,6, 'MUM');
INSERT INTO MARCA(ID,LINEA_ID,INDUSTRIA_ID,NOMBRE) VALUES (49,4,8, 'STEFANO');
INSERT INTO MARCA(ID,LINEA_ID,INDUSTRIA_ID,NOMBRE) VALUES (50,4,15, 'VANART');
INSERT INTO MARCA(ID,LINEA_ID,INDUSTRIA_ID,NOMBRE) VALUES (51,4,6, 'SECRET');
INSERT INTO MARCA(ID,LINEA_ID,INDUSTRIA_ID,NOMBRE) VALUES (52,11,16, '4 TODAY');
INSERT INTO MARCA(ID,LINEA_ID,INDUSTRIA_ID,NOMBRE) VALUES (53,2,17, 'NATURAL GLOSS');
INSERT INTO MARCA(ID,LINEA_ID,INDUSTRIA_ID,NOMBRE) VALUES (54,7,18, 'REAL');
INSERT INTO MARCA(ID,LINEA_ID,INDUSTRIA_ID,NOMBRE) VALUES (55,13,19, 'ASEPXIA ');
INSERT INTO MARCA(ID,LINEA_ID,INDUSTRIA_ID,NOMBRE) VALUES (56,7,20, 'MAX O FRESH');
INSERT INTO MARCA(ID,LINEA_ID,INDUSTRIA_ID,NOMBRE) VALUES (57,7,8, 'MENNEN');
INSERT INTO MARCA(ID,LINEA_ID,INDUSTRIA_ID,NOMBRE) VALUES (58,3,17, 'SILK HAIR');
INSERT INTO MARCA(ID,LINEA_ID,INDUSTRIA_ID,NOMBRE) VALUES (59,16,2, 'BARBIE');
INSERT INTO MARCA(ID,LINEA_ID,INDUSTRIA_ID,NOMBRE) VALUES (60,10,21, 'BUSTILLOS');
INSERT INTO MARCA(ID,LINEA_ID,INDUSTRIA_ID,NOMBRE) VALUES (61,2,22, 'MOCO GORILA');
INSERT INTO MARCA(ID,LINEA_ID,INDUSTRIA_ID,NOMBRE) VALUES (62,10,9, 'ST IVES');
INSERT INTO MARCA(ID,LINEA_ID,INDUSTRIA_ID,NOMBRE) VALUES (63,2,6, 'HERBAL ESSENCES');
INSERT INTO MARCA(ID,LINEA_ID,INDUSTRIA_ID,NOMBRE) VALUES (64,7,18, 'SUALISS');
INSERT INTO MARCA(ID,LINEA_ID,INDUSTRIA_ID,NOMBRE) VALUES (65,16,23, 'DISNEY SUN');
INSERT INTO MARCA(ID,LINEA_ID,INDUSTRIA_ID,NOMBRE) VALUES (66,11,6, 'ORAL B');
INSERT INTO MARCA(ID,LINEA_ID,INDUSTRIA_ID,NOMBRE) VALUES (67,7,8, 'CURITY');
INSERT INTO MARCA(ID,LINEA_ID,INDUSTRIA_ID,NOMBRE) VALUES (68,9,8, 'SUAVITEL');
INSERT INTO MARCA(ID,LINEA_ID,INDUSTRIA_ID,NOMBRE) VALUES (69,9,8, 'AXION');
INSERT INTO MARCA(ID,LINEA_ID,INDUSTRIA_ID,NOMBRE) VALUES (70,17,24, 'ALBY');
INSERT INTO MARCA(ID,LINEA_ID,INDUSTRIA_ID,NOMBRE) VALUES (71,10,9, 'VASENOL');
INSERT INTO MARCA(ID,LINEA_ID,INDUSTRIA_ID,NOMBRE) VALUES (72,18,25, 'GP POWERCELL');
INSERT INTO MARCA(ID,LINEA_ID,INDUSTRIA_ID,NOMBRE) VALUES (73,12,26, 'BLUMEN');
INSERT INTO MARCA(ID,LINEA_ID,INDUSTRIA_ID,NOMBRE) VALUES (74,12,26, 'VIDE');
INSERT INTO MARCA(ID,LINEA_ID,INDUSTRIA_ID,NOMBRE) VALUES (75,14,22, 'CHILES');
INSERT INTO MARCA(ID,LINEA_ID,INDUSTRIA_ID,NOMBRE) VALUES (76,10,27, 'TERSSURA');
INSERT INTO MARCA(ID,LINEA_ID,INDUSTRIA_ID,NOMBRE) VALUES (77,12,28, 'MICRODYN');
INSERT INTO MARCA(ID,LINEA_ID,INDUSTRIA_ID,NOMBRE) VALUES (78,2,29, 'FIJA MAX');
INSERT INTO MARCA(ID,LINEA_ID,INDUSTRIA_ID,NOMBRE) VALUES (79,2,22, 'FRUITT');
INSERT INTO MARCA(ID,LINEA_ID,INDUSTRIA_ID,NOMBRE) VALUES (80,9,8, 'MAGITEL');
INSERT INTO MARCA(ID,LINEA_ID,INDUSTRIA_ID,NOMBRE) VALUES (81,13,13, 'EUCERIN');
INSERT INTO MARCA(ID,LINEA_ID,INDUSTRIA_ID,NOMBRE) VALUES (82,9,8, 'FABULOSO');
INSERT INTO MARCA(ID,LINEA_ID,INDUSTRIA_ID,NOMBRE) VALUES (83,2,8, 'WILDROOT');
INSERT INTO MARCA(ID,LINEA_ID,INDUSTRIA_ID,NOMBRE) VALUES (84,11,6, 'CREST');
INSERT INTO MARCA(ID,LINEA_ID,INDUSTRIA_ID,NOMBRE) VALUES (85,3,30, 'CUTEX');
INSERT INTO MARCA(ID,LINEA_ID,INDUSTRIA_ID,NOMBRE) VALUES (86,7,31, 'JOHNSONS');
INSERT INTO MARCA(ID,LINEA_ID,INDUSTRIA_ID,NOMBRE) VALUES (87,13,7, 'MAYBELLINE');
INSERT INTO MARCA(ID,LINEA_ID,INDUSTRIA_ID,NOMBRE) VALUES (88,2,29, 'MAXY');
INSERT INTO MARCA(ID,LINEA_ID,INDUSTRIA_ID,NOMBRE) VALUES (89,3,33, 'DALUX');
INSERT INTO MARCA(ID,LINEA_ID,INDUSTRIA_ID,NOMBRE) VALUES (90,7,33, 'FRESH CARE');
INSERT INTO MARCA(ID,LINEA_ID,INDUSTRIA_ID,NOMBRE) VALUES (91,3,33, 'COMETA');
INSERT INTO MARCA(ID,LINEA_ID,INDUSTRIA_ID,NOMBRE) VALUES (92,6,10, 'FRESH GO');
INSERT INTO MARCA(ID,LINEA_ID,INDUSTRIA_ID,NOMBRE) VALUES (93,2,22, 'XTRIM');
INSERT INTO MARCA(ID,LINEA_ID,INDUSTRIA_ID,NOMBRE) VALUES (94,10,31, 'LUBRIDERM');
INSERT INTO MARCA(ID,LINEA_ID,INDUSTRIA_ID,NOMBRE) VALUES (95,1,2, 'ANTONIO BANDERAS');
INSERT INTO MARCA(ID,LINEA_ID,INDUSTRIA_ID,NOMBRE) VALUES (96,1,1, 'ALEJANDRO SANZ');
INSERT INTO MARCA(ID,LINEA_ID,INDUSTRIA_ID,NOMBRE) VALUES (97,1,32, 'MAJA');
INSERT INTO MARCA(ID,LINEA_ID,INDUSTRIA_ID,NOMBRE) VALUES (98,1,1, 'EXCLAMATION');
INSERT INTO MARCA(ID,LINEA_ID,INDUSTRIA_ID,NOMBRE) VALUES (99,15,8, 'NORDIKO');
-- ==================== PRODUCTO: 1224 ITEMS
-- ===========PRODUCTO [1]
INSERT INTO PRODUCTO(ID,MARCA_ID,NOMBRE,PRESENTACION,CONTENIDO,UNIDADES_POR_CAJA,COSTO,COSTO_VENTA,PRECIO_BASE,UNIDAD_MEDIDA,CODIGO_BARRAS) VALUES(1,1,'Jovan Estuche 2 Colonias','White Musk',2,4.0,1.000000,1.000000,1.000000,'Pz',3.1655713434E10);

INSERT INTO MOVIMIENTO_HISTORICO_PRODUCTO (ALMACEN_ID,PRODUCTO_ID,FECHA,TIPO_MOVIMIENTO_ID,CANTIDAD,COSTO,PRECIO,USUARIO_ID) VALUES(1,1,now(),30,3,1.000000,1.000000,'root');
INSERT INTO ALMACEN_PRODUCTO(ALMACEN_ID,PRODUCTO_ID,CANTIDAD_ACTUAL,CANTIDAD_MINIMA,PRECIO_VENTA) VALUES (1,1,3,0,1.000000);

INSERT INTO ALMACEN_PRODUCTO(ALMACEN_ID,PRODUCTO_ID,CANTIDAD_ACTUAL,CANTIDAD_MINIMA,PRECIO_VENTA) VALUES (2,1,0,0,1.000000);

INSERT INTO ALMACEN_PRODUCTO(ALMACEN_ID,PRODUCTO_ID,CANTIDAD_ACTUAL,CANTIDAD_MINIMA,PRECIO_VENTA) VALUES (3,1,3,0,1.000000);

INSERT INTO ALMACEN_PRODUCTO(ALMACEN_ID,PRODUCTO_ID,CANTIDAD_ACTUAL,CANTIDAD_MINIMA,PRECIO_VENTA) VALUES (4,1,3,0,1.000000);

INSERT INTO PROVEEDOR_PRODUCTO(PROVEEDOR_ID,PRODUCTO_ID,PRECIO_COMPRA) VALUES(13,1, 1.000000);

-- ===========PRODUCTO [2]
INSERT INTO PRODUCTO(ID,MARCA_ID,NOMBRE,PRESENTACION,CONTENIDO,UNIDADES_POR_CAJA,COSTO,COSTO_VENTA,PRECIO_BASE,UNIDAD_MEDIDA,CODIGO_BARRAS) VALUES(2,2,'Adidas Estuche Colonia + Locion','Victory League',2,4.0,1.000000,1.000000,1.000000,'Pz',7.501737401991E12);

INSERT INTO MOVIMIENTO_HISTORICO_PRODUCTO (ALMACEN_ID,PRODUCTO_ID,FECHA,TIPO_MOVIMIENTO_ID,CANTIDAD,COSTO,PRECIO,USUARIO_ID) VALUES(1,2,now(),30,2,1.000000,1.000000,'root');
INSERT INTO ALMACEN_PRODUCTO(ALMACEN_ID,PRODUCTO_ID,CANTIDAD_ACTUAL,CANTIDAD_MINIMA,PRECIO_VENTA) VALUES (1,2,2,0,1.000000);

INSERT INTO ALMACEN_PRODUCTO(ALMACEN_ID,PRODUCTO_ID,CANTIDAD_ACTUAL,CANTIDAD_MINIMA,PRECIO_VENTA) VALUES (2,2,0,0,1.000000);

INSERT INTO ALMACEN_PRODUCTO(ALMACEN_ID,PRODUCTO_ID,CANTIDAD_ACTUAL,CANTIDAD_MINIMA,PRECIO_VENTA) VALUES (3,2,2,0,1.000000);

INSERT INTO ALMACEN_PRODUCTO(ALMACEN_ID,PRODUCTO_ID,CANTIDAD_ACTUAL,CANTIDAD_MINIMA,PRECIO_VENTA) VALUES (4,2,2,0,1.000000);

INSERT INTO PROVEEDOR_PRODUCTO(PROVEEDOR_ID,PRODUCTO_ID,PRECIO_COMPRA) VALUES(13,2, 1.000000);

-- ===========PRODUCTO [3]
INSERT INTO PRODUCTO(ID,MARCA_ID,NOMBRE,PRESENTACION,CONTENIDO,UNIDADES_POR_CAJA,COSTO,COSTO_VENTA,PRECIO_BASE,UNIDAD_MEDIDA,CODIGO_BARRAS) VALUES(3,2,'Adidas Estuche Colonia + Locion','Victory League',2,4.0,1.000000,1.000000,1.000000,'Pz',7.501737406705E12);

INSERT INTO MOVIMIENTO_HISTORICO_PRODUCTO (ALMACEN_ID,PRODUCTO_ID,FECHA,TIPO_MOVIMIENTO_ID,CANTIDAD,COSTO,PRECIO,USUARIO_ID) VALUES(1,3,now(),30,1,1.000000,1.000000,'root');
INSERT INTO ALMACEN_PRODUCTO(ALMACEN_ID,PRODUCTO_ID,CANTIDAD_ACTUAL,CANTIDAD_MINIMA,PRECIO_VENTA) VALUES (1,3,1,0,1.000000);

INSERT INTO ALMACEN_PRODUCTO(ALMACEN_ID,PRODUCTO_ID,CANTIDAD_ACTUAL,CANTIDAD_MINIMA,PRECIO_VENTA) VALUES (2,3,0,0,1.000000);

INSERT INTO ALMACEN_PRODUCTO(ALMACEN_ID,PRODUCTO_ID,CANTIDAD_ACTUAL,CANTIDAD_MINIMA,PRECIO_VENTA) VALUES (3,3,1,0,1.000000);

INSERT INTO ALMACEN_PRODUCTO(ALMACEN_ID,PRODUCTO_ID,CANTIDAD_ACTUAL,CANTIDAD_MINIMA,PRECIO_VENTA) VALUES (4,3,1,0,1.000000);

INSERT INTO PROVEEDOR_PRODUCTO(PROVEEDOR_ID,PRODUCTO_ID,PRECIO_COMPRA) VALUES(13,3, 1.000000);

-- ===========PRODUCTO [4]
INSERT INTO PRODUCTO(ID,MARCA_ID,NOMBRE,PRESENTACION,CONTENIDO,UNIDADES_POR_CAJA,COSTO,COSTO_VENTA,PRECIO_BASE,UNIDAD_MEDIDA,CODIGO_BARRAS) VALUES(4,1,'Jovan Colonia Dama','Fresh Musk',100,12.0,1.000000,1.000000,1.000000,'ML',7.501737414076E12);

INSERT INTO MOVIMIENTO_HISTORICO_PRODUCTO (ALMACEN_ID,PRODUCTO_ID,FECHA,TIPO_MOVIMIENTO_ID,CANTIDAD,COSTO,PRECIO,USUARIO_ID) VALUES(1,4,now(),30,3,1.000000,1.000000,'root');
INSERT INTO ALMACEN_PRODUCTO(ALMACEN_ID,PRODUCTO_ID,CANTIDAD_ACTUAL,CANTIDAD_MINIMA,PRECIO_VENTA) VALUES (1,4,3,0,1.000000);

INSERT INTO ALMACEN_PRODUCTO(ALMACEN_ID,PRODUCTO_ID,CANTIDAD_ACTUAL,CANTIDAD_MINIMA,PRECIO_VENTA) VALUES (2,4,0,0,1.000000);

INSERT INTO ALMACEN_PRODUCTO(ALMACEN_ID,PRODUCTO_ID,CANTIDAD_ACTUAL,CANTIDAD_MINIMA,PRECIO_VENTA) VALUES (3,4,3,0,1.000000);

INSERT INTO ALMACEN_PRODUCTO(ALMACEN_ID,PRODUCTO_ID,CANTIDAD_ACTUAL,CANTIDAD_MINIMA,PRECIO_VENTA) VALUES (4,4,3,0,1.000000);

INSERT INTO PROVEEDOR_PRODUCTO(PROVEEDOR_ID,PRODUCTO_ID,PRECIO_COMPRA) VALUES(13,4, 1.000000);

-- ===========PRODUCTO [5]
INSERT INTO PRODUCTO(ID,MARCA_ID,NOMBRE,PRESENTACION,CONTENIDO,UNIDADES_POR_CAJA,COSTO,COSTO_VENTA,PRECIO_BASE,UNIDAD_MEDIDA,CODIGO_BARRAS) VALUES(5,1,'Jovan Colonia Dama','Island Gardenia',44,15.0,1.000000,1.000000,1.000000,'ML',3.5017010353E10);

INSERT INTO MOVIMIENTO_HISTORICO_PRODUCTO (ALMACEN_ID,PRODUCTO_ID,FECHA,TIPO_MOVIMIENTO_ID,CANTIDAD,COSTO,PRECIO,USUARIO_ID) VALUES(1,5,now(),30,3,1.000000,1.000000,'root');
INSERT INTO ALMACEN_PRODUCTO(ALMACEN_ID,PRODUCTO_ID,CANTIDAD_ACTUAL,CANTIDAD_MINIMA,PRECIO_VENTA) VALUES (1,5,3,0,1.000000);

INSERT INTO ALMACEN_PRODUCTO(ALMACEN_ID,PRODUCTO_ID,CANTIDAD_ACTUAL,CANTIDAD_MINIMA,PRECIO_VENTA) VALUES (2,5,0,0,1.000000);

INSERT INTO ALMACEN_PRODUCTO(ALMACEN_ID,PRODUCTO_ID,CANTIDAD_ACTUAL,CANTIDAD_MINIMA,PRECIO_VENTA) VALUES (3,5,3,0,1.000000);

INSERT INTO ALMACEN_PRODUCTO(ALMACEN_ID,PRODUCTO_ID,CANTIDAD_ACTUAL,CANTIDAD_MINIMA,PRECIO_VENTA) VALUES (4,5,3,0,1.000000);

INSERT INTO PROVEEDOR_PRODUCTO(PROVEEDOR_ID,PRODUCTO_ID,PRECIO_COMPRA) VALUES(13,5, 1.000000);

-- ===========PRODUCTO [6]
INSERT INTO PRODUCTO(ID,MARCA_ID,NOMBRE,PRESENTACION,CONTENIDO,UNIDADES_POR_CAJA,COSTO,COSTO_VENTA,PRECIO_BASE,UNIDAD_MEDIDA,CODIGO_BARRAS) VALUES(6,3,'Celine Dion Parfums','Eau de Toilette',30,6.0,1.000000,1.000000,1.000000,'ML',3.412242000026E12);

INSERT INTO MOVIMIENTO_HISTORICO_PRODUCTO (ALMACEN_ID,PRODUCTO_ID,FECHA,TIPO_MOVIMIENTO_ID,CANTIDAD,COSTO,PRECIO,USUARIO_ID) VALUES(1,6,now(),30,3,1.000000,1.000000,'root');
INSERT INTO ALMACEN_PRODUCTO(ALMACEN_ID,PRODUCTO_ID,CANTIDAD_ACTUAL,CANTIDAD_MINIMA,PRECIO_VENTA) VALUES (1,6,3,0,1.000000);

INSERT INTO ALMACEN_PRODUCTO(ALMACEN_ID,PRODUCTO_ID,CANTIDAD_ACTUAL,CANTIDAD_MINIMA,PRECIO_VENTA) VALUES (2,6,0,0,1.000000);

INSERT INTO ALMACEN_PRODUCTO(ALMACEN_ID,PRODUCTO_ID,CANTIDAD_ACTUAL,CANTIDAD_MINIMA,PRECIO_VENTA) VALUES (3,6,3,0,1.000000);

INSERT INTO ALMACEN_PRODUCTO(ALMACEN_ID,PRODUCTO_ID,CANTIDAD_ACTUAL,CANTIDAD_MINIMA,PRECIO_VENTA) VALUES (4,6,3,0,1.000000);

INSERT INTO PROVEEDOR_PRODUCTO(PROVEEDOR_ID,PRODUCTO_ID,PRECIO_COMPRA) VALUES(13,6, 1.000000);

-- ===========PRODUCTO [7]
INSERT INTO PRODUCTO(ID,MARCA_ID,NOMBRE,PRESENTACION,CONTENIDO,UNIDADES_POR_CAJA,COSTO,COSTO_VENTA,PRECIO_BASE,UNIDAD_MEDIDA,CODIGO_BARRAS) VALUES(7,4,'Diavolo Colonia Dama','PerDonna',50,16.0,1.000000,1.000000,1.000000,'ML',6.02102002427E11);

INSERT INTO MOVIMIENTO_HISTORICO_PRODUCTO (ALMACEN_ID,PRODUCTO_ID,FECHA,TIPO_MOVIMIENTO_ID,CANTIDAD,COSTO,PRECIO,USUARIO_ID) VALUES(1,7,now(),30,3,1.000000,1.000000,'root');
INSERT INTO ALMACEN_PRODUCTO(ALMACEN_ID,PRODUCTO_ID,CANTIDAD_ACTUAL,CANTIDAD_MINIMA,PRECIO_VENTA) VALUES (1,7,3,0,1.000000);

INSERT INTO ALMACEN_PRODUCTO(ALMACEN_ID,PRODUCTO_ID,CANTIDAD_ACTUAL,CANTIDAD_MINIMA,PRECIO_VENTA) VALUES (2,7,0,0,1.000000);

INSERT INTO ALMACEN_PRODUCTO(ALMACEN_ID,PRODUCTO_ID,CANTIDAD_ACTUAL,CANTIDAD_MINIMA,PRECIO_VENTA) VALUES (3,7,3,0,1.000000);

INSERT INTO ALMACEN_PRODUCTO(ALMACEN_ID,PRODUCTO_ID,CANTIDAD_ACTUAL,CANTIDAD_MINIMA,PRECIO_VENTA) VALUES (4,7,3,0,1.000000);

INSERT INTO PROVEEDOR_PRODUCTO(PROVEEDOR_ID,PRODUCTO_ID,PRECIO_COMPRA) VALUES(13,7, 1.000000);

-- ===========PRODUCTO [8]
INSERT INTO PRODUCTO(ID,MARCA_ID,NOMBRE,PRESENTACION,CONTENIDO,UNIDADES_POR_CAJA,COSTO,COSTO_VENTA,PRECIO_BASE,UNIDAD_MEDIDA,CODIGO_BARRAS) VALUES(8,2,'Adidas Colonia Dama','Natural Vitality',50,6.0,1.000000,1.000000,83.340000,'ML',3.661163403601E12);

INSERT INTO MOVIMIENTO_HISTORICO_PRODUCTO (ALMACEN_ID,PRODUCTO_ID,FECHA,TIPO_MOVIMIENTO_ID,CANTIDAD,COSTO,PRECIO,USUARIO_ID) VALUES(1,8,now(),30,3,1.000000,83.340000,'root');
INSERT INTO ALMACEN_PRODUCTO(ALMACEN_ID,PRODUCTO_ID,CANTIDAD_ACTUAL,CANTIDAD_MINIMA,PRECIO_VENTA) VALUES (1,8,3,0,83.340000);

INSERT INTO ALMACEN_PRODUCTO(ALMACEN_ID,PRODUCTO_ID,CANTIDAD_ACTUAL,CANTIDAD_MINIMA,PRECIO_VENTA) VALUES (2,8,0,0,1.000000);

INSERT INTO ALMACEN_PRODUCTO(ALMACEN_ID,PRODUCTO_ID,CANTIDAD_ACTUAL,CANTIDAD_MINIMA,PRECIO_VENTA) VALUES (3,8,3,0,89.000000);

INSERT INTO ALMACEN_PRODUCTO(ALMACEN_ID,PRODUCTO_ID,CANTIDAD_ACTUAL,CANTIDAD_MINIMA,PRECIO_VENTA) VALUES (4,8,3,0,1.000000);

INSERT INTO PROVEEDOR_PRODUCTO(PROVEEDOR_ID,PRODUCTO_ID,PRECIO_COMPRA) VALUES(13,8, 1.000000);

-- ===========PRODUCTO [9]
INSERT INTO PRODUCTO(ID,MARCA_ID,NOMBRE,PRESENTACION,CONTENIDO,UNIDADES_POR_CAJA,COSTO,COSTO_VENTA,PRECIO_BASE,UNIDAD_MEDIDA,CODIGO_BARRAS) VALUES(9,2,'Adidas Colonia Dama','Fresh Vibes',50,6.0,1.000000,1.000000,83.340000,'ML',3.412244410021E12);

INSERT INTO MOVIMIENTO_HISTORICO_PRODUCTO (ALMACEN_ID,PRODUCTO_ID,FECHA,TIPO_MOVIMIENTO_ID,CANTIDAD,COSTO,PRECIO,USUARIO_ID) VALUES(1,9,now(),30,3,1.000000,83.340000,'root');
INSERT INTO ALMACEN_PRODUCTO(ALMACEN_ID,PRODUCTO_ID,CANTIDAD_ACTUAL,CANTIDAD_MINIMA,PRECIO_VENTA) VALUES (1,9,3,0,83.340000);

INSERT INTO ALMACEN_PRODUCTO(ALMACEN_ID,PRODUCTO_ID,CANTIDAD_ACTUAL,CANTIDAD_MINIMA,PRECIO_VENTA) VALUES (2,9,0,0,1.000000);

INSERT INTO ALMACEN_PRODUCTO(ALMACEN_ID,PRODUCTO_ID,CANTIDAD_ACTUAL,CANTIDAD_MINIMA,PRECIO_VENTA) VALUES (3,9,3,0,89.000000);

INSERT INTO ALMACEN_PRODUCTO(ALMACEN_ID,PRODUCTO_ID,CANTIDAD_ACTUAL,CANTIDAD_MINIMA,PRECIO_VENTA) VALUES (4,9,3,0,1.000000);

INSERT INTO PROVEEDOR_PRODUCTO(PROVEEDOR_ID,PRODUCTO_ID,PRECIO_COMPRA) VALUES(13,9, 1.000000);

-- ===========PRODUCTO [10]
INSERT INTO PRODUCTO(ID,MARCA_ID,NOMBRE,PRESENTACION,CONTENIDO,UNIDADES_POR_CAJA,COSTO,COSTO_VENTA,PRECIO_BASE,UNIDAD_MEDIDA,CODIGO_BARRAS) VALUES(10,2,'Adidas Colonia Dama','Tropical Passion',50,6.0,1.000000,1.000000,83.340000,'ML',3.412245410013E12);

INSERT INTO MOVIMIENTO_HISTORICO_PRODUCTO (ALMACEN_ID,PRODUCTO_ID,FECHA,TIPO_MOVIMIENTO_ID,CANTIDAD,COSTO,PRECIO,USUARIO_ID) VALUES(1,10,now(),30,3,1.000000,83.340000,'root');
INSERT INTO ALMACEN_PRODUCTO(ALMACEN_ID,PRODUCTO_ID,CANTIDAD_ACTUAL,CANTIDAD_MINIMA,PRECIO_VENTA) VALUES (1,10,3,0,83.340000);

INSERT INTO ALMACEN_PRODUCTO(ALMACEN_ID,PRODUCTO_ID,CANTIDAD_ACTUAL,CANTIDAD_MINIMA,PRECIO_VENTA) VALUES (2,10,0,0,1.000000);

INSERT INTO ALMACEN_PRODUCTO(ALMACEN_ID,PRODUCTO_ID,CANTIDAD_ACTUAL,CANTIDAD_MINIMA,PRECIO_VENTA) VALUES (3,10,3,0,89.000000);

INSERT INTO ALMACEN_PRODUCTO(ALMACEN_ID,PRODUCTO_ID,CANTIDAD_ACTUAL,CANTIDAD_MINIMA,PRECIO_VENTA) VALUES (4,10,3,0,1.000000);

INSERT INTO PROVEEDOR_PRODUCTO(PROVEEDOR_ID,PRODUCTO_ID,PRECIO_COMPRA) VALUES(13,10, 1.000000);

-- ===========PRODUCTO [11]
INSERT INTO PRODUCTO(ID,MARCA_ID,NOMBRE,PRESENTACION,CONTENIDO,UNIDADES_POR_CAJA,COSTO,COSTO_VENTA,PRECIO_BASE,UNIDAD_MEDIDA,CODIGO_BARRAS) VALUES(11,2,'Adidas Colonia Dama','Pure Lightness',50,6.0,1.000000,1.000000,83.340000,'ML',3.412245810028E12);

INSERT INTO MOVIMIENTO_HISTORICO_PRODUCTO (ALMACEN_ID,PRODUCTO_ID,FECHA,TIPO_MOVIMIENTO_ID,CANTIDAD,COSTO,PRECIO,USUARIO_ID) VALUES(1,11,now(),30,6,1.000000,83.340000,'root');
INSERT INTO ALMACEN_PRODUCTO(ALMACEN_ID,PRODUCTO_ID,CANTIDAD_ACTUAL,CANTIDAD_MINIMA,PRECIO_VENTA) VALUES (1,11,6,0,83.340000);

INSERT INTO ALMACEN_PRODUCTO(ALMACEN_ID,PRODUCTO_ID,CANTIDAD_ACTUAL,CANTIDAD_MINIMA,PRECIO_VENTA) VALUES (2,11,0,0,1.000000);

INSERT INTO ALMACEN_PRODUCTO(ALMACEN_ID,PRODUCTO_ID,CANTIDAD_ACTUAL,CANTIDAD_MINIMA,PRECIO_VENTA) VALUES (3,11,6,0,89.000000);

INSERT INTO ALMACEN_PRODUCTO(ALMACEN_ID,PRODUCTO_ID,CANTIDAD_ACTUAL,CANTIDAD_MINIMA,PRECIO_VENTA) VALUES (4,11,6,0,1.000000);

INSERT INTO PROVEEDOR_PRODUCTO(PROVEEDOR_ID,PRODUCTO_ID,PRECIO_COMPRA) VALUES(13,11, 1.000000);

-- ===========PRODUCTO [12]
INSERT INTO PRODUCTO(ID,MARCA_ID,NOMBRE,PRESENTACION,CONTENIDO,UNIDADES_POR_CAJA,COSTO,COSTO_VENTA,PRECIO_BASE,UNIDAD_MEDIDA,CODIGO_BARRAS) VALUES(12,5,'Citre Shine Tratamiento Ampolletas 18ml','Reapara y Fortalece',3,6.0,1.000000,1.000000,1.000000,'PZ',5.2336204263E10);

INSERT INTO MOVIMIENTO_HISTORICO_PRODUCTO (ALMACEN_ID,PRODUCTO_ID,FECHA,TIPO_MOVIMIENTO_ID,CANTIDAD,COSTO,PRECIO,USUARIO_ID) VALUES(1,12,now(),30,0,1.000000,1.000000,'root');
INSERT INTO ALMACEN_PRODUCTO(ALMACEN_ID,PRODUCTO_ID,CANTIDAD_ACTUAL,CANTIDAD_MINIMA,PRECIO_VENTA) VALUES (1,12,0,0,1.000000);

INSERT INTO ALMACEN_PRODUCTO(ALMACEN_ID,PRODUCTO_ID,CANTIDAD_ACTUAL,CANTIDAD_MINIMA,PRECIO_VENTA) VALUES (2,12,0,0,1.000000);

INSERT INTO PROVEEDOR_PRODUCTO(PROVEEDOR_ID,PRODUCTO_ID,PRECIO_COMPRA) VALUES(13,12, 1.000000);

-- ===========PRODUCTO [13]
INSERT INTO PRODUCTO(ID,MARCA_ID,NOMBRE,PRESENTACION,CONTENIDO,UNIDADES_POR_CAJA,COSTO,COSTO_VENTA,PRECIO_BASE,UNIDAD_MEDIDA,CODIGO_BARRAS) VALUES(13,3,'Celine Dion Parfums Estuche','Perfume + Shower Gel',2,6.0,1.000000,1.000000,1.000000,'PZ',7.501737461278E12);

INSERT INTO MOVIMIENTO_HISTORICO_PRODUCTO (ALMACEN_ID,PRODUCTO_ID,FECHA,TIPO_MOVIMIENTO_ID,CANTIDAD,COSTO,PRECIO,USUARIO_ID) VALUES(1,13,now(),30,2,1.000000,1.000000,'root');
INSERT INTO ALMACEN_PRODUCTO(ALMACEN_ID,PRODUCTO_ID,CANTIDAD_ACTUAL,CANTIDAD_MINIMA,PRECIO_VENTA) VALUES (1,13,2,0,1.000000);

INSERT INTO ALMACEN_PRODUCTO(ALMACEN_ID,PRODUCTO_ID,CANTIDAD_ACTUAL,CANTIDAD_MINIMA,PRECIO_VENTA) VALUES (2,13,0,0,1.000000);

INSERT INTO ALMACEN_PRODUCTO(ALMACEN_ID,PRODUCTO_ID,CANTIDAD_ACTUAL,CANTIDAD_MINIMA,PRECIO_VENTA) VALUES (3,13,2,0,1.000000);

INSERT INTO ALMACEN_PRODUCTO(ALMACEN_ID,PRODUCTO_ID,CANTIDAD_ACTUAL,CANTIDAD_MINIMA,PRECIO_VENTA) VALUES (4,13,2,0,1.000000);

INSERT INTO PROVEEDOR_PRODUCTO(PROVEEDOR_ID,PRODUCTO_ID,PRECIO_COMPRA) VALUES(13,13, 1.000000);

-- ===========PRODUCTO [14]
INSERT INTO PRODUCTO(ID,MARCA_ID,NOMBRE,PRESENTACION,CONTENIDO,UNIDADES_POR_CAJA,COSTO,COSTO_VENTA,PRECIO_BASE,UNIDAD_MEDIDA,CODIGO_BARRAS) VALUES(14,3,'Celine Dion Parfums Estuche','Perfume + Crema Corporal',2,6.0,1.000000,1.000000,1.000000,'PZ',7.501737461285E12);

INSERT INTO MOVIMIENTO_HISTORICO_PRODUCTO (ALMACEN_ID,PRODUCTO_ID,FECHA,TIPO_MOVIMIENTO_ID,CANTIDAD,COSTO,PRECIO,USUARIO_ID) VALUES(1,14,now(),30,2,1.000000,1.000000,'root');
INSERT INTO ALMACEN_PRODUCTO(ALMACEN_ID,PRODUCTO_ID,CANTIDAD_ACTUAL,CANTIDAD_MINIMA,PRECIO_VENTA) VALUES (1,14,2,0,1.000000);

INSERT INTO ALMACEN_PRODUCTO(ALMACEN_ID,PRODUCTO_ID,CANTIDAD_ACTUAL,CANTIDAD_MINIMA,PRECIO_VENTA) VALUES (2,14,0,0,1.000000);

INSERT INTO ALMACEN_PRODUCTO(ALMACEN_ID,PRODUCTO_ID,CANTIDAD_ACTUAL,CANTIDAD_MINIMA,PRECIO_VENTA) VALUES (3,14,2,0,1.000000);

INSERT INTO ALMACEN_PRODUCTO(ALMACEN_ID,PRODUCTO_ID,CANTIDAD_ACTUAL,CANTIDAD_MINIMA,PRECIO_VENTA) VALUES (4,14,2,0,1.000000);

INSERT INTO PROVEEDOR_PRODUCTO(PROVEEDOR_ID,PRODUCTO_ID,PRECIO_COMPRA) VALUES(13,14, 1.000000);

-- ===========PRODUCTO [15]
INSERT INTO PRODUCTO(ID,MARCA_ID,NOMBRE,PRESENTACION,CONTENIDO,UNIDADES_POR_CAJA,COSTO,COSTO_VENTA,PRECIO_BASE,UNIDAD_MEDIDA,CODIGO_BARRAS) VALUES(15,1,'Jovan Musk Oil Bolita','Pretenders',1,6.0,1.000000,1.000000,1.000000,'Oz',7.729013789712E12);

INSERT INTO MOVIMIENTO_HISTORICO_PRODUCTO (ALMACEN_ID,PRODUCTO_ID,FECHA,TIPO_MOVIMIENTO_ID,CANTIDAD,COSTO,PRECIO,USUARIO_ID) VALUES(1,15,now(),30,6,1.000000,1.000000,'root');
INSERT INTO ALMACEN_PRODUCTO(ALMACEN_ID,PRODUCTO_ID,CANTIDAD_ACTUAL,CANTIDAD_MINIMA,PRECIO_VENTA) VALUES (1,15,6,0,1.000000);

INSERT INTO ALMACEN_PRODUCTO(ALMACEN_ID,PRODUCTO_ID,CANTIDAD_ACTUAL,CANTIDAD_MINIMA,PRECIO_VENTA) VALUES (2,15,0,0,1.000000);

INSERT INTO ALMACEN_PRODUCTO(ALMACEN_ID,PRODUCTO_ID,CANTIDAD_ACTUAL,CANTIDAD_MINIMA,PRECIO_VENTA) VALUES (3,15,6,0,1.000000);

INSERT INTO ALMACEN_PRODUCTO(ALMACEN_ID,PRODUCTO_ID,CANTIDAD_ACTUAL,CANTIDAD_MINIMA,PRECIO_VENTA) VALUES (4,15,6,0,1.000000);

INSERT INTO PROVEEDOR_PRODUCTO(PROVEEDOR_ID,PRODUCTO_ID,PRECIO_COMPRA) VALUES(13,15, 1.000000);

-- ===========PRODUCTO [16]
INSERT INTO PRODUCTO(ID,MARCA_ID,NOMBRE,PRESENTACION,CONTENIDO,UNIDADES_POR_CAJA,COSTO,COSTO_VENTA,PRECIO_BASE,UNIDAD_MEDIDA,CODIGO_BARRAS) VALUES(16,6,'Vive Colors Condones','Chocolate',3,432.0,1.000000,1.000000,1.000000,'Pz',7.404001750347E12);

INSERT INTO MOVIMIENTO_HISTORICO_PRODUCTO (ALMACEN_ID,PRODUCTO_ID,FECHA,TIPO_MOVIMIENTO_ID,CANTIDAD,COSTO,PRECIO,USUARIO_ID) VALUES(1,16,now(),30,12,1.000000,1.000000,'root');
INSERT INTO ALMACEN_PRODUCTO(ALMACEN_ID,PRODUCTO_ID,CANTIDAD_ACTUAL,CANTIDAD_MINIMA,PRECIO_VENTA) VALUES (1,16,12,0,1.000000);

INSERT INTO ALMACEN_PRODUCTO(ALMACEN_ID,PRODUCTO_ID,CANTIDAD_ACTUAL,CANTIDAD_MINIMA,PRECIO_VENTA) VALUES (2,16,0,0,1.000000);

INSERT INTO ALMACEN_PRODUCTO(ALMACEN_ID,PRODUCTO_ID,CANTIDAD_ACTUAL,CANTIDAD_MINIMA,PRECIO_VENTA) VALUES (3,16,12,0,1.000000);

INSERT INTO ALMACEN_PRODUCTO(ALMACEN_ID,PRODUCTO_ID,CANTIDAD_ACTUAL,CANTIDAD_MINIMA,PRECIO_VENTA) VALUES (4,16,12,0,1.000000);

INSERT INTO PROVEEDOR_PRODUCTO(PROVEEDOR_ID,PRODUCTO_ID,PRECIO_COMPRA) VALUES(21,16, 1.000000);

-- ===========PRODUCTO [17]
INSERT INTO PRODUCTO(ID,MARCA_ID,NOMBRE,PRESENTACION,CONTENIDO,UNIDADES_POR_CAJA,COSTO,COSTO_VENTA,PRECIO_BASE,UNIDAD_MEDIDA,CODIGO_BARRAS) VALUES(17,2,'Adidas Locion Caballero','Fair Play',100,6.0,1.000000,1.000000,86.810000,'ML',3.661163941066E12);

INSERT INTO MOVIMIENTO_HISTORICO_PRODUCTO (ALMACEN_ID,PRODUCTO_ID,FECHA,TIPO_MOVIMIENTO_ID,CANTIDAD,COSTO,PRECIO,USUARIO_ID) VALUES(1,17,now(),30,3,1.000000,86.810000,'root');
INSERT INTO ALMACEN_PRODUCTO(ALMACEN_ID,PRODUCTO_ID,CANTIDAD_ACTUAL,CANTIDAD_MINIMA,PRECIO_VENTA) VALUES (1,17,3,0,86.810000);

INSERT INTO ALMACEN_PRODUCTO(ALMACEN_ID,PRODUCTO_ID,CANTIDAD_ACTUAL,CANTIDAD_MINIMA,PRECIO_VENTA) VALUES (2,17,0,0,1.000000);

INSERT INTO ALMACEN_PRODUCTO(ALMACEN_ID,PRODUCTO_ID,CANTIDAD_ACTUAL,CANTIDAD_MINIMA,PRECIO_VENTA) VALUES (3,17,3,0,87.500000);

INSERT INTO ALMACEN_PRODUCTO(ALMACEN_ID,PRODUCTO_ID,CANTIDAD_ACTUAL,CANTIDAD_MINIMA,PRECIO_VENTA) VALUES (4,17,3,0,1.000000);

INSERT INTO PROVEEDOR_PRODUCTO(PROVEEDOR_ID,PRODUCTO_ID,PRECIO_COMPRA) VALUES(13,17, 1.000000);

-- ===========PRODUCTO [18]
INSERT INTO PRODUCTO(ID,MARCA_ID,NOMBRE,PRESENTACION,CONTENIDO,UNIDADES_POR_CAJA,COSTO,COSTO_VENTA,PRECIO_BASE,UNIDAD_MEDIDA,CODIGO_BARRAS) VALUES(18,2,'Adidas Locion Caballero','Victory League',100,6.0,1.000000,1.000000,86.810000,'ML',3.412241230158E12);

INSERT INTO MOVIMIENTO_HISTORICO_PRODUCTO (ALMACEN_ID,PRODUCTO_ID,FECHA,TIPO_MOVIMIENTO_ID,CANTIDAD,COSTO,PRECIO,USUARIO_ID) VALUES(1,18,now(),30,3,1.000000,86.810000,'root');
INSERT INTO ALMACEN_PRODUCTO(ALMACEN_ID,PRODUCTO_ID,CANTIDAD_ACTUAL,CANTIDAD_MINIMA,PRECIO_VENTA) VALUES (1,18,3,0,86.810000);

INSERT INTO ALMACEN_PRODUCTO(ALMACEN_ID,PRODUCTO_ID,CANTIDAD_ACTUAL,CANTIDAD_MINIMA,PRECIO_VENTA) VALUES (2,18,0,0,1.000000);

INSERT INTO ALMACEN_PRODUCTO(ALMACEN_ID,PRODUCTO_ID,CANTIDAD_ACTUAL,CANTIDAD_MINIMA,PRECIO_VENTA) VALUES (3,18,3,0,87.500000);

INSERT INTO ALMACEN_PRODUCTO(ALMACEN_ID,PRODUCTO_ID,CANTIDAD_ACTUAL,CANTIDAD_MINIMA,PRECIO_VENTA) VALUES (4,18,3,0,1.000000);

INSERT INTO PROVEEDOR_PRODUCTO(PROVEEDOR_ID,PRODUCTO_ID,PRECIO_COMPRA) VALUES(13,18, 1.000000);

-- ===========PRODUCTO [19]
INSERT INTO PRODUCTO(ID,MARCA_ID,NOMBRE,PRESENTACION,CONTENIDO,UNIDADES_POR_CAJA,COSTO,COSTO_VENTA,PRECIO_BASE,UNIDAD_MEDIDA,CODIGO_BARRAS) VALUES(19,2,'Adidas Locion Caballero','Game Spirit',100,6.0,1.000000,1.000000,86.810000,'ML',7.501737402486E12);

INSERT INTO MOVIMIENTO_HISTORICO_PRODUCTO (ALMACEN_ID,PRODUCTO_ID,FECHA,TIPO_MOVIMIENTO_ID,CANTIDAD,COSTO,PRECIO,USUARIO_ID) VALUES(1,19,now(),30,3,1.000000,86.810000,'root');
INSERT INTO ALMACEN_PRODUCTO(ALMACEN_ID,PRODUCTO_ID,CANTIDAD_ACTUAL,CANTIDAD_MINIMA,PRECIO_VENTA) VALUES (1,19,3,0,86.810000);

INSERT INTO ALMACEN_PRODUCTO(ALMACEN_ID,PRODUCTO_ID,CANTIDAD_ACTUAL,CANTIDAD_MINIMA,PRECIO_VENTA) VALUES (2,19,0,0,1.000000);

INSERT INTO ALMACEN_PRODUCTO(ALMACEN_ID,PRODUCTO_ID,CANTIDAD_ACTUAL,CANTIDAD_MINIMA,PRECIO_VENTA) VALUES (3,19,3,0,87.500000);

INSERT INTO ALMACEN_PRODUCTO(ALMACEN_ID,PRODUCTO_ID,CANTIDAD_ACTUAL,CANTIDAD_MINIMA,PRECIO_VENTA) VALUES (4,19,3,0,1.000000);

INSERT INTO PROVEEDOR_PRODUCTO(PROVEEDOR_ID,PRODUCTO_ID,PRECIO_COMPRA) VALUES(13,19, 1.000000);

-- ===========PRODUCTO [20]
INSERT INTO PRODUCTO(ID,MARCA_ID,NOMBRE,PRESENTACION,CONTENIDO,UNIDADES_POR_CAJA,COSTO,COSTO_VENTA,PRECIO_BASE,UNIDAD_MEDIDA,CODIGO_BARRAS) VALUES(20,2,'Adidas Colonia Caballero','Pure Game',100,6.0,1.000000,1.000000,92.600000,'ML',3.607345216805E12);

INSERT INTO MOVIMIENTO_HISTORICO_PRODUCTO (ALMACEN_ID,PRODUCTO_ID,FECHA,TIPO_MOVIMIENTO_ID,CANTIDAD,COSTO,PRECIO,USUARIO_ID) VALUES(1,20,now(),30,4,1.000000,92.600000,'root');
INSERT INTO ALMACEN_PRODUCTO(ALMACEN_ID,PRODUCTO_ID,CANTIDAD_ACTUAL,CANTIDAD_MINIMA,PRECIO_VENTA) VALUES (1,20,4,0,92.600000);

INSERT INTO ALMACEN_PRODUCTO(ALMACEN_ID,PRODUCTO_ID,CANTIDAD_ACTUAL,CANTIDAD_MINIMA,PRECIO_VENTA) VALUES (2,20,0,0,1.000000);

INSERT INTO ALMACEN_PRODUCTO(ALMACEN_ID,PRODUCTO_ID,CANTIDAD_ACTUAL,CANTIDAD_MINIMA,PRECIO_VENTA) VALUES (3,20,4,0,96.000000);

INSERT INTO ALMACEN_PRODUCTO(ALMACEN_ID,PRODUCTO_ID,CANTIDAD_ACTUAL,CANTIDAD_MINIMA,PRECIO_VENTA) VALUES (4,20,4,0,1.000000);

INSERT INTO PROVEEDOR_PRODUCTO(PROVEEDOR_ID,PRODUCTO_ID,PRECIO_COMPRA) VALUES(13,20, 1.000000);

-- ===========PRODUCTO [21]
INSERT INTO PRODUCTO(ID,MARCA_ID,NOMBRE,PRESENTACION,CONTENIDO,UNIDADES_POR_CAJA,COSTO,COSTO_VENTA,PRECIO_BASE,UNIDAD_MEDIDA,CODIGO_BARRAS) VALUES(21,7,'Brumel Agua de Colonia','Clasica',500,12.0,1.000000,1.000000,1.000000,'ML',8.410669760108E12);

INSERT INTO MOVIMIENTO_HISTORICO_PRODUCTO (ALMACEN_ID,PRODUCTO_ID,FECHA,TIPO_MOVIMIENTO_ID,CANTIDAD,COSTO,PRECIO,USUARIO_ID) VALUES(1,21,now(),30,3,1.000000,1.000000,'root');
INSERT INTO ALMACEN_PRODUCTO(ALMACEN_ID,PRODUCTO_ID,CANTIDAD_ACTUAL,CANTIDAD_MINIMA,PRECIO_VENTA) VALUES (1,21,3,0,1.000000);

INSERT INTO ALMACEN_PRODUCTO(ALMACEN_ID,PRODUCTO_ID,CANTIDAD_ACTUAL,CANTIDAD_MINIMA,PRECIO_VENTA) VALUES (2,21,0,0,1.000000);

INSERT INTO ALMACEN_PRODUCTO(ALMACEN_ID,PRODUCTO_ID,CANTIDAD_ACTUAL,CANTIDAD_MINIMA,PRECIO_VENTA) VALUES (3,21,3,0,1.000000);

INSERT INTO ALMACEN_PRODUCTO(ALMACEN_ID,PRODUCTO_ID,CANTIDAD_ACTUAL,CANTIDAD_MINIMA,PRECIO_VENTA) VALUES (4,21,3,0,1.000000);

INSERT INTO PROVEEDOR_PRODUCTO(PROVEEDOR_ID,PRODUCTO_ID,PRECIO_COMPRA) VALUES(13,21, 1.000000);

-- ===========PRODUCTO [22]
INSERT INTO PRODUCTO(ID,MARCA_ID,NOMBRE,PRESENTACION,CONTENIDO,UNIDADES_POR_CAJA,COSTO,COSTO_VENTA,PRECIO_BASE,UNIDAD_MEDIDA,CODIGO_BARRAS) VALUES(22,8,'Heno de Pravia Aerosol','Active Plus',140,24.0,1.000000,1.000000,1.000000,'G',7.50105750374E12);

INSERT INTO MOVIMIENTO_HISTORICO_PRODUCTO (ALMACEN_ID,PRODUCTO_ID,FECHA,TIPO_MOVIMIENTO_ID,CANTIDAD,COSTO,PRECIO,USUARIO_ID) VALUES(1,22,now(),30,12,1.000000,1.000000,'root');
INSERT INTO ALMACEN_PRODUCTO(ALMACEN_ID,PRODUCTO_ID,CANTIDAD_ACTUAL,CANTIDAD_MINIMA,PRECIO_VENTA) VALUES (1,22,12,0,1.000000);

INSERT INTO ALMACEN_PRODUCTO(ALMACEN_ID,PRODUCTO_ID,CANTIDAD_ACTUAL,CANTIDAD_MINIMA,PRECIO_VENTA) VALUES (2,22,0,0,1.000000);

INSERT INTO ALMACEN_PRODUCTO(ALMACEN_ID,PRODUCTO_ID,CANTIDAD_ACTUAL,CANTIDAD_MINIMA,PRECIO_VENTA) VALUES (3,22,12,0,1.000000);

INSERT INTO ALMACEN_PRODUCTO(ALMACEN_ID,PRODUCTO_ID,CANTIDAD_ACTUAL,CANTIDAD_MINIMA,PRECIO_VENTA) VALUES (4,22,12,0,1.000000);

INSERT INTO PROVEEDOR_PRODUCTO(PROVEEDOR_ID,PRODUCTO_ID,PRECIO_COMPRA) VALUES(13,22, 1.000000);

-- ===========PRODUCTO [23]
INSERT INTO PRODUCTO(ID,MARCA_ID,NOMBRE,PRESENTACION,CONTENIDO,UNIDADES_POR_CAJA,COSTO,COSTO_VENTA,PRECIO_BASE,UNIDAD_MEDIDA,CODIGO_BARRAS) VALUES(23,2,'Adidas Colonia Caballero','Team Force',100,12.0,1.000000,1.000000,92.600000,'ML',7.501737476319E12);

INSERT INTO MOVIMIENTO_HISTORICO_PRODUCTO (ALMACEN_ID,PRODUCTO_ID,FECHA,TIPO_MOVIMIENTO_ID,CANTIDAD,COSTO,PRECIO,USUARIO_ID) VALUES(1,23,now(),30,3,1.000000,92.600000,'root');
INSERT INTO ALMACEN_PRODUCTO(ALMACEN_ID,PRODUCTO_ID,CANTIDAD_ACTUAL,CANTIDAD_MINIMA,PRECIO_VENTA) VALUES (1,23,3,0,92.600000);

INSERT INTO ALMACEN_PRODUCTO(ALMACEN_ID,PRODUCTO_ID,CANTIDAD_ACTUAL,CANTIDAD_MINIMA,PRECIO_VENTA) VALUES (2,23,0,0,1.000000);

INSERT INTO ALMACEN_PRODUCTO(ALMACEN_ID,PRODUCTO_ID,CANTIDAD_ACTUAL,CANTIDAD_MINIMA,PRECIO_VENTA) VALUES (3,23,3,0,96.000000);

INSERT INTO ALMACEN_PRODUCTO(ALMACEN_ID,PRODUCTO_ID,CANTIDAD_ACTUAL,CANTIDAD_MINIMA,PRECIO_VENTA) VALUES (4,23,3,0,1.000000);

INSERT INTO PROVEEDOR_PRODUCTO(PROVEEDOR_ID,PRODUCTO_ID,PRECIO_COMPRA) VALUES(13,23, 1.000000);

-- ===========PRODUCTO [24]
INSERT INTO PRODUCTO(ID,MARCA_ID,NOMBRE,PRESENTACION,CONTENIDO,UNIDADES_POR_CAJA,COSTO,COSTO_VENTA,PRECIO_BASE,UNIDAD_MEDIDA,CODIGO_BARRAS) VALUES(24,9,'Coty Body Fresh Locion','Spa Tropics',236,12.0,1.000000,1.000000,1.000000,'ML',7.501737457608E12);

INSERT INTO MOVIMIENTO_HISTORICO_PRODUCTO (ALMACEN_ID,PRODUCTO_ID,FECHA,TIPO_MOVIMIENTO_ID,CANTIDAD,COSTO,PRECIO,USUARIO_ID) VALUES(1,24,now(),30,12,1.000000,1.000000,'root');
INSERT INTO ALMACEN_PRODUCTO(ALMACEN_ID,PRODUCTO_ID,CANTIDAD_ACTUAL,CANTIDAD_MINIMA,PRECIO_VENTA) VALUES (1,24,12,0,1.000000);

INSERT INTO ALMACEN_PRODUCTO(ALMACEN_ID,PRODUCTO_ID,CANTIDAD_ACTUAL,CANTIDAD_MINIMA,PRECIO_VENTA) VALUES (2,24,0,0,1.000000);

INSERT INTO ALMACEN_PRODUCTO(ALMACEN_ID,PRODUCTO_ID,CANTIDAD_ACTUAL,CANTIDAD_MINIMA,PRECIO_VENTA) VALUES (3,24,12,0,1.000000);

INSERT INTO ALMACEN_PRODUCTO(ALMACEN_ID,PRODUCTO_ID,CANTIDAD_ACTUAL,CANTIDAD_MINIMA,PRECIO_VENTA) VALUES (4,24,12,0,1.000000);

INSERT INTO PROVEEDOR_PRODUCTO(PROVEEDOR_ID,PRODUCTO_ID,PRECIO_COMPRA) VALUES(13,24, 1.000000);

-- ===========PRODUCTO [25]
INSERT INTO PRODUCTO(ID,MARCA_ID,NOMBRE,PRESENTACION,CONTENIDO,UNIDADES_POR_CAJA,COSTO,COSTO_VENTA,PRECIO_BASE,UNIDAD_MEDIDA,CODIGO_BARRAS) VALUES(25,9,'Coty Body Fresh Locion','Juicy Melon',236,12.0,1.000000,1.000000,1.000000,'ML',7.501737410856E12);

INSERT INTO MOVIMIENTO_HISTORICO_PRODUCTO (ALMACEN_ID,PRODUCTO_ID,FECHA,TIPO_MOVIMIENTO_ID,CANTIDAD,COSTO,PRECIO,USUARIO_ID) VALUES(1,25,now(),30,12,1.000000,1.000000,'root');
INSERT INTO ALMACEN_PRODUCTO(ALMACEN_ID,PRODUCTO_ID,CANTIDAD_ACTUAL,CANTIDAD_MINIMA,PRECIO_VENTA) VALUES (1,25,12,0,1.000000);

INSERT INTO ALMACEN_PRODUCTO(ALMACEN_ID,PRODUCTO_ID,CANTIDAD_ACTUAL,CANTIDAD_MINIMA,PRECIO_VENTA) VALUES (2,25,0,0,1.000000);

INSERT INTO ALMACEN_PRODUCTO(ALMACEN_ID,PRODUCTO_ID,CANTIDAD_ACTUAL,CANTIDAD_MINIMA,PRECIO_VENTA) VALUES (3,25,12,0,1.000000);

INSERT INTO ALMACEN_PRODUCTO(ALMACEN_ID,PRODUCTO_ID,CANTIDAD_ACTUAL,CANTIDAD_MINIMA,PRECIO_VENTA) VALUES (4,25,12,0,1.000000);

INSERT INTO PROVEEDOR_PRODUCTO(PROVEEDOR_ID,PRODUCTO_ID,PRECIO_COMPRA) VALUES(13,25, 1.000000);

-- ===========PRODUCTO [26]
INSERT INTO PRODUCTO(ID,MARCA_ID,NOMBRE,PRESENTACION,CONTENIDO,UNIDADES_POR_CAJA,COSTO,COSTO_VENTA,PRECIO_BASE,UNIDAD_MEDIDA,CODIGO_BARRAS) VALUES(26,9,'Coty Body Fresh Locion','Peach',236,12.0,1.000000,1.000000,1.000000,'ML',7.501737420015E12);

INSERT INTO MOVIMIENTO_HISTORICO_PRODUCTO (ALMACEN_ID,PRODUCTO_ID,FECHA,TIPO_MOVIMIENTO_ID,CANTIDAD,COSTO,PRECIO,USUARIO_ID) VALUES(1,26,now(),30,12,1.000000,1.000000,'root');
INSERT INTO ALMACEN_PRODUCTO(ALMACEN_ID,PRODUCTO_ID,CANTIDAD_ACTUAL,CANTIDAD_MINIMA,PRECIO_VENTA) VALUES (1,26,12,0,1.000000);

INSERT INTO ALMACEN_PRODUCTO(ALMACEN_ID,PRODUCTO_ID,CANTIDAD_ACTUAL,CANTIDAD_MINIMA,PRECIO_VENTA) VALUES (2,26,0,0,1.000000);

INSERT INTO ALMACEN_PRODUCTO(ALMACEN_ID,PRODUCTO_ID,CANTIDAD_ACTUAL,CANTIDAD_MINIMA,PRECIO_VENTA) VALUES (3,26,12,0,1.000000);

INSERT INTO ALMACEN_PRODUCTO(ALMACEN_ID,PRODUCTO_ID,CANTIDAD_ACTUAL,CANTIDAD_MINIMA,PRECIO_VENTA) VALUES (4,26,12,0,1.000000);

INSERT INTO PROVEEDOR_PRODUCTO(PROVEEDOR_ID,PRODUCTO_ID,PRECIO_COMPRA) VALUES(13,26, 1.000000);

-- ===========PRODUCTO [27]
INSERT INTO PRODUCTO(ID,MARCA_ID,NOMBRE,PRESENTACION,CONTENIDO,UNIDADES_POR_CAJA,COSTO,COSTO_VENTA,PRECIO_BASE,UNIDAD_MEDIDA,CODIGO_BARRAS) VALUES(27,9,'Coty Body Fresh Locion','Tahitian Orchid',59,12.0,1.000000,1.000000,1.000000,'ML',7.501737418128E12);

INSERT INTO MOVIMIENTO_HISTORICO_PRODUCTO (ALMACEN_ID,PRODUCTO_ID,FECHA,TIPO_MOVIMIENTO_ID,CANTIDAD,COSTO,PRECIO,USUARIO_ID) VALUES(1,27,now(),30,12,1.000000,1.000000,'root');
INSERT INTO ALMACEN_PRODUCTO(ALMACEN_ID,PRODUCTO_ID,CANTIDAD_ACTUAL,CANTIDAD_MINIMA,PRECIO_VENTA) VALUES (1,27,12,0,1.000000);

INSERT INTO ALMACEN_PRODUCTO(ALMACEN_ID,PRODUCTO_ID,CANTIDAD_ACTUAL,CANTIDAD_MINIMA,PRECIO_VENTA) VALUES (2,27,0,0,1.000000);

INSERT INTO ALMACEN_PRODUCTO(ALMACEN_ID,PRODUCTO_ID,CANTIDAD_ACTUAL,CANTIDAD_MINIMA,PRECIO_VENTA) VALUES (3,27,12,0,1.000000);

INSERT INTO ALMACEN_PRODUCTO(ALMACEN_ID,PRODUCTO_ID,CANTIDAD_ACTUAL,CANTIDAD_MINIMA,PRECIO_VENTA) VALUES (4,27,12,0,1.000000);

INSERT INTO PROVEEDOR_PRODUCTO(PROVEEDOR_ID,PRODUCTO_ID,PRECIO_COMPRA) VALUES(13,27, 1.000000);

-- ===========PRODUCTO [28]
INSERT INTO PRODUCTO(ID,MARCA_ID,NOMBRE,PRESENTACION,CONTENIDO,UNIDADES_POR_CAJA,COSTO,COSTO_VENTA,PRECIO_BASE,UNIDAD_MEDIDA,CODIGO_BARRAS) VALUES(28,9,'Coty Body Fresh Locion','Energetica',59,12.0,1.000000,1.000000,1.000000,'ML',7.501737406644E12);

INSERT INTO MOVIMIENTO_HISTORICO_PRODUCTO (ALMACEN_ID,PRODUCTO_ID,FECHA,TIPO_MOVIMIENTO_ID,CANTIDAD,COSTO,PRECIO,USUARIO_ID) VALUES(1,28,now(),30,12,1.000000,1.000000,'root');
INSERT INTO ALMACEN_PRODUCTO(ALMACEN_ID,PRODUCTO_ID,CANTIDAD_ACTUAL,CANTIDAD_MINIMA,PRECIO_VENTA) VALUES (1,28,12,0,1.000000);

INSERT INTO ALMACEN_PRODUCTO(ALMACEN_ID,PRODUCTO_ID,CANTIDAD_ACTUAL,CANTIDAD_MINIMA,PRECIO_VENTA) VALUES (2,28,0,0,1.000000);

INSERT INTO ALMACEN_PRODUCTO(ALMACEN_ID,PRODUCTO_ID,CANTIDAD_ACTUAL,CANTIDAD_MINIMA,PRECIO_VENTA) VALUES (3,28,12,0,1.000000);

INSERT INTO ALMACEN_PRODUCTO(ALMACEN_ID,PRODUCTO_ID,CANTIDAD_ACTUAL,CANTIDAD_MINIMA,PRECIO_VENTA) VALUES (4,28,12,0,1.000000);

INSERT INTO PROVEEDOR_PRODUCTO(PROVEEDOR_ID,PRODUCTO_ID,PRECIO_COMPRA) VALUES(13,28, 1.000000);

-- ===========PRODUCTO [29]
INSERT INTO PRODUCTO(ID,MARCA_ID,NOMBRE,PRESENTACION,CONTENIDO,UNIDADES_POR_CAJA,COSTO,COSTO_VENTA,PRECIO_BASE,UNIDAD_MEDIDA,CODIGO_BARRAS) VALUES(29,9,'Coty Body Fresh Locion','Dias de Rosas',59,12.0,1.000000,1.000000,1.000000,'ML',7.501737422156E12);

INSERT INTO MOVIMIENTO_HISTORICO_PRODUCTO (ALMACEN_ID,PRODUCTO_ID,FECHA,TIPO_MOVIMIENTO_ID,CANTIDAD,COSTO,PRECIO,USUARIO_ID) VALUES(1,29,now(),30,12,1.000000,1.000000,'root');
INSERT INTO ALMACEN_PRODUCTO(ALMACEN_ID,PRODUCTO_ID,CANTIDAD_ACTUAL,CANTIDAD_MINIMA,PRECIO_VENTA) VALUES (1,29,12,0,1.000000);

INSERT INTO ALMACEN_PRODUCTO(ALMACEN_ID,PRODUCTO_ID,CANTIDAD_ACTUAL,CANTIDAD_MINIMA,PRECIO_VENTA) VALUES (2,29,0,0,1.000000);

INSERT INTO ALMACEN_PRODUCTO(ALMACEN_ID,PRODUCTO_ID,CANTIDAD_ACTUAL,CANTIDAD_MINIMA,PRECIO_VENTA) VALUES (3,29,12,0,1.000000);

INSERT INTO ALMACEN_PRODUCTO(ALMACEN_ID,PRODUCTO_ID,CANTIDAD_ACTUAL,CANTIDAD_MINIMA,PRECIO_VENTA) VALUES (4,29,12,0,1.000000);

INSERT INTO PROVEEDOR_PRODUCTO(PROVEEDOR_ID,PRODUCTO_ID,PRECIO_COMPRA) VALUES(13,29, 1.000000);

-- ===========PRODUCTO [30]
INSERT INTO PRODUCTO(ID,MARCA_ID,NOMBRE,PRESENTACION,CONTENIDO,UNIDADES_POR_CAJA,COSTO,COSTO_VENTA,PRECIO_BASE,UNIDAD_MEDIDA,CODIGO_BARRAS) VALUES(30,10,'Cataflam DD','Dicofenaco Potasico',50,12.0,1.000000,1.000000,1.000000,'MG',7.501094910105E12);

INSERT INTO MOVIMIENTO_HISTORICO_PRODUCTO (ALMACEN_ID,PRODUCTO_ID,FECHA,TIPO_MOVIMIENTO_ID,CANTIDAD,COSTO,PRECIO,USUARIO_ID) VALUES(1,30,now(),30,0,1.000000,1.000000,'root');
INSERT INTO ALMACEN_PRODUCTO(ALMACEN_ID,PRODUCTO_ID,CANTIDAD_ACTUAL,CANTIDAD_MINIMA,PRECIO_VENTA) VALUES (1,30,0,0,1.000000);

INSERT INTO ALMACEN_PRODUCTO(ALMACEN_ID,PRODUCTO_ID,CANTIDAD_ACTUAL,CANTIDAD_MINIMA,PRECIO_VENTA) VALUES (2,30,0,0,1.000000);

INSERT INTO PROVEEDOR_PRODUCTO(PROVEEDOR_ID,PRODUCTO_ID,PRECIO_COMPRA) VALUES(2,30, 1.000000);

-- ===========PRODUCTO [31]
INSERT INTO PRODUCTO(ID,MARCA_ID,NOMBRE,PRESENTACION,CONTENIDO,UNIDADES_POR_CAJA,COSTO,COSTO_VENTA,PRECIO_BASE,UNIDAD_MEDIDA,CODIGO_BARRAS) VALUES(31,9,'Coty Body Fresh Locion','Magic Dream',59,12.0,1.000000,1.000000,1.000000,'ML',7.501737406637E12);

INSERT INTO MOVIMIENTO_HISTORICO_PRODUCTO (ALMACEN_ID,PRODUCTO_ID,FECHA,TIPO_MOVIMIENTO_ID,CANTIDAD,COSTO,PRECIO,USUARIO_ID) VALUES(1,31,now(),30,12,1.000000,1.000000,'root');
INSERT INTO ALMACEN_PRODUCTO(ALMACEN_ID,PRODUCTO_ID,CANTIDAD_ACTUAL,CANTIDAD_MINIMA,PRECIO_VENTA) VALUES (1,31,12,0,1.000000);

INSERT INTO ALMACEN_PRODUCTO(ALMACEN_ID,PRODUCTO_ID,CANTIDAD_ACTUAL,CANTIDAD_MINIMA,PRECIO_VENTA) VALUES (2,31,0,0,1.000000);

INSERT INTO ALMACEN_PRODUCTO(ALMACEN_ID,PRODUCTO_ID,CANTIDAD_ACTUAL,CANTIDAD_MINIMA,PRECIO_VENTA) VALUES (3,31,12,0,1.000000);

INSERT INTO ALMACEN_PRODUCTO(ALMACEN_ID,PRODUCTO_ID,CANTIDAD_ACTUAL,CANTIDAD_MINIMA,PRECIO_VENTA) VALUES (4,31,12,0,1.000000);

INSERT INTO PROVEEDOR_PRODUCTO(PROVEEDOR_ID,PRODUCTO_ID,PRECIO_COMPRA) VALUES(13,31, 1.000000);

-- ===========PRODUCTO [32]
INSERT INTO PRODUCTO(ID,MARCA_ID,NOMBRE,PRESENTACION,CONTENIDO,UNIDADES_POR_CAJA,COSTO,COSTO_VENTA,PRECIO_BASE,UNIDAD_MEDIDA,CODIGO_BARRAS) VALUES(32,11,'Brut Aerosol Caballero','Classic AP',97,12.0,1.000000,1.000000,1.000000,'ML',7.502221184741E12);

INSERT INTO MOVIMIENTO_HISTORICO_PRODUCTO (ALMACEN_ID,PRODUCTO_ID,FECHA,TIPO_MOVIMIENTO_ID,CANTIDAD,COSTO,PRECIO,USUARIO_ID) VALUES(1,32,now(),30,12,1.000000,1.000000,'root');
INSERT INTO ALMACEN_PRODUCTO(ALMACEN_ID,PRODUCTO_ID,CANTIDAD_ACTUAL,CANTIDAD_MINIMA,PRECIO_VENTA) VALUES (1,32,12,0,1.000000);

INSERT INTO ALMACEN_PRODUCTO(ALMACEN_ID,PRODUCTO_ID,CANTIDAD_ACTUAL,CANTIDAD_MINIMA,PRECIO_VENTA) VALUES (2,32,0,0,1.000000);

INSERT INTO ALMACEN_PRODUCTO(ALMACEN_ID,PRODUCTO_ID,CANTIDAD_ACTUAL,CANTIDAD_MINIMA,PRECIO_VENTA) VALUES (3,32,12,0,19.900000);

INSERT INTO ALMACEN_PRODUCTO(ALMACEN_ID,PRODUCTO_ID,CANTIDAD_ACTUAL,CANTIDAD_MINIMA,PRECIO_VENTA) VALUES (4,32,12,0,1.000000);

INSERT INTO PROVEEDOR_PRODUCTO(PROVEEDOR_ID,PRODUCTO_ID,PRECIO_COMPRA) VALUES(18,32, 1.000000);

-- ===========PRODUCTO [33]
INSERT INTO PRODUCTO(ID,MARCA_ID,NOMBRE,PRESENTACION,CONTENIDO,UNIDADES_POR_CAJA,COSTO,COSTO_VENTA,PRECIO_BASE,UNIDAD_MEDIDA,CODIGO_BARRAS) VALUES(33,11,'Brut Aerosol Caballero','Addiction',210,12.0,1.000000,1.000000,1.000000,'ML',7.502221184765E12);

INSERT INTO MOVIMIENTO_HISTORICO_PRODUCTO (ALMACEN_ID,PRODUCTO_ID,FECHA,TIPO_MOVIMIENTO_ID,CANTIDAD,COSTO,PRECIO,USUARIO_ID) VALUES(1,33,now(),30,12,1.000000,1.000000,'root');
INSERT INTO ALMACEN_PRODUCTO(ALMACEN_ID,PRODUCTO_ID,CANTIDAD_ACTUAL,CANTIDAD_MINIMA,PRECIO_VENTA) VALUES (1,33,12,0,1.000000);

INSERT INTO ALMACEN_PRODUCTO(ALMACEN_ID,PRODUCTO_ID,CANTIDAD_ACTUAL,CANTIDAD_MINIMA,PRECIO_VENTA) VALUES (2,33,0,0,1.000000);

INSERT INTO ALMACEN_PRODUCTO(ALMACEN_ID,PRODUCTO_ID,CANTIDAD_ACTUAL,CANTIDAD_MINIMA,PRECIO_VENTA) VALUES (3,33,12,0,34.900000);

INSERT INTO ALMACEN_PRODUCTO(ALMACEN_ID,PRODUCTO_ID,CANTIDAD_ACTUAL,CANTIDAD_MINIMA,PRECIO_VENTA) VALUES (4,33,12,0,1.000000);

INSERT INTO PROVEEDOR_PRODUCTO(PROVEEDOR_ID,PRODUCTO_ID,PRECIO_COMPRA) VALUES(18,33, 1.000000);

-- ===========PRODUCTO [34]
INSERT INTO PRODUCTO(ID,MARCA_ID,NOMBRE,PRESENTACION,CONTENIDO,UNIDADES_POR_CAJA,COSTO,COSTO_VENTA,PRECIO_BASE,UNIDAD_MEDIDA,CODIGO_BARRAS) VALUES(34,11,'Brut Aerosol Caballero','Tattoo Classic',208,12.0,1.000000,1.000000,1.000000,'ML',7.502221184697E12);

INSERT INTO MOVIMIENTO_HISTORICO_PRODUCTO (ALMACEN_ID,PRODUCTO_ID,FECHA,TIPO_MOVIMIENTO_ID,CANTIDAD,COSTO,PRECIO,USUARIO_ID) VALUES(1,34,now(),30,12,1.000000,1.000000,'root');
INSERT INTO ALMACEN_PRODUCTO(ALMACEN_ID,PRODUCTO_ID,CANTIDAD_ACTUAL,CANTIDAD_MINIMA,PRECIO_VENTA) VALUES (1,34,12,0,1.000000);

INSERT INTO ALMACEN_PRODUCTO(ALMACEN_ID,PRODUCTO_ID,CANTIDAD_ACTUAL,CANTIDAD_MINIMA,PRECIO_VENTA) VALUES (2,34,0,0,1.000000);

INSERT INTO ALMACEN_PRODUCTO(ALMACEN_ID,PRODUCTO_ID,CANTIDAD_ACTUAL,CANTIDAD_MINIMA,PRECIO_VENTA) VALUES (3,34,12,0,34.900000);

INSERT INTO ALMACEN_PRODUCTO(ALMACEN_ID,PRODUCTO_ID,CANTIDAD_ACTUAL,CANTIDAD_MINIMA,PRECIO_VENTA) VALUES (4,34,12,0,1.000000);

INSERT INTO PROVEEDOR_PRODUCTO(PROVEEDOR_ID,PRODUCTO_ID,PRECIO_COMPRA) VALUES(18,34, 1.000000);

-- ===========PRODUCTO [35]
INSERT INTO PRODUCTO(ID,MARCA_ID,NOMBRE,PRESENTACION,CONTENIDO,UNIDADES_POR_CAJA,COSTO,COSTO_VENTA,PRECIO_BASE,UNIDAD_MEDIDA,CODIGO_BARRAS) VALUES(35,11,'Brut Aerosol Caballero','Tattoo Fragance',208,12.0,1.000000,1.000000,1.000000,'ML',7.502221184703E12);

INSERT INTO MOVIMIENTO_HISTORICO_PRODUCTO (ALMACEN_ID,PRODUCTO_ID,FECHA,TIPO_MOVIMIENTO_ID,CANTIDAD,COSTO,PRECIO,USUARIO_ID) VALUES(1,35,now(),30,12,1.000000,1.000000,'root');
INSERT INTO ALMACEN_PRODUCTO(ALMACEN_ID,PRODUCTO_ID,CANTIDAD_ACTUAL,CANTIDAD_MINIMA,PRECIO_VENTA) VALUES (1,35,12,0,1.000000);

INSERT INTO ALMACEN_PRODUCTO(ALMACEN_ID,PRODUCTO_ID,CANTIDAD_ACTUAL,CANTIDAD_MINIMA,PRECIO_VENTA) VALUES (2,35,0,0,1.000000);

INSERT INTO ALMACEN_PRODUCTO(ALMACEN_ID,PRODUCTO_ID,CANTIDAD_ACTUAL,CANTIDAD_MINIMA,PRECIO_VENTA) VALUES (3,35,12,0,34.900000);

INSERT INTO ALMACEN_PRODUCTO(ALMACEN_ID,PRODUCTO_ID,CANTIDAD_ACTUAL,CANTIDAD_MINIMA,PRECIO_VENTA) VALUES (4,35,12,0,1.000000);

INSERT INTO PROVEEDOR_PRODUCTO(PROVEEDOR_ID,PRODUCTO_ID,PRECIO_COMPRA) VALUES(18,35, 1.000000);

-- ===========PRODUCTO [36]
INSERT INTO PRODUCTO(ID,MARCA_ID,NOMBRE,PRESENTACION,CONTENIDO,UNIDADES_POR_CAJA,COSTO,COSTO_VENTA,PRECIO_BASE,UNIDAD_MEDIDA,CODIGO_BARRAS) VALUES(36,12,'Ammens Talco Desodorante','Fresco',125,12.0,1.000000,1.000000,1.000000,'G',7.502221182167E12);

INSERT INTO MOVIMIENTO_HISTORICO_PRODUCTO (ALMACEN_ID,PRODUCTO_ID,FECHA,TIPO_MOVIMIENTO_ID,CANTIDAD,COSTO,PRECIO,USUARIO_ID) VALUES(1,36,now(),30,14,1.000000,1.000000,'root');
INSERT INTO ALMACEN_PRODUCTO(ALMACEN_ID,PRODUCTO_ID,CANTIDAD_ACTUAL,CANTIDAD_MINIMA,PRECIO_VENTA) VALUES (1,36,14,0,1.000000);

INSERT INTO ALMACEN_PRODUCTO(ALMACEN_ID,PRODUCTO_ID,CANTIDAD_ACTUAL,CANTIDAD_MINIMA,PRECIO_VENTA) VALUES (2,36,21,0,1.000000);

INSERT INTO ALMACEN_PRODUCTO(ALMACEN_ID,PRODUCTO_ID,CANTIDAD_ACTUAL,CANTIDAD_MINIMA,PRECIO_VENTA) VALUES (3,36,14,0,1.000000);

INSERT INTO ALMACEN_PRODUCTO(ALMACEN_ID,PRODUCTO_ID,CANTIDAD_ACTUAL,CANTIDAD_MINIMA,PRECIO_VENTA) VALUES (4,36,14,0,1.000000);

INSERT INTO PROVEEDOR_PRODUCTO(PROVEEDOR_ID,PRODUCTO_ID,PRECIO_COMPRA) VALUES(18,36, 1.000000);

-- ===========PRODUCTO [37]
INSERT INTO PRODUCTO(ID,MARCA_ID,NOMBRE,PRESENTACION,CONTENIDO,UNIDADES_POR_CAJA,COSTO,COSTO_VENTA,PRECIO_BASE,UNIDAD_MEDIDA,CODIGO_BARRAS) VALUES(37,12,'Ammens Talco Desodorante','Baby',125,12.0,1.000000,1.000000,1.000000,'G',7.502221182181E12);

INSERT INTO MOVIMIENTO_HISTORICO_PRODUCTO (ALMACEN_ID,PRODUCTO_ID,FECHA,TIPO_MOVIMIENTO_ID,CANTIDAD,COSTO,PRECIO,USUARIO_ID) VALUES(1,37,now(),30,12,1.000000,1.000000,'root');
INSERT INTO ALMACEN_PRODUCTO(ALMACEN_ID,PRODUCTO_ID,CANTIDAD_ACTUAL,CANTIDAD_MINIMA,PRECIO_VENTA) VALUES (1,37,12,0,1.000000);

INSERT INTO ALMACEN_PRODUCTO(ALMACEN_ID,PRODUCTO_ID,CANTIDAD_ACTUAL,CANTIDAD_MINIMA,PRECIO_VENTA) VALUES (2,37,25,0,1.000000);

INSERT INTO ALMACEN_PRODUCTO(ALMACEN_ID,PRODUCTO_ID,CANTIDAD_ACTUAL,CANTIDAD_MINIMA,PRECIO_VENTA) VALUES (3,37,12,0,1.000000);

INSERT INTO ALMACEN_PRODUCTO(ALMACEN_ID,PRODUCTO_ID,CANTIDAD_ACTUAL,CANTIDAD_MINIMA,PRECIO_VENTA) VALUES (4,37,12,0,1.000000);

INSERT INTO PROVEEDOR_PRODUCTO(PROVEEDOR_ID,PRODUCTO_ID,PRECIO_COMPRA) VALUES(18,37, 1.000000);

-- ===========PRODUCTO [38]
INSERT INTO PRODUCTO(ID,MARCA_ID,NOMBRE,PRESENTACION,CONTENIDO,UNIDADES_POR_CAJA,COSTO,COSTO_VENTA,PRECIO_BASE,UNIDAD_MEDIDA,CODIGO_BARRAS) VALUES(38,12,'Ammens Talco Desodorante','Original',125,12.0,1.000000,1.000000,1.000000,'G',7.502221182143E12);

INSERT INTO MOVIMIENTO_HISTORICO_PRODUCTO (ALMACEN_ID,PRODUCTO_ID,FECHA,TIPO_MOVIMIENTO_ID,CANTIDAD,COSTO,PRECIO,USUARIO_ID) VALUES(1,38,now(),30,12,1.000000,1.000000,'root');
INSERT INTO ALMACEN_PRODUCTO(ALMACEN_ID,PRODUCTO_ID,CANTIDAD_ACTUAL,CANTIDAD_MINIMA,PRECIO_VENTA) VALUES (1,38,12,0,1.000000);

INSERT INTO ALMACEN_PRODUCTO(ALMACEN_ID,PRODUCTO_ID,CANTIDAD_ACTUAL,CANTIDAD_MINIMA,PRECIO_VENTA) VALUES (2,38,5,0,1.000000);

INSERT INTO ALMACEN_PRODUCTO(ALMACEN_ID,PRODUCTO_ID,CANTIDAD_ACTUAL,CANTIDAD_MINIMA,PRECIO_VENTA) VALUES (3,38,12,0,1.000000);

INSERT INTO ALMACEN_PRODUCTO(ALMACEN_ID,PRODUCTO_ID,CANTIDAD_ACTUAL,CANTIDAD_MINIMA,PRECIO_VENTA) VALUES (4,38,12,0,1.000000);

INSERT INTO PROVEEDOR_PRODUCTO(PROVEEDOR_ID,PRODUCTO_ID,PRECIO_COMPRA) VALUES(18,38, 1.000000);

-- ===========PRODUCTO [39]
INSERT INTO PRODUCTO(ID,MARCA_ID,NOMBRE,PRESENTACION,CONTENIDO,UNIDADES_POR_CAJA,COSTO,COSTO_VENTA,PRECIO_BASE,UNIDAD_MEDIDA,CODIGO_BARRAS) VALUES(39,13,'Gillette Gel Afeitar','Deep Cleasing',72,24.0,1.000000,1.000000,1.000000,'ML',3.014260326784E12);

INSERT INTO MOVIMIENTO_HISTORICO_PRODUCTO (ALMACEN_ID,PRODUCTO_ID,FECHA,TIPO_MOVIMIENTO_ID,CANTIDAD,COSTO,PRECIO,USUARIO_ID) VALUES(1,39,now(),30,24,1.000000,1.000000,'root');
INSERT INTO ALMACEN_PRODUCTO(ALMACEN_ID,PRODUCTO_ID,CANTIDAD_ACTUAL,CANTIDAD_MINIMA,PRECIO_VENTA) VALUES (1,39,24,0,1.000000);

INSERT INTO ALMACEN_PRODUCTO(ALMACEN_ID,PRODUCTO_ID,CANTIDAD_ACTUAL,CANTIDAD_MINIMA,PRECIO_VENTA) VALUES (2,39,0,0,1.000000);

INSERT INTO ALMACEN_PRODUCTO(ALMACEN_ID,PRODUCTO_ID,CANTIDAD_ACTUAL,CANTIDAD_MINIMA,PRECIO_VENTA) VALUES (3,39,24,0,1.000000);

INSERT INTO ALMACEN_PRODUCTO(ALMACEN_ID,PRODUCTO_ID,CANTIDAD_ACTUAL,CANTIDAD_MINIMA,PRECIO_VENTA) VALUES (4,39,24,0,1.000000);

INSERT INTO PROVEEDOR_PRODUCTO(PROVEEDOR_ID,PRODUCTO_ID,PRECIO_COMPRA) VALUES(24,39, 1.000000);

-- ===========PRODUCTO [40]
INSERT INTO PRODUCTO(ID,MARCA_ID,NOMBRE,PRESENTACION,CONTENIDO,UNIDADES_POR_CAJA,COSTO,COSTO_VENTA,PRECIO_BASE,UNIDAD_MEDIDA,CODIGO_BARRAS) VALUES(40,14,'Fructis Garnier Tratamiento','Long & Strong',350,12.0,1.000000,1.000000,1.000000,'G',7.501839104653E12);

INSERT INTO MOVIMIENTO_HISTORICO_PRODUCTO (ALMACEN_ID,PRODUCTO_ID,FECHA,TIPO_MOVIMIENTO_ID,CANTIDAD,COSTO,PRECIO,USUARIO_ID) VALUES(1,40,now(),30,12,1.000000,1.000000,'root');
INSERT INTO ALMACEN_PRODUCTO(ALMACEN_ID,PRODUCTO_ID,CANTIDAD_ACTUAL,CANTIDAD_MINIMA,PRECIO_VENTA) VALUES (1,40,12,0,1.000000);

INSERT INTO ALMACEN_PRODUCTO(ALMACEN_ID,PRODUCTO_ID,CANTIDAD_ACTUAL,CANTIDAD_MINIMA,PRECIO_VENTA) VALUES (2,40,0,0,1.000000);

INSERT INTO ALMACEN_PRODUCTO(ALMACEN_ID,PRODUCTO_ID,CANTIDAD_ACTUAL,CANTIDAD_MINIMA,PRECIO_VENTA) VALUES (3,40,12,0,1.000000);

INSERT INTO ALMACEN_PRODUCTO(ALMACEN_ID,PRODUCTO_ID,CANTIDAD_ACTUAL,CANTIDAD_MINIMA,PRECIO_VENTA) VALUES (4,40,12,0,1.000000);

INSERT INTO PROVEEDOR_PRODUCTO(PROVEEDOR_ID,PRODUCTO_ID,PRECIO_COMPRA) VALUES(13,40, 1.000000);

-- ===========PRODUCTO [41]
INSERT INTO PRODUCTO(ID,MARCA_ID,NOMBRE,PRESENTACION,CONTENIDO,UNIDADES_POR_CAJA,COSTO,COSTO_VENTA,PRECIO_BASE,UNIDAD_MEDIDA,CODIGO_BARRAS) VALUES(41,14,'Fructis Garnier Tratamiento','Hidra Rizos',350,12.0,1.000000,1.000000,1.000000,'G',7.501839108873E12);

INSERT INTO MOVIMIENTO_HISTORICO_PRODUCTO (ALMACEN_ID,PRODUCTO_ID,FECHA,TIPO_MOVIMIENTO_ID,CANTIDAD,COSTO,PRECIO,USUARIO_ID) VALUES(1,41,now(),30,12,1.000000,1.000000,'root');
INSERT INTO ALMACEN_PRODUCTO(ALMACEN_ID,PRODUCTO_ID,CANTIDAD_ACTUAL,CANTIDAD_MINIMA,PRECIO_VENTA) VALUES (1,41,12,0,1.000000);

INSERT INTO ALMACEN_PRODUCTO(ALMACEN_ID,PRODUCTO_ID,CANTIDAD_ACTUAL,CANTIDAD_MINIMA,PRECIO_VENTA) VALUES (2,41,0,0,1.000000);

INSERT INTO ALMACEN_PRODUCTO(ALMACEN_ID,PRODUCTO_ID,CANTIDAD_ACTUAL,CANTIDAD_MINIMA,PRECIO_VENTA) VALUES (3,41,12,0,1.000000);

INSERT INTO ALMACEN_PRODUCTO(ALMACEN_ID,PRODUCTO_ID,CANTIDAD_ACTUAL,CANTIDAD_MINIMA,PRECIO_VENTA) VALUES (4,41,12,0,1.000000);

INSERT INTO PROVEEDOR_PRODUCTO(PROVEEDOR_ID,PRODUCTO_ID,PRECIO_COMPRA) VALUES(13,41, 1.000000);

-- ===========PRODUCTO [42]
INSERT INTO PRODUCTO(ID,MARCA_ID,NOMBRE,PRESENTACION,CONTENIDO,UNIDADES_POR_CAJA,COSTO,COSTO_VENTA,PRECIO_BASE,UNIDAD_MEDIDA,CODIGO_BARRAS) VALUES(42,15,'Lady Speed Stick Barra ','double Defense Active Fresh',45,12.0,1.000000,1.000000,1.000000,'G',7.509546015514E12);

INSERT INTO MOVIMIENTO_HISTORICO_PRODUCTO (ALMACEN_ID,PRODUCTO_ID,FECHA,TIPO_MOVIMIENTO_ID,CANTIDAD,COSTO,PRECIO,USUARIO_ID) VALUES(1,42,now(),30,12,1.000000,1.000000,'root');
INSERT INTO ALMACEN_PRODUCTO(ALMACEN_ID,PRODUCTO_ID,CANTIDAD_ACTUAL,CANTIDAD_MINIMA,PRECIO_VENTA) VALUES (1,42,12,0,1.000000);

INSERT INTO ALMACEN_PRODUCTO(ALMACEN_ID,PRODUCTO_ID,CANTIDAD_ACTUAL,CANTIDAD_MINIMA,PRECIO_VENTA) VALUES (2,42,3,0,1.000000);

INSERT INTO ALMACEN_PRODUCTO(ALMACEN_ID,PRODUCTO_ID,CANTIDAD_ACTUAL,CANTIDAD_MINIMA,PRECIO_VENTA) VALUES (3,42,12,0,1.000000);

INSERT INTO ALMACEN_PRODUCTO(ALMACEN_ID,PRODUCTO_ID,CANTIDAD_ACTUAL,CANTIDAD_MINIMA,PRECIO_VENTA) VALUES (4,42,12,0,1.000000);

INSERT INTO PROVEEDOR_PRODUCTO(PROVEEDOR_ID,PRODUCTO_ID,PRECIO_COMPRA) VALUES(6,42, 1.000000);

-- ===========PRODUCTO [43]
INSERT INTO PRODUCTO(ID,MARCA_ID,NOMBRE,PRESENTACION,CONTENIDO,UNIDADES_POR_CAJA,COSTO,COSTO_VENTA,PRECIO_BASE,UNIDAD_MEDIDA,CODIGO_BARRAS) VALUES(43,15,'Lady Speed Stick Gel ','double Defense Active Fresh',65,12.0,1.000000,1.000000,1.000000,'G',7.509546015545E12);

INSERT INTO MOVIMIENTO_HISTORICO_PRODUCTO (ALMACEN_ID,PRODUCTO_ID,FECHA,TIPO_MOVIMIENTO_ID,CANTIDAD,COSTO,PRECIO,USUARIO_ID) VALUES(1,43,now(),30,12,1.000000,1.000000,'root');
INSERT INTO ALMACEN_PRODUCTO(ALMACEN_ID,PRODUCTO_ID,CANTIDAD_ACTUAL,CANTIDAD_MINIMA,PRECIO_VENTA) VALUES (1,43,12,0,1.000000);

INSERT INTO ALMACEN_PRODUCTO(ALMACEN_ID,PRODUCTO_ID,CANTIDAD_ACTUAL,CANTIDAD_MINIMA,PRECIO_VENTA) VALUES (2,43,3,0,1.000000);

INSERT INTO ALMACEN_PRODUCTO(ALMACEN_ID,PRODUCTO_ID,CANTIDAD_ACTUAL,CANTIDAD_MINIMA,PRECIO_VENTA) VALUES (3,43,12,0,1.000000);

INSERT INTO ALMACEN_PRODUCTO(ALMACEN_ID,PRODUCTO_ID,CANTIDAD_ACTUAL,CANTIDAD_MINIMA,PRECIO_VENTA) VALUES (4,43,12,0,1.000000);

INSERT INTO PROVEEDOR_PRODUCTO(PROVEEDOR_ID,PRODUCTO_ID,PRECIO_COMPRA) VALUES(6,43, 1.000000);

-- ===========PRODUCTO [44]
INSERT INTO PRODUCTO(ID,MARCA_ID,NOMBRE,PRESENTACION,CONTENIDO,UNIDADES_POR_CAJA,COSTO,COSTO_VENTA,PRECIO_BASE,UNIDAD_MEDIDA,CODIGO_BARRAS) VALUES(44,15,'Lady Speed Stick Gel ','Double Defense Floral Fresh',65,12.0,1.000000,1.000000,1.000000,'G',7.509546029153E12);

INSERT INTO MOVIMIENTO_HISTORICO_PRODUCTO (ALMACEN_ID,PRODUCTO_ID,FECHA,TIPO_MOVIMIENTO_ID,CANTIDAD,COSTO,PRECIO,USUARIO_ID) VALUES(1,44,now(),30,12,1.000000,1.000000,'root');
INSERT INTO ALMACEN_PRODUCTO(ALMACEN_ID,PRODUCTO_ID,CANTIDAD_ACTUAL,CANTIDAD_MINIMA,PRECIO_VENTA) VALUES (1,44,12,0,1.000000);

INSERT INTO ALMACEN_PRODUCTO(ALMACEN_ID,PRODUCTO_ID,CANTIDAD_ACTUAL,CANTIDAD_MINIMA,PRECIO_VENTA) VALUES (2,44,2,0,1.000000);

INSERT INTO ALMACEN_PRODUCTO(ALMACEN_ID,PRODUCTO_ID,CANTIDAD_ACTUAL,CANTIDAD_MINIMA,PRECIO_VENTA) VALUES (3,44,12,0,1.000000);

INSERT INTO ALMACEN_PRODUCTO(ALMACEN_ID,PRODUCTO_ID,CANTIDAD_ACTUAL,CANTIDAD_MINIMA,PRECIO_VENTA) VALUES (4,44,12,0,1.000000);

INSERT INTO PROVEEDOR_PRODUCTO(PROVEEDOR_ID,PRODUCTO_ID,PRECIO_COMPRA) VALUES(6,44, 1.000000);

-- ===========PRODUCTO [45]
INSERT INTO PRODUCTO(ID,MARCA_ID,NOMBRE,PRESENTACION,CONTENIDO,UNIDADES_POR_CAJA,COSTO,COSTO_VENTA,PRECIO_BASE,UNIDAD_MEDIDA,CODIGO_BARRAS) VALUES(45,15,'Lady Speed Stick Barra ','Invisible Floral ',45,12.0,1.000000,1.000000,1.000000,'G',7.501035908925E12);

INSERT INTO MOVIMIENTO_HISTORICO_PRODUCTO (ALMACEN_ID,PRODUCTO_ID,FECHA,TIPO_MOVIMIENTO_ID,CANTIDAD,COSTO,PRECIO,USUARIO_ID) VALUES(1,45,now(),30,12,1.000000,1.000000,'root');
INSERT INTO ALMACEN_PRODUCTO(ALMACEN_ID,PRODUCTO_ID,CANTIDAD_ACTUAL,CANTIDAD_MINIMA,PRECIO_VENTA) VALUES (1,45,12,0,1.000000);

INSERT INTO ALMACEN_PRODUCTO(ALMACEN_ID,PRODUCTO_ID,CANTIDAD_ACTUAL,CANTIDAD_MINIMA,PRECIO_VENTA) VALUES (2,45,5,0,1.000000);

INSERT INTO ALMACEN_PRODUCTO(ALMACEN_ID,PRODUCTO_ID,CANTIDAD_ACTUAL,CANTIDAD_MINIMA,PRECIO_VENTA) VALUES (3,45,12,0,1.000000);

INSERT INTO ALMACEN_PRODUCTO(ALMACEN_ID,PRODUCTO_ID,CANTIDAD_ACTUAL,CANTIDAD_MINIMA,PRECIO_VENTA) VALUES (4,45,12,0,1.000000);

INSERT INTO PROVEEDOR_PRODUCTO(PROVEEDOR_ID,PRODUCTO_ID,PRECIO_COMPRA) VALUES(6,45, 1.000000);

-- ===========PRODUCTO [46]
INSERT INTO PRODUCTO(ID,MARCA_ID,NOMBRE,PRESENTACION,CONTENIDO,UNIDADES_POR_CAJA,COSTO,COSTO_VENTA,PRECIO_BASE,UNIDAD_MEDIDA,CODIGO_BARRAS) VALUES(46,15,'Lady Speed Stick Barra ','Naturals & Protect',45,12.0,1.000000,1.000000,1.000000,'G',7.509546055312E12);

INSERT INTO MOVIMIENTO_HISTORICO_PRODUCTO (ALMACEN_ID,PRODUCTO_ID,FECHA,TIPO_MOVIMIENTO_ID,CANTIDAD,COSTO,PRECIO,USUARIO_ID) VALUES(1,46,now(),30,12,1.000000,1.000000,'root');
INSERT INTO ALMACEN_PRODUCTO(ALMACEN_ID,PRODUCTO_ID,CANTIDAD_ACTUAL,CANTIDAD_MINIMA,PRECIO_VENTA) VALUES (1,46,12,0,1.000000);

INSERT INTO ALMACEN_PRODUCTO(ALMACEN_ID,PRODUCTO_ID,CANTIDAD_ACTUAL,CANTIDAD_MINIMA,PRECIO_VENTA) VALUES (2,46,2,0,1.000000);

INSERT INTO ALMACEN_PRODUCTO(ALMACEN_ID,PRODUCTO_ID,CANTIDAD_ACTUAL,CANTIDAD_MINIMA,PRECIO_VENTA) VALUES (3,46,12,0,1.000000);

INSERT INTO ALMACEN_PRODUCTO(ALMACEN_ID,PRODUCTO_ID,CANTIDAD_ACTUAL,CANTIDAD_MINIMA,PRECIO_VENTA) VALUES (4,46,12,0,1.000000);

INSERT INTO PROVEEDOR_PRODUCTO(PROVEEDOR_ID,PRODUCTO_ID,PRECIO_COMPRA) VALUES(6,46, 1.000000);

-- ===========PRODUCTO [47]
INSERT INTO PRODUCTO(ID,MARCA_ID,NOMBRE,PRESENTACION,CONTENIDO,UNIDADES_POR_CAJA,COSTO,COSTO_VENTA,PRECIO_BASE,UNIDAD_MEDIDA,CODIGO_BARRAS) VALUES(47,15,'Lady Speed Stick Barra ','Double Defense Floral Fresh',45,12.0,1.000000,1.000000,1.000000,'G',7.509546029146E12);

INSERT INTO MOVIMIENTO_HISTORICO_PRODUCTO (ALMACEN_ID,PRODUCTO_ID,FECHA,TIPO_MOVIMIENTO_ID,CANTIDAD,COSTO,PRECIO,USUARIO_ID) VALUES(1,47,now(),30,12,1.000000,1.000000,'root');
INSERT INTO ALMACEN_PRODUCTO(ALMACEN_ID,PRODUCTO_ID,CANTIDAD_ACTUAL,CANTIDAD_MINIMA,PRECIO_VENTA) VALUES (1,47,12,0,1.000000);

INSERT INTO ALMACEN_PRODUCTO(ALMACEN_ID,PRODUCTO_ID,CANTIDAD_ACTUAL,CANTIDAD_MINIMA,PRECIO_VENTA) VALUES (2,47,1,0,1.000000);

INSERT INTO ALMACEN_PRODUCTO(ALMACEN_ID,PRODUCTO_ID,CANTIDAD_ACTUAL,CANTIDAD_MINIMA,PRECIO_VENTA) VALUES (3,47,12,0,1.000000);

INSERT INTO ALMACEN_PRODUCTO(ALMACEN_ID,PRODUCTO_ID,CANTIDAD_ACTUAL,CANTIDAD_MINIMA,PRECIO_VENTA) VALUES (4,47,12,0,1.000000);

INSERT INTO PROVEEDOR_PRODUCTO(PROVEEDOR_ID,PRODUCTO_ID,PRECIO_COMPRA) VALUES(6,47, 1.000000);

-- ===========PRODUCTO [48]
INSERT INTO PRODUCTO(ID,MARCA_ID,NOMBRE,PRESENTACION,CONTENIDO,UNIDADES_POR_CAJA,COSTO,COSTO_VENTA,PRECIO_BASE,UNIDAD_MEDIDA,CODIGO_BARRAS) VALUES(48,15,'Lady Speed Stick Barra ','Orchard Blossom',45,12.0,1.000000,1.000000,1.000000,'G',7.509546004488E12);

INSERT INTO MOVIMIENTO_HISTORICO_PRODUCTO (ALMACEN_ID,PRODUCTO_ID,FECHA,TIPO_MOVIMIENTO_ID,CANTIDAD,COSTO,PRECIO,USUARIO_ID) VALUES(1,48,now(),30,12,1.000000,1.000000,'root');
INSERT INTO ALMACEN_PRODUCTO(ALMACEN_ID,PRODUCTO_ID,CANTIDAD_ACTUAL,CANTIDAD_MINIMA,PRECIO_VENTA) VALUES (1,48,12,0,1.000000);

INSERT INTO ALMACEN_PRODUCTO(ALMACEN_ID,PRODUCTO_ID,CANTIDAD_ACTUAL,CANTIDAD_MINIMA,PRECIO_VENTA) VALUES (2,48,0,0,1.000000);

INSERT INTO ALMACEN_PRODUCTO(ALMACEN_ID,PRODUCTO_ID,CANTIDAD_ACTUAL,CANTIDAD_MINIMA,PRECIO_VENTA) VALUES (3,48,12,0,1.000000);

INSERT INTO ALMACEN_PRODUCTO(ALMACEN_ID,PRODUCTO_ID,CANTIDAD_ACTUAL,CANTIDAD_MINIMA,PRECIO_VENTA) VALUES (4,48,12,0,1.000000);

INSERT INTO PROVEEDOR_PRODUCTO(PROVEEDOR_ID,PRODUCTO_ID,PRECIO_COMPRA) VALUES(6,48, 1.000000);

-- ===========PRODUCTO [49]
INSERT INTO PRODUCTO(ID,MARCA_ID,NOMBRE,PRESENTACION,CONTENIDO,UNIDADES_POR_CAJA,COSTO,COSTO_VENTA,PRECIO_BASE,UNIDAD_MEDIDA,CODIGO_BARRAS) VALUES(49,15,'Lady Speed Stick Barra ','Stainguard',65,12.0,1.000000,1.000000,1.000000,'G',7.509546050966E12);

INSERT INTO MOVIMIENTO_HISTORICO_PRODUCTO (ALMACEN_ID,PRODUCTO_ID,FECHA,TIPO_MOVIMIENTO_ID,CANTIDAD,COSTO,PRECIO,USUARIO_ID) VALUES(1,49,now(),30,24,1.000000,1.000000,'root');
INSERT INTO ALMACEN_PRODUCTO(ALMACEN_ID,PRODUCTO_ID,CANTIDAD_ACTUAL,CANTIDAD_MINIMA,PRECIO_VENTA) VALUES (1,49,24,0,1.000000);

INSERT INTO ALMACEN_PRODUCTO(ALMACEN_ID,PRODUCTO_ID,CANTIDAD_ACTUAL,CANTIDAD_MINIMA,PRECIO_VENTA) VALUES (2,49,0,0,1.000000);

INSERT INTO ALMACEN_PRODUCTO(ALMACEN_ID,PRODUCTO_ID,CANTIDAD_ACTUAL,CANTIDAD_MINIMA,PRECIO_VENTA) VALUES (3,49,24,0,1.000000);

INSERT INTO ALMACEN_PRODUCTO(ALMACEN_ID,PRODUCTO_ID,CANTIDAD_ACTUAL,CANTIDAD_MINIMA,PRECIO_VENTA) VALUES (4,49,24,0,1.000000);

INSERT INTO PROVEEDOR_PRODUCTO(PROVEEDOR_ID,PRODUCTO_ID,PRECIO_COMPRA) VALUES(6,49, 1.000000);

-- ===========PRODUCTO [50]
INSERT INTO PRODUCTO(ID,MARCA_ID,NOMBRE,PRESENTACION,CONTENIDO,UNIDADES_POR_CAJA,COSTO,COSTO_VENTA,PRECIO_BASE,UNIDAD_MEDIDA,CODIGO_BARRAS) VALUES(50,15,'Lady Speed Stick Barra ','Ph Active ',65,12.0,1.000000,1.000000,1.000000,'G',7.50954605267E12);

INSERT INTO MOVIMIENTO_HISTORICO_PRODUCTO (ALMACEN_ID,PRODUCTO_ID,FECHA,TIPO_MOVIMIENTO_ID,CANTIDAD,COSTO,PRECIO,USUARIO_ID) VALUES(1,50,now(),30,12,1.000000,1.000000,'root');
INSERT INTO ALMACEN_PRODUCTO(ALMACEN_ID,PRODUCTO_ID,CANTIDAD_ACTUAL,CANTIDAD_MINIMA,PRECIO_VENTA) VALUES (1,50,12,0,1.000000);

INSERT INTO ALMACEN_PRODUCTO(ALMACEN_ID,PRODUCTO_ID,CANTIDAD_ACTUAL,CANTIDAD_MINIMA,PRECIO_VENTA) VALUES (2,50,0,0,1.000000);

INSERT INTO ALMACEN_PRODUCTO(ALMACEN_ID,PRODUCTO_ID,CANTIDAD_ACTUAL,CANTIDAD_MINIMA,PRECIO_VENTA) VALUES (3,50,12,0,1.000000);

INSERT INTO ALMACEN_PRODUCTO(ALMACEN_ID,PRODUCTO_ID,CANTIDAD_ACTUAL,CANTIDAD_MINIMA,PRECIO_VENTA) VALUES (4,50,12,0,1.000000);

INSERT INTO PROVEEDOR_PRODUCTO(PROVEEDOR_ID,PRODUCTO_ID,PRECIO_COMPRA) VALUES(6,50, 1.000000);

-- ===========PRODUCTO [51]
INSERT INTO PRODUCTO(ID,MARCA_ID,NOMBRE,PRESENTACION,CONTENIDO,UNIDADES_POR_CAJA,COSTO,COSTO_VENTA,PRECIO_BASE,UNIDAD_MEDIDA,CODIGO_BARRAS) VALUES(51,15,'Lady Speed Stick Barra ','Invisible floral',65,12.0,1.000000,1.000000,1.000000,'G',7.509546015828E12);

INSERT INTO MOVIMIENTO_HISTORICO_PRODUCTO (ALMACEN_ID,PRODUCTO_ID,FECHA,TIPO_MOVIMIENTO_ID,CANTIDAD,COSTO,PRECIO,USUARIO_ID) VALUES(1,51,now(),30,12,1.000000,1.000000,'root');
INSERT INTO ALMACEN_PRODUCTO(ALMACEN_ID,PRODUCTO_ID,CANTIDAD_ACTUAL,CANTIDAD_MINIMA,PRECIO_VENTA) VALUES (1,51,12,0,1.000000);

INSERT INTO ALMACEN_PRODUCTO(ALMACEN_ID,PRODUCTO_ID,CANTIDAD_ACTUAL,CANTIDAD_MINIMA,PRECIO_VENTA) VALUES (2,51,1,0,1.000000);

INSERT INTO ALMACEN_PRODUCTO(ALMACEN_ID,PRODUCTO_ID,CANTIDAD_ACTUAL,CANTIDAD_MINIMA,PRECIO_VENTA) VALUES (3,51,12,0,1.000000);

INSERT INTO ALMACEN_PRODUCTO(ALMACEN_ID,PRODUCTO_ID,CANTIDAD_ACTUAL,CANTIDAD_MINIMA,PRECIO_VENTA) VALUES (4,51,12,0,1.000000);

INSERT INTO PROVEEDOR_PRODUCTO(PROVEEDOR_ID,PRODUCTO_ID,PRECIO_COMPRA) VALUES(6,51, 1.000000);

-- ===========PRODUCTO [52]
INSERT INTO PRODUCTO(ID,MARCA_ID,NOMBRE,PRESENTACION,CONTENIDO,UNIDADES_POR_CAJA,COSTO,COSTO_VENTA,PRECIO_BASE,UNIDAD_MEDIDA,CODIGO_BARRAS) VALUES(52,15,'Lady Speed Stick Barra ','Invisible Wild Freesia',65,12.0,1.000000,1.000000,1.000000,'G',7.509546044217E12);

INSERT INTO MOVIMIENTO_HISTORICO_PRODUCTO (ALMACEN_ID,PRODUCTO_ID,FECHA,TIPO_MOVIMIENTO_ID,CANTIDAD,COSTO,PRECIO,USUARIO_ID) VALUES(1,52,now(),30,12,1.000000,1.000000,'root');
INSERT INTO ALMACEN_PRODUCTO(ALMACEN_ID,PRODUCTO_ID,CANTIDAD_ACTUAL,CANTIDAD_MINIMA,PRECIO_VENTA) VALUES (1,52,12,0,1.000000);

INSERT INTO ALMACEN_PRODUCTO(ALMACEN_ID,PRODUCTO_ID,CANTIDAD_ACTUAL,CANTIDAD_MINIMA,PRECIO_VENTA) VALUES (2,52,0,0,1.000000);

INSERT INTO ALMACEN_PRODUCTO(ALMACEN_ID,PRODUCTO_ID,CANTIDAD_ACTUAL,CANTIDAD_MINIMA,PRECIO_VENTA) VALUES (3,52,12,0,1.000000);

INSERT INTO ALMACEN_PRODUCTO(ALMACEN_ID,PRODUCTO_ID,CANTIDAD_ACTUAL,CANTIDAD_MINIMA,PRECIO_VENTA) VALUES (4,52,12,0,1.000000);

INSERT INTO PROVEEDOR_PRODUCTO(PROVEEDOR_ID,PRODUCTO_ID,PRECIO_COMPRA) VALUES(6,52, 1.000000);

-- ===========PRODUCTO [53]
INSERT INTO PRODUCTO(ID,MARCA_ID,NOMBRE,PRESENTACION,CONTENIDO,UNIDADES_POR_CAJA,COSTO,COSTO_VENTA,PRECIO_BASE,UNIDAD_MEDIDA,CODIGO_BARRAS) VALUES(53,16,'Ajax Limpiador Liquido','Amonia',1000,12.0,1.000000,1.000000,1.000000,'ML',7.501035905054E12);

INSERT INTO MOVIMIENTO_HISTORICO_PRODUCTO (ALMACEN_ID,PRODUCTO_ID,FECHA,TIPO_MOVIMIENTO_ID,CANTIDAD,COSTO,PRECIO,USUARIO_ID) VALUES(1,53,now(),30,14,1.000000,1.000000,'root');
INSERT INTO ALMACEN_PRODUCTO(ALMACEN_ID,PRODUCTO_ID,CANTIDAD_ACTUAL,CANTIDAD_MINIMA,PRECIO_VENTA) VALUES (1,53,14,0,1.000000);

INSERT INTO ALMACEN_PRODUCTO(ALMACEN_ID,PRODUCTO_ID,CANTIDAD_ACTUAL,CANTIDAD_MINIMA,PRECIO_VENTA) VALUES (2,53,5,0,1.000000);

INSERT INTO ALMACEN_PRODUCTO(ALMACEN_ID,PRODUCTO_ID,CANTIDAD_ACTUAL,CANTIDAD_MINIMA,PRECIO_VENTA) VALUES (3,53,14,0,1.000000);

INSERT INTO ALMACEN_PRODUCTO(ALMACEN_ID,PRODUCTO_ID,CANTIDAD_ACTUAL,CANTIDAD_MINIMA,PRECIO_VENTA) VALUES (4,53,14,0,1.000000);

INSERT INTO PROVEEDOR_PRODUCTO(PROVEEDOR_ID,PRODUCTO_ID,PRECIO_COMPRA) VALUES(6,53, 1.000000);

-- ===========PRODUCTO [54]
INSERT INTO PRODUCTO(ID,MARCA_ID,NOMBRE,PRESENTACION,CONTENIDO,UNIDADES_POR_CAJA,COSTO,COSTO_VENTA,PRECIO_BASE,UNIDAD_MEDIDA,CODIGO_BARRAS) VALUES(54,17,'Palmolive Hydra Natura Solida','Humectacion Profunda',450,12.0,1.000000,1.000000,1.000000,'G',7.509546030326E12);

INSERT INTO MOVIMIENTO_HISTORICO_PRODUCTO (ALMACEN_ID,PRODUCTO_ID,FECHA,TIPO_MOVIMIENTO_ID,CANTIDAD,COSTO,PRECIO,USUARIO_ID) VALUES(1,54,now(),30,12,1.000000,1.000000,'root');
INSERT INTO ALMACEN_PRODUCTO(ALMACEN_ID,PRODUCTO_ID,CANTIDAD_ACTUAL,CANTIDAD_MINIMA,PRECIO_VENTA) VALUES (1,54,12,0,1.000000);

INSERT INTO ALMACEN_PRODUCTO(ALMACEN_ID,PRODUCTO_ID,CANTIDAD_ACTUAL,CANTIDAD_MINIMA,PRECIO_VENTA) VALUES (2,54,0,0,1.000000);

INSERT INTO ALMACEN_PRODUCTO(ALMACEN_ID,PRODUCTO_ID,CANTIDAD_ACTUAL,CANTIDAD_MINIMA,PRECIO_VENTA) VALUES (3,54,12,0,1.000000);

INSERT INTO ALMACEN_PRODUCTO(ALMACEN_ID,PRODUCTO_ID,CANTIDAD_ACTUAL,CANTIDAD_MINIMA,PRECIO_VENTA) VALUES (4,54,12,0,1.000000);

INSERT INTO PROVEEDOR_PRODUCTO(PROVEEDOR_ID,PRODUCTO_ID,PRECIO_COMPRA) VALUES(6,54, 1.000000);

-- ===========PRODUCTO [55]
INSERT INTO PRODUCTO(ID,MARCA_ID,NOMBRE,PRESENTACION,CONTENIDO,UNIDADES_POR_CAJA,COSTO,COSTO_VENTA,PRECIO_BASE,UNIDAD_MEDIDA,CODIGO_BARRAS) VALUES(55,18,'Palmolive Crema Solida','Neutro Balance ',450,12.0,1.000000,1.000000,1.000000,'G',7.501035917316E12);

INSERT INTO MOVIMIENTO_HISTORICO_PRODUCTO (ALMACEN_ID,PRODUCTO_ID,FECHA,TIPO_MOVIMIENTO_ID,CANTIDAD,COSTO,PRECIO,USUARIO_ID) VALUES(1,55,now(),30,12,1.000000,1.000000,'root');
INSERT INTO ALMACEN_PRODUCTO(ALMACEN_ID,PRODUCTO_ID,CANTIDAD_ACTUAL,CANTIDAD_MINIMA,PRECIO_VENTA) VALUES (1,55,12,0,1.000000);

INSERT INTO ALMACEN_PRODUCTO(ALMACEN_ID,PRODUCTO_ID,CANTIDAD_ACTUAL,CANTIDAD_MINIMA,PRECIO_VENTA) VALUES (2,55,0,0,1.000000);

INSERT INTO ALMACEN_PRODUCTO(ALMACEN_ID,PRODUCTO_ID,CANTIDAD_ACTUAL,CANTIDAD_MINIMA,PRECIO_VENTA) VALUES (3,55,12,0,1.000000);

INSERT INTO ALMACEN_PRODUCTO(ALMACEN_ID,PRODUCTO_ID,CANTIDAD_ACTUAL,CANTIDAD_MINIMA,PRECIO_VENTA) VALUES (4,55,12,0,1.000000);

INSERT INTO PROVEEDOR_PRODUCTO(PROVEEDOR_ID,PRODUCTO_ID,PRECIO_COMPRA) VALUES(6,55, 1.000000);

-- ===========PRODUCTO [56]
INSERT INTO PRODUCTO(ID,MARCA_ID,NOMBRE,PRESENTACION,CONTENIDO,UNIDADES_POR_CAJA,COSTO,COSTO_VENTA,PRECIO_BASE,UNIDAD_MEDIDA,CODIGO_BARRAS) VALUES(56,15,'Lady Speed Stick Barra ','Ph Active',45,12.0,1.000000,1.000000,1.000000,'G',7.509546052656E12);

INSERT INTO MOVIMIENTO_HISTORICO_PRODUCTO (ALMACEN_ID,PRODUCTO_ID,FECHA,TIPO_MOVIMIENTO_ID,CANTIDAD,COSTO,PRECIO,USUARIO_ID) VALUES(1,56,now(),30,12,1.000000,1.000000,'root');
INSERT INTO ALMACEN_PRODUCTO(ALMACEN_ID,PRODUCTO_ID,CANTIDAD_ACTUAL,CANTIDAD_MINIMA,PRECIO_VENTA) VALUES (1,56,12,0,1.000000);

INSERT INTO ALMACEN_PRODUCTO(ALMACEN_ID,PRODUCTO_ID,CANTIDAD_ACTUAL,CANTIDAD_MINIMA,PRECIO_VENTA) VALUES (2,56,4,0,1.000000);

INSERT INTO ALMACEN_PRODUCTO(ALMACEN_ID,PRODUCTO_ID,CANTIDAD_ACTUAL,CANTIDAD_MINIMA,PRECIO_VENTA) VALUES (3,56,12,0,1.000000);

INSERT INTO ALMACEN_PRODUCTO(ALMACEN_ID,PRODUCTO_ID,CANTIDAD_ACTUAL,CANTIDAD_MINIMA,PRECIO_VENTA) VALUES (4,56,12,0,1.000000);

INSERT INTO PROVEEDOR_PRODUCTO(PROVEEDOR_ID,PRODUCTO_ID,PRECIO_COMPRA) VALUES(6,56, 1.000000);

-- ===========PRODUCTO [57]
INSERT INTO PRODUCTO(ID,MARCA_ID,NOMBRE,PRESENTACION,CONTENIDO,UNIDADES_POR_CAJA,COSTO,COSTO_VENTA,PRECIO_BASE,UNIDAD_MEDIDA,CODIGO_BARRAS) VALUES(57,19,'Rexona Stick Caballero','Absolute Ginseng',45,12.0,1.000000,1.000000,1.000000,'G',7.5028947E7);

INSERT INTO MOVIMIENTO_HISTORICO_PRODUCTO (ALMACEN_ID,PRODUCTO_ID,FECHA,TIPO_MOVIMIENTO_ID,CANTIDAD,COSTO,PRECIO,USUARIO_ID) VALUES(1,57,now(),30,12,1.000000,1.000000,'root');
INSERT INTO ALMACEN_PRODUCTO(ALMACEN_ID,PRODUCTO_ID,CANTIDAD_ACTUAL,CANTIDAD_MINIMA,PRECIO_VENTA) VALUES (1,57,12,0,1.000000);

INSERT INTO ALMACEN_PRODUCTO(ALMACEN_ID,PRODUCTO_ID,CANTIDAD_ACTUAL,CANTIDAD_MINIMA,PRECIO_VENTA) VALUES (2,57,0,0,1.000000);

INSERT INTO ALMACEN_PRODUCTO(ALMACEN_ID,PRODUCTO_ID,CANTIDAD_ACTUAL,CANTIDAD_MINIMA,PRECIO_VENTA) VALUES (3,57,12,0,1.000000);

INSERT INTO ALMACEN_PRODUCTO(ALMACEN_ID,PRODUCTO_ID,CANTIDAD_ACTUAL,CANTIDAD_MINIMA,PRECIO_VENTA) VALUES (4,57,12,0,1.000000);

INSERT INTO PROVEEDOR_PRODUCTO(PROVEEDOR_ID,PRODUCTO_ID,PRECIO_COMPRA) VALUES(17,57, 1.000000);

-- ===========PRODUCTO [58]
INSERT INTO PRODUCTO(ID,MARCA_ID,NOMBRE,PRESENTACION,CONTENIDO,UNIDADES_POR_CAJA,COSTO,COSTO_VENTA,PRECIO_BASE,UNIDAD_MEDIDA,CODIGO_BARRAS) VALUES(58,20,'Plax Colgate Enjuague Bucal','PerioGard',250,12.0,1.000000,1.000000,1.000000,'ML',7.891024179901E12);

INSERT INTO MOVIMIENTO_HISTORICO_PRODUCTO (ALMACEN_ID,PRODUCTO_ID,FECHA,TIPO_MOVIMIENTO_ID,CANTIDAD,COSTO,PRECIO,USUARIO_ID) VALUES(1,58,now(),30,11,1.000000,1.000000,'root');
INSERT INTO ALMACEN_PRODUCTO(ALMACEN_ID,PRODUCTO_ID,CANTIDAD_ACTUAL,CANTIDAD_MINIMA,PRECIO_VENTA) VALUES (1,58,11,0,1.000000);

INSERT INTO ALMACEN_PRODUCTO(ALMACEN_ID,PRODUCTO_ID,CANTIDAD_ACTUAL,CANTIDAD_MINIMA,PRECIO_VENTA) VALUES (2,58,0,0,1.000000);

INSERT INTO ALMACEN_PRODUCTO(ALMACEN_ID,PRODUCTO_ID,CANTIDAD_ACTUAL,CANTIDAD_MINIMA,PRECIO_VENTA) VALUES (3,58,11,0,29.900000);

INSERT INTO ALMACEN_PRODUCTO(ALMACEN_ID,PRODUCTO_ID,CANTIDAD_ACTUAL,CANTIDAD_MINIMA,PRECIO_VENTA) VALUES (4,58,11,0,1.000000);

INSERT INTO PROVEEDOR_PRODUCTO(PROVEEDOR_ID,PRODUCTO_ID,PRECIO_COMPRA) VALUES(6,58, 1.000000);

-- ===========PRODUCTO [59]
INSERT INTO PRODUCTO(ID,MARCA_ID,NOMBRE,PRESENTACION,CONTENIDO,UNIDADES_POR_CAJA,COSTO,COSTO_VENTA,PRECIO_BASE,UNIDAD_MEDIDA,CODIGO_BARRAS) VALUES(59,18,'Palmolive Liquida','Neutro Balance',400,12.0,1.000000,1.000000,1.000000,'ML',7.501035906341E12);

INSERT INTO MOVIMIENTO_HISTORICO_PRODUCTO (ALMACEN_ID,PRODUCTO_ID,FECHA,TIPO_MOVIMIENTO_ID,CANTIDAD,COSTO,PRECIO,USUARIO_ID) VALUES(1,59,now(),30,12,1.000000,1.000000,'root');
INSERT INTO ALMACEN_PRODUCTO(ALMACEN_ID,PRODUCTO_ID,CANTIDAD_ACTUAL,CANTIDAD_MINIMA,PRECIO_VENTA) VALUES (1,59,12,0,1.000000);

INSERT INTO ALMACEN_PRODUCTO(ALMACEN_ID,PRODUCTO_ID,CANTIDAD_ACTUAL,CANTIDAD_MINIMA,PRECIO_VENTA) VALUES (2,59,0,0,1.000000);

INSERT INTO ALMACEN_PRODUCTO(ALMACEN_ID,PRODUCTO_ID,CANTIDAD_ACTUAL,CANTIDAD_MINIMA,PRECIO_VENTA) VALUES (3,59,12,0,1.000000);

INSERT INTO ALMACEN_PRODUCTO(ALMACEN_ID,PRODUCTO_ID,CANTIDAD_ACTUAL,CANTIDAD_MINIMA,PRECIO_VENTA) VALUES (4,59,12,0,1.000000);

INSERT INTO PROVEEDOR_PRODUCTO(PROVEEDOR_ID,PRODUCTO_ID,PRECIO_COMPRA) VALUES(6,59, 1.000000);

-- ===========PRODUCTO [60]
INSERT INTO PRODUCTO(ID,MARCA_ID,NOMBRE,PRESENTACION,CONTENIDO,UNIDADES_POR_CAJA,COSTO,COSTO_VENTA,PRECIO_BASE,UNIDAD_MEDIDA,CODIGO_BARRAS) VALUES(60,14,'Fructis Style Gel Fijador','Hard',200,12.0,1.000000,1.000000,1.000000,'G',7.501839186796E12);

INSERT INTO MOVIMIENTO_HISTORICO_PRODUCTO (ALMACEN_ID,PRODUCTO_ID,FECHA,TIPO_MOVIMIENTO_ID,CANTIDAD,COSTO,PRECIO,USUARIO_ID) VALUES(1,60,now(),30,12,1.000000,1.000000,'root');
INSERT INTO ALMACEN_PRODUCTO(ALMACEN_ID,PRODUCTO_ID,CANTIDAD_ACTUAL,CANTIDAD_MINIMA,PRECIO_VENTA) VALUES (1,60,12,0,1.000000);

INSERT INTO ALMACEN_PRODUCTO(ALMACEN_ID,PRODUCTO_ID,CANTIDAD_ACTUAL,CANTIDAD_MINIMA,PRECIO_VENTA) VALUES (2,60,0,0,1.000000);

INSERT INTO ALMACEN_PRODUCTO(ALMACEN_ID,PRODUCTO_ID,CANTIDAD_ACTUAL,CANTIDAD_MINIMA,PRECIO_VENTA) VALUES (3,60,12,0,1.000000);

INSERT INTO ALMACEN_PRODUCTO(ALMACEN_ID,PRODUCTO_ID,CANTIDAD_ACTUAL,CANTIDAD_MINIMA,PRECIO_VENTA) VALUES (4,60,12,0,1.000000);

INSERT INTO PROVEEDOR_PRODUCTO(PROVEEDOR_ID,PRODUCTO_ID,PRECIO_COMPRA) VALUES(13,60, 1.000000);

-- ===========PRODUCTO [61]
INSERT INTO PRODUCTO(ID,MARCA_ID,NOMBRE,PRESENTACION,CONTENIDO,UNIDADES_POR_CAJA,COSTO,COSTO_VENTA,PRECIO_BASE,UNIDAD_MEDIDA,CODIGO_BARRAS) VALUES(61,14,'Fructis Style Gel Fijador','Resistencia 24h',200,12.0,1.000000,1.000000,1.000000,'G',7.50183919869E12);

INSERT INTO MOVIMIENTO_HISTORICO_PRODUCTO (ALMACEN_ID,PRODUCTO_ID,FECHA,TIPO_MOVIMIENTO_ID,CANTIDAD,COSTO,PRECIO,USUARIO_ID) VALUES(1,61,now(),30,12,1.000000,1.000000,'root');
INSERT INTO ALMACEN_PRODUCTO(ALMACEN_ID,PRODUCTO_ID,CANTIDAD_ACTUAL,CANTIDAD_MINIMA,PRECIO_VENTA) VALUES (1,61,12,0,1.000000);

INSERT INTO ALMACEN_PRODUCTO(ALMACEN_ID,PRODUCTO_ID,CANTIDAD_ACTUAL,CANTIDAD_MINIMA,PRECIO_VENTA) VALUES (2,61,0,0,1.000000);

INSERT INTO ALMACEN_PRODUCTO(ALMACEN_ID,PRODUCTO_ID,CANTIDAD_ACTUAL,CANTIDAD_MINIMA,PRECIO_VENTA) VALUES (3,61,12,0,1.000000);

INSERT INTO ALMACEN_PRODUCTO(ALMACEN_ID,PRODUCTO_ID,CANTIDAD_ACTUAL,CANTIDAD_MINIMA,PRECIO_VENTA) VALUES (4,61,12,0,1.000000);

INSERT INTO PROVEEDOR_PRODUCTO(PROVEEDOR_ID,PRODUCTO_ID,PRECIO_COMPRA) VALUES(13,61, 1.000000);

-- ===========PRODUCTO [62]
INSERT INTO PRODUCTO(ID,MARCA_ID,NOMBRE,PRESENTACION,CONTENIDO,UNIDADES_POR_CAJA,COSTO,COSTO_VENTA,PRECIO_BASE,UNIDAD_MEDIDA,CODIGO_BARRAS) VALUES(62,21,'Elvive Crema Peinar','Reparacion Total 5',200,12.0,1.000000,1.000000,1.000000,'ML',7.50607897591E12);

INSERT INTO MOVIMIENTO_HISTORICO_PRODUCTO (ALMACEN_ID,PRODUCTO_ID,FECHA,TIPO_MOVIMIENTO_ID,CANTIDAD,COSTO,PRECIO,USUARIO_ID) VALUES(1,62,now(),30,12,1.000000,1.000000,'root');
INSERT INTO ALMACEN_PRODUCTO(ALMACEN_ID,PRODUCTO_ID,CANTIDAD_ACTUAL,CANTIDAD_MINIMA,PRECIO_VENTA) VALUES (1,62,12,0,1.000000);

INSERT INTO ALMACEN_PRODUCTO(ALMACEN_ID,PRODUCTO_ID,CANTIDAD_ACTUAL,CANTIDAD_MINIMA,PRECIO_VENTA) VALUES (2,62,0,0,1.000000);

INSERT INTO ALMACEN_PRODUCTO(ALMACEN_ID,PRODUCTO_ID,CANTIDAD_ACTUAL,CANTIDAD_MINIMA,PRECIO_VENTA) VALUES (3,62,12,0,1.000000);

INSERT INTO ALMACEN_PRODUCTO(ALMACEN_ID,PRODUCTO_ID,CANTIDAD_ACTUAL,CANTIDAD_MINIMA,PRECIO_VENTA) VALUES (4,62,12,0,1.000000);

INSERT INTO PROVEEDOR_PRODUCTO(PROVEEDOR_ID,PRODUCTO_ID,PRECIO_COMPRA) VALUES(13,62, 1.000000);

-- ===========PRODUCTO [63]
INSERT INTO PRODUCTO(ID,MARCA_ID,NOMBRE,PRESENTACION,CONTENIDO,UNIDADES_POR_CAJA,COSTO,COSTO_VENTA,PRECIO_BASE,UNIDAD_MEDIDA,CODIGO_BARRAS) VALUES(63,22,'Loreal Crema Peinar','Curl Power',150,12.0,1.000000,1.000000,1.000000,'ML',7.506078939325E12);

INSERT INTO MOVIMIENTO_HISTORICO_PRODUCTO (ALMACEN_ID,PRODUCTO_ID,FECHA,TIPO_MOVIMIENTO_ID,CANTIDAD,COSTO,PRECIO,USUARIO_ID) VALUES(1,63,now(),30,12,1.000000,1.000000,'root');
INSERT INTO ALMACEN_PRODUCTO(ALMACEN_ID,PRODUCTO_ID,CANTIDAD_ACTUAL,CANTIDAD_MINIMA,PRECIO_VENTA) VALUES (1,63,12,0,1.000000);

INSERT INTO ALMACEN_PRODUCTO(ALMACEN_ID,PRODUCTO_ID,CANTIDAD_ACTUAL,CANTIDAD_MINIMA,PRECIO_VENTA) VALUES (2,63,0,0,1.000000);

INSERT INTO ALMACEN_PRODUCTO(ALMACEN_ID,PRODUCTO_ID,CANTIDAD_ACTUAL,CANTIDAD_MINIMA,PRECIO_VENTA) VALUES (3,63,12,0,1.000000);

INSERT INTO ALMACEN_PRODUCTO(ALMACEN_ID,PRODUCTO_ID,CANTIDAD_ACTUAL,CANTIDAD_MINIMA,PRECIO_VENTA) VALUES (4,63,12,0,1.000000);

INSERT INTO PROVEEDOR_PRODUCTO(PROVEEDOR_ID,PRODUCTO_ID,PRECIO_COMPRA) VALUES(13,63, 1.000000);

-- ===========PRODUCTO [64]
INSERT INTO PRODUCTO(ID,MARCA_ID,NOMBRE,PRESENTACION,CONTENIDO,UNIDADES_POR_CAJA,COSTO,COSTO_VENTA,PRECIO_BASE,UNIDAD_MEDIDA,CODIGO_BARRAS) VALUES(64,23,'SoftSoap Jabón Liquida','CocoNut Scrub',443,6.0,1.000000,1.000000,1.000000,'ML',7.50954605647E12);

INSERT INTO MOVIMIENTO_HISTORICO_PRODUCTO (ALMACEN_ID,PRODUCTO_ID,FECHA,TIPO_MOVIMIENTO_ID,CANTIDAD,COSTO,PRECIO,USUARIO_ID) VALUES(1,64,now(),30,6,1.000000,1.000000,'root');
INSERT INTO ALMACEN_PRODUCTO(ALMACEN_ID,PRODUCTO_ID,CANTIDAD_ACTUAL,CANTIDAD_MINIMA,PRECIO_VENTA) VALUES (1,64,6,0,1.000000);

INSERT INTO ALMACEN_PRODUCTO(ALMACEN_ID,PRODUCTO_ID,CANTIDAD_ACTUAL,CANTIDAD_MINIMA,PRECIO_VENTA) VALUES (2,64,0,0,1.000000);

INSERT INTO ALMACEN_PRODUCTO(ALMACEN_ID,PRODUCTO_ID,CANTIDAD_ACTUAL,CANTIDAD_MINIMA,PRECIO_VENTA) VALUES (3,64,6,0,1.000000);

INSERT INTO ALMACEN_PRODUCTO(ALMACEN_ID,PRODUCTO_ID,CANTIDAD_ACTUAL,CANTIDAD_MINIMA,PRECIO_VENTA) VALUES (4,64,6,0,1.000000);

INSERT INTO PROVEEDOR_PRODUCTO(PROVEEDOR_ID,PRODUCTO_ID,PRECIO_COMPRA) VALUES(6,64, 1.000000);

-- ===========PRODUCTO [65]
INSERT INTO PRODUCTO(ID,MARCA_ID,NOMBRE,PRESENTACION,CONTENIDO,UNIDADES_POR_CAJA,COSTO,COSTO_VENTA,PRECIO_BASE,UNIDAD_MEDIDA,CODIGO_BARRAS) VALUES(65,11,'Brut Crema Afeitar','Classic',118,12.0,1.000000,1.000000,1.000000,'ML',7.502221181573E12);

INSERT INTO MOVIMIENTO_HISTORICO_PRODUCTO (ALMACEN_ID,PRODUCTO_ID,FECHA,TIPO_MOVIMIENTO_ID,CANTIDAD,COSTO,PRECIO,USUARIO_ID) VALUES(1,65,now(),30,6,1.000000,1.000000,'root');
INSERT INTO ALMACEN_PRODUCTO(ALMACEN_ID,PRODUCTO_ID,CANTIDAD_ACTUAL,CANTIDAD_MINIMA,PRECIO_VENTA) VALUES (1,65,6,0,1.000000);

INSERT INTO ALMACEN_PRODUCTO(ALMACEN_ID,PRODUCTO_ID,CANTIDAD_ACTUAL,CANTIDAD_MINIMA,PRECIO_VENTA) VALUES (2,65,0,0,1.000000);

INSERT INTO ALMACEN_PRODUCTO(ALMACEN_ID,PRODUCTO_ID,CANTIDAD_ACTUAL,CANTIDAD_MINIMA,PRECIO_VENTA) VALUES (3,65,6,0,1.000000);

INSERT INTO ALMACEN_PRODUCTO(ALMACEN_ID,PRODUCTO_ID,CANTIDAD_ACTUAL,CANTIDAD_MINIMA,PRECIO_VENTA) VALUES (4,65,6,0,1.000000);

INSERT INTO PROVEEDOR_PRODUCTO(PROVEEDOR_ID,PRODUCTO_ID,PRECIO_COMPRA) VALUES(18,65, 1.000000);

-- ===========PRODUCTO [66]
INSERT INTO PRODUCTO(ID,MARCA_ID,NOMBRE,PRESENTACION,CONTENIDO,UNIDADES_POR_CAJA,COSTO,COSTO_VENTA,PRECIO_BASE,UNIDAD_MEDIDA,CODIGO_BARRAS) VALUES(66,24,'Sport Man Aerosol','Pro',100,12.0,1.000000,1.000000,1.000000,'G',8.411061602782E12);

INSERT INTO MOVIMIENTO_HISTORICO_PRODUCTO (ALMACEN_ID,PRODUCTO_ID,FECHA,TIPO_MOVIMIENTO_ID,CANTIDAD,COSTO,PRECIO,USUARIO_ID) VALUES(1,66,now(),30,12,1.000000,1.000000,'root');
INSERT INTO ALMACEN_PRODUCTO(ALMACEN_ID,PRODUCTO_ID,CANTIDAD_ACTUAL,CANTIDAD_MINIMA,PRECIO_VENTA) VALUES (1,66,12,0,1.000000);

INSERT INTO ALMACEN_PRODUCTO(ALMACEN_ID,PRODUCTO_ID,CANTIDAD_ACTUAL,CANTIDAD_MINIMA,PRECIO_VENTA) VALUES (2,66,0,0,1.000000);

INSERT INTO ALMACEN_PRODUCTO(ALMACEN_ID,PRODUCTO_ID,CANTIDAD_ACTUAL,CANTIDAD_MINIMA,PRECIO_VENTA) VALUES (3,66,12,0,1.000000);

INSERT INTO ALMACEN_PRODUCTO(ALMACEN_ID,PRODUCTO_ID,CANTIDAD_ACTUAL,CANTIDAD_MINIMA,PRECIO_VENTA) VALUES (4,66,12,0,1.000000);

INSERT INTO PROVEEDOR_PRODUCTO(PROVEEDOR_ID,PRODUCTO_ID,PRECIO_COMPRA) VALUES(13,66, 1.000000);

-- ===========PRODUCTO [67]
INSERT INTO PRODUCTO(ID,MARCA_ID,NOMBRE,PRESENTACION,CONTENIDO,UNIDADES_POR_CAJA,COSTO,COSTO_VENTA,PRECIO_BASE,UNIDAD_MEDIDA,CODIGO_BARRAS) VALUES(67,11,'Brut XT Gel Fijacion Extrema','Urban',100,12.0,1.000000,1.000000,1.000000,'ML',7.8921011E7);

INSERT INTO MOVIMIENTO_HISTORICO_PRODUCTO (ALMACEN_ID,PRODUCTO_ID,FECHA,TIPO_MOVIMIENTO_ID,CANTIDAD,COSTO,PRECIO,USUARIO_ID) VALUES(1,67,now(),30,12,1.000000,1.000000,'root');
INSERT INTO ALMACEN_PRODUCTO(ALMACEN_ID,PRODUCTO_ID,CANTIDAD_ACTUAL,CANTIDAD_MINIMA,PRECIO_VENTA) VALUES (1,67,12,0,1.000000);

INSERT INTO ALMACEN_PRODUCTO(ALMACEN_ID,PRODUCTO_ID,CANTIDAD_ACTUAL,CANTIDAD_MINIMA,PRECIO_VENTA) VALUES (2,67,0,0,1.000000);

INSERT INTO ALMACEN_PRODUCTO(ALMACEN_ID,PRODUCTO_ID,CANTIDAD_ACTUAL,CANTIDAD_MINIMA,PRECIO_VENTA) VALUES (3,67,12,0,1.000000);

INSERT INTO ALMACEN_PRODUCTO(ALMACEN_ID,PRODUCTO_ID,CANTIDAD_ACTUAL,CANTIDAD_MINIMA,PRECIO_VENTA) VALUES (4,67,12,0,1.000000);

INSERT INTO PROVEEDOR_PRODUCTO(PROVEEDOR_ID,PRODUCTO_ID,PRECIO_COMPRA) VALUES(18,67, 1.000000);

-- ===========PRODUCTO [68]
INSERT INTO PRODUCTO(ID,MARCA_ID,NOMBRE,PRESENTACION,CONTENIDO,UNIDADES_POR_CAJA,COSTO,COSTO_VENTA,PRECIO_BASE,UNIDAD_MEDIDA,CODIGO_BARRAS) VALUES(68,11,'Brut XT Gel Fijacion Extrema','Ego',100,12.0,1.000000,1.000000,1.000000,'ML',7.8921012E7);

INSERT INTO MOVIMIENTO_HISTORICO_PRODUCTO (ALMACEN_ID,PRODUCTO_ID,FECHA,TIPO_MOVIMIENTO_ID,CANTIDAD,COSTO,PRECIO,USUARIO_ID) VALUES(1,68,now(),30,12,1.000000,1.000000,'root');
INSERT INTO ALMACEN_PRODUCTO(ALMACEN_ID,PRODUCTO_ID,CANTIDAD_ACTUAL,CANTIDAD_MINIMA,PRECIO_VENTA) VALUES (1,68,12,0,1.000000);

INSERT INTO ALMACEN_PRODUCTO(ALMACEN_ID,PRODUCTO_ID,CANTIDAD_ACTUAL,CANTIDAD_MINIMA,PRECIO_VENTA) VALUES (2,68,0,0,1.000000);

INSERT INTO ALMACEN_PRODUCTO(ALMACEN_ID,PRODUCTO_ID,CANTIDAD_ACTUAL,CANTIDAD_MINIMA,PRECIO_VENTA) VALUES (3,68,12,0,1.000000);

INSERT INTO ALMACEN_PRODUCTO(ALMACEN_ID,PRODUCTO_ID,CANTIDAD_ACTUAL,CANTIDAD_MINIMA,PRECIO_VENTA) VALUES (4,68,12,0,1.000000);

INSERT INTO PROVEEDOR_PRODUCTO(PROVEEDOR_ID,PRODUCTO_ID,PRECIO_COMPRA) VALUES(18,68, 1.000000);

-- ===========PRODUCTO [69]
INSERT INTO PRODUCTO(ID,MARCA_ID,NOMBRE,PRESENTACION,CONTENIDO,UNIDADES_POR_CAJA,COSTO,COSTO_VENTA,PRECIO_BASE,UNIDAD_MEDIDA,CODIGO_BARRAS) VALUES(69,11,'Brut XT Gel Fijacion Extrema','Code',100,12.0,1.000000,1.000000,1.000000,'ML',7.8921013E7);

INSERT INTO MOVIMIENTO_HISTORICO_PRODUCTO (ALMACEN_ID,PRODUCTO_ID,FECHA,TIPO_MOVIMIENTO_ID,CANTIDAD,COSTO,PRECIO,USUARIO_ID) VALUES(1,69,now(),30,12,1.000000,1.000000,'root');
INSERT INTO ALMACEN_PRODUCTO(ALMACEN_ID,PRODUCTO_ID,CANTIDAD_ACTUAL,CANTIDAD_MINIMA,PRECIO_VENTA) VALUES (1,69,12,0,1.000000);

INSERT INTO ALMACEN_PRODUCTO(ALMACEN_ID,PRODUCTO_ID,CANTIDAD_ACTUAL,CANTIDAD_MINIMA,PRECIO_VENTA) VALUES (2,69,0,0,1.000000);

INSERT INTO ALMACEN_PRODUCTO(ALMACEN_ID,PRODUCTO_ID,CANTIDAD_ACTUAL,CANTIDAD_MINIMA,PRECIO_VENTA) VALUES (3,69,12,0,1.000000);

INSERT INTO ALMACEN_PRODUCTO(ALMACEN_ID,PRODUCTO_ID,CANTIDAD_ACTUAL,CANTIDAD_MINIMA,PRECIO_VENTA) VALUES (4,69,12,0,1.000000);

INSERT INTO PROVEEDOR_PRODUCTO(PROVEEDOR_ID,PRODUCTO_ID,PRECIO_COMPRA) VALUES(18,69, 1.000000);

-- ===========PRODUCTO [70]
INSERT INTO PRODUCTO(ID,MARCA_ID,NOMBRE,PRESENTACION,CONTENIDO,UNIDADES_POR_CAJA,COSTO,COSTO_VENTA,PRECIO_BASE,UNIDAD_MEDIDA,CODIGO_BARRAS) VALUES(70,11,'Brut XT Gel Fijacion Extrema','Excess',100,12.0,1.000000,1.000000,1.000000,'ML',7.8921014E7);

INSERT INTO MOVIMIENTO_HISTORICO_PRODUCTO (ALMACEN_ID,PRODUCTO_ID,FECHA,TIPO_MOVIMIENTO_ID,CANTIDAD,COSTO,PRECIO,USUARIO_ID) VALUES(1,70,now(),30,3,1.000000,1.000000,'root');
INSERT INTO ALMACEN_PRODUCTO(ALMACEN_ID,PRODUCTO_ID,CANTIDAD_ACTUAL,CANTIDAD_MINIMA,PRECIO_VENTA) VALUES (1,70,3,0,1.000000);

INSERT INTO ALMACEN_PRODUCTO(ALMACEN_ID,PRODUCTO_ID,CANTIDAD_ACTUAL,CANTIDAD_MINIMA,PRECIO_VENTA) VALUES (2,70,0,0,1.000000);

INSERT INTO ALMACEN_PRODUCTO(ALMACEN_ID,PRODUCTO_ID,CANTIDAD_ACTUAL,CANTIDAD_MINIMA,PRECIO_VENTA) VALUES (3,70,3,0,1.000000);

INSERT INTO ALMACEN_PRODUCTO(ALMACEN_ID,PRODUCTO_ID,CANTIDAD_ACTUAL,CANTIDAD_MINIMA,PRECIO_VENTA) VALUES (4,70,3,0,1.000000);

INSERT INTO PROVEEDOR_PRODUCTO(PROVEEDOR_ID,PRODUCTO_ID,PRECIO_COMPRA) VALUES(18,70, 1.000000);

-- ===========PRODUCTO [71]
INSERT INTO PRODUCTO(ID,MARCA_ID,NOMBRE,PRESENTACION,CONTENIDO,UNIDADES_POR_CAJA,COSTO,COSTO_VENTA,PRECIO_BASE,UNIDAD_MEDIDA,CODIGO_BARRAS) VALUES(71,11,'Brut Aerosol','Futbol Fire',208,12.0,1.000000,1.000000,1.000000,'ML',7.502221184376E12);

INSERT INTO MOVIMIENTO_HISTORICO_PRODUCTO (ALMACEN_ID,PRODUCTO_ID,FECHA,TIPO_MOVIMIENTO_ID,CANTIDAD,COSTO,PRECIO,USUARIO_ID) VALUES(1,71,now(),30,12,1.000000,1.000000,'root');
INSERT INTO ALMACEN_PRODUCTO(ALMACEN_ID,PRODUCTO_ID,CANTIDAD_ACTUAL,CANTIDAD_MINIMA,PRECIO_VENTA) VALUES (1,71,12,0,1.000000);

INSERT INTO ALMACEN_PRODUCTO(ALMACEN_ID,PRODUCTO_ID,CANTIDAD_ACTUAL,CANTIDAD_MINIMA,PRECIO_VENTA) VALUES (2,71,0,0,1.000000);

INSERT INTO ALMACEN_PRODUCTO(ALMACEN_ID,PRODUCTO_ID,CANTIDAD_ACTUAL,CANTIDAD_MINIMA,PRECIO_VENTA) VALUES (3,71,12,0,34.900000);

INSERT INTO ALMACEN_PRODUCTO(ALMACEN_ID,PRODUCTO_ID,CANTIDAD_ACTUAL,CANTIDAD_MINIMA,PRECIO_VENTA) VALUES (4,71,12,0,1.000000);

INSERT INTO PROVEEDOR_PRODUCTO(PROVEEDOR_ID,PRODUCTO_ID,PRECIO_COMPRA) VALUES(18,71, 1.000000);

-- ===========PRODUCTO [72]
INSERT INTO PRODUCTO(ID,MARCA_ID,NOMBRE,PRESENTACION,CONTENIDO,UNIDADES_POR_CAJA,COSTO,COSTO_VENTA,PRECIO_BASE,UNIDAD_MEDIDA,CODIGO_BARRAS) VALUES(72,11,'Brut Aerosol','Classic Deo',83,12.0,1.000000,1.000000,1.000000,'ML',7.502221184734E12);

INSERT INTO MOVIMIENTO_HISTORICO_PRODUCTO (ALMACEN_ID,PRODUCTO_ID,FECHA,TIPO_MOVIMIENTO_ID,CANTIDAD,COSTO,PRECIO,USUARIO_ID) VALUES(1,72,now(),30,12,1.000000,1.000000,'root');
INSERT INTO ALMACEN_PRODUCTO(ALMACEN_ID,PRODUCTO_ID,CANTIDAD_ACTUAL,CANTIDAD_MINIMA,PRECIO_VENTA) VALUES (1,72,12,0,1.000000);

INSERT INTO ALMACEN_PRODUCTO(ALMACEN_ID,PRODUCTO_ID,CANTIDAD_ACTUAL,CANTIDAD_MINIMA,PRECIO_VENTA) VALUES (2,72,2,0,1.000000);

INSERT INTO ALMACEN_PRODUCTO(ALMACEN_ID,PRODUCTO_ID,CANTIDAD_ACTUAL,CANTIDAD_MINIMA,PRECIO_VENTA) VALUES (3,72,12,0,19.900000);

INSERT INTO ALMACEN_PRODUCTO(ALMACEN_ID,PRODUCTO_ID,CANTIDAD_ACTUAL,CANTIDAD_MINIMA,PRECIO_VENTA) VALUES (4,72,12,0,1.000000);

INSERT INTO PROVEEDOR_PRODUCTO(PROVEEDOR_ID,PRODUCTO_ID,PRECIO_COMPRA) VALUES(18,72, 1.000000);

-- ===========PRODUCTO [73]
INSERT INTO PRODUCTO(ID,MARCA_ID,NOMBRE,PRESENTACION,CONTENIDO,UNIDADES_POR_CAJA,COSTO,COSTO_VENTA,PRECIO_BASE,UNIDAD_MEDIDA,CODIGO_BARRAS) VALUES(73,25,'Baby Braner Aceite','Aloe Vera',100,12.0,1.000000,1.000000,1.000000,'ML',7.506038311031E12);

INSERT INTO MOVIMIENTO_HISTORICO_PRODUCTO (ALMACEN_ID,PRODUCTO_ID,FECHA,TIPO_MOVIMIENTO_ID,CANTIDAD,COSTO,PRECIO,USUARIO_ID) VALUES(1,73,now(),30,12,1.000000,1.000000,'root');
INSERT INTO ALMACEN_PRODUCTO(ALMACEN_ID,PRODUCTO_ID,CANTIDAD_ACTUAL,CANTIDAD_MINIMA,PRECIO_VENTA) VALUES (1,73,12,0,1.000000);

INSERT INTO ALMACEN_PRODUCTO(ALMACEN_ID,PRODUCTO_ID,CANTIDAD_ACTUAL,CANTIDAD_MINIMA,PRECIO_VENTA) VALUES (2,73,0,0,1.000000);

INSERT INTO ALMACEN_PRODUCTO(ALMACEN_ID,PRODUCTO_ID,CANTIDAD_ACTUAL,CANTIDAD_MINIMA,PRECIO_VENTA) VALUES (3,73,12,0,1.000000);

INSERT INTO ALMACEN_PRODUCTO(ALMACEN_ID,PRODUCTO_ID,CANTIDAD_ACTUAL,CANTIDAD_MINIMA,PRECIO_VENTA) VALUES (4,73,12,0,1.000000);

INSERT INTO PROVEEDOR_PRODUCTO(PROVEEDOR_ID,PRODUCTO_ID,PRECIO_COMPRA) VALUES(17,73, 1.000000);

-- ===========PRODUCTO [74]
INSERT INTO PRODUCTO(ID,MARCA_ID,NOMBRE,PRESENTACION,CONTENIDO,UNIDADES_POR_CAJA,COSTO,COSTO_VENTA,PRECIO_BASE,UNIDAD_MEDIDA,CODIGO_BARRAS) VALUES(74,25,'Baby Braner Aceite','Vitamina E',100,12.0,1.000000,1.000000,1.000000,'ML',7.506038311048E12);

INSERT INTO MOVIMIENTO_HISTORICO_PRODUCTO (ALMACEN_ID,PRODUCTO_ID,FECHA,TIPO_MOVIMIENTO_ID,CANTIDAD,COSTO,PRECIO,USUARIO_ID) VALUES(1,74,now(),30,12,1.000000,1.000000,'root');
INSERT INTO ALMACEN_PRODUCTO(ALMACEN_ID,PRODUCTO_ID,CANTIDAD_ACTUAL,CANTIDAD_MINIMA,PRECIO_VENTA) VALUES (1,74,12,0,1.000000);

INSERT INTO ALMACEN_PRODUCTO(ALMACEN_ID,PRODUCTO_ID,CANTIDAD_ACTUAL,CANTIDAD_MINIMA,PRECIO_VENTA) VALUES (2,74,0,0,1.000000);

INSERT INTO ALMACEN_PRODUCTO(ALMACEN_ID,PRODUCTO_ID,CANTIDAD_ACTUAL,CANTIDAD_MINIMA,PRECIO_VENTA) VALUES (3,74,12,0,1.000000);

INSERT INTO ALMACEN_PRODUCTO(ALMACEN_ID,PRODUCTO_ID,CANTIDAD_ACTUAL,CANTIDAD_MINIMA,PRECIO_VENTA) VALUES (4,74,12,0,1.000000);

INSERT INTO PROVEEDOR_PRODUCTO(PROVEEDOR_ID,PRODUCTO_ID,PRECIO_COMPRA) VALUES(17,74, 1.000000);

-- ===========PRODUCTO [75]
INSERT INTO PRODUCTO(ID,MARCA_ID,NOMBRE,PRESENTACION,CONTENIDO,UNIDADES_POR_CAJA,COSTO,COSTO_VENTA,PRECIO_BASE,UNIDAD_MEDIDA,CODIGO_BARRAS) VALUES(75,26,'Speed Stick Aerosol','Glacier Power',165,12.0,1.000000,1.000000,1.000000,'ML',7.509546028828E12);

INSERT INTO MOVIMIENTO_HISTORICO_PRODUCTO (ALMACEN_ID,PRODUCTO_ID,FECHA,TIPO_MOVIMIENTO_ID,CANTIDAD,COSTO,PRECIO,USUARIO_ID) VALUES(1,75,now(),30,12,1.000000,1.000000,'root');
INSERT INTO ALMACEN_PRODUCTO(ALMACEN_ID,PRODUCTO_ID,CANTIDAD_ACTUAL,CANTIDAD_MINIMA,PRECIO_VENTA) VALUES (1,75,12,0,1.000000);

INSERT INTO ALMACEN_PRODUCTO(ALMACEN_ID,PRODUCTO_ID,CANTIDAD_ACTUAL,CANTIDAD_MINIMA,PRECIO_VENTA) VALUES (2,75,0,0,1.000000);

INSERT INTO ALMACEN_PRODUCTO(ALMACEN_ID,PRODUCTO_ID,CANTIDAD_ACTUAL,CANTIDAD_MINIMA,PRECIO_VENTA) VALUES (3,75,12,0,1.000000);

INSERT INTO ALMACEN_PRODUCTO(ALMACEN_ID,PRODUCTO_ID,CANTIDAD_ACTUAL,CANTIDAD_MINIMA,PRECIO_VENTA) VALUES (4,75,12,0,1.000000);

INSERT INTO PROVEEDOR_PRODUCTO(PROVEEDOR_ID,PRODUCTO_ID,PRECIO_COMPRA) VALUES(6,75, 1.000000);

-- ===========PRODUCTO [76]
INSERT INTO PRODUCTO(ID,MARCA_ID,NOMBRE,PRESENTACION,CONTENIDO,UNIDADES_POR_CAJA,COSTO,COSTO_VENTA,PRECIO_BASE,UNIDAD_MEDIDA,CODIGO_BARRAS) VALUES(76,26,'Speed Stick Aerosol ','Waterproof',165,12.0,1.000000,1.000000,1.000000,'ML',7.509546038322E12);

INSERT INTO MOVIMIENTO_HISTORICO_PRODUCTO (ALMACEN_ID,PRODUCTO_ID,FECHA,TIPO_MOVIMIENTO_ID,CANTIDAD,COSTO,PRECIO,USUARIO_ID) VALUES(1,76,now(),30,12,1.000000,1.000000,'root');
INSERT INTO ALMACEN_PRODUCTO(ALMACEN_ID,PRODUCTO_ID,CANTIDAD_ACTUAL,CANTIDAD_MINIMA,PRECIO_VENTA) VALUES (1,76,12,0,1.000000);

INSERT INTO ALMACEN_PRODUCTO(ALMACEN_ID,PRODUCTO_ID,CANTIDAD_ACTUAL,CANTIDAD_MINIMA,PRECIO_VENTA) VALUES (2,76,0,0,1.000000);

INSERT INTO ALMACEN_PRODUCTO(ALMACEN_ID,PRODUCTO_ID,CANTIDAD_ACTUAL,CANTIDAD_MINIMA,PRECIO_VENTA) VALUES (3,76,12,0,1.000000);

INSERT INTO ALMACEN_PRODUCTO(ALMACEN_ID,PRODUCTO_ID,CANTIDAD_ACTUAL,CANTIDAD_MINIMA,PRECIO_VENTA) VALUES (4,76,12,0,1.000000);

INSERT INTO PROVEEDOR_PRODUCTO(PROVEEDOR_ID,PRODUCTO_ID,PRECIO_COMPRA) VALUES(6,76, 1.000000);

-- ===========PRODUCTO [77]
INSERT INTO PRODUCTO(ID,MARCA_ID,NOMBRE,PRESENTACION,CONTENIDO,UNIDADES_POR_CAJA,COSTO,COSTO_VENTA,PRECIO_BASE,UNIDAD_MEDIDA,CODIGO_BARRAS) VALUES(77,26,'Speed Stick Aerosol ','Sensitive Power Dry Control',165,12.0,1.000000,1.000000,1.000000,'ML',7.509546050676E12);

INSERT INTO MOVIMIENTO_HISTORICO_PRODUCTO (ALMACEN_ID,PRODUCTO_ID,FECHA,TIPO_MOVIMIENTO_ID,CANTIDAD,COSTO,PRECIO,USUARIO_ID) VALUES(1,77,now(),30,12,1.000000,1.000000,'root');
INSERT INTO ALMACEN_PRODUCTO(ALMACEN_ID,PRODUCTO_ID,CANTIDAD_ACTUAL,CANTIDAD_MINIMA,PRECIO_VENTA) VALUES (1,77,12,0,1.000000);

INSERT INTO ALMACEN_PRODUCTO(ALMACEN_ID,PRODUCTO_ID,CANTIDAD_ACTUAL,CANTIDAD_MINIMA,PRECIO_VENTA) VALUES (2,77,1,0,1.000000);

INSERT INTO ALMACEN_PRODUCTO(ALMACEN_ID,PRODUCTO_ID,CANTIDAD_ACTUAL,CANTIDAD_MINIMA,PRECIO_VENTA) VALUES (3,77,12,0,1.000000);

INSERT INTO ALMACEN_PRODUCTO(ALMACEN_ID,PRODUCTO_ID,CANTIDAD_ACTUAL,CANTIDAD_MINIMA,PRECIO_VENTA) VALUES (4,77,12,0,1.000000);

INSERT INTO PROVEEDOR_PRODUCTO(PROVEEDOR_ID,PRODUCTO_ID,PRECIO_COMPRA) VALUES(6,77, 1.000000);

-- ===========PRODUCTO [78]
INSERT INTO PRODUCTO(ID,MARCA_ID,NOMBRE,PRESENTACION,CONTENIDO,UNIDADES_POR_CAJA,COSTO,COSTO_VENTA,PRECIO_BASE,UNIDAD_MEDIDA,CODIGO_BARRAS) VALUES(78,26,'Speed Stick aerosol ','Stainguard',165,12.0,1.000000,1.000000,1.000000,'ML',7.509546048253E12);

INSERT INTO MOVIMIENTO_HISTORICO_PRODUCTO (ALMACEN_ID,PRODUCTO_ID,FECHA,TIPO_MOVIMIENTO_ID,CANTIDAD,COSTO,PRECIO,USUARIO_ID) VALUES(1,78,now(),30,0,1.000000,1.000000,'root');
INSERT INTO ALMACEN_PRODUCTO(ALMACEN_ID,PRODUCTO_ID,CANTIDAD_ACTUAL,CANTIDAD_MINIMA,PRECIO_VENTA) VALUES (1,78,0,0,1.000000);

INSERT INTO ALMACEN_PRODUCTO(ALMACEN_ID,PRODUCTO_ID,CANTIDAD_ACTUAL,CANTIDAD_MINIMA,PRECIO_VENTA) VALUES (2,78,0,0,1.000000);

INSERT INTO PROVEEDOR_PRODUCTO(PROVEEDOR_ID,PRODUCTO_ID,PRECIO_COMPRA) VALUES(6,78, 1.000000);

-- ===========PRODUCTO [79]
INSERT INTO PRODUCTO(ID,MARCA_ID,NOMBRE,PRESENTACION,CONTENIDO,UNIDADES_POR_CAJA,COSTO,COSTO_VENTA,PRECIO_BASE,UNIDAD_MEDIDA,CODIGO_BARRAS) VALUES(79,26,'Speed Stick Aerosol ','Cool Fusion',165,12.0,1.000000,1.000000,1.000000,'ML',7.509546028798E12);

INSERT INTO MOVIMIENTO_HISTORICO_PRODUCTO (ALMACEN_ID,PRODUCTO_ID,FECHA,TIPO_MOVIMIENTO_ID,CANTIDAD,COSTO,PRECIO,USUARIO_ID) VALUES(1,79,now(),30,12,1.000000,1.000000,'root');
INSERT INTO ALMACEN_PRODUCTO(ALMACEN_ID,PRODUCTO_ID,CANTIDAD_ACTUAL,CANTIDAD_MINIMA,PRECIO_VENTA) VALUES (1,79,12,0,1.000000);

INSERT INTO ALMACEN_PRODUCTO(ALMACEN_ID,PRODUCTO_ID,CANTIDAD_ACTUAL,CANTIDAD_MINIMA,PRECIO_VENTA) VALUES (2,79,0,0,1.000000);

INSERT INTO ALMACEN_PRODUCTO(ALMACEN_ID,PRODUCTO_ID,CANTIDAD_ACTUAL,CANTIDAD_MINIMA,PRECIO_VENTA) VALUES (3,79,12,0,1.000000);

INSERT INTO ALMACEN_PRODUCTO(ALMACEN_ID,PRODUCTO_ID,CANTIDAD_ACTUAL,CANTIDAD_MINIMA,PRECIO_VENTA) VALUES (4,79,12,0,1.000000);

INSERT INTO PROVEEDOR_PRODUCTO(PROVEEDOR_ID,PRODUCTO_ID,PRECIO_COMPRA) VALUES(6,79, 1.000000);

-- ===========PRODUCTO [80]
INSERT INTO PRODUCTO(ID,MARCA_ID,NOMBRE,PRESENTACION,CONTENIDO,UNIDADES_POR_CAJA,COSTO,COSTO_VENTA,PRECIO_BASE,UNIDAD_MEDIDA,CODIGO_BARRAS) VALUES(80,26,'Speed Stick Aerosol ','Dry Control',215,12.0,1.000000,1.000000,1.000000,'ML',7.509546051383E12);

INSERT INTO MOVIMIENTO_HISTORICO_PRODUCTO (ALMACEN_ID,PRODUCTO_ID,FECHA,TIPO_MOVIMIENTO_ID,CANTIDAD,COSTO,PRECIO,USUARIO_ID) VALUES(1,80,now(),30,12,1.000000,1.000000,'root');
INSERT INTO ALMACEN_PRODUCTO(ALMACEN_ID,PRODUCTO_ID,CANTIDAD_ACTUAL,CANTIDAD_MINIMA,PRECIO_VENTA) VALUES (1,80,12,0,1.000000);

INSERT INTO ALMACEN_PRODUCTO(ALMACEN_ID,PRODUCTO_ID,CANTIDAD_ACTUAL,CANTIDAD_MINIMA,PRECIO_VENTA) VALUES (2,80,0,0,1.000000);

INSERT INTO ALMACEN_PRODUCTO(ALMACEN_ID,PRODUCTO_ID,CANTIDAD_ACTUAL,CANTIDAD_MINIMA,PRECIO_VENTA) VALUES (3,80,12,0,1.000000);

INSERT INTO ALMACEN_PRODUCTO(ALMACEN_ID,PRODUCTO_ID,CANTIDAD_ACTUAL,CANTIDAD_MINIMA,PRECIO_VENTA) VALUES (4,80,12,0,1.000000);

INSERT INTO PROVEEDOR_PRODUCTO(PROVEEDOR_ID,PRODUCTO_ID,PRECIO_COMPRA) VALUES(6,80, 1.000000);

-- ===========PRODUCTO [81]
INSERT INTO PRODUCTO(ID,MARCA_ID,NOMBRE,PRESENTACION,CONTENIDO,UNIDADES_POR_CAJA,COSTO,COSTO_VENTA,PRECIO_BASE,UNIDAD_MEDIDA,CODIGO_BARRAS) VALUES(81,26,'Speed Stick Aerosol ','Multi-Protect X5',215,12.0,1.000000,1.000000,1.000000,'ML',7.509546052571E12);

INSERT INTO MOVIMIENTO_HISTORICO_PRODUCTO (ALMACEN_ID,PRODUCTO_ID,FECHA,TIPO_MOVIMIENTO_ID,CANTIDAD,COSTO,PRECIO,USUARIO_ID) VALUES(1,81,now(),30,12,1.000000,1.000000,'root');
INSERT INTO ALMACEN_PRODUCTO(ALMACEN_ID,PRODUCTO_ID,CANTIDAD_ACTUAL,CANTIDAD_MINIMA,PRECIO_VENTA) VALUES (1,81,12,0,1.000000);

INSERT INTO ALMACEN_PRODUCTO(ALMACEN_ID,PRODUCTO_ID,CANTIDAD_ACTUAL,CANTIDAD_MINIMA,PRECIO_VENTA) VALUES (2,81,0,0,1.000000);

INSERT INTO ALMACEN_PRODUCTO(ALMACEN_ID,PRODUCTO_ID,CANTIDAD_ACTUAL,CANTIDAD_MINIMA,PRECIO_VENTA) VALUES (3,81,12,0,1.000000);

INSERT INTO ALMACEN_PRODUCTO(ALMACEN_ID,PRODUCTO_ID,CANTIDAD_ACTUAL,CANTIDAD_MINIMA,PRECIO_VENTA) VALUES (4,81,12,0,1.000000);

INSERT INTO PROVEEDOR_PRODUCTO(PROVEEDOR_ID,PRODUCTO_ID,PRECIO_COMPRA) VALUES(6,81, 1.000000);

-- ===========PRODUCTO [82]
INSERT INTO PRODUCTO(ID,MARCA_ID,NOMBRE,PRESENTACION,CONTENIDO,UNIDADES_POR_CAJA,COSTO,COSTO_VENTA,PRECIO_BASE,UNIDAD_MEDIDA,CODIGO_BARRAS) VALUES(82,26,'Speed Stick Aerosol','Naturals & Protect',165,12.0,1.000000,1.000000,1.000000,'ML',7.509546055305E12);

INSERT INTO MOVIMIENTO_HISTORICO_PRODUCTO (ALMACEN_ID,PRODUCTO_ID,FECHA,TIPO_MOVIMIENTO_ID,CANTIDAD,COSTO,PRECIO,USUARIO_ID) VALUES(1,82,now(),30,12,1.000000,1.000000,'root');
INSERT INTO ALMACEN_PRODUCTO(ALMACEN_ID,PRODUCTO_ID,CANTIDAD_ACTUAL,CANTIDAD_MINIMA,PRECIO_VENTA) VALUES (1,82,12,0,1.000000);

INSERT INTO ALMACEN_PRODUCTO(ALMACEN_ID,PRODUCTO_ID,CANTIDAD_ACTUAL,CANTIDAD_MINIMA,PRECIO_VENTA) VALUES (2,82,0,0,1.000000);

INSERT INTO ALMACEN_PRODUCTO(ALMACEN_ID,PRODUCTO_ID,CANTIDAD_ACTUAL,CANTIDAD_MINIMA,PRECIO_VENTA) VALUES (3,82,12,0,1.000000);

INSERT INTO ALMACEN_PRODUCTO(ALMACEN_ID,PRODUCTO_ID,CANTIDAD_ACTUAL,CANTIDAD_MINIMA,PRECIO_VENTA) VALUES (4,82,12,0,1.000000);

INSERT INTO PROVEEDOR_PRODUCTO(PROVEEDOR_ID,PRODUCTO_ID,PRECIO_COMPRA) VALUES(6,82, 1.000000);

-- ===========PRODUCTO [83]
INSERT INTO PRODUCTO(ID,MARCA_ID,NOMBRE,PRESENTACION,CONTENIDO,UNIDADES_POR_CAJA,COSTO,COSTO_VENTA,PRECIO_BASE,UNIDAD_MEDIDA,CODIGO_BARRAS) VALUES(83,26,'Speed Stick Aerosol ','Stainguard ',215,12.0,1.000000,1.000000,1.000000,'ML',7.509546049779E12);

INSERT INTO MOVIMIENTO_HISTORICO_PRODUCTO (ALMACEN_ID,PRODUCTO_ID,FECHA,TIPO_MOVIMIENTO_ID,CANTIDAD,COSTO,PRECIO,USUARIO_ID) VALUES(1,83,now(),30,12,1.000000,1.000000,'root');
INSERT INTO ALMACEN_PRODUCTO(ALMACEN_ID,PRODUCTO_ID,CANTIDAD_ACTUAL,CANTIDAD_MINIMA,PRECIO_VENTA) VALUES (1,83,12,0,1.000000);

INSERT INTO ALMACEN_PRODUCTO(ALMACEN_ID,PRODUCTO_ID,CANTIDAD_ACTUAL,CANTIDAD_MINIMA,PRECIO_VENTA) VALUES (2,83,0,0,1.000000);

INSERT INTO ALMACEN_PRODUCTO(ALMACEN_ID,PRODUCTO_ID,CANTIDAD_ACTUAL,CANTIDAD_MINIMA,PRECIO_VENTA) VALUES (3,83,12,0,1.000000);

INSERT INTO ALMACEN_PRODUCTO(ALMACEN_ID,PRODUCTO_ID,CANTIDAD_ACTUAL,CANTIDAD_MINIMA,PRECIO_VENTA) VALUES (4,83,12,0,1.000000);

INSERT INTO PROVEEDOR_PRODUCTO(PROVEEDOR_ID,PRODUCTO_ID,PRECIO_COMPRA) VALUES(6,83, 1.000000);

-- ===========PRODUCTO [84]
INSERT INTO PRODUCTO(ID,MARCA_ID,NOMBRE,PRESENTACION,CONTENIDO,UNIDADES_POR_CAJA,COSTO,COSTO_VENTA,PRECIO_BASE,UNIDAD_MEDIDA,CODIGO_BARRAS) VALUES(84,15,'Lady Speed Stick Aerosol','Fashion',100,12.0,1.000000,1.000000,1.000000,'ML',7.509546030302E12);

INSERT INTO MOVIMIENTO_HISTORICO_PRODUCTO (ALMACEN_ID,PRODUCTO_ID,FECHA,TIPO_MOVIMIENTO_ID,CANTIDAD,COSTO,PRECIO,USUARIO_ID) VALUES(1,84,now(),30,24,1.000000,1.000000,'root');
INSERT INTO ALMACEN_PRODUCTO(ALMACEN_ID,PRODUCTO_ID,CANTIDAD_ACTUAL,CANTIDAD_MINIMA,PRECIO_VENTA) VALUES (1,84,24,0,1.000000);

INSERT INTO ALMACEN_PRODUCTO(ALMACEN_ID,PRODUCTO_ID,CANTIDAD_ACTUAL,CANTIDAD_MINIMA,PRECIO_VENTA) VALUES (2,84,0,0,1.000000);

INSERT INTO ALMACEN_PRODUCTO(ALMACEN_ID,PRODUCTO_ID,CANTIDAD_ACTUAL,CANTIDAD_MINIMA,PRECIO_VENTA) VALUES (3,84,24,0,1.000000);

INSERT INTO ALMACEN_PRODUCTO(ALMACEN_ID,PRODUCTO_ID,CANTIDAD_ACTUAL,CANTIDAD_MINIMA,PRECIO_VENTA) VALUES (4,84,24,0,1.000000);

INSERT INTO PROVEEDOR_PRODUCTO(PROVEEDOR_ID,PRODUCTO_ID,PRECIO_COMPRA) VALUES(6,84, 1.000000);

-- ===========PRODUCTO [86]
INSERT INTO PRODUCTO(ID,MARCA_ID,NOMBRE,PRESENTACION,CONTENIDO,UNIDADES_POR_CAJA,COSTO,COSTO_VENTA,PRECIO_BASE,UNIDAD_MEDIDA,CODIGO_BARRAS) VALUES(86,26,'speed Stick Barra ','Stainguard Clean ',14,24.0,1.000000,1.000000,1.000000,'G',7.5036225E7);

INSERT INTO MOVIMIENTO_HISTORICO_PRODUCTO (ALMACEN_ID,PRODUCTO_ID,FECHA,TIPO_MOVIMIENTO_ID,CANTIDAD,COSTO,PRECIO,USUARIO_ID) VALUES(1,86,now(),30,24,1.000000,1.000000,'root');
INSERT INTO ALMACEN_PRODUCTO(ALMACEN_ID,PRODUCTO_ID,CANTIDAD_ACTUAL,CANTIDAD_MINIMA,PRECIO_VENTA) VALUES (1,86,24,0,1.000000);

INSERT INTO ALMACEN_PRODUCTO(ALMACEN_ID,PRODUCTO_ID,CANTIDAD_ACTUAL,CANTIDAD_MINIMA,PRECIO_VENTA) VALUES (2,86,0,0,1.000000);

INSERT INTO ALMACEN_PRODUCTO(ALMACEN_ID,PRODUCTO_ID,CANTIDAD_ACTUAL,CANTIDAD_MINIMA,PRECIO_VENTA) VALUES (3,86,24,0,1.000000);

INSERT INTO ALMACEN_PRODUCTO(ALMACEN_ID,PRODUCTO_ID,CANTIDAD_ACTUAL,CANTIDAD_MINIMA,PRECIO_VENTA) VALUES (4,86,24,0,1.000000);

INSERT INTO PROVEEDOR_PRODUCTO(PROVEEDOR_ID,PRODUCTO_ID,PRECIO_COMPRA) VALUES(6,86, 1.000000);

-- ===========PRODUCTO [87]
INSERT INTO PRODUCTO(ID,MARCA_ID,NOMBRE,PRESENTACION,CONTENIDO,UNIDADES_POR_CAJA,COSTO,COSTO_VENTA,PRECIO_BASE,UNIDAD_MEDIDA,CODIGO_BARRAS) VALUES(87,26,'speed Stick Barra ','24/7 Cool Fusion',76,12.0,1.000000,1.000000,1.000000,'G',2.2200966078E10);

INSERT INTO MOVIMIENTO_HISTORICO_PRODUCTO (ALMACEN_ID,PRODUCTO_ID,FECHA,TIPO_MOVIMIENTO_ID,CANTIDAD,COSTO,PRECIO,USUARIO_ID) VALUES(1,87,now(),30,12,1.000000,1.000000,'root');
INSERT INTO ALMACEN_PRODUCTO(ALMACEN_ID,PRODUCTO_ID,CANTIDAD_ACTUAL,CANTIDAD_MINIMA,PRECIO_VENTA) VALUES (1,87,12,0,1.000000);

INSERT INTO ALMACEN_PRODUCTO(ALMACEN_ID,PRODUCTO_ID,CANTIDAD_ACTUAL,CANTIDAD_MINIMA,PRECIO_VENTA) VALUES (2,87,0,0,1.000000);

INSERT INTO ALMACEN_PRODUCTO(ALMACEN_ID,PRODUCTO_ID,CANTIDAD_ACTUAL,CANTIDAD_MINIMA,PRECIO_VENTA) VALUES (3,87,12,0,1.000000);

INSERT INTO ALMACEN_PRODUCTO(ALMACEN_ID,PRODUCTO_ID,CANTIDAD_ACTUAL,CANTIDAD_MINIMA,PRECIO_VENTA) VALUES (4,87,12,0,1.000000);

INSERT INTO PROVEEDOR_PRODUCTO(PROVEEDOR_ID,PRODUCTO_ID,PRECIO_COMPRA) VALUES(6,87, 1.000000);

-- ===========PRODUCTO [88]
INSERT INTO PRODUCTO(ID,MARCA_ID,NOMBRE,PRESENTACION,CONTENIDO,UNIDADES_POR_CAJA,COSTO,COSTO_VENTA,PRECIO_BASE,UNIDAD_MEDIDA,CODIGO_BARRAS) VALUES(88,11,'Brut Stick','Attitude Deo',65,12.0,1.000000,1.000000,1.000000,'G',7.502221181658E12);

INSERT INTO MOVIMIENTO_HISTORICO_PRODUCTO (ALMACEN_ID,PRODUCTO_ID,FECHA,TIPO_MOVIMIENTO_ID,CANTIDAD,COSTO,PRECIO,USUARIO_ID) VALUES(1,88,now(),30,12,1.000000,1.000000,'root');
INSERT INTO ALMACEN_PRODUCTO(ALMACEN_ID,PRODUCTO_ID,CANTIDAD_ACTUAL,CANTIDAD_MINIMA,PRECIO_VENTA) VALUES (1,88,12,0,1.000000);

INSERT INTO ALMACEN_PRODUCTO(ALMACEN_ID,PRODUCTO_ID,CANTIDAD_ACTUAL,CANTIDAD_MINIMA,PRECIO_VENTA) VALUES (2,88,0,0,1.000000);

INSERT INTO ALMACEN_PRODUCTO(ALMACEN_ID,PRODUCTO_ID,CANTIDAD_ACTUAL,CANTIDAD_MINIMA,PRECIO_VENTA) VALUES (3,88,12,0,24.900000);

INSERT INTO ALMACEN_PRODUCTO(ALMACEN_ID,PRODUCTO_ID,CANTIDAD_ACTUAL,CANTIDAD_MINIMA,PRECIO_VENTA) VALUES (4,88,12,0,1.000000);

INSERT INTO PROVEEDOR_PRODUCTO(PROVEEDOR_ID,PRODUCTO_ID,PRECIO_COMPRA) VALUES(18,88, 1.000000);

-- ===========PRODUCTO [89]
INSERT INTO PRODUCTO(ID,MARCA_ID,NOMBRE,PRESENTACION,CONTENIDO,UNIDADES_POR_CAJA,COSTO,COSTO_VENTA,PRECIO_BASE,UNIDAD_MEDIDA,CODIGO_BARRAS) VALUES(89,11,'Brut Stick','Attitude AP',50,12.0,1.000000,1.000000,1.000000,'G',7.502221181184E12);

INSERT INTO MOVIMIENTO_HISTORICO_PRODUCTO (ALMACEN_ID,PRODUCTO_ID,FECHA,TIPO_MOVIMIENTO_ID,CANTIDAD,COSTO,PRECIO,USUARIO_ID) VALUES(1,89,now(),30,2,1.000000,1.000000,'root');
INSERT INTO ALMACEN_PRODUCTO(ALMACEN_ID,PRODUCTO_ID,CANTIDAD_ACTUAL,CANTIDAD_MINIMA,PRECIO_VENTA) VALUES (1,89,2,0,1.000000);

INSERT INTO ALMACEN_PRODUCTO(ALMACEN_ID,PRODUCTO_ID,CANTIDAD_ACTUAL,CANTIDAD_MINIMA,PRECIO_VENTA) VALUES (2,89,0,0,1.000000);

INSERT INTO ALMACEN_PRODUCTO(ALMACEN_ID,PRODUCTO_ID,CANTIDAD_ACTUAL,CANTIDAD_MINIMA,PRECIO_VENTA) VALUES (3,89,2,0,24.900000);

INSERT INTO ALMACEN_PRODUCTO(ALMACEN_ID,PRODUCTO_ID,CANTIDAD_ACTUAL,CANTIDAD_MINIMA,PRECIO_VENTA) VALUES (4,89,2,0,1.000000);

INSERT INTO PROVEEDOR_PRODUCTO(PROVEEDOR_ID,PRODUCTO_ID,PRECIO_COMPRA) VALUES(18,89, 1.000000);

-- ===========PRODUCTO [90]
INSERT INTO PRODUCTO(ID,MARCA_ID,NOMBRE,PRESENTACION,CONTENIDO,UNIDADES_POR_CAJA,COSTO,COSTO_VENTA,PRECIO_BASE,UNIDAD_MEDIDA,CODIGO_BARRAS) VALUES(90,11,'Brut Locion Caballero','Success',100,12.0,1.000000,1.000000,1.000000,'ML',7.502221181276E12);

INSERT INTO MOVIMIENTO_HISTORICO_PRODUCTO (ALMACEN_ID,PRODUCTO_ID,FECHA,TIPO_MOVIMIENTO_ID,CANTIDAD,COSTO,PRECIO,USUARIO_ID) VALUES(1,90,now(),30,12,1.000000,1.000000,'root');
INSERT INTO ALMACEN_PRODUCTO(ALMACEN_ID,PRODUCTO_ID,CANTIDAD_ACTUAL,CANTIDAD_MINIMA,PRECIO_VENTA) VALUES (1,90,12,0,1.000000);

INSERT INTO ALMACEN_PRODUCTO(ALMACEN_ID,PRODUCTO_ID,CANTIDAD_ACTUAL,CANTIDAD_MINIMA,PRECIO_VENTA) VALUES (2,90,0,0,1.000000);

INSERT INTO ALMACEN_PRODUCTO(ALMACEN_ID,PRODUCTO_ID,CANTIDAD_ACTUAL,CANTIDAD_MINIMA,PRECIO_VENTA) VALUES (3,90,12,0,1.000000);

INSERT INTO ALMACEN_PRODUCTO(ALMACEN_ID,PRODUCTO_ID,CANTIDAD_ACTUAL,CANTIDAD_MINIMA,PRECIO_VENTA) VALUES (4,90,12,0,1.000000);

INSERT INTO PROVEEDOR_PRODUCTO(PROVEEDOR_ID,PRODUCTO_ID,PRECIO_COMPRA) VALUES(18,90, 1.000000);

-- ===========PRODUCTO [91]
INSERT INTO PRODUCTO(ID,MARCA_ID,NOMBRE,PRESENTACION,CONTENIDO,UNIDADES_POR_CAJA,COSTO,COSTO_VENTA,PRECIO_BASE,UNIDAD_MEDIDA,CODIGO_BARRAS) VALUES(91,11,'Brut Locion Caballero','Reaction',100,12.0,1.000000,1.000000,1.000000,'ML',7.502221182396E12);

INSERT INTO MOVIMIENTO_HISTORICO_PRODUCTO (ALMACEN_ID,PRODUCTO_ID,FECHA,TIPO_MOVIMIENTO_ID,CANTIDAD,COSTO,PRECIO,USUARIO_ID) VALUES(1,91,now(),30,12,1.000000,1.000000,'root');
INSERT INTO ALMACEN_PRODUCTO(ALMACEN_ID,PRODUCTO_ID,CANTIDAD_ACTUAL,CANTIDAD_MINIMA,PRECIO_VENTA) VALUES (1,91,12,0,1.000000);

INSERT INTO ALMACEN_PRODUCTO(ALMACEN_ID,PRODUCTO_ID,CANTIDAD_ACTUAL,CANTIDAD_MINIMA,PRECIO_VENTA) VALUES (2,91,0,0,1.000000);

INSERT INTO ALMACEN_PRODUCTO(ALMACEN_ID,PRODUCTO_ID,CANTIDAD_ACTUAL,CANTIDAD_MINIMA,PRECIO_VENTA) VALUES (3,91,12,0,1.000000);

INSERT INTO ALMACEN_PRODUCTO(ALMACEN_ID,PRODUCTO_ID,CANTIDAD_ACTUAL,CANTIDAD_MINIMA,PRECIO_VENTA) VALUES (4,91,12,0,1.000000);

INSERT INTO PROVEEDOR_PRODUCTO(PROVEEDOR_ID,PRODUCTO_ID,PRECIO_COMPRA) VALUES(18,91, 1.000000);

-- ===========PRODUCTO [92]
INSERT INTO PRODUCTO(ID,MARCA_ID,NOMBRE,PRESENTACION,CONTENIDO,UNIDADES_POR_CAJA,COSTO,COSTO_VENTA,PRECIO_BASE,UNIDAD_MEDIDA,CODIGO_BARRAS) VALUES(92,11,'Brut Locion Caballero','Dominant',100,12.0,1.000000,1.000000,1.000000,'ML',7.502221184314E12);

INSERT INTO MOVIMIENTO_HISTORICO_PRODUCTO (ALMACEN_ID,PRODUCTO_ID,FECHA,TIPO_MOVIMIENTO_ID,CANTIDAD,COSTO,PRECIO,USUARIO_ID) VALUES(1,92,now(),30,12,1.000000,1.000000,'root');
INSERT INTO ALMACEN_PRODUCTO(ALMACEN_ID,PRODUCTO_ID,CANTIDAD_ACTUAL,CANTIDAD_MINIMA,PRECIO_VENTA) VALUES (1,92,12,0,1.000000);

INSERT INTO ALMACEN_PRODUCTO(ALMACEN_ID,PRODUCTO_ID,CANTIDAD_ACTUAL,CANTIDAD_MINIMA,PRECIO_VENTA) VALUES (2,92,0,0,1.000000);

INSERT INTO ALMACEN_PRODUCTO(ALMACEN_ID,PRODUCTO_ID,CANTIDAD_ACTUAL,CANTIDAD_MINIMA,PRECIO_VENTA) VALUES (3,92,12,0,1.000000);

INSERT INTO ALMACEN_PRODUCTO(ALMACEN_ID,PRODUCTO_ID,CANTIDAD_ACTUAL,CANTIDAD_MINIMA,PRECIO_VENTA) VALUES (4,92,12,0,1.000000);

INSERT INTO PROVEEDOR_PRODUCTO(PROVEEDOR_ID,PRODUCTO_ID,PRECIO_COMPRA) VALUES(18,92, 1.000000);

-- ===========PRODUCTO [93]
INSERT INTO PRODUCTO(ID,MARCA_ID,NOMBRE,PRESENTACION,CONTENIDO,UNIDADES_POR_CAJA,COSTO,COSTO_VENTA,PRECIO_BASE,UNIDAD_MEDIDA,CODIGO_BARRAS) VALUES(93,11,'Brut Locion Caballero','Euphoria',50,12.0,1.000000,1.000000,1.000000,'ML',7.502221184413E12);

INSERT INTO MOVIMIENTO_HISTORICO_PRODUCTO (ALMACEN_ID,PRODUCTO_ID,FECHA,TIPO_MOVIMIENTO_ID,CANTIDAD,COSTO,PRECIO,USUARIO_ID) VALUES(1,93,now(),30,12,1.000000,1.000000,'root');
INSERT INTO ALMACEN_PRODUCTO(ALMACEN_ID,PRODUCTO_ID,CANTIDAD_ACTUAL,CANTIDAD_MINIMA,PRECIO_VENTA) VALUES (1,93,12,0,1.000000);

INSERT INTO ALMACEN_PRODUCTO(ALMACEN_ID,PRODUCTO_ID,CANTIDAD_ACTUAL,CANTIDAD_MINIMA,PRECIO_VENTA) VALUES (2,93,1,0,1.000000);

INSERT INTO ALMACEN_PRODUCTO(ALMACEN_ID,PRODUCTO_ID,CANTIDAD_ACTUAL,CANTIDAD_MINIMA,PRECIO_VENTA) VALUES (3,93,12,0,1.000000);

INSERT INTO ALMACEN_PRODUCTO(ALMACEN_ID,PRODUCTO_ID,CANTIDAD_ACTUAL,CANTIDAD_MINIMA,PRECIO_VENTA) VALUES (4,93,12,0,1.000000);

INSERT INTO PROVEEDOR_PRODUCTO(PROVEEDOR_ID,PRODUCTO_ID,PRECIO_COMPRA) VALUES(18,93, 1.000000);

-- ===========PRODUCTO [94]
INSERT INTO PRODUCTO(ID,MARCA_ID,NOMBRE,PRESENTACION,CONTENIDO,UNIDADES_POR_CAJA,COSTO,COSTO_VENTA,PRECIO_BASE,UNIDAD_MEDIDA,CODIGO_BARRAS) VALUES(94,11,'Brut Locion Caballero','Classic',50,12.0,1.000000,1.000000,1.000000,'ML',7.50222118439E12);

INSERT INTO MOVIMIENTO_HISTORICO_PRODUCTO (ALMACEN_ID,PRODUCTO_ID,FECHA,TIPO_MOVIMIENTO_ID,CANTIDAD,COSTO,PRECIO,USUARIO_ID) VALUES(1,94,now(),30,12,1.000000,1.000000,'root');
INSERT INTO ALMACEN_PRODUCTO(ALMACEN_ID,PRODUCTO_ID,CANTIDAD_ACTUAL,CANTIDAD_MINIMA,PRECIO_VENTA) VALUES (1,94,12,0,1.000000);

INSERT INTO ALMACEN_PRODUCTO(ALMACEN_ID,PRODUCTO_ID,CANTIDAD_ACTUAL,CANTIDAD_MINIMA,PRECIO_VENTA) VALUES (2,94,0,0,1.000000);

INSERT INTO ALMACEN_PRODUCTO(ALMACEN_ID,PRODUCTO_ID,CANTIDAD_ACTUAL,CANTIDAD_MINIMA,PRECIO_VENTA) VALUES (3,94,12,0,1.000000);

INSERT INTO ALMACEN_PRODUCTO(ALMACEN_ID,PRODUCTO_ID,CANTIDAD_ACTUAL,CANTIDAD_MINIMA,PRECIO_VENTA) VALUES (4,94,12,0,1.000000);

INSERT INTO PROVEEDOR_PRODUCTO(PROVEEDOR_ID,PRODUCTO_ID,PRECIO_COMPRA) VALUES(18,94, 1.000000);

-- ===========PRODUCTO [95]
INSERT INTO PRODUCTO(ID,MARCA_ID,NOMBRE,PRESENTACION,CONTENIDO,UNIDADES_POR_CAJA,COSTO,COSTO_VENTA,PRECIO_BASE,UNIDAD_MEDIDA,CODIGO_BARRAS) VALUES(95,11,'Brut Locion Caballero','Dominant',100,12.0,1.000000,1.000000,1.000000,'ML',7.502221184307E12);

INSERT INTO MOVIMIENTO_HISTORICO_PRODUCTO (ALMACEN_ID,PRODUCTO_ID,FECHA,TIPO_MOVIMIENTO_ID,CANTIDAD,COSTO,PRECIO,USUARIO_ID) VALUES(1,95,now(),30,0,1.000000,1.000000,'root');
INSERT INTO ALMACEN_PRODUCTO(ALMACEN_ID,PRODUCTO_ID,CANTIDAD_ACTUAL,CANTIDAD_MINIMA,PRECIO_VENTA) VALUES (1,95,0,0,1.000000);

INSERT INTO ALMACEN_PRODUCTO(ALMACEN_ID,PRODUCTO_ID,CANTIDAD_ACTUAL,CANTIDAD_MINIMA,PRECIO_VENTA) VALUES (2,95,16,0,1.000000);

INSERT INTO PROVEEDOR_PRODUCTO(PROVEEDOR_ID,PRODUCTO_ID,PRECIO_COMPRA) VALUES(18,95, 1.000000);

-- ===========PRODUCTO [96]
INSERT INTO PRODUCTO(ID,MARCA_ID,NOMBRE,PRESENTACION,CONTENIDO,UNIDADES_POR_CAJA,COSTO,COSTO_VENTA,PRECIO_BASE,UNIDAD_MEDIDA,CODIGO_BARRAS) VALUES(96,11,'Brut Talco Desodorante','Classic Intense',250,12.0,1.000000,1.000000,1.000000,'G',7.502221182952E12);

INSERT INTO MOVIMIENTO_HISTORICO_PRODUCTO (ALMACEN_ID,PRODUCTO_ID,FECHA,TIPO_MOVIMIENTO_ID,CANTIDAD,COSTO,PRECIO,USUARIO_ID) VALUES(1,96,now(),30,12,1.000000,1.000000,'root');
INSERT INTO ALMACEN_PRODUCTO(ALMACEN_ID,PRODUCTO_ID,CANTIDAD_ACTUAL,CANTIDAD_MINIMA,PRECIO_VENTA) VALUES (1,96,12,0,1.000000);

INSERT INTO ALMACEN_PRODUCTO(ALMACEN_ID,PRODUCTO_ID,CANTIDAD_ACTUAL,CANTIDAD_MINIMA,PRECIO_VENTA) VALUES (2,96,2,0,1.000000);

INSERT INTO ALMACEN_PRODUCTO(ALMACEN_ID,PRODUCTO_ID,CANTIDAD_ACTUAL,CANTIDAD_MINIMA,PRECIO_VENTA) VALUES (3,96,12,0,1.000000);

INSERT INTO ALMACEN_PRODUCTO(ALMACEN_ID,PRODUCTO_ID,CANTIDAD_ACTUAL,CANTIDAD_MINIMA,PRECIO_VENTA) VALUES (4,96,12,0,1.000000);

INSERT INTO PROVEEDOR_PRODUCTO(PROVEEDOR_ID,PRODUCTO_ID,PRECIO_COMPRA) VALUES(18,96, 1.000000);

-- ===========PRODUCTO [97]
INSERT INTO PRODUCTO(ID,MARCA_ID,NOMBRE,PRESENTACION,CONTENIDO,UNIDADES_POR_CAJA,COSTO,COSTO_VENTA,PRECIO_BASE,UNIDAD_MEDIDA,CODIGO_BARRAS) VALUES(97,11,'Brut Talco Desodorante','Euphoria Active',250,12.0,1.000000,1.000000,1.000000,'G',7.502221182976E12);

INSERT INTO MOVIMIENTO_HISTORICO_PRODUCTO (ALMACEN_ID,PRODUCTO_ID,FECHA,TIPO_MOVIMIENTO_ID,CANTIDAD,COSTO,PRECIO,USUARIO_ID) VALUES(1,97,now(),30,12,1.000000,1.000000,'root');
INSERT INTO ALMACEN_PRODUCTO(ALMACEN_ID,PRODUCTO_ID,CANTIDAD_ACTUAL,CANTIDAD_MINIMA,PRECIO_VENTA) VALUES (1,97,12,0,1.000000);

INSERT INTO ALMACEN_PRODUCTO(ALMACEN_ID,PRODUCTO_ID,CANTIDAD_ACTUAL,CANTIDAD_MINIMA,PRECIO_VENTA) VALUES (2,97,0,0,1.000000);

INSERT INTO ALMACEN_PRODUCTO(ALMACEN_ID,PRODUCTO_ID,CANTIDAD_ACTUAL,CANTIDAD_MINIMA,PRECIO_VENTA) VALUES (3,97,12,0,1.000000);

INSERT INTO ALMACEN_PRODUCTO(ALMACEN_ID,PRODUCTO_ID,CANTIDAD_ACTUAL,CANTIDAD_MINIMA,PRECIO_VENTA) VALUES (4,97,12,0,1.000000);

INSERT INTO PROVEEDOR_PRODUCTO(PROVEEDOR_ID,PRODUCTO_ID,PRECIO_COMPRA) VALUES(18,97, 1.000000);

-- ===========PRODUCTO [98]
INSERT INTO PRODUCTO(ID,MARCA_ID,NOMBRE,PRESENTACION,CONTENIDO,UNIDADES_POR_CAJA,COSTO,COSTO_VENTA,PRECIO_BASE,UNIDAD_MEDIDA,CODIGO_BARRAS) VALUES(98,11,'Brut Talco Desodorante','Euphoria Active',125,12.0,1.000000,1.000000,1.000000,'G',7.502221182983E12);

INSERT INTO MOVIMIENTO_HISTORICO_PRODUCTO (ALMACEN_ID,PRODUCTO_ID,FECHA,TIPO_MOVIMIENTO_ID,CANTIDAD,COSTO,PRECIO,USUARIO_ID) VALUES(1,98,now(),30,12,1.000000,1.000000,'root');
INSERT INTO ALMACEN_PRODUCTO(ALMACEN_ID,PRODUCTO_ID,CANTIDAD_ACTUAL,CANTIDAD_MINIMA,PRECIO_VENTA) VALUES (1,98,12,0,1.000000);

INSERT INTO ALMACEN_PRODUCTO(ALMACEN_ID,PRODUCTO_ID,CANTIDAD_ACTUAL,CANTIDAD_MINIMA,PRECIO_VENTA) VALUES (2,98,0,0,1.000000);

INSERT INTO ALMACEN_PRODUCTO(ALMACEN_ID,PRODUCTO_ID,CANTIDAD_ACTUAL,CANTIDAD_MINIMA,PRECIO_VENTA) VALUES (3,98,12,0,1.000000);

INSERT INTO ALMACEN_PRODUCTO(ALMACEN_ID,PRODUCTO_ID,CANTIDAD_ACTUAL,CANTIDAD_MINIMA,PRECIO_VENTA) VALUES (4,98,12,0,1.000000);

INSERT INTO PROVEEDOR_PRODUCTO(PROVEEDOR_ID,PRODUCTO_ID,PRECIO_COMPRA) VALUES(18,98, 1.000000);

-- ===========PRODUCTO [99]
INSERT INTO PRODUCTO(ID,MARCA_ID,NOMBRE,PRESENTACION,CONTENIDO,UNIDADES_POR_CAJA,COSTO,COSTO_VENTA,PRECIO_BASE,UNIDAD_MEDIDA,CODIGO_BARRAS) VALUES(99,11,'Brut Talco Desodorante','Affection',125,12.0,1.000000,1.000000,1.000000,'G',7.502221184727E12);

INSERT INTO MOVIMIENTO_HISTORICO_PRODUCTO (ALMACEN_ID,PRODUCTO_ID,FECHA,TIPO_MOVIMIENTO_ID,CANTIDAD,COSTO,PRECIO,USUARIO_ID) VALUES(1,99,now(),30,12,1.000000,1.000000,'root');
INSERT INTO ALMACEN_PRODUCTO(ALMACEN_ID,PRODUCTO_ID,CANTIDAD_ACTUAL,CANTIDAD_MINIMA,PRECIO_VENTA) VALUES (1,99,12,0,1.000000);

INSERT INTO ALMACEN_PRODUCTO(ALMACEN_ID,PRODUCTO_ID,CANTIDAD_ACTUAL,CANTIDAD_MINIMA,PRECIO_VENTA) VALUES (2,99,0,0,1.000000);

INSERT INTO ALMACEN_PRODUCTO(ALMACEN_ID,PRODUCTO_ID,CANTIDAD_ACTUAL,CANTIDAD_MINIMA,PRECIO_VENTA) VALUES (3,99,12,0,1.000000);

INSERT INTO ALMACEN_PRODUCTO(ALMACEN_ID,PRODUCTO_ID,CANTIDAD_ACTUAL,CANTIDAD_MINIMA,PRECIO_VENTA) VALUES (4,99,12,0,1.000000);

INSERT INTO PROVEEDOR_PRODUCTO(PROVEEDOR_ID,PRODUCTO_ID,PRECIO_COMPRA) VALUES(18,99, 1.000000);

-- ===========PRODUCTO [100]
INSERT INTO PRODUCTO(ID,MARCA_ID,NOMBRE,PRESENTACION,CONTENIDO,UNIDADES_POR_CAJA,COSTO,COSTO_VENTA,PRECIO_BASE,UNIDAD_MEDIDA,CODIGO_BARRAS) VALUES(100,11,'Brut Talco Desodorante','Classic Intense',125,12.0,1.000000,1.000000,1.000000,'G',7.502221182969E12);

INSERT INTO MOVIMIENTO_HISTORICO_PRODUCTO (ALMACEN_ID,PRODUCTO_ID,FECHA,TIPO_MOVIMIENTO_ID,CANTIDAD,COSTO,PRECIO,USUARIO_ID) VALUES(1,100,now(),30,12,1.000000,1.000000,'root');
INSERT INTO ALMACEN_PRODUCTO(ALMACEN_ID,PRODUCTO_ID,CANTIDAD_ACTUAL,CANTIDAD_MINIMA,PRECIO_VENTA) VALUES (1,100,12,0,1.000000);

INSERT INTO ALMACEN_PRODUCTO(ALMACEN_ID,PRODUCTO_ID,CANTIDAD_ACTUAL,CANTIDAD_MINIMA,PRECIO_VENTA) VALUES (2,100,0,0,1.000000);

INSERT INTO ALMACEN_PRODUCTO(ALMACEN_ID,PRODUCTO_ID,CANTIDAD_ACTUAL,CANTIDAD_MINIMA,PRECIO_VENTA) VALUES (3,100,12,0,1.000000);

INSERT INTO ALMACEN_PRODUCTO(ALMACEN_ID,PRODUCTO_ID,CANTIDAD_ACTUAL,CANTIDAD_MINIMA,PRECIO_VENTA) VALUES (4,100,12,0,1.000000);

INSERT INTO PROVEEDOR_PRODUCTO(PROVEEDOR_ID,PRODUCTO_ID,PRECIO_COMPRA) VALUES(18,100, 1.000000);

-- ===========PRODUCTO [101]
INSERT INTO PRODUCTO(ID,MARCA_ID,NOMBRE,PRESENTACION,CONTENIDO,UNIDADES_POR_CAJA,COSTO,COSTO_VENTA,PRECIO_BASE,UNIDAD_MEDIDA,CODIGO_BARRAS) VALUES(101,11,'Brut XT Locion Caballero','Code',50,12.0,1.000000,1.000000,1.000000,'ML',7.502221182082E12);

INSERT INTO MOVIMIENTO_HISTORICO_PRODUCTO (ALMACEN_ID,PRODUCTO_ID,FECHA,TIPO_MOVIMIENTO_ID,CANTIDAD,COSTO,PRECIO,USUARIO_ID) VALUES(1,101,now(),30,6,1.000000,1.000000,'root');
INSERT INTO ALMACEN_PRODUCTO(ALMACEN_ID,PRODUCTO_ID,CANTIDAD_ACTUAL,CANTIDAD_MINIMA,PRECIO_VENTA) VALUES (1,101,6,0,1.000000);

INSERT INTO ALMACEN_PRODUCTO(ALMACEN_ID,PRODUCTO_ID,CANTIDAD_ACTUAL,CANTIDAD_MINIMA,PRECIO_VENTA) VALUES (2,101,14,0,1.000000);

INSERT INTO ALMACEN_PRODUCTO(ALMACEN_ID,PRODUCTO_ID,CANTIDAD_ACTUAL,CANTIDAD_MINIMA,PRECIO_VENTA) VALUES (3,101,6,0,1.000000);

INSERT INTO ALMACEN_PRODUCTO(ALMACEN_ID,PRODUCTO_ID,CANTIDAD_ACTUAL,CANTIDAD_MINIMA,PRECIO_VENTA) VALUES (4,101,6,0,1.000000);

INSERT INTO PROVEEDOR_PRODUCTO(PROVEEDOR_ID,PRODUCTO_ID,PRECIO_COMPRA) VALUES(18,101, 1.000000);

-- ===========PRODUCTO [102]
INSERT INTO PRODUCTO(ID,MARCA_ID,NOMBRE,PRESENTACION,CONTENIDO,UNIDADES_POR_CAJA,COSTO,COSTO_VENTA,PRECIO_BASE,UNIDAD_MEDIDA,CODIGO_BARRAS) VALUES(102,11,'Brut XT Locion Caballero','Excess',50,12.0,1.000000,1.000000,1.000000,'ML',7.502221182105E12);

INSERT INTO MOVIMIENTO_HISTORICO_PRODUCTO (ALMACEN_ID,PRODUCTO_ID,FECHA,TIPO_MOVIMIENTO_ID,CANTIDAD,COSTO,PRECIO,USUARIO_ID) VALUES(1,102,now(),30,6,1.000000,1.000000,'root');
INSERT INTO ALMACEN_PRODUCTO(ALMACEN_ID,PRODUCTO_ID,CANTIDAD_ACTUAL,CANTIDAD_MINIMA,PRECIO_VENTA) VALUES (1,102,6,0,1.000000);

INSERT INTO ALMACEN_PRODUCTO(ALMACEN_ID,PRODUCTO_ID,CANTIDAD_ACTUAL,CANTIDAD_MINIMA,PRECIO_VENTA) VALUES (2,102,20,0,1.000000);

INSERT INTO ALMACEN_PRODUCTO(ALMACEN_ID,PRODUCTO_ID,CANTIDAD_ACTUAL,CANTIDAD_MINIMA,PRECIO_VENTA) VALUES (3,102,6,0,1.000000);

INSERT INTO ALMACEN_PRODUCTO(ALMACEN_ID,PRODUCTO_ID,CANTIDAD_ACTUAL,CANTIDAD_MINIMA,PRECIO_VENTA) VALUES (4,102,6,0,1.000000);

INSERT INTO PROVEEDOR_PRODUCTO(PROVEEDOR_ID,PRODUCTO_ID,PRECIO_COMPRA) VALUES(18,102, 1.000000);

-- ===========PRODUCTO [103]
INSERT INTO PRODUCTO(ID,MARCA_ID,NOMBRE,PRESENTACION,CONTENIDO,UNIDADES_POR_CAJA,COSTO,COSTO_VENTA,PRECIO_BASE,UNIDAD_MEDIDA,CODIGO_BARRAS) VALUES(103,11,'Brut XT Locion Caballero','Urban',50,12.0,1.000000,1.000000,1.000000,'ML',7.502221182099E12);

INSERT INTO MOVIMIENTO_HISTORICO_PRODUCTO (ALMACEN_ID,PRODUCTO_ID,FECHA,TIPO_MOVIMIENTO_ID,CANTIDAD,COSTO,PRECIO,USUARIO_ID) VALUES(1,103,now(),30,6,1.000000,1.000000,'root');
INSERT INTO ALMACEN_PRODUCTO(ALMACEN_ID,PRODUCTO_ID,CANTIDAD_ACTUAL,CANTIDAD_MINIMA,PRECIO_VENTA) VALUES (1,103,6,0,1.000000);

INSERT INTO ALMACEN_PRODUCTO(ALMACEN_ID,PRODUCTO_ID,CANTIDAD_ACTUAL,CANTIDAD_MINIMA,PRECIO_VENTA) VALUES (2,103,9,0,1.000000);

INSERT INTO ALMACEN_PRODUCTO(ALMACEN_ID,PRODUCTO_ID,CANTIDAD_ACTUAL,CANTIDAD_MINIMA,PRECIO_VENTA) VALUES (3,103,6,0,1.000000);

INSERT INTO ALMACEN_PRODUCTO(ALMACEN_ID,PRODUCTO_ID,CANTIDAD_ACTUAL,CANTIDAD_MINIMA,PRECIO_VENTA) VALUES (4,103,6,0,1.000000);

INSERT INTO PROVEEDOR_PRODUCTO(PROVEEDOR_ID,PRODUCTO_ID,PRECIO_COMPRA) VALUES(18,103, 1.000000);

-- ===========PRODUCTO [104]
INSERT INTO PRODUCTO(ID,MARCA_ID,NOMBRE,PRESENTACION,CONTENIDO,UNIDADES_POR_CAJA,COSTO,COSTO_VENTA,PRECIO_BASE,UNIDAD_MEDIDA,CODIGO_BARRAS) VALUES(104,11,'Brut XT Locion Caballero','Ego',50,12.0,1.000000,1.000000,1.000000,'ML',7.502221182075E12);

INSERT INTO MOVIMIENTO_HISTORICO_PRODUCTO (ALMACEN_ID,PRODUCTO_ID,FECHA,TIPO_MOVIMIENTO_ID,CANTIDAD,COSTO,PRECIO,USUARIO_ID) VALUES(1,104,now(),30,6,1.000000,1.000000,'root');
INSERT INTO ALMACEN_PRODUCTO(ALMACEN_ID,PRODUCTO_ID,CANTIDAD_ACTUAL,CANTIDAD_MINIMA,PRECIO_VENTA) VALUES (1,104,6,0,1.000000);

INSERT INTO ALMACEN_PRODUCTO(ALMACEN_ID,PRODUCTO_ID,CANTIDAD_ACTUAL,CANTIDAD_MINIMA,PRECIO_VENTA) VALUES (2,104,13,0,1.000000);

INSERT INTO ALMACEN_PRODUCTO(ALMACEN_ID,PRODUCTO_ID,CANTIDAD_ACTUAL,CANTIDAD_MINIMA,PRECIO_VENTA) VALUES (3,104,6,0,1.000000);

INSERT INTO ALMACEN_PRODUCTO(ALMACEN_ID,PRODUCTO_ID,CANTIDAD_ACTUAL,CANTIDAD_MINIMA,PRECIO_VENTA) VALUES (4,104,6,0,1.000000);

INSERT INTO PROVEEDOR_PRODUCTO(PROVEEDOR_ID,PRODUCTO_ID,PRECIO_COMPRA) VALUES(18,104, 1.000000);

-- ===========PRODUCTO [105]
INSERT INTO PRODUCTO(ID,MARCA_ID,NOMBRE,PRESENTACION,CONTENIDO,UNIDADES_POR_CAJA,COSTO,COSTO_VENTA,PRECIO_BASE,UNIDAD_MEDIDA,CODIGO_BARRAS) VALUES(105,1,'Jovan Colonia Caballero','Musk For Men',118,12.0,1.000000,1.000000,1.000000,'ML',7.50173749007E12);

INSERT INTO MOVIMIENTO_HISTORICO_PRODUCTO (ALMACEN_ID,PRODUCTO_ID,FECHA,TIPO_MOVIMIENTO_ID,CANTIDAD,COSTO,PRECIO,USUARIO_ID) VALUES(1,105,now(),30,6,1.000000,1.000000,'root');
INSERT INTO ALMACEN_PRODUCTO(ALMACEN_ID,PRODUCTO_ID,CANTIDAD_ACTUAL,CANTIDAD_MINIMA,PRECIO_VENTA) VALUES (1,105,6,0,1.000000);

INSERT INTO ALMACEN_PRODUCTO(ALMACEN_ID,PRODUCTO_ID,CANTIDAD_ACTUAL,CANTIDAD_MINIMA,PRECIO_VENTA) VALUES (2,105,0,0,1.000000);

INSERT INTO ALMACEN_PRODUCTO(ALMACEN_ID,PRODUCTO_ID,CANTIDAD_ACTUAL,CANTIDAD_MINIMA,PRECIO_VENTA) VALUES (3,105,6,0,1.000000);

INSERT INTO ALMACEN_PRODUCTO(ALMACEN_ID,PRODUCTO_ID,CANTIDAD_ACTUAL,CANTIDAD_MINIMA,PRECIO_VENTA) VALUES (4,105,6,0,1.000000);

INSERT INTO PROVEEDOR_PRODUCTO(PROVEEDOR_ID,PRODUCTO_ID,PRECIO_COMPRA) VALUES(13,105, 1.000000);

-- ===========PRODUCTO [106]
INSERT INTO PRODUCTO(ID,MARCA_ID,NOMBRE,PRESENTACION,CONTENIDO,UNIDADES_POR_CAJA,COSTO,COSTO_VENTA,PRECIO_BASE,UNIDAD_MEDIDA,CODIGO_BARRAS) VALUES(106,11,'Brut Locion','Affection',100,12.0,1.000000,1.000000,1.000000,'ML',7.502221184253E12);

INSERT INTO MOVIMIENTO_HISTORICO_PRODUCTO (ALMACEN_ID,PRODUCTO_ID,FECHA,TIPO_MOVIMIENTO_ID,CANTIDAD,COSTO,PRECIO,USUARIO_ID) VALUES(1,106,now(),30,12,1.000000,1.000000,'root');
INSERT INTO ALMACEN_PRODUCTO(ALMACEN_ID,PRODUCTO_ID,CANTIDAD_ACTUAL,CANTIDAD_MINIMA,PRECIO_VENTA) VALUES (1,106,12,0,1.000000);

INSERT INTO ALMACEN_PRODUCTO(ALMACEN_ID,PRODUCTO_ID,CANTIDAD_ACTUAL,CANTIDAD_MINIMA,PRECIO_VENTA) VALUES (2,106,4,0,1.000000);

INSERT INTO ALMACEN_PRODUCTO(ALMACEN_ID,PRODUCTO_ID,CANTIDAD_ACTUAL,CANTIDAD_MINIMA,PRECIO_VENTA) VALUES (3,106,12,0,1.000000);

INSERT INTO ALMACEN_PRODUCTO(ALMACEN_ID,PRODUCTO_ID,CANTIDAD_ACTUAL,CANTIDAD_MINIMA,PRECIO_VENTA) VALUES (4,106,12,0,1.000000);

INSERT INTO PROVEEDOR_PRODUCTO(PROVEEDOR_ID,PRODUCTO_ID,PRECIO_COMPRA) VALUES(18,106, 1.000000);

-- ===========PRODUCTO [107]
INSERT INTO PRODUCTO(ID,MARCA_ID,NOMBRE,PRESENTACION,CONTENIDO,UNIDADES_POR_CAJA,COSTO,COSTO_VENTA,PRECIO_BASE,UNIDAD_MEDIDA,CODIGO_BARRAS) VALUES(107,11,'Brut Locion','Tattoo Fragance',100,12.0,1.000000,1.000000,1.000000,'ML',7.50222118468E12);

INSERT INTO MOVIMIENTO_HISTORICO_PRODUCTO (ALMACEN_ID,PRODUCTO_ID,FECHA,TIPO_MOVIMIENTO_ID,CANTIDAD,COSTO,PRECIO,USUARIO_ID) VALUES(1,107,now(),30,12,1.000000,1.000000,'root');
INSERT INTO ALMACEN_PRODUCTO(ALMACEN_ID,PRODUCTO_ID,CANTIDAD_ACTUAL,CANTIDAD_MINIMA,PRECIO_VENTA) VALUES (1,107,12,0,1.000000);

INSERT INTO ALMACEN_PRODUCTO(ALMACEN_ID,PRODUCTO_ID,CANTIDAD_ACTUAL,CANTIDAD_MINIMA,PRECIO_VENTA) VALUES (2,107,0,0,1.000000);

INSERT INTO ALMACEN_PRODUCTO(ALMACEN_ID,PRODUCTO_ID,CANTIDAD_ACTUAL,CANTIDAD_MINIMA,PRECIO_VENTA) VALUES (3,107,12,0,1.000000);

INSERT INTO ALMACEN_PRODUCTO(ALMACEN_ID,PRODUCTO_ID,CANTIDAD_ACTUAL,CANTIDAD_MINIMA,PRECIO_VENTA) VALUES (4,107,12,0,1.000000);

INSERT INTO PROVEEDOR_PRODUCTO(PROVEEDOR_ID,PRODUCTO_ID,PRECIO_COMPRA) VALUES(18,107, 1.000000);

-- ===========PRODUCTO [108]
INSERT INTO PRODUCTO(ID,MARCA_ID,NOMBRE,PRESENTACION,CONTENIDO,UNIDADES_POR_CAJA,COSTO,COSTO_VENTA,PRECIO_BASE,UNIDAD_MEDIDA,CODIGO_BARRAS) VALUES(108,11,'Brut Locion','Tattoo Classic',100,12.0,1.000000,1.000000,1.000000,'ML',7.502221184673E12);

INSERT INTO MOVIMIENTO_HISTORICO_PRODUCTO (ALMACEN_ID,PRODUCTO_ID,FECHA,TIPO_MOVIMIENTO_ID,CANTIDAD,COSTO,PRECIO,USUARIO_ID) VALUES(1,108,now(),30,12,1.000000,1.000000,'root');
INSERT INTO ALMACEN_PRODUCTO(ALMACEN_ID,PRODUCTO_ID,CANTIDAD_ACTUAL,CANTIDAD_MINIMA,PRECIO_VENTA) VALUES (1,108,12,0,1.000000);

INSERT INTO ALMACEN_PRODUCTO(ALMACEN_ID,PRODUCTO_ID,CANTIDAD_ACTUAL,CANTIDAD_MINIMA,PRECIO_VENTA) VALUES (2,108,0,0,1.000000);

INSERT INTO ALMACEN_PRODUCTO(ALMACEN_ID,PRODUCTO_ID,CANTIDAD_ACTUAL,CANTIDAD_MINIMA,PRECIO_VENTA) VALUES (3,108,12,0,1.000000);

INSERT INTO ALMACEN_PRODUCTO(ALMACEN_ID,PRODUCTO_ID,CANTIDAD_ACTUAL,CANTIDAD_MINIMA,PRECIO_VENTA) VALUES (4,108,12,0,1.000000);

INSERT INTO PROVEEDOR_PRODUCTO(PROVEEDOR_ID,PRODUCTO_ID,PRECIO_COMPRA) VALUES(18,108, 1.000000);

-- ===========PRODUCTO [109]
INSERT INTO PRODUCTO(ID,MARCA_ID,NOMBRE,PRESENTACION,CONTENIDO,UNIDADES_POR_CAJA,COSTO,COSTO_VENTA,PRECIO_BASE,UNIDAD_MEDIDA,CODIGO_BARRAS) VALUES(109,11,'Brut Locion','Motion',100,12.0,1.000000,1.000000,1.000000,'ML',7.502221182334E12);

INSERT INTO MOVIMIENTO_HISTORICO_PRODUCTO (ALMACEN_ID,PRODUCTO_ID,FECHA,TIPO_MOVIMIENTO_ID,CANTIDAD,COSTO,PRECIO,USUARIO_ID) VALUES(1,109,now(),30,0,1.000000,1.000000,'root');
INSERT INTO ALMACEN_PRODUCTO(ALMACEN_ID,PRODUCTO_ID,CANTIDAD_ACTUAL,CANTIDAD_MINIMA,PRECIO_VENTA) VALUES (1,109,0,0,1.000000);

INSERT INTO ALMACEN_PRODUCTO(ALMACEN_ID,PRODUCTO_ID,CANTIDAD_ACTUAL,CANTIDAD_MINIMA,PRECIO_VENTA) VALUES (2,109,0,0,1.000000);

INSERT INTO PROVEEDOR_PRODUCTO(PROVEEDOR_ID,PRODUCTO_ID,PRECIO_COMPRA) VALUES(18,109, 1.000000);

-- ===========PRODUCTO [110]
INSERT INTO PRODUCTO(ID,MARCA_ID,NOMBRE,PRESENTACION,CONTENIDO,UNIDADES_POR_CAJA,COSTO,COSTO_VENTA,PRECIO_BASE,UNIDAD_MEDIDA,CODIGO_BARRAS) VALUES(110,11,'Brut Locion','Euphoria',100,12.0,1.000000,1.000000,1.000000,'ML',7.502221181962E12);

INSERT INTO MOVIMIENTO_HISTORICO_PRODUCTO (ALMACEN_ID,PRODUCTO_ID,FECHA,TIPO_MOVIMIENTO_ID,CANTIDAD,COSTO,PRECIO,USUARIO_ID) VALUES(1,110,now(),30,12,1.000000,1.000000,'root');
INSERT INTO ALMACEN_PRODUCTO(ALMACEN_ID,PRODUCTO_ID,CANTIDAD_ACTUAL,CANTIDAD_MINIMA,PRECIO_VENTA) VALUES (1,110,12,0,1.000000);

INSERT INTO ALMACEN_PRODUCTO(ALMACEN_ID,PRODUCTO_ID,CANTIDAD_ACTUAL,CANTIDAD_MINIMA,PRECIO_VENTA) VALUES (2,110,1,0,1.000000);

INSERT INTO ALMACEN_PRODUCTO(ALMACEN_ID,PRODUCTO_ID,CANTIDAD_ACTUAL,CANTIDAD_MINIMA,PRECIO_VENTA) VALUES (3,110,12,0,1.000000);

INSERT INTO ALMACEN_PRODUCTO(ALMACEN_ID,PRODUCTO_ID,CANTIDAD_ACTUAL,CANTIDAD_MINIMA,PRECIO_VENTA) VALUES (4,110,12,0,1.000000);

INSERT INTO PROVEEDOR_PRODUCTO(PROVEEDOR_ID,PRODUCTO_ID,PRECIO_COMPRA) VALUES(18,110, 1.000000);

-- ===========PRODUCTO [111]
INSERT INTO PRODUCTO(ID,MARCA_ID,NOMBRE,PRESENTACION,CONTENIDO,UNIDADES_POR_CAJA,COSTO,COSTO_VENTA,PRECIO_BASE,UNIDAD_MEDIDA,CODIGO_BARRAS) VALUES(111,11,'Brut Locion','Attitude',100,12.0,1.000000,1.000000,1.000000,'ML',7.502221181269E12);

INSERT INTO MOVIMIENTO_HISTORICO_PRODUCTO (ALMACEN_ID,PRODUCTO_ID,FECHA,TIPO_MOVIMIENTO_ID,CANTIDAD,COSTO,PRECIO,USUARIO_ID) VALUES(1,111,now(),30,12,1.000000,1.000000,'root');
INSERT INTO ALMACEN_PRODUCTO(ALMACEN_ID,PRODUCTO_ID,CANTIDAD_ACTUAL,CANTIDAD_MINIMA,PRECIO_VENTA) VALUES (1,111,12,0,1.000000);

INSERT INTO ALMACEN_PRODUCTO(ALMACEN_ID,PRODUCTO_ID,CANTIDAD_ACTUAL,CANTIDAD_MINIMA,PRECIO_VENTA) VALUES (2,111,0,0,1.000000);

INSERT INTO ALMACEN_PRODUCTO(ALMACEN_ID,PRODUCTO_ID,CANTIDAD_ACTUAL,CANTIDAD_MINIMA,PRECIO_VENTA) VALUES (3,111,12,0,1.000000);

INSERT INTO ALMACEN_PRODUCTO(ALMACEN_ID,PRODUCTO_ID,CANTIDAD_ACTUAL,CANTIDAD_MINIMA,PRECIO_VENTA) VALUES (4,111,12,0,1.000000);

INSERT INTO PROVEEDOR_PRODUCTO(PROVEEDOR_ID,PRODUCTO_ID,PRECIO_COMPRA) VALUES(18,111, 1.000000);

-- ===========PRODUCTO [112]
INSERT INTO PRODUCTO(ID,MARCA_ID,NOMBRE,PRESENTACION,CONTENIDO,UNIDADES_POR_CAJA,COSTO,COSTO_VENTA,PRECIO_BASE,UNIDAD_MEDIDA,CODIGO_BARRAS) VALUES(112,11,'Brut Locion','Addiction',100,12.0,1.000000,1.000000,1.000000,'ML',7.502221184802E12);

INSERT INTO MOVIMIENTO_HISTORICO_PRODUCTO (ALMACEN_ID,PRODUCTO_ID,FECHA,TIPO_MOVIMIENTO_ID,CANTIDAD,COSTO,PRECIO,USUARIO_ID) VALUES(1,112,now(),30,12,1.000000,1.000000,'root');
INSERT INTO ALMACEN_PRODUCTO(ALMACEN_ID,PRODUCTO_ID,CANTIDAD_ACTUAL,CANTIDAD_MINIMA,PRECIO_VENTA) VALUES (1,112,12,0,1.000000);

INSERT INTO ALMACEN_PRODUCTO(ALMACEN_ID,PRODUCTO_ID,CANTIDAD_ACTUAL,CANTIDAD_MINIMA,PRECIO_VENTA) VALUES (2,112,0,0,1.000000);

INSERT INTO ALMACEN_PRODUCTO(ALMACEN_ID,PRODUCTO_ID,CANTIDAD_ACTUAL,CANTIDAD_MINIMA,PRECIO_VENTA) VALUES (3,112,12,0,1.000000);

INSERT INTO ALMACEN_PRODUCTO(ALMACEN_ID,PRODUCTO_ID,CANTIDAD_ACTUAL,CANTIDAD_MINIMA,PRECIO_VENTA) VALUES (4,112,12,0,1.000000);

INSERT INTO PROVEEDOR_PRODUCTO(PROVEEDOR_ID,PRODUCTO_ID,PRECIO_COMPRA) VALUES(18,112, 1.000000);

-- ===========PRODUCTO [113]
INSERT INTO PRODUCTO(ID,MARCA_ID,NOMBRE,PRESENTACION,CONTENIDO,UNIDADES_POR_CAJA,COSTO,COSTO_VENTA,PRECIO_BASE,UNIDAD_MEDIDA,CODIGO_BARRAS) VALUES(113,11,'Brut Locion','Classic',100,12.0,1.000000,1.000000,1.000000,'ML',7.502221181252E12);

INSERT INTO MOVIMIENTO_HISTORICO_PRODUCTO (ALMACEN_ID,PRODUCTO_ID,FECHA,TIPO_MOVIMIENTO_ID,CANTIDAD,COSTO,PRECIO,USUARIO_ID) VALUES(1,113,now(),30,12,1.000000,1.000000,'root');
INSERT INTO ALMACEN_PRODUCTO(ALMACEN_ID,PRODUCTO_ID,CANTIDAD_ACTUAL,CANTIDAD_MINIMA,PRECIO_VENTA) VALUES (1,113,12,0,1.000000);

INSERT INTO ALMACEN_PRODUCTO(ALMACEN_ID,PRODUCTO_ID,CANTIDAD_ACTUAL,CANTIDAD_MINIMA,PRECIO_VENTA) VALUES (2,113,1,0,1.000000);

INSERT INTO ALMACEN_PRODUCTO(ALMACEN_ID,PRODUCTO_ID,CANTIDAD_ACTUAL,CANTIDAD_MINIMA,PRECIO_VENTA) VALUES (3,113,12,0,1.000000);

INSERT INTO ALMACEN_PRODUCTO(ALMACEN_ID,PRODUCTO_ID,CANTIDAD_ACTUAL,CANTIDAD_MINIMA,PRECIO_VENTA) VALUES (4,113,12,0,1.000000);

INSERT INTO PROVEEDOR_PRODUCTO(PROVEEDOR_ID,PRODUCTO_ID,PRECIO_COMPRA) VALUES(18,113, 1.000000);

-- ===========PRODUCTO [114]
INSERT INTO PRODUCTO(ID,MARCA_ID,NOMBRE,PRESENTACION,CONTENIDO,UNIDADES_POR_CAJA,COSTO,COSTO_VENTA,PRECIO_BASE,UNIDAD_MEDIDA,CODIGO_BARRAS) VALUES(114,27,'Vel Rosita Suavisante de Telas','Delicada',450,12.0,1.000000,1.000000,1.000000,'ML',7.509546045689E12);

INSERT INTO MOVIMIENTO_HISTORICO_PRODUCTO (ALMACEN_ID,PRODUCTO_ID,FECHA,TIPO_MOVIMIENTO_ID,CANTIDAD,COSTO,PRECIO,USUARIO_ID) VALUES(1,114,now(),30,60,1.000000,1.000000,'root');
INSERT INTO ALMACEN_PRODUCTO(ALMACEN_ID,PRODUCTO_ID,CANTIDAD_ACTUAL,CANTIDAD_MINIMA,PRECIO_VENTA) VALUES (1,114,60,0,1.000000);

INSERT INTO ALMACEN_PRODUCTO(ALMACEN_ID,PRODUCTO_ID,CANTIDAD_ACTUAL,CANTIDAD_MINIMA,PRECIO_VENTA) VALUES (2,114,0,0,1.000000);

INSERT INTO ALMACEN_PRODUCTO(ALMACEN_ID,PRODUCTO_ID,CANTIDAD_ACTUAL,CANTIDAD_MINIMA,PRECIO_VENTA) VALUES (3,114,60,0,1.000000);

INSERT INTO ALMACEN_PRODUCTO(ALMACEN_ID,PRODUCTO_ID,CANTIDAD_ACTUAL,CANTIDAD_MINIMA,PRECIO_VENTA) VALUES (4,114,60,0,1.000000);

INSERT INTO PROVEEDOR_PRODUCTO(PROVEEDOR_ID,PRODUCTO_ID,PRECIO_COMPRA) VALUES(6,114, 1.000000);

-- ===========PRODUCTO [115]
INSERT INTO PRODUCTO(ID,MARCA_ID,NOMBRE,PRESENTACION,CONTENIDO,UNIDADES_POR_CAJA,COSTO,COSTO_VENTA,PRECIO_BASE,UNIDAD_MEDIDA,CODIGO_BARRAS) VALUES(115,22,'Loreal Revitalift','Dia FPS 18',50,12.0,1.000000,1.000000,1.000000,'G',7.501027247285E12);

INSERT INTO MOVIMIENTO_HISTORICO_PRODUCTO (ALMACEN_ID,PRODUCTO_ID,FECHA,TIPO_MOVIMIENTO_ID,CANTIDAD,COSTO,PRECIO,USUARIO_ID) VALUES(1,115,now(),30,6,1.000000,1.000000,'root');
INSERT INTO ALMACEN_PRODUCTO(ALMACEN_ID,PRODUCTO_ID,CANTIDAD_ACTUAL,CANTIDAD_MINIMA,PRECIO_VENTA) VALUES (1,115,6,0,1.000000);

INSERT INTO ALMACEN_PRODUCTO(ALMACEN_ID,PRODUCTO_ID,CANTIDAD_ACTUAL,CANTIDAD_MINIMA,PRECIO_VENTA) VALUES (2,115,0,0,1.000000);

INSERT INTO ALMACEN_PRODUCTO(ALMACEN_ID,PRODUCTO_ID,CANTIDAD_ACTUAL,CANTIDAD_MINIMA,PRECIO_VENTA) VALUES (3,115,6,0,1.000000);

INSERT INTO ALMACEN_PRODUCTO(ALMACEN_ID,PRODUCTO_ID,CANTIDAD_ACTUAL,CANTIDAD_MINIMA,PRECIO_VENTA) VALUES (4,115,6,0,1.000000);

INSERT INTO PROVEEDOR_PRODUCTO(PROVEEDOR_ID,PRODUCTO_ID,PRECIO_COMPRA) VALUES(13,115, 1.000000);

-- ===========PRODUCTO [116]
INSERT INTO PRODUCTO(ID,MARCA_ID,NOMBRE,PRESENTACION,CONTENIDO,UNIDADES_POR_CAJA,COSTO,COSTO_VENTA,PRECIO_BASE,UNIDAD_MEDIDA,CODIGO_BARRAS) VALUES(116,28,'Garnier Discos Faciales','Pure',56,6.0,1.000000,1.000000,1.000000,'Pz',7.501839196535E12);

INSERT INTO MOVIMIENTO_HISTORICO_PRODUCTO (ALMACEN_ID,PRODUCTO_ID,FECHA,TIPO_MOVIMIENTO_ID,CANTIDAD,COSTO,PRECIO,USUARIO_ID) VALUES(1,116,now(),30,4,1.000000,1.000000,'root');
INSERT INTO ALMACEN_PRODUCTO(ALMACEN_ID,PRODUCTO_ID,CANTIDAD_ACTUAL,CANTIDAD_MINIMA,PRECIO_VENTA) VALUES (1,116,4,0,1.000000);

INSERT INTO ALMACEN_PRODUCTO(ALMACEN_ID,PRODUCTO_ID,CANTIDAD_ACTUAL,CANTIDAD_MINIMA,PRECIO_VENTA) VALUES (2,116,0,0,1.000000);

INSERT INTO ALMACEN_PRODUCTO(ALMACEN_ID,PRODUCTO_ID,CANTIDAD_ACTUAL,CANTIDAD_MINIMA,PRECIO_VENTA) VALUES (3,116,4,0,1.000000);

INSERT INTO ALMACEN_PRODUCTO(ALMACEN_ID,PRODUCTO_ID,CANTIDAD_ACTUAL,CANTIDAD_MINIMA,PRECIO_VENTA) VALUES (4,116,4,0,1.000000);

INSERT INTO PROVEEDOR_PRODUCTO(PROVEEDOR_ID,PRODUCTO_ID,PRECIO_COMPRA) VALUES(13,116, 1.000000);

-- ===========PRODUCTO [117]
INSERT INTO PRODUCTO(ID,MARCA_ID,NOMBRE,PRESENTACION,CONTENIDO,UNIDADES_POR_CAJA,COSTO,COSTO_VENTA,PRECIO_BASE,UNIDAD_MEDIDA,CODIGO_BARRAS) VALUES(117,28,'Garnier Clarify','Corrector Facial Aclarante FPS 15',10,6.0,1.000000,1.000000,1.000000,'ML',7.501839196528E12);

INSERT INTO MOVIMIENTO_HISTORICO_PRODUCTO (ALMACEN_ID,PRODUCTO_ID,FECHA,TIPO_MOVIMIENTO_ID,CANTIDAD,COSTO,PRECIO,USUARIO_ID) VALUES(1,117,now(),30,6,1.000000,1.000000,'root');
INSERT INTO ALMACEN_PRODUCTO(ALMACEN_ID,PRODUCTO_ID,CANTIDAD_ACTUAL,CANTIDAD_MINIMA,PRECIO_VENTA) VALUES (1,117,6,0,1.000000);

INSERT INTO ALMACEN_PRODUCTO(ALMACEN_ID,PRODUCTO_ID,CANTIDAD_ACTUAL,CANTIDAD_MINIMA,PRECIO_VENTA) VALUES (2,117,0,0,1.000000);

INSERT INTO ALMACEN_PRODUCTO(ALMACEN_ID,PRODUCTO_ID,CANTIDAD_ACTUAL,CANTIDAD_MINIMA,PRECIO_VENTA) VALUES (3,117,6,0,1.000000);

INSERT INTO ALMACEN_PRODUCTO(ALMACEN_ID,PRODUCTO_ID,CANTIDAD_ACTUAL,CANTIDAD_MINIMA,PRECIO_VENTA) VALUES (4,117,6,0,1.000000);

INSERT INTO PROVEEDOR_PRODUCTO(PROVEEDOR_ID,PRODUCTO_ID,PRECIO_COMPRA) VALUES(13,117, 1.000000);

-- ===========PRODUCTO [118]
INSERT INTO PRODUCTO(ID,MARCA_ID,NOMBRE,PRESENTACION,CONTENIDO,UNIDADES_POR_CAJA,COSTO,COSTO_VENTA,PRECIO_BASE,UNIDAD_MEDIDA,CODIGO_BARRAS) VALUES(118,22,'Loreal Age Perfect','Noche Pieles Maduras',50,6.0,1.000000,1.000000,1.000000,'G',7.501027251428E12);

INSERT INTO MOVIMIENTO_HISTORICO_PRODUCTO (ALMACEN_ID,PRODUCTO_ID,FECHA,TIPO_MOVIMIENTO_ID,CANTIDAD,COSTO,PRECIO,USUARIO_ID) VALUES(1,118,now(),30,3,1.000000,1.000000,'root');
INSERT INTO ALMACEN_PRODUCTO(ALMACEN_ID,PRODUCTO_ID,CANTIDAD_ACTUAL,CANTIDAD_MINIMA,PRECIO_VENTA) VALUES (1,118,3,0,1.000000);

INSERT INTO ALMACEN_PRODUCTO(ALMACEN_ID,PRODUCTO_ID,CANTIDAD_ACTUAL,CANTIDAD_MINIMA,PRECIO_VENTA) VALUES (2,118,0,0,1.000000);

INSERT INTO ALMACEN_PRODUCTO(ALMACEN_ID,PRODUCTO_ID,CANTIDAD_ACTUAL,CANTIDAD_MINIMA,PRECIO_VENTA) VALUES (3,118,3,0,1.000000);

INSERT INTO ALMACEN_PRODUCTO(ALMACEN_ID,PRODUCTO_ID,CANTIDAD_ACTUAL,CANTIDAD_MINIMA,PRECIO_VENTA) VALUES (4,118,3,0,1.000000);

INSERT INTO PROVEEDOR_PRODUCTO(PROVEEDOR_ID,PRODUCTO_ID,PRECIO_COMPRA) VALUES(13,118, 1.000000);

-- ===========PRODUCTO [119]
INSERT INTO PRODUCTO(ID,MARCA_ID,NOMBRE,PRESENTACION,CONTENIDO,UNIDADES_POR_CAJA,COSTO,COSTO_VENTA,PRECIO_BASE,UNIDAD_MEDIDA,CODIGO_BARRAS) VALUES(119,22,'Loreal Revitalift','Complete Day SPF 15',48,6.0,1.000000,1.000000,1.000000,'ML',7.1249104644E10);

INSERT INTO MOVIMIENTO_HISTORICO_PRODUCTO (ALMACEN_ID,PRODUCTO_ID,FECHA,TIPO_MOVIMIENTO_ID,CANTIDAD,COSTO,PRECIO,USUARIO_ID) VALUES(1,119,now(),30,3,1.000000,1.000000,'root');
INSERT INTO ALMACEN_PRODUCTO(ALMACEN_ID,PRODUCTO_ID,CANTIDAD_ACTUAL,CANTIDAD_MINIMA,PRECIO_VENTA) VALUES (1,119,3,0,1.000000);

INSERT INTO ALMACEN_PRODUCTO(ALMACEN_ID,PRODUCTO_ID,CANTIDAD_ACTUAL,CANTIDAD_MINIMA,PRECIO_VENTA) VALUES (2,119,0,0,1.000000);

INSERT INTO ALMACEN_PRODUCTO(ALMACEN_ID,PRODUCTO_ID,CANTIDAD_ACTUAL,CANTIDAD_MINIMA,PRECIO_VENTA) VALUES (3,119,3,0,1.000000);

INSERT INTO ALMACEN_PRODUCTO(ALMACEN_ID,PRODUCTO_ID,CANTIDAD_ACTUAL,CANTIDAD_MINIMA,PRECIO_VENTA) VALUES (4,119,3,0,1.000000);

INSERT INTO PROVEEDOR_PRODUCTO(PROVEEDOR_ID,PRODUCTO_ID,PRECIO_COMPRA) VALUES(13,119, 1.000000);

-- ===========PRODUCTO [120]
INSERT INTO PRODUCTO(ID,MARCA_ID,NOMBRE,PRESENTACION,CONTENIDO,UNIDADES_POR_CAJA,COSTO,COSTO_VENTA,PRECIO_BASE,UNIDAD_MEDIDA,CODIGO_BARRAS) VALUES(120,22,'Loreal Revitalift','Arrugas de Fisura',50,6.0,1.000000,1.000000,1.000000,'ML',3.600521287507E12);

INSERT INTO MOVIMIENTO_HISTORICO_PRODUCTO (ALMACEN_ID,PRODUCTO_ID,FECHA,TIPO_MOVIMIENTO_ID,CANTIDAD,COSTO,PRECIO,USUARIO_ID) VALUES(1,120,now(),30,3,1.000000,1.000000,'root');
INSERT INTO ALMACEN_PRODUCTO(ALMACEN_ID,PRODUCTO_ID,CANTIDAD_ACTUAL,CANTIDAD_MINIMA,PRECIO_VENTA) VALUES (1,120,3,0,1.000000);

INSERT INTO ALMACEN_PRODUCTO(ALMACEN_ID,PRODUCTO_ID,CANTIDAD_ACTUAL,CANTIDAD_MINIMA,PRECIO_VENTA) VALUES (2,120,0,0,1.000000);

INSERT INTO ALMACEN_PRODUCTO(ALMACEN_ID,PRODUCTO_ID,CANTIDAD_ACTUAL,CANTIDAD_MINIMA,PRECIO_VENTA) VALUES (3,120,3,0,1.000000);

INSERT INTO ALMACEN_PRODUCTO(ALMACEN_ID,PRODUCTO_ID,CANTIDAD_ACTUAL,CANTIDAD_MINIMA,PRECIO_VENTA) VALUES (4,120,3,0,1.000000);

INSERT INTO PROVEEDOR_PRODUCTO(PROVEEDOR_ID,PRODUCTO_ID,PRECIO_COMPRA) VALUES(13,120, 1.000000);

-- ===========PRODUCTO [121]
INSERT INTO PRODUCTO(ID,MARCA_ID,NOMBRE,PRESENTACION,CONTENIDO,UNIDADES_POR_CAJA,COSTO,COSTO_VENTA,PRECIO_BASE,UNIDAD_MEDIDA,CODIGO_BARRAS) VALUES(121,22,'Loreal Collagen Recharge','Noche',50,6.0,1.000000,1.000000,1.000000,'ML',7.506078934825E12);

INSERT INTO MOVIMIENTO_HISTORICO_PRODUCTO (ALMACEN_ID,PRODUCTO_ID,FECHA,TIPO_MOVIMIENTO_ID,CANTIDAD,COSTO,PRECIO,USUARIO_ID) VALUES(1,121,now(),30,3,1.000000,1.000000,'root');
INSERT INTO ALMACEN_PRODUCTO(ALMACEN_ID,PRODUCTO_ID,CANTIDAD_ACTUAL,CANTIDAD_MINIMA,PRECIO_VENTA) VALUES (1,121,3,0,1.000000);

INSERT INTO ALMACEN_PRODUCTO(ALMACEN_ID,PRODUCTO_ID,CANTIDAD_ACTUAL,CANTIDAD_MINIMA,PRECIO_VENTA) VALUES (2,121,0,0,1.000000);

INSERT INTO ALMACEN_PRODUCTO(ALMACEN_ID,PRODUCTO_ID,CANTIDAD_ACTUAL,CANTIDAD_MINIMA,PRECIO_VENTA) VALUES (3,121,3,0,1.000000);

INSERT INTO ALMACEN_PRODUCTO(ALMACEN_ID,PRODUCTO_ID,CANTIDAD_ACTUAL,CANTIDAD_MINIMA,PRECIO_VENTA) VALUES (4,121,3,0,1.000000);

INSERT INTO PROVEEDOR_PRODUCTO(PROVEEDOR_ID,PRODUCTO_ID,PRECIO_COMPRA) VALUES(13,121, 1.000000);

-- ===========PRODUCTO [122]
INSERT INTO PRODUCTO(ID,MARCA_ID,NOMBRE,PRESENTACION,CONTENIDO,UNIDADES_POR_CAJA,COSTO,COSTO_VENTA,PRECIO_BASE,UNIDAD_MEDIDA,CODIGO_BARRAS) VALUES(122,22,'Loreal Remodeler Colageno','Rostro y Cuello FPS 15',50,6.0,1.000000,1.000000,1.000000,'ML',3.600521152256E12);

INSERT INTO MOVIMIENTO_HISTORICO_PRODUCTO (ALMACEN_ID,PRODUCTO_ID,FECHA,TIPO_MOVIMIENTO_ID,CANTIDAD,COSTO,PRECIO,USUARIO_ID) VALUES(1,122,now(),30,3,1.000000,1.000000,'root');
INSERT INTO ALMACEN_PRODUCTO(ALMACEN_ID,PRODUCTO_ID,CANTIDAD_ACTUAL,CANTIDAD_MINIMA,PRECIO_VENTA) VALUES (1,122,3,0,1.000000);

INSERT INTO ALMACEN_PRODUCTO(ALMACEN_ID,PRODUCTO_ID,CANTIDAD_ACTUAL,CANTIDAD_MINIMA,PRECIO_VENTA) VALUES (2,122,0,0,1.000000);

INSERT INTO ALMACEN_PRODUCTO(ALMACEN_ID,PRODUCTO_ID,CANTIDAD_ACTUAL,CANTIDAD_MINIMA,PRECIO_VENTA) VALUES (3,122,3,0,1.000000);

INSERT INTO ALMACEN_PRODUCTO(ALMACEN_ID,PRODUCTO_ID,CANTIDAD_ACTUAL,CANTIDAD_MINIMA,PRECIO_VENTA) VALUES (4,122,3,0,1.000000);

INSERT INTO PROVEEDOR_PRODUCTO(PROVEEDOR_ID,PRODUCTO_ID,PRECIO_COMPRA) VALUES(13,122, 1.000000);

-- ===========PRODUCTO [123]
INSERT INTO PRODUCTO(ID,MARCA_ID,NOMBRE,PRESENTACION,CONTENIDO,UNIDADES_POR_CAJA,COSTO,COSTO_VENTA,PRECIO_BASE,UNIDAD_MEDIDA,CODIGO_BARRAS) VALUES(123,28,'Garnier Clarify','Oil Control Filtro UV',40,6.0,1.000000,1.000000,1.000000,'ML',7.506078975248E12);

INSERT INTO MOVIMIENTO_HISTORICO_PRODUCTO (ALMACEN_ID,PRODUCTO_ID,FECHA,TIPO_MOVIMIENTO_ID,CANTIDAD,COSTO,PRECIO,USUARIO_ID) VALUES(1,123,now(),30,3,1.000000,1.000000,'root');
INSERT INTO ALMACEN_PRODUCTO(ALMACEN_ID,PRODUCTO_ID,CANTIDAD_ACTUAL,CANTIDAD_MINIMA,PRECIO_VENTA) VALUES (1,123,3,0,1.000000);

INSERT INTO ALMACEN_PRODUCTO(ALMACEN_ID,PRODUCTO_ID,CANTIDAD_ACTUAL,CANTIDAD_MINIMA,PRECIO_VENTA) VALUES (2,123,0,0,1.000000);

INSERT INTO ALMACEN_PRODUCTO(ALMACEN_ID,PRODUCTO_ID,CANTIDAD_ACTUAL,CANTIDAD_MINIMA,PRECIO_VENTA) VALUES (3,123,3,0,1.000000);

INSERT INTO ALMACEN_PRODUCTO(ALMACEN_ID,PRODUCTO_ID,CANTIDAD_ACTUAL,CANTIDAD_MINIMA,PRECIO_VENTA) VALUES (4,123,3,0,1.000000);

INSERT INTO PROVEEDOR_PRODUCTO(PROVEEDOR_ID,PRODUCTO_ID,PRECIO_COMPRA) VALUES(13,123, 1.000000);

-- ===========PRODUCTO [124]
INSERT INTO PRODUCTO(ID,MARCA_ID,NOMBRE,PRESENTACION,CONTENIDO,UNIDADES_POR_CAJA,COSTO,COSTO_VENTA,PRECIO_BASE,UNIDAD_MEDIDA,CODIGO_BARRAS) VALUES(124,22,'Loreal White Perfect','Doble Accion Crema + Gel',30,6.0,1.000000,1.000000,1.000000,'ML',7.506078912519E12);

INSERT INTO MOVIMIENTO_HISTORICO_PRODUCTO (ALMACEN_ID,PRODUCTO_ID,FECHA,TIPO_MOVIMIENTO_ID,CANTIDAD,COSTO,PRECIO,USUARIO_ID) VALUES(1,124,now(),30,2,1.000000,1.000000,'root');
INSERT INTO ALMACEN_PRODUCTO(ALMACEN_ID,PRODUCTO_ID,CANTIDAD_ACTUAL,CANTIDAD_MINIMA,PRECIO_VENTA) VALUES (1,124,2,0,1.000000);

INSERT INTO ALMACEN_PRODUCTO(ALMACEN_ID,PRODUCTO_ID,CANTIDAD_ACTUAL,CANTIDAD_MINIMA,PRECIO_VENTA) VALUES (2,124,0,0,1.000000);

INSERT INTO ALMACEN_PRODUCTO(ALMACEN_ID,PRODUCTO_ID,CANTIDAD_ACTUAL,CANTIDAD_MINIMA,PRECIO_VENTA) VALUES (3,124,2,0,1.000000);

INSERT INTO ALMACEN_PRODUCTO(ALMACEN_ID,PRODUCTO_ID,CANTIDAD_ACTUAL,CANTIDAD_MINIMA,PRECIO_VENTA) VALUES (4,124,2,0,1.000000);

INSERT INTO PROVEEDOR_PRODUCTO(PROVEEDOR_ID,PRODUCTO_ID,PRECIO_COMPRA) VALUES(13,124, 1.000000);

-- ===========PRODUCTO [125]
INSERT INTO PRODUCTO(ID,MARCA_ID,NOMBRE,PRESENTACION,CONTENIDO,UNIDADES_POR_CAJA,COSTO,COSTO_VENTA,PRECIO_BASE,UNIDAD_MEDIDA,CODIGO_BARRAS) VALUES(125,22,'Loreal Revitalift','Doble Lifting Ojos',15,6.0,1.000000,1.000000,1.000000,'ML',3.600521012895E12);

INSERT INTO MOVIMIENTO_HISTORICO_PRODUCTO (ALMACEN_ID,PRODUCTO_ID,FECHA,TIPO_MOVIMIENTO_ID,CANTIDAD,COSTO,PRECIO,USUARIO_ID) VALUES(1,125,now(),30,3,1.000000,1.000000,'root');
INSERT INTO ALMACEN_PRODUCTO(ALMACEN_ID,PRODUCTO_ID,CANTIDAD_ACTUAL,CANTIDAD_MINIMA,PRECIO_VENTA) VALUES (1,125,3,0,1.000000);

INSERT INTO ALMACEN_PRODUCTO(ALMACEN_ID,PRODUCTO_ID,CANTIDAD_ACTUAL,CANTIDAD_MINIMA,PRECIO_VENTA) VALUES (2,125,0,0,1.000000);

INSERT INTO ALMACEN_PRODUCTO(ALMACEN_ID,PRODUCTO_ID,CANTIDAD_ACTUAL,CANTIDAD_MINIMA,PRECIO_VENTA) VALUES (3,125,3,0,1.000000);

INSERT INTO ALMACEN_PRODUCTO(ALMACEN_ID,PRODUCTO_ID,CANTIDAD_ACTUAL,CANTIDAD_MINIMA,PRECIO_VENTA) VALUES (4,125,3,0,1.000000);

INSERT INTO PROVEEDOR_PRODUCTO(PROVEEDOR_ID,PRODUCTO_ID,PRECIO_COMPRA) VALUES(13,125, 1.000000);

-- ===========PRODUCTO [126]
INSERT INTO PRODUCTO(ID,MARCA_ID,NOMBRE,PRESENTACION,CONTENIDO,UNIDADES_POR_CAJA,COSTO,COSTO_VENTA,PRECIO_BASE,UNIDAD_MEDIDA,CODIGO_BARRAS) VALUES(126,22,'Loreal Decontract Arrugas','Ojos',15,6.0,1.000000,1.000000,1.000000,'G',7.501027229151E12);

INSERT INTO MOVIMIENTO_HISTORICO_PRODUCTO (ALMACEN_ID,PRODUCTO_ID,FECHA,TIPO_MOVIMIENTO_ID,CANTIDAD,COSTO,PRECIO,USUARIO_ID) VALUES(1,126,now(),30,3,1.000000,1.000000,'root');
INSERT INTO ALMACEN_PRODUCTO(ALMACEN_ID,PRODUCTO_ID,CANTIDAD_ACTUAL,CANTIDAD_MINIMA,PRECIO_VENTA) VALUES (1,126,3,0,1.000000);

INSERT INTO ALMACEN_PRODUCTO(ALMACEN_ID,PRODUCTO_ID,CANTIDAD_ACTUAL,CANTIDAD_MINIMA,PRECIO_VENTA) VALUES (2,126,0,0,1.000000);

INSERT INTO ALMACEN_PRODUCTO(ALMACEN_ID,PRODUCTO_ID,CANTIDAD_ACTUAL,CANTIDAD_MINIMA,PRECIO_VENTA) VALUES (3,126,3,0,1.000000);

INSERT INTO ALMACEN_PRODUCTO(ALMACEN_ID,PRODUCTO_ID,CANTIDAD_ACTUAL,CANTIDAD_MINIMA,PRECIO_VENTA) VALUES (4,126,3,0,1.000000);

INSERT INTO PROVEEDOR_PRODUCTO(PROVEEDOR_ID,PRODUCTO_ID,PRECIO_COMPRA) VALUES(13,126, 1.000000);

-- ===========PRODUCTO [127]
INSERT INTO PRODUCTO(ID,MARCA_ID,NOMBRE,PRESENTACION,CONTENIDO,UNIDADES_POR_CAJA,COSTO,COSTO_VENTA,PRECIO_BASE,UNIDAD_MEDIDA,CODIGO_BARRAS) VALUES(127,22,'Loreal HydraFresh','Gel Espumoso Mixta a Grasa',180,6.0,1.000000,1.000000,1.000000,'ML',7.501027224699E12);

INSERT INTO MOVIMIENTO_HISTORICO_PRODUCTO (ALMACEN_ID,PRODUCTO_ID,FECHA,TIPO_MOVIMIENTO_ID,CANTIDAD,COSTO,PRECIO,USUARIO_ID) VALUES(1,127,now(),30,3,1.000000,1.000000,'root');
INSERT INTO ALMACEN_PRODUCTO(ALMACEN_ID,PRODUCTO_ID,CANTIDAD_ACTUAL,CANTIDAD_MINIMA,PRECIO_VENTA) VALUES (1,127,3,0,1.000000);

INSERT INTO ALMACEN_PRODUCTO(ALMACEN_ID,PRODUCTO_ID,CANTIDAD_ACTUAL,CANTIDAD_MINIMA,PRECIO_VENTA) VALUES (2,127,0,0,1.000000);

INSERT INTO ALMACEN_PRODUCTO(ALMACEN_ID,PRODUCTO_ID,CANTIDAD_ACTUAL,CANTIDAD_MINIMA,PRECIO_VENTA) VALUES (3,127,3,0,1.000000);

INSERT INTO ALMACEN_PRODUCTO(ALMACEN_ID,PRODUCTO_ID,CANTIDAD_ACTUAL,CANTIDAD_MINIMA,PRECIO_VENTA) VALUES (4,127,3,0,1.000000);

INSERT INTO PROVEEDOR_PRODUCTO(PROVEEDOR_ID,PRODUCTO_ID,PRECIO_COMPRA) VALUES(13,127, 1.000000);

-- ===========PRODUCTO [128]
INSERT INTO PRODUCTO(ID,MARCA_ID,NOMBRE,PRESENTACION,CONTENIDO,UNIDADES_POR_CAJA,COSTO,COSTO_VENTA,PRECIO_BASE,UNIDAD_MEDIDA,CODIGO_BARRAS) VALUES(128,22,'Loreal HydraFresh','Gel Espumoso normal a seca',180,6.0,1.000000,1.000000,1.000000,'ML',7.501027224682E12);

INSERT INTO MOVIMIENTO_HISTORICO_PRODUCTO (ALMACEN_ID,PRODUCTO_ID,FECHA,TIPO_MOVIMIENTO_ID,CANTIDAD,COSTO,PRECIO,USUARIO_ID) VALUES(1,128,now(),30,3,1.000000,1.000000,'root');
INSERT INTO ALMACEN_PRODUCTO(ALMACEN_ID,PRODUCTO_ID,CANTIDAD_ACTUAL,CANTIDAD_MINIMA,PRECIO_VENTA) VALUES (1,128,3,0,1.000000);

INSERT INTO ALMACEN_PRODUCTO(ALMACEN_ID,PRODUCTO_ID,CANTIDAD_ACTUAL,CANTIDAD_MINIMA,PRECIO_VENTA) VALUES (2,128,0,0,1.000000);

INSERT INTO ALMACEN_PRODUCTO(ALMACEN_ID,PRODUCTO_ID,CANTIDAD_ACTUAL,CANTIDAD_MINIMA,PRECIO_VENTA) VALUES (3,128,3,0,1.000000);

INSERT INTO ALMACEN_PRODUCTO(ALMACEN_ID,PRODUCTO_ID,CANTIDAD_ACTUAL,CANTIDAD_MINIMA,PRECIO_VENTA) VALUES (4,128,3,0,1.000000);

INSERT INTO PROVEEDOR_PRODUCTO(PROVEEDOR_ID,PRODUCTO_ID,PRECIO_COMPRA) VALUES(13,128, 1.000000);

-- ===========PRODUCTO [129]
INSERT INTO PRODUCTO(ID,MARCA_ID,NOMBRE,PRESENTACION,CONTENIDO,UNIDADES_POR_CAJA,COSTO,COSTO_VENTA,PRECIO_BASE,UNIDAD_MEDIDA,CODIGO_BARRAS) VALUES(129,22,'Loreal Decontract Arrugas','Dia FPS 15',50,6.0,1.000000,1.000000,1.000000,'ML',7.506078926516E12);

INSERT INTO MOVIMIENTO_HISTORICO_PRODUCTO (ALMACEN_ID,PRODUCTO_ID,FECHA,TIPO_MOVIMIENTO_ID,CANTIDAD,COSTO,PRECIO,USUARIO_ID) VALUES(1,129,now(),30,3,1.000000,1.000000,'root');
INSERT INTO ALMACEN_PRODUCTO(ALMACEN_ID,PRODUCTO_ID,CANTIDAD_ACTUAL,CANTIDAD_MINIMA,PRECIO_VENTA) VALUES (1,129,3,0,1.000000);

INSERT INTO ALMACEN_PRODUCTO(ALMACEN_ID,PRODUCTO_ID,CANTIDAD_ACTUAL,CANTIDAD_MINIMA,PRECIO_VENTA) VALUES (2,129,0,0,1.000000);

INSERT INTO ALMACEN_PRODUCTO(ALMACEN_ID,PRODUCTO_ID,CANTIDAD_ACTUAL,CANTIDAD_MINIMA,PRECIO_VENTA) VALUES (3,129,3,0,1.000000);

INSERT INTO ALMACEN_PRODUCTO(ALMACEN_ID,PRODUCTO_ID,CANTIDAD_ACTUAL,CANTIDAD_MINIMA,PRECIO_VENTA) VALUES (4,129,3,0,1.000000);

INSERT INTO PROVEEDOR_PRODUCTO(PROVEEDOR_ID,PRODUCTO_ID,PRECIO_COMPRA) VALUES(13,129, 1.000000);

-- ===========PRODUCTO [130]
INSERT INTO PRODUCTO(ID,MARCA_ID,NOMBRE,PRESENTACION,CONTENIDO,UNIDADES_POR_CAJA,COSTO,COSTO_VENTA,PRECIO_BASE,UNIDAD_MEDIDA,CODIGO_BARRAS) VALUES(130,28,'Garnier UltraLift','Noche',50,6.0,1.000000,1.000000,1.000000,'ML',7.501839195392E12);

INSERT INTO MOVIMIENTO_HISTORICO_PRODUCTO (ALMACEN_ID,PRODUCTO_ID,FECHA,TIPO_MOVIMIENTO_ID,CANTIDAD,COSTO,PRECIO,USUARIO_ID) VALUES(1,130,now(),30,3,1.000000,1.000000,'root');
INSERT INTO ALMACEN_PRODUCTO(ALMACEN_ID,PRODUCTO_ID,CANTIDAD_ACTUAL,CANTIDAD_MINIMA,PRECIO_VENTA) VALUES (1,130,3,0,1.000000);

INSERT INTO ALMACEN_PRODUCTO(ALMACEN_ID,PRODUCTO_ID,CANTIDAD_ACTUAL,CANTIDAD_MINIMA,PRECIO_VENTA) VALUES (2,130,0,0,1.000000);

INSERT INTO ALMACEN_PRODUCTO(ALMACEN_ID,PRODUCTO_ID,CANTIDAD_ACTUAL,CANTIDAD_MINIMA,PRECIO_VENTA) VALUES (3,130,3,0,1.000000);

INSERT INTO ALMACEN_PRODUCTO(ALMACEN_ID,PRODUCTO_ID,CANTIDAD_ACTUAL,CANTIDAD_MINIMA,PRECIO_VENTA) VALUES (4,130,3,0,1.000000);

INSERT INTO PROVEEDOR_PRODUCTO(PROVEEDOR_ID,PRODUCTO_ID,PRECIO_COMPRA) VALUES(13,130, 1.000000);

-- ===========PRODUCTO [131]
INSERT INTO PRODUCTO(ID,MARCA_ID,NOMBRE,PRESENTACION,CONTENIDO,UNIDADES_POR_CAJA,COSTO,COSTO_VENTA,PRECIO_BASE,UNIDAD_MEDIDA,CODIGO_BARRAS) VALUES(131,28,'Garnier Clarify','Dia',50,6.0,1.000000,1.000000,1.000000,'ML',7.50183919559E12);

INSERT INTO MOVIMIENTO_HISTORICO_PRODUCTO (ALMACEN_ID,PRODUCTO_ID,FECHA,TIPO_MOVIMIENTO_ID,CANTIDAD,COSTO,PRECIO,USUARIO_ID) VALUES(1,131,now(),30,3,1.000000,1.000000,'root');
INSERT INTO ALMACEN_PRODUCTO(ALMACEN_ID,PRODUCTO_ID,CANTIDAD_ACTUAL,CANTIDAD_MINIMA,PRECIO_VENTA) VALUES (1,131,3,0,1.000000);

INSERT INTO ALMACEN_PRODUCTO(ALMACEN_ID,PRODUCTO_ID,CANTIDAD_ACTUAL,CANTIDAD_MINIMA,PRECIO_VENTA) VALUES (2,131,0,0,1.000000);

INSERT INTO ALMACEN_PRODUCTO(ALMACEN_ID,PRODUCTO_ID,CANTIDAD_ACTUAL,CANTIDAD_MINIMA,PRECIO_VENTA) VALUES (3,131,3,0,1.000000);

INSERT INTO ALMACEN_PRODUCTO(ALMACEN_ID,PRODUCTO_ID,CANTIDAD_ACTUAL,CANTIDAD_MINIMA,PRECIO_VENTA) VALUES (4,131,3,0,1.000000);

INSERT INTO PROVEEDOR_PRODUCTO(PROVEEDOR_ID,PRODUCTO_ID,PRECIO_COMPRA) VALUES(13,131, 1.000000);

-- ===========PRODUCTO [132]
INSERT INTO PRODUCTO(ID,MARCA_ID,NOMBRE,PRESENTACION,CONTENIDO,UNIDADES_POR_CAJA,COSTO,COSTO_VENTA,PRECIO_BASE,UNIDAD_MEDIDA,CODIGO_BARRAS) VALUES(132,22,'Loreal HydraFresh','Mixta a Grasa',50,6.0,1.000000,1.000000,1.000000,'ML',7.501027220622E12);

INSERT INTO MOVIMIENTO_HISTORICO_PRODUCTO (ALMACEN_ID,PRODUCTO_ID,FECHA,TIPO_MOVIMIENTO_ID,CANTIDAD,COSTO,PRECIO,USUARIO_ID) VALUES(1,132,now(),30,3,1.000000,1.000000,'root');
INSERT INTO ALMACEN_PRODUCTO(ALMACEN_ID,PRODUCTO_ID,CANTIDAD_ACTUAL,CANTIDAD_MINIMA,PRECIO_VENTA) VALUES (1,132,3,0,1.000000);

INSERT INTO ALMACEN_PRODUCTO(ALMACEN_ID,PRODUCTO_ID,CANTIDAD_ACTUAL,CANTIDAD_MINIMA,PRECIO_VENTA) VALUES (2,132,0,0,1.000000);

INSERT INTO ALMACEN_PRODUCTO(ALMACEN_ID,PRODUCTO_ID,CANTIDAD_ACTUAL,CANTIDAD_MINIMA,PRECIO_VENTA) VALUES (3,132,3,0,1.000000);

INSERT INTO ALMACEN_PRODUCTO(ALMACEN_ID,PRODUCTO_ID,CANTIDAD_ACTUAL,CANTIDAD_MINIMA,PRECIO_VENTA) VALUES (4,132,3,0,1.000000);

INSERT INTO PROVEEDOR_PRODUCTO(PROVEEDOR_ID,PRODUCTO_ID,PRECIO_COMPRA) VALUES(13,132, 1.000000);

-- ===========PRODUCTO [133]
INSERT INTO PRODUCTO(ID,MARCA_ID,NOMBRE,PRESENTACION,CONTENIDO,UNIDADES_POR_CAJA,COSTO,COSTO_VENTA,PRECIO_BASE,UNIDAD_MEDIDA,CODIGO_BARRAS) VALUES(133,28,'Garnier UltraLift','Dia',50,6.0,1.000000,1.000000,1.000000,'ML',7.501839195385E12);

INSERT INTO MOVIMIENTO_HISTORICO_PRODUCTO (ALMACEN_ID,PRODUCTO_ID,FECHA,TIPO_MOVIMIENTO_ID,CANTIDAD,COSTO,PRECIO,USUARIO_ID) VALUES(1,133,now(),30,1,1.000000,1.000000,'root');
INSERT INTO ALMACEN_PRODUCTO(ALMACEN_ID,PRODUCTO_ID,CANTIDAD_ACTUAL,CANTIDAD_MINIMA,PRECIO_VENTA) VALUES (1,133,1,0,1.000000);

INSERT INTO ALMACEN_PRODUCTO(ALMACEN_ID,PRODUCTO_ID,CANTIDAD_ACTUAL,CANTIDAD_MINIMA,PRECIO_VENTA) VALUES (2,133,0,0,1.000000);

INSERT INTO ALMACEN_PRODUCTO(ALMACEN_ID,PRODUCTO_ID,CANTIDAD_ACTUAL,CANTIDAD_MINIMA,PRECIO_VENTA) VALUES (3,133,1,0,1.000000);

INSERT INTO ALMACEN_PRODUCTO(ALMACEN_ID,PRODUCTO_ID,CANTIDAD_ACTUAL,CANTIDAD_MINIMA,PRECIO_VENTA) VALUES (4,133,1,0,1.000000);

INSERT INTO PROVEEDOR_PRODUCTO(PROVEEDOR_ID,PRODUCTO_ID,PRECIO_COMPRA) VALUES(13,133, 1.000000);

-- ===========PRODUCTO [134]
INSERT INTO PRODUCTO(ID,MARCA_ID,NOMBRE,PRESENTACION,CONTENIDO,UNIDADES_POR_CAJA,COSTO,COSTO_VENTA,PRECIO_BASE,UNIDAD_MEDIDA,CODIGO_BARRAS) VALUES(134,22,'Loreal White Perfect','Noche',50,6.0,1.000000,1.000000,1.000000,'ML',7.506078920231E12);

INSERT INTO MOVIMIENTO_HISTORICO_PRODUCTO (ALMACEN_ID,PRODUCTO_ID,FECHA,TIPO_MOVIMIENTO_ID,CANTIDAD,COSTO,PRECIO,USUARIO_ID) VALUES(1,134,now(),30,1,1.000000,1.000000,'root');
INSERT INTO ALMACEN_PRODUCTO(ALMACEN_ID,PRODUCTO_ID,CANTIDAD_ACTUAL,CANTIDAD_MINIMA,PRECIO_VENTA) VALUES (1,134,1,0,1.000000);

INSERT INTO ALMACEN_PRODUCTO(ALMACEN_ID,PRODUCTO_ID,CANTIDAD_ACTUAL,CANTIDAD_MINIMA,PRECIO_VENTA) VALUES (2,134,0,0,1.000000);

INSERT INTO ALMACEN_PRODUCTO(ALMACEN_ID,PRODUCTO_ID,CANTIDAD_ACTUAL,CANTIDAD_MINIMA,PRECIO_VENTA) VALUES (3,134,1,0,1.000000);

INSERT INTO ALMACEN_PRODUCTO(ALMACEN_ID,PRODUCTO_ID,CANTIDAD_ACTUAL,CANTIDAD_MINIMA,PRECIO_VENTA) VALUES (4,134,1,0,1.000000);

INSERT INTO PROVEEDOR_PRODUCTO(PROVEEDOR_ID,PRODUCTO_ID,PRECIO_COMPRA) VALUES(13,134, 1.000000);

-- ===========PRODUCTO [135]
INSERT INTO PRODUCTO(ID,MARCA_ID,NOMBRE,PRESENTACION,CONTENIDO,UNIDADES_POR_CAJA,COSTO,COSTO_VENTA,PRECIO_BASE,UNIDAD_MEDIDA,CODIGO_BARRAS) VALUES(135,22,'Loreal Decontract Arrugas','Dia',50,6.0,1.000000,1.000000,1.000000,'ML',7.50102720929E12);

INSERT INTO MOVIMIENTO_HISTORICO_PRODUCTO (ALMACEN_ID,PRODUCTO_ID,FECHA,TIPO_MOVIMIENTO_ID,CANTIDAD,COSTO,PRECIO,USUARIO_ID) VALUES(1,135,now(),30,2,1.000000,1.000000,'root');
INSERT INTO ALMACEN_PRODUCTO(ALMACEN_ID,PRODUCTO_ID,CANTIDAD_ACTUAL,CANTIDAD_MINIMA,PRECIO_VENTA) VALUES (1,135,2,0,1.000000);

INSERT INTO ALMACEN_PRODUCTO(ALMACEN_ID,PRODUCTO_ID,CANTIDAD_ACTUAL,CANTIDAD_MINIMA,PRECIO_VENTA) VALUES (2,135,0,0,1.000000);

INSERT INTO ALMACEN_PRODUCTO(ALMACEN_ID,PRODUCTO_ID,CANTIDAD_ACTUAL,CANTIDAD_MINIMA,PRECIO_VENTA) VALUES (3,135,2,0,1.000000);

INSERT INTO ALMACEN_PRODUCTO(ALMACEN_ID,PRODUCTO_ID,CANTIDAD_ACTUAL,CANTIDAD_MINIMA,PRECIO_VENTA) VALUES (4,135,2,0,1.000000);

INSERT INTO PROVEEDOR_PRODUCTO(PROVEEDOR_ID,PRODUCTO_ID,PRECIO_COMPRA) VALUES(13,135, 1.000000);

-- ===========PRODUCTO [136]
INSERT INTO PRODUCTO(ID,MARCA_ID,NOMBRE,PRESENTACION,CONTENIDO,UNIDADES_POR_CAJA,COSTO,COSTO_VENTA,PRECIO_BASE,UNIDAD_MEDIDA,CODIGO_BARRAS) VALUES(136,22,'Loreal Desmaquillante','Hydra Confort',200,6.0,1.000000,1.000000,1.000000,'ML',7.501027246981E12);

INSERT INTO MOVIMIENTO_HISTORICO_PRODUCTO (ALMACEN_ID,PRODUCTO_ID,FECHA,TIPO_MOVIMIENTO_ID,CANTIDAD,COSTO,PRECIO,USUARIO_ID) VALUES(1,136,now(),30,6,1.000000,1.000000,'root');
INSERT INTO ALMACEN_PRODUCTO(ALMACEN_ID,PRODUCTO_ID,CANTIDAD_ACTUAL,CANTIDAD_MINIMA,PRECIO_VENTA) VALUES (1,136,6,0,1.000000);

INSERT INTO ALMACEN_PRODUCTO(ALMACEN_ID,PRODUCTO_ID,CANTIDAD_ACTUAL,CANTIDAD_MINIMA,PRECIO_VENTA) VALUES (2,136,0,0,1.000000);

INSERT INTO ALMACEN_PRODUCTO(ALMACEN_ID,PRODUCTO_ID,CANTIDAD_ACTUAL,CANTIDAD_MINIMA,PRECIO_VENTA) VALUES (3,136,6,0,1.000000);

INSERT INTO ALMACEN_PRODUCTO(ALMACEN_ID,PRODUCTO_ID,CANTIDAD_ACTUAL,CANTIDAD_MINIMA,PRECIO_VENTA) VALUES (4,136,6,0,1.000000);

INSERT INTO PROVEEDOR_PRODUCTO(PROVEEDOR_ID,PRODUCTO_ID,PRECIO_COMPRA) VALUES(13,136, 1.000000);

-- ===========PRODUCTO [137]
INSERT INTO PRODUCTO(ID,MARCA_ID,NOMBRE,PRESENTACION,CONTENIDO,UNIDADES_POR_CAJA,COSTO,COSTO_VENTA,PRECIO_BASE,UNIDAD_MEDIDA,CODIGO_BARRAS) VALUES(137,22,'Loreal Desmaquillante','Balance Ideal',200,6.0,1.000000,1.000000,1.000000,'ML',7.501027246967E12);

INSERT INTO MOVIMIENTO_HISTORICO_PRODUCTO (ALMACEN_ID,PRODUCTO_ID,FECHA,TIPO_MOVIMIENTO_ID,CANTIDAD,COSTO,PRECIO,USUARIO_ID) VALUES(1,137,now(),30,6,1.000000,1.000000,'root');
INSERT INTO ALMACEN_PRODUCTO(ALMACEN_ID,PRODUCTO_ID,CANTIDAD_ACTUAL,CANTIDAD_MINIMA,PRECIO_VENTA) VALUES (1,137,6,0,1.000000);

INSERT INTO ALMACEN_PRODUCTO(ALMACEN_ID,PRODUCTO_ID,CANTIDAD_ACTUAL,CANTIDAD_MINIMA,PRECIO_VENTA) VALUES (2,137,0,0,1.000000);

INSERT INTO ALMACEN_PRODUCTO(ALMACEN_ID,PRODUCTO_ID,CANTIDAD_ACTUAL,CANTIDAD_MINIMA,PRECIO_VENTA) VALUES (3,137,6,0,1.000000);

INSERT INTO ALMACEN_PRODUCTO(ALMACEN_ID,PRODUCTO_ID,CANTIDAD_ACTUAL,CANTIDAD_MINIMA,PRECIO_VENTA) VALUES (4,137,6,0,1.000000);

INSERT INTO PROVEEDOR_PRODUCTO(PROVEEDOR_ID,PRODUCTO_ID,PRECIO_COMPRA) VALUES(13,137, 1.000000);

-- ===========PRODUCTO [138]
INSERT INTO PRODUCTO(ID,MARCA_ID,NOMBRE,PRESENTACION,CONTENIDO,UNIDADES_POR_CAJA,COSTO,COSTO_VENTA,PRECIO_BASE,UNIDAD_MEDIDA,CODIGO_BARRAS) VALUES(138,22,'Loreal Desmaquillante','Rostro y Ojos',125,6.0,1.000000,1.000000,1.000000,'ML',7.50607897799E12);

INSERT INTO MOVIMIENTO_HISTORICO_PRODUCTO (ALMACEN_ID,PRODUCTO_ID,FECHA,TIPO_MOVIMIENTO_ID,CANTIDAD,COSTO,PRECIO,USUARIO_ID) VALUES(1,138,now(),30,2,1.000000,1.000000,'root');
INSERT INTO ALMACEN_PRODUCTO(ALMACEN_ID,PRODUCTO_ID,CANTIDAD_ACTUAL,CANTIDAD_MINIMA,PRECIO_VENTA) VALUES (1,138,2,0,1.000000);

INSERT INTO ALMACEN_PRODUCTO(ALMACEN_ID,PRODUCTO_ID,CANTIDAD_ACTUAL,CANTIDAD_MINIMA,PRECIO_VENTA) VALUES (2,138,0,0,1.000000);

INSERT INTO ALMACEN_PRODUCTO(ALMACEN_ID,PRODUCTO_ID,CANTIDAD_ACTUAL,CANTIDAD_MINIMA,PRECIO_VENTA) VALUES (3,138,2,0,1.000000);

INSERT INTO ALMACEN_PRODUCTO(ALMACEN_ID,PRODUCTO_ID,CANTIDAD_ACTUAL,CANTIDAD_MINIMA,PRECIO_VENTA) VALUES (4,138,2,0,1.000000);

INSERT INTO PROVEEDOR_PRODUCTO(PROVEEDOR_ID,PRODUCTO_ID,PRECIO_COMPRA) VALUES(13,138, 1.000000);

-- ===========PRODUCTO [139]
INSERT INTO PRODUCTO(ID,MARCA_ID,NOMBRE,PRESENTACION,CONTENIDO,UNIDADES_POR_CAJA,COSTO,COSTO_VENTA,PRECIO_BASE,UNIDAD_MEDIDA,CODIGO_BARRAS) VALUES(139,22,'Loreal Desmaquillante','Balance Ideal',125,6.0,1.000000,1.000000,1.000000,'ML',7.506078977976E12);

INSERT INTO MOVIMIENTO_HISTORICO_PRODUCTO (ALMACEN_ID,PRODUCTO_ID,FECHA,TIPO_MOVIMIENTO_ID,CANTIDAD,COSTO,PRECIO,USUARIO_ID) VALUES(1,139,now(),30,3,1.000000,1.000000,'root');
INSERT INTO ALMACEN_PRODUCTO(ALMACEN_ID,PRODUCTO_ID,CANTIDAD_ACTUAL,CANTIDAD_MINIMA,PRECIO_VENTA) VALUES (1,139,3,0,1.000000);

INSERT INTO ALMACEN_PRODUCTO(ALMACEN_ID,PRODUCTO_ID,CANTIDAD_ACTUAL,CANTIDAD_MINIMA,PRECIO_VENTA) VALUES (2,139,0,0,1.000000);

INSERT INTO ALMACEN_PRODUCTO(ALMACEN_ID,PRODUCTO_ID,CANTIDAD_ACTUAL,CANTIDAD_MINIMA,PRECIO_VENTA) VALUES (3,139,3,0,1.000000);

INSERT INTO ALMACEN_PRODUCTO(ALMACEN_ID,PRODUCTO_ID,CANTIDAD_ACTUAL,CANTIDAD_MINIMA,PRECIO_VENTA) VALUES (4,139,3,0,1.000000);

INSERT INTO PROVEEDOR_PRODUCTO(PROVEEDOR_ID,PRODUCTO_ID,PRECIO_COMPRA) VALUES(13,139, 1.000000);

-- ===========PRODUCTO [140]
INSERT INTO PRODUCTO(ID,MARCA_ID,NOMBRE,PRESENTACION,CONTENIDO,UNIDADES_POR_CAJA,COSTO,COSTO_VENTA,PRECIO_BASE,UNIDAD_MEDIDA,CODIGO_BARRAS) VALUES(140,29,'Skin Milk Crema Liquida','Manos Hidratantes',250,12.0,1.000000,1.000000,1.000000,'ML',7.502221182044E12);

INSERT INTO MOVIMIENTO_HISTORICO_PRODUCTO (ALMACEN_ID,PRODUCTO_ID,FECHA,TIPO_MOVIMIENTO_ID,CANTIDAD,COSTO,PRECIO,USUARIO_ID) VALUES(1,140,now(),30,5,1.000000,1.000000,'root');
INSERT INTO ALMACEN_PRODUCTO(ALMACEN_ID,PRODUCTO_ID,CANTIDAD_ACTUAL,CANTIDAD_MINIMA,PRECIO_VENTA) VALUES (1,140,5,0,1.000000);

INSERT INTO ALMACEN_PRODUCTO(ALMACEN_ID,PRODUCTO_ID,CANTIDAD_ACTUAL,CANTIDAD_MINIMA,PRECIO_VENTA) VALUES (2,140,1,0,1.000000);

INSERT INTO ALMACEN_PRODUCTO(ALMACEN_ID,PRODUCTO_ID,CANTIDAD_ACTUAL,CANTIDAD_MINIMA,PRECIO_VENTA) VALUES (3,140,5,0,1.000000);

INSERT INTO ALMACEN_PRODUCTO(ALMACEN_ID,PRODUCTO_ID,CANTIDAD_ACTUAL,CANTIDAD_MINIMA,PRECIO_VENTA) VALUES (4,140,5,0,1.000000);

INSERT INTO PROVEEDOR_PRODUCTO(PROVEEDOR_ID,PRODUCTO_ID,PRECIO_COMPRA) VALUES(18,140, 1.000000);

-- ===========PRODUCTO [141]
INSERT INTO PRODUCTO(ID,MARCA_ID,NOMBRE,PRESENTACION,CONTENIDO,UNIDADES_POR_CAJA,COSTO,COSTO_VENTA,PRECIO_BASE,UNIDAD_MEDIDA,CODIGO_BARRAS) VALUES(141,29,'Skin Milk Crema Liquida','Corporal Hidratante',250,12.0,1.000000,1.000000,1.000000,'ML',7.502221182051E12);

INSERT INTO MOVIMIENTO_HISTORICO_PRODUCTO (ALMACEN_ID,PRODUCTO_ID,FECHA,TIPO_MOVIMIENTO_ID,CANTIDAD,COSTO,PRECIO,USUARIO_ID) VALUES(1,141,now(),30,5,1.000000,1.000000,'root');
INSERT INTO ALMACEN_PRODUCTO(ALMACEN_ID,PRODUCTO_ID,CANTIDAD_ACTUAL,CANTIDAD_MINIMA,PRECIO_VENTA) VALUES (1,141,5,0,1.000000);

INSERT INTO ALMACEN_PRODUCTO(ALMACEN_ID,PRODUCTO_ID,CANTIDAD_ACTUAL,CANTIDAD_MINIMA,PRECIO_VENTA) VALUES (2,141,0,0,1.000000);

INSERT INTO ALMACEN_PRODUCTO(ALMACEN_ID,PRODUCTO_ID,CANTIDAD_ACTUAL,CANTIDAD_MINIMA,PRECIO_VENTA) VALUES (3,141,5,0,1.000000);

INSERT INTO ALMACEN_PRODUCTO(ALMACEN_ID,PRODUCTO_ID,CANTIDAD_ACTUAL,CANTIDAD_MINIMA,PRECIO_VENTA) VALUES (4,141,5,0,1.000000);

INSERT INTO PROVEEDOR_PRODUCTO(PROVEEDOR_ID,PRODUCTO_ID,PRECIO_COMPRA) VALUES(18,141, 1.000000);

-- ===========PRODUCTO [142]
INSERT INTO PRODUCTO(ID,MARCA_ID,NOMBRE,PRESENTACION,CONTENIDO,UNIDADES_POR_CAJA,COSTO,COSTO_VENTA,PRECIO_BASE,UNIDAD_MEDIDA,CODIGO_BARRAS) VALUES(142,22,'Loreal White Perfect','Protector FPS 50 Tono Piel',30,6.0,1.000000,1.000000,1.000000,'ML',7.506078940543E12);

INSERT INTO MOVIMIENTO_HISTORICO_PRODUCTO (ALMACEN_ID,PRODUCTO_ID,FECHA,TIPO_MOVIMIENTO_ID,CANTIDAD,COSTO,PRECIO,USUARIO_ID) VALUES(1,142,now(),30,3,1.000000,1.000000,'root');
INSERT INTO ALMACEN_PRODUCTO(ALMACEN_ID,PRODUCTO_ID,CANTIDAD_ACTUAL,CANTIDAD_MINIMA,PRECIO_VENTA) VALUES (1,142,3,0,1.000000);

INSERT INTO ALMACEN_PRODUCTO(ALMACEN_ID,PRODUCTO_ID,CANTIDAD_ACTUAL,CANTIDAD_MINIMA,PRECIO_VENTA) VALUES (2,142,0,0,1.000000);

INSERT INTO ALMACEN_PRODUCTO(ALMACEN_ID,PRODUCTO_ID,CANTIDAD_ACTUAL,CANTIDAD_MINIMA,PRECIO_VENTA) VALUES (3,142,3,0,1.000000);

INSERT INTO ALMACEN_PRODUCTO(ALMACEN_ID,PRODUCTO_ID,CANTIDAD_ACTUAL,CANTIDAD_MINIMA,PRECIO_VENTA) VALUES (4,142,3,0,1.000000);

INSERT INTO PROVEEDOR_PRODUCTO(PROVEEDOR_ID,PRODUCTO_ID,PRECIO_COMPRA) VALUES(13,142, 1.000000);

-- ===========PRODUCTO [143]
INSERT INTO PRODUCTO(ID,MARCA_ID,NOMBRE,PRESENTACION,CONTENIDO,UNIDADES_POR_CAJA,COSTO,COSTO_VENTA,PRECIO_BASE,UNIDAD_MEDIDA,CODIGO_BARRAS) VALUES(143,22,'Loreal White Perfect','Protector FPS 50 Tono Morado',30,6.0,1.000000,1.000000,1.000000,'ML',7.506078940536E12);

INSERT INTO MOVIMIENTO_HISTORICO_PRODUCTO (ALMACEN_ID,PRODUCTO_ID,FECHA,TIPO_MOVIMIENTO_ID,CANTIDAD,COSTO,PRECIO,USUARIO_ID) VALUES(1,143,now(),30,3,1.000000,1.000000,'root');
INSERT INTO ALMACEN_PRODUCTO(ALMACEN_ID,PRODUCTO_ID,CANTIDAD_ACTUAL,CANTIDAD_MINIMA,PRECIO_VENTA) VALUES (1,143,3,0,1.000000);

INSERT INTO ALMACEN_PRODUCTO(ALMACEN_ID,PRODUCTO_ID,CANTIDAD_ACTUAL,CANTIDAD_MINIMA,PRECIO_VENTA) VALUES (2,143,0,0,1.000000);

INSERT INTO ALMACEN_PRODUCTO(ALMACEN_ID,PRODUCTO_ID,CANTIDAD_ACTUAL,CANTIDAD_MINIMA,PRECIO_VENTA) VALUES (3,143,3,0,1.000000);

INSERT INTO ALMACEN_PRODUCTO(ALMACEN_ID,PRODUCTO_ID,CANTIDAD_ACTUAL,CANTIDAD_MINIMA,PRECIO_VENTA) VALUES (4,143,3,0,1.000000);

INSERT INTO PROVEEDOR_PRODUCTO(PROVEEDOR_ID,PRODUCTO_ID,PRECIO_COMPRA) VALUES(13,143, 1.000000);

-- ===========PRODUCTO [144]
INSERT INTO PRODUCTO(ID,MARCA_ID,NOMBRE,PRESENTACION,CONTENIDO,UNIDADES_POR_CAJA,COSTO,COSTO_VENTA,PRECIO_BASE,UNIDAD_MEDIDA,CODIGO_BARRAS) VALUES(144,22,'Loreal Collagen Recharge','Ojos',15,12.0,1.000000,1.000000,1.000000,'G',7.506078934856E12);

INSERT INTO MOVIMIENTO_HISTORICO_PRODUCTO (ALMACEN_ID,PRODUCTO_ID,FECHA,TIPO_MOVIMIENTO_ID,CANTIDAD,COSTO,PRECIO,USUARIO_ID) VALUES(1,144,now(),30,1,1.000000,1.000000,'root');
INSERT INTO ALMACEN_PRODUCTO(ALMACEN_ID,PRODUCTO_ID,CANTIDAD_ACTUAL,CANTIDAD_MINIMA,PRECIO_VENTA) VALUES (1,144,1,0,1.000000);

INSERT INTO ALMACEN_PRODUCTO(ALMACEN_ID,PRODUCTO_ID,CANTIDAD_ACTUAL,CANTIDAD_MINIMA,PRECIO_VENTA) VALUES (2,144,0,0,1.000000);

INSERT INTO ALMACEN_PRODUCTO(ALMACEN_ID,PRODUCTO_ID,CANTIDAD_ACTUAL,CANTIDAD_MINIMA,PRECIO_VENTA) VALUES (3,144,1,0,1.000000);

INSERT INTO ALMACEN_PRODUCTO(ALMACEN_ID,PRODUCTO_ID,CANTIDAD_ACTUAL,CANTIDAD_MINIMA,PRECIO_VENTA) VALUES (4,144,1,0,1.000000);

INSERT INTO PROVEEDOR_PRODUCTO(PROVEEDOR_ID,PRODUCTO_ID,PRECIO_COMPRA) VALUES(13,144, 1.000000);

-- ===========PRODUCTO [145]
INSERT INTO PRODUCTO(ID,MARCA_ID,NOMBRE,PRESENTACION,CONTENIDO,UNIDADES_POR_CAJA,COSTO,COSTO_VENTA,PRECIO_BASE,UNIDAD_MEDIDA,CODIGO_BARRAS) VALUES(145,22,'Loreal Derma Genesis','Ojos',15,6.0,1.000000,1.000000,1.000000,'ML',3.600521239636E12);

INSERT INTO MOVIMIENTO_HISTORICO_PRODUCTO (ALMACEN_ID,PRODUCTO_ID,FECHA,TIPO_MOVIMIENTO_ID,CANTIDAD,COSTO,PRECIO,USUARIO_ID) VALUES(1,145,now(),30,1,1.000000,1.000000,'root');
INSERT INTO ALMACEN_PRODUCTO(ALMACEN_ID,PRODUCTO_ID,CANTIDAD_ACTUAL,CANTIDAD_MINIMA,PRECIO_VENTA) VALUES (1,145,1,0,1.000000);

INSERT INTO ALMACEN_PRODUCTO(ALMACEN_ID,PRODUCTO_ID,CANTIDAD_ACTUAL,CANTIDAD_MINIMA,PRECIO_VENTA) VALUES (2,145,0,0,1.000000);

INSERT INTO ALMACEN_PRODUCTO(ALMACEN_ID,PRODUCTO_ID,CANTIDAD_ACTUAL,CANTIDAD_MINIMA,PRECIO_VENTA) VALUES (3,145,1,0,1.000000);

INSERT INTO ALMACEN_PRODUCTO(ALMACEN_ID,PRODUCTO_ID,CANTIDAD_ACTUAL,CANTIDAD_MINIMA,PRECIO_VENTA) VALUES (4,145,1,0,1.000000);

INSERT INTO PROVEEDOR_PRODUCTO(PROVEEDOR_ID,PRODUCTO_ID,PRECIO_COMPRA) VALUES(13,145, 1.000000);

-- ===========PRODUCTO [146]
INSERT INTO PRODUCTO(ID,MARCA_ID,NOMBRE,PRESENTACION,CONTENIDO,UNIDADES_POR_CAJA,COSTO,COSTO_VENTA,PRECIO_BASE,UNIDAD_MEDIDA,CODIGO_BARRAS) VALUES(146,22,'Loreal White Perfect','Espuma Facial Aclarante',100,6.0,1.000000,1.000000,1.000000,'ML',7.506078920224E12);

INSERT INTO MOVIMIENTO_HISTORICO_PRODUCTO (ALMACEN_ID,PRODUCTO_ID,FECHA,TIPO_MOVIMIENTO_ID,CANTIDAD,COSTO,PRECIO,USUARIO_ID) VALUES(1,146,now(),30,1,1.000000,1.000000,'root');
INSERT INTO ALMACEN_PRODUCTO(ALMACEN_ID,PRODUCTO_ID,CANTIDAD_ACTUAL,CANTIDAD_MINIMA,PRECIO_VENTA) VALUES (1,146,1,0,1.000000);

INSERT INTO ALMACEN_PRODUCTO(ALMACEN_ID,PRODUCTO_ID,CANTIDAD_ACTUAL,CANTIDAD_MINIMA,PRECIO_VENTA) VALUES (2,146,0,0,1.000000);

INSERT INTO ALMACEN_PRODUCTO(ALMACEN_ID,PRODUCTO_ID,CANTIDAD_ACTUAL,CANTIDAD_MINIMA,PRECIO_VENTA) VALUES (3,146,1,0,1.000000);

INSERT INTO ALMACEN_PRODUCTO(ALMACEN_ID,PRODUCTO_ID,CANTIDAD_ACTUAL,CANTIDAD_MINIMA,PRECIO_VENTA) VALUES (4,146,1,0,1.000000);

INSERT INTO PROVEEDOR_PRODUCTO(PROVEEDOR_ID,PRODUCTO_ID,PRECIO_COMPRA) VALUES(13,146, 1.000000);

-- ===========PRODUCTO [147]
INSERT INTO PRODUCTO(ID,MARCA_ID,NOMBRE,PRESENTACION,CONTENIDO,UNIDADES_POR_CAJA,COSTO,COSTO_VENTA,PRECIO_BASE,UNIDAD_MEDIDA,CODIGO_BARRAS) VALUES(147,22,'Loreal White Perfect','Locion Facial',200,6.0,1.000000,1.000000,1.000000,'ML',7.506078920217E12);

INSERT INTO MOVIMIENTO_HISTORICO_PRODUCTO (ALMACEN_ID,PRODUCTO_ID,FECHA,TIPO_MOVIMIENTO_ID,CANTIDAD,COSTO,PRECIO,USUARIO_ID) VALUES(1,147,now(),30,3,1.000000,1.000000,'root');
INSERT INTO ALMACEN_PRODUCTO(ALMACEN_ID,PRODUCTO_ID,CANTIDAD_ACTUAL,CANTIDAD_MINIMA,PRECIO_VENTA) VALUES (1,147,3,0,1.000000);

INSERT INTO ALMACEN_PRODUCTO(ALMACEN_ID,PRODUCTO_ID,CANTIDAD_ACTUAL,CANTIDAD_MINIMA,PRECIO_VENTA) VALUES (2,147,0,0,1.000000);

INSERT INTO ALMACEN_PRODUCTO(ALMACEN_ID,PRODUCTO_ID,CANTIDAD_ACTUAL,CANTIDAD_MINIMA,PRECIO_VENTA) VALUES (3,147,3,0,1.000000);

INSERT INTO ALMACEN_PRODUCTO(ALMACEN_ID,PRODUCTO_ID,CANTIDAD_ACTUAL,CANTIDAD_MINIMA,PRECIO_VENTA) VALUES (4,147,3,0,1.000000);

INSERT INTO PROVEEDOR_PRODUCTO(PROVEEDOR_ID,PRODUCTO_ID,PRECIO_COMPRA) VALUES(13,147, 1.000000);

-- ===========PRODUCTO [148]
INSERT INTO PRODUCTO(ID,MARCA_ID,NOMBRE,PRESENTACION,CONTENIDO,UNIDADES_POR_CAJA,COSTO,COSTO_VENTA,PRECIO_BASE,UNIDAD_MEDIDA,CODIGO_BARRAS) VALUES(148,22,'Loreal Age Perfect','Ojos',15,6.0,1.000000,1.000000,1.000000,'G',7.506078931879E12);

INSERT INTO MOVIMIENTO_HISTORICO_PRODUCTO (ALMACEN_ID,PRODUCTO_ID,FECHA,TIPO_MOVIMIENTO_ID,CANTIDAD,COSTO,PRECIO,USUARIO_ID) VALUES(1,148,now(),30,3,1.000000,1.000000,'root');
INSERT INTO ALMACEN_PRODUCTO(ALMACEN_ID,PRODUCTO_ID,CANTIDAD_ACTUAL,CANTIDAD_MINIMA,PRECIO_VENTA) VALUES (1,148,3,0,1.000000);

INSERT INTO ALMACEN_PRODUCTO(ALMACEN_ID,PRODUCTO_ID,CANTIDAD_ACTUAL,CANTIDAD_MINIMA,PRECIO_VENTA) VALUES (2,148,0,0,1.000000);

INSERT INTO ALMACEN_PRODUCTO(ALMACEN_ID,PRODUCTO_ID,CANTIDAD_ACTUAL,CANTIDAD_MINIMA,PRECIO_VENTA) VALUES (3,148,3,0,1.000000);

INSERT INTO ALMACEN_PRODUCTO(ALMACEN_ID,PRODUCTO_ID,CANTIDAD_ACTUAL,CANTIDAD_MINIMA,PRECIO_VENTA) VALUES (4,148,3,0,1.000000);

INSERT INTO PROVEEDOR_PRODUCTO(PROVEEDOR_ID,PRODUCTO_ID,PRECIO_COMPRA) VALUES(13,148, 1.000000);

-- ===========PRODUCTO [149]
INSERT INTO PRODUCTO(ID,MARCA_ID,NOMBRE,PRESENTACION,CONTENIDO,UNIDADES_POR_CAJA,COSTO,COSTO_VENTA,PRECIO_BASE,UNIDAD_MEDIDA,CODIGO_BARRAS) VALUES(149,22,'Loreal Decontract Arrugas','Concentrado',30,6.0,1.000000,1.000000,1.000000,'ML',7.501027215055E12);

INSERT INTO MOVIMIENTO_HISTORICO_PRODUCTO (ALMACEN_ID,PRODUCTO_ID,FECHA,TIPO_MOVIMIENTO_ID,CANTIDAD,COSTO,PRECIO,USUARIO_ID) VALUES(1,149,now(),30,3,1.000000,1.000000,'root');
INSERT INTO ALMACEN_PRODUCTO(ALMACEN_ID,PRODUCTO_ID,CANTIDAD_ACTUAL,CANTIDAD_MINIMA,PRECIO_VENTA) VALUES (1,149,3,0,1.000000);

INSERT INTO ALMACEN_PRODUCTO(ALMACEN_ID,PRODUCTO_ID,CANTIDAD_ACTUAL,CANTIDAD_MINIMA,PRECIO_VENTA) VALUES (2,149,0,0,1.000000);

INSERT INTO ALMACEN_PRODUCTO(ALMACEN_ID,PRODUCTO_ID,CANTIDAD_ACTUAL,CANTIDAD_MINIMA,PRECIO_VENTA) VALUES (3,149,3,0,1.000000);

INSERT INTO ALMACEN_PRODUCTO(ALMACEN_ID,PRODUCTO_ID,CANTIDAD_ACTUAL,CANTIDAD_MINIMA,PRECIO_VENTA) VALUES (4,149,3,0,1.000000);

INSERT INTO PROVEEDOR_PRODUCTO(PROVEEDOR_ID,PRODUCTO_ID,PRECIO_COMPRA) VALUES(13,149, 1.000000);

-- ===========PRODUCTO [150]
INSERT INTO PRODUCTO(ID,MARCA_ID,NOMBRE,PRESENTACION,CONTENIDO,UNIDADES_POR_CAJA,COSTO,COSTO_VENTA,PRECIO_BASE,UNIDAD_MEDIDA,CODIGO_BARRAS) VALUES(150,28,'Garnier UltraLift','Anti Arrugas FPS 15',50,6.0,1.000000,1.000000,1.000000,'ML',7.501839195378E12);

INSERT INTO MOVIMIENTO_HISTORICO_PRODUCTO (ALMACEN_ID,PRODUCTO_ID,FECHA,TIPO_MOVIMIENTO_ID,CANTIDAD,COSTO,PRECIO,USUARIO_ID) VALUES(1,150,now(),30,3,1.000000,1.000000,'root');
INSERT INTO ALMACEN_PRODUCTO(ALMACEN_ID,PRODUCTO_ID,CANTIDAD_ACTUAL,CANTIDAD_MINIMA,PRECIO_VENTA) VALUES (1,150,3,0,1.000000);

INSERT INTO ALMACEN_PRODUCTO(ALMACEN_ID,PRODUCTO_ID,CANTIDAD_ACTUAL,CANTIDAD_MINIMA,PRECIO_VENTA) VALUES (2,150,0,0,1.000000);

INSERT INTO ALMACEN_PRODUCTO(ALMACEN_ID,PRODUCTO_ID,CANTIDAD_ACTUAL,CANTIDAD_MINIMA,PRECIO_VENTA) VALUES (3,150,3,0,1.000000);

INSERT INTO ALMACEN_PRODUCTO(ALMACEN_ID,PRODUCTO_ID,CANTIDAD_ACTUAL,CANTIDAD_MINIMA,PRECIO_VENTA) VALUES (4,150,3,0,1.000000);

INSERT INTO PROVEEDOR_PRODUCTO(PROVEEDOR_ID,PRODUCTO_ID,PRECIO_COMPRA) VALUES(13,150, 1.000000);

-- ===========PRODUCTO [151]
INSERT INTO PRODUCTO(ID,MARCA_ID,NOMBRE,PRESENTACION,CONTENIDO,UNIDADES_POR_CAJA,COSTO,COSTO_VENTA,PRECIO_BASE,UNIDAD_MEDIDA,CODIGO_BARRAS) VALUES(151,28,'Garnier UltraLift','Cuidado Ojos',15,6.0,1.000000,1.000000,1.000000,'ML',5.601036307115E12);

INSERT INTO MOVIMIENTO_HISTORICO_PRODUCTO (ALMACEN_ID,PRODUCTO_ID,FECHA,TIPO_MOVIMIENTO_ID,CANTIDAD,COSTO,PRECIO,USUARIO_ID) VALUES(1,151,now(),30,3,1.000000,1.000000,'root');
INSERT INTO ALMACEN_PRODUCTO(ALMACEN_ID,PRODUCTO_ID,CANTIDAD_ACTUAL,CANTIDAD_MINIMA,PRECIO_VENTA) VALUES (1,151,3,0,1.000000);

INSERT INTO ALMACEN_PRODUCTO(ALMACEN_ID,PRODUCTO_ID,CANTIDAD_ACTUAL,CANTIDAD_MINIMA,PRECIO_VENTA) VALUES (2,151,0,0,1.000000);

INSERT INTO ALMACEN_PRODUCTO(ALMACEN_ID,PRODUCTO_ID,CANTIDAD_ACTUAL,CANTIDAD_MINIMA,PRECIO_VENTA) VALUES (3,151,3,0,1.000000);

INSERT INTO ALMACEN_PRODUCTO(ALMACEN_ID,PRODUCTO_ID,CANTIDAD_ACTUAL,CANTIDAD_MINIMA,PRECIO_VENTA) VALUES (4,151,3,0,1.000000);

INSERT INTO PROVEEDOR_PRODUCTO(PROVEEDOR_ID,PRODUCTO_ID,PRECIO_COMPRA) VALUES(13,151, 1.000000);

-- ===========PRODUCTO [152]
INSERT INTO PRODUCTO(ID,MARCA_ID,NOMBRE,PRESENTACION,CONTENIDO,UNIDADES_POR_CAJA,COSTO,COSTO_VENTA,PRECIO_BASE,UNIDAD_MEDIDA,CODIGO_BARRAS) VALUES(152,22,'Loreal Desmaquillante','Derma Genesis',200,6.0,1.000000,1.000000,1.000000,'ML',7.506078950924E12);

INSERT INTO MOVIMIENTO_HISTORICO_PRODUCTO (ALMACEN_ID,PRODUCTO_ID,FECHA,TIPO_MOVIMIENTO_ID,CANTIDAD,COSTO,PRECIO,USUARIO_ID) VALUES(1,152,now(),30,6,1.000000,1.000000,'root');
INSERT INTO ALMACEN_PRODUCTO(ALMACEN_ID,PRODUCTO_ID,CANTIDAD_ACTUAL,CANTIDAD_MINIMA,PRECIO_VENTA) VALUES (1,152,6,0,1.000000);

INSERT INTO ALMACEN_PRODUCTO(ALMACEN_ID,PRODUCTO_ID,CANTIDAD_ACTUAL,CANTIDAD_MINIMA,PRECIO_VENTA) VALUES (2,152,0,0,1.000000);

INSERT INTO ALMACEN_PRODUCTO(ALMACEN_ID,PRODUCTO_ID,CANTIDAD_ACTUAL,CANTIDAD_MINIMA,PRECIO_VENTA) VALUES (3,152,6,0,1.000000);

INSERT INTO ALMACEN_PRODUCTO(ALMACEN_ID,PRODUCTO_ID,CANTIDAD_ACTUAL,CANTIDAD_MINIMA,PRECIO_VENTA) VALUES (4,152,6,0,1.000000);

INSERT INTO PROVEEDOR_PRODUCTO(PROVEEDOR_ID,PRODUCTO_ID,PRECIO_COMPRA) VALUES(13,152, 1.000000);

-- ===========PRODUCTO [153]
INSERT INTO PRODUCTO(ID,MARCA_ID,NOMBRE,PRESENTACION,CONTENIDO,UNIDADES_POR_CAJA,COSTO,COSTO_VENTA,PRECIO_BASE,UNIDAD_MEDIDA,CODIGO_BARRAS) VALUES(153,22,'Loreal Perfect Slim','Pro Lipo Modelador Pro',150,6.0,1.000000,1.000000,1.000000,'ML',3.600521075067E12);

INSERT INTO MOVIMIENTO_HISTORICO_PRODUCTO (ALMACEN_ID,PRODUCTO_ID,FECHA,TIPO_MOVIMIENTO_ID,CANTIDAD,COSTO,PRECIO,USUARIO_ID) VALUES(1,153,now(),30,3,1.000000,1.000000,'root');
INSERT INTO ALMACEN_PRODUCTO(ALMACEN_ID,PRODUCTO_ID,CANTIDAD_ACTUAL,CANTIDAD_MINIMA,PRECIO_VENTA) VALUES (1,153,3,0,1.000000);

INSERT INTO ALMACEN_PRODUCTO(ALMACEN_ID,PRODUCTO_ID,CANTIDAD_ACTUAL,CANTIDAD_MINIMA,PRECIO_VENTA) VALUES (2,153,0,0,1.000000);

INSERT INTO ALMACEN_PRODUCTO(ALMACEN_ID,PRODUCTO_ID,CANTIDAD_ACTUAL,CANTIDAD_MINIMA,PRECIO_VENTA) VALUES (3,153,3,0,1.000000);

INSERT INTO ALMACEN_PRODUCTO(ALMACEN_ID,PRODUCTO_ID,CANTIDAD_ACTUAL,CANTIDAD_MINIMA,PRECIO_VENTA) VALUES (4,153,3,0,1.000000);

INSERT INTO PROVEEDOR_PRODUCTO(PROVEEDOR_ID,PRODUCTO_ID,PRECIO_COMPRA) VALUES(13,153, 1.000000);

-- ===========PRODUCTO [154]
INSERT INTO PRODUCTO(ID,MARCA_ID,NOMBRE,PRESENTACION,CONTENIDO,UNIDADES_POR_CAJA,COSTO,COSTO_VENTA,PRECIO_BASE,UNIDAD_MEDIDA,CODIGO_BARRAS) VALUES(154,22,'Loreal Perfect Slim','Gel Corporal Reductor 12H',150,6.0,1.000000,1.000000,1.000000,'ML',7.501027276476E12);

INSERT INTO MOVIMIENTO_HISTORICO_PRODUCTO (ALMACEN_ID,PRODUCTO_ID,FECHA,TIPO_MOVIMIENTO_ID,CANTIDAD,COSTO,PRECIO,USUARIO_ID) VALUES(1,154,now(),30,3,1.000000,1.000000,'root');
INSERT INTO ALMACEN_PRODUCTO(ALMACEN_ID,PRODUCTO_ID,CANTIDAD_ACTUAL,CANTIDAD_MINIMA,PRECIO_VENTA) VALUES (1,154,3,0,1.000000);

INSERT INTO ALMACEN_PRODUCTO(ALMACEN_ID,PRODUCTO_ID,CANTIDAD_ACTUAL,CANTIDAD_MINIMA,PRECIO_VENTA) VALUES (2,154,0,0,1.000000);

INSERT INTO ALMACEN_PRODUCTO(ALMACEN_ID,PRODUCTO_ID,CANTIDAD_ACTUAL,CANTIDAD_MINIMA,PRECIO_VENTA) VALUES (3,154,3,0,1.000000);

INSERT INTO ALMACEN_PRODUCTO(ALMACEN_ID,PRODUCTO_ID,CANTIDAD_ACTUAL,CANTIDAD_MINIMA,PRECIO_VENTA) VALUES (4,154,3,0,1.000000);

INSERT INTO PROVEEDOR_PRODUCTO(PROVEEDOR_ID,PRODUCTO_ID,PRECIO_COMPRA) VALUES(13,154, 1.000000);

-- ===========PRODUCTO [155]
INSERT INTO PRODUCTO(ID,MARCA_ID,NOMBRE,PRESENTACION,CONTENIDO,UNIDADES_POR_CAJA,COSTO,COSTO_VENTA,PRECIO_BASE,UNIDAD_MEDIDA,CODIGO_BARRAS) VALUES(155,22,'Loreal Sculpt Up','Gel Escultor remodelante',150,6.0,1.000000,1.000000,1.000000,'ML',7.506078908642E12);

INSERT INTO MOVIMIENTO_HISTORICO_PRODUCTO (ALMACEN_ID,PRODUCTO_ID,FECHA,TIPO_MOVIMIENTO_ID,CANTIDAD,COSTO,PRECIO,USUARIO_ID) VALUES(1,155,now(),30,3,1.000000,1.000000,'root');
INSERT INTO ALMACEN_PRODUCTO(ALMACEN_ID,PRODUCTO_ID,CANTIDAD_ACTUAL,CANTIDAD_MINIMA,PRECIO_VENTA) VALUES (1,155,3,0,1.000000);

INSERT INTO ALMACEN_PRODUCTO(ALMACEN_ID,PRODUCTO_ID,CANTIDAD_ACTUAL,CANTIDAD_MINIMA,PRECIO_VENTA) VALUES (2,155,0,0,1.000000);

INSERT INTO ALMACEN_PRODUCTO(ALMACEN_ID,PRODUCTO_ID,CANTIDAD_ACTUAL,CANTIDAD_MINIMA,PRECIO_VENTA) VALUES (3,155,3,0,1.000000);

INSERT INTO ALMACEN_PRODUCTO(ALMACEN_ID,PRODUCTO_ID,CANTIDAD_ACTUAL,CANTIDAD_MINIMA,PRECIO_VENTA) VALUES (4,155,3,0,1.000000);

INSERT INTO PROVEEDOR_PRODUCTO(PROVEEDOR_ID,PRODUCTO_ID,PRECIO_COMPRA) VALUES(13,155, 1.000000);

-- ===========PRODUCTO [156]
INSERT INTO PRODUCTO(ID,MARCA_ID,NOMBRE,PRESENTACION,CONTENIDO,UNIDADES_POR_CAJA,COSTO,COSTO_VENTA,PRECIO_BASE,UNIDAD_MEDIDA,CODIGO_BARRAS) VALUES(156,22,'Loreal Corrector de Estrias','Estrias + Firmeza',150,6.0,1.000000,1.000000,1.000000,'ML',7.501027270269E12);

INSERT INTO MOVIMIENTO_HISTORICO_PRODUCTO (ALMACEN_ID,PRODUCTO_ID,FECHA,TIPO_MOVIMIENTO_ID,CANTIDAD,COSTO,PRECIO,USUARIO_ID) VALUES(1,156,now(),30,3,1.000000,1.000000,'root');
INSERT INTO ALMACEN_PRODUCTO(ALMACEN_ID,PRODUCTO_ID,CANTIDAD_ACTUAL,CANTIDAD_MINIMA,PRECIO_VENTA) VALUES (1,156,3,0,1.000000);

INSERT INTO ALMACEN_PRODUCTO(ALMACEN_ID,PRODUCTO_ID,CANTIDAD_ACTUAL,CANTIDAD_MINIMA,PRECIO_VENTA) VALUES (2,156,0,0,1.000000);

INSERT INTO ALMACEN_PRODUCTO(ALMACEN_ID,PRODUCTO_ID,CANTIDAD_ACTUAL,CANTIDAD_MINIMA,PRECIO_VENTA) VALUES (3,156,3,0,1.000000);

INSERT INTO ALMACEN_PRODUCTO(ALMACEN_ID,PRODUCTO_ID,CANTIDAD_ACTUAL,CANTIDAD_MINIMA,PRECIO_VENTA) VALUES (4,156,3,0,1.000000);

INSERT INTO PROVEEDOR_PRODUCTO(PROVEEDOR_ID,PRODUCTO_ID,PRECIO_COMPRA) VALUES(13,156, 1.000000);

-- ===========PRODUCTO [157]
INSERT INTO PRODUCTO(ID,MARCA_ID,NOMBRE,PRESENTACION,CONTENIDO,UNIDADES_POR_CAJA,COSTO,COSTO_VENTA,PRECIO_BASE,UNIDAD_MEDIDA,CODIGO_BARRAS) VALUES(157,28,'Garnier Body Tonic','Multi Accion ',150,6.0,1.000000,1.000000,1.000000,'ML',7.506078940383E12);

INSERT INTO MOVIMIENTO_HISTORICO_PRODUCTO (ALMACEN_ID,PRODUCTO_ID,FECHA,TIPO_MOVIMIENTO_ID,CANTIDAD,COSTO,PRECIO,USUARIO_ID) VALUES(1,157,now(),30,3,1.000000,1.000000,'root');
INSERT INTO ALMACEN_PRODUCTO(ALMACEN_ID,PRODUCTO_ID,CANTIDAD_ACTUAL,CANTIDAD_MINIMA,PRECIO_VENTA) VALUES (1,157,3,0,1.000000);

INSERT INTO ALMACEN_PRODUCTO(ALMACEN_ID,PRODUCTO_ID,CANTIDAD_ACTUAL,CANTIDAD_MINIMA,PRECIO_VENTA) VALUES (2,157,0,0,1.000000);

INSERT INTO ALMACEN_PRODUCTO(ALMACEN_ID,PRODUCTO_ID,CANTIDAD_ACTUAL,CANTIDAD_MINIMA,PRECIO_VENTA) VALUES (3,157,3,0,1.000000);

INSERT INTO ALMACEN_PRODUCTO(ALMACEN_ID,PRODUCTO_ID,CANTIDAD_ACTUAL,CANTIDAD_MINIMA,PRECIO_VENTA) VALUES (4,157,3,0,1.000000);

INSERT INTO PROVEEDOR_PRODUCTO(PROVEEDOR_ID,PRODUCTO_ID,PRECIO_COMPRA) VALUES(13,157, 1.000000);

-- ===========PRODUCTO [158]
INSERT INTO PRODUCTO(ID,MARCA_ID,NOMBRE,PRESENTACION,CONTENIDO,UNIDADES_POR_CAJA,COSTO,COSTO_VENTA,PRECIO_BASE,UNIDAD_MEDIDA,CODIGO_BARRAS) VALUES(158,28,'Garnier Body Tonic','Gel Escultor y Reductor',150,6.0,1.000000,1.000000,1.000000,'G',7.501839165081E12);

INSERT INTO MOVIMIENTO_HISTORICO_PRODUCTO (ALMACEN_ID,PRODUCTO_ID,FECHA,TIPO_MOVIMIENTO_ID,CANTIDAD,COSTO,PRECIO,USUARIO_ID) VALUES(1,158,now(),30,3,1.000000,1.000000,'root');
INSERT INTO ALMACEN_PRODUCTO(ALMACEN_ID,PRODUCTO_ID,CANTIDAD_ACTUAL,CANTIDAD_MINIMA,PRECIO_VENTA) VALUES (1,158,3,0,1.000000);

INSERT INTO ALMACEN_PRODUCTO(ALMACEN_ID,PRODUCTO_ID,CANTIDAD_ACTUAL,CANTIDAD_MINIMA,PRECIO_VENTA) VALUES (2,158,0,0,1.000000);

INSERT INTO ALMACEN_PRODUCTO(ALMACEN_ID,PRODUCTO_ID,CANTIDAD_ACTUAL,CANTIDAD_MINIMA,PRECIO_VENTA) VALUES (3,158,3,0,1.000000);

INSERT INTO ALMACEN_PRODUCTO(ALMACEN_ID,PRODUCTO_ID,CANTIDAD_ACTUAL,CANTIDAD_MINIMA,PRECIO_VENTA) VALUES (4,158,3,0,1.000000);

INSERT INTO PROVEEDOR_PRODUCTO(PROVEEDOR_ID,PRODUCTO_ID,PRECIO_COMPRA) VALUES(13,158, 1.000000);

-- ===========PRODUCTO [159]
INSERT INTO PRODUCTO(ID,MARCA_ID,NOMBRE,PRESENTACION,CONTENIDO,UNIDADES_POR_CAJA,COSTO,COSTO_VENTA,PRECIO_BASE,UNIDAD_MEDIDA,CODIGO_BARRAS) VALUES(159,28,'Garnier Body Tonic','Rollon Reductor',125,6.0,1.000000,1.000000,1.000000,'ML',7.501839102253E12);

INSERT INTO MOVIMIENTO_HISTORICO_PRODUCTO (ALMACEN_ID,PRODUCTO_ID,FECHA,TIPO_MOVIMIENTO_ID,CANTIDAD,COSTO,PRECIO,USUARIO_ID) VALUES(1,159,now(),30,3,1.000000,1.000000,'root');
INSERT INTO ALMACEN_PRODUCTO(ALMACEN_ID,PRODUCTO_ID,CANTIDAD_ACTUAL,CANTIDAD_MINIMA,PRECIO_VENTA) VALUES (1,159,3,0,1.000000);

INSERT INTO ALMACEN_PRODUCTO(ALMACEN_ID,PRODUCTO_ID,CANTIDAD_ACTUAL,CANTIDAD_MINIMA,PRECIO_VENTA) VALUES (2,159,0,0,1.000000);

INSERT INTO ALMACEN_PRODUCTO(ALMACEN_ID,PRODUCTO_ID,CANTIDAD_ACTUAL,CANTIDAD_MINIMA,PRECIO_VENTA) VALUES (3,159,3,0,1.000000);

INSERT INTO ALMACEN_PRODUCTO(ALMACEN_ID,PRODUCTO_ID,CANTIDAD_ACTUAL,CANTIDAD_MINIMA,PRECIO_VENTA) VALUES (4,159,3,0,1.000000);

INSERT INTO PROVEEDOR_PRODUCTO(PROVEEDOR_ID,PRODUCTO_ID,PRECIO_COMPRA) VALUES(13,159, 1.000000);

-- ===========PRODUCTO [160]
INSERT INTO PRODUCTO(ID,MARCA_ID,NOMBRE,PRESENTACION,CONTENIDO,UNIDADES_POR_CAJA,COSTO,COSTO_VENTA,PRECIO_BASE,UNIDAD_MEDIDA,CODIGO_BARRAS) VALUES(160,30,'Ponds Liquida','Bio Hydratante Locion',200,12.0,1.000000,1.000000,1.000000,'ML',7.501056325565E12);

INSERT INTO MOVIMIENTO_HISTORICO_PRODUCTO (ALMACEN_ID,PRODUCTO_ID,FECHA,TIPO_MOVIMIENTO_ID,CANTIDAD,COSTO,PRECIO,USUARIO_ID) VALUES(1,160,now(),30,6,1.000000,1.000000,'root');
INSERT INTO ALMACEN_PRODUCTO(ALMACEN_ID,PRODUCTO_ID,CANTIDAD_ACTUAL,CANTIDAD_MINIMA,PRECIO_VENTA) VALUES (1,160,6,0,1.000000);

INSERT INTO ALMACEN_PRODUCTO(ALMACEN_ID,PRODUCTO_ID,CANTIDAD_ACTUAL,CANTIDAD_MINIMA,PRECIO_VENTA) VALUES (2,160,0,0,1.000000);

INSERT INTO ALMACEN_PRODUCTO(ALMACEN_ID,PRODUCTO_ID,CANTIDAD_ACTUAL,CANTIDAD_MINIMA,PRECIO_VENTA) VALUES (3,160,6,0,1.000000);

INSERT INTO ALMACEN_PRODUCTO(ALMACEN_ID,PRODUCTO_ID,CANTIDAD_ACTUAL,CANTIDAD_MINIMA,PRECIO_VENTA) VALUES (4,160,6,0,1.000000);

INSERT INTO PROVEEDOR_PRODUCTO(PROVEEDOR_ID,PRODUCTO_ID,PRECIO_COMPRA) VALUES(17,160, 1.000000);

-- ===========PRODUCTO [161]
INSERT INTO PRODUCTO(ID,MARCA_ID,NOMBRE,PRESENTACION,CONTENIDO,UNIDADES_POR_CAJA,COSTO,COSTO_VENTA,PRECIO_BASE,UNIDAD_MEDIDA,CODIGO_BARRAS) VALUES(161,28,'Garnier Body Tonic','Rollon Vientre Plano',100,12.0,1.000000,1.000000,1.000000,'ML',7.501839112375E12);

INSERT INTO MOVIMIENTO_HISTORICO_PRODUCTO (ALMACEN_ID,PRODUCTO_ID,FECHA,TIPO_MOVIMIENTO_ID,CANTIDAD,COSTO,PRECIO,USUARIO_ID) VALUES(1,161,now(),30,6,1.000000,1.000000,'root');
INSERT INTO ALMACEN_PRODUCTO(ALMACEN_ID,PRODUCTO_ID,CANTIDAD_ACTUAL,CANTIDAD_MINIMA,PRECIO_VENTA) VALUES (1,161,6,0,1.000000);

INSERT INTO ALMACEN_PRODUCTO(ALMACEN_ID,PRODUCTO_ID,CANTIDAD_ACTUAL,CANTIDAD_MINIMA,PRECIO_VENTA) VALUES (2,161,0,0,1.000000);

INSERT INTO ALMACEN_PRODUCTO(ALMACEN_ID,PRODUCTO_ID,CANTIDAD_ACTUAL,CANTIDAD_MINIMA,PRECIO_VENTA) VALUES (3,161,6,0,1.000000);

INSERT INTO ALMACEN_PRODUCTO(ALMACEN_ID,PRODUCTO_ID,CANTIDAD_ACTUAL,CANTIDAD_MINIMA,PRECIO_VENTA) VALUES (4,161,6,0,1.000000);

INSERT INTO PROVEEDOR_PRODUCTO(PROVEEDOR_ID,PRODUCTO_ID,PRECIO_COMPRA) VALUES(17,161, 1.000000);

-- ===========PRODUCTO [162]
INSERT INTO PRODUCTO(ID,MARCA_ID,NOMBRE,PRESENTACION,CONTENIDO,UNIDADES_POR_CAJA,COSTO,COSTO_VENTA,PRECIO_BASE,UNIDAD_MEDIDA,CODIGO_BARRAS) VALUES(162,31,'Clarins Hydra Cream','Multi Hydratante',15,12.0,1.000000,1.000000,1.000000,'ML',7.892202E7);

INSERT INTO MOVIMIENTO_HISTORICO_PRODUCTO (ALMACEN_ID,PRODUCTO_ID,FECHA,TIPO_MOVIMIENTO_ID,CANTIDAD,COSTO,PRECIO,USUARIO_ID) VALUES(1,162,now(),30,6,1.000000,1.000000,'root');
INSERT INTO ALMACEN_PRODUCTO(ALMACEN_ID,PRODUCTO_ID,CANTIDAD_ACTUAL,CANTIDAD_MINIMA,PRECIO_VENTA) VALUES (1,162,6,0,1.000000);

INSERT INTO ALMACEN_PRODUCTO(ALMACEN_ID,PRODUCTO_ID,CANTIDAD_ACTUAL,CANTIDAD_MINIMA,PRECIO_VENTA) VALUES (2,162,0,0,1.000000);

INSERT INTO ALMACEN_PRODUCTO(ALMACEN_ID,PRODUCTO_ID,CANTIDAD_ACTUAL,CANTIDAD_MINIMA,PRECIO_VENTA) VALUES (3,162,6,0,1.000000);

INSERT INTO ALMACEN_PRODUCTO(ALMACEN_ID,PRODUCTO_ID,CANTIDAD_ACTUAL,CANTIDAD_MINIMA,PRECIO_VENTA) VALUES (4,162,6,0,1.000000);

INSERT INTO PROVEEDOR_PRODUCTO(PROVEEDOR_ID,PRODUCTO_ID,PRECIO_COMPRA) VALUES(28,162, 1.000000);

-- ===========PRODUCTO [163]
INSERT INTO PRODUCTO(ID,MARCA_ID,NOMBRE,PRESENTACION,CONTENIDO,UNIDADES_POR_CAJA,COSTO,COSTO_VENTA,PRECIO_BASE,UNIDAD_MEDIDA,CODIGO_BARRAS) VALUES(163,22,'Loreal White Perfect','Corrector de Manchas',15,12.0,1.000000,1.000000,1.000000,'ML',7.506078931237E12);

INSERT INTO MOVIMIENTO_HISTORICO_PRODUCTO (ALMACEN_ID,PRODUCTO_ID,FECHA,TIPO_MOVIMIENTO_ID,CANTIDAD,COSTO,PRECIO,USUARIO_ID) VALUES(1,163,now(),30,3,1.000000,1.000000,'root');
INSERT INTO ALMACEN_PRODUCTO(ALMACEN_ID,PRODUCTO_ID,CANTIDAD_ACTUAL,CANTIDAD_MINIMA,PRECIO_VENTA) VALUES (1,163,3,0,1.000000);

INSERT INTO ALMACEN_PRODUCTO(ALMACEN_ID,PRODUCTO_ID,CANTIDAD_ACTUAL,CANTIDAD_MINIMA,PRECIO_VENTA) VALUES (2,163,0,0,1.000000);

INSERT INTO ALMACEN_PRODUCTO(ALMACEN_ID,PRODUCTO_ID,CANTIDAD_ACTUAL,CANTIDAD_MINIMA,PRECIO_VENTA) VALUES (3,163,3,0,1.000000);

INSERT INTO ALMACEN_PRODUCTO(ALMACEN_ID,PRODUCTO_ID,CANTIDAD_ACTUAL,CANTIDAD_MINIMA,PRECIO_VENTA) VALUES (4,163,3,0,1.000000);

INSERT INTO PROVEEDOR_PRODUCTO(PROVEEDOR_ID,PRODUCTO_ID,PRECIO_COMPRA) VALUES(13,163, 1.000000);

-- ===========PRODUCTO [164]
INSERT INTO PRODUCTO(ID,MARCA_ID,NOMBRE,PRESENTACION,CONTENIDO,UNIDADES_POR_CAJA,COSTO,COSTO_VENTA,PRECIO_BASE,UNIDAD_MEDIDA,CODIGO_BARRAS) VALUES(164,28,'Garnier Crema Liquida','Hidra Total',250,12.0,1.000000,1.000000,1.000000,'ML',7.50183919744E12);

INSERT INTO MOVIMIENTO_HISTORICO_PRODUCTO (ALMACEN_ID,PRODUCTO_ID,FECHA,TIPO_MOVIMIENTO_ID,CANTIDAD,COSTO,PRECIO,USUARIO_ID) VALUES(1,164,now(),30,12,1.000000,1.000000,'root');
INSERT INTO ALMACEN_PRODUCTO(ALMACEN_ID,PRODUCTO_ID,CANTIDAD_ACTUAL,CANTIDAD_MINIMA,PRECIO_VENTA) VALUES (1,164,12,0,1.000000);

INSERT INTO ALMACEN_PRODUCTO(ALMACEN_ID,PRODUCTO_ID,CANTIDAD_ACTUAL,CANTIDAD_MINIMA,PRECIO_VENTA) VALUES (2,164,0,0,1.000000);

INSERT INTO ALMACEN_PRODUCTO(ALMACEN_ID,PRODUCTO_ID,CANTIDAD_ACTUAL,CANTIDAD_MINIMA,PRECIO_VENTA) VALUES (3,164,12,0,1.000000);

INSERT INTO ALMACEN_PRODUCTO(ALMACEN_ID,PRODUCTO_ID,CANTIDAD_ACTUAL,CANTIDAD_MINIMA,PRECIO_VENTA) VALUES (4,164,12,0,1.000000);

INSERT INTO PROVEEDOR_PRODUCTO(PROVEEDOR_ID,PRODUCTO_ID,PRECIO_COMPRA) VALUES(13,164, 1.000000);

-- ===========PRODUCTO [165]
INSERT INTO PRODUCTO(ID,MARCA_ID,NOMBRE,PRESENTACION,CONTENIDO,UNIDADES_POR_CAJA,COSTO,COSTO_VENTA,PRECIO_BASE,UNIDAD_MEDIDA,CODIGO_BARRAS) VALUES(165,17,'Palmolive Jabon Liquido Corporal','Oliva & Aloe',350,6.0,1.000000,1.000000,1.000000,'ML',7.891024178591E12);

INSERT INTO MOVIMIENTO_HISTORICO_PRODUCTO (ALMACEN_ID,PRODUCTO_ID,FECHA,TIPO_MOVIMIENTO_ID,CANTIDAD,COSTO,PRECIO,USUARIO_ID) VALUES(1,165,now(),30,12,1.000000,1.000000,'root');
INSERT INTO ALMACEN_PRODUCTO(ALMACEN_ID,PRODUCTO_ID,CANTIDAD_ACTUAL,CANTIDAD_MINIMA,PRECIO_VENTA) VALUES (1,165,12,0,1.000000);

INSERT INTO ALMACEN_PRODUCTO(ALMACEN_ID,PRODUCTO_ID,CANTIDAD_ACTUAL,CANTIDAD_MINIMA,PRECIO_VENTA) VALUES (2,165,4,0,1.000000);

INSERT INTO ALMACEN_PRODUCTO(ALMACEN_ID,PRODUCTO_ID,CANTIDAD_ACTUAL,CANTIDAD_MINIMA,PRECIO_VENTA) VALUES (3,165,12,0,1.000000);

INSERT INTO ALMACEN_PRODUCTO(ALMACEN_ID,PRODUCTO_ID,CANTIDAD_ACTUAL,CANTIDAD_MINIMA,PRECIO_VENTA) VALUES (4,165,12,0,1.000000);

INSERT INTO PROVEEDOR_PRODUCTO(PROVEEDOR_ID,PRODUCTO_ID,PRECIO_COMPRA) VALUES(6,165, 1.000000);

-- ===========PRODUCTO [166]
INSERT INTO PRODUCTO(ID,MARCA_ID,NOMBRE,PRESENTACION,CONTENIDO,UNIDADES_POR_CAJA,COSTO,COSTO_VENTA,PRECIO_BASE,UNIDAD_MEDIDA,CODIGO_BARRAS) VALUES(166,17,'Palmolive Jabon Liquido Corporal','Yoghurt & Fruits ',350,6.0,1.000000,1.000000,1.000000,'ML',7.891024178713E12);

INSERT INTO MOVIMIENTO_HISTORICO_PRODUCTO (ALMACEN_ID,PRODUCTO_ID,FECHA,TIPO_MOVIMIENTO_ID,CANTIDAD,COSTO,PRECIO,USUARIO_ID) VALUES(1,166,now(),30,12,1.000000,1.000000,'root');
INSERT INTO ALMACEN_PRODUCTO(ALMACEN_ID,PRODUCTO_ID,CANTIDAD_ACTUAL,CANTIDAD_MINIMA,PRECIO_VENTA) VALUES (1,166,12,0,1.000000);

INSERT INTO ALMACEN_PRODUCTO(ALMACEN_ID,PRODUCTO_ID,CANTIDAD_ACTUAL,CANTIDAD_MINIMA,PRECIO_VENTA) VALUES (2,166,0,0,1.000000);

INSERT INTO ALMACEN_PRODUCTO(ALMACEN_ID,PRODUCTO_ID,CANTIDAD_ACTUAL,CANTIDAD_MINIMA,PRECIO_VENTA) VALUES (3,166,12,0,1.000000);

INSERT INTO ALMACEN_PRODUCTO(ALMACEN_ID,PRODUCTO_ID,CANTIDAD_ACTUAL,CANTIDAD_MINIMA,PRECIO_VENTA) VALUES (4,166,12,0,1.000000);

INSERT INTO PROVEEDOR_PRODUCTO(PROVEEDOR_ID,PRODUCTO_ID,PRECIO_COMPRA) VALUES(6,166, 1.000000);

-- ===========PRODUCTO [167]
INSERT INTO PRODUCTO(ID,MARCA_ID,NOMBRE,PRESENTACION,CONTENIDO,UNIDADES_POR_CAJA,COSTO,COSTO_VENTA,PRECIO_BASE,UNIDAD_MEDIDA,CODIGO_BARRAS) VALUES(167,32,'Protex Jabon Liquido Para manos','Balance',221,12.0,1.000000,1.000000,1.000000,'ML',7.509546000305E12);

INSERT INTO MOVIMIENTO_HISTORICO_PRODUCTO (ALMACEN_ID,PRODUCTO_ID,FECHA,TIPO_MOVIMIENTO_ID,CANTIDAD,COSTO,PRECIO,USUARIO_ID) VALUES(1,167,now(),30,36,1.000000,1.000000,'root');
INSERT INTO ALMACEN_PRODUCTO(ALMACEN_ID,PRODUCTO_ID,CANTIDAD_ACTUAL,CANTIDAD_MINIMA,PRECIO_VENTA) VALUES (1,167,36,0,1.000000);

INSERT INTO ALMACEN_PRODUCTO(ALMACEN_ID,PRODUCTO_ID,CANTIDAD_ACTUAL,CANTIDAD_MINIMA,PRECIO_VENTA) VALUES (2,167,0,0,1.000000);

INSERT INTO ALMACEN_PRODUCTO(ALMACEN_ID,PRODUCTO_ID,CANTIDAD_ACTUAL,CANTIDAD_MINIMA,PRECIO_VENTA) VALUES (3,167,36,0,1.000000);

INSERT INTO ALMACEN_PRODUCTO(ALMACEN_ID,PRODUCTO_ID,CANTIDAD_ACTUAL,CANTIDAD_MINIMA,PRECIO_VENTA) VALUES (4,167,36,0,1.000000);

INSERT INTO PROVEEDOR_PRODUCTO(PROVEEDOR_ID,PRODUCTO_ID,PRECIO_COMPRA) VALUES(6,167, 1.000000);

-- ===========PRODUCTO [168]
INSERT INTO PRODUCTO(ID,MARCA_ID,NOMBRE,PRESENTACION,CONTENIDO,UNIDADES_POR_CAJA,COSTO,COSTO_VENTA,PRECIO_BASE,UNIDAD_MEDIDA,CODIGO_BARRAS) VALUES(168,17,'Palmolive Jabon Liquido Para Manos ','Yoghurt & Fruits ',221,12.0,1.000000,1.000000,1.000000,'ML',7.509546023076E12);

INSERT INTO MOVIMIENTO_HISTORICO_PRODUCTO (ALMACEN_ID,PRODUCTO_ID,FECHA,TIPO_MOVIMIENTO_ID,CANTIDAD,COSTO,PRECIO,USUARIO_ID) VALUES(1,168,now(),30,12,1.000000,1.000000,'root');
INSERT INTO ALMACEN_PRODUCTO(ALMACEN_ID,PRODUCTO_ID,CANTIDAD_ACTUAL,CANTIDAD_MINIMA,PRECIO_VENTA) VALUES (1,168,12,0,1.000000);

INSERT INTO ALMACEN_PRODUCTO(ALMACEN_ID,PRODUCTO_ID,CANTIDAD_ACTUAL,CANTIDAD_MINIMA,PRECIO_VENTA) VALUES (2,168,0,0,1.000000);

INSERT INTO ALMACEN_PRODUCTO(ALMACEN_ID,PRODUCTO_ID,CANTIDAD_ACTUAL,CANTIDAD_MINIMA,PRECIO_VENTA) VALUES (3,168,12,0,1.000000);

INSERT INTO ALMACEN_PRODUCTO(ALMACEN_ID,PRODUCTO_ID,CANTIDAD_ACTUAL,CANTIDAD_MINIMA,PRECIO_VENTA) VALUES (4,168,12,0,1.000000);

INSERT INTO PROVEEDOR_PRODUCTO(PROVEEDOR_ID,PRODUCTO_ID,PRECIO_COMPRA) VALUES(6,168, 1.000000);

-- ===========PRODUCTO [169]
INSERT INTO PRODUCTO(ID,MARCA_ID,NOMBRE,PRESENTACION,CONTENIDO,UNIDADES_POR_CAJA,COSTO,COSTO_VENTA,PRECIO_BASE,UNIDAD_MEDIDA,CODIGO_BARRAS) VALUES(169,17,'Palmolive Jabon Liquido Para Manos ','Aquarium Series',221,12.0,1.000000,1.000000,1.000000,'ML',7.501035911208E12);

INSERT INTO MOVIMIENTO_HISTORICO_PRODUCTO (ALMACEN_ID,PRODUCTO_ID,FECHA,TIPO_MOVIMIENTO_ID,CANTIDAD,COSTO,PRECIO,USUARIO_ID) VALUES(1,169,now(),30,12,1.000000,1.000000,'root');
INSERT INTO ALMACEN_PRODUCTO(ALMACEN_ID,PRODUCTO_ID,CANTIDAD_ACTUAL,CANTIDAD_MINIMA,PRECIO_VENTA) VALUES (1,169,12,0,1.000000);

INSERT INTO ALMACEN_PRODUCTO(ALMACEN_ID,PRODUCTO_ID,CANTIDAD_ACTUAL,CANTIDAD_MINIMA,PRECIO_VENTA) VALUES (2,169,0,0,1.000000);

INSERT INTO ALMACEN_PRODUCTO(ALMACEN_ID,PRODUCTO_ID,CANTIDAD_ACTUAL,CANTIDAD_MINIMA,PRECIO_VENTA) VALUES (3,169,12,0,1.000000);

INSERT INTO ALMACEN_PRODUCTO(ALMACEN_ID,PRODUCTO_ID,CANTIDAD_ACTUAL,CANTIDAD_MINIMA,PRECIO_VENTA) VALUES (4,169,12,0,1.000000);

INSERT INTO PROVEEDOR_PRODUCTO(PROVEEDOR_ID,PRODUCTO_ID,PRECIO_COMPRA) VALUES(6,169, 1.000000);

-- ===========PRODUCTO [170]
INSERT INTO PRODUCTO(ID,MARCA_ID,NOMBRE,PRESENTACION,CONTENIDO,UNIDADES_POR_CAJA,COSTO,COSTO_VENTA,PRECIO_BASE,UNIDAD_MEDIDA,CODIGO_BARRAS) VALUES(170,33,'Folicure Shampoo','Original',350,12.0,1.000000,1.000000,1.000000,'ML',7.501059349438E12);

INSERT INTO MOVIMIENTO_HISTORICO_PRODUCTO (ALMACEN_ID,PRODUCTO_ID,FECHA,TIPO_MOVIMIENTO_ID,CANTIDAD,COSTO,PRECIO,USUARIO_ID) VALUES(1,170,now(),30,22,1.000000,1.000000,'root');
INSERT INTO ALMACEN_PRODUCTO(ALMACEN_ID,PRODUCTO_ID,CANTIDAD_ACTUAL,CANTIDAD_MINIMA,PRECIO_VENTA) VALUES (1,170,22,0,1.000000);

INSERT INTO ALMACEN_PRODUCTO(ALMACEN_ID,PRODUCTO_ID,CANTIDAD_ACTUAL,CANTIDAD_MINIMA,PRECIO_VENTA) VALUES (2,170,0,0,1.000000);

INSERT INTO ALMACEN_PRODUCTO(ALMACEN_ID,PRODUCTO_ID,CANTIDAD_ACTUAL,CANTIDAD_MINIMA,PRECIO_VENTA) VALUES (3,170,22,0,1.000000);

INSERT INTO ALMACEN_PRODUCTO(ALMACEN_ID,PRODUCTO_ID,CANTIDAD_ACTUAL,CANTIDAD_MINIMA,PRECIO_VENTA) VALUES (4,170,22,0,1.000000);

INSERT INTO PROVEEDOR_PRODUCTO(PROVEEDOR_ID,PRODUCTO_ID,PRECIO_COMPRA) VALUES(13,170, 1.000000);

-- ===========PRODUCTO [171]
INSERT INTO PRODUCTO(ID,MARCA_ID,NOMBRE,PRESENTACION,CONTENIDO,UNIDADES_POR_CAJA,COSTO,COSTO_VENTA,PRECIO_BASE,UNIDAD_MEDIDA,CODIGO_BARRAS) VALUES(171,33,'Folicure Shampoo','Original',200,12.0,1.000000,1.000000,1.000000,'ML',7.50105933441E12);

INSERT INTO MOVIMIENTO_HISTORICO_PRODUCTO (ALMACEN_ID,PRODUCTO_ID,FECHA,TIPO_MOVIMIENTO_ID,CANTIDAD,COSTO,PRECIO,USUARIO_ID) VALUES(1,171,now(),30,18,1.000000,1.000000,'root');
INSERT INTO ALMACEN_PRODUCTO(ALMACEN_ID,PRODUCTO_ID,CANTIDAD_ACTUAL,CANTIDAD_MINIMA,PRECIO_VENTA) VALUES (1,171,18,0,1.000000);

INSERT INTO ALMACEN_PRODUCTO(ALMACEN_ID,PRODUCTO_ID,CANTIDAD_ACTUAL,CANTIDAD_MINIMA,PRECIO_VENTA) VALUES (2,171,0,0,1.000000);

INSERT INTO ALMACEN_PRODUCTO(ALMACEN_ID,PRODUCTO_ID,CANTIDAD_ACTUAL,CANTIDAD_MINIMA,PRECIO_VENTA) VALUES (3,171,18,0,1.000000);

INSERT INTO ALMACEN_PRODUCTO(ALMACEN_ID,PRODUCTO_ID,CANTIDAD_ACTUAL,CANTIDAD_MINIMA,PRECIO_VENTA) VALUES (4,171,18,0,1.000000);

INSERT INTO PROVEEDOR_PRODUCTO(PROVEEDOR_ID,PRODUCTO_ID,PRECIO_COMPRA) VALUES(13,171, 1.000000);

-- ===========PRODUCTO [172]
INSERT INTO PRODUCTO(ID,MARCA_ID,NOMBRE,PRESENTACION,CONTENIDO,UNIDADES_POR_CAJA,COSTO,COSTO_VENTA,PRECIO_BASE,UNIDAD_MEDIDA,CODIGO_BARRAS) VALUES(172,34,'Alert Shampoo Hidratante','Aloe (Sensible)',400,12.0,1.000000,1.000000,1.000000,'ML',7.509546014609E12);

INSERT INTO MOVIMIENTO_HISTORICO_PRODUCTO (ALMACEN_ID,PRODUCTO_ID,FECHA,TIPO_MOVIMIENTO_ID,CANTIDAD,COSTO,PRECIO,USUARIO_ID) VALUES(1,172,now(),30,12,1.000000,1.000000,'root');
INSERT INTO ALMACEN_PRODUCTO(ALMACEN_ID,PRODUCTO_ID,CANTIDAD_ACTUAL,CANTIDAD_MINIMA,PRECIO_VENTA) VALUES (1,172,12,0,1.000000);

INSERT INTO ALMACEN_PRODUCTO(ALMACEN_ID,PRODUCTO_ID,CANTIDAD_ACTUAL,CANTIDAD_MINIMA,PRECIO_VENTA) VALUES (2,172,0,0,1.000000);

INSERT INTO ALMACEN_PRODUCTO(ALMACEN_ID,PRODUCTO_ID,CANTIDAD_ACTUAL,CANTIDAD_MINIMA,PRECIO_VENTA) VALUES (3,172,12,0,1.000000);

INSERT INTO ALMACEN_PRODUCTO(ALMACEN_ID,PRODUCTO_ID,CANTIDAD_ACTUAL,CANTIDAD_MINIMA,PRECIO_VENTA) VALUES (4,172,12,0,1.000000);

INSERT INTO PROVEEDOR_PRODUCTO(PROVEEDOR_ID,PRODUCTO_ID,PRECIO_COMPRA) VALUES(17,172, 1.000000);

-- ===========PRODUCTO [173]
INSERT INTO PRODUCTO(ID,MARCA_ID,NOMBRE,PRESENTACION,CONTENIDO,UNIDADES_POR_CAJA,COSTO,COSTO_VENTA,PRECIO_BASE,UNIDAD_MEDIDA,CODIGO_BARRAS) VALUES(173,17,'Palmolive Jabon Liquido Para Manos ','Coco',221,12.0,1.000000,1.000000,1.000000,'ML',7.509546053776E12);

INSERT INTO MOVIMIENTO_HISTORICO_PRODUCTO (ALMACEN_ID,PRODUCTO_ID,FECHA,TIPO_MOVIMIENTO_ID,CANTIDAD,COSTO,PRECIO,USUARIO_ID) VALUES(1,173,now(),30,12,1.000000,1.000000,'root');
INSERT INTO ALMACEN_PRODUCTO(ALMACEN_ID,PRODUCTO_ID,CANTIDAD_ACTUAL,CANTIDAD_MINIMA,PRECIO_VENTA) VALUES (1,173,12,0,1.000000);

INSERT INTO ALMACEN_PRODUCTO(ALMACEN_ID,PRODUCTO_ID,CANTIDAD_ACTUAL,CANTIDAD_MINIMA,PRECIO_VENTA) VALUES (2,173,0,0,1.000000);

INSERT INTO ALMACEN_PRODUCTO(ALMACEN_ID,PRODUCTO_ID,CANTIDAD_ACTUAL,CANTIDAD_MINIMA,PRECIO_VENTA) VALUES (3,173,12,0,1.000000);

INSERT INTO ALMACEN_PRODUCTO(ALMACEN_ID,PRODUCTO_ID,CANTIDAD_ACTUAL,CANTIDAD_MINIMA,PRECIO_VENTA) VALUES (4,173,12,0,1.000000);

INSERT INTO PROVEEDOR_PRODUCTO(PROVEEDOR_ID,PRODUCTO_ID,PRECIO_COMPRA) VALUES(6,173, 1.000000);

-- ===========PRODUCTO [174]
INSERT INTO PRODUCTO(ID,MARCA_ID,NOMBRE,PRESENTACION,CONTENIDO,UNIDADES_POR_CAJA,COSTO,COSTO_VENTA,PRECIO_BASE,UNIDAD_MEDIDA,CODIGO_BARRAS) VALUES(174,35,'Colgate Pasta Dental','Max White Crystal Mint',100,72.0,1.000000,1.000000,1.000000,'ML',7.891024123164E12);

INSERT INTO MOVIMIENTO_HISTORICO_PRODUCTO (ALMACEN_ID,PRODUCTO_ID,FECHA,TIPO_MOVIMIENTO_ID,CANTIDAD,COSTO,PRECIO,USUARIO_ID) VALUES(1,174,now(),30,72,1.000000,1.000000,'root');
INSERT INTO ALMACEN_PRODUCTO(ALMACEN_ID,PRODUCTO_ID,CANTIDAD_ACTUAL,CANTIDAD_MINIMA,PRECIO_VENTA) VALUES (1,174,72,0,1.000000);

INSERT INTO ALMACEN_PRODUCTO(ALMACEN_ID,PRODUCTO_ID,CANTIDAD_ACTUAL,CANTIDAD_MINIMA,PRECIO_VENTA) VALUES (2,174,13,0,1.000000);

INSERT INTO ALMACEN_PRODUCTO(ALMACEN_ID,PRODUCTO_ID,CANTIDAD_ACTUAL,CANTIDAD_MINIMA,PRECIO_VENTA) VALUES (3,174,72,0,1.000000);

INSERT INTO ALMACEN_PRODUCTO(ALMACEN_ID,PRODUCTO_ID,CANTIDAD_ACTUAL,CANTIDAD_MINIMA,PRECIO_VENTA) VALUES (4,174,72,0,1.000000);

INSERT INTO PROVEEDOR_PRODUCTO(PROVEEDOR_ID,PRODUCTO_ID,PRECIO_COMPRA) VALUES(6,174, 1.000000);

-- ===========PRODUCTO [175]
INSERT INTO PRODUCTO(ID,MARCA_ID,NOMBRE,PRESENTACION,CONTENIDO,UNIDADES_POR_CAJA,COSTO,COSTO_VENTA,PRECIO_BASE,UNIDAD_MEDIDA,CODIGO_BARRAS) VALUES(175,17,'Palmolive Naturals','Humectacion Deliciosa',180,72.0,1.000000,1.000000,1.000000,'G',7.509546042015E12);

INSERT INTO MOVIMIENTO_HISTORICO_PRODUCTO (ALMACEN_ID,PRODUCTO_ID,FECHA,TIPO_MOVIMIENTO_ID,CANTIDAD,COSTO,PRECIO,USUARIO_ID) VALUES(1,175,now(),30,72,1.000000,1.000000,'root');
INSERT INTO ALMACEN_PRODUCTO(ALMACEN_ID,PRODUCTO_ID,CANTIDAD_ACTUAL,CANTIDAD_MINIMA,PRECIO_VENTA) VALUES (1,175,72,0,1.000000);

INSERT INTO ALMACEN_PRODUCTO(ALMACEN_ID,PRODUCTO_ID,CANTIDAD_ACTUAL,CANTIDAD_MINIMA,PRECIO_VENTA) VALUES (2,175,0,0,1.000000);

INSERT INTO ALMACEN_PRODUCTO(ALMACEN_ID,PRODUCTO_ID,CANTIDAD_ACTUAL,CANTIDAD_MINIMA,PRECIO_VENTA) VALUES (3,175,72,0,1.000000);

INSERT INTO ALMACEN_PRODUCTO(ALMACEN_ID,PRODUCTO_ID,CANTIDAD_ACTUAL,CANTIDAD_MINIMA,PRECIO_VENTA) VALUES (4,175,72,0,1.000000);

INSERT INTO PROVEEDOR_PRODUCTO(PROVEEDOR_ID,PRODUCTO_ID,PRECIO_COMPRA) VALUES(6,175, 1.000000);

-- ===========PRODUCTO [176]
INSERT INTO PRODUCTO(ID,MARCA_ID,NOMBRE,PRESENTACION,CONTENIDO,UNIDADES_POR_CAJA,COSTO,COSTO_VENTA,PRECIO_BASE,UNIDAD_MEDIDA,CODIGO_BARRAS) VALUES(176,17,'Palmolive Jabon de Tocador','Neutro Balance ',180,72.0,1.000000,1.000000,1.000000,'G',7.509546032184E12);

INSERT INTO MOVIMIENTO_HISTORICO_PRODUCTO (ALMACEN_ID,PRODUCTO_ID,FECHA,TIPO_MOVIMIENTO_ID,CANTIDAD,COSTO,PRECIO,USUARIO_ID) VALUES(1,176,now(),30,72,1.000000,1.000000,'root');
INSERT INTO ALMACEN_PRODUCTO(ALMACEN_ID,PRODUCTO_ID,CANTIDAD_ACTUAL,CANTIDAD_MINIMA,PRECIO_VENTA) VALUES (1,176,72,0,1.000000);

INSERT INTO ALMACEN_PRODUCTO(ALMACEN_ID,PRODUCTO_ID,CANTIDAD_ACTUAL,CANTIDAD_MINIMA,PRECIO_VENTA) VALUES (2,176,0,0,1.000000);

INSERT INTO ALMACEN_PRODUCTO(ALMACEN_ID,PRODUCTO_ID,CANTIDAD_ACTUAL,CANTIDAD_MINIMA,PRECIO_VENTA) VALUES (3,176,72,0,1.000000);

INSERT INTO ALMACEN_PRODUCTO(ALMACEN_ID,PRODUCTO_ID,CANTIDAD_ACTUAL,CANTIDAD_MINIMA,PRECIO_VENTA) VALUES (4,176,72,0,1.000000);

INSERT INTO PROVEEDOR_PRODUCTO(PROVEEDOR_ID,PRODUCTO_ID,PRECIO_COMPRA) VALUES(6,176, 1.000000);

-- ===========PRODUCTO [177]
INSERT INTO PRODUCTO(ID,MARCA_ID,NOMBRE,PRESENTACION,CONTENIDO,UNIDADES_POR_CAJA,COSTO,COSTO_VENTA,PRECIO_BASE,UNIDAD_MEDIDA,CODIGO_BARRAS) VALUES(177,17,'Palmolive Naturals','Tono Perfecto',180,72.0,1.000000,1.000000,1.000000,'G',7.509546048222E12);

INSERT INTO MOVIMIENTO_HISTORICO_PRODUCTO (ALMACEN_ID,PRODUCTO_ID,FECHA,TIPO_MOVIMIENTO_ID,CANTIDAD,COSTO,PRECIO,USUARIO_ID) VALUES(1,177,now(),30,72,1.000000,1.000000,'root');
INSERT INTO ALMACEN_PRODUCTO(ALMACEN_ID,PRODUCTO_ID,CANTIDAD_ACTUAL,CANTIDAD_MINIMA,PRECIO_VENTA) VALUES (1,177,72,0,1.000000);

INSERT INTO ALMACEN_PRODUCTO(ALMACEN_ID,PRODUCTO_ID,CANTIDAD_ACTUAL,CANTIDAD_MINIMA,PRECIO_VENTA) VALUES (2,177,0,0,1.000000);

INSERT INTO ALMACEN_PRODUCTO(ALMACEN_ID,PRODUCTO_ID,CANTIDAD_ACTUAL,CANTIDAD_MINIMA,PRECIO_VENTA) VALUES (3,177,72,0,1.000000);

INSERT INTO ALMACEN_PRODUCTO(ALMACEN_ID,PRODUCTO_ID,CANTIDAD_ACTUAL,CANTIDAD_MINIMA,PRECIO_VENTA) VALUES (4,177,72,0,1.000000);

INSERT INTO PROVEEDOR_PRODUCTO(PROVEEDOR_ID,PRODUCTO_ID,PRECIO_COMPRA) VALUES(6,177, 1.000000);

-- ===========PRODUCTO [178]
INSERT INTO PRODUCTO(ID,MARCA_ID,NOMBRE,PRESENTACION,CONTENIDO,UNIDADES_POR_CAJA,COSTO,COSTO_VENTA,PRECIO_BASE,UNIDAD_MEDIDA,CODIGO_BARRAS) VALUES(178,17,'Palmolive Jabon de Tocador','Neutro Balance ',130,96.0,1.000000,1.000000,1.000000,'G',7.509546032177E12);

INSERT INTO MOVIMIENTO_HISTORICO_PRODUCTO (ALMACEN_ID,PRODUCTO_ID,FECHA,TIPO_MOVIMIENTO_ID,CANTIDAD,COSTO,PRECIO,USUARIO_ID) VALUES(1,178,now(),30,96,1.000000,1.000000,'root');
INSERT INTO ALMACEN_PRODUCTO(ALMACEN_ID,PRODUCTO_ID,CANTIDAD_ACTUAL,CANTIDAD_MINIMA,PRECIO_VENTA) VALUES (1,178,96,0,1.000000);

INSERT INTO ALMACEN_PRODUCTO(ALMACEN_ID,PRODUCTO_ID,CANTIDAD_ACTUAL,CANTIDAD_MINIMA,PRECIO_VENTA) VALUES (2,178,0,0,1.000000);

INSERT INTO ALMACEN_PRODUCTO(ALMACEN_ID,PRODUCTO_ID,CANTIDAD_ACTUAL,CANTIDAD_MINIMA,PRECIO_VENTA) VALUES (3,178,96,0,1.000000);

INSERT INTO ALMACEN_PRODUCTO(ALMACEN_ID,PRODUCTO_ID,CANTIDAD_ACTUAL,CANTIDAD_MINIMA,PRECIO_VENTA) VALUES (4,178,96,0,1.000000);

INSERT INTO PROVEEDOR_PRODUCTO(PROVEEDOR_ID,PRODUCTO_ID,PRECIO_COMPRA) VALUES(6,178, 1.000000);

-- ===========PRODUCTO [179]
INSERT INTO PRODUCTO(ID,MARCA_ID,NOMBRE,PRESENTACION,CONTENIDO,UNIDADES_POR_CAJA,COSTO,COSTO_VENTA,PRECIO_BASE,UNIDAD_MEDIDA,CODIGO_BARRAS) VALUES(179,17,'Palmolive Naturals','Sensacion Nutritiva',130,96.0,1.000000,1.000000,1.000000,'G',7.509546035963E12);

INSERT INTO MOVIMIENTO_HISTORICO_PRODUCTO (ALMACEN_ID,PRODUCTO_ID,FECHA,TIPO_MOVIMIENTO_ID,CANTIDAD,COSTO,PRECIO,USUARIO_ID) VALUES(1,179,now(),30,96,1.000000,1.000000,'root');
INSERT INTO ALMACEN_PRODUCTO(ALMACEN_ID,PRODUCTO_ID,CANTIDAD_ACTUAL,CANTIDAD_MINIMA,PRECIO_VENTA) VALUES (1,179,96,0,1.000000);

INSERT INTO ALMACEN_PRODUCTO(ALMACEN_ID,PRODUCTO_ID,CANTIDAD_ACTUAL,CANTIDAD_MINIMA,PRECIO_VENTA) VALUES (2,179,0,0,1.000000);

INSERT INTO ALMACEN_PRODUCTO(ALMACEN_ID,PRODUCTO_ID,CANTIDAD_ACTUAL,CANTIDAD_MINIMA,PRECIO_VENTA) VALUES (3,179,96,0,1.000000);

INSERT INTO ALMACEN_PRODUCTO(ALMACEN_ID,PRODUCTO_ID,CANTIDAD_ACTUAL,CANTIDAD_MINIMA,PRECIO_VENTA) VALUES (4,179,96,0,1.000000);

INSERT INTO PROVEEDOR_PRODUCTO(PROVEEDOR_ID,PRODUCTO_ID,PRECIO_COMPRA) VALUES(6,179, 1.000000);

-- ===========PRODUCTO [180]
INSERT INTO PRODUCTO(ID,MARCA_ID,NOMBRE,PRESENTACION,CONTENIDO,UNIDADES_POR_CAJA,COSTO,COSTO_VENTA,PRECIO_BASE,UNIDAD_MEDIDA,CODIGO_BARRAS) VALUES(180,17,'Palmolive Naturals','Suavidad Radiante',130,96.0,1.000000,1.000000,1.000000,'G',7.509546032306E12);

INSERT INTO MOVIMIENTO_HISTORICO_PRODUCTO (ALMACEN_ID,PRODUCTO_ID,FECHA,TIPO_MOVIMIENTO_ID,CANTIDAD,COSTO,PRECIO,USUARIO_ID) VALUES(1,180,now(),30,96,1.000000,1.000000,'root');
INSERT INTO ALMACEN_PRODUCTO(ALMACEN_ID,PRODUCTO_ID,CANTIDAD_ACTUAL,CANTIDAD_MINIMA,PRECIO_VENTA) VALUES (1,180,96,0,1.000000);

INSERT INTO ALMACEN_PRODUCTO(ALMACEN_ID,PRODUCTO_ID,CANTIDAD_ACTUAL,CANTIDAD_MINIMA,PRECIO_VENTA) VALUES (2,180,0,0,1.000000);

INSERT INTO ALMACEN_PRODUCTO(ALMACEN_ID,PRODUCTO_ID,CANTIDAD_ACTUAL,CANTIDAD_MINIMA,PRECIO_VENTA) VALUES (3,180,96,0,1.000000);

INSERT INTO ALMACEN_PRODUCTO(ALMACEN_ID,PRODUCTO_ID,CANTIDAD_ACTUAL,CANTIDAD_MINIMA,PRECIO_VENTA) VALUES (4,180,96,0,1.000000);

INSERT INTO PROVEEDOR_PRODUCTO(PROVEEDOR_ID,PRODUCTO_ID,PRECIO_COMPRA) VALUES(6,180, 1.000000);

-- ===========PRODUCTO [181]
INSERT INTO PRODUCTO(ID,MARCA_ID,NOMBRE,PRESENTACION,CONTENIDO,UNIDADES_POR_CAJA,COSTO,COSTO_VENTA,PRECIO_BASE,UNIDAD_MEDIDA,CODIGO_BARRAS) VALUES(181,17,'Palmolive Naturals','Suavidad Radiante',180,72.0,1.000000,1.000000,1.000000,'G',7.509546032313E12);

INSERT INTO MOVIMIENTO_HISTORICO_PRODUCTO (ALMACEN_ID,PRODUCTO_ID,FECHA,TIPO_MOVIMIENTO_ID,CANTIDAD,COSTO,PRECIO,USUARIO_ID) VALUES(1,181,now(),30,72,1.000000,1.000000,'root');
INSERT INTO ALMACEN_PRODUCTO(ALMACEN_ID,PRODUCTO_ID,CANTIDAD_ACTUAL,CANTIDAD_MINIMA,PRECIO_VENTA) VALUES (1,181,72,0,1.000000);

INSERT INTO ALMACEN_PRODUCTO(ALMACEN_ID,PRODUCTO_ID,CANTIDAD_ACTUAL,CANTIDAD_MINIMA,PRECIO_VENTA) VALUES (2,181,0,0,1.000000);

INSERT INTO ALMACEN_PRODUCTO(ALMACEN_ID,PRODUCTO_ID,CANTIDAD_ACTUAL,CANTIDAD_MINIMA,PRECIO_VENTA) VALUES (3,181,72,0,1.000000);

INSERT INTO ALMACEN_PRODUCTO(ALMACEN_ID,PRODUCTO_ID,CANTIDAD_ACTUAL,CANTIDAD_MINIMA,PRECIO_VENTA) VALUES (4,181,72,0,1.000000);

INSERT INTO PROVEEDOR_PRODUCTO(PROVEEDOR_ID,PRODUCTO_ID,PRECIO_COMPRA) VALUES(6,181, 1.000000);

-- ===========PRODUCTO [182]
INSERT INTO PRODUCTO(ID,MARCA_ID,NOMBRE,PRESENTACION,CONTENIDO,UNIDADES_POR_CAJA,COSTO,COSTO_VENTA,PRECIO_BASE,UNIDAD_MEDIDA,CODIGO_BARRAS) VALUES(182,17,'Palmolive Naturals','Sensacion Humectante',130,96.0,1.000000,1.000000,1.000000,'G',7.509546032207E12);

INSERT INTO MOVIMIENTO_HISTORICO_PRODUCTO (ALMACEN_ID,PRODUCTO_ID,FECHA,TIPO_MOVIMIENTO_ID,CANTIDAD,COSTO,PRECIO,USUARIO_ID) VALUES(1,182,now(),30,96,1.000000,1.000000,'root');
INSERT INTO ALMACEN_PRODUCTO(ALMACEN_ID,PRODUCTO_ID,CANTIDAD_ACTUAL,CANTIDAD_MINIMA,PRECIO_VENTA) VALUES (1,182,96,0,1.000000);

INSERT INTO ALMACEN_PRODUCTO(ALMACEN_ID,PRODUCTO_ID,CANTIDAD_ACTUAL,CANTIDAD_MINIMA,PRECIO_VENTA) VALUES (2,182,0,0,1.000000);

INSERT INTO ALMACEN_PRODUCTO(ALMACEN_ID,PRODUCTO_ID,CANTIDAD_ACTUAL,CANTIDAD_MINIMA,PRECIO_VENTA) VALUES (3,182,96,0,1.000000);

INSERT INTO ALMACEN_PRODUCTO(ALMACEN_ID,PRODUCTO_ID,CANTIDAD_ACTUAL,CANTIDAD_MINIMA,PRECIO_VENTA) VALUES (4,182,96,0,1.000000);

INSERT INTO PROVEEDOR_PRODUCTO(PROVEEDOR_ID,PRODUCTO_ID,PRECIO_COMPRA) VALUES(6,182, 1.000000);

-- ===========PRODUCTO [183]
INSERT INTO PRODUCTO(ID,MARCA_ID,NOMBRE,PRESENTACION,CONTENIDO,UNIDADES_POR_CAJA,COSTO,COSTO_VENTA,PRECIO_BASE,UNIDAD_MEDIDA,CODIGO_BARRAS) VALUES(183,35,'Colgate Pasta Dental','Total Professional Clean',125,72.0,1.000000,1.000000,1.000000,'ML',7.509546028026E12);

INSERT INTO MOVIMIENTO_HISTORICO_PRODUCTO (ALMACEN_ID,PRODUCTO_ID,FECHA,TIPO_MOVIMIENTO_ID,CANTIDAD,COSTO,PRECIO,USUARIO_ID) VALUES(1,183,now(),30,72,1.000000,1.000000,'root');
INSERT INTO ALMACEN_PRODUCTO(ALMACEN_ID,PRODUCTO_ID,CANTIDAD_ACTUAL,CANTIDAD_MINIMA,PRECIO_VENTA) VALUES (1,183,72,0,1.000000);

INSERT INTO ALMACEN_PRODUCTO(ALMACEN_ID,PRODUCTO_ID,CANTIDAD_ACTUAL,CANTIDAD_MINIMA,PRECIO_VENTA) VALUES (2,183,23,0,1.000000);

INSERT INTO ALMACEN_PRODUCTO(ALMACEN_ID,PRODUCTO_ID,CANTIDAD_ACTUAL,CANTIDAD_MINIMA,PRECIO_VENTA) VALUES (3,183,72,0,1.000000);

INSERT INTO ALMACEN_PRODUCTO(ALMACEN_ID,PRODUCTO_ID,CANTIDAD_ACTUAL,CANTIDAD_MINIMA,PRECIO_VENTA) VALUES (4,183,72,0,1.000000);

INSERT INTO PROVEEDOR_PRODUCTO(PROVEEDOR_ID,PRODUCTO_ID,PRECIO_COMPRA) VALUES(6,183, 1.000000);

-- ===========PRODUCTO [184]
INSERT INTO PRODUCTO(ID,MARCA_ID,NOMBRE,PRESENTACION,CONTENIDO,UNIDADES_POR_CAJA,COSTO,COSTO_VENTA,PRECIO_BASE,UNIDAD_MEDIDA,CODIGO_BARRAS) VALUES(184,35,'Colgate Pasta Dental','Max Fresh Clean Mint',100,72.0,1.000000,1.000000,1.000000,'ML',7.509546016177E12);

INSERT INTO MOVIMIENTO_HISTORICO_PRODUCTO (ALMACEN_ID,PRODUCTO_ID,FECHA,TIPO_MOVIMIENTO_ID,CANTIDAD,COSTO,PRECIO,USUARIO_ID) VALUES(1,184,now(),30,72,1.000000,1.000000,'root');
INSERT INTO ALMACEN_PRODUCTO(ALMACEN_ID,PRODUCTO_ID,CANTIDAD_ACTUAL,CANTIDAD_MINIMA,PRECIO_VENTA) VALUES (1,184,72,0,1.000000);

INSERT INTO ALMACEN_PRODUCTO(ALMACEN_ID,PRODUCTO_ID,CANTIDAD_ACTUAL,CANTIDAD_MINIMA,PRECIO_VENTA) VALUES (2,184,9,0,1.000000);

INSERT INTO ALMACEN_PRODUCTO(ALMACEN_ID,PRODUCTO_ID,CANTIDAD_ACTUAL,CANTIDAD_MINIMA,PRECIO_VENTA) VALUES (3,184,72,0,1.000000);

INSERT INTO ALMACEN_PRODUCTO(ALMACEN_ID,PRODUCTO_ID,CANTIDAD_ACTUAL,CANTIDAD_MINIMA,PRECIO_VENTA) VALUES (4,184,72,0,1.000000);

INSERT INTO PROVEEDOR_PRODUCTO(PROVEEDOR_ID,PRODUCTO_ID,PRECIO_COMPRA) VALUES(6,184, 1.000000);

-- ===========PRODUCTO [185]
INSERT INTO PRODUCTO(ID,MARCA_ID,NOMBRE,PRESENTACION,CONTENIDO,UNIDADES_POR_CAJA,COSTO,COSTO_VENTA,PRECIO_BASE,UNIDAD_MEDIDA,CODIGO_BARRAS) VALUES(185,35,'Colgate Pasta Dental','Max Fresh Noche',100,72.0,1.000000,1.000000,1.000000,'ML',7.509546037806E12);

INSERT INTO MOVIMIENTO_HISTORICO_PRODUCTO (ALMACEN_ID,PRODUCTO_ID,FECHA,TIPO_MOVIMIENTO_ID,CANTIDAD,COSTO,PRECIO,USUARIO_ID) VALUES(1,185,now(),30,72,1.000000,1.000000,'root');
INSERT INTO ALMACEN_PRODUCTO(ALMACEN_ID,PRODUCTO_ID,CANTIDAD_ACTUAL,CANTIDAD_MINIMA,PRECIO_VENTA) VALUES (1,185,72,0,1.000000);

INSERT INTO ALMACEN_PRODUCTO(ALMACEN_ID,PRODUCTO_ID,CANTIDAD_ACTUAL,CANTIDAD_MINIMA,PRECIO_VENTA) VALUES (2,185,19,0,1.000000);

INSERT INTO ALMACEN_PRODUCTO(ALMACEN_ID,PRODUCTO_ID,CANTIDAD_ACTUAL,CANTIDAD_MINIMA,PRECIO_VENTA) VALUES (3,185,72,0,1.000000);

INSERT INTO ALMACEN_PRODUCTO(ALMACEN_ID,PRODUCTO_ID,CANTIDAD_ACTUAL,CANTIDAD_MINIMA,PRECIO_VENTA) VALUES (4,185,72,0,1.000000);

INSERT INTO PROVEEDOR_PRODUCTO(PROVEEDOR_ID,PRODUCTO_ID,PRECIO_COMPRA) VALUES(6,185, 1.000000);

-- ===========PRODUCTO [186]
INSERT INTO PRODUCTO(ID,MARCA_ID,NOMBRE,PRESENTACION,CONTENIDO,UNIDADES_POR_CAJA,COSTO,COSTO_VENTA,PRECIO_BASE,UNIDAD_MEDIDA,CODIGO_BARRAS) VALUES(186,35,'Colgate Pasta Dental','Max Fresh Kiss Me Mint',100,72.0,1.000000,1.000000,1.000000,'ML',7.891024123171E12);

INSERT INTO MOVIMIENTO_HISTORICO_PRODUCTO (ALMACEN_ID,PRODUCTO_ID,FECHA,TIPO_MOVIMIENTO_ID,CANTIDAD,COSTO,PRECIO,USUARIO_ID) VALUES(1,186,now(),30,72,1.000000,1.000000,'root');
INSERT INTO ALMACEN_PRODUCTO(ALMACEN_ID,PRODUCTO_ID,CANTIDAD_ACTUAL,CANTIDAD_MINIMA,PRECIO_VENTA) VALUES (1,186,72,0,1.000000);

INSERT INTO ALMACEN_PRODUCTO(ALMACEN_ID,PRODUCTO_ID,CANTIDAD_ACTUAL,CANTIDAD_MINIMA,PRECIO_VENTA) VALUES (2,186,26,0,1.000000);

INSERT INTO ALMACEN_PRODUCTO(ALMACEN_ID,PRODUCTO_ID,CANTIDAD_ACTUAL,CANTIDAD_MINIMA,PRECIO_VENTA) VALUES (3,186,72,0,1.000000);

INSERT INTO ALMACEN_PRODUCTO(ALMACEN_ID,PRODUCTO_ID,CANTIDAD_ACTUAL,CANTIDAD_MINIMA,PRECIO_VENTA) VALUES (4,186,72,0,1.000000);

INSERT INTO PROVEEDOR_PRODUCTO(PROVEEDOR_ID,PRODUCTO_ID,PRECIO_COMPRA) VALUES(6,186, 1.000000);

-- ===========PRODUCTO [187]
INSERT INTO PRODUCTO(ID,MARCA_ID,NOMBRE,PRESENTACION,CONTENIDO,UNIDADES_POR_CAJA,COSTO,COSTO_VENTA,PRECIO_BASE,UNIDAD_MEDIDA,CODIGO_BARRAS) VALUES(187,35,'Colgate Pasta Dental','Max Fresh Cool Mint',100,72.0,1.000000,1.000000,1.000000,'ML',7.50954601616E12);

INSERT INTO MOVIMIENTO_HISTORICO_PRODUCTO (ALMACEN_ID,PRODUCTO_ID,FECHA,TIPO_MOVIMIENTO_ID,CANTIDAD,COSTO,PRECIO,USUARIO_ID) VALUES(1,187,now(),30,72,1.000000,1.000000,'root');
INSERT INTO ALMACEN_PRODUCTO(ALMACEN_ID,PRODUCTO_ID,CANTIDAD_ACTUAL,CANTIDAD_MINIMA,PRECIO_VENTA) VALUES (1,187,72,0,1.000000);

INSERT INTO ALMACEN_PRODUCTO(ALMACEN_ID,PRODUCTO_ID,CANTIDAD_ACTUAL,CANTIDAD_MINIMA,PRECIO_VENTA) VALUES (2,187,23,0,1.000000);

INSERT INTO ALMACEN_PRODUCTO(ALMACEN_ID,PRODUCTO_ID,CANTIDAD_ACTUAL,CANTIDAD_MINIMA,PRECIO_VENTA) VALUES (3,187,72,0,1.000000);

INSERT INTO ALMACEN_PRODUCTO(ALMACEN_ID,PRODUCTO_ID,CANTIDAD_ACTUAL,CANTIDAD_MINIMA,PRECIO_VENTA) VALUES (4,187,72,0,1.000000);

INSERT INTO PROVEEDOR_PRODUCTO(PROVEEDOR_ID,PRODUCTO_ID,PRECIO_COMPRA) VALUES(6,187, 1.000000);

-- ===========PRODUCTO [188]
INSERT INTO PRODUCTO(ID,MARCA_ID,NOMBRE,PRESENTACION,CONTENIDO,UNIDADES_POR_CAJA,COSTO,COSTO_VENTA,PRECIO_BASE,UNIDAD_MEDIDA,CODIGO_BARRAS) VALUES(188,35,'Colgate Pasta Dental','Total Clean Mint',100,72.0,1.000000,1.000000,1.000000,'ML',7.501035911369E12);

INSERT INTO MOVIMIENTO_HISTORICO_PRODUCTO (ALMACEN_ID,PRODUCTO_ID,FECHA,TIPO_MOVIMIENTO_ID,CANTIDAD,COSTO,PRECIO,USUARIO_ID) VALUES(1,188,now(),30,51,1.000000,1.000000,'root');
INSERT INTO ALMACEN_PRODUCTO(ALMACEN_ID,PRODUCTO_ID,CANTIDAD_ACTUAL,CANTIDAD_MINIMA,PRECIO_VENTA) VALUES (1,188,51,0,1.000000);

INSERT INTO ALMACEN_PRODUCTO(ALMACEN_ID,PRODUCTO_ID,CANTIDAD_ACTUAL,CANTIDAD_MINIMA,PRECIO_VENTA) VALUES (2,188,134,0,1.000000);

INSERT INTO ALMACEN_PRODUCTO(ALMACEN_ID,PRODUCTO_ID,CANTIDAD_ACTUAL,CANTIDAD_MINIMA,PRECIO_VENTA) VALUES (3,188,51,0,1.000000);

INSERT INTO ALMACEN_PRODUCTO(ALMACEN_ID,PRODUCTO_ID,CANTIDAD_ACTUAL,CANTIDAD_MINIMA,PRECIO_VENTA) VALUES (4,188,51,0,1.000000);

INSERT INTO PROVEEDOR_PRODUCTO(PROVEEDOR_ID,PRODUCTO_ID,PRECIO_COMPRA) VALUES(6,188, 1.000000);

-- ===========PRODUCTO [189]
INSERT INTO PRODUCTO(ID,MARCA_ID,NOMBRE,PRESENTACION,CONTENIDO,UNIDADES_POR_CAJA,COSTO,COSTO_VENTA,PRECIO_BASE,UNIDAD_MEDIDA,CODIGO_BARRAS) VALUES(189,35,'Colgate Pasta Dental','Doble Frescura',150,72.0,1.000000,1.000000,1.000000,'ML',7.501035911079E12);

INSERT INTO MOVIMIENTO_HISTORICO_PRODUCTO (ALMACEN_ID,PRODUCTO_ID,FECHA,TIPO_MOVIMIENTO_ID,CANTIDAD,COSTO,PRECIO,USUARIO_ID) VALUES(1,189,now(),30,72,1.000000,1.000000,'root');
INSERT INTO ALMACEN_PRODUCTO(ALMACEN_ID,PRODUCTO_ID,CANTIDAD_ACTUAL,CANTIDAD_MINIMA,PRECIO_VENTA) VALUES (1,189,72,0,1.000000);

INSERT INTO ALMACEN_PRODUCTO(ALMACEN_ID,PRODUCTO_ID,CANTIDAD_ACTUAL,CANTIDAD_MINIMA,PRECIO_VENTA) VALUES (2,189,33,0,1.000000);

INSERT INTO ALMACEN_PRODUCTO(ALMACEN_ID,PRODUCTO_ID,CANTIDAD_ACTUAL,CANTIDAD_MINIMA,PRECIO_VENTA) VALUES (3,189,72,0,1.000000);

INSERT INTO ALMACEN_PRODUCTO(ALMACEN_ID,PRODUCTO_ID,CANTIDAD_ACTUAL,CANTIDAD_MINIMA,PRECIO_VENTA) VALUES (4,189,72,0,1.000000);

INSERT INTO PROVEEDOR_PRODUCTO(PROVEEDOR_ID,PRODUCTO_ID,PRECIO_COMPRA) VALUES(6,189, 1.000000);

-- ===========PRODUCTO [190]
INSERT INTO PRODUCTO(ID,MARCA_ID,NOMBRE,PRESENTACION,CONTENIDO,UNIDADES_POR_CAJA,COSTO,COSTO_VENTA,PRECIO_BASE,UNIDAD_MEDIDA,CODIGO_BARRAS) VALUES(190,35,'Colgate Pasta Dental','Triple Accion',125,72.0,1.000000,1.000000,1.000000,'ML',7.509546048321E12);

INSERT INTO MOVIMIENTO_HISTORICO_PRODUCTO (ALMACEN_ID,PRODUCTO_ID,FECHA,TIPO_MOVIMIENTO_ID,CANTIDAD,COSTO,PRECIO,USUARIO_ID) VALUES(1,190,now(),30,72,1.000000,1.000000,'root');
INSERT INTO ALMACEN_PRODUCTO(ALMACEN_ID,PRODUCTO_ID,CANTIDAD_ACTUAL,CANTIDAD_MINIMA,PRECIO_VENTA) VALUES (1,190,72,0,1.000000);

INSERT INTO ALMACEN_PRODUCTO(ALMACEN_ID,PRODUCTO_ID,CANTIDAD_ACTUAL,CANTIDAD_MINIMA,PRECIO_VENTA) VALUES (2,190,20,0,1.000000);

INSERT INTO ALMACEN_PRODUCTO(ALMACEN_ID,PRODUCTO_ID,CANTIDAD_ACTUAL,CANTIDAD_MINIMA,PRECIO_VENTA) VALUES (3,190,72,0,1.000000);

INSERT INTO ALMACEN_PRODUCTO(ALMACEN_ID,PRODUCTO_ID,CANTIDAD_ACTUAL,CANTIDAD_MINIMA,PRECIO_VENTA) VALUES (4,190,72,0,1.000000);

INSERT INTO PROVEEDOR_PRODUCTO(PROVEEDOR_ID,PRODUCTO_ID,PRECIO_COMPRA) VALUES(6,190, 1.000000);

-- ===========PRODUCTO [191]
INSERT INTO PRODUCTO(ID,MARCA_ID,NOMBRE,PRESENTACION,CONTENIDO,UNIDADES_POR_CAJA,COSTO,COSTO_VENTA,PRECIO_BASE,UNIDAD_MEDIDA,CODIGO_BARRAS) VALUES(191,35,'Colgate Pasta Dental Econopack 125ml','Triple Accion',2,36.0,1.000000,1.000000,1.000000,'pz',7.509546049878E12);

INSERT INTO MOVIMIENTO_HISTORICO_PRODUCTO (ALMACEN_ID,PRODUCTO_ID,FECHA,TIPO_MOVIMIENTO_ID,CANTIDAD,COSTO,PRECIO,USUARIO_ID) VALUES(1,191,now(),30,36,1.000000,1.000000,'root');
INSERT INTO ALMACEN_PRODUCTO(ALMACEN_ID,PRODUCTO_ID,CANTIDAD_ACTUAL,CANTIDAD_MINIMA,PRECIO_VENTA) VALUES (1,191,36,0,1.000000);

INSERT INTO ALMACEN_PRODUCTO(ALMACEN_ID,PRODUCTO_ID,CANTIDAD_ACTUAL,CANTIDAD_MINIMA,PRECIO_VENTA) VALUES (2,191,16,0,1.000000);

INSERT INTO ALMACEN_PRODUCTO(ALMACEN_ID,PRODUCTO_ID,CANTIDAD_ACTUAL,CANTIDAD_MINIMA,PRECIO_VENTA) VALUES (3,191,36,0,1.000000);

INSERT INTO ALMACEN_PRODUCTO(ALMACEN_ID,PRODUCTO_ID,CANTIDAD_ACTUAL,CANTIDAD_MINIMA,PRECIO_VENTA) VALUES (4,191,36,0,1.000000);

INSERT INTO PROVEEDOR_PRODUCTO(PROVEEDOR_ID,PRODUCTO_ID,PRECIO_COMPRA) VALUES(6,191, 1.000000);

-- ===========PRODUCTO [192]
INSERT INTO PRODUCTO(ID,MARCA_ID,NOMBRE,PRESENTACION,CONTENIDO,UNIDADES_POR_CAJA,COSTO,COSTO_VENTA,PRECIO_BASE,UNIDAD_MEDIDA,CODIGO_BARRAS) VALUES(192,35,'Colgate Pasta Dental','Doble Frescura',100,72.0,1.000000,1.000000,1.000000,'ML',7.501035911086E12);

INSERT INTO MOVIMIENTO_HISTORICO_PRODUCTO (ALMACEN_ID,PRODUCTO_ID,FECHA,TIPO_MOVIMIENTO_ID,CANTIDAD,COSTO,PRECIO,USUARIO_ID) VALUES(1,192,now(),30,72,1.000000,1.000000,'root');
INSERT INTO ALMACEN_PRODUCTO(ALMACEN_ID,PRODUCTO_ID,CANTIDAD_ACTUAL,CANTIDAD_MINIMA,PRECIO_VENTA) VALUES (1,192,72,0,1.000000);

INSERT INTO ALMACEN_PRODUCTO(ALMACEN_ID,PRODUCTO_ID,CANTIDAD_ACTUAL,CANTIDAD_MINIMA,PRECIO_VENTA) VALUES (2,192,134,0,1.000000);

INSERT INTO ALMACEN_PRODUCTO(ALMACEN_ID,PRODUCTO_ID,CANTIDAD_ACTUAL,CANTIDAD_MINIMA,PRECIO_VENTA) VALUES (3,192,72,0,1.000000);

INSERT INTO ALMACEN_PRODUCTO(ALMACEN_ID,PRODUCTO_ID,CANTIDAD_ACTUAL,CANTIDAD_MINIMA,PRECIO_VENTA) VALUES (4,192,72,0,1.000000);

INSERT INTO PROVEEDOR_PRODUCTO(PROVEEDOR_ID,PRODUCTO_ID,PRECIO_COMPRA) VALUES(6,192, 1.000000);

-- ===========PRODUCTO [193]
INSERT INTO PRODUCTO(ID,MARCA_ID,NOMBRE,PRESENTACION,CONTENIDO,UNIDADES_POR_CAJA,COSTO,COSTO_VENTA,PRECIO_BASE,UNIDAD_MEDIDA,CODIGO_BARRAS) VALUES(193,35,'Colgate Pasta Dental','Maxima Protección Anticaries',125,72.0,1.000000,1.000000,1.000000,'ML',7.501035911024E12);

INSERT INTO MOVIMIENTO_HISTORICO_PRODUCTO (ALMACEN_ID,PRODUCTO_ID,FECHA,TIPO_MOVIMIENTO_ID,CANTIDAD,COSTO,PRECIO,USUARIO_ID) VALUES(1,193,now(),30,72,1.000000,1.000000,'root');
INSERT INTO ALMACEN_PRODUCTO(ALMACEN_ID,PRODUCTO_ID,CANTIDAD_ACTUAL,CANTIDAD_MINIMA,PRECIO_VENTA) VALUES (1,193,72,0,1.000000);

INSERT INTO ALMACEN_PRODUCTO(ALMACEN_ID,PRODUCTO_ID,CANTIDAD_ACTUAL,CANTIDAD_MINIMA,PRECIO_VENTA) VALUES (2,193,72,0,1.000000);

INSERT INTO ALMACEN_PRODUCTO(ALMACEN_ID,PRODUCTO_ID,CANTIDAD_ACTUAL,CANTIDAD_MINIMA,PRECIO_VENTA) VALUES (3,193,72,0,1.000000);

INSERT INTO ALMACEN_PRODUCTO(ALMACEN_ID,PRODUCTO_ID,CANTIDAD_ACTUAL,CANTIDAD_MINIMA,PRECIO_VENTA) VALUES (4,193,72,0,1.000000);

INSERT INTO PROVEEDOR_PRODUCTO(PROVEEDOR_ID,PRODUCTO_ID,PRECIO_COMPRA) VALUES(6,193, 1.000000);

-- ===========PRODUCTO [194]
INSERT INTO PRODUCTO(ID,MARCA_ID,NOMBRE,PRESENTACION,CONTENIDO,UNIDADES_POR_CAJA,COSTO,COSTO_VENTA,PRECIO_BASE,UNIDAD_MEDIDA,CODIGO_BARRAS) VALUES(194,35,'Colgate Pasta Dental','Total Whitening',150,72.0,1.000000,1.000000,1.000000,'ML',7.509546027999E12);

INSERT INTO MOVIMIENTO_HISTORICO_PRODUCTO (ALMACEN_ID,PRODUCTO_ID,FECHA,TIPO_MOVIMIENTO_ID,CANTIDAD,COSTO,PRECIO,USUARIO_ID) VALUES(1,194,now(),30,72,1.000000,1.000000,'root');
INSERT INTO ALMACEN_PRODUCTO(ALMACEN_ID,PRODUCTO_ID,CANTIDAD_ACTUAL,CANTIDAD_MINIMA,PRECIO_VENTA) VALUES (1,194,72,0,1.000000);

INSERT INTO ALMACEN_PRODUCTO(ALMACEN_ID,PRODUCTO_ID,CANTIDAD_ACTUAL,CANTIDAD_MINIMA,PRECIO_VENTA) VALUES (2,194,2,0,1.000000);

INSERT INTO ALMACEN_PRODUCTO(ALMACEN_ID,PRODUCTO_ID,CANTIDAD_ACTUAL,CANTIDAD_MINIMA,PRECIO_VENTA) VALUES (3,194,72,0,1.000000);

INSERT INTO ALMACEN_PRODUCTO(ALMACEN_ID,PRODUCTO_ID,CANTIDAD_ACTUAL,CANTIDAD_MINIMA,PRECIO_VENTA) VALUES (4,194,72,0,1.000000);

INSERT INTO PROVEEDOR_PRODUCTO(PROVEEDOR_ID,PRODUCTO_ID,PRECIO_COMPRA) VALUES(6,194, 1.000000);

-- ===========PRODUCTO [195]
INSERT INTO PRODUCTO(ID,MARCA_ID,NOMBRE,PRESENTACION,CONTENIDO,UNIDADES_POR_CAJA,COSTO,COSTO_VENTA,PRECIO_BASE,UNIDAD_MEDIDA,CODIGO_BARRAS) VALUES(195,35,'Colgate Pasta Dental','Total Whitening',100,72.0,1.000000,1.000000,1.000000,'ML',7.509546004792E12);

INSERT INTO MOVIMIENTO_HISTORICO_PRODUCTO (ALMACEN_ID,PRODUCTO_ID,FECHA,TIPO_MOVIMIENTO_ID,CANTIDAD,COSTO,PRECIO,USUARIO_ID) VALUES(1,195,now(),30,72,1.000000,1.000000,'root');
INSERT INTO ALMACEN_PRODUCTO(ALMACEN_ID,PRODUCTO_ID,CANTIDAD_ACTUAL,CANTIDAD_MINIMA,PRECIO_VENTA) VALUES (1,195,72,0,1.000000);

INSERT INTO ALMACEN_PRODUCTO(ALMACEN_ID,PRODUCTO_ID,CANTIDAD_ACTUAL,CANTIDAD_MINIMA,PRECIO_VENTA) VALUES (2,195,5,0,1.000000);

INSERT INTO ALMACEN_PRODUCTO(ALMACEN_ID,PRODUCTO_ID,CANTIDAD_ACTUAL,CANTIDAD_MINIMA,PRECIO_VENTA) VALUES (3,195,72,0,1.000000);

INSERT INTO ALMACEN_PRODUCTO(ALMACEN_ID,PRODUCTO_ID,CANTIDAD_ACTUAL,CANTIDAD_MINIMA,PRECIO_VENTA) VALUES (4,195,72,0,1.000000);

INSERT INTO PROVEEDOR_PRODUCTO(PROVEEDOR_ID,PRODUCTO_ID,PRECIO_COMPRA) VALUES(6,195, 1.000000);

-- ===========PRODUCTO [196]
INSERT INTO PRODUCTO(ID,MARCA_ID,NOMBRE,PRESENTACION,CONTENIDO,UNIDADES_POR_CAJA,COSTO,COSTO_VENTA,PRECIO_BASE,UNIDAD_MEDIDA,CODIGO_BARRAS) VALUES(196,35,'Freska-ra Pasta Dental','Fortident',100,72.0,1.000000,1.000000,1.000000,'ML',7.501035911062E12);

INSERT INTO MOVIMIENTO_HISTORICO_PRODUCTO (ALMACEN_ID,PRODUCTO_ID,FECHA,TIPO_MOVIMIENTO_ID,CANTIDAD,COSTO,PRECIO,USUARIO_ID) VALUES(1,196,now(),30,72,1.000000,1.000000,'root');
INSERT INTO ALMACEN_PRODUCTO(ALMACEN_ID,PRODUCTO_ID,CANTIDAD_ACTUAL,CANTIDAD_MINIMA,PRECIO_VENTA) VALUES (1,196,72,0,1.000000);

INSERT INTO ALMACEN_PRODUCTO(ALMACEN_ID,PRODUCTO_ID,CANTIDAD_ACTUAL,CANTIDAD_MINIMA,PRECIO_VENTA) VALUES (2,196,111,0,1.000000);

INSERT INTO ALMACEN_PRODUCTO(ALMACEN_ID,PRODUCTO_ID,CANTIDAD_ACTUAL,CANTIDAD_MINIMA,PRECIO_VENTA) VALUES (3,196,72,0,1.000000);

INSERT INTO ALMACEN_PRODUCTO(ALMACEN_ID,PRODUCTO_ID,CANTIDAD_ACTUAL,CANTIDAD_MINIMA,PRECIO_VENTA) VALUES (4,196,72,0,1.000000);

INSERT INTO PROVEEDOR_PRODUCTO(PROVEEDOR_ID,PRODUCTO_ID,PRECIO_COMPRA) VALUES(6,196, 1.000000);

-- ===========PRODUCTO [197]
INSERT INTO PRODUCTO(ID,MARCA_ID,NOMBRE,PRESENTACION,CONTENIDO,UNIDADES_POR_CAJA,COSTO,COSTO_VENTA,PRECIO_BASE,UNIDAD_MEDIDA,CODIGO_BARRAS) VALUES(197,35,'Colgate Pasta Dental','Sensitive Blanqueador',75,24.0,1.000000,1.000000,1.000000,'ML',7.891024134429E12);

INSERT INTO MOVIMIENTO_HISTORICO_PRODUCTO (ALMACEN_ID,PRODUCTO_ID,FECHA,TIPO_MOVIMIENTO_ID,CANTIDAD,COSTO,PRECIO,USUARIO_ID) VALUES(1,197,now(),30,24,1.000000,1.000000,'root');
INSERT INTO ALMACEN_PRODUCTO(ALMACEN_ID,PRODUCTO_ID,CANTIDAD_ACTUAL,CANTIDAD_MINIMA,PRECIO_VENTA) VALUES (1,197,24,0,1.000000);

INSERT INTO ALMACEN_PRODUCTO(ALMACEN_ID,PRODUCTO_ID,CANTIDAD_ACTUAL,CANTIDAD_MINIMA,PRECIO_VENTA) VALUES (2,197,2,0,1.000000);

INSERT INTO ALMACEN_PRODUCTO(ALMACEN_ID,PRODUCTO_ID,CANTIDAD_ACTUAL,CANTIDAD_MINIMA,PRECIO_VENTA) VALUES (3,197,24,0,1.000000);

INSERT INTO ALMACEN_PRODUCTO(ALMACEN_ID,PRODUCTO_ID,CANTIDAD_ACTUAL,CANTIDAD_MINIMA,PRECIO_VENTA) VALUES (4,197,24,0,1.000000);

INSERT INTO PROVEEDOR_PRODUCTO(PROVEEDOR_ID,PRODUCTO_ID,PRECIO_COMPRA) VALUES(6,197, 1.000000);

-- ===========PRODUCTO [198]
INSERT INTO PRODUCTO(ID,MARCA_ID,NOMBRE,PRESENTACION,CONTENIDO,UNIDADES_POR_CAJA,COSTO,COSTO_VENTA,PRECIO_BASE,UNIDAD_MEDIDA,CODIGO_BARRAS) VALUES(198,35,'Colgate Pasta Dental','Triple Acción',75,72.0,1.000000,1.000000,1.000000,'ML',7.509546000985E12);

INSERT INTO MOVIMIENTO_HISTORICO_PRODUCTO (ALMACEN_ID,PRODUCTO_ID,FECHA,TIPO_MOVIMIENTO_ID,CANTIDAD,COSTO,PRECIO,USUARIO_ID) VALUES(1,198,now(),30,72,1.000000,1.000000,'root');
INSERT INTO ALMACEN_PRODUCTO(ALMACEN_ID,PRODUCTO_ID,CANTIDAD_ACTUAL,CANTIDAD_MINIMA,PRECIO_VENTA) VALUES (1,198,72,0,1.000000);

INSERT INTO ALMACEN_PRODUCTO(ALMACEN_ID,PRODUCTO_ID,CANTIDAD_ACTUAL,CANTIDAD_MINIMA,PRECIO_VENTA) VALUES (2,198,169,0,1.000000);

INSERT INTO ALMACEN_PRODUCTO(ALMACEN_ID,PRODUCTO_ID,CANTIDAD_ACTUAL,CANTIDAD_MINIMA,PRECIO_VENTA) VALUES (3,198,72,0,1.000000);

INSERT INTO ALMACEN_PRODUCTO(ALMACEN_ID,PRODUCTO_ID,CANTIDAD_ACTUAL,CANTIDAD_MINIMA,PRECIO_VENTA) VALUES (4,198,72,0,1.000000);

INSERT INTO PROVEEDOR_PRODUCTO(PROVEEDOR_ID,PRODUCTO_ID,PRECIO_COMPRA) VALUES(6,198, 1.000000);

-- ===========PRODUCTO [199]
INSERT INTO PRODUCTO(ID,MARCA_ID,NOMBRE,PRESENTACION,CONTENIDO,UNIDADES_POR_CAJA,COSTO,COSTO_VENTA,PRECIO_BASE,UNIDAD_MEDIDA,CODIGO_BARRAS) VALUES(199,35,'Colgate Pasta Dental','Maxima Protección Anticaries',75,72.0,1.000000,1.000000,1.000000,'ML',7.509546009179E12);

INSERT INTO MOVIMIENTO_HISTORICO_PRODUCTO (ALMACEN_ID,PRODUCTO_ID,FECHA,TIPO_MOVIMIENTO_ID,CANTIDAD,COSTO,PRECIO,USUARIO_ID) VALUES(1,199,now(),30,72,1.000000,1.000000,'root');
INSERT INTO ALMACEN_PRODUCTO(ALMACEN_ID,PRODUCTO_ID,CANTIDAD_ACTUAL,CANTIDAD_MINIMA,PRECIO_VENTA) VALUES (1,199,72,0,1.000000);

INSERT INTO ALMACEN_PRODUCTO(ALMACEN_ID,PRODUCTO_ID,CANTIDAD_ACTUAL,CANTIDAD_MINIMA,PRECIO_VENTA) VALUES (2,199,108,0,1.000000);

INSERT INTO ALMACEN_PRODUCTO(ALMACEN_ID,PRODUCTO_ID,CANTIDAD_ACTUAL,CANTIDAD_MINIMA,PRECIO_VENTA) VALUES (3,199,72,0,1.000000);

INSERT INTO ALMACEN_PRODUCTO(ALMACEN_ID,PRODUCTO_ID,CANTIDAD_ACTUAL,CANTIDAD_MINIMA,PRECIO_VENTA) VALUES (4,199,72,0,1.000000);

INSERT INTO PROVEEDOR_PRODUCTO(PROVEEDOR_ID,PRODUCTO_ID,PRECIO_COMPRA) VALUES(6,199, 1.000000);

-- ===========PRODUCTO [200]
INSERT INTO PRODUCTO(ID,MARCA_ID,NOMBRE,PRESENTACION,CONTENIDO,UNIDADES_POR_CAJA,COSTO,COSTO_VENTA,PRECIO_BASE,UNIDAD_MEDIDA,CODIGO_BARRAS) VALUES(200,35,'Colgate Pasta Dental','Ultra Blanco',100,72.0,1.000000,1.000000,1.000000,'ML',7.501035908727E12);

INSERT INTO MOVIMIENTO_HISTORICO_PRODUCTO (ALMACEN_ID,PRODUCTO_ID,FECHA,TIPO_MOVIMIENTO_ID,CANTIDAD,COSTO,PRECIO,USUARIO_ID) VALUES(1,200,now(),30,72,1.000000,1.000000,'root');
INSERT INTO ALMACEN_PRODUCTO(ALMACEN_ID,PRODUCTO_ID,CANTIDAD_ACTUAL,CANTIDAD_MINIMA,PRECIO_VENTA) VALUES (1,200,72,0,1.000000);

INSERT INTO ALMACEN_PRODUCTO(ALMACEN_ID,PRODUCTO_ID,CANTIDAD_ACTUAL,CANTIDAD_MINIMA,PRECIO_VENTA) VALUES (2,200,30,0,1.000000);

INSERT INTO ALMACEN_PRODUCTO(ALMACEN_ID,PRODUCTO_ID,CANTIDAD_ACTUAL,CANTIDAD_MINIMA,PRECIO_VENTA) VALUES (3,200,72,0,1.000000);

INSERT INTO ALMACEN_PRODUCTO(ALMACEN_ID,PRODUCTO_ID,CANTIDAD_ACTUAL,CANTIDAD_MINIMA,PRECIO_VENTA) VALUES (4,200,72,0,1.000000);

INSERT INTO PROVEEDOR_PRODUCTO(PROVEEDOR_ID,PRODUCTO_ID,PRECIO_COMPRA) VALUES(6,200, 1.000000);

-- ===========PRODUCTO [201]
INSERT INTO PRODUCTO(ID,MARCA_ID,NOMBRE,PRESENTACION,CONTENIDO,UNIDADES_POR_CAJA,COSTO,COSTO_VENTA,PRECIO_BASE,UNIDAD_MEDIDA,CODIGO_BARRAS) VALUES(201,35,'Colgate Pasta Dental','Total Professional whitening',125,72.0,1.000000,1.000000,1.000000,'ML',7.509546044255E12);

INSERT INTO MOVIMIENTO_HISTORICO_PRODUCTO (ALMACEN_ID,PRODUCTO_ID,FECHA,TIPO_MOVIMIENTO_ID,CANTIDAD,COSTO,PRECIO,USUARIO_ID) VALUES(1,201,now(),30,72,1.000000,1.000000,'root');
INSERT INTO ALMACEN_PRODUCTO(ALMACEN_ID,PRODUCTO_ID,CANTIDAD_ACTUAL,CANTIDAD_MINIMA,PRECIO_VENTA) VALUES (1,201,72,0,1.000000);

INSERT INTO ALMACEN_PRODUCTO(ALMACEN_ID,PRODUCTO_ID,CANTIDAD_ACTUAL,CANTIDAD_MINIMA,PRECIO_VENTA) VALUES (2,201,44,0,1.000000);

INSERT INTO ALMACEN_PRODUCTO(ALMACEN_ID,PRODUCTO_ID,CANTIDAD_ACTUAL,CANTIDAD_MINIMA,PRECIO_VENTA) VALUES (3,201,72,0,1.000000);

INSERT INTO ALMACEN_PRODUCTO(ALMACEN_ID,PRODUCTO_ID,CANTIDAD_ACTUAL,CANTIDAD_MINIMA,PRECIO_VENTA) VALUES (4,201,72,0,1.000000);

INSERT INTO PROVEEDOR_PRODUCTO(PROVEEDOR_ID,PRODUCTO_ID,PRECIO_COMPRA) VALUES(6,201, 1.000000);

-- ===========PRODUCTO [202]
INSERT INTO PRODUCTO(ID,MARCA_ID,NOMBRE,PRESENTACION,CONTENIDO,UNIDADES_POR_CAJA,COSTO,COSTO_VENTA,PRECIO_BASE,UNIDAD_MEDIDA,CODIGO_BARRAS) VALUES(202,20,'Plax Colgate Enjuague Bucal','Complete Care',500,12.0,1.000000,1.000000,36.280000,'ML',7.891024136621E12);

INSERT INTO MOVIMIENTO_HISTORICO_PRODUCTO (ALMACEN_ID,PRODUCTO_ID,FECHA,TIPO_MOVIMIENTO_ID,CANTIDAD,COSTO,PRECIO,USUARIO_ID) VALUES(1,202,now(),30,12,1.000000,36.280000,'root');
INSERT INTO ALMACEN_PRODUCTO(ALMACEN_ID,PRODUCTO_ID,CANTIDAD_ACTUAL,CANTIDAD_MINIMA,PRECIO_VENTA) VALUES (1,202,12,0,36.280000);

INSERT INTO ALMACEN_PRODUCTO(ALMACEN_ID,PRODUCTO_ID,CANTIDAD_ACTUAL,CANTIDAD_MINIMA,PRECIO_VENTA) VALUES (2,202,1,0,1.000000);

INSERT INTO ALMACEN_PRODUCTO(ALMACEN_ID,PRODUCTO_ID,CANTIDAD_ACTUAL,CANTIDAD_MINIMA,PRECIO_VENTA) VALUES (3,202,12,0,39.900000);

INSERT INTO ALMACEN_PRODUCTO(ALMACEN_ID,PRODUCTO_ID,CANTIDAD_ACTUAL,CANTIDAD_MINIMA,PRECIO_VENTA) VALUES (4,202,12,0,1.000000);

INSERT INTO PROVEEDOR_PRODUCTO(PROVEEDOR_ID,PRODUCTO_ID,PRECIO_COMPRA) VALUES(6,202, 1.000000);

-- ===========PRODUCTO [203]
INSERT INTO PRODUCTO(ID,MARCA_ID,NOMBRE,PRESENTACION,CONTENIDO,UNIDADES_POR_CAJA,COSTO,COSTO_VENTA,PRECIO_BASE,UNIDAD_MEDIDA,CODIGO_BARRAS) VALUES(203,35,'Colgate Pasta Dental','Total Professional Sensitive',125,72.0,1.000000,1.000000,1.000000,'ML',7.509546039701E12);

INSERT INTO MOVIMIENTO_HISTORICO_PRODUCTO (ALMACEN_ID,PRODUCTO_ID,FECHA,TIPO_MOVIMIENTO_ID,CANTIDAD,COSTO,PRECIO,USUARIO_ID) VALUES(1,203,now(),30,72,1.000000,1.000000,'root');
INSERT INTO ALMACEN_PRODUCTO(ALMACEN_ID,PRODUCTO_ID,CANTIDAD_ACTUAL,CANTIDAD_MINIMA,PRECIO_VENTA) VALUES (1,203,72,0,1.000000);

INSERT INTO ALMACEN_PRODUCTO(ALMACEN_ID,PRODUCTO_ID,CANTIDAD_ACTUAL,CANTIDAD_MINIMA,PRECIO_VENTA) VALUES (2,203,11,0,1.000000);

INSERT INTO ALMACEN_PRODUCTO(ALMACEN_ID,PRODUCTO_ID,CANTIDAD_ACTUAL,CANTIDAD_MINIMA,PRECIO_VENTA) VALUES (3,203,72,0,1.000000);

INSERT INTO ALMACEN_PRODUCTO(ALMACEN_ID,PRODUCTO_ID,CANTIDAD_ACTUAL,CANTIDAD_MINIMA,PRECIO_VENTA) VALUES (4,203,72,0,1.000000);

INSERT INTO PROVEEDOR_PRODUCTO(PROVEEDOR_ID,PRODUCTO_ID,PRECIO_COMPRA) VALUES(6,203, 1.000000);

-- ===========PRODUCTO [204]
INSERT INTO PRODUCTO(ID,MARCA_ID,NOMBRE,PRESENTACION,CONTENIDO,UNIDADES_POR_CAJA,COSTO,COSTO_VENTA,PRECIO_BASE,UNIDAD_MEDIDA,CODIGO_BARRAS) VALUES(204,35,'Colgate Pasta Dental EconoPack 100ml','Total Clean Mint',2,36.0,1.000000,1.000000,1.000000,'PZ',7.509546047591E12);

INSERT INTO MOVIMIENTO_HISTORICO_PRODUCTO (ALMACEN_ID,PRODUCTO_ID,FECHA,TIPO_MOVIMIENTO_ID,CANTIDAD,COSTO,PRECIO,USUARIO_ID) VALUES(1,204,now(),30,36,1.000000,1.000000,'root');
INSERT INTO ALMACEN_PRODUCTO(ALMACEN_ID,PRODUCTO_ID,CANTIDAD_ACTUAL,CANTIDAD_MINIMA,PRECIO_VENTA) VALUES (1,204,36,0,1.000000);

INSERT INTO ALMACEN_PRODUCTO(ALMACEN_ID,PRODUCTO_ID,CANTIDAD_ACTUAL,CANTIDAD_MINIMA,PRECIO_VENTA) VALUES (2,204,12,0,1.000000);

INSERT INTO ALMACEN_PRODUCTO(ALMACEN_ID,PRODUCTO_ID,CANTIDAD_ACTUAL,CANTIDAD_MINIMA,PRECIO_VENTA) VALUES (3,204,36,0,1.000000);

INSERT INTO ALMACEN_PRODUCTO(ALMACEN_ID,PRODUCTO_ID,CANTIDAD_ACTUAL,CANTIDAD_MINIMA,PRECIO_VENTA) VALUES (4,204,36,0,1.000000);

INSERT INTO PROVEEDOR_PRODUCTO(PROVEEDOR_ID,PRODUCTO_ID,PRECIO_COMPRA) VALUES(6,204, 1.000000);

-- ===========PRODUCTO [205]
INSERT INTO PRODUCTO(ID,MARCA_ID,NOMBRE,PRESENTACION,CONTENIDO,UNIDADES_POR_CAJA,COSTO,COSTO_VENTA,PRECIO_BASE,UNIDAD_MEDIDA,CODIGO_BARRAS) VALUES(205,36,'Caprice Fijador Spray Profesional','Kiwi y Lavanda',372,12.0,1.000000,1.000000,26.070000,'ML',7.509546016108E12);

INSERT INTO MOVIMIENTO_HISTORICO_PRODUCTO (ALMACEN_ID,PRODUCTO_ID,FECHA,TIPO_MOVIMIENTO_ID,CANTIDAD,COSTO,PRECIO,USUARIO_ID) VALUES(1,205,now(),30,24,1.000000,26.070000,'root');
INSERT INTO ALMACEN_PRODUCTO(ALMACEN_ID,PRODUCTO_ID,CANTIDAD_ACTUAL,CANTIDAD_MINIMA,PRECIO_VENTA) VALUES (1,205,24,0,26.070000);

INSERT INTO ALMACEN_PRODUCTO(ALMACEN_ID,PRODUCTO_ID,CANTIDAD_ACTUAL,CANTIDAD_MINIMA,PRECIO_VENTA) VALUES (2,205,20,0,1.000000);

INSERT INTO ALMACEN_PRODUCTO(ALMACEN_ID,PRODUCTO_ID,CANTIDAD_ACTUAL,CANTIDAD_MINIMA,PRECIO_VENTA) VALUES (3,205,24,0,24.900000);

INSERT INTO ALMACEN_PRODUCTO(ALMACEN_ID,PRODUCTO_ID,CANTIDAD_ACTUAL,CANTIDAD_MINIMA,PRECIO_VENTA) VALUES (4,205,24,0,1.000000);

INSERT INTO PROVEEDOR_PRODUCTO(PROVEEDOR_ID,PRODUCTO_ID,PRECIO_COMPRA) VALUES(6,205, 1.000000);

-- ===========PRODUCTO [206]
INSERT INTO PRODUCTO(ID,MARCA_ID,NOMBRE,PRESENTACION,CONTENIDO,UNIDADES_POR_CAJA,COSTO,COSTO_VENTA,PRECIO_BASE,UNIDAD_MEDIDA,CODIGO_BARRAS) VALUES(206,36,'Caprice Fijador Spray Profesional','Extractos Sábila',372,12.0,1.000000,1.000000,26.070000,'ML',7.509546016078E12);

INSERT INTO MOVIMIENTO_HISTORICO_PRODUCTO (ALMACEN_ID,PRODUCTO_ID,FECHA,TIPO_MOVIMIENTO_ID,CANTIDAD,COSTO,PRECIO,USUARIO_ID) VALUES(1,206,now(),30,24,1.000000,26.070000,'root');
INSERT INTO ALMACEN_PRODUCTO(ALMACEN_ID,PRODUCTO_ID,CANTIDAD_ACTUAL,CANTIDAD_MINIMA,PRECIO_VENTA) VALUES (1,206,24,0,26.070000);

INSERT INTO ALMACEN_PRODUCTO(ALMACEN_ID,PRODUCTO_ID,CANTIDAD_ACTUAL,CANTIDAD_MINIMA,PRECIO_VENTA) VALUES (2,206,31,0,1.000000);

INSERT INTO ALMACEN_PRODUCTO(ALMACEN_ID,PRODUCTO_ID,CANTIDAD_ACTUAL,CANTIDAD_MINIMA,PRECIO_VENTA) VALUES (3,206,24,0,24.900000);

INSERT INTO ALMACEN_PRODUCTO(ALMACEN_ID,PRODUCTO_ID,CANTIDAD_ACTUAL,CANTIDAD_MINIMA,PRECIO_VENTA) VALUES (4,206,24,0,1.000000);

INSERT INTO PROVEEDOR_PRODUCTO(PROVEEDOR_ID,PRODUCTO_ID,PRECIO_COMPRA) VALUES(6,206, 1.000000);

-- ===========PRODUCTO [207]
INSERT INTO PRODUCTO(ID,MARCA_ID,NOMBRE,PRESENTACION,CONTENIDO,UNIDADES_POR_CAJA,COSTO,COSTO_VENTA,PRECIO_BASE,UNIDAD_MEDIDA,CODIGO_BARRAS) VALUES(207,36,'Caprice Fijador Spray Profesional','Acti Ceramidas',372,12.0,1.000000,1.000000,26.070000,'ML',7.509546016115E12);

INSERT INTO MOVIMIENTO_HISTORICO_PRODUCTO (ALMACEN_ID,PRODUCTO_ID,FECHA,TIPO_MOVIMIENTO_ID,CANTIDAD,COSTO,PRECIO,USUARIO_ID) VALUES(1,207,now(),30,24,1.000000,26.070000,'root');
INSERT INTO ALMACEN_PRODUCTO(ALMACEN_ID,PRODUCTO_ID,CANTIDAD_ACTUAL,CANTIDAD_MINIMA,PRECIO_VENTA) VALUES (1,207,24,0,26.070000);

INSERT INTO ALMACEN_PRODUCTO(ALMACEN_ID,PRODUCTO_ID,CANTIDAD_ACTUAL,CANTIDAD_MINIMA,PRECIO_VENTA) VALUES (2,207,35,0,1.000000);

INSERT INTO ALMACEN_PRODUCTO(ALMACEN_ID,PRODUCTO_ID,CANTIDAD_ACTUAL,CANTIDAD_MINIMA,PRECIO_VENTA) VALUES (3,207,24,0,24.900000);

INSERT INTO ALMACEN_PRODUCTO(ALMACEN_ID,PRODUCTO_ID,CANTIDAD_ACTUAL,CANTIDAD_MINIMA,PRECIO_VENTA) VALUES (4,207,24,0,1.000000);

INSERT INTO PROVEEDOR_PRODUCTO(PROVEEDOR_ID,PRODUCTO_ID,PRECIO_COMPRA) VALUES(6,207, 1.000000);

-- ===========PRODUCTO [208]
INSERT INTO PRODUCTO(ID,MARCA_ID,NOMBRE,PRESENTACION,CONTENIDO,UNIDADES_POR_CAJA,COSTO,COSTO_VENTA,PRECIO_BASE,UNIDAD_MEDIDA,CODIGO_BARRAS) VALUES(208,36,'Caprice Fijador Spray Profesional','Extracto de Algas',372,12.0,1.000000,1.000000,26.070000,'ML',7.509546016085E12);

INSERT INTO MOVIMIENTO_HISTORICO_PRODUCTO (ALMACEN_ID,PRODUCTO_ID,FECHA,TIPO_MOVIMIENTO_ID,CANTIDAD,COSTO,PRECIO,USUARIO_ID) VALUES(1,208,now(),30,24,1.000000,26.070000,'root');
INSERT INTO ALMACEN_PRODUCTO(ALMACEN_ID,PRODUCTO_ID,CANTIDAD_ACTUAL,CANTIDAD_MINIMA,PRECIO_VENTA) VALUES (1,208,24,0,26.070000);

INSERT INTO ALMACEN_PRODUCTO(ALMACEN_ID,PRODUCTO_ID,CANTIDAD_ACTUAL,CANTIDAD_MINIMA,PRECIO_VENTA) VALUES (2,208,26,0,1.000000);

INSERT INTO ALMACEN_PRODUCTO(ALMACEN_ID,PRODUCTO_ID,CANTIDAD_ACTUAL,CANTIDAD_MINIMA,PRECIO_VENTA) VALUES (3,208,24,0,24.900000);

INSERT INTO ALMACEN_PRODUCTO(ALMACEN_ID,PRODUCTO_ID,CANTIDAD_ACTUAL,CANTIDAD_MINIMA,PRECIO_VENTA) VALUES (4,208,24,0,1.000000);

INSERT INTO PROVEEDOR_PRODUCTO(PROVEEDOR_ID,PRODUCTO_ID,PRECIO_COMPRA) VALUES(6,208, 1.000000);

-- ===========PRODUCTO [209]
INSERT INTO PRODUCTO(ID,MARCA_ID,NOMBRE,PRESENTACION,CONTENIDO,UNIDADES_POR_CAJA,COSTO,COSTO_VENTA,PRECIO_BASE,UNIDAD_MEDIDA,CODIGO_BARRAS) VALUES(209,36,'Caprice Fijador Spray Profesional','Sabila',446,12.0,1.000000,1.000000,1.000000,'ML',7.509546020877E12);

INSERT INTO MOVIMIENTO_HISTORICO_PRODUCTO (ALMACEN_ID,PRODUCTO_ID,FECHA,TIPO_MOVIMIENTO_ID,CANTIDAD,COSTO,PRECIO,USUARIO_ID) VALUES(1,209,now(),30,0,1.000000,1.000000,'root');
INSERT INTO ALMACEN_PRODUCTO(ALMACEN_ID,PRODUCTO_ID,CANTIDAD_ACTUAL,CANTIDAD_MINIMA,PRECIO_VENTA) VALUES (1,209,0,0,1.000000);

INSERT INTO ALMACEN_PRODUCTO(ALMACEN_ID,PRODUCTO_ID,CANTIDAD_ACTUAL,CANTIDAD_MINIMA,PRECIO_VENTA) VALUES (2,209,0,0,1.000000);

INSERT INTO PROVEEDOR_PRODUCTO(PROVEEDOR_ID,PRODUCTO_ID,PRECIO_COMPRA) VALUES(6,209, 1.000000);

-- ===========PRODUCTO [210]
INSERT INTO PRODUCTO(ID,MARCA_ID,NOMBRE,PRESENTACION,CONTENIDO,UNIDADES_POR_CAJA,COSTO,COSTO_VENTA,PRECIO_BASE,UNIDAD_MEDIDA,CODIGO_BARRAS) VALUES(210,36,'Caprice Fijador Spray Profesional','Extracto de Algas',446,12.0,1.000000,1.000000,1.000000,'ML',7.509546020884E12);

INSERT INTO MOVIMIENTO_HISTORICO_PRODUCTO (ALMACEN_ID,PRODUCTO_ID,FECHA,TIPO_MOVIMIENTO_ID,CANTIDAD,COSTO,PRECIO,USUARIO_ID) VALUES(1,210,now(),30,0,1.000000,1.000000,'root');
INSERT INTO ALMACEN_PRODUCTO(ALMACEN_ID,PRODUCTO_ID,CANTIDAD_ACTUAL,CANTIDAD_MINIMA,PRECIO_VENTA) VALUES (1,210,0,0,1.000000);

INSERT INTO ALMACEN_PRODUCTO(ALMACEN_ID,PRODUCTO_ID,CANTIDAD_ACTUAL,CANTIDAD_MINIMA,PRECIO_VENTA) VALUES (2,210,0,0,1.000000);

INSERT INTO PROVEEDOR_PRODUCTO(PROVEEDOR_ID,PRODUCTO_ID,PRECIO_COMPRA) VALUES(6,210, 1.000000);

-- ===========PRODUCTO [211]
INSERT INTO PRODUCTO(ID,MARCA_ID,NOMBRE,PRESENTACION,CONTENIDO,UNIDADES_POR_CAJA,COSTO,COSTO_VENTA,PRECIO_BASE,UNIDAD_MEDIDA,CODIGO_BARRAS) VALUES(211,36,'Caprice Fijador Spray Profesional','Acti Ceramidas',446,12.0,1.000000,1.000000,1.000000,'ML',7.509546020891E12);

INSERT INTO MOVIMIENTO_HISTORICO_PRODUCTO (ALMACEN_ID,PRODUCTO_ID,FECHA,TIPO_MOVIMIENTO_ID,CANTIDAD,COSTO,PRECIO,USUARIO_ID) VALUES(1,211,now(),30,0,1.000000,1.000000,'root');
INSERT INTO ALMACEN_PRODUCTO(ALMACEN_ID,PRODUCTO_ID,CANTIDAD_ACTUAL,CANTIDAD_MINIMA,PRECIO_VENTA) VALUES (1,211,0,0,1.000000);

INSERT INTO ALMACEN_PRODUCTO(ALMACEN_ID,PRODUCTO_ID,CANTIDAD_ACTUAL,CANTIDAD_MINIMA,PRECIO_VENTA) VALUES (2,211,0,0,1.000000);

INSERT INTO PROVEEDOR_PRODUCTO(PROVEEDOR_ID,PRODUCTO_ID,PRECIO_COMPRA) VALUES(6,211, 1.000000);

-- ===========PRODUCTO [212]
INSERT INTO PRODUCTO(ID,MARCA_ID,NOMBRE,PRESENTACION,CONTENIDO,UNIDADES_POR_CAJA,COSTO,COSTO_VENTA,PRECIO_BASE,UNIDAD_MEDIDA,CODIGO_BARRAS) VALUES(212,20,'Plax Colgate Enjuague Bucal','Whitening',500,12.0,1.000000,1.000000,36.280000,'ML',7.891024136386E12);

INSERT INTO MOVIMIENTO_HISTORICO_PRODUCTO (ALMACEN_ID,PRODUCTO_ID,FECHA,TIPO_MOVIMIENTO_ID,CANTIDAD,COSTO,PRECIO,USUARIO_ID) VALUES(1,212,now(),30,12,1.000000,36.280000,'root');
INSERT INTO ALMACEN_PRODUCTO(ALMACEN_ID,PRODUCTO_ID,CANTIDAD_ACTUAL,CANTIDAD_MINIMA,PRECIO_VENTA) VALUES (1,212,12,0,36.280000);

INSERT INTO ALMACEN_PRODUCTO(ALMACEN_ID,PRODUCTO_ID,CANTIDAD_ACTUAL,CANTIDAD_MINIMA,PRECIO_VENTA) VALUES (2,212,0,0,1.000000);

INSERT INTO ALMACEN_PRODUCTO(ALMACEN_ID,PRODUCTO_ID,CANTIDAD_ACTUAL,CANTIDAD_MINIMA,PRECIO_VENTA) VALUES (3,212,12,0,39.900000);

INSERT INTO ALMACEN_PRODUCTO(ALMACEN_ID,PRODUCTO_ID,CANTIDAD_ACTUAL,CANTIDAD_MINIMA,PRECIO_VENTA) VALUES (4,212,12,0,1.000000);

INSERT INTO PROVEEDOR_PRODUCTO(PROVEEDOR_ID,PRODUCTO_ID,PRECIO_COMPRA) VALUES(6,212, 1.000000);

-- ===========PRODUCTO [213]
INSERT INTO PRODUCTO(ID,MARCA_ID,NOMBRE,PRESENTACION,CONTENIDO,UNIDADES_POR_CAJA,COSTO,COSTO_VENTA,PRECIO_BASE,UNIDAD_MEDIDA,CODIGO_BARRAS) VALUES(213,20,'Plax Colgate Enjuague Bucal','Whitening Sarro',500,12.0,1.000000,1.000000,36.280000,'ML',7.891024179666E12);

INSERT INTO MOVIMIENTO_HISTORICO_PRODUCTO (ALMACEN_ID,PRODUCTO_ID,FECHA,TIPO_MOVIMIENTO_ID,CANTIDAD,COSTO,PRECIO,USUARIO_ID) VALUES(1,213,now(),30,12,1.000000,36.280000,'root');
INSERT INTO ALMACEN_PRODUCTO(ALMACEN_ID,PRODUCTO_ID,CANTIDAD_ACTUAL,CANTIDAD_MINIMA,PRECIO_VENTA) VALUES (1,213,12,0,36.280000);

INSERT INTO ALMACEN_PRODUCTO(ALMACEN_ID,PRODUCTO_ID,CANTIDAD_ACTUAL,CANTIDAD_MINIMA,PRECIO_VENTA) VALUES (2,213,0,0,1.000000);

INSERT INTO ALMACEN_PRODUCTO(ALMACEN_ID,PRODUCTO_ID,CANTIDAD_ACTUAL,CANTIDAD_MINIMA,PRECIO_VENTA) VALUES (3,213,12,0,39.900000);

INSERT INTO ALMACEN_PRODUCTO(ALMACEN_ID,PRODUCTO_ID,CANTIDAD_ACTUAL,CANTIDAD_MINIMA,PRECIO_VENTA) VALUES (4,213,12,0,1.000000);

INSERT INTO PROVEEDOR_PRODUCTO(PROVEEDOR_ID,PRODUCTO_ID,PRECIO_COMPRA) VALUES(6,213, 1.000000);

-- ===========PRODUCTO [214]
INSERT INTO PRODUCTO(ID,MARCA_ID,NOMBRE,PRESENTACION,CONTENIDO,UNIDADES_POR_CAJA,COSTO,COSTO_VENTA,PRECIO_BASE,UNIDAD_MEDIDA,CODIGO_BARRAS) VALUES(214,20,'Plax Colgate Enjuague Bucal','Sin Alcohol',500,12.0,1.000000,1.000000,36.280000,'ML',7.891024130063E12);

INSERT INTO MOVIMIENTO_HISTORICO_PRODUCTO (ALMACEN_ID,PRODUCTO_ID,FECHA,TIPO_MOVIMIENTO_ID,CANTIDAD,COSTO,PRECIO,USUARIO_ID) VALUES(1,214,now(),30,12,1.000000,36.280000,'root');
INSERT INTO ALMACEN_PRODUCTO(ALMACEN_ID,PRODUCTO_ID,CANTIDAD_ACTUAL,CANTIDAD_MINIMA,PRECIO_VENTA) VALUES (1,214,12,0,36.280000);

INSERT INTO ALMACEN_PRODUCTO(ALMACEN_ID,PRODUCTO_ID,CANTIDAD_ACTUAL,CANTIDAD_MINIMA,PRECIO_VENTA) VALUES (2,214,0,0,1.000000);

INSERT INTO ALMACEN_PRODUCTO(ALMACEN_ID,PRODUCTO_ID,CANTIDAD_ACTUAL,CANTIDAD_MINIMA,PRECIO_VENTA) VALUES (3,214,12,0,39.900000);

INSERT INTO ALMACEN_PRODUCTO(ALMACEN_ID,PRODUCTO_ID,CANTIDAD_ACTUAL,CANTIDAD_MINIMA,PRECIO_VENTA) VALUES (4,214,12,0,1.000000);

INSERT INTO PROVEEDOR_PRODUCTO(PROVEEDOR_ID,PRODUCTO_ID,PRECIO_COMPRA) VALUES(6,214, 1.000000);

-- ===========PRODUCTO [215]
INSERT INTO PRODUCTO(ID,MARCA_ID,NOMBRE,PRESENTACION,CONTENIDO,UNIDADES_POR_CAJA,COSTO,COSTO_VENTA,PRECIO_BASE,UNIDAD_MEDIDA,CODIGO_BARRAS) VALUES(215,20,'Plax Colgate Enjuague Bucal','Menta Fresh Mint',250,24.0,1.000000,1.000000,23.280000,'ML',7.891024130308E12);

INSERT INTO MOVIMIENTO_HISTORICO_PRODUCTO (ALMACEN_ID,PRODUCTO_ID,FECHA,TIPO_MOVIMIENTO_ID,CANTIDAD,COSTO,PRECIO,USUARIO_ID) VALUES(1,215,now(),30,24,1.000000,23.280000,'root');
INSERT INTO ALMACEN_PRODUCTO(ALMACEN_ID,PRODUCTO_ID,CANTIDAD_ACTUAL,CANTIDAD_MINIMA,PRECIO_VENTA) VALUES (1,215,24,0,23.280000);

INSERT INTO ALMACEN_PRODUCTO(ALMACEN_ID,PRODUCTO_ID,CANTIDAD_ACTUAL,CANTIDAD_MINIMA,PRECIO_VENTA) VALUES (2,215,0,0,1.000000);

INSERT INTO ALMACEN_PRODUCTO(ALMACEN_ID,PRODUCTO_ID,CANTIDAD_ACTUAL,CANTIDAD_MINIMA,PRECIO_VENTA) VALUES (3,215,24,0,24.900000);

INSERT INTO ALMACEN_PRODUCTO(ALMACEN_ID,PRODUCTO_ID,CANTIDAD_ACTUAL,CANTIDAD_MINIMA,PRECIO_VENTA) VALUES (4,215,24,0,1.000000);

INSERT INTO PROVEEDOR_PRODUCTO(PROVEEDOR_ID,PRODUCTO_ID,PRECIO_COMPRA) VALUES(6,215, 1.000000);

-- ===========PRODUCTO [216]
INSERT INTO PRODUCTO(ID,MARCA_ID,NOMBRE,PRESENTACION,CONTENIDO,UNIDADES_POR_CAJA,COSTO,COSTO_VENTA,PRECIO_BASE,UNIDAD_MEDIDA,CODIGO_BARRAS) VALUES(216,20,'Plax Colgate Enjuague Bucal','Whitening',250,24.0,1.000000,1.000000,23.280000,'ML',7.891024136379E12);

INSERT INTO MOVIMIENTO_HISTORICO_PRODUCTO (ALMACEN_ID,PRODUCTO_ID,FECHA,TIPO_MOVIMIENTO_ID,CANTIDAD,COSTO,PRECIO,USUARIO_ID) VALUES(1,216,now(),30,24,1.000000,23.280000,'root');
INSERT INTO ALMACEN_PRODUCTO(ALMACEN_ID,PRODUCTO_ID,CANTIDAD_ACTUAL,CANTIDAD_MINIMA,PRECIO_VENTA) VALUES (1,216,24,0,23.280000);

INSERT INTO ALMACEN_PRODUCTO(ALMACEN_ID,PRODUCTO_ID,CANTIDAD_ACTUAL,CANTIDAD_MINIMA,PRECIO_VENTA) VALUES (2,216,3,0,1.000000);

INSERT INTO ALMACEN_PRODUCTO(ALMACEN_ID,PRODUCTO_ID,CANTIDAD_ACTUAL,CANTIDAD_MINIMA,PRECIO_VENTA) VALUES (3,216,24,0,24.900000);

INSERT INTO ALMACEN_PRODUCTO(ALMACEN_ID,PRODUCTO_ID,CANTIDAD_ACTUAL,CANTIDAD_MINIMA,PRECIO_VENTA) VALUES (4,216,24,0,1.000000);

INSERT INTO PROVEEDOR_PRODUCTO(PROVEEDOR_ID,PRODUCTO_ID,PRECIO_COMPRA) VALUES(6,216, 1.000000);

-- ===========PRODUCTO [217]
INSERT INTO PRODUCTO(ID,MARCA_ID,NOMBRE,PRESENTACION,CONTENIDO,UNIDADES_POR_CAJA,COSTO,COSTO_VENTA,PRECIO_BASE,UNIDAD_MEDIDA,CODIGO_BARRAS) VALUES(217,20,'Plax Colgate Enjuague Bucal','Sin Alcohol',250,24.0,1.000000,1.000000,23.280000,'ML',7.891024130094E12);

INSERT INTO MOVIMIENTO_HISTORICO_PRODUCTO (ALMACEN_ID,PRODUCTO_ID,FECHA,TIPO_MOVIMIENTO_ID,CANTIDAD,COSTO,PRECIO,USUARIO_ID) VALUES(1,217,now(),30,24,1.000000,23.280000,'root');
INSERT INTO ALMACEN_PRODUCTO(ALMACEN_ID,PRODUCTO_ID,CANTIDAD_ACTUAL,CANTIDAD_MINIMA,PRECIO_VENTA) VALUES (1,217,24,0,23.280000);

INSERT INTO ALMACEN_PRODUCTO(ALMACEN_ID,PRODUCTO_ID,CANTIDAD_ACTUAL,CANTIDAD_MINIMA,PRECIO_VENTA) VALUES (2,217,0,0,1.000000);

INSERT INTO ALMACEN_PRODUCTO(ALMACEN_ID,PRODUCTO_ID,CANTIDAD_ACTUAL,CANTIDAD_MINIMA,PRECIO_VENTA) VALUES (3,217,24,0,24.900000);

INSERT INTO ALMACEN_PRODUCTO(ALMACEN_ID,PRODUCTO_ID,CANTIDAD_ACTUAL,CANTIDAD_MINIMA,PRECIO_VENTA) VALUES (4,217,24,0,1.000000);

INSERT INTO PROVEEDOR_PRODUCTO(PROVEEDOR_ID,PRODUCTO_ID,PRECIO_COMPRA) VALUES(6,217, 1.000000);

-- ===========PRODUCTO [218]
INSERT INTO PRODUCTO(ID,MARCA_ID,NOMBRE,PRESENTACION,CONTENIDO,UNIDADES_POR_CAJA,COSTO,COSTO_VENTA,PRECIO_BASE,UNIDAD_MEDIDA,CODIGO_BARRAS) VALUES(218,20,'Plax Colgate Enjuague Bucal','Kids Bob Sponja',250,24.0,1.000000,1.000000,23.280000,'ML',7.891024136201E12);

INSERT INTO MOVIMIENTO_HISTORICO_PRODUCTO (ALMACEN_ID,PRODUCTO_ID,FECHA,TIPO_MOVIMIENTO_ID,CANTIDAD,COSTO,PRECIO,USUARIO_ID) VALUES(1,218,now(),30,24,1.000000,23.280000,'root');
INSERT INTO ALMACEN_PRODUCTO(ALMACEN_ID,PRODUCTO_ID,CANTIDAD_ACTUAL,CANTIDAD_MINIMA,PRECIO_VENTA) VALUES (1,218,24,0,23.280000);

INSERT INTO ALMACEN_PRODUCTO(ALMACEN_ID,PRODUCTO_ID,CANTIDAD_ACTUAL,CANTIDAD_MINIMA,PRECIO_VENTA) VALUES (2,218,0,0,1.000000);

INSERT INTO ALMACEN_PRODUCTO(ALMACEN_ID,PRODUCTO_ID,CANTIDAD_ACTUAL,CANTIDAD_MINIMA,PRECIO_VENTA) VALUES (3,218,24,0,24.900000);

INSERT INTO ALMACEN_PRODUCTO(ALMACEN_ID,PRODUCTO_ID,CANTIDAD_ACTUAL,CANTIDAD_MINIMA,PRECIO_VENTA) VALUES (4,218,24,0,1.000000);

INSERT INTO PROVEEDOR_PRODUCTO(PROVEEDOR_ID,PRODUCTO_ID,PRECIO_COMPRA) VALUES(6,218, 1.000000);

-- ===========PRODUCTO [219]
INSERT INTO PRODUCTO(ID,MARCA_ID,NOMBRE,PRESENTACION,CONTENIDO,UNIDADES_POR_CAJA,COSTO,COSTO_VENTA,PRECIO_BASE,UNIDAD_MEDIDA,CODIGO_BARRAS) VALUES(219,20,'Plax Colgate Enjuague Bucal','Whitening Sarro',250,12.0,1.000000,1.000000,23.280000,'ML',7.891024179659E12);

INSERT INTO MOVIMIENTO_HISTORICO_PRODUCTO (ALMACEN_ID,PRODUCTO_ID,FECHA,TIPO_MOVIMIENTO_ID,CANTIDAD,COSTO,PRECIO,USUARIO_ID) VALUES(1,219,now(),30,12,1.000000,23.280000,'root');
INSERT INTO ALMACEN_PRODUCTO(ALMACEN_ID,PRODUCTO_ID,CANTIDAD_ACTUAL,CANTIDAD_MINIMA,PRECIO_VENTA) VALUES (1,219,12,0,23.280000);

INSERT INTO ALMACEN_PRODUCTO(ALMACEN_ID,PRODUCTO_ID,CANTIDAD_ACTUAL,CANTIDAD_MINIMA,PRECIO_VENTA) VALUES (2,219,0,0,1.000000);

INSERT INTO ALMACEN_PRODUCTO(ALMACEN_ID,PRODUCTO_ID,CANTIDAD_ACTUAL,CANTIDAD_MINIMA,PRECIO_VENTA) VALUES (3,219,12,0,24.900000);

INSERT INTO ALMACEN_PRODUCTO(ALMACEN_ID,PRODUCTO_ID,CANTIDAD_ACTUAL,CANTIDAD_MINIMA,PRECIO_VENTA) VALUES (4,219,12,0,1.000000);

INSERT INTO PROVEEDOR_PRODUCTO(PROVEEDOR_ID,PRODUCTO_ID,PRECIO_COMPRA) VALUES(6,219, 1.000000);

-- ===========PRODUCTO [220]
INSERT INTO PRODUCTO(ID,MARCA_ID,NOMBRE,PRESENTACION,CONTENIDO,UNIDADES_POR_CAJA,COSTO,COSTO_VENTA,PRECIO_BASE,UNIDAD_MEDIDA,CODIGO_BARRAS) VALUES(220,20,'Plax Colgate Enjuague Bucal','Ice',250,24.0,1.000000,1.000000,23.280000,'ML',7.891024136096E12);

INSERT INTO MOVIMIENTO_HISTORICO_PRODUCTO (ALMACEN_ID,PRODUCTO_ID,FECHA,TIPO_MOVIMIENTO_ID,CANTIDAD,COSTO,PRECIO,USUARIO_ID) VALUES(1,220,now(),30,24,1.000000,23.280000,'root');
INSERT INTO ALMACEN_PRODUCTO(ALMACEN_ID,PRODUCTO_ID,CANTIDAD_ACTUAL,CANTIDAD_MINIMA,PRECIO_VENTA) VALUES (1,220,24,0,23.280000);

INSERT INTO ALMACEN_PRODUCTO(ALMACEN_ID,PRODUCTO_ID,CANTIDAD_ACTUAL,CANTIDAD_MINIMA,PRECIO_VENTA) VALUES (2,220,1,0,1.000000);

INSERT INTO ALMACEN_PRODUCTO(ALMACEN_ID,PRODUCTO_ID,CANTIDAD_ACTUAL,CANTIDAD_MINIMA,PRECIO_VENTA) VALUES (3,220,24,0,24.900000);

INSERT INTO ALMACEN_PRODUCTO(ALMACEN_ID,PRODUCTO_ID,CANTIDAD_ACTUAL,CANTIDAD_MINIMA,PRECIO_VENTA) VALUES (4,220,24,0,1.000000);

INSERT INTO PROVEEDOR_PRODUCTO(PROVEEDOR_ID,PRODUCTO_ID,PRECIO_COMPRA) VALUES(6,220, 1.000000);

-- ===========PRODUCTO [221]
INSERT INTO PRODUCTO(ID,MARCA_ID,NOMBRE,PRESENTACION,CONTENIDO,UNIDADES_POR_CAJA,COSTO,COSTO_VENTA,PRECIO_BASE,UNIDAD_MEDIDA,CODIGO_BARRAS) VALUES(221,20,'Plax Colgate Enjuague Bucal','Sensitive',250,12.0,1.000000,1.000000,23.280000,'ML',7.891024136591E12);

INSERT INTO MOVIMIENTO_HISTORICO_PRODUCTO (ALMACEN_ID,PRODUCTO_ID,FECHA,TIPO_MOVIMIENTO_ID,CANTIDAD,COSTO,PRECIO,USUARIO_ID) VALUES(1,221,now(),30,12,1.000000,23.280000,'root');
INSERT INTO ALMACEN_PRODUCTO(ALMACEN_ID,PRODUCTO_ID,CANTIDAD_ACTUAL,CANTIDAD_MINIMA,PRECIO_VENTA) VALUES (1,221,12,0,23.280000);

INSERT INTO ALMACEN_PRODUCTO(ALMACEN_ID,PRODUCTO_ID,CANTIDAD_ACTUAL,CANTIDAD_MINIMA,PRECIO_VENTA) VALUES (2,221,0,0,1.000000);

INSERT INTO ALMACEN_PRODUCTO(ALMACEN_ID,PRODUCTO_ID,CANTIDAD_ACTUAL,CANTIDAD_MINIMA,PRECIO_VENTA) VALUES (3,221,12,0,24.900000);

INSERT INTO ALMACEN_PRODUCTO(ALMACEN_ID,PRODUCTO_ID,CANTIDAD_ACTUAL,CANTIDAD_MINIMA,PRECIO_VENTA) VALUES (4,221,12,0,1.000000);

INSERT INTO PROVEEDOR_PRODUCTO(PROVEEDOR_ID,PRODUCTO_ID,PRECIO_COMPRA) VALUES(6,221, 1.000000);

-- ===========PRODUCTO [222]
INSERT INTO PRODUCTO(ID,MARCA_ID,NOMBRE,PRESENTACION,CONTENIDO,UNIDADES_POR_CAJA,COSTO,COSTO_VENTA,PRECIO_BASE,UNIDAD_MEDIDA,CODIGO_BARRAS) VALUES(222,20,'Plax Colgate Enjuague Bucal','Complete Care',250,12.0,1.000000,1.000000,23.280000,'ML',7.891024136614E12);

INSERT INTO MOVIMIENTO_HISTORICO_PRODUCTO (ALMACEN_ID,PRODUCTO_ID,FECHA,TIPO_MOVIMIENTO_ID,CANTIDAD,COSTO,PRECIO,USUARIO_ID) VALUES(1,222,now(),30,12,1.000000,23.280000,'root');
INSERT INTO ALMACEN_PRODUCTO(ALMACEN_ID,PRODUCTO_ID,CANTIDAD_ACTUAL,CANTIDAD_MINIMA,PRECIO_VENTA) VALUES (1,222,12,0,23.280000);

INSERT INTO ALMACEN_PRODUCTO(ALMACEN_ID,PRODUCTO_ID,CANTIDAD_ACTUAL,CANTIDAD_MINIMA,PRECIO_VENTA) VALUES (2,222,0,0,1.000000);

INSERT INTO ALMACEN_PRODUCTO(ALMACEN_ID,PRODUCTO_ID,CANTIDAD_ACTUAL,CANTIDAD_MINIMA,PRECIO_VENTA) VALUES (3,222,12,0,24.900000);

INSERT INTO ALMACEN_PRODUCTO(ALMACEN_ID,PRODUCTO_ID,CANTIDAD_ACTUAL,CANTIDAD_MINIMA,PRECIO_VENTA) VALUES (4,222,12,0,1.000000);

INSERT INTO PROVEEDOR_PRODUCTO(PROVEEDOR_ID,PRODUCTO_ID,PRECIO_COMPRA) VALUES(6,222, 1.000000);

-- ===========PRODUCTO [223]
INSERT INTO PRODUCTO(ID,MARCA_ID,NOMBRE,PRESENTACION,CONTENIDO,UNIDADES_POR_CAJA,COSTO,COSTO_VENTA,PRECIO_BASE,UNIDAD_MEDIDA,CODIGO_BARRAS) VALUES(223,20,'Plax Colgate Enjuague Bucal','Luminous White',250,12.0,1.000000,1.000000,1.000000,'ML',7.89102417942E12);

INSERT INTO MOVIMIENTO_HISTORICO_PRODUCTO (ALMACEN_ID,PRODUCTO_ID,FECHA,TIPO_MOVIMIENTO_ID,CANTIDAD,COSTO,PRECIO,USUARIO_ID) VALUES(1,223,now(),30,14,1.000000,1.000000,'root');
INSERT INTO ALMACEN_PRODUCTO(ALMACEN_ID,PRODUCTO_ID,CANTIDAD_ACTUAL,CANTIDAD_MINIMA,PRECIO_VENTA) VALUES (1,223,14,0,1.000000);

INSERT INTO ALMACEN_PRODUCTO(ALMACEN_ID,PRODUCTO_ID,CANTIDAD_ACTUAL,CANTIDAD_MINIMA,PRECIO_VENTA) VALUES (2,223,0,0,1.000000);

INSERT INTO ALMACEN_PRODUCTO(ALMACEN_ID,PRODUCTO_ID,CANTIDAD_ACTUAL,CANTIDAD_MINIMA,PRECIO_VENTA) VALUES (3,223,14,0,28.900000);

INSERT INTO ALMACEN_PRODUCTO(ALMACEN_ID,PRODUCTO_ID,CANTIDAD_ACTUAL,CANTIDAD_MINIMA,PRECIO_VENTA) VALUES (4,223,14,0,1.000000);

INSERT INTO PROVEEDOR_PRODUCTO(PROVEEDOR_ID,PRODUCTO_ID,PRECIO_COMPRA) VALUES(6,223, 1.000000);

-- ===========PRODUCTO [224]
INSERT INTO PRODUCTO(ID,MARCA_ID,NOMBRE,PRESENTACION,CONTENIDO,UNIDADES_POR_CAJA,COSTO,COSTO_VENTA,PRECIO_BASE,UNIDAD_MEDIDA,CODIGO_BARRAS) VALUES(224,20,'Colgate Plax Enjuague Bucal','Ice',60,144.0,1.000000,1.000000,1.000000,'ML',7.891024136089E12);

INSERT INTO MOVIMIENTO_HISTORICO_PRODUCTO (ALMACEN_ID,PRODUCTO_ID,FECHA,TIPO_MOVIMIENTO_ID,CANTIDAD,COSTO,PRECIO,USUARIO_ID) VALUES(1,224,now(),30,18,1.000000,1.000000,'root');
INSERT INTO ALMACEN_PRODUCTO(ALMACEN_ID,PRODUCTO_ID,CANTIDAD_ACTUAL,CANTIDAD_MINIMA,PRECIO_VENTA) VALUES (1,224,18,0,1.000000);

INSERT INTO ALMACEN_PRODUCTO(ALMACEN_ID,PRODUCTO_ID,CANTIDAD_ACTUAL,CANTIDAD_MINIMA,PRECIO_VENTA) VALUES (2,224,0,0,1.000000);

INSERT INTO ALMACEN_PRODUCTO(ALMACEN_ID,PRODUCTO_ID,CANTIDAD_ACTUAL,CANTIDAD_MINIMA,PRECIO_VENTA) VALUES (3,224,18,0,1.000000);

INSERT INTO ALMACEN_PRODUCTO(ALMACEN_ID,PRODUCTO_ID,CANTIDAD_ACTUAL,CANTIDAD_MINIMA,PRECIO_VENTA) VALUES (4,224,18,0,1.000000);

INSERT INTO PROVEEDOR_PRODUCTO(PROVEEDOR_ID,PRODUCTO_ID,PRECIO_COMPRA) VALUES(6,224, 1.000000);

-- ===========PRODUCTO [225]
INSERT INTO PRODUCTO(ID,MARCA_ID,NOMBRE,PRESENTACION,CONTENIDO,UNIDADES_POR_CAJA,COSTO,COSTO_VENTA,PRECIO_BASE,UNIDAD_MEDIDA,CODIGO_BARRAS) VALUES(225,35,'Cepillo Dental Colgate','Premier Clean',1,6.0,1.000000,1.000000,1.000000,'PZ',6.910021007206E12);

INSERT INTO MOVIMIENTO_HISTORICO_PRODUCTO (ALMACEN_ID,PRODUCTO_ID,FECHA,TIPO_MOVIMIENTO_ID,CANTIDAD,COSTO,PRECIO,USUARIO_ID) VALUES(1,225,now(),30,54,1.000000,1.000000,'root');
INSERT INTO ALMACEN_PRODUCTO(ALMACEN_ID,PRODUCTO_ID,CANTIDAD_ACTUAL,CANTIDAD_MINIMA,PRECIO_VENTA) VALUES (1,225,54,0,1.000000);

INSERT INTO ALMACEN_PRODUCTO(ALMACEN_ID,PRODUCTO_ID,CANTIDAD_ACTUAL,CANTIDAD_MINIMA,PRECIO_VENTA) VALUES (2,225,0,0,1.000000);

INSERT INTO ALMACEN_PRODUCTO(ALMACEN_ID,PRODUCTO_ID,CANTIDAD_ACTUAL,CANTIDAD_MINIMA,PRECIO_VENTA) VALUES (3,225,54,0,1.000000);

INSERT INTO ALMACEN_PRODUCTO(ALMACEN_ID,PRODUCTO_ID,CANTIDAD_ACTUAL,CANTIDAD_MINIMA,PRECIO_VENTA) VALUES (4,225,54,0,1.000000);

INSERT INTO PROVEEDOR_PRODUCTO(PROVEEDOR_ID,PRODUCTO_ID,PRECIO_COMPRA) VALUES(6,225, 1.000000);

-- ===========PRODUCTO [226]
INSERT INTO PRODUCTO(ID,MARCA_ID,NOMBRE,PRESENTACION,CONTENIDO,UNIDADES_POR_CAJA,COSTO,COSTO_VENTA,PRECIO_BASE,UNIDAD_MEDIDA,CODIGO_BARRAS) VALUES(226,35,'Colgate Pasta Dental','Triple Acción',100,72.0,1.000000,1.000000,1.000000,'ML',7.509546000343E12);

INSERT INTO MOVIMIENTO_HISTORICO_PRODUCTO (ALMACEN_ID,PRODUCTO_ID,FECHA,TIPO_MOVIMIENTO_ID,CANTIDAD,COSTO,PRECIO,USUARIO_ID) VALUES(1,226,now(),30,72,1.000000,1.000000,'root');
INSERT INTO ALMACEN_PRODUCTO(ALMACEN_ID,PRODUCTO_ID,CANTIDAD_ACTUAL,CANTIDAD_MINIMA,PRECIO_VENTA) VALUES (1,226,72,0,1.000000);

INSERT INTO ALMACEN_PRODUCTO(ALMACEN_ID,PRODUCTO_ID,CANTIDAD_ACTUAL,CANTIDAD_MINIMA,PRECIO_VENTA) VALUES (2,226,401,0,1.000000);

INSERT INTO ALMACEN_PRODUCTO(ALMACEN_ID,PRODUCTO_ID,CANTIDAD_ACTUAL,CANTIDAD_MINIMA,PRECIO_VENTA) VALUES (3,226,72,0,1.000000);

INSERT INTO ALMACEN_PRODUCTO(ALMACEN_ID,PRODUCTO_ID,CANTIDAD_ACTUAL,CANTIDAD_MINIMA,PRECIO_VENTA) VALUES (4,226,72,0,1.000000);

INSERT INTO PROVEEDOR_PRODUCTO(PROVEEDOR_ID,PRODUCTO_ID,PRECIO_COMPRA) VALUES(6,226, 1.000000);

-- ===========PRODUCTO [227]
INSERT INTO PRODUCTO(ID,MARCA_ID,NOMBRE,PRESENTACION,CONTENIDO,UNIDADES_POR_CAJA,COSTO,COSTO_VENTA,PRECIO_BASE,UNIDAD_MEDIDA,CODIGO_BARRAS) VALUES(227,35,'Colgate Pasta Dental EconoPack 100ml','Triple Acción',2,36.0,1.000000,1.000000,1.000000,'PZ',7.509546047188E12);

INSERT INTO MOVIMIENTO_HISTORICO_PRODUCTO (ALMACEN_ID,PRODUCTO_ID,FECHA,TIPO_MOVIMIENTO_ID,CANTIDAD,COSTO,PRECIO,USUARIO_ID) VALUES(1,227,now(),30,36,1.000000,1.000000,'root');
INSERT INTO ALMACEN_PRODUCTO(ALMACEN_ID,PRODUCTO_ID,CANTIDAD_ACTUAL,CANTIDAD_MINIMA,PRECIO_VENTA) VALUES (1,227,36,0,1.000000);

INSERT INTO ALMACEN_PRODUCTO(ALMACEN_ID,PRODUCTO_ID,CANTIDAD_ACTUAL,CANTIDAD_MINIMA,PRECIO_VENTA) VALUES (2,227,218,0,1.000000);

INSERT INTO ALMACEN_PRODUCTO(ALMACEN_ID,PRODUCTO_ID,CANTIDAD_ACTUAL,CANTIDAD_MINIMA,PRECIO_VENTA) VALUES (3,227,36,0,1.000000);

INSERT INTO ALMACEN_PRODUCTO(ALMACEN_ID,PRODUCTO_ID,CANTIDAD_ACTUAL,CANTIDAD_MINIMA,PRECIO_VENTA) VALUES (4,227,36,0,1.000000);

INSERT INTO PROVEEDOR_PRODUCTO(PROVEEDOR_ID,PRODUCTO_ID,PRECIO_COMPRA) VALUES(6,227, 1.000000);

-- ===========PRODUCTO [228]
INSERT INTO PRODUCTO(ID,MARCA_ID,NOMBRE,PRESENTACION,CONTENIDO,UNIDADES_POR_CAJA,COSTO,COSTO_VENTA,PRECIO_BASE,UNIDAD_MEDIDA,CODIGO_BARRAS) VALUES(228,14,'Fructis Garnier','Normal 2 en 1',750,6.0,1.000000,1.000000,1.000000,'ML',7.501839105391E12);

INSERT INTO MOVIMIENTO_HISTORICO_PRODUCTO (ALMACEN_ID,PRODUCTO_ID,FECHA,TIPO_MOVIMIENTO_ID,CANTIDAD,COSTO,PRECIO,USUARIO_ID) VALUES(1,228,now(),30,12,1.000000,1.000000,'root');
INSERT INTO ALMACEN_PRODUCTO(ALMACEN_ID,PRODUCTO_ID,CANTIDAD_ACTUAL,CANTIDAD_MINIMA,PRECIO_VENTA) VALUES (1,228,12,0,1.000000);

INSERT INTO ALMACEN_PRODUCTO(ALMACEN_ID,PRODUCTO_ID,CANTIDAD_ACTUAL,CANTIDAD_MINIMA,PRECIO_VENTA) VALUES (2,228,0,0,1.000000);

INSERT INTO ALMACEN_PRODUCTO(ALMACEN_ID,PRODUCTO_ID,CANTIDAD_ACTUAL,CANTIDAD_MINIMA,PRECIO_VENTA) VALUES (3,228,12,0,1.000000);

INSERT INTO ALMACEN_PRODUCTO(ALMACEN_ID,PRODUCTO_ID,CANTIDAD_ACTUAL,CANTIDAD_MINIMA,PRECIO_VENTA) VALUES (4,228,12,0,1.000000);

INSERT INTO PROVEEDOR_PRODUCTO(PROVEEDOR_ID,PRODUCTO_ID,PRECIO_COMPRA) VALUES(10,228, 1.000000);

-- ===========PRODUCTO [229]
INSERT INTO PRODUCTO(ID,MARCA_ID,NOMBRE,PRESENTACION,CONTENIDO,UNIDADES_POR_CAJA,COSTO,COSTO_VENTA,PRECIO_BASE,UNIDAD_MEDIDA,CODIGO_BARRAS) VALUES(229,14,'Fructis Garnier','Seco 2 en 1',750,6.0,1.000000,1.000000,1.000000,'ML',7.501839105384E12);

INSERT INTO MOVIMIENTO_HISTORICO_PRODUCTO (ALMACEN_ID,PRODUCTO_ID,FECHA,TIPO_MOVIMIENTO_ID,CANTIDAD,COSTO,PRECIO,USUARIO_ID) VALUES(1,229,now(),30,12,1.000000,1.000000,'root');
INSERT INTO ALMACEN_PRODUCTO(ALMACEN_ID,PRODUCTO_ID,CANTIDAD_ACTUAL,CANTIDAD_MINIMA,PRECIO_VENTA) VALUES (1,229,12,0,1.000000);

INSERT INTO ALMACEN_PRODUCTO(ALMACEN_ID,PRODUCTO_ID,CANTIDAD_ACTUAL,CANTIDAD_MINIMA,PRECIO_VENTA) VALUES (2,229,0,0,1.000000);

INSERT INTO ALMACEN_PRODUCTO(ALMACEN_ID,PRODUCTO_ID,CANTIDAD_ACTUAL,CANTIDAD_MINIMA,PRECIO_VENTA) VALUES (3,229,12,0,1.000000);

INSERT INTO ALMACEN_PRODUCTO(ALMACEN_ID,PRODUCTO_ID,CANTIDAD_ACTUAL,CANTIDAD_MINIMA,PRECIO_VENTA) VALUES (4,229,12,0,1.000000);

INSERT INTO PROVEEDOR_PRODUCTO(PROVEEDOR_ID,PRODUCTO_ID,PRECIO_COMPRA) VALUES(10,229, 1.000000);

-- ===========PRODUCTO [230]
INSERT INTO PRODUCTO(ID,MARCA_ID,NOMBRE,PRESENTACION,CONTENIDO,UNIDADES_POR_CAJA,COSTO,COSTO_VENTA,PRECIO_BASE,UNIDAD_MEDIDA,CODIGO_BARRAS) VALUES(230,14,'Fructis Garnier','Oil Repair 3 Aceites',750,6.0,1.000000,1.000000,1.000000,'ML',7.501839105377E12);

INSERT INTO MOVIMIENTO_HISTORICO_PRODUCTO (ALMACEN_ID,PRODUCTO_ID,FECHA,TIPO_MOVIMIENTO_ID,CANTIDAD,COSTO,PRECIO,USUARIO_ID) VALUES(1,230,now(),30,12,1.000000,1.000000,'root');
INSERT INTO ALMACEN_PRODUCTO(ALMACEN_ID,PRODUCTO_ID,CANTIDAD_ACTUAL,CANTIDAD_MINIMA,PRECIO_VENTA) VALUES (1,230,12,0,1.000000);

INSERT INTO ALMACEN_PRODUCTO(ALMACEN_ID,PRODUCTO_ID,CANTIDAD_ACTUAL,CANTIDAD_MINIMA,PRECIO_VENTA) VALUES (2,230,1,0,1.000000);

INSERT INTO ALMACEN_PRODUCTO(ALMACEN_ID,PRODUCTO_ID,CANTIDAD_ACTUAL,CANTIDAD_MINIMA,PRECIO_VENTA) VALUES (3,230,12,0,1.000000);

INSERT INTO ALMACEN_PRODUCTO(ALMACEN_ID,PRODUCTO_ID,CANTIDAD_ACTUAL,CANTIDAD_MINIMA,PRECIO_VENTA) VALUES (4,230,12,0,1.000000);

INSERT INTO PROVEEDOR_PRODUCTO(PROVEEDOR_ID,PRODUCTO_ID,PRECIO_COMPRA) VALUES(10,230, 1.000000);

-- ===========PRODUCTO [231]
INSERT INTO PRODUCTO(ID,MARCA_ID,NOMBRE,PRESENTACION,CONTENIDO,UNIDADES_POR_CAJA,COSTO,COSTO_VENTA,PRECIO_BASE,UNIDAD_MEDIDA,CODIGO_BARRAS) VALUES(231,14,'Fructis Garnier Shampoo','stop Caida',750,6.0,1.000000,1.000000,1.000000,'Ml',7.501839191653E12);

INSERT INTO MOVIMIENTO_HISTORICO_PRODUCTO (ALMACEN_ID,PRODUCTO_ID,FECHA,TIPO_MOVIMIENTO_ID,CANTIDAD,COSTO,PRECIO,USUARIO_ID) VALUES(1,231,now(),30,13,1.000000,1.000000,'root');
INSERT INTO ALMACEN_PRODUCTO(ALMACEN_ID,PRODUCTO_ID,CANTIDAD_ACTUAL,CANTIDAD_MINIMA,PRECIO_VENTA) VALUES (1,231,13,0,1.000000);

INSERT INTO ALMACEN_PRODUCTO(ALMACEN_ID,PRODUCTO_ID,CANTIDAD_ACTUAL,CANTIDAD_MINIMA,PRECIO_VENTA) VALUES (2,231,0,0,1.000000);

INSERT INTO ALMACEN_PRODUCTO(ALMACEN_ID,PRODUCTO_ID,CANTIDAD_ACTUAL,CANTIDAD_MINIMA,PRECIO_VENTA) VALUES (3,231,13,0,1.000000);

INSERT INTO ALMACEN_PRODUCTO(ALMACEN_ID,PRODUCTO_ID,CANTIDAD_ACTUAL,CANTIDAD_MINIMA,PRECIO_VENTA) VALUES (4,231,13,0,1.000000);

INSERT INTO PROVEEDOR_PRODUCTO(PROVEEDOR_ID,PRODUCTO_ID,PRECIO_COMPRA) VALUES(10,231, 1.000000);

-- ===========PRODUCTO [232]
INSERT INTO PRODUCTO(ID,MARCA_ID,NOMBRE,PRESENTACION,CONTENIDO,UNIDADES_POR_CAJA,COSTO,COSTO_VENTA,PRECIO_BASE,UNIDAD_MEDIDA,CODIGO_BARRAS) VALUES(232,14,'Fructis Garnier Shampoo','seco',350,12.0,1.000000,1.000000,1.000000,'Ml',7.501839105209E12);

INSERT INTO MOVIMIENTO_HISTORICO_PRODUCTO (ALMACEN_ID,PRODUCTO_ID,FECHA,TIPO_MOVIMIENTO_ID,CANTIDAD,COSTO,PRECIO,USUARIO_ID) VALUES(1,232,now(),30,12,1.000000,1.000000,'root');
INSERT INTO ALMACEN_PRODUCTO(ALMACEN_ID,PRODUCTO_ID,CANTIDAD_ACTUAL,CANTIDAD_MINIMA,PRECIO_VENTA) VALUES (1,232,12,0,1.000000);

INSERT INTO ALMACEN_PRODUCTO(ALMACEN_ID,PRODUCTO_ID,CANTIDAD_ACTUAL,CANTIDAD_MINIMA,PRECIO_VENTA) VALUES (2,232,2,0,1.000000);

INSERT INTO ALMACEN_PRODUCTO(ALMACEN_ID,PRODUCTO_ID,CANTIDAD_ACTUAL,CANTIDAD_MINIMA,PRECIO_VENTA) VALUES (3,232,12,0,1.000000);

INSERT INTO ALMACEN_PRODUCTO(ALMACEN_ID,PRODUCTO_ID,CANTIDAD_ACTUAL,CANTIDAD_MINIMA,PRECIO_VENTA) VALUES (4,232,12,0,1.000000);

INSERT INTO PROVEEDOR_PRODUCTO(PROVEEDOR_ID,PRODUCTO_ID,PRECIO_COMPRA) VALUES(10,232, 1.000000);

-- ===========PRODUCTO [233]
INSERT INTO PRODUCTO(ID,MARCA_ID,NOMBRE,PRESENTACION,CONTENIDO,UNIDADES_POR_CAJA,COSTO,COSTO_VENTA,PRECIO_BASE,UNIDAD_MEDIDA,CODIGO_BARRAS) VALUES(233,17,'Palmolive Jabon de Tocador','Clasico Aceite de Oliva',90,150.0,1.000000,1.000000,1.000000,'G',7.501035909229E12);

INSERT INTO MOVIMIENTO_HISTORICO_PRODUCTO (ALMACEN_ID,PRODUCTO_ID,FECHA,TIPO_MOVIMIENTO_ID,CANTIDAD,COSTO,PRECIO,USUARIO_ID) VALUES(1,233,now(),30,150,1.000000,1.000000,'root');
INSERT INTO ALMACEN_PRODUCTO(ALMACEN_ID,PRODUCTO_ID,CANTIDAD_ACTUAL,CANTIDAD_MINIMA,PRECIO_VENTA) VALUES (1,233,150,0,1.000000);

INSERT INTO ALMACEN_PRODUCTO(ALMACEN_ID,PRODUCTO_ID,CANTIDAD_ACTUAL,CANTIDAD_MINIMA,PRECIO_VENTA) VALUES (2,233,0,0,1.000000);

INSERT INTO ALMACEN_PRODUCTO(ALMACEN_ID,PRODUCTO_ID,CANTIDAD_ACTUAL,CANTIDAD_MINIMA,PRECIO_VENTA) VALUES (3,233,150,0,1.000000);

INSERT INTO ALMACEN_PRODUCTO(ALMACEN_ID,PRODUCTO_ID,CANTIDAD_ACTUAL,CANTIDAD_MINIMA,PRECIO_VENTA) VALUES (4,233,150,0,1.000000);

INSERT INTO PROVEEDOR_PRODUCTO(PROVEEDOR_ID,PRODUCTO_ID,PRECIO_COMPRA) VALUES(6,233, 1.000000);

-- ===========PRODUCTO [234]
INSERT INTO PRODUCTO(ID,MARCA_ID,NOMBRE,PRESENTACION,CONTENIDO,UNIDADES_POR_CAJA,COSTO,COSTO_VENTA,PRECIO_BASE,UNIDAD_MEDIDA,CODIGO_BARRAS) VALUES(234,17,'Palmolive Jabon de Tocador','Neutro Balance',90,72.0,1.000000,1.000000,1.000000,'G',7.50954603216E12);

INSERT INTO MOVIMIENTO_HISTORICO_PRODUCTO (ALMACEN_ID,PRODUCTO_ID,FECHA,TIPO_MOVIMIENTO_ID,CANTIDAD,COSTO,PRECIO,USUARIO_ID) VALUES(1,234,now(),30,72,1.000000,1.000000,'root');
INSERT INTO ALMACEN_PRODUCTO(ALMACEN_ID,PRODUCTO_ID,CANTIDAD_ACTUAL,CANTIDAD_MINIMA,PRECIO_VENTA) VALUES (1,234,72,0,1.000000);

INSERT INTO ALMACEN_PRODUCTO(ALMACEN_ID,PRODUCTO_ID,CANTIDAD_ACTUAL,CANTIDAD_MINIMA,PRECIO_VENTA) VALUES (2,234,0,0,1.000000);

INSERT INTO ALMACEN_PRODUCTO(ALMACEN_ID,PRODUCTO_ID,CANTIDAD_ACTUAL,CANTIDAD_MINIMA,PRECIO_VENTA) VALUES (3,234,72,0,1.000000);

INSERT INTO ALMACEN_PRODUCTO(ALMACEN_ID,PRODUCTO_ID,CANTIDAD_ACTUAL,CANTIDAD_MINIMA,PRECIO_VENTA) VALUES (4,234,72,0,1.000000);

INSERT INTO PROVEEDOR_PRODUCTO(PROVEEDOR_ID,PRODUCTO_ID,PRECIO_COMPRA) VALUES(6,234, 1.000000);

-- ===========PRODUCTO [235]
INSERT INTO PRODUCTO(ID,MARCA_ID,NOMBRE,PRESENTACION,CONTENIDO,UNIDADES_POR_CAJA,COSTO,COSTO_VENTA,PRECIO_BASE,UNIDAD_MEDIDA,CODIGO_BARRAS) VALUES(235,17,'Palmolive Naturals','Sensacion Humectante',90,72.0,1.000000,1.000000,1.000000,'G',7.509546032191E12);

INSERT INTO MOVIMIENTO_HISTORICO_PRODUCTO (ALMACEN_ID,PRODUCTO_ID,FECHA,TIPO_MOVIMIENTO_ID,CANTIDAD,COSTO,PRECIO,USUARIO_ID) VALUES(1,235,now(),30,72,1.000000,1.000000,'root');
INSERT INTO ALMACEN_PRODUCTO(ALMACEN_ID,PRODUCTO_ID,CANTIDAD_ACTUAL,CANTIDAD_MINIMA,PRECIO_VENTA) VALUES (1,235,72,0,1.000000);

INSERT INTO ALMACEN_PRODUCTO(ALMACEN_ID,PRODUCTO_ID,CANTIDAD_ACTUAL,CANTIDAD_MINIMA,PRECIO_VENTA) VALUES (2,235,0,0,1.000000);

INSERT INTO ALMACEN_PRODUCTO(ALMACEN_ID,PRODUCTO_ID,CANTIDAD_ACTUAL,CANTIDAD_MINIMA,PRECIO_VENTA) VALUES (3,235,72,0,1.000000);

INSERT INTO ALMACEN_PRODUCTO(ALMACEN_ID,PRODUCTO_ID,CANTIDAD_ACTUAL,CANTIDAD_MINIMA,PRECIO_VENTA) VALUES (4,235,72,0,1.000000);

INSERT INTO PROVEEDOR_PRODUCTO(PROVEEDOR_ID,PRODUCTO_ID,PRECIO_COMPRA) VALUES(6,235, 1.000000);

-- ===========PRODUCTO [236]
INSERT INTO PRODUCTO(ID,MARCA_ID,NOMBRE,PRESENTACION,CONTENIDO,UNIDADES_POR_CAJA,COSTO,COSTO_VENTA,PRECIO_BASE,UNIDAD_MEDIDA,CODIGO_BARRAS) VALUES(236,17,'Palmolive Naturals','Sensacion Nutritiva',180,72.0,1.000000,1.000000,1.000000,'G',7.509546035956E12);

INSERT INTO MOVIMIENTO_HISTORICO_PRODUCTO (ALMACEN_ID,PRODUCTO_ID,FECHA,TIPO_MOVIMIENTO_ID,CANTIDAD,COSTO,PRECIO,USUARIO_ID) VALUES(1,236,now(),30,72,1.000000,1.000000,'root');
INSERT INTO ALMACEN_PRODUCTO(ALMACEN_ID,PRODUCTO_ID,CANTIDAD_ACTUAL,CANTIDAD_MINIMA,PRECIO_VENTA) VALUES (1,236,72,0,1.000000);

INSERT INTO ALMACEN_PRODUCTO(ALMACEN_ID,PRODUCTO_ID,CANTIDAD_ACTUAL,CANTIDAD_MINIMA,PRECIO_VENTA) VALUES (2,236,0,0,1.000000);

INSERT INTO ALMACEN_PRODUCTO(ALMACEN_ID,PRODUCTO_ID,CANTIDAD_ACTUAL,CANTIDAD_MINIMA,PRECIO_VENTA) VALUES (3,236,72,0,1.000000);

INSERT INTO ALMACEN_PRODUCTO(ALMACEN_ID,PRODUCTO_ID,CANTIDAD_ACTUAL,CANTIDAD_MINIMA,PRECIO_VENTA) VALUES (4,236,72,0,1.000000);

INSERT INTO PROVEEDOR_PRODUCTO(PROVEEDOR_ID,PRODUCTO_ID,PRECIO_COMPRA) VALUES(6,236, 1.000000);

-- ===========PRODUCTO [237]
INSERT INTO PRODUCTO(ID,MARCA_ID,NOMBRE,PRESENTACION,CONTENIDO,UNIDADES_POR_CAJA,COSTO,COSTO_VENTA,PRECIO_BASE,UNIDAD_MEDIDA,CODIGO_BARRAS) VALUES(237,17,'Palmolive Jabon de Tocador','Nutri Milk',180,72.0,1.000000,1.000000,1.000000,'G',7.509546032337E12);

INSERT INTO MOVIMIENTO_HISTORICO_PRODUCTO (ALMACEN_ID,PRODUCTO_ID,FECHA,TIPO_MOVIMIENTO_ID,CANTIDAD,COSTO,PRECIO,USUARIO_ID) VALUES(1,237,now(),30,72,1.000000,1.000000,'root');
INSERT INTO ALMACEN_PRODUCTO(ALMACEN_ID,PRODUCTO_ID,CANTIDAD_ACTUAL,CANTIDAD_MINIMA,PRECIO_VENTA) VALUES (1,237,72,0,1.000000);

INSERT INTO ALMACEN_PRODUCTO(ALMACEN_ID,PRODUCTO_ID,CANTIDAD_ACTUAL,CANTIDAD_MINIMA,PRECIO_VENTA) VALUES (2,237,0,0,1.000000);

INSERT INTO ALMACEN_PRODUCTO(ALMACEN_ID,PRODUCTO_ID,CANTIDAD_ACTUAL,CANTIDAD_MINIMA,PRECIO_VENTA) VALUES (3,237,72,0,1.000000);

INSERT INTO ALMACEN_PRODUCTO(ALMACEN_ID,PRODUCTO_ID,CANTIDAD_ACTUAL,CANTIDAD_MINIMA,PRECIO_VENTA) VALUES (4,237,72,0,1.000000);

INSERT INTO PROVEEDOR_PRODUCTO(PROVEEDOR_ID,PRODUCTO_ID,PRECIO_COMPRA) VALUES(6,237, 1.000000);

-- ===========PRODUCTO [238]
INSERT INTO PRODUCTO(ID,MARCA_ID,NOMBRE,PRESENTACION,CONTENIDO,UNIDADES_POR_CAJA,COSTO,COSTO_VENTA,PRECIO_BASE,UNIDAD_MEDIDA,CODIGO_BARRAS) VALUES(238,17,'Palmolive Naturals','Exfoliación Diaria',130,96.0,1.000000,1.000000,1.000000,'G',7.509546032269E12);

INSERT INTO MOVIMIENTO_HISTORICO_PRODUCTO (ALMACEN_ID,PRODUCTO_ID,FECHA,TIPO_MOVIMIENTO_ID,CANTIDAD,COSTO,PRECIO,USUARIO_ID) VALUES(1,238,now(),30,96,1.000000,1.000000,'root');
INSERT INTO ALMACEN_PRODUCTO(ALMACEN_ID,PRODUCTO_ID,CANTIDAD_ACTUAL,CANTIDAD_MINIMA,PRECIO_VENTA) VALUES (1,238,96,0,1.000000);

INSERT INTO ALMACEN_PRODUCTO(ALMACEN_ID,PRODUCTO_ID,CANTIDAD_ACTUAL,CANTIDAD_MINIMA,PRECIO_VENTA) VALUES (2,238,0,0,1.000000);

INSERT INTO ALMACEN_PRODUCTO(ALMACEN_ID,PRODUCTO_ID,CANTIDAD_ACTUAL,CANTIDAD_MINIMA,PRECIO_VENTA) VALUES (3,238,96,0,1.000000);

INSERT INTO ALMACEN_PRODUCTO(ALMACEN_ID,PRODUCTO_ID,CANTIDAD_ACTUAL,CANTIDAD_MINIMA,PRECIO_VENTA) VALUES (4,238,96,0,1.000000);

INSERT INTO PROVEEDOR_PRODUCTO(PROVEEDOR_ID,PRODUCTO_ID,PRECIO_COMPRA) VALUES(6,238, 1.000000);

-- ===========PRODUCTO [239]
INSERT INTO PRODUCTO(ID,MARCA_ID,NOMBRE,PRESENTACION,CONTENIDO,UNIDADES_POR_CAJA,COSTO,COSTO_VENTA,PRECIO_BASE,UNIDAD_MEDIDA,CODIGO_BARRAS) VALUES(239,17,'Palmolive Naturals','Purificante Frescura',180,72.0,1.000000,1.000000,1.000000,'G',7.50954603229E12);

INSERT INTO MOVIMIENTO_HISTORICO_PRODUCTO (ALMACEN_ID,PRODUCTO_ID,FECHA,TIPO_MOVIMIENTO_ID,CANTIDAD,COSTO,PRECIO,USUARIO_ID) VALUES(1,239,now(),30,72,1.000000,1.000000,'root');
INSERT INTO ALMACEN_PRODUCTO(ALMACEN_ID,PRODUCTO_ID,CANTIDAD_ACTUAL,CANTIDAD_MINIMA,PRECIO_VENTA) VALUES (1,239,72,0,1.000000);

INSERT INTO ALMACEN_PRODUCTO(ALMACEN_ID,PRODUCTO_ID,CANTIDAD_ACTUAL,CANTIDAD_MINIMA,PRECIO_VENTA) VALUES (2,239,0,0,1.000000);

INSERT INTO ALMACEN_PRODUCTO(ALMACEN_ID,PRODUCTO_ID,CANTIDAD_ACTUAL,CANTIDAD_MINIMA,PRECIO_VENTA) VALUES (3,239,72,0,1.000000);

INSERT INTO ALMACEN_PRODUCTO(ALMACEN_ID,PRODUCTO_ID,CANTIDAD_ACTUAL,CANTIDAD_MINIMA,PRECIO_VENTA) VALUES (4,239,72,0,1.000000);

INSERT INTO PROVEEDOR_PRODUCTO(PROVEEDOR_ID,PRODUCTO_ID,PRECIO_COMPRA) VALUES(6,239, 1.000000);

-- ===========PRODUCTO [240]
INSERT INTO PRODUCTO(ID,MARCA_ID,NOMBRE,PRESENTACION,CONTENIDO,UNIDADES_POR_CAJA,COSTO,COSTO_VENTA,PRECIO_BASE,UNIDAD_MEDIDA,CODIGO_BARRAS) VALUES(240,17,'Palmolive Naturals','Sensacion Humectante',180,72.0,1.000000,1.000000,1.000000,'G',7.509546032214E12);

INSERT INTO MOVIMIENTO_HISTORICO_PRODUCTO (ALMACEN_ID,PRODUCTO_ID,FECHA,TIPO_MOVIMIENTO_ID,CANTIDAD,COSTO,PRECIO,USUARIO_ID) VALUES(1,240,now(),30,77,1.000000,1.000000,'root');
INSERT INTO ALMACEN_PRODUCTO(ALMACEN_ID,PRODUCTO_ID,CANTIDAD_ACTUAL,CANTIDAD_MINIMA,PRECIO_VENTA) VALUES (1,240,77,0,1.000000);

INSERT INTO ALMACEN_PRODUCTO(ALMACEN_ID,PRODUCTO_ID,CANTIDAD_ACTUAL,CANTIDAD_MINIMA,PRECIO_VENTA) VALUES (2,240,0,0,1.000000);

INSERT INTO ALMACEN_PRODUCTO(ALMACEN_ID,PRODUCTO_ID,CANTIDAD_ACTUAL,CANTIDAD_MINIMA,PRECIO_VENTA) VALUES (3,240,77,0,1.000000);

INSERT INTO ALMACEN_PRODUCTO(ALMACEN_ID,PRODUCTO_ID,CANTIDAD_ACTUAL,CANTIDAD_MINIMA,PRECIO_VENTA) VALUES (4,240,77,0,1.000000);

INSERT INTO PROVEEDOR_PRODUCTO(PROVEEDOR_ID,PRODUCTO_ID,PRECIO_COMPRA) VALUES(6,240, 1.000000);

-- ===========PRODUCTO [241]
INSERT INTO PRODUCTO(ID,MARCA_ID,NOMBRE,PRESENTACION,CONTENIDO,UNIDADES_POR_CAJA,COSTO,COSTO_VENTA,PRECIO_BASE,UNIDAD_MEDIDA,CODIGO_BARRAS) VALUES(241,17,'Palmolive Naturals','Suavidad Exfoliante',150,96.0,1.000000,1.000000,1.000000,'G',7.509546052939E12);

INSERT INTO MOVIMIENTO_HISTORICO_PRODUCTO (ALMACEN_ID,PRODUCTO_ID,FECHA,TIPO_MOVIMIENTO_ID,CANTIDAD,COSTO,PRECIO,USUARIO_ID) VALUES(1,241,now(),30,96,1.000000,1.000000,'root');
INSERT INTO ALMACEN_PRODUCTO(ALMACEN_ID,PRODUCTO_ID,CANTIDAD_ACTUAL,CANTIDAD_MINIMA,PRECIO_VENTA) VALUES (1,241,96,0,1.000000);

INSERT INTO ALMACEN_PRODUCTO(ALMACEN_ID,PRODUCTO_ID,CANTIDAD_ACTUAL,CANTIDAD_MINIMA,PRECIO_VENTA) VALUES (2,241,15,0,1.000000);

INSERT INTO ALMACEN_PRODUCTO(ALMACEN_ID,PRODUCTO_ID,CANTIDAD_ACTUAL,CANTIDAD_MINIMA,PRECIO_VENTA) VALUES (3,241,96,0,1.000000);

INSERT INTO ALMACEN_PRODUCTO(ALMACEN_ID,PRODUCTO_ID,CANTIDAD_ACTUAL,CANTIDAD_MINIMA,PRECIO_VENTA) VALUES (4,241,96,0,1.000000);

INSERT INTO PROVEEDOR_PRODUCTO(PROVEEDOR_ID,PRODUCTO_ID,PRECIO_COMPRA) VALUES(6,241, 1.000000);

-- ===========PRODUCTO [242]
INSERT INTO PRODUCTO(ID,MARCA_ID,NOMBRE,PRESENTACION,CONTENIDO,UNIDADES_POR_CAJA,COSTO,COSTO_VENTA,PRECIO_BASE,UNIDAD_MEDIDA,CODIGO_BARRAS) VALUES(242,11,'Brut Body Wash','Addiction',350,12.0,1.000000,1.000000,1.000000,'ML',7.50222118484E12);

INSERT INTO MOVIMIENTO_HISTORICO_PRODUCTO (ALMACEN_ID,PRODUCTO_ID,FECHA,TIPO_MOVIMIENTO_ID,CANTIDAD,COSTO,PRECIO,USUARIO_ID) VALUES(1,242,now(),30,6,1.000000,1.000000,'root');
INSERT INTO ALMACEN_PRODUCTO(ALMACEN_ID,PRODUCTO_ID,CANTIDAD_ACTUAL,CANTIDAD_MINIMA,PRECIO_VENTA) VALUES (1,242,6,0,1.000000);

INSERT INTO ALMACEN_PRODUCTO(ALMACEN_ID,PRODUCTO_ID,CANTIDAD_ACTUAL,CANTIDAD_MINIMA,PRECIO_VENTA) VALUES (2,242,0,0,1.000000);

INSERT INTO ALMACEN_PRODUCTO(ALMACEN_ID,PRODUCTO_ID,CANTIDAD_ACTUAL,CANTIDAD_MINIMA,PRECIO_VENTA) VALUES (3,242,6,0,1.000000);

INSERT INTO ALMACEN_PRODUCTO(ALMACEN_ID,PRODUCTO_ID,CANTIDAD_ACTUAL,CANTIDAD_MINIMA,PRECIO_VENTA) VALUES (4,242,6,0,1.000000);

INSERT INTO PROVEEDOR_PRODUCTO(PROVEEDOR_ID,PRODUCTO_ID,PRECIO_COMPRA) VALUES(18,242, 1.000000);

-- ===========PRODUCTO [243]
INSERT INTO PRODUCTO(ID,MARCA_ID,NOMBRE,PRESENTACION,CONTENIDO,UNIDADES_POR_CAJA,COSTO,COSTO_VENTA,PRECIO_BASE,UNIDAD_MEDIDA,CODIGO_BARRAS) VALUES(243,11,'Brut Body Wash','Classic',350,12.0,1.000000,1.000000,1.000000,'ML',7.502221184819E12);

INSERT INTO MOVIMIENTO_HISTORICO_PRODUCTO (ALMACEN_ID,PRODUCTO_ID,FECHA,TIPO_MOVIMIENTO_ID,CANTIDAD,COSTO,PRECIO,USUARIO_ID) VALUES(1,243,now(),30,6,1.000000,1.000000,'root');
INSERT INTO ALMACEN_PRODUCTO(ALMACEN_ID,PRODUCTO_ID,CANTIDAD_ACTUAL,CANTIDAD_MINIMA,PRECIO_VENTA) VALUES (1,243,6,0,1.000000);

INSERT INTO ALMACEN_PRODUCTO(ALMACEN_ID,PRODUCTO_ID,CANTIDAD_ACTUAL,CANTIDAD_MINIMA,PRECIO_VENTA) VALUES (2,243,0,0,1.000000);

INSERT INTO ALMACEN_PRODUCTO(ALMACEN_ID,PRODUCTO_ID,CANTIDAD_ACTUAL,CANTIDAD_MINIMA,PRECIO_VENTA) VALUES (3,243,6,0,1.000000);

INSERT INTO ALMACEN_PRODUCTO(ALMACEN_ID,PRODUCTO_ID,CANTIDAD_ACTUAL,CANTIDAD_MINIMA,PRECIO_VENTA) VALUES (4,243,6,0,1.000000);

INSERT INTO PROVEEDOR_PRODUCTO(PROVEEDOR_ID,PRODUCTO_ID,PRECIO_COMPRA) VALUES(18,243, 1.000000);

-- ===========PRODUCTO [244]
INSERT INTO PRODUCTO(ID,MARCA_ID,NOMBRE,PRESENTACION,CONTENIDO,UNIDADES_POR_CAJA,COSTO,COSTO_VENTA,PRECIO_BASE,UNIDAD_MEDIDA,CODIGO_BARRAS) VALUES(244,17,'Palmolive Naturals','Sensacion Humectante',150,96.0,1.000000,1.000000,1.000000,'G',7.509546050751E12);

INSERT INTO MOVIMIENTO_HISTORICO_PRODUCTO (ALMACEN_ID,PRODUCTO_ID,FECHA,TIPO_MOVIMIENTO_ID,CANTIDAD,COSTO,PRECIO,USUARIO_ID) VALUES(1,244,now(),30,96,1.000000,1.000000,'root');
INSERT INTO ALMACEN_PRODUCTO(ALMACEN_ID,PRODUCTO_ID,CANTIDAD_ACTUAL,CANTIDAD_MINIMA,PRECIO_VENTA) VALUES (1,244,96,0,1.000000);

INSERT INTO ALMACEN_PRODUCTO(ALMACEN_ID,PRODUCTO_ID,CANTIDAD_ACTUAL,CANTIDAD_MINIMA,PRECIO_VENTA) VALUES (2,244,0,0,1.000000);

INSERT INTO ALMACEN_PRODUCTO(ALMACEN_ID,PRODUCTO_ID,CANTIDAD_ACTUAL,CANTIDAD_MINIMA,PRECIO_VENTA) VALUES (3,244,96,0,1.000000);

INSERT INTO ALMACEN_PRODUCTO(ALMACEN_ID,PRODUCTO_ID,CANTIDAD_ACTUAL,CANTIDAD_MINIMA,PRECIO_VENTA) VALUES (4,244,96,0,1.000000);

INSERT INTO PROVEEDOR_PRODUCTO(PROVEEDOR_ID,PRODUCTO_ID,PRECIO_COMPRA) VALUES(6,244, 1.000000);

-- ===========PRODUCTO [245]
INSERT INTO PRODUCTO(ID,MARCA_ID,NOMBRE,PRESENTACION,CONTENIDO,UNIDADES_POR_CAJA,COSTO,COSTO_VENTA,PRECIO_BASE,UNIDAD_MEDIDA,CODIGO_BARRAS) VALUES(245,17,'Palmolive Naturals','Suavidad Relajante',150,96.0,1.000000,1.000000,1.000000,'G',7.509546051055E12);

INSERT INTO MOVIMIENTO_HISTORICO_PRODUCTO (ALMACEN_ID,PRODUCTO_ID,FECHA,TIPO_MOVIMIENTO_ID,CANTIDAD,COSTO,PRECIO,USUARIO_ID) VALUES(1,245,now(),30,96,1.000000,1.000000,'root');
INSERT INTO ALMACEN_PRODUCTO(ALMACEN_ID,PRODUCTO_ID,CANTIDAD_ACTUAL,CANTIDAD_MINIMA,PRECIO_VENTA) VALUES (1,245,96,0,1.000000);

INSERT INTO ALMACEN_PRODUCTO(ALMACEN_ID,PRODUCTO_ID,CANTIDAD_ACTUAL,CANTIDAD_MINIMA,PRECIO_VENTA) VALUES (2,245,0,0,1.000000);

INSERT INTO ALMACEN_PRODUCTO(ALMACEN_ID,PRODUCTO_ID,CANTIDAD_ACTUAL,CANTIDAD_MINIMA,PRECIO_VENTA) VALUES (3,245,96,0,1.000000);

INSERT INTO ALMACEN_PRODUCTO(ALMACEN_ID,PRODUCTO_ID,CANTIDAD_ACTUAL,CANTIDAD_MINIMA,PRECIO_VENTA) VALUES (4,245,96,0,1.000000);

INSERT INTO PROVEEDOR_PRODUCTO(PROVEEDOR_ID,PRODUCTO_ID,PRECIO_COMPRA) VALUES(6,245, 1.000000);

-- ===========PRODUCTO [246]
INSERT INTO PRODUCTO(ID,MARCA_ID,NOMBRE,PRESENTACION,CONTENIDO,UNIDADES_POR_CAJA,COSTO,COSTO_VENTA,PRECIO_BASE,UNIDAD_MEDIDA,CODIGO_BARRAS) VALUES(246,17,'Palmolive Jabon de Tocador','Neutro Balance ',150,96.0,1.000000,1.000000,1.000000,'G',7.509546050768E12);

INSERT INTO MOVIMIENTO_HISTORICO_PRODUCTO (ALMACEN_ID,PRODUCTO_ID,FECHA,TIPO_MOVIMIENTO_ID,CANTIDAD,COSTO,PRECIO,USUARIO_ID) VALUES(1,246,now(),30,96,1.000000,1.000000,'root');
INSERT INTO ALMACEN_PRODUCTO(ALMACEN_ID,PRODUCTO_ID,CANTIDAD_ACTUAL,CANTIDAD_MINIMA,PRECIO_VENTA) VALUES (1,246,96,0,1.000000);

INSERT INTO ALMACEN_PRODUCTO(ALMACEN_ID,PRODUCTO_ID,CANTIDAD_ACTUAL,CANTIDAD_MINIMA,PRECIO_VENTA) VALUES (2,246,0,0,1.000000);

INSERT INTO ALMACEN_PRODUCTO(ALMACEN_ID,PRODUCTO_ID,CANTIDAD_ACTUAL,CANTIDAD_MINIMA,PRECIO_VENTA) VALUES (3,246,96,0,1.000000);

INSERT INTO ALMACEN_PRODUCTO(ALMACEN_ID,PRODUCTO_ID,CANTIDAD_ACTUAL,CANTIDAD_MINIMA,PRECIO_VENTA) VALUES (4,246,96,0,1.000000);

INSERT INTO PROVEEDOR_PRODUCTO(PROVEEDOR_ID,PRODUCTO_ID,PRECIO_COMPRA) VALUES(6,246, 1.000000);

-- ===========PRODUCTO [247]
INSERT INTO PRODUCTO(ID,MARCA_ID,NOMBRE,PRESENTACION,CONTENIDO,UNIDADES_POR_CAJA,COSTO,COSTO_VENTA,PRECIO_BASE,UNIDAD_MEDIDA,CODIGO_BARRAS) VALUES(247,17,'Palmolive Naturals','Purificante Frescura',150,96.0,1.000000,1.000000,1.000000,'G',7.509546053103E12);

INSERT INTO MOVIMIENTO_HISTORICO_PRODUCTO (ALMACEN_ID,PRODUCTO_ID,FECHA,TIPO_MOVIMIENTO_ID,CANTIDAD,COSTO,PRECIO,USUARIO_ID) VALUES(1,247,now(),30,96,1.000000,1.000000,'root');
INSERT INTO ALMACEN_PRODUCTO(ALMACEN_ID,PRODUCTO_ID,CANTIDAD_ACTUAL,CANTIDAD_MINIMA,PRECIO_VENTA) VALUES (1,247,96,0,1.000000);

INSERT INTO ALMACEN_PRODUCTO(ALMACEN_ID,PRODUCTO_ID,CANTIDAD_ACTUAL,CANTIDAD_MINIMA,PRECIO_VENTA) VALUES (2,247,0,0,1.000000);

INSERT INTO ALMACEN_PRODUCTO(ALMACEN_ID,PRODUCTO_ID,CANTIDAD_ACTUAL,CANTIDAD_MINIMA,PRECIO_VENTA) VALUES (3,247,96,0,1.000000);

INSERT INTO ALMACEN_PRODUCTO(ALMACEN_ID,PRODUCTO_ID,CANTIDAD_ACTUAL,CANTIDAD_MINIMA,PRECIO_VENTA) VALUES (4,247,96,0,1.000000);

INSERT INTO PROVEEDOR_PRODUCTO(PROVEEDOR_ID,PRODUCTO_ID,PRECIO_COMPRA) VALUES(6,247, 1.000000);

-- ===========PRODUCTO [248]
INSERT INTO PRODUCTO(ID,MARCA_ID,NOMBRE,PRESENTACION,CONTENIDO,UNIDADES_POR_CAJA,COSTO,COSTO_VENTA,PRECIO_BASE,UNIDAD_MEDIDA,CODIGO_BARRAS) VALUES(248,37,'Sure Stick Invisible','Regular Scent',73,12.0,1.000000,1.000000,1.000000,'G',7.502221184864E12);

INSERT INTO MOVIMIENTO_HISTORICO_PRODUCTO (ALMACEN_ID,PRODUCTO_ID,FECHA,TIPO_MOVIMIENTO_ID,CANTIDAD,COSTO,PRECIO,USUARIO_ID) VALUES(1,248,now(),30,0,1.000000,1.000000,'root');
INSERT INTO ALMACEN_PRODUCTO(ALMACEN_ID,PRODUCTO_ID,CANTIDAD_ACTUAL,CANTIDAD_MINIMA,PRECIO_VENTA) VALUES (1,248,0,0,1.000000);

INSERT INTO ALMACEN_PRODUCTO(ALMACEN_ID,PRODUCTO_ID,CANTIDAD_ACTUAL,CANTIDAD_MINIMA,PRECIO_VENTA) VALUES (2,248,4,0,1.000000);

INSERT INTO PROVEEDOR_PRODUCTO(PROVEEDOR_ID,PRODUCTO_ID,PRECIO_COMPRA) VALUES(18,248, 1.000000);

-- ===========PRODUCTO [249]
INSERT INTO PRODUCTO(ID,MARCA_ID,NOMBRE,PRESENTACION,CONTENIDO,UNIDADES_POR_CAJA,COSTO,COSTO_VENTA,PRECIO_BASE,UNIDAD_MEDIDA,CODIGO_BARRAS) VALUES(249,37,'Sure Stick Invisible','Regular Scent',48,12.0,1.000000,1.000000,1.000000,'G',7.502221184901E12);

INSERT INTO MOVIMIENTO_HISTORICO_PRODUCTO (ALMACEN_ID,PRODUCTO_ID,FECHA,TIPO_MOVIMIENTO_ID,CANTIDAD,COSTO,PRECIO,USUARIO_ID) VALUES(1,249,now(),30,13,1.000000,1.000000,'root');
INSERT INTO ALMACEN_PRODUCTO(ALMACEN_ID,PRODUCTO_ID,CANTIDAD_ACTUAL,CANTIDAD_MINIMA,PRECIO_VENTA) VALUES (1,249,13,0,1.000000);

INSERT INTO ALMACEN_PRODUCTO(ALMACEN_ID,PRODUCTO_ID,CANTIDAD_ACTUAL,CANTIDAD_MINIMA,PRECIO_VENTA) VALUES (2,249,0,0,1.000000);

INSERT INTO ALMACEN_PRODUCTO(ALMACEN_ID,PRODUCTO_ID,CANTIDAD_ACTUAL,CANTIDAD_MINIMA,PRECIO_VENTA) VALUES (3,249,13,0,1.000000);

INSERT INTO ALMACEN_PRODUCTO(ALMACEN_ID,PRODUCTO_ID,CANTIDAD_ACTUAL,CANTIDAD_MINIMA,PRECIO_VENTA) VALUES (4,249,13,0,1.000000);

INSERT INTO PROVEEDOR_PRODUCTO(PROVEEDOR_ID,PRODUCTO_ID,PRECIO_COMPRA) VALUES(18,249, 1.000000);

-- ===========PRODUCTO [250]
INSERT INTO PRODUCTO(ID,MARCA_ID,NOMBRE,PRESENTACION,CONTENIDO,UNIDADES_POR_CAJA,COSTO,COSTO_VENTA,PRECIO_BASE,UNIDAD_MEDIDA,CODIGO_BARRAS) VALUES(250,37,'Sure Stick Invisible','Unscented',73,12.0,1.000000,1.000000,1.000000,'G',7.502221184857E12);

INSERT INTO MOVIMIENTO_HISTORICO_PRODUCTO (ALMACEN_ID,PRODUCTO_ID,FECHA,TIPO_MOVIMIENTO_ID,CANTIDAD,COSTO,PRECIO,USUARIO_ID) VALUES(1,250,now(),30,12,1.000000,1.000000,'root');
INSERT INTO ALMACEN_PRODUCTO(ALMACEN_ID,PRODUCTO_ID,CANTIDAD_ACTUAL,CANTIDAD_MINIMA,PRECIO_VENTA) VALUES (1,250,12,0,1.000000);

INSERT INTO ALMACEN_PRODUCTO(ALMACEN_ID,PRODUCTO_ID,CANTIDAD_ACTUAL,CANTIDAD_MINIMA,PRECIO_VENTA) VALUES (2,250,10,0,1.000000);

INSERT INTO ALMACEN_PRODUCTO(ALMACEN_ID,PRODUCTO_ID,CANTIDAD_ACTUAL,CANTIDAD_MINIMA,PRECIO_VENTA) VALUES (3,250,12,0,1.000000);

INSERT INTO ALMACEN_PRODUCTO(ALMACEN_ID,PRODUCTO_ID,CANTIDAD_ACTUAL,CANTIDAD_MINIMA,PRECIO_VENTA) VALUES (4,250,12,0,1.000000);

INSERT INTO PROVEEDOR_PRODUCTO(PROVEEDOR_ID,PRODUCTO_ID,PRECIO_COMPRA) VALUES(18,250, 1.000000);

-- ===========PRODUCTO [251]
INSERT INTO PRODUCTO(ID,MARCA_ID,NOMBRE,PRESENTACION,CONTENIDO,UNIDADES_POR_CAJA,COSTO,COSTO_VENTA,PRECIO_BASE,UNIDAD_MEDIDA,CODIGO_BARRAS) VALUES(251,37,'Sure Stick Invisible','Powder Scent',73,12.0,1.000000,1.000000,1.000000,'G',7.502221184888E12);

INSERT INTO MOVIMIENTO_HISTORICO_PRODUCTO (ALMACEN_ID,PRODUCTO_ID,FECHA,TIPO_MOVIMIENTO_ID,CANTIDAD,COSTO,PRECIO,USUARIO_ID) VALUES(1,251,now(),30,2,1.000000,1.000000,'root');
INSERT INTO ALMACEN_PRODUCTO(ALMACEN_ID,PRODUCTO_ID,CANTIDAD_ACTUAL,CANTIDAD_MINIMA,PRECIO_VENTA) VALUES (1,251,2,0,1.000000);

INSERT INTO ALMACEN_PRODUCTO(ALMACEN_ID,PRODUCTO_ID,CANTIDAD_ACTUAL,CANTIDAD_MINIMA,PRECIO_VENTA) VALUES (2,251,3,0,1.000000);

INSERT INTO ALMACEN_PRODUCTO(ALMACEN_ID,PRODUCTO_ID,CANTIDAD_ACTUAL,CANTIDAD_MINIMA,PRECIO_VENTA) VALUES (3,251,2,0,1.000000);

INSERT INTO ALMACEN_PRODUCTO(ALMACEN_ID,PRODUCTO_ID,CANTIDAD_ACTUAL,CANTIDAD_MINIMA,PRECIO_VENTA) VALUES (4,251,2,0,1.000000);

INSERT INTO PROVEEDOR_PRODUCTO(PROVEEDOR_ID,PRODUCTO_ID,PRECIO_COMPRA) VALUES(18,251, 1.000000);

-- ===========PRODUCTO [252]
INSERT INTO PRODUCTO(ID,MARCA_ID,NOMBRE,PRESENTACION,CONTENIDO,UNIDADES_POR_CAJA,COSTO,COSTO_VENTA,PRECIO_BASE,UNIDAD_MEDIDA,CODIGO_BARRAS) VALUES(252,37,'Sure Stick Invisible','Fresh Scent',73,12.0,1.000000,1.000000,1.000000,'G',7.502221184871E12);

INSERT INTO MOVIMIENTO_HISTORICO_PRODUCTO (ALMACEN_ID,PRODUCTO_ID,FECHA,TIPO_MOVIMIENTO_ID,CANTIDAD,COSTO,PRECIO,USUARIO_ID) VALUES(1,252,now(),30,12,1.000000,1.000000,'root');
INSERT INTO ALMACEN_PRODUCTO(ALMACEN_ID,PRODUCTO_ID,CANTIDAD_ACTUAL,CANTIDAD_MINIMA,PRECIO_VENTA) VALUES (1,252,12,0,1.000000);

INSERT INTO ALMACEN_PRODUCTO(ALMACEN_ID,PRODUCTO_ID,CANTIDAD_ACTUAL,CANTIDAD_MINIMA,PRECIO_VENTA) VALUES (2,252,9,0,1.000000);

INSERT INTO ALMACEN_PRODUCTO(ALMACEN_ID,PRODUCTO_ID,CANTIDAD_ACTUAL,CANTIDAD_MINIMA,PRECIO_VENTA) VALUES (3,252,12,0,1.000000);

INSERT INTO ALMACEN_PRODUCTO(ALMACEN_ID,PRODUCTO_ID,CANTIDAD_ACTUAL,CANTIDAD_MINIMA,PRECIO_VENTA) VALUES (4,252,12,0,1.000000);

INSERT INTO PROVEEDOR_PRODUCTO(PROVEEDOR_ID,PRODUCTO_ID,PRECIO_COMPRA) VALUES(18,252, 1.000000);

-- ===========PRODUCTO [253]
INSERT INTO PRODUCTO(ID,MARCA_ID,NOMBRE,PRESENTACION,CONTENIDO,UNIDADES_POR_CAJA,COSTO,COSTO_VENTA,PRECIO_BASE,UNIDAD_MEDIDA,CODIGO_BARRAS) VALUES(253,37,'Sure Stick Invisible','Unscented',45,12.0,1.000000,1.000000,1.000000,'G',7.502221184895E12);

INSERT INTO MOVIMIENTO_HISTORICO_PRODUCTO (ALMACEN_ID,PRODUCTO_ID,FECHA,TIPO_MOVIMIENTO_ID,CANTIDAD,COSTO,PRECIO,USUARIO_ID) VALUES(1,253,now(),30,1,1.000000,1.000000,'root');
INSERT INTO ALMACEN_PRODUCTO(ALMACEN_ID,PRODUCTO_ID,CANTIDAD_ACTUAL,CANTIDAD_MINIMA,PRECIO_VENTA) VALUES (1,253,1,0,1.000000);

INSERT INTO ALMACEN_PRODUCTO(ALMACEN_ID,PRODUCTO_ID,CANTIDAD_ACTUAL,CANTIDAD_MINIMA,PRECIO_VENTA) VALUES (2,253,5,0,1.000000);

INSERT INTO ALMACEN_PRODUCTO(ALMACEN_ID,PRODUCTO_ID,CANTIDAD_ACTUAL,CANTIDAD_MINIMA,PRECIO_VENTA) VALUES (3,253,1,0,1.000000);

INSERT INTO ALMACEN_PRODUCTO(ALMACEN_ID,PRODUCTO_ID,CANTIDAD_ACTUAL,CANTIDAD_MINIMA,PRECIO_VENTA) VALUES (4,253,1,0,1.000000);

INSERT INTO PROVEEDOR_PRODUCTO(PROVEEDOR_ID,PRODUCTO_ID,PRECIO_COMPRA) VALUES(18,253, 1.000000);

-- ===========PRODUCTO [254]
INSERT INTO PRODUCTO(ID,MARCA_ID,NOMBRE,PRESENTACION,CONTENIDO,UNIDADES_POR_CAJA,COSTO,COSTO_VENTA,PRECIO_BASE,UNIDAD_MEDIDA,CODIGO_BARRAS) VALUES(254,12,'Ammens Stick Dama','Tropical Breeze',50,12.0,1.000000,1.000000,1.000000,'G',7.502221182792E12);

INSERT INTO MOVIMIENTO_HISTORICO_PRODUCTO (ALMACEN_ID,PRODUCTO_ID,FECHA,TIPO_MOVIMIENTO_ID,CANTIDAD,COSTO,PRECIO,USUARIO_ID) VALUES(1,254,now(),30,12,1.000000,1.000000,'root');
INSERT INTO ALMACEN_PRODUCTO(ALMACEN_ID,PRODUCTO_ID,CANTIDAD_ACTUAL,CANTIDAD_MINIMA,PRECIO_VENTA) VALUES (1,254,12,0,1.000000);

INSERT INTO ALMACEN_PRODUCTO(ALMACEN_ID,PRODUCTO_ID,CANTIDAD_ACTUAL,CANTIDAD_MINIMA,PRECIO_VENTA) VALUES (2,254,0,0,1.000000);

INSERT INTO ALMACEN_PRODUCTO(ALMACEN_ID,PRODUCTO_ID,CANTIDAD_ACTUAL,CANTIDAD_MINIMA,PRECIO_VENTA) VALUES (3,254,12,0,1.000000);

INSERT INTO ALMACEN_PRODUCTO(ALMACEN_ID,PRODUCTO_ID,CANTIDAD_ACTUAL,CANTIDAD_MINIMA,PRECIO_VENTA) VALUES (4,254,12,0,1.000000);

INSERT INTO PROVEEDOR_PRODUCTO(PROVEEDOR_ID,PRODUCTO_ID,PRECIO_COMPRA) VALUES(18,254, 1.000000);

-- ===========PRODUCTO [255]
INSERT INTO PRODUCTO(ID,MARCA_ID,NOMBRE,PRESENTACION,CONTENIDO,UNIDADES_POR_CAJA,COSTO,COSTO_VENTA,PRECIO_BASE,UNIDAD_MEDIDA,CODIGO_BARRAS) VALUES(255,12,'Ammens Stick Dama','Soft Cotton',50,12.0,1.000000,1.000000,1.000000,'G',7.502221182815E12);

INSERT INTO MOVIMIENTO_HISTORICO_PRODUCTO (ALMACEN_ID,PRODUCTO_ID,FECHA,TIPO_MOVIMIENTO_ID,CANTIDAD,COSTO,PRECIO,USUARIO_ID) VALUES(1,255,now(),30,12,1.000000,1.000000,'root');
INSERT INTO ALMACEN_PRODUCTO(ALMACEN_ID,PRODUCTO_ID,CANTIDAD_ACTUAL,CANTIDAD_MINIMA,PRECIO_VENTA) VALUES (1,255,12,0,1.000000);

INSERT INTO ALMACEN_PRODUCTO(ALMACEN_ID,PRODUCTO_ID,CANTIDAD_ACTUAL,CANTIDAD_MINIMA,PRECIO_VENTA) VALUES (2,255,0,0,1.000000);

INSERT INTO ALMACEN_PRODUCTO(ALMACEN_ID,PRODUCTO_ID,CANTIDAD_ACTUAL,CANTIDAD_MINIMA,PRECIO_VENTA) VALUES (3,255,12,0,1.000000);

INSERT INTO ALMACEN_PRODUCTO(ALMACEN_ID,PRODUCTO_ID,CANTIDAD_ACTUAL,CANTIDAD_MINIMA,PRECIO_VENTA) VALUES (4,255,12,0,1.000000);

INSERT INTO PROVEEDOR_PRODUCTO(PROVEEDOR_ID,PRODUCTO_ID,PRECIO_COMPRA) VALUES(18,255, 1.000000);

-- ===========PRODUCTO [256]
INSERT INTO PRODUCTO(ID,MARCA_ID,NOMBRE,PRESENTACION,CONTENIDO,UNIDADES_POR_CAJA,COSTO,COSTO_VENTA,PRECIO_BASE,UNIDAD_MEDIDA,CODIGO_BARRAS) VALUES(256,12,'Ammens Stick Dama','Cool Energy',50,12.0,1.000000,1.000000,1.000000,'G',7.502221182785E12);

INSERT INTO MOVIMIENTO_HISTORICO_PRODUCTO (ALMACEN_ID,PRODUCTO_ID,FECHA,TIPO_MOVIMIENTO_ID,CANTIDAD,COSTO,PRECIO,USUARIO_ID) VALUES(1,256,now(),30,12,1.000000,1.000000,'root');
INSERT INTO ALMACEN_PRODUCTO(ALMACEN_ID,PRODUCTO_ID,CANTIDAD_ACTUAL,CANTIDAD_MINIMA,PRECIO_VENTA) VALUES (1,256,12,0,1.000000);

INSERT INTO ALMACEN_PRODUCTO(ALMACEN_ID,PRODUCTO_ID,CANTIDAD_ACTUAL,CANTIDAD_MINIMA,PRECIO_VENTA) VALUES (2,256,2,0,1.000000);

INSERT INTO ALMACEN_PRODUCTO(ALMACEN_ID,PRODUCTO_ID,CANTIDAD_ACTUAL,CANTIDAD_MINIMA,PRECIO_VENTA) VALUES (3,256,12,0,1.000000);

INSERT INTO ALMACEN_PRODUCTO(ALMACEN_ID,PRODUCTO_ID,CANTIDAD_ACTUAL,CANTIDAD_MINIMA,PRECIO_VENTA) VALUES (4,256,12,0,1.000000);

INSERT INTO PROVEEDOR_PRODUCTO(PROVEEDOR_ID,PRODUCTO_ID,PRECIO_COMPRA) VALUES(18,256, 1.000000);

-- ===========PRODUCTO [257]
INSERT INTO PRODUCTO(ID,MARCA_ID,NOMBRE,PRESENTACION,CONTENIDO,UNIDADES_POR_CAJA,COSTO,COSTO_VENTA,PRECIO_BASE,UNIDAD_MEDIDA,CODIGO_BARRAS) VALUES(257,38,'Mistral Rollon Dama','Original',50,12.0,1.000000,1.000000,1.000000,'G',7.501737411242E12);

INSERT INTO MOVIMIENTO_HISTORICO_PRODUCTO (ALMACEN_ID,PRODUCTO_ID,FECHA,TIPO_MOVIMIENTO_ID,CANTIDAD,COSTO,PRECIO,USUARIO_ID) VALUES(1,257,now(),30,12,1.000000,1.000000,'root');
INSERT INTO ALMACEN_PRODUCTO(ALMACEN_ID,PRODUCTO_ID,CANTIDAD_ACTUAL,CANTIDAD_MINIMA,PRECIO_VENTA) VALUES (1,257,12,0,1.000000);

INSERT INTO ALMACEN_PRODUCTO(ALMACEN_ID,PRODUCTO_ID,CANTIDAD_ACTUAL,CANTIDAD_MINIMA,PRECIO_VENTA) VALUES (2,257,0,0,1.000000);

INSERT INTO ALMACEN_PRODUCTO(ALMACEN_ID,PRODUCTO_ID,CANTIDAD_ACTUAL,CANTIDAD_MINIMA,PRECIO_VENTA) VALUES (3,257,12,0,1.000000);

INSERT INTO ALMACEN_PRODUCTO(ALMACEN_ID,PRODUCTO_ID,CANTIDAD_ACTUAL,CANTIDAD_MINIMA,PRECIO_VENTA) VALUES (4,257,12,0,1.000000);

INSERT INTO PROVEEDOR_PRODUCTO(PROVEEDOR_ID,PRODUCTO_ID,PRECIO_COMPRA) VALUES(13,257, 1.000000);

-- ===========PRODUCTO [258]
INSERT INTO PRODUCTO(ID,MARCA_ID,NOMBRE,PRESENTACION,CONTENIDO,UNIDADES_POR_CAJA,COSTO,COSTO_VENTA,PRECIO_BASE,UNIDAD_MEDIDA,CODIGO_BARRAS) VALUES(258,1,'Jovan Rollon Caballero','Musk For Men',50,12.0,1.000000,1.000000,1.000000,'G',7.501737493224E12);

INSERT INTO MOVIMIENTO_HISTORICO_PRODUCTO (ALMACEN_ID,PRODUCTO_ID,FECHA,TIPO_MOVIMIENTO_ID,CANTIDAD,COSTO,PRECIO,USUARIO_ID) VALUES(1,258,now(),30,12,1.000000,1.000000,'root');
INSERT INTO ALMACEN_PRODUCTO(ALMACEN_ID,PRODUCTO_ID,CANTIDAD_ACTUAL,CANTIDAD_MINIMA,PRECIO_VENTA) VALUES (1,258,12,0,1.000000);

INSERT INTO ALMACEN_PRODUCTO(ALMACEN_ID,PRODUCTO_ID,CANTIDAD_ACTUAL,CANTIDAD_MINIMA,PRECIO_VENTA) VALUES (2,258,0,0,1.000000);

INSERT INTO ALMACEN_PRODUCTO(ALMACEN_ID,PRODUCTO_ID,CANTIDAD_ACTUAL,CANTIDAD_MINIMA,PRECIO_VENTA) VALUES (3,258,12,0,1.000000);

INSERT INTO ALMACEN_PRODUCTO(ALMACEN_ID,PRODUCTO_ID,CANTIDAD_ACTUAL,CANTIDAD_MINIMA,PRECIO_VENTA) VALUES (4,258,12,0,1.000000);

INSERT INTO PROVEEDOR_PRODUCTO(PROVEEDOR_ID,PRODUCTO_ID,PRECIO_COMPRA) VALUES(12,258, 1.000000);

-- ===========PRODUCTO [259]
INSERT INTO PRODUCTO(ID,MARCA_ID,NOMBRE,PRESENTACION,CONTENIDO,UNIDADES_POR_CAJA,COSTO,COSTO_VENTA,PRECIO_BASE,UNIDAD_MEDIDA,CODIGO_BARRAS) VALUES(259,19,'Rexona Rollon Caballero','Power',50,12.0,1.000000,1.000000,19.000000,'ML',7.8922082E7);

INSERT INTO MOVIMIENTO_HISTORICO_PRODUCTO (ALMACEN_ID,PRODUCTO_ID,FECHA,TIPO_MOVIMIENTO_ID,CANTIDAD,COSTO,PRECIO,USUARIO_ID) VALUES(1,259,now(),30,12,1.000000,19.000000,'root');
INSERT INTO ALMACEN_PRODUCTO(ALMACEN_ID,PRODUCTO_ID,CANTIDAD_ACTUAL,CANTIDAD_MINIMA,PRECIO_VENTA) VALUES (1,259,12,0,19.000000);

INSERT INTO ALMACEN_PRODUCTO(ALMACEN_ID,PRODUCTO_ID,CANTIDAD_ACTUAL,CANTIDAD_MINIMA,PRECIO_VENTA) VALUES (2,259,0,0,1.000000);

INSERT INTO ALMACEN_PRODUCTO(ALMACEN_ID,PRODUCTO_ID,CANTIDAD_ACTUAL,CANTIDAD_MINIMA,PRECIO_VENTA) VALUES (3,259,12,0,17.900000);

INSERT INTO ALMACEN_PRODUCTO(ALMACEN_ID,PRODUCTO_ID,CANTIDAD_ACTUAL,CANTIDAD_MINIMA,PRECIO_VENTA) VALUES (4,259,12,0,1.000000);

INSERT INTO PROVEEDOR_PRODUCTO(PROVEEDOR_ID,PRODUCTO_ID,PRECIO_COMPRA) VALUES(17,259, 1.000000);

-- ===========PRODUCTO [260]
INSERT INTO PRODUCTO(ID,MARCA_ID,NOMBRE,PRESENTACION,CONTENIDO,UNIDADES_POR_CAJA,COSTO,COSTO_VENTA,PRECIO_BASE,UNIDAD_MEDIDA,CODIGO_BARRAS) VALUES(260,39,'Patrichs Rollon Caballero','Terra',50,12.0,1.000000,1.000000,1.000000,'G',7.501056310424E12);

INSERT INTO MOVIMIENTO_HISTORICO_PRODUCTO (ALMACEN_ID,PRODUCTO_ID,FECHA,TIPO_MOVIMIENTO_ID,CANTIDAD,COSTO,PRECIO,USUARIO_ID) VALUES(1,260,now(),30,12,1.000000,1.000000,'root');
INSERT INTO ALMACEN_PRODUCTO(ALMACEN_ID,PRODUCTO_ID,CANTIDAD_ACTUAL,CANTIDAD_MINIMA,PRECIO_VENTA) VALUES (1,260,12,0,1.000000);

INSERT INTO ALMACEN_PRODUCTO(ALMACEN_ID,PRODUCTO_ID,CANTIDAD_ACTUAL,CANTIDAD_MINIMA,PRECIO_VENTA) VALUES (2,260,0,0,1.000000);

INSERT INTO ALMACEN_PRODUCTO(ALMACEN_ID,PRODUCTO_ID,CANTIDAD_ACTUAL,CANTIDAD_MINIMA,PRECIO_VENTA) VALUES (3,260,12,0,1.000000);

INSERT INTO ALMACEN_PRODUCTO(ALMACEN_ID,PRODUCTO_ID,CANTIDAD_ACTUAL,CANTIDAD_MINIMA,PRECIO_VENTA) VALUES (4,260,12,0,1.000000);

INSERT INTO PROVEEDOR_PRODUCTO(PROVEEDOR_ID,PRODUCTO_ID,PRECIO_COMPRA) VALUES(17,260, 1.000000);

-- ===========PRODUCTO [261]
INSERT INTO PRODUCTO(ID,MARCA_ID,NOMBRE,PRESENTACION,CONTENIDO,UNIDADES_POR_CAJA,COSTO,COSTO_VENTA,PRECIO_BASE,UNIDAD_MEDIDA,CODIGO_BARRAS) VALUES(261,2,'Adidas Aerosol Dama','Fruity Rhythm',150,12.0,1.000000,1.000000,30.920000,'ML',7.795646631024E12);

INSERT INTO MOVIMIENTO_HISTORICO_PRODUCTO (ALMACEN_ID,PRODUCTO_ID,FECHA,TIPO_MOVIMIENTO_ID,CANTIDAD,COSTO,PRECIO,USUARIO_ID) VALUES(1,261,now(),30,12,1.000000,30.920000,'root');
INSERT INTO ALMACEN_PRODUCTO(ALMACEN_ID,PRODUCTO_ID,CANTIDAD_ACTUAL,CANTIDAD_MINIMA,PRECIO_VENTA) VALUES (1,261,12,0,30.920000);

INSERT INTO ALMACEN_PRODUCTO(ALMACEN_ID,PRODUCTO_ID,CANTIDAD_ACTUAL,CANTIDAD_MINIMA,PRECIO_VENTA) VALUES (2,261,0,0,1.000000);

INSERT INTO ALMACEN_PRODUCTO(ALMACEN_ID,PRODUCTO_ID,CANTIDAD_ACTUAL,CANTIDAD_MINIMA,PRECIO_VENTA) VALUES (3,261,12,0,29.900000);

INSERT INTO ALMACEN_PRODUCTO(ALMACEN_ID,PRODUCTO_ID,CANTIDAD_ACTUAL,CANTIDAD_MINIMA,PRECIO_VENTA) VALUES (4,261,12,0,1.000000);

INSERT INTO PROVEEDOR_PRODUCTO(PROVEEDOR_ID,PRODUCTO_ID,PRECIO_COMPRA) VALUES(19,261, 1.000000);

-- ===========PRODUCTO [262]
INSERT INTO PRODUCTO(ID,MARCA_ID,NOMBRE,PRESENTACION,CONTENIDO,UNIDADES_POR_CAJA,COSTO,COSTO_VENTA,PRECIO_BASE,UNIDAD_MEDIDA,CODIGO_BARRAS) VALUES(262,2,'Adidas Aerosol Dama','Pure Powder',150,12.0,1.000000,1.000000,30.920000,'ML',7.795646571023E12);

INSERT INTO MOVIMIENTO_HISTORICO_PRODUCTO (ALMACEN_ID,PRODUCTO_ID,FECHA,TIPO_MOVIMIENTO_ID,CANTIDAD,COSTO,PRECIO,USUARIO_ID) VALUES(1,262,now(),30,12,1.000000,30.920000,'root');
INSERT INTO ALMACEN_PRODUCTO(ALMACEN_ID,PRODUCTO_ID,CANTIDAD_ACTUAL,CANTIDAD_MINIMA,PRECIO_VENTA) VALUES (1,262,12,0,30.920000);

INSERT INTO ALMACEN_PRODUCTO(ALMACEN_ID,PRODUCTO_ID,CANTIDAD_ACTUAL,CANTIDAD_MINIMA,PRECIO_VENTA) VALUES (2,262,0,0,1.000000);

INSERT INTO ALMACEN_PRODUCTO(ALMACEN_ID,PRODUCTO_ID,CANTIDAD_ACTUAL,CANTIDAD_MINIMA,PRECIO_VENTA) VALUES (3,262,12,0,29.900000);

INSERT INTO ALMACEN_PRODUCTO(ALMACEN_ID,PRODUCTO_ID,CANTIDAD_ACTUAL,CANTIDAD_MINIMA,PRECIO_VENTA) VALUES (4,262,12,0,1.000000);

INSERT INTO PROVEEDOR_PRODUCTO(PROVEEDOR_ID,PRODUCTO_ID,PRECIO_COMPRA) VALUES(19,262, 1.000000);

-- ===========PRODUCTO [263]
INSERT INTO PRODUCTO(ID,MARCA_ID,NOMBRE,PRESENTACION,CONTENIDO,UNIDADES_POR_CAJA,COSTO,COSTO_VENTA,PRECIO_BASE,UNIDAD_MEDIDA,CODIGO_BARRAS) VALUES(263,2,'Adidas Rollon Caballero','Ice Dive 48h',50,12.0,1.000000,1.000000,1.000000,'G',7.501737460509E12);

INSERT INTO MOVIMIENTO_HISTORICO_PRODUCTO (ALMACEN_ID,PRODUCTO_ID,FECHA,TIPO_MOVIMIENTO_ID,CANTIDAD,COSTO,PRECIO,USUARIO_ID) VALUES(1,263,now(),30,12,1.000000,1.000000,'root');
INSERT INTO ALMACEN_PRODUCTO(ALMACEN_ID,PRODUCTO_ID,CANTIDAD_ACTUAL,CANTIDAD_MINIMA,PRECIO_VENTA) VALUES (1,263,12,0,1.000000);

INSERT INTO ALMACEN_PRODUCTO(ALMACEN_ID,PRODUCTO_ID,CANTIDAD_ACTUAL,CANTIDAD_MINIMA,PRECIO_VENTA) VALUES (2,263,0,0,1.000000);

INSERT INTO ALMACEN_PRODUCTO(ALMACEN_ID,PRODUCTO_ID,CANTIDAD_ACTUAL,CANTIDAD_MINIMA,PRECIO_VENTA) VALUES (3,263,12,0,1.000000);

INSERT INTO ALMACEN_PRODUCTO(ALMACEN_ID,PRODUCTO_ID,CANTIDAD_ACTUAL,CANTIDAD_MINIMA,PRECIO_VENTA) VALUES (4,263,12,0,1.000000);

INSERT INTO PROVEEDOR_PRODUCTO(PROVEEDOR_ID,PRODUCTO_ID,PRECIO_COMPRA) VALUES(12,263, 1.000000);

-- ===========PRODUCTO [264]
INSERT INTO PRODUCTO(ID,MARCA_ID,NOMBRE,PRESENTACION,CONTENIDO,UNIDADES_POR_CAJA,COSTO,COSTO_VENTA,PRECIO_BASE,UNIDAD_MEDIDA,CODIGO_BARRAS) VALUES(264,2,'Adidas Rollon Caballero','Pro Level',50,12.0,1.000000,1.000000,1.000000,'G',7.5029999E7);

INSERT INTO MOVIMIENTO_HISTORICO_PRODUCTO (ALMACEN_ID,PRODUCTO_ID,FECHA,TIPO_MOVIMIENTO_ID,CANTIDAD,COSTO,PRECIO,USUARIO_ID) VALUES(1,264,now(),30,12,1.000000,1.000000,'root');
INSERT INTO ALMACEN_PRODUCTO(ALMACEN_ID,PRODUCTO_ID,CANTIDAD_ACTUAL,CANTIDAD_MINIMA,PRECIO_VENTA) VALUES (1,264,12,0,1.000000);

INSERT INTO ALMACEN_PRODUCTO(ALMACEN_ID,PRODUCTO_ID,CANTIDAD_ACTUAL,CANTIDAD_MINIMA,PRECIO_VENTA) VALUES (2,264,0,0,1.000000);

INSERT INTO ALMACEN_PRODUCTO(ALMACEN_ID,PRODUCTO_ID,CANTIDAD_ACTUAL,CANTIDAD_MINIMA,PRECIO_VENTA) VALUES (3,264,12,0,1.000000);

INSERT INTO ALMACEN_PRODUCTO(ALMACEN_ID,PRODUCTO_ID,CANTIDAD_ACTUAL,CANTIDAD_MINIMA,PRECIO_VENTA) VALUES (4,264,12,0,1.000000);

INSERT INTO PROVEEDOR_PRODUCTO(PROVEEDOR_ID,PRODUCTO_ID,PRECIO_COMPRA) VALUES(12,264, 1.000000);

-- ===========PRODUCTO [265]
INSERT INTO PRODUCTO(ID,MARCA_ID,NOMBRE,PRESENTACION,CONTENIDO,UNIDADES_POR_CAJA,COSTO,COSTO_VENTA,PRECIO_BASE,UNIDAD_MEDIDA,CODIGO_BARRAS) VALUES(265,2,'Adidas Rollon Caballero','Fresh',50,12.0,1.000000,1.000000,1.000000,'G',7.5030025E7);

INSERT INTO MOVIMIENTO_HISTORICO_PRODUCTO (ALMACEN_ID,PRODUCTO_ID,FECHA,TIPO_MOVIMIENTO_ID,CANTIDAD,COSTO,PRECIO,USUARIO_ID) VALUES(1,265,now(),30,12,1.000000,1.000000,'root');
INSERT INTO ALMACEN_PRODUCTO(ALMACEN_ID,PRODUCTO_ID,CANTIDAD_ACTUAL,CANTIDAD_MINIMA,PRECIO_VENTA) VALUES (1,265,12,0,1.000000);

INSERT INTO ALMACEN_PRODUCTO(ALMACEN_ID,PRODUCTO_ID,CANTIDAD_ACTUAL,CANTIDAD_MINIMA,PRECIO_VENTA) VALUES (2,265,0,0,1.000000);

INSERT INTO ALMACEN_PRODUCTO(ALMACEN_ID,PRODUCTO_ID,CANTIDAD_ACTUAL,CANTIDAD_MINIMA,PRECIO_VENTA) VALUES (3,265,12,0,1.000000);

INSERT INTO ALMACEN_PRODUCTO(ALMACEN_ID,PRODUCTO_ID,CANTIDAD_ACTUAL,CANTIDAD_MINIMA,PRECIO_VENTA) VALUES (4,265,12,0,1.000000);

INSERT INTO PROVEEDOR_PRODUCTO(PROVEEDOR_ID,PRODUCTO_ID,PRECIO_COMPRA) VALUES(12,265, 1.000000);

-- ===========PRODUCTO [266]
INSERT INTO PRODUCTO(ID,MARCA_ID,NOMBRE,PRESENTACION,CONTENIDO,UNIDADES_POR_CAJA,COSTO,COSTO_VENTA,PRECIO_BASE,UNIDAD_MEDIDA,CODIGO_BARRAS) VALUES(266,2,'Adidas Rollon Caballero','Control',50,12.0,1.000000,1.000000,1.000000,'G',7.5030032E7);

INSERT INTO MOVIMIENTO_HISTORICO_PRODUCTO (ALMACEN_ID,PRODUCTO_ID,FECHA,TIPO_MOVIMIENTO_ID,CANTIDAD,COSTO,PRECIO,USUARIO_ID) VALUES(1,266,now(),30,12,1.000000,1.000000,'root');
INSERT INTO ALMACEN_PRODUCTO(ALMACEN_ID,PRODUCTO_ID,CANTIDAD_ACTUAL,CANTIDAD_MINIMA,PRECIO_VENTA) VALUES (1,266,12,0,1.000000);

INSERT INTO ALMACEN_PRODUCTO(ALMACEN_ID,PRODUCTO_ID,CANTIDAD_ACTUAL,CANTIDAD_MINIMA,PRECIO_VENTA) VALUES (2,266,0,0,1.000000);

INSERT INTO ALMACEN_PRODUCTO(ALMACEN_ID,PRODUCTO_ID,CANTIDAD_ACTUAL,CANTIDAD_MINIMA,PRECIO_VENTA) VALUES (3,266,12,0,1.000000);

INSERT INTO ALMACEN_PRODUCTO(ALMACEN_ID,PRODUCTO_ID,CANTIDAD_ACTUAL,CANTIDAD_MINIMA,PRECIO_VENTA) VALUES (4,266,12,0,1.000000);

INSERT INTO PROVEEDOR_PRODUCTO(PROVEEDOR_ID,PRODUCTO_ID,PRECIO_COMPRA) VALUES(12,266, 1.000000);

-- ===========PRODUCTO [267]
INSERT INTO PRODUCTO(ID,MARCA_ID,NOMBRE,PRESENTACION,CONTENIDO,UNIDADES_POR_CAJA,COSTO,COSTO_VENTA,PRECIO_BASE,UNIDAD_MEDIDA,CODIGO_BARRAS) VALUES(267,40,'Curitas Aerosol Pies','Fresh Active',150,12.0,1.000000,1.000000,1.000000,'ML',4.005800019753E12);

INSERT INTO MOVIMIENTO_HISTORICO_PRODUCTO (ALMACEN_ID,PRODUCTO_ID,FECHA,TIPO_MOVIMIENTO_ID,CANTIDAD,COSTO,PRECIO,USUARIO_ID) VALUES(1,267,now(),30,12,1.000000,1.000000,'root');
INSERT INTO ALMACEN_PRODUCTO(ALMACEN_ID,PRODUCTO_ID,CANTIDAD_ACTUAL,CANTIDAD_MINIMA,PRECIO_VENTA) VALUES (1,267,12,0,1.000000);

INSERT INTO ALMACEN_PRODUCTO(ALMACEN_ID,PRODUCTO_ID,CANTIDAD_ACTUAL,CANTIDAD_MINIMA,PRECIO_VENTA) VALUES (2,267,0,0,1.000000);

INSERT INTO ALMACEN_PRODUCTO(ALMACEN_ID,PRODUCTO_ID,CANTIDAD_ACTUAL,CANTIDAD_MINIMA,PRECIO_VENTA) VALUES (3,267,12,0,1.000000);

INSERT INTO ALMACEN_PRODUCTO(ALMACEN_ID,PRODUCTO_ID,CANTIDAD_ACTUAL,CANTIDAD_MINIMA,PRECIO_VENTA) VALUES (4,267,12,0,1.000000);

INSERT INTO PROVEEDOR_PRODUCTO(PROVEEDOR_ID,PRODUCTO_ID,PRECIO_COMPRA) VALUES(19,267, 1.000000);

-- ===========PRODUCTO [268]
INSERT INTO PRODUCTO(ID,MARCA_ID,NOMBRE,PRESENTACION,CONTENIDO,UNIDADES_POR_CAJA,COSTO,COSTO_VENTA,PRECIO_BASE,UNIDAD_MEDIDA,CODIGO_BARRAS) VALUES(268,41,'Nivea Aerosol Caballero','Dry Impact',150,12.0,1.000000,1.000000,36.653448,'ML',4.005808293551E12);

INSERT INTO MOVIMIENTO_HISTORICO_PRODUCTO (ALMACEN_ID,PRODUCTO_ID,FECHA,TIPO_MOVIMIENTO_ID,CANTIDAD,COSTO,PRECIO,USUARIO_ID) VALUES(1,268,now(),30,12,1.000000,36.653448,'root');
INSERT INTO ALMACEN_PRODUCTO(ALMACEN_ID,PRODUCTO_ID,CANTIDAD_ACTUAL,CANTIDAD_MINIMA,PRECIO_VENTA) VALUES (1,268,12,0,36.653448);

INSERT INTO ALMACEN_PRODUCTO(ALMACEN_ID,PRODUCTO_ID,CANTIDAD_ACTUAL,CANTIDAD_MINIMA,PRECIO_VENTA) VALUES (2,268,0,0,1.000000);

INSERT INTO ALMACEN_PRODUCTO(ALMACEN_ID,PRODUCTO_ID,CANTIDAD_ACTUAL,CANTIDAD_MINIMA,PRECIO_VENTA) VALUES (3,268,12,0,34.900000);

INSERT INTO ALMACEN_PRODUCTO(ALMACEN_ID,PRODUCTO_ID,CANTIDAD_ACTUAL,CANTIDAD_MINIMA,PRECIO_VENTA) VALUES (4,268,12,0,1.000000);

INSERT INTO PROVEEDOR_PRODUCTO(PROVEEDOR_ID,PRODUCTO_ID,PRECIO_COMPRA) VALUES(19,268, 1.000000);

-- ===========PRODUCTO [269]
INSERT INTO PRODUCTO(ID,MARCA_ID,NOMBRE,PRESENTACION,CONTENIDO,UNIDADES_POR_CAJA,COSTO,COSTO_VENTA,PRECIO_BASE,UNIDAD_MEDIDA,CODIGO_BARRAS) VALUES(269,41,'Nivea Aerosol Caballero','Fresh Active',150,12.0,1.000000,1.000000,36.653448,'ML',4.005808297252E12);

INSERT INTO MOVIMIENTO_HISTORICO_PRODUCTO (ALMACEN_ID,PRODUCTO_ID,FECHA,TIPO_MOVIMIENTO_ID,CANTIDAD,COSTO,PRECIO,USUARIO_ID) VALUES(1,269,now(),30,12,1.000000,36.653448,'root');
INSERT INTO ALMACEN_PRODUCTO(ALMACEN_ID,PRODUCTO_ID,CANTIDAD_ACTUAL,CANTIDAD_MINIMA,PRECIO_VENTA) VALUES (1,269,12,0,36.653448);

INSERT INTO ALMACEN_PRODUCTO(ALMACEN_ID,PRODUCTO_ID,CANTIDAD_ACTUAL,CANTIDAD_MINIMA,PRECIO_VENTA) VALUES (2,269,0,0,1.000000);

INSERT INTO ALMACEN_PRODUCTO(ALMACEN_ID,PRODUCTO_ID,CANTIDAD_ACTUAL,CANTIDAD_MINIMA,PRECIO_VENTA) VALUES (3,269,12,0,34.900000);

INSERT INTO ALMACEN_PRODUCTO(ALMACEN_ID,PRODUCTO_ID,CANTIDAD_ACTUAL,CANTIDAD_MINIMA,PRECIO_VENTA) VALUES (4,269,12,0,1.000000);

INSERT INTO PROVEEDOR_PRODUCTO(PROVEEDOR_ID,PRODUCTO_ID,PRECIO_COMPRA) VALUES(19,269, 1.000000);

-- ===========PRODUCTO [270]
INSERT INTO PRODUCTO(ID,MARCA_ID,NOMBRE,PRESENTACION,CONTENIDO,UNIDADES_POR_CAJA,COSTO,COSTO_VENTA,PRECIO_BASE,UNIDAD_MEDIDA,CODIGO_BARRAS) VALUES(270,42,'English Leather Rollon','Silver',65,12.0,1.000000,1.000000,1.000000,'G',7.501956510603E12);

INSERT INTO MOVIMIENTO_HISTORICO_PRODUCTO (ALMACEN_ID,PRODUCTO_ID,FECHA,TIPO_MOVIMIENTO_ID,CANTIDAD,COSTO,PRECIO,USUARIO_ID) VALUES(1,270,now(),30,12,1.000000,1.000000,'root');
INSERT INTO ALMACEN_PRODUCTO(ALMACEN_ID,PRODUCTO_ID,CANTIDAD_ACTUAL,CANTIDAD_MINIMA,PRECIO_VENTA) VALUES (1,270,12,0,1.000000);

INSERT INTO ALMACEN_PRODUCTO(ALMACEN_ID,PRODUCTO_ID,CANTIDAD_ACTUAL,CANTIDAD_MINIMA,PRECIO_VENTA) VALUES (2,270,0,0,1.000000);

INSERT INTO ALMACEN_PRODUCTO(ALMACEN_ID,PRODUCTO_ID,CANTIDAD_ACTUAL,CANTIDAD_MINIMA,PRECIO_VENTA) VALUES (3,270,12,0,1.000000);

INSERT INTO ALMACEN_PRODUCTO(ALMACEN_ID,PRODUCTO_ID,CANTIDAD_ACTUAL,CANTIDAD_MINIMA,PRECIO_VENTA) VALUES (4,270,12,0,1.000000);

INSERT INTO PROVEEDOR_PRODUCTO(PROVEEDOR_ID,PRODUCTO_ID,PRECIO_COMPRA) VALUES(13,270, 1.000000);

-- ===========PRODUCTO [271]
INSERT INTO PRODUCTO(ID,MARCA_ID,NOMBRE,PRESENTACION,CONTENIDO,UNIDADES_POR_CAJA,COSTO,COSTO_VENTA,PRECIO_BASE,UNIDAD_MEDIDA,CODIGO_BARRAS) VALUES(271,42,'English Leather Rollon','Edicion Especial',65,12.0,1.000000,1.000000,1.000000,'G',7.501956509577E12);

INSERT INTO MOVIMIENTO_HISTORICO_PRODUCTO (ALMACEN_ID,PRODUCTO_ID,FECHA,TIPO_MOVIMIENTO_ID,CANTIDAD,COSTO,PRECIO,USUARIO_ID) VALUES(1,271,now(),30,12,1.000000,1.000000,'root');
INSERT INTO ALMACEN_PRODUCTO(ALMACEN_ID,PRODUCTO_ID,CANTIDAD_ACTUAL,CANTIDAD_MINIMA,PRECIO_VENTA) VALUES (1,271,12,0,1.000000);

INSERT INTO ALMACEN_PRODUCTO(ALMACEN_ID,PRODUCTO_ID,CANTIDAD_ACTUAL,CANTIDAD_MINIMA,PRECIO_VENTA) VALUES (2,271,0,0,1.000000);

INSERT INTO ALMACEN_PRODUCTO(ALMACEN_ID,PRODUCTO_ID,CANTIDAD_ACTUAL,CANTIDAD_MINIMA,PRECIO_VENTA) VALUES (3,271,12,0,1.000000);

INSERT INTO ALMACEN_PRODUCTO(ALMACEN_ID,PRODUCTO_ID,CANTIDAD_ACTUAL,CANTIDAD_MINIMA,PRECIO_VENTA) VALUES (4,271,12,0,1.000000);

INSERT INTO PROVEEDOR_PRODUCTO(PROVEEDOR_ID,PRODUCTO_ID,PRECIO_COMPRA) VALUES(13,271, 1.000000);

-- ===========PRODUCTO [272]
INSERT INTO PRODUCTO(ID,MARCA_ID,NOMBRE,PRESENTACION,CONTENIDO,UNIDADES_POR_CAJA,COSTO,COSTO_VENTA,PRECIO_BASE,UNIDAD_MEDIDA,CODIGO_BARRAS) VALUES(272,42,'English Leather Rollon','Clasico',65,12.0,1.000000,1.000000,1.000000,'G',7.501956509003E12);

INSERT INTO MOVIMIENTO_HISTORICO_PRODUCTO (ALMACEN_ID,PRODUCTO_ID,FECHA,TIPO_MOVIMIENTO_ID,CANTIDAD,COSTO,PRECIO,USUARIO_ID) VALUES(1,272,now(),30,12,1.000000,1.000000,'root');
INSERT INTO ALMACEN_PRODUCTO(ALMACEN_ID,PRODUCTO_ID,CANTIDAD_ACTUAL,CANTIDAD_MINIMA,PRECIO_VENTA) VALUES (1,272,12,0,1.000000);

INSERT INTO ALMACEN_PRODUCTO(ALMACEN_ID,PRODUCTO_ID,CANTIDAD_ACTUAL,CANTIDAD_MINIMA,PRECIO_VENTA) VALUES (2,272,0,0,1.000000);

INSERT INTO ALMACEN_PRODUCTO(ALMACEN_ID,PRODUCTO_ID,CANTIDAD_ACTUAL,CANTIDAD_MINIMA,PRECIO_VENTA) VALUES (3,272,12,0,1.000000);

INSERT INTO ALMACEN_PRODUCTO(ALMACEN_ID,PRODUCTO_ID,CANTIDAD_ACTUAL,CANTIDAD_MINIMA,PRECIO_VENTA) VALUES (4,272,12,0,1.000000);

INSERT INTO PROVEEDOR_PRODUCTO(PROVEEDOR_ID,PRODUCTO_ID,PRECIO_COMPRA) VALUES(13,272, 1.000000);

-- ===========PRODUCTO [273]
INSERT INTO PRODUCTO(ID,MARCA_ID,NOMBRE,PRESENTACION,CONTENIDO,UNIDADES_POR_CAJA,COSTO,COSTO_VENTA,PRECIO_BASE,UNIDAD_MEDIDA,CODIGO_BARRAS) VALUES(273,12,'Ammens Talco Desodorante Aerosol','Pies',107,12.0,1.000000,1.000000,1.000000,'G',7.502221184758E12);

INSERT INTO MOVIMIENTO_HISTORICO_PRODUCTO (ALMACEN_ID,PRODUCTO_ID,FECHA,TIPO_MOVIMIENTO_ID,CANTIDAD,COSTO,PRECIO,USUARIO_ID) VALUES(1,273,now(),30,12,1.000000,1.000000,'root');
INSERT INTO ALMACEN_PRODUCTO(ALMACEN_ID,PRODUCTO_ID,CANTIDAD_ACTUAL,CANTIDAD_MINIMA,PRECIO_VENTA) VALUES (1,273,12,0,1.000000);

INSERT INTO ALMACEN_PRODUCTO(ALMACEN_ID,PRODUCTO_ID,CANTIDAD_ACTUAL,CANTIDAD_MINIMA,PRECIO_VENTA) VALUES (2,273,0,0,1.000000);

INSERT INTO ALMACEN_PRODUCTO(ALMACEN_ID,PRODUCTO_ID,CANTIDAD_ACTUAL,CANTIDAD_MINIMA,PRECIO_VENTA) VALUES (3,273,12,0,1.000000);

INSERT INTO ALMACEN_PRODUCTO(ALMACEN_ID,PRODUCTO_ID,CANTIDAD_ACTUAL,CANTIDAD_MINIMA,PRECIO_VENTA) VALUES (4,273,12,0,1.000000);

INSERT INTO PROVEEDOR_PRODUCTO(PROVEEDOR_ID,PRODUCTO_ID,PRECIO_COMPRA) VALUES(18,273, 1.000000);

-- ===========PRODUCTO [274]
INSERT INTO PRODUCTO(ID,MARCA_ID,NOMBRE,PRESENTACION,CONTENIDO,UNIDADES_POR_CAJA,COSTO,COSTO_VENTA,PRECIO_BASE,UNIDAD_MEDIDA,CODIGO_BARRAS) VALUES(274,11,'Brut Aerosol','Dominant',210,12.0,1.000000,1.000000,1.000000,'ML',7.502221184291E12);

INSERT INTO MOVIMIENTO_HISTORICO_PRODUCTO (ALMACEN_ID,PRODUCTO_ID,FECHA,TIPO_MOVIMIENTO_ID,CANTIDAD,COSTO,PRECIO,USUARIO_ID) VALUES(1,274,now(),30,12,1.000000,1.000000,'root');
INSERT INTO ALMACEN_PRODUCTO(ALMACEN_ID,PRODUCTO_ID,CANTIDAD_ACTUAL,CANTIDAD_MINIMA,PRECIO_VENTA) VALUES (1,274,12,0,1.000000);

INSERT INTO ALMACEN_PRODUCTO(ALMACEN_ID,PRODUCTO_ID,CANTIDAD_ACTUAL,CANTIDAD_MINIMA,PRECIO_VENTA) VALUES (2,274,11,0,1.000000);

INSERT INTO ALMACEN_PRODUCTO(ALMACEN_ID,PRODUCTO_ID,CANTIDAD_ACTUAL,CANTIDAD_MINIMA,PRECIO_VENTA) VALUES (3,274,12,0,34.900000);

INSERT INTO ALMACEN_PRODUCTO(ALMACEN_ID,PRODUCTO_ID,CANTIDAD_ACTUAL,CANTIDAD_MINIMA,PRECIO_VENTA) VALUES (4,274,12,0,1.000000);

INSERT INTO PROVEEDOR_PRODUCTO(PROVEEDOR_ID,PRODUCTO_ID,PRECIO_COMPRA) VALUES(18,274, 1.000000);

-- ===========PRODUCTO [275]
INSERT INTO PRODUCTO(ID,MARCA_ID,NOMBRE,PRESENTACION,CONTENIDO,UNIDADES_POR_CAJA,COSTO,COSTO_VENTA,PRECIO_BASE,UNIDAD_MEDIDA,CODIGO_BARRAS) VALUES(275,11,'Brut Aerosol','Motion',210,12.0,1.000000,1.000000,1.000000,'ML',7.502221182327E12);

INSERT INTO MOVIMIENTO_HISTORICO_PRODUCTO (ALMACEN_ID,PRODUCTO_ID,FECHA,TIPO_MOVIMIENTO_ID,CANTIDAD,COSTO,PRECIO,USUARIO_ID) VALUES(1,275,now(),30,12,1.000000,1.000000,'root');
INSERT INTO ALMACEN_PRODUCTO(ALMACEN_ID,PRODUCTO_ID,CANTIDAD_ACTUAL,CANTIDAD_MINIMA,PRECIO_VENTA) VALUES (1,275,12,0,1.000000);

INSERT INTO ALMACEN_PRODUCTO(ALMACEN_ID,PRODUCTO_ID,CANTIDAD_ACTUAL,CANTIDAD_MINIMA,PRECIO_VENTA) VALUES (2,275,0,0,1.000000);

INSERT INTO ALMACEN_PRODUCTO(ALMACEN_ID,PRODUCTO_ID,CANTIDAD_ACTUAL,CANTIDAD_MINIMA,PRECIO_VENTA) VALUES (3,275,12,0,34.900000);

INSERT INTO ALMACEN_PRODUCTO(ALMACEN_ID,PRODUCTO_ID,CANTIDAD_ACTUAL,CANTIDAD_MINIMA,PRECIO_VENTA) VALUES (4,275,12,0,1.000000);

INSERT INTO PROVEEDOR_PRODUCTO(PROVEEDOR_ID,PRODUCTO_ID,PRECIO_COMPRA) VALUES(18,275, 1.000000);

-- ===========PRODUCTO [276]
INSERT INTO PRODUCTO(ID,MARCA_ID,NOMBRE,PRESENTACION,CONTENIDO,UNIDADES_POR_CAJA,COSTO,COSTO_VENTA,PRECIO_BASE,UNIDAD_MEDIDA,CODIGO_BARRAS) VALUES(276,11,'Brut Aerosol','Euphoria Deo',210,12.0,1.000000,1.000000,1.000000,'ML',7.502221183546E12);

INSERT INTO MOVIMIENTO_HISTORICO_PRODUCTO (ALMACEN_ID,PRODUCTO_ID,FECHA,TIPO_MOVIMIENTO_ID,CANTIDAD,COSTO,PRECIO,USUARIO_ID) VALUES(1,276,now(),30,12,1.000000,1.000000,'root');
INSERT INTO ALMACEN_PRODUCTO(ALMACEN_ID,PRODUCTO_ID,CANTIDAD_ACTUAL,CANTIDAD_MINIMA,PRECIO_VENTA) VALUES (1,276,12,0,1.000000);

INSERT INTO ALMACEN_PRODUCTO(ALMACEN_ID,PRODUCTO_ID,CANTIDAD_ACTUAL,CANTIDAD_MINIMA,PRECIO_VENTA) VALUES (2,276,0,0,1.000000);

INSERT INTO ALMACEN_PRODUCTO(ALMACEN_ID,PRODUCTO_ID,CANTIDAD_ACTUAL,CANTIDAD_MINIMA,PRECIO_VENTA) VALUES (3,276,12,0,34.900000);

INSERT INTO ALMACEN_PRODUCTO(ALMACEN_ID,PRODUCTO_ID,CANTIDAD_ACTUAL,CANTIDAD_MINIMA,PRECIO_VENTA) VALUES (4,276,12,0,1.000000);

INSERT INTO PROVEEDOR_PRODUCTO(PROVEEDOR_ID,PRODUCTO_ID,PRECIO_COMPRA) VALUES(18,276, 1.000000);

-- ===========PRODUCTO [277]
INSERT INTO PRODUCTO(ID,MARCA_ID,NOMBRE,PRESENTACION,CONTENIDO,UNIDADES_POR_CAJA,COSTO,COSTO_VENTA,PRECIO_BASE,UNIDAD_MEDIDA,CODIGO_BARRAS) VALUES(277,11,'Brut Aerosol','Instinct',208,12.0,1.000000,1.000000,1.000000,'ML',7.502221183119E12);

INSERT INTO MOVIMIENTO_HISTORICO_PRODUCTO (ALMACEN_ID,PRODUCTO_ID,FECHA,TIPO_MOVIMIENTO_ID,CANTIDAD,COSTO,PRECIO,USUARIO_ID) VALUES(1,277,now(),30,12,1.000000,1.000000,'root');
INSERT INTO ALMACEN_PRODUCTO(ALMACEN_ID,PRODUCTO_ID,CANTIDAD_ACTUAL,CANTIDAD_MINIMA,PRECIO_VENTA) VALUES (1,277,12,0,1.000000);

INSERT INTO ALMACEN_PRODUCTO(ALMACEN_ID,PRODUCTO_ID,CANTIDAD_ACTUAL,CANTIDAD_MINIMA,PRECIO_VENTA) VALUES (2,277,0,0,1.000000);

INSERT INTO ALMACEN_PRODUCTO(ALMACEN_ID,PRODUCTO_ID,CANTIDAD_ACTUAL,CANTIDAD_MINIMA,PRECIO_VENTA) VALUES (3,277,12,0,34.900000);

INSERT INTO ALMACEN_PRODUCTO(ALMACEN_ID,PRODUCTO_ID,CANTIDAD_ACTUAL,CANTIDAD_MINIMA,PRECIO_VENTA) VALUES (4,277,12,0,1.000000);

INSERT INTO PROVEEDOR_PRODUCTO(PROVEEDOR_ID,PRODUCTO_ID,PRECIO_COMPRA) VALUES(18,277, 1.000000);

-- ===========PRODUCTO [278]
INSERT INTO PRODUCTO(ID,MARCA_ID,NOMBRE,PRESENTACION,CONTENIDO,UNIDADES_POR_CAJA,COSTO,COSTO_VENTA,PRECIO_BASE,UNIDAD_MEDIDA,CODIGO_BARRAS) VALUES(278,11,'Brut Aerosol','Classic Deo',208,12.0,1.000000,1.000000,1.000000,'ML',7.502221181337E12);

INSERT INTO MOVIMIENTO_HISTORICO_PRODUCTO (ALMACEN_ID,PRODUCTO_ID,FECHA,TIPO_MOVIMIENTO_ID,CANTIDAD,COSTO,PRECIO,USUARIO_ID) VALUES(1,278,now(),30,12,1.000000,1.000000,'root');
INSERT INTO ALMACEN_PRODUCTO(ALMACEN_ID,PRODUCTO_ID,CANTIDAD_ACTUAL,CANTIDAD_MINIMA,PRECIO_VENTA) VALUES (1,278,12,0,1.000000);

INSERT INTO ALMACEN_PRODUCTO(ALMACEN_ID,PRODUCTO_ID,CANTIDAD_ACTUAL,CANTIDAD_MINIMA,PRECIO_VENTA) VALUES (2,278,3,0,1.000000);

INSERT INTO ALMACEN_PRODUCTO(ALMACEN_ID,PRODUCTO_ID,CANTIDAD_ACTUAL,CANTIDAD_MINIMA,PRECIO_VENTA) VALUES (3,278,12,0,34.900000);

INSERT INTO ALMACEN_PRODUCTO(ALMACEN_ID,PRODUCTO_ID,CANTIDAD_ACTUAL,CANTIDAD_MINIMA,PRECIO_VENTA) VALUES (4,278,12,0,1.000000);

INSERT INTO PROVEEDOR_PRODUCTO(PROVEEDOR_ID,PRODUCTO_ID,PRECIO_COMPRA) VALUES(18,278, 1.000000);

-- ===========PRODUCTO [279]
INSERT INTO PRODUCTO(ID,MARCA_ID,NOMBRE,PRESENTACION,CONTENIDO,UNIDADES_POR_CAJA,COSTO,COSTO_VENTA,PRECIO_BASE,UNIDAD_MEDIDA,CODIGO_BARRAS) VALUES(279,11,'Brut Aerosol','Classic Ap',210,12.0,1.000000,1.000000,1.000000,'ML',7.502221181214E12);

INSERT INTO MOVIMIENTO_HISTORICO_PRODUCTO (ALMACEN_ID,PRODUCTO_ID,FECHA,TIPO_MOVIMIENTO_ID,CANTIDAD,COSTO,PRECIO,USUARIO_ID) VALUES(1,279,now(),30,12,1.000000,1.000000,'root');
INSERT INTO ALMACEN_PRODUCTO(ALMACEN_ID,PRODUCTO_ID,CANTIDAD_ACTUAL,CANTIDAD_MINIMA,PRECIO_VENTA) VALUES (1,279,12,0,1.000000);

INSERT INTO ALMACEN_PRODUCTO(ALMACEN_ID,PRODUCTO_ID,CANTIDAD_ACTUAL,CANTIDAD_MINIMA,PRECIO_VENTA) VALUES (2,279,3,0,1.000000);

INSERT INTO ALMACEN_PRODUCTO(ALMACEN_ID,PRODUCTO_ID,CANTIDAD_ACTUAL,CANTIDAD_MINIMA,PRECIO_VENTA) VALUES (3,279,12,0,34.900000);

INSERT INTO ALMACEN_PRODUCTO(ALMACEN_ID,PRODUCTO_ID,CANTIDAD_ACTUAL,CANTIDAD_MINIMA,PRECIO_VENTA) VALUES (4,279,12,0,1.000000);

INSERT INTO PROVEEDOR_PRODUCTO(PROVEEDOR_ID,PRODUCTO_ID,PRECIO_COMPRA) VALUES(18,279, 1.000000);

-- ===========PRODUCTO [280]
INSERT INTO PRODUCTO(ID,MARCA_ID,NOMBRE,PRESENTACION,CONTENIDO,UNIDADES_POR_CAJA,COSTO,COSTO_VENTA,PRECIO_BASE,UNIDAD_MEDIDA,CODIGO_BARRAS) VALUES(280,11,'Brut Aerosol','Euphoria Ap',210,12.0,1.000000,1.000000,1.000000,'ML',7.502221181931E12);

INSERT INTO MOVIMIENTO_HISTORICO_PRODUCTO (ALMACEN_ID,PRODUCTO_ID,FECHA,TIPO_MOVIMIENTO_ID,CANTIDAD,COSTO,PRECIO,USUARIO_ID) VALUES(1,280,now(),30,12,1.000000,1.000000,'root');
INSERT INTO ALMACEN_PRODUCTO(ALMACEN_ID,PRODUCTO_ID,CANTIDAD_ACTUAL,CANTIDAD_MINIMA,PRECIO_VENTA) VALUES (1,280,12,0,1.000000);

INSERT INTO ALMACEN_PRODUCTO(ALMACEN_ID,PRODUCTO_ID,CANTIDAD_ACTUAL,CANTIDAD_MINIMA,PRECIO_VENTA) VALUES (2,280,4,0,1.000000);

INSERT INTO ALMACEN_PRODUCTO(ALMACEN_ID,PRODUCTO_ID,CANTIDAD_ACTUAL,CANTIDAD_MINIMA,PRECIO_VENTA) VALUES (3,280,12,0,34.900000);

INSERT INTO ALMACEN_PRODUCTO(ALMACEN_ID,PRODUCTO_ID,CANTIDAD_ACTUAL,CANTIDAD_MINIMA,PRECIO_VENTA) VALUES (4,280,12,0,1.000000);

INSERT INTO PROVEEDOR_PRODUCTO(PROVEEDOR_ID,PRODUCTO_ID,PRECIO_COMPRA) VALUES(18,280, 1.000000);

-- ===========PRODUCTO [281]
INSERT INTO PRODUCTO(ID,MARCA_ID,NOMBRE,PRESENTACION,CONTENIDO,UNIDADES_POR_CAJA,COSTO,COSTO_VENTA,PRECIO_BASE,UNIDAD_MEDIDA,CODIGO_BARRAS) VALUES(281,11,'Brut Aerosol','Affection',210,12.0,1.000000,1.000000,1.000000,'ML',7.502221184246E12);

INSERT INTO MOVIMIENTO_HISTORICO_PRODUCTO (ALMACEN_ID,PRODUCTO_ID,FECHA,TIPO_MOVIMIENTO_ID,CANTIDAD,COSTO,PRECIO,USUARIO_ID) VALUES(1,281,now(),30,12,1.000000,1.000000,'root');
INSERT INTO ALMACEN_PRODUCTO(ALMACEN_ID,PRODUCTO_ID,CANTIDAD_ACTUAL,CANTIDAD_MINIMA,PRECIO_VENTA) VALUES (1,281,12,0,1.000000);

INSERT INTO ALMACEN_PRODUCTO(ALMACEN_ID,PRODUCTO_ID,CANTIDAD_ACTUAL,CANTIDAD_MINIMA,PRECIO_VENTA) VALUES (2,281,2,0,1.000000);

INSERT INTO ALMACEN_PRODUCTO(ALMACEN_ID,PRODUCTO_ID,CANTIDAD_ACTUAL,CANTIDAD_MINIMA,PRECIO_VENTA) VALUES (3,281,12,0,34.900000);

INSERT INTO ALMACEN_PRODUCTO(ALMACEN_ID,PRODUCTO_ID,CANTIDAD_ACTUAL,CANTIDAD_MINIMA,PRECIO_VENTA) VALUES (4,281,12,0,1.000000);

INSERT INTO PROVEEDOR_PRODUCTO(PROVEEDOR_ID,PRODUCTO_ID,PRECIO_COMPRA) VALUES(18,281, 1.000000);

-- ===========PRODUCTO [282]
INSERT INTO PRODUCTO(ID,MARCA_ID,NOMBRE,PRESENTACION,CONTENIDO,UNIDADES_POR_CAJA,COSTO,COSTO_VENTA,PRECIO_BASE,UNIDAD_MEDIDA,CODIGO_BARRAS) VALUES(282,43,'Old Spice Aerosol Caballero','Pure Sport',150,12.0,1.000000,1.000000,1.000000,'ML',7.501007443607E12);

INSERT INTO MOVIMIENTO_HISTORICO_PRODUCTO (ALMACEN_ID,PRODUCTO_ID,FECHA,TIPO_MOVIMIENTO_ID,CANTIDAD,COSTO,PRECIO,USUARIO_ID) VALUES(1,282,now(),30,12,1.000000,1.000000,'root');
INSERT INTO ALMACEN_PRODUCTO(ALMACEN_ID,PRODUCTO_ID,CANTIDAD_ACTUAL,CANTIDAD_MINIMA,PRECIO_VENTA) VALUES (1,282,12,0,1.000000);

INSERT INTO ALMACEN_PRODUCTO(ALMACEN_ID,PRODUCTO_ID,CANTIDAD_ACTUAL,CANTIDAD_MINIMA,PRECIO_VENTA) VALUES (2,282,0,0,1.000000);

INSERT INTO ALMACEN_PRODUCTO(ALMACEN_ID,PRODUCTO_ID,CANTIDAD_ACTUAL,CANTIDAD_MINIMA,PRECIO_VENTA) VALUES (3,282,12,0,1.000000);

INSERT INTO ALMACEN_PRODUCTO(ALMACEN_ID,PRODUCTO_ID,CANTIDAD_ACTUAL,CANTIDAD_MINIMA,PRECIO_VENTA) VALUES (4,282,12,0,1.000000);

INSERT INTO PROVEEDOR_PRODUCTO(PROVEEDOR_ID,PRODUCTO_ID,PRECIO_COMPRA) VALUES(19,282, 1.000000);

-- ===========PRODUCTO [283]
INSERT INTO PRODUCTO(ID,MARCA_ID,NOMBRE,PRESENTACION,CONTENIDO,UNIDADES_POR_CAJA,COSTO,COSTO_VENTA,PRECIO_BASE,UNIDAD_MEDIDA,CODIGO_BARRAS) VALUES(283,19,'Rexona Aerosol Caballero','Sportfan',175,12.0,1.000000,1.000000,37.500000,'ML',7.79129399062E12);

INSERT INTO MOVIMIENTO_HISTORICO_PRODUCTO (ALMACEN_ID,PRODUCTO_ID,FECHA,TIPO_MOVIMIENTO_ID,CANTIDAD,COSTO,PRECIO,USUARIO_ID) VALUES(1,283,now(),30,24,1.000000,37.500000,'root');
INSERT INTO ALMACEN_PRODUCTO(ALMACEN_ID,PRODUCTO_ID,CANTIDAD_ACTUAL,CANTIDAD_MINIMA,PRECIO_VENTA) VALUES (1,283,24,0,37.500000);

INSERT INTO ALMACEN_PRODUCTO(ALMACEN_ID,PRODUCTO_ID,CANTIDAD_ACTUAL,CANTIDAD_MINIMA,PRECIO_VENTA) VALUES (2,283,0,0,1.000000);

INSERT INTO ALMACEN_PRODUCTO(ALMACEN_ID,PRODUCTO_ID,CANTIDAD_ACTUAL,CANTIDAD_MINIMA,PRECIO_VENTA) VALUES (3,283,24,0,37.900000);

INSERT INTO ALMACEN_PRODUCTO(ALMACEN_ID,PRODUCTO_ID,CANTIDAD_ACTUAL,CANTIDAD_MINIMA,PRECIO_VENTA) VALUES (4,283,24,0,1.000000);

INSERT INTO PROVEEDOR_PRODUCTO(PROVEEDOR_ID,PRODUCTO_ID,PRECIO_COMPRA) VALUES(19,283, 1.000000);

-- ===========PRODUCTO [284]
INSERT INTO PRODUCTO(ID,MARCA_ID,NOMBRE,PRESENTACION,CONTENIDO,UNIDADES_POR_CAJA,COSTO,COSTO_VENTA,PRECIO_BASE,UNIDAD_MEDIDA,CODIGO_BARRAS) VALUES(284,19,'Rexona Aerosol Caballero','Invisible',175,12.0,1.000000,1.000000,37.500000,'ML',7.791293568942E12);

INSERT INTO MOVIMIENTO_HISTORICO_PRODUCTO (ALMACEN_ID,PRODUCTO_ID,FECHA,TIPO_MOVIMIENTO_ID,CANTIDAD,COSTO,PRECIO,USUARIO_ID) VALUES(1,284,now(),30,12,1.000000,37.500000,'root');
INSERT INTO ALMACEN_PRODUCTO(ALMACEN_ID,PRODUCTO_ID,CANTIDAD_ACTUAL,CANTIDAD_MINIMA,PRECIO_VENTA) VALUES (1,284,12,0,37.500000);

INSERT INTO ALMACEN_PRODUCTO(ALMACEN_ID,PRODUCTO_ID,CANTIDAD_ACTUAL,CANTIDAD_MINIMA,PRECIO_VENTA) VALUES (2,284,0,0,1.000000);

INSERT INTO ALMACEN_PRODUCTO(ALMACEN_ID,PRODUCTO_ID,CANTIDAD_ACTUAL,CANTIDAD_MINIMA,PRECIO_VENTA) VALUES (3,284,12,0,37.900000);

INSERT INTO ALMACEN_PRODUCTO(ALMACEN_ID,PRODUCTO_ID,CANTIDAD_ACTUAL,CANTIDAD_MINIMA,PRECIO_VENTA) VALUES (4,284,12,0,1.000000);

INSERT INTO PROVEEDOR_PRODUCTO(PROVEEDOR_ID,PRODUCTO_ID,PRECIO_COMPRA) VALUES(19,284, 1.000000);

-- ===========PRODUCTO [285]
INSERT INTO PRODUCTO(ID,MARCA_ID,NOMBRE,PRESENTACION,CONTENIDO,UNIDADES_POR_CAJA,COSTO,COSTO_VENTA,PRECIO_BASE,UNIDAD_MEDIDA,CODIGO_BARRAS) VALUES(285,26,'Speed Stick Rollon','Icy Surge',50,12.0,1.000000,1.000000,1.000000,'ML',7.509546010083E12);

INSERT INTO MOVIMIENTO_HISTORICO_PRODUCTO (ALMACEN_ID,PRODUCTO_ID,FECHA,TIPO_MOVIMIENTO_ID,CANTIDAD,COSTO,PRECIO,USUARIO_ID) VALUES(1,285,now(),30,12,1.000000,1.000000,'root');
INSERT INTO ALMACEN_PRODUCTO(ALMACEN_ID,PRODUCTO_ID,CANTIDAD_ACTUAL,CANTIDAD_MINIMA,PRECIO_VENTA) VALUES (1,285,12,0,1.000000);

INSERT INTO ALMACEN_PRODUCTO(ALMACEN_ID,PRODUCTO_ID,CANTIDAD_ACTUAL,CANTIDAD_MINIMA,PRECIO_VENTA) VALUES (2,285,0,0,1.000000);

INSERT INTO ALMACEN_PRODUCTO(ALMACEN_ID,PRODUCTO_ID,CANTIDAD_ACTUAL,CANTIDAD_MINIMA,PRECIO_VENTA) VALUES (3,285,12,0,1.000000);

INSERT INTO ALMACEN_PRODUCTO(ALMACEN_ID,PRODUCTO_ID,CANTIDAD_ACTUAL,CANTIDAD_MINIMA,PRECIO_VENTA) VALUES (4,285,12,0,1.000000);

INSERT INTO PROVEEDOR_PRODUCTO(PROVEEDOR_ID,PRODUCTO_ID,PRECIO_COMPRA) VALUES(6,285, 1.000000);

-- ===========PRODUCTO [286]
INSERT INTO PRODUCTO(ID,MARCA_ID,NOMBRE,PRESENTACION,CONTENIDO,UNIDADES_POR_CAJA,COSTO,COSTO_VENTA,PRECIO_BASE,UNIDAD_MEDIDA,CODIGO_BARRAS) VALUES(286,44,'Axe Aerosol','Dark Temptation',90,12.0,1.000000,1.000000,1.000000,'ML',7.791293005188E12);

INSERT INTO MOVIMIENTO_HISTORICO_PRODUCTO (ALMACEN_ID,PRODUCTO_ID,FECHA,TIPO_MOVIMIENTO_ID,CANTIDAD,COSTO,PRECIO,USUARIO_ID) VALUES(1,286,now(),30,14,1.000000,1.000000,'root');
INSERT INTO ALMACEN_PRODUCTO(ALMACEN_ID,PRODUCTO_ID,CANTIDAD_ACTUAL,CANTIDAD_MINIMA,PRECIO_VENTA) VALUES (1,286,14,0,1.000000);

INSERT INTO ALMACEN_PRODUCTO(ALMACEN_ID,PRODUCTO_ID,CANTIDAD_ACTUAL,CANTIDAD_MINIMA,PRECIO_VENTA) VALUES (2,286,0,0,1.000000);

INSERT INTO ALMACEN_PRODUCTO(ALMACEN_ID,PRODUCTO_ID,CANTIDAD_ACTUAL,CANTIDAD_MINIMA,PRECIO_VENTA) VALUES (3,286,14,0,1.000000);

INSERT INTO ALMACEN_PRODUCTO(ALMACEN_ID,PRODUCTO_ID,CANTIDAD_ACTUAL,CANTIDAD_MINIMA,PRECIO_VENTA) VALUES (4,286,14,0,1.000000);

INSERT INTO PROVEEDOR_PRODUCTO(PROVEEDOR_ID,PRODUCTO_ID,PRECIO_COMPRA) VALUES(19,286, 1.000000);

-- ===========PRODUCTO [287]
INSERT INTO PRODUCTO(ID,MARCA_ID,NOMBRE,PRESENTACION,CONTENIDO,UNIDADES_POR_CAJA,COSTO,COSTO_VENTA,PRECIO_BASE,UNIDAD_MEDIDA,CODIGO_BARRAS) VALUES(287,19,'Rexona Aerosol Dama','Powder',175,12.0,1.000000,1.000000,37.500000,'ML',7.79129399947E12);

INSERT INTO MOVIMIENTO_HISTORICO_PRODUCTO (ALMACEN_ID,PRODUCTO_ID,FECHA,TIPO_MOVIMIENTO_ID,CANTIDAD,COSTO,PRECIO,USUARIO_ID) VALUES(1,287,now(),30,12,1.000000,37.500000,'root');
INSERT INTO ALMACEN_PRODUCTO(ALMACEN_ID,PRODUCTO_ID,CANTIDAD_ACTUAL,CANTIDAD_MINIMA,PRECIO_VENTA) VALUES (1,287,12,0,37.500000);

INSERT INTO ALMACEN_PRODUCTO(ALMACEN_ID,PRODUCTO_ID,CANTIDAD_ACTUAL,CANTIDAD_MINIMA,PRECIO_VENTA) VALUES (2,287,1,0,1.000000);

INSERT INTO ALMACEN_PRODUCTO(ALMACEN_ID,PRODUCTO_ID,CANTIDAD_ACTUAL,CANTIDAD_MINIMA,PRECIO_VENTA) VALUES (3,287,12,0,37.900000);

INSERT INTO ALMACEN_PRODUCTO(ALMACEN_ID,PRODUCTO_ID,CANTIDAD_ACTUAL,CANTIDAD_MINIMA,PRECIO_VENTA) VALUES (4,287,12,0,1.000000);

INSERT INTO PROVEEDOR_PRODUCTO(PROVEEDOR_ID,PRODUCTO_ID,PRECIO_COMPRA) VALUES(19,287, 1.000000);

-- ===========PRODUCTO [288]
INSERT INTO PRODUCTO(ID,MARCA_ID,NOMBRE,PRESENTACION,CONTENIDO,UNIDADES_POR_CAJA,COSTO,COSTO_VENTA,PRECIO_BASE,UNIDAD_MEDIDA,CODIGO_BARRAS) VALUES(288,19,'Rexona Aerosol Dama','Happy',135,12.0,1.000000,1.000000,1.000000,'ML',7.791293995588E12);

INSERT INTO MOVIMIENTO_HISTORICO_PRODUCTO (ALMACEN_ID,PRODUCTO_ID,FECHA,TIPO_MOVIMIENTO_ID,CANTIDAD,COSTO,PRECIO,USUARIO_ID) VALUES(1,288,now(),30,12,1.000000,1.000000,'root');
INSERT INTO ALMACEN_PRODUCTO(ALMACEN_ID,PRODUCTO_ID,CANTIDAD_ACTUAL,CANTIDAD_MINIMA,PRECIO_VENTA) VALUES (1,288,12,0,1.000000);

INSERT INTO ALMACEN_PRODUCTO(ALMACEN_ID,PRODUCTO_ID,CANTIDAD_ACTUAL,CANTIDAD_MINIMA,PRECIO_VENTA) VALUES (2,288,0,0,1.000000);

INSERT INTO ALMACEN_PRODUCTO(ALMACEN_ID,PRODUCTO_ID,CANTIDAD_ACTUAL,CANTIDAD_MINIMA,PRECIO_VENTA) VALUES (3,288,12,0,1.000000);

INSERT INTO ALMACEN_PRODUCTO(ALMACEN_ID,PRODUCTO_ID,CANTIDAD_ACTUAL,CANTIDAD_MINIMA,PRECIO_VENTA) VALUES (4,288,12,0,1.000000);

INSERT INTO PROVEEDOR_PRODUCTO(PROVEEDOR_ID,PRODUCTO_ID,PRECIO_COMPRA) VALUES(19,288, 1.000000);

-- ===========PRODUCTO [289]
INSERT INTO PRODUCTO(ID,MARCA_ID,NOMBRE,PRESENTACION,CONTENIDO,UNIDADES_POR_CAJA,COSTO,COSTO_VENTA,PRECIO_BASE,UNIDAD_MEDIDA,CODIGO_BARRAS) VALUES(289,9,'Coty Body Fresh Aerosol','Hawaiian Ginger',100,12.0,1.000000,1.000000,1.000000,'ML',7.501737403933E12);

INSERT INTO MOVIMIENTO_HISTORICO_PRODUCTO (ALMACEN_ID,PRODUCTO_ID,FECHA,TIPO_MOVIMIENTO_ID,CANTIDAD,COSTO,PRECIO,USUARIO_ID) VALUES(1,289,now(),30,12,1.000000,1.000000,'root');
INSERT INTO ALMACEN_PRODUCTO(ALMACEN_ID,PRODUCTO_ID,CANTIDAD_ACTUAL,CANTIDAD_MINIMA,PRECIO_VENTA) VALUES (1,289,12,0,1.000000);

INSERT INTO ALMACEN_PRODUCTO(ALMACEN_ID,PRODUCTO_ID,CANTIDAD_ACTUAL,CANTIDAD_MINIMA,PRECIO_VENTA) VALUES (2,289,0,0,1.000000);

INSERT INTO ALMACEN_PRODUCTO(ALMACEN_ID,PRODUCTO_ID,CANTIDAD_ACTUAL,CANTIDAD_MINIMA,PRECIO_VENTA) VALUES (3,289,12,0,1.000000);

INSERT INTO ALMACEN_PRODUCTO(ALMACEN_ID,PRODUCTO_ID,CANTIDAD_ACTUAL,CANTIDAD_MINIMA,PRECIO_VENTA) VALUES (4,289,12,0,1.000000);

INSERT INTO PROVEEDOR_PRODUCTO(PROVEEDOR_ID,PRODUCTO_ID,PRECIO_COMPRA) VALUES(13,289, 1.000000);

-- ===========PRODUCTO [290]
INSERT INTO PRODUCTO(ID,MARCA_ID,NOMBRE,PRESENTACION,CONTENIDO,UNIDADES_POR_CAJA,COSTO,COSTO_VENTA,PRECIO_BASE,UNIDAD_MEDIDA,CODIGO_BARRAS) VALUES(290,9,'Coty Body Fresh Aerosol','Tahitian Orchid',100,12.0,1.000000,1.000000,1.000000,'ML',7.50173740394E12);

INSERT INTO MOVIMIENTO_HISTORICO_PRODUCTO (ALMACEN_ID,PRODUCTO_ID,FECHA,TIPO_MOVIMIENTO_ID,CANTIDAD,COSTO,PRECIO,USUARIO_ID) VALUES(1,290,now(),30,8,1.000000,1.000000,'root');
INSERT INTO ALMACEN_PRODUCTO(ALMACEN_ID,PRODUCTO_ID,CANTIDAD_ACTUAL,CANTIDAD_MINIMA,PRECIO_VENTA) VALUES (1,290,8,0,1.000000);

INSERT INTO ALMACEN_PRODUCTO(ALMACEN_ID,PRODUCTO_ID,CANTIDAD_ACTUAL,CANTIDAD_MINIMA,PRECIO_VENTA) VALUES (2,290,0,0,1.000000);

INSERT INTO ALMACEN_PRODUCTO(ALMACEN_ID,PRODUCTO_ID,CANTIDAD_ACTUAL,CANTIDAD_MINIMA,PRECIO_VENTA) VALUES (3,290,8,0,1.000000);

INSERT INTO ALMACEN_PRODUCTO(ALMACEN_ID,PRODUCTO_ID,CANTIDAD_ACTUAL,CANTIDAD_MINIMA,PRECIO_VENTA) VALUES (4,290,8,0,1.000000);

INSERT INTO PROVEEDOR_PRODUCTO(PROVEEDOR_ID,PRODUCTO_ID,PRECIO_COMPRA) VALUES(13,290, 1.000000);

-- ===========PRODUCTO [291]
INSERT INTO PRODUCTO(ID,MARCA_ID,NOMBRE,PRESENTACION,CONTENIDO,UNIDADES_POR_CAJA,COSTO,COSTO_VENTA,PRECIO_BASE,UNIDAD_MEDIDA,CODIGO_BARRAS) VALUES(291,9,'Coty Body Fresh Aerosol','Tierna',100,12.0,1.000000,1.000000,1.000000,'ML',7.50173740493E12);

INSERT INTO MOVIMIENTO_HISTORICO_PRODUCTO (ALMACEN_ID,PRODUCTO_ID,FECHA,TIPO_MOVIMIENTO_ID,CANTIDAD,COSTO,PRECIO,USUARIO_ID) VALUES(1,291,now(),30,12,1.000000,1.000000,'root');
INSERT INTO ALMACEN_PRODUCTO(ALMACEN_ID,PRODUCTO_ID,CANTIDAD_ACTUAL,CANTIDAD_MINIMA,PRECIO_VENTA) VALUES (1,291,12,0,1.000000);

INSERT INTO ALMACEN_PRODUCTO(ALMACEN_ID,PRODUCTO_ID,CANTIDAD_ACTUAL,CANTIDAD_MINIMA,PRECIO_VENTA) VALUES (2,291,0,0,1.000000);

INSERT INTO ALMACEN_PRODUCTO(ALMACEN_ID,PRODUCTO_ID,CANTIDAD_ACTUAL,CANTIDAD_MINIMA,PRECIO_VENTA) VALUES (3,291,12,0,1.000000);

INSERT INTO ALMACEN_PRODUCTO(ALMACEN_ID,PRODUCTO_ID,CANTIDAD_ACTUAL,CANTIDAD_MINIMA,PRECIO_VENTA) VALUES (4,291,12,0,1.000000);

INSERT INTO PROVEEDOR_PRODUCTO(PROVEEDOR_ID,PRODUCTO_ID,PRECIO_COMPRA) VALUES(13,291, 1.000000);

-- ===========PRODUCTO [292]
INSERT INTO PRODUCTO(ID,MARCA_ID,NOMBRE,PRESENTACION,CONTENIDO,UNIDADES_POR_CAJA,COSTO,COSTO_VENTA,PRECIO_BASE,UNIDAD_MEDIDA,CODIGO_BARRAS) VALUES(292,26,'speed Stick Rollon','Multi-Protect Active',50,12.0,1.000000,1.000000,1.000000,'ML',7.509546052588E12);

INSERT INTO MOVIMIENTO_HISTORICO_PRODUCTO (ALMACEN_ID,PRODUCTO_ID,FECHA,TIPO_MOVIMIENTO_ID,CANTIDAD,COSTO,PRECIO,USUARIO_ID) VALUES(1,292,now(),30,12,1.000000,1.000000,'root');
INSERT INTO ALMACEN_PRODUCTO(ALMACEN_ID,PRODUCTO_ID,CANTIDAD_ACTUAL,CANTIDAD_MINIMA,PRECIO_VENTA) VALUES (1,292,12,0,1.000000);

INSERT INTO ALMACEN_PRODUCTO(ALMACEN_ID,PRODUCTO_ID,CANTIDAD_ACTUAL,CANTIDAD_MINIMA,PRECIO_VENTA) VALUES (2,292,0,0,1.000000);

INSERT INTO ALMACEN_PRODUCTO(ALMACEN_ID,PRODUCTO_ID,CANTIDAD_ACTUAL,CANTIDAD_MINIMA,PRECIO_VENTA) VALUES (3,292,12,0,1.000000);

INSERT INTO ALMACEN_PRODUCTO(ALMACEN_ID,PRODUCTO_ID,CANTIDAD_ACTUAL,CANTIDAD_MINIMA,PRECIO_VENTA) VALUES (4,292,12,0,1.000000);

INSERT INTO PROVEEDOR_PRODUCTO(PROVEEDOR_ID,PRODUCTO_ID,PRECIO_COMPRA) VALUES(6,292, 1.000000);

-- ===========PRODUCTO [293]
INSERT INTO PRODUCTO(ID,MARCA_ID,NOMBRE,PRESENTACION,CONTENIDO,UNIDADES_POR_CAJA,COSTO,COSTO_VENTA,PRECIO_BASE,UNIDAD_MEDIDA,CODIGO_BARRAS) VALUES(293,26,'speed Stick Rollon','Sensitive Power Dry Control',50,12.0,1.000000,1.000000,1.000000,'ML',7.509546050669E12);

INSERT INTO MOVIMIENTO_HISTORICO_PRODUCTO (ALMACEN_ID,PRODUCTO_ID,FECHA,TIPO_MOVIMIENTO_ID,CANTIDAD,COSTO,PRECIO,USUARIO_ID) VALUES(1,293,now(),30,12,1.000000,1.000000,'root');
INSERT INTO ALMACEN_PRODUCTO(ALMACEN_ID,PRODUCTO_ID,CANTIDAD_ACTUAL,CANTIDAD_MINIMA,PRECIO_VENTA) VALUES (1,293,12,0,1.000000);

INSERT INTO ALMACEN_PRODUCTO(ALMACEN_ID,PRODUCTO_ID,CANTIDAD_ACTUAL,CANTIDAD_MINIMA,PRECIO_VENTA) VALUES (2,293,0,0,1.000000);

INSERT INTO ALMACEN_PRODUCTO(ALMACEN_ID,PRODUCTO_ID,CANTIDAD_ACTUAL,CANTIDAD_MINIMA,PRECIO_VENTA) VALUES (3,293,12,0,1.000000);

INSERT INTO ALMACEN_PRODUCTO(ALMACEN_ID,PRODUCTO_ID,CANTIDAD_ACTUAL,CANTIDAD_MINIMA,PRECIO_VENTA) VALUES (4,293,12,0,1.000000);

INSERT INTO PROVEEDOR_PRODUCTO(PROVEEDOR_ID,PRODUCTO_ID,PRECIO_COMPRA) VALUES(6,293, 1.000000);

-- ===========PRODUCTO [294]
INSERT INTO PRODUCTO(ID,MARCA_ID,NOMBRE,PRESENTACION,CONTENIDO,UNIDADES_POR_CAJA,COSTO,COSTO_VENTA,PRECIO_BASE,UNIDAD_MEDIDA,CODIGO_BARRAS) VALUES(294,41,'Nivea Rollon Dama','Dry Comfort',50,12.0,1.000000,1.000000,21.944304,'ML',4.005808816118E12);

INSERT INTO MOVIMIENTO_HISTORICO_PRODUCTO (ALMACEN_ID,PRODUCTO_ID,FECHA,TIPO_MOVIMIENTO_ID,CANTIDAD,COSTO,PRECIO,USUARIO_ID) VALUES(1,294,now(),30,12,1.000000,21.944304,'root');
INSERT INTO ALMACEN_PRODUCTO(ALMACEN_ID,PRODUCTO_ID,CANTIDAD_ACTUAL,CANTIDAD_MINIMA,PRECIO_VENTA) VALUES (1,294,12,0,21.944304);

INSERT INTO ALMACEN_PRODUCTO(ALMACEN_ID,PRODUCTO_ID,CANTIDAD_ACTUAL,CANTIDAD_MINIMA,PRECIO_VENTA) VALUES (2,294,0,0,1.000000);

INSERT INTO ALMACEN_PRODUCTO(ALMACEN_ID,PRODUCTO_ID,CANTIDAD_ACTUAL,CANTIDAD_MINIMA,PRECIO_VENTA) VALUES (3,294,12,0,21.940000);

INSERT INTO ALMACEN_PRODUCTO(ALMACEN_ID,PRODUCTO_ID,CANTIDAD_ACTUAL,CANTIDAD_MINIMA,PRECIO_VENTA) VALUES (4,294,12,0,1.000000);

INSERT INTO PROVEEDOR_PRODUCTO(PROVEEDOR_ID,PRODUCTO_ID,PRECIO_COMPRA) VALUES(19,294, 1.000000);

-- ===========PRODUCTO [295]
INSERT INTO PRODUCTO(ID,MARCA_ID,NOMBRE,PRESENTACION,CONTENIDO,UNIDADES_POR_CAJA,COSTO,COSTO_VENTA,PRECIO_BASE,UNIDAD_MEDIDA,CODIGO_BARRAS) VALUES(295,45,'Obao O-Fresh Rollon','Joyful Day',65,12.0,1.000000,1.000000,1.000000,'G',7.501839114461E12);

INSERT INTO MOVIMIENTO_HISTORICO_PRODUCTO (ALMACEN_ID,PRODUCTO_ID,FECHA,TIPO_MOVIMIENTO_ID,CANTIDAD,COSTO,PRECIO,USUARIO_ID) VALUES(1,295,now(),30,12,1.000000,1.000000,'root');
INSERT INTO ALMACEN_PRODUCTO(ALMACEN_ID,PRODUCTO_ID,CANTIDAD_ACTUAL,CANTIDAD_MINIMA,PRECIO_VENTA) VALUES (1,295,12,0,1.000000);

INSERT INTO ALMACEN_PRODUCTO(ALMACEN_ID,PRODUCTO_ID,CANTIDAD_ACTUAL,CANTIDAD_MINIMA,PRECIO_VENTA) VALUES (2,295,0,0,1.000000);

INSERT INTO ALMACEN_PRODUCTO(ALMACEN_ID,PRODUCTO_ID,CANTIDAD_ACTUAL,CANTIDAD_MINIMA,PRECIO_VENTA) VALUES (3,295,12,0,1.000000);

INSERT INTO ALMACEN_PRODUCTO(ALMACEN_ID,PRODUCTO_ID,CANTIDAD_ACTUAL,CANTIDAD_MINIMA,PRECIO_VENTA) VALUES (4,295,12,0,1.000000);

INSERT INTO PROVEEDOR_PRODUCTO(PROVEEDOR_ID,PRODUCTO_ID,PRECIO_COMPRA) VALUES(13,295, 1.000000);

-- ===========PRODUCTO [296]
INSERT INTO PRODUCTO(ID,MARCA_ID,NOMBRE,PRESENTACION,CONTENIDO,UNIDADES_POR_CAJA,COSTO,COSTO_VENTA,PRECIO_BASE,UNIDAD_MEDIDA,CODIGO_BARRAS) VALUES(296,45,'Obao O-Fresh Rollon','Bamboo Splash',65,12.0,1.000000,1.000000,1.000000,'G',7.501839114447E12);

INSERT INTO MOVIMIENTO_HISTORICO_PRODUCTO (ALMACEN_ID,PRODUCTO_ID,FECHA,TIPO_MOVIMIENTO_ID,CANTIDAD,COSTO,PRECIO,USUARIO_ID) VALUES(1,296,now(),30,12,1.000000,1.000000,'root');
INSERT INTO ALMACEN_PRODUCTO(ALMACEN_ID,PRODUCTO_ID,CANTIDAD_ACTUAL,CANTIDAD_MINIMA,PRECIO_VENTA) VALUES (1,296,12,0,1.000000);

INSERT INTO ALMACEN_PRODUCTO(ALMACEN_ID,PRODUCTO_ID,CANTIDAD_ACTUAL,CANTIDAD_MINIMA,PRECIO_VENTA) VALUES (2,296,0,0,1.000000);

INSERT INTO ALMACEN_PRODUCTO(ALMACEN_ID,PRODUCTO_ID,CANTIDAD_ACTUAL,CANTIDAD_MINIMA,PRECIO_VENTA) VALUES (3,296,12,0,1.000000);

INSERT INTO ALMACEN_PRODUCTO(ALMACEN_ID,PRODUCTO_ID,CANTIDAD_ACTUAL,CANTIDAD_MINIMA,PRECIO_VENTA) VALUES (4,296,12,0,1.000000);

INSERT INTO PROVEEDOR_PRODUCTO(PROVEEDOR_ID,PRODUCTO_ID,PRECIO_COMPRA) VALUES(13,296, 1.000000);

-- ===========PRODUCTO [297]
INSERT INTO PRODUCTO(ID,MARCA_ID,NOMBRE,PRESENTACION,CONTENIDO,UNIDADES_POR_CAJA,COSTO,COSTO_VENTA,PRECIO_BASE,UNIDAD_MEDIDA,CODIGO_BARRAS) VALUES(297,46,'Dove Aerosol Dama','Clear Tone',169,12.0,1.000000,1.000000,37.500000,'ML',7.79129300811E12);

INSERT INTO MOVIMIENTO_HISTORICO_PRODUCTO (ALMACEN_ID,PRODUCTO_ID,FECHA,TIPO_MOVIMIENTO_ID,CANTIDAD,COSTO,PRECIO,USUARIO_ID) VALUES(1,297,now(),30,12,1.000000,37.500000,'root');
INSERT INTO ALMACEN_PRODUCTO(ALMACEN_ID,PRODUCTO_ID,CANTIDAD_ACTUAL,CANTIDAD_MINIMA,PRECIO_VENTA) VALUES (1,297,12,0,37.500000);

INSERT INTO ALMACEN_PRODUCTO(ALMACEN_ID,PRODUCTO_ID,CANTIDAD_ACTUAL,CANTIDAD_MINIMA,PRECIO_VENTA) VALUES (2,297,0,0,1.000000);

INSERT INTO ALMACEN_PRODUCTO(ALMACEN_ID,PRODUCTO_ID,CANTIDAD_ACTUAL,CANTIDAD_MINIMA,PRECIO_VENTA) VALUES (3,297,12,0,38.900000);

INSERT INTO ALMACEN_PRODUCTO(ALMACEN_ID,PRODUCTO_ID,CANTIDAD_ACTUAL,CANTIDAD_MINIMA,PRECIO_VENTA) VALUES (4,297,12,0,1.000000);

INSERT INTO PROVEEDOR_PRODUCTO(PROVEEDOR_ID,PRODUCTO_ID,PRECIO_COMPRA) VALUES(19,297, 1.000000);

-- ===========PRODUCTO [298]
INSERT INTO PRODUCTO(ID,MARCA_ID,NOMBRE,PRESENTACION,CONTENIDO,UNIDADES_POR_CAJA,COSTO,COSTO_VENTA,PRECIO_BASE,UNIDAD_MEDIDA,CODIGO_BARRAS) VALUES(298,46,'Dove Aerosol Dama','Sensitive',169,12.0,1.000000,1.000000,37.500000,'ML',7.791293008127E12);

INSERT INTO MOVIMIENTO_HISTORICO_PRODUCTO (ALMACEN_ID,PRODUCTO_ID,FECHA,TIPO_MOVIMIENTO_ID,CANTIDAD,COSTO,PRECIO,USUARIO_ID) VALUES(1,298,now(),30,12,1.000000,37.500000,'root');
INSERT INTO ALMACEN_PRODUCTO(ALMACEN_ID,PRODUCTO_ID,CANTIDAD_ACTUAL,CANTIDAD_MINIMA,PRECIO_VENTA) VALUES (1,298,12,0,37.500000);

INSERT INTO ALMACEN_PRODUCTO(ALMACEN_ID,PRODUCTO_ID,CANTIDAD_ACTUAL,CANTIDAD_MINIMA,PRECIO_VENTA) VALUES (2,298,0,0,1.000000);

INSERT INTO ALMACEN_PRODUCTO(ALMACEN_ID,PRODUCTO_ID,CANTIDAD_ACTUAL,CANTIDAD_MINIMA,PRECIO_VENTA) VALUES (3,298,12,0,38.900000);

INSERT INTO ALMACEN_PRODUCTO(ALMACEN_ID,PRODUCTO_ID,CANTIDAD_ACTUAL,CANTIDAD_MINIMA,PRECIO_VENTA) VALUES (4,298,12,0,1.000000);

INSERT INTO PROVEEDOR_PRODUCTO(PROVEEDOR_ID,PRODUCTO_ID,PRECIO_COMPRA) VALUES(19,298, 1.000000);

-- ===========PRODUCTO [299]
INSERT INTO PRODUCTO(ID,MARCA_ID,NOMBRE,PRESENTACION,CONTENIDO,UNIDADES_POR_CAJA,COSTO,COSTO_VENTA,PRECIO_BASE,UNIDAD_MEDIDA,CODIGO_BARRAS) VALUES(299,45,'Obao Rollon Caballero','Classic',65,24.0,1.000000,1.000000,1.000000,'G',7.501027286017E12);

INSERT INTO MOVIMIENTO_HISTORICO_PRODUCTO (ALMACEN_ID,PRODUCTO_ID,FECHA,TIPO_MOVIMIENTO_ID,CANTIDAD,COSTO,PRECIO,USUARIO_ID) VALUES(1,299,now(),30,12,1.000000,1.000000,'root');
INSERT INTO ALMACEN_PRODUCTO(ALMACEN_ID,PRODUCTO_ID,CANTIDAD_ACTUAL,CANTIDAD_MINIMA,PRECIO_VENTA) VALUES (1,299,12,0,1.000000);

INSERT INTO ALMACEN_PRODUCTO(ALMACEN_ID,PRODUCTO_ID,CANTIDAD_ACTUAL,CANTIDAD_MINIMA,PRECIO_VENTA) VALUES (2,299,0,0,1.000000);

INSERT INTO ALMACEN_PRODUCTO(ALMACEN_ID,PRODUCTO_ID,CANTIDAD_ACTUAL,CANTIDAD_MINIMA,PRECIO_VENTA) VALUES (3,299,12,0,1.000000);

INSERT INTO ALMACEN_PRODUCTO(ALMACEN_ID,PRODUCTO_ID,CANTIDAD_ACTUAL,CANTIDAD_MINIMA,PRECIO_VENTA) VALUES (4,299,12,0,1.000000);

INSERT INTO PROVEEDOR_PRODUCTO(PROVEEDOR_ID,PRODUCTO_ID,PRECIO_COMPRA) VALUES(13,299, 1.000000);

-- ===========PRODUCTO [300]
INSERT INTO PRODUCTO(ID,MARCA_ID,NOMBRE,PRESENTACION,CONTENIDO,UNIDADES_POR_CAJA,COSTO,COSTO_VENTA,PRECIO_BASE,UNIDAD_MEDIDA,CODIGO_BARRAS) VALUES(300,47,'Bio Garnier Aerosol','Fresh',150,12.0,1.000000,1.000000,1.000000,'ML',7.501839199741E12);

INSERT INTO MOVIMIENTO_HISTORICO_PRODUCTO (ALMACEN_ID,PRODUCTO_ID,FECHA,TIPO_MOVIMIENTO_ID,CANTIDAD,COSTO,PRECIO,USUARIO_ID) VALUES(1,300,now(),30,12,1.000000,1.000000,'root');
INSERT INTO ALMACEN_PRODUCTO(ALMACEN_ID,PRODUCTO_ID,CANTIDAD_ACTUAL,CANTIDAD_MINIMA,PRECIO_VENTA) VALUES (1,300,12,0,1.000000);

INSERT INTO ALMACEN_PRODUCTO(ALMACEN_ID,PRODUCTO_ID,CANTIDAD_ACTUAL,CANTIDAD_MINIMA,PRECIO_VENTA) VALUES (2,300,0,0,1.000000);

INSERT INTO ALMACEN_PRODUCTO(ALMACEN_ID,PRODUCTO_ID,CANTIDAD_ACTUAL,CANTIDAD_MINIMA,PRECIO_VENTA) VALUES (3,300,12,0,1.000000);

INSERT INTO ALMACEN_PRODUCTO(ALMACEN_ID,PRODUCTO_ID,CANTIDAD_ACTUAL,CANTIDAD_MINIMA,PRECIO_VENTA) VALUES (4,300,12,0,1.000000);

INSERT INTO PROVEEDOR_PRODUCTO(PROVEEDOR_ID,PRODUCTO_ID,PRECIO_COMPRA) VALUES(11,300, 1.000000);

-- ===========PRODUCTO [301]
INSERT INTO PRODUCTO(ID,MARCA_ID,NOMBRE,PRESENTACION,CONTENIDO,UNIDADES_POR_CAJA,COSTO,COSTO_VENTA,PRECIO_BASE,UNIDAD_MEDIDA,CODIGO_BARRAS) VALUES(301,47,'Bio Garnier Rollon','Clarify',50,12.0,1.000000,1.000000,1.000000,'G',7.506078948068E12);

INSERT INTO MOVIMIENTO_HISTORICO_PRODUCTO (ALMACEN_ID,PRODUCTO_ID,FECHA,TIPO_MOVIMIENTO_ID,CANTIDAD,COSTO,PRECIO,USUARIO_ID) VALUES(1,301,now(),30,12,1.000000,1.000000,'root');
INSERT INTO ALMACEN_PRODUCTO(ALMACEN_ID,PRODUCTO_ID,CANTIDAD_ACTUAL,CANTIDAD_MINIMA,PRECIO_VENTA) VALUES (1,301,12,0,1.000000);

INSERT INTO ALMACEN_PRODUCTO(ALMACEN_ID,PRODUCTO_ID,CANTIDAD_ACTUAL,CANTIDAD_MINIMA,PRECIO_VENTA) VALUES (2,301,0,0,1.000000);

INSERT INTO ALMACEN_PRODUCTO(ALMACEN_ID,PRODUCTO_ID,CANTIDAD_ACTUAL,CANTIDAD_MINIMA,PRECIO_VENTA) VALUES (3,301,12,0,1.000000);

INSERT INTO ALMACEN_PRODUCTO(ALMACEN_ID,PRODUCTO_ID,CANTIDAD_ACTUAL,CANTIDAD_MINIMA,PRECIO_VENTA) VALUES (4,301,12,0,1.000000);

INSERT INTO PROVEEDOR_PRODUCTO(PROVEEDOR_ID,PRODUCTO_ID,PRECIO_COMPRA) VALUES(11,301, 1.000000);

-- ===========PRODUCTO [302]
INSERT INTO PRODUCTO(ID,MARCA_ID,NOMBRE,PRESENTACION,CONTENIDO,UNIDADES_POR_CAJA,COSTO,COSTO_VENTA,PRECIO_BASE,UNIDAD_MEDIDA,CODIGO_BARRAS) VALUES(302,9,'Coty Body Fresh Rollon Dama','Tierna',70,12.0,1.000000,1.000000,1.000000,'ML',7.501737404923E12);

INSERT INTO MOVIMIENTO_HISTORICO_PRODUCTO (ALMACEN_ID,PRODUCTO_ID,FECHA,TIPO_MOVIMIENTO_ID,CANTIDAD,COSTO,PRECIO,USUARIO_ID) VALUES(1,302,now(),30,12,1.000000,1.000000,'root');
INSERT INTO ALMACEN_PRODUCTO(ALMACEN_ID,PRODUCTO_ID,CANTIDAD_ACTUAL,CANTIDAD_MINIMA,PRECIO_VENTA) VALUES (1,302,12,0,1.000000);

INSERT INTO ALMACEN_PRODUCTO(ALMACEN_ID,PRODUCTO_ID,CANTIDAD_ACTUAL,CANTIDAD_MINIMA,PRECIO_VENTA) VALUES (2,302,0,0,1.000000);

INSERT INTO ALMACEN_PRODUCTO(ALMACEN_ID,PRODUCTO_ID,CANTIDAD_ACTUAL,CANTIDAD_MINIMA,PRECIO_VENTA) VALUES (3,302,12,0,1.000000);

INSERT INTO ALMACEN_PRODUCTO(ALMACEN_ID,PRODUCTO_ID,CANTIDAD_ACTUAL,CANTIDAD_MINIMA,PRECIO_VENTA) VALUES (4,302,12,0,1.000000);

INSERT INTO PROVEEDOR_PRODUCTO(PROVEEDOR_ID,PRODUCTO_ID,PRECIO_COMPRA) VALUES(13,302, 1.000000);

-- ===========PRODUCTO [303]
INSERT INTO PRODUCTO(ID,MARCA_ID,NOMBRE,PRESENTACION,CONTENIDO,UNIDADES_POR_CAJA,COSTO,COSTO_VENTA,PRECIO_BASE,UNIDAD_MEDIDA,CODIGO_BARRAS) VALUES(303,9,'Coty Body Fresh Rollon Dama','Energetica',70,12.0,1.000000,1.000000,1.000000,'ML',7.5031855E7);

INSERT INTO MOVIMIENTO_HISTORICO_PRODUCTO (ALMACEN_ID,PRODUCTO_ID,FECHA,TIPO_MOVIMIENTO_ID,CANTIDAD,COSTO,PRECIO,USUARIO_ID) VALUES(1,303,now(),30,12,1.000000,1.000000,'root');
INSERT INTO ALMACEN_PRODUCTO(ALMACEN_ID,PRODUCTO_ID,CANTIDAD_ACTUAL,CANTIDAD_MINIMA,PRECIO_VENTA) VALUES (1,303,12,0,1.000000);

INSERT INTO ALMACEN_PRODUCTO(ALMACEN_ID,PRODUCTO_ID,CANTIDAD_ACTUAL,CANTIDAD_MINIMA,PRECIO_VENTA) VALUES (2,303,0,0,1.000000);

INSERT INTO ALMACEN_PRODUCTO(ALMACEN_ID,PRODUCTO_ID,CANTIDAD_ACTUAL,CANTIDAD_MINIMA,PRECIO_VENTA) VALUES (3,303,12,0,1.000000);

INSERT INTO ALMACEN_PRODUCTO(ALMACEN_ID,PRODUCTO_ID,CANTIDAD_ACTUAL,CANTIDAD_MINIMA,PRECIO_VENTA) VALUES (4,303,12,0,1.000000);

INSERT INTO PROVEEDOR_PRODUCTO(PROVEEDOR_ID,PRODUCTO_ID,PRECIO_COMPRA) VALUES(13,303, 1.000000);

-- ===========PRODUCTO [304]
INSERT INTO PRODUCTO(ID,MARCA_ID,NOMBRE,PRESENTACION,CONTENIDO,UNIDADES_POR_CAJA,COSTO,COSTO_VENTA,PRECIO_BASE,UNIDAD_MEDIDA,CODIGO_BARRAS) VALUES(304,48,'Mum Rollon Dama','Floral',60,24.0,1.000000,1.000000,1.000000,'G',7.5030131E7);

INSERT INTO MOVIMIENTO_HISTORICO_PRODUCTO (ALMACEN_ID,PRODUCTO_ID,FECHA,TIPO_MOVIMIENTO_ID,CANTIDAD,COSTO,PRECIO,USUARIO_ID) VALUES(1,304,now(),30,24,1.000000,1.000000,'root');
INSERT INTO ALMACEN_PRODUCTO(ALMACEN_ID,PRODUCTO_ID,CANTIDAD_ACTUAL,CANTIDAD_MINIMA,PRECIO_VENTA) VALUES (1,304,24,0,1.000000);

INSERT INTO ALMACEN_PRODUCTO(ALMACEN_ID,PRODUCTO_ID,CANTIDAD_ACTUAL,CANTIDAD_MINIMA,PRECIO_VENTA) VALUES (2,304,0,0,1.000000);

INSERT INTO ALMACEN_PRODUCTO(ALMACEN_ID,PRODUCTO_ID,CANTIDAD_ACTUAL,CANTIDAD_MINIMA,PRECIO_VENTA) VALUES (3,304,24,0,1.000000);

INSERT INTO ALMACEN_PRODUCTO(ALMACEN_ID,PRODUCTO_ID,CANTIDAD_ACTUAL,CANTIDAD_MINIMA,PRECIO_VENTA) VALUES (4,304,24,0,1.000000);

INSERT INTO PROVEEDOR_PRODUCTO(PROVEEDOR_ID,PRODUCTO_ID,PRECIO_COMPRA) VALUES(11,304, 1.000000);

-- ===========PRODUCTO [305]
INSERT INTO PRODUCTO(ID,MARCA_ID,NOMBRE,PRESENTACION,CONTENIDO,UNIDADES_POR_CAJA,COSTO,COSTO_VENTA,PRECIO_BASE,UNIDAD_MEDIDA,CODIGO_BARRAS) VALUES(305,13,'Gillette Stick','Invisble Soft Comfort',50,12.0,1.000000,1.000000,1.000000,'G',7.702018023813E12);

INSERT INTO MOVIMIENTO_HISTORICO_PRODUCTO (ALMACEN_ID,PRODUCTO_ID,FECHA,TIPO_MOVIMIENTO_ID,CANTIDAD,COSTO,PRECIO,USUARIO_ID) VALUES(1,305,now(),30,12,1.000000,1.000000,'root');
INSERT INTO ALMACEN_PRODUCTO(ALMACEN_ID,PRODUCTO_ID,CANTIDAD_ACTUAL,CANTIDAD_MINIMA,PRECIO_VENTA) VALUES (1,305,12,0,1.000000);

INSERT INTO ALMACEN_PRODUCTO(ALMACEN_ID,PRODUCTO_ID,CANTIDAD_ACTUAL,CANTIDAD_MINIMA,PRECIO_VENTA) VALUES (2,305,0,0,1.000000);

INSERT INTO ALMACEN_PRODUCTO(ALMACEN_ID,PRODUCTO_ID,CANTIDAD_ACTUAL,CANTIDAD_MINIMA,PRECIO_VENTA) VALUES (3,305,12,0,1.000000);

INSERT INTO ALMACEN_PRODUCTO(ALMACEN_ID,PRODUCTO_ID,CANTIDAD_ACTUAL,CANTIDAD_MINIMA,PRECIO_VENTA) VALUES (4,305,12,0,1.000000);

INSERT INTO PROVEEDOR_PRODUCTO(PROVEEDOR_ID,PRODUCTO_ID,PRECIO_COMPRA) VALUES(11,305, 1.000000);

-- ===========PRODUCTO [306]
INSERT INTO PRODUCTO(ID,MARCA_ID,NOMBRE,PRESENTACION,CONTENIDO,UNIDADES_POR_CAJA,COSTO,COSTO_VENTA,PRECIO_BASE,UNIDAD_MEDIDA,CODIGO_BARRAS) VALUES(306,41,'Nivea Aerosol Dama','Energy Fresh',150,12.0,1.000000,1.000000,36.653448,'ML',4.005808837502E12);

INSERT INTO MOVIMIENTO_HISTORICO_PRODUCTO (ALMACEN_ID,PRODUCTO_ID,FECHA,TIPO_MOVIMIENTO_ID,CANTIDAD,COSTO,PRECIO,USUARIO_ID) VALUES(1,306,now(),30,12,1.000000,36.653448,'root');
INSERT INTO ALMACEN_PRODUCTO(ALMACEN_ID,PRODUCTO_ID,CANTIDAD_ACTUAL,CANTIDAD_MINIMA,PRECIO_VENTA) VALUES (1,306,12,0,36.653448);

INSERT INTO ALMACEN_PRODUCTO(ALMACEN_ID,PRODUCTO_ID,CANTIDAD_ACTUAL,CANTIDAD_MINIMA,PRECIO_VENTA) VALUES (2,306,0,0,1.000000);

INSERT INTO ALMACEN_PRODUCTO(ALMACEN_ID,PRODUCTO_ID,CANTIDAD_ACTUAL,CANTIDAD_MINIMA,PRECIO_VENTA) VALUES (3,306,12,0,34.900000);

INSERT INTO ALMACEN_PRODUCTO(ALMACEN_ID,PRODUCTO_ID,CANTIDAD_ACTUAL,CANTIDAD_MINIMA,PRECIO_VENTA) VALUES (4,306,12,0,1.000000);

INSERT INTO PROVEEDOR_PRODUCTO(PROVEEDOR_ID,PRODUCTO_ID,PRECIO_COMPRA) VALUES(19,306, 1.000000);

-- ===========PRODUCTO [307]
INSERT INTO PRODUCTO(ID,MARCA_ID,NOMBRE,PRESENTACION,CONTENIDO,UNIDADES_POR_CAJA,COSTO,COSTO_VENTA,PRECIO_BASE,UNIDAD_MEDIDA,CODIGO_BARRAS) VALUES(307,26,'speed Stick Barra ','Naturals & Protect',50,12.0,1.000000,1.000000,1.000000,'G',7.509546055329E12);

INSERT INTO MOVIMIENTO_HISTORICO_PRODUCTO (ALMACEN_ID,PRODUCTO_ID,FECHA,TIPO_MOVIMIENTO_ID,CANTIDAD,COSTO,PRECIO,USUARIO_ID) VALUES(1,307,now(),30,12,1.000000,1.000000,'root');
INSERT INTO ALMACEN_PRODUCTO(ALMACEN_ID,PRODUCTO_ID,CANTIDAD_ACTUAL,CANTIDAD_MINIMA,PRECIO_VENTA) VALUES (1,307,12,0,1.000000);

INSERT INTO ALMACEN_PRODUCTO(ALMACEN_ID,PRODUCTO_ID,CANTIDAD_ACTUAL,CANTIDAD_MINIMA,PRECIO_VENTA) VALUES (2,307,0,0,1.000000);

INSERT INTO ALMACEN_PRODUCTO(ALMACEN_ID,PRODUCTO_ID,CANTIDAD_ACTUAL,CANTIDAD_MINIMA,PRECIO_VENTA) VALUES (3,307,12,0,1.000000);

INSERT INTO ALMACEN_PRODUCTO(ALMACEN_ID,PRODUCTO_ID,CANTIDAD_ACTUAL,CANTIDAD_MINIMA,PRECIO_VENTA) VALUES (4,307,12,0,1.000000);

INSERT INTO PROVEEDOR_PRODUCTO(PROVEEDOR_ID,PRODUCTO_ID,PRECIO_COMPRA) VALUES(6,307, 1.000000);

-- ===========PRODUCTO [308]
INSERT INTO PRODUCTO(ID,MARCA_ID,NOMBRE,PRESENTACION,CONTENIDO,UNIDADES_POR_CAJA,COSTO,COSTO_VENTA,PRECIO_BASE,UNIDAD_MEDIDA,CODIGO_BARRAS) VALUES(308,26,'speed Stick Barra ','Stainguard Clean ',50,12.0,1.000000,1.000000,1.000000,'G',7.509546046822E12);

INSERT INTO MOVIMIENTO_HISTORICO_PRODUCTO (ALMACEN_ID,PRODUCTO_ID,FECHA,TIPO_MOVIMIENTO_ID,CANTIDAD,COSTO,PRECIO,USUARIO_ID) VALUES(1,308,now(),30,12,1.000000,1.000000,'root');
INSERT INTO ALMACEN_PRODUCTO(ALMACEN_ID,PRODUCTO_ID,CANTIDAD_ACTUAL,CANTIDAD_MINIMA,PRECIO_VENTA) VALUES (1,308,12,0,1.000000);

INSERT INTO ALMACEN_PRODUCTO(ALMACEN_ID,PRODUCTO_ID,CANTIDAD_ACTUAL,CANTIDAD_MINIMA,PRECIO_VENTA) VALUES (2,308,0,0,1.000000);

INSERT INTO ALMACEN_PRODUCTO(ALMACEN_ID,PRODUCTO_ID,CANTIDAD_ACTUAL,CANTIDAD_MINIMA,PRECIO_VENTA) VALUES (3,308,12,0,1.000000);

INSERT INTO ALMACEN_PRODUCTO(ALMACEN_ID,PRODUCTO_ID,CANTIDAD_ACTUAL,CANTIDAD_MINIMA,PRECIO_VENTA) VALUES (4,308,12,0,1.000000);

INSERT INTO PROVEEDOR_PRODUCTO(PROVEEDOR_ID,PRODUCTO_ID,PRECIO_COMPRA) VALUES(6,308, 1.000000);

-- ===========PRODUCTO [309]
INSERT INTO PRODUCTO(ID,MARCA_ID,NOMBRE,PRESENTACION,CONTENIDO,UNIDADES_POR_CAJA,COSTO,COSTO_VENTA,PRECIO_BASE,UNIDAD_MEDIDA,CODIGO_BARRAS) VALUES(309,26,'speed Stick Barra ','Lightning',60,12.0,1.000000,1.000000,1.000000,'G',7.509546009001E12);

INSERT INTO MOVIMIENTO_HISTORICO_PRODUCTO (ALMACEN_ID,PRODUCTO_ID,FECHA,TIPO_MOVIMIENTO_ID,CANTIDAD,COSTO,PRECIO,USUARIO_ID) VALUES(1,309,now(),30,12,1.000000,1.000000,'root');
INSERT INTO ALMACEN_PRODUCTO(ALMACEN_ID,PRODUCTO_ID,CANTIDAD_ACTUAL,CANTIDAD_MINIMA,PRECIO_VENTA) VALUES (1,309,12,0,1.000000);

INSERT INTO ALMACEN_PRODUCTO(ALMACEN_ID,PRODUCTO_ID,CANTIDAD_ACTUAL,CANTIDAD_MINIMA,PRECIO_VENTA) VALUES (2,309,0,0,1.000000);

INSERT INTO ALMACEN_PRODUCTO(ALMACEN_ID,PRODUCTO_ID,CANTIDAD_ACTUAL,CANTIDAD_MINIMA,PRECIO_VENTA) VALUES (3,309,12,0,1.000000);

INSERT INTO ALMACEN_PRODUCTO(ALMACEN_ID,PRODUCTO_ID,CANTIDAD_ACTUAL,CANTIDAD_MINIMA,PRECIO_VENTA) VALUES (4,309,12,0,1.000000);

INSERT INTO PROVEEDOR_PRODUCTO(PROVEEDOR_ID,PRODUCTO_ID,PRECIO_COMPRA) VALUES(6,309, 1.000000);

-- ===========PRODUCTO [310]
INSERT INTO PRODUCTO(ID,MARCA_ID,NOMBRE,PRESENTACION,CONTENIDO,UNIDADES_POR_CAJA,COSTO,COSTO_VENTA,PRECIO_BASE,UNIDAD_MEDIDA,CODIGO_BARRAS) VALUES(310,26,'speed Stick Barra ','Cool Nihgt',50,12.0,1.000000,1.000000,1.000000,'G',7.509546029115E12);

INSERT INTO MOVIMIENTO_HISTORICO_PRODUCTO (ALMACEN_ID,PRODUCTO_ID,FECHA,TIPO_MOVIMIENTO_ID,CANTIDAD,COSTO,PRECIO,USUARIO_ID) VALUES(1,310,now(),30,12,1.000000,1.000000,'root');
INSERT INTO ALMACEN_PRODUCTO(ALMACEN_ID,PRODUCTO_ID,CANTIDAD_ACTUAL,CANTIDAD_MINIMA,PRECIO_VENTA) VALUES (1,310,12,0,1.000000);

INSERT INTO ALMACEN_PRODUCTO(ALMACEN_ID,PRODUCTO_ID,CANTIDAD_ACTUAL,CANTIDAD_MINIMA,PRECIO_VENTA) VALUES (2,310,0,0,1.000000);

INSERT INTO ALMACEN_PRODUCTO(ALMACEN_ID,PRODUCTO_ID,CANTIDAD_ACTUAL,CANTIDAD_MINIMA,PRECIO_VENTA) VALUES (3,310,12,0,1.000000);

INSERT INTO ALMACEN_PRODUCTO(ALMACEN_ID,PRODUCTO_ID,CANTIDAD_ACTUAL,CANTIDAD_MINIMA,PRECIO_VENTA) VALUES (4,310,12,0,1.000000);

INSERT INTO PROVEEDOR_PRODUCTO(PROVEEDOR_ID,PRODUCTO_ID,PRECIO_COMPRA) VALUES(6,310, 1.000000);

-- ===========PRODUCTO [311]
INSERT INTO PRODUCTO(ID,MARCA_ID,NOMBRE,PRESENTACION,CONTENIDO,UNIDADES_POR_CAJA,COSTO,COSTO_VENTA,PRECIO_BASE,UNIDAD_MEDIDA,CODIGO_BARRAS) VALUES(311,26,'Speed Stick Barra Caballero','Extreme',50,12.0,1.000000,1.000000,1.000000,'G',7.509546045313E12);

INSERT INTO MOVIMIENTO_HISTORICO_PRODUCTO (ALMACEN_ID,PRODUCTO_ID,FECHA,TIPO_MOVIMIENTO_ID,CANTIDAD,COSTO,PRECIO,USUARIO_ID) VALUES(1,311,now(),30,12,1.000000,1.000000,'root');
INSERT INTO ALMACEN_PRODUCTO(ALMACEN_ID,PRODUCTO_ID,CANTIDAD_ACTUAL,CANTIDAD_MINIMA,PRECIO_VENTA) VALUES (1,311,12,0,1.000000);

INSERT INTO ALMACEN_PRODUCTO(ALMACEN_ID,PRODUCTO_ID,CANTIDAD_ACTUAL,CANTIDAD_MINIMA,PRECIO_VENTA) VALUES (2,311,0,0,1.000000);

INSERT INTO ALMACEN_PRODUCTO(ALMACEN_ID,PRODUCTO_ID,CANTIDAD_ACTUAL,CANTIDAD_MINIMA,PRECIO_VENTA) VALUES (3,311,12,0,1.000000);

INSERT INTO ALMACEN_PRODUCTO(ALMACEN_ID,PRODUCTO_ID,CANTIDAD_ACTUAL,CANTIDAD_MINIMA,PRECIO_VENTA) VALUES (4,311,12,0,1.000000);

INSERT INTO PROVEEDOR_PRODUCTO(PROVEEDOR_ID,PRODUCTO_ID,PRECIO_COMPRA) VALUES(6,311, 1.000000);

-- ===========PRODUCTO [312]
INSERT INTO PRODUCTO(ID,MARCA_ID,NOMBRE,PRESENTACION,CONTENIDO,UNIDADES_POR_CAJA,COSTO,COSTO_VENTA,PRECIO_BASE,UNIDAD_MEDIDA,CODIGO_BARRAS) VALUES(312,26,'speed Stick Barra ','Sensitive Power Dry Control',50,12.0,1.000000,1.000000,1.000000,'G',7.509546050874E12);

INSERT INTO MOVIMIENTO_HISTORICO_PRODUCTO (ALMACEN_ID,PRODUCTO_ID,FECHA,TIPO_MOVIMIENTO_ID,CANTIDAD,COSTO,PRECIO,USUARIO_ID) VALUES(1,312,now(),30,12,1.000000,1.000000,'root');
INSERT INTO ALMACEN_PRODUCTO(ALMACEN_ID,PRODUCTO_ID,CANTIDAD_ACTUAL,CANTIDAD_MINIMA,PRECIO_VENTA) VALUES (1,312,12,0,1.000000);

INSERT INTO ALMACEN_PRODUCTO(ALMACEN_ID,PRODUCTO_ID,CANTIDAD_ACTUAL,CANTIDAD_MINIMA,PRECIO_VENTA) VALUES (2,312,1,0,1.000000);

INSERT INTO ALMACEN_PRODUCTO(ALMACEN_ID,PRODUCTO_ID,CANTIDAD_ACTUAL,CANTIDAD_MINIMA,PRECIO_VENTA) VALUES (3,312,12,0,1.000000);

INSERT INTO ALMACEN_PRODUCTO(ALMACEN_ID,PRODUCTO_ID,CANTIDAD_ACTUAL,CANTIDAD_MINIMA,PRECIO_VENTA) VALUES (4,312,12,0,1.000000);

INSERT INTO PROVEEDOR_PRODUCTO(PROVEEDOR_ID,PRODUCTO_ID,PRECIO_COMPRA) VALUES(6,312, 1.000000);

-- ===========PRODUCTO [313]
INSERT INTO PRODUCTO(ID,MARCA_ID,NOMBRE,PRESENTACION,CONTENIDO,UNIDADES_POR_CAJA,COSTO,COSTO_VENTA,PRECIO_BASE,UNIDAD_MEDIDA,CODIGO_BARRAS) VALUES(313,26,'speed Stick Barra ','24/7 Cool Fusion',50,12.0,1.000000,1.000000,1.000000,'G',7.509546009049E12);

INSERT INTO MOVIMIENTO_HISTORICO_PRODUCTO (ALMACEN_ID,PRODUCTO_ID,FECHA,TIPO_MOVIMIENTO_ID,CANTIDAD,COSTO,PRECIO,USUARIO_ID) VALUES(1,313,now(),30,12,1.000000,1.000000,'root');
INSERT INTO ALMACEN_PRODUCTO(ALMACEN_ID,PRODUCTO_ID,CANTIDAD_ACTUAL,CANTIDAD_MINIMA,PRECIO_VENTA) VALUES (1,313,12,0,1.000000);

INSERT INTO ALMACEN_PRODUCTO(ALMACEN_ID,PRODUCTO_ID,CANTIDAD_ACTUAL,CANTIDAD_MINIMA,PRECIO_VENTA) VALUES (2,313,1,0,1.000000);

INSERT INTO ALMACEN_PRODUCTO(ALMACEN_ID,PRODUCTO_ID,CANTIDAD_ACTUAL,CANTIDAD_MINIMA,PRECIO_VENTA) VALUES (3,313,12,0,1.000000);

INSERT INTO ALMACEN_PRODUCTO(ALMACEN_ID,PRODUCTO_ID,CANTIDAD_ACTUAL,CANTIDAD_MINIMA,PRECIO_VENTA) VALUES (4,313,12,0,1.000000);

INSERT INTO PROVEEDOR_PRODUCTO(PROVEEDOR_ID,PRODUCTO_ID,PRECIO_COMPRA) VALUES(6,313, 1.000000);

-- ===========PRODUCTO [314]
INSERT INTO PRODUCTO(ID,MARCA_ID,NOMBRE,PRESENTACION,CONTENIDO,UNIDADES_POR_CAJA,COSTO,COSTO_VENTA,PRECIO_BASE,UNIDAD_MEDIDA,CODIGO_BARRAS) VALUES(314,26,'speed Stick Barra ','Sensitive Power Dry Control',76,12.0,1.000000,1.000000,1.000000,'G',7.509546051352E12);

INSERT INTO MOVIMIENTO_HISTORICO_PRODUCTO (ALMACEN_ID,PRODUCTO_ID,FECHA,TIPO_MOVIMIENTO_ID,CANTIDAD,COSTO,PRECIO,USUARIO_ID) VALUES(1,314,now(),30,12,1.000000,1.000000,'root');
INSERT INTO ALMACEN_PRODUCTO(ALMACEN_ID,PRODUCTO_ID,CANTIDAD_ACTUAL,CANTIDAD_MINIMA,PRECIO_VENTA) VALUES (1,314,12,0,1.000000);

INSERT INTO ALMACEN_PRODUCTO(ALMACEN_ID,PRODUCTO_ID,CANTIDAD_ACTUAL,CANTIDAD_MINIMA,PRECIO_VENTA) VALUES (2,314,0,0,1.000000);

INSERT INTO ALMACEN_PRODUCTO(ALMACEN_ID,PRODUCTO_ID,CANTIDAD_ACTUAL,CANTIDAD_MINIMA,PRECIO_VENTA) VALUES (3,314,12,0,1.000000);

INSERT INTO ALMACEN_PRODUCTO(ALMACEN_ID,PRODUCTO_ID,CANTIDAD_ACTUAL,CANTIDAD_MINIMA,PRECIO_VENTA) VALUES (4,314,12,0,1.000000);

INSERT INTO PROVEEDOR_PRODUCTO(PROVEEDOR_ID,PRODUCTO_ID,PRECIO_COMPRA) VALUES(6,314, 1.000000);

-- ===========PRODUCTO [315]
INSERT INTO PRODUCTO(ID,MARCA_ID,NOMBRE,PRESENTACION,CONTENIDO,UNIDADES_POR_CAJA,COSTO,COSTO_VENTA,PRECIO_BASE,UNIDAD_MEDIDA,CODIGO_BARRAS) VALUES(315,26,'speed Stick Barra ','Multi-Protect Active',76,12.0,1.000000,1.000000,1.000000,'G',7.509546052779E12);

INSERT INTO MOVIMIENTO_HISTORICO_PRODUCTO (ALMACEN_ID,PRODUCTO_ID,FECHA,TIPO_MOVIMIENTO_ID,CANTIDAD,COSTO,PRECIO,USUARIO_ID) VALUES(1,315,now(),30,12,1.000000,1.000000,'root');
INSERT INTO ALMACEN_PRODUCTO(ALMACEN_ID,PRODUCTO_ID,CANTIDAD_ACTUAL,CANTIDAD_MINIMA,PRECIO_VENTA) VALUES (1,315,12,0,1.000000);

INSERT INTO ALMACEN_PRODUCTO(ALMACEN_ID,PRODUCTO_ID,CANTIDAD_ACTUAL,CANTIDAD_MINIMA,PRECIO_VENTA) VALUES (2,315,0,0,1.000000);

INSERT INTO ALMACEN_PRODUCTO(ALMACEN_ID,PRODUCTO_ID,CANTIDAD_ACTUAL,CANTIDAD_MINIMA,PRECIO_VENTA) VALUES (3,315,12,0,1.000000);

INSERT INTO ALMACEN_PRODUCTO(ALMACEN_ID,PRODUCTO_ID,CANTIDAD_ACTUAL,CANTIDAD_MINIMA,PRECIO_VENTA) VALUES (4,315,12,0,1.000000);

INSERT INTO PROVEEDOR_PRODUCTO(PROVEEDOR_ID,PRODUCTO_ID,PRECIO_COMPRA) VALUES(6,315, 1.000000);

-- ===========PRODUCTO [316]
INSERT INTO PRODUCTO(ID,MARCA_ID,NOMBRE,PRESENTACION,CONTENIDO,UNIDADES_POR_CAJA,COSTO,COSTO_VENTA,PRECIO_BASE,UNIDAD_MEDIDA,CODIGO_BARRAS) VALUES(316,26,'speed Stick Barra ','Fresh',92,12.0,1.000000,1.000000,1.000000,'G',7.509546015842E12);

INSERT INTO MOVIMIENTO_HISTORICO_PRODUCTO (ALMACEN_ID,PRODUCTO_ID,FECHA,TIPO_MOVIMIENTO_ID,CANTIDAD,COSTO,PRECIO,USUARIO_ID) VALUES(1,316,now(),30,12,1.000000,1.000000,'root');
INSERT INTO ALMACEN_PRODUCTO(ALMACEN_ID,PRODUCTO_ID,CANTIDAD_ACTUAL,CANTIDAD_MINIMA,PRECIO_VENTA) VALUES (1,316,12,0,1.000000);

INSERT INTO ALMACEN_PRODUCTO(ALMACEN_ID,PRODUCTO_ID,CANTIDAD_ACTUAL,CANTIDAD_MINIMA,PRECIO_VENTA) VALUES (2,316,1,0,1.000000);

INSERT INTO ALMACEN_PRODUCTO(ALMACEN_ID,PRODUCTO_ID,CANTIDAD_ACTUAL,CANTIDAD_MINIMA,PRECIO_VENTA) VALUES (3,316,12,0,1.000000);

INSERT INTO ALMACEN_PRODUCTO(ALMACEN_ID,PRODUCTO_ID,CANTIDAD_ACTUAL,CANTIDAD_MINIMA,PRECIO_VENTA) VALUES (4,316,12,0,1.000000);

INSERT INTO PROVEEDOR_PRODUCTO(PROVEEDOR_ID,PRODUCTO_ID,PRECIO_COMPRA) VALUES(6,316, 1.000000);

-- ===========PRODUCTO [317]
INSERT INTO PRODUCTO(ID,MARCA_ID,NOMBRE,PRESENTACION,CONTENIDO,UNIDADES_POR_CAJA,COSTO,COSTO_VENTA,PRECIO_BASE,UNIDAD_MEDIDA,CODIGO_BARRAS) VALUES(317,26,'speed Stick Barra ','Fresh',60,12.0,1.000000,1.000000,1.000000,'G',7.501035907508E12);

INSERT INTO MOVIMIENTO_HISTORICO_PRODUCTO (ALMACEN_ID,PRODUCTO_ID,FECHA,TIPO_MOVIMIENTO_ID,CANTIDAD,COSTO,PRECIO,USUARIO_ID) VALUES(1,317,now(),30,12,1.000000,1.000000,'root');
INSERT INTO ALMACEN_PRODUCTO(ALMACEN_ID,PRODUCTO_ID,CANTIDAD_ACTUAL,CANTIDAD_MINIMA,PRECIO_VENTA) VALUES (1,317,12,0,1.000000);

INSERT INTO ALMACEN_PRODUCTO(ALMACEN_ID,PRODUCTO_ID,CANTIDAD_ACTUAL,CANTIDAD_MINIMA,PRECIO_VENTA) VALUES (2,317,0,0,1.000000);

INSERT INTO ALMACEN_PRODUCTO(ALMACEN_ID,PRODUCTO_ID,CANTIDAD_ACTUAL,CANTIDAD_MINIMA,PRECIO_VENTA) VALUES (3,317,12,0,1.000000);

INSERT INTO ALMACEN_PRODUCTO(ALMACEN_ID,PRODUCTO_ID,CANTIDAD_ACTUAL,CANTIDAD_MINIMA,PRECIO_VENTA) VALUES (4,317,12,0,1.000000);

INSERT INTO PROVEEDOR_PRODUCTO(PROVEEDOR_ID,PRODUCTO_ID,PRECIO_COMPRA) VALUES(6,317, 1.000000);

-- ===========PRODUCTO [318]
INSERT INTO PRODUCTO(ID,MARCA_ID,NOMBRE,PRESENTACION,CONTENIDO,UNIDADES_POR_CAJA,COSTO,COSTO_VENTA,PRECIO_BASE,UNIDAD_MEDIDA,CODIGO_BARRAS) VALUES(318,26,'speed Stick Barra ','Hypoallergeni',50,12.0,1.000000,1.000000,1.000000,'G',7.501035907591E12);

INSERT INTO MOVIMIENTO_HISTORICO_PRODUCTO (ALMACEN_ID,PRODUCTO_ID,FECHA,TIPO_MOVIMIENTO_ID,CANTIDAD,COSTO,PRECIO,USUARIO_ID) VALUES(1,318,now(),30,12,1.000000,1.000000,'root');
INSERT INTO ALMACEN_PRODUCTO(ALMACEN_ID,PRODUCTO_ID,CANTIDAD_ACTUAL,CANTIDAD_MINIMA,PRECIO_VENTA) VALUES (1,318,12,0,1.000000);

INSERT INTO ALMACEN_PRODUCTO(ALMACEN_ID,PRODUCTO_ID,CANTIDAD_ACTUAL,CANTIDAD_MINIMA,PRECIO_VENTA) VALUES (2,318,0,0,1.000000);

INSERT INTO ALMACEN_PRODUCTO(ALMACEN_ID,PRODUCTO_ID,CANTIDAD_ACTUAL,CANTIDAD_MINIMA,PRECIO_VENTA) VALUES (3,318,12,0,1.000000);

INSERT INTO ALMACEN_PRODUCTO(ALMACEN_ID,PRODUCTO_ID,CANTIDAD_ACTUAL,CANTIDAD_MINIMA,PRECIO_VENTA) VALUES (4,318,12,0,1.000000);

INSERT INTO PROVEEDOR_PRODUCTO(PROVEEDOR_ID,PRODUCTO_ID,PRECIO_COMPRA) VALUES(6,318, 1.000000);

-- ===========PRODUCTO [319]
INSERT INTO PRODUCTO(ID,MARCA_ID,NOMBRE,PRESENTACION,CONTENIDO,UNIDADES_POR_CAJA,COSTO,COSTO_VENTA,PRECIO_BASE,UNIDAD_MEDIDA,CODIGO_BARRAS) VALUES(319,26,'speed Stick Barra ','Waterproof Fresh',50,12.0,1.000000,1.000000,1.000000,'G',7.509546038339E12);

INSERT INTO MOVIMIENTO_HISTORICO_PRODUCTO (ALMACEN_ID,PRODUCTO_ID,FECHA,TIPO_MOVIMIENTO_ID,CANTIDAD,COSTO,PRECIO,USUARIO_ID) VALUES(1,319,now(),30,12,1.000000,1.000000,'root');
INSERT INTO ALMACEN_PRODUCTO(ALMACEN_ID,PRODUCTO_ID,CANTIDAD_ACTUAL,CANTIDAD_MINIMA,PRECIO_VENTA) VALUES (1,319,12,0,1.000000);

INSERT INTO ALMACEN_PRODUCTO(ALMACEN_ID,PRODUCTO_ID,CANTIDAD_ACTUAL,CANTIDAD_MINIMA,PRECIO_VENTA) VALUES (2,319,0,0,1.000000);

INSERT INTO ALMACEN_PRODUCTO(ALMACEN_ID,PRODUCTO_ID,CANTIDAD_ACTUAL,CANTIDAD_MINIMA,PRECIO_VENTA) VALUES (3,319,12,0,1.000000);

INSERT INTO ALMACEN_PRODUCTO(ALMACEN_ID,PRODUCTO_ID,CANTIDAD_ACTUAL,CANTIDAD_MINIMA,PRECIO_VENTA) VALUES (4,319,12,0,1.000000);

INSERT INTO PROVEEDOR_PRODUCTO(PROVEEDOR_ID,PRODUCTO_ID,PRECIO_COMPRA) VALUES(6,319, 1.000000);

-- ===========PRODUCTO [320]
INSERT INTO PRODUCTO(ID,MARCA_ID,NOMBRE,PRESENTACION,CONTENIDO,UNIDADES_POR_CAJA,COSTO,COSTO_VENTA,PRECIO_BASE,UNIDAD_MEDIDA,CODIGO_BARRAS) VALUES(320,26,'speed Stick Barra ','Multi-Protect Active',50,12.0,1.000000,1.000000,1.000000,'G',7.509546052755E12);

INSERT INTO MOVIMIENTO_HISTORICO_PRODUCTO (ALMACEN_ID,PRODUCTO_ID,FECHA,TIPO_MOVIMIENTO_ID,CANTIDAD,COSTO,PRECIO,USUARIO_ID) VALUES(1,320,now(),30,12,1.000000,1.000000,'root');
INSERT INTO ALMACEN_PRODUCTO(ALMACEN_ID,PRODUCTO_ID,CANTIDAD_ACTUAL,CANTIDAD_MINIMA,PRECIO_VENTA) VALUES (1,320,12,0,1.000000);

INSERT INTO ALMACEN_PRODUCTO(ALMACEN_ID,PRODUCTO_ID,CANTIDAD_ACTUAL,CANTIDAD_MINIMA,PRECIO_VENTA) VALUES (2,320,0,0,1.000000);

INSERT INTO ALMACEN_PRODUCTO(ALMACEN_ID,PRODUCTO_ID,CANTIDAD_ACTUAL,CANTIDAD_MINIMA,PRECIO_VENTA) VALUES (3,320,12,0,1.000000);

INSERT INTO ALMACEN_PRODUCTO(ALMACEN_ID,PRODUCTO_ID,CANTIDAD_ACTUAL,CANTIDAD_MINIMA,PRECIO_VENTA) VALUES (4,320,12,0,1.000000);

INSERT INTO PROVEEDOR_PRODUCTO(PROVEEDOR_ID,PRODUCTO_ID,PRECIO_COMPRA) VALUES(6,320, 1.000000);

-- ===========PRODUCTO [321]
INSERT INTO PRODUCTO(ID,MARCA_ID,NOMBRE,PRESENTACION,CONTENIDO,UNIDADES_POR_CAJA,COSTO,COSTO_VENTA,PRECIO_BASE,UNIDAD_MEDIDA,CODIGO_BARRAS) VALUES(321,26,'speed Stick Barra ','24/7 Glacier Power ',50,12.0,1.000000,1.000000,1.000000,'G',7.509546020273E12);

INSERT INTO MOVIMIENTO_HISTORICO_PRODUCTO (ALMACEN_ID,PRODUCTO_ID,FECHA,TIPO_MOVIMIENTO_ID,CANTIDAD,COSTO,PRECIO,USUARIO_ID) VALUES(1,321,now(),30,12,1.000000,1.000000,'root');
INSERT INTO ALMACEN_PRODUCTO(ALMACEN_ID,PRODUCTO_ID,CANTIDAD_ACTUAL,CANTIDAD_MINIMA,PRECIO_VENTA) VALUES (1,321,12,0,1.000000);

INSERT INTO ALMACEN_PRODUCTO(ALMACEN_ID,PRODUCTO_ID,CANTIDAD_ACTUAL,CANTIDAD_MINIMA,PRECIO_VENTA) VALUES (2,321,0,0,1.000000);

INSERT INTO ALMACEN_PRODUCTO(ALMACEN_ID,PRODUCTO_ID,CANTIDAD_ACTUAL,CANTIDAD_MINIMA,PRECIO_VENTA) VALUES (3,321,12,0,1.000000);

INSERT INTO ALMACEN_PRODUCTO(ALMACEN_ID,PRODUCTO_ID,CANTIDAD_ACTUAL,CANTIDAD_MINIMA,PRECIO_VENTA) VALUES (4,321,12,0,1.000000);

INSERT INTO PROVEEDOR_PRODUCTO(PROVEEDOR_ID,PRODUCTO_ID,PRECIO_COMPRA) VALUES(6,321, 1.000000);

-- ===========PRODUCTO [322]
INSERT INTO PRODUCTO(ID,MARCA_ID,NOMBRE,PRESENTACION,CONTENIDO,UNIDADES_POR_CAJA,COSTO,COSTO_VENTA,PRECIO_BASE,UNIDAD_MEDIDA,CODIGO_BARRAS) VALUES(322,26,'speed Stick Barra ','Sport Talc ',50,12.0,1.000000,1.000000,1.000000,'G',7.501035907584E12);

INSERT INTO MOVIMIENTO_HISTORICO_PRODUCTO (ALMACEN_ID,PRODUCTO_ID,FECHA,TIPO_MOVIMIENTO_ID,CANTIDAD,COSTO,PRECIO,USUARIO_ID) VALUES(1,322,now(),30,12,1.000000,1.000000,'root');
INSERT INTO ALMACEN_PRODUCTO(ALMACEN_ID,PRODUCTO_ID,CANTIDAD_ACTUAL,CANTIDAD_MINIMA,PRECIO_VENTA) VALUES (1,322,12,0,1.000000);

INSERT INTO ALMACEN_PRODUCTO(ALMACEN_ID,PRODUCTO_ID,CANTIDAD_ACTUAL,CANTIDAD_MINIMA,PRECIO_VENTA) VALUES (2,322,0,0,1.000000);

INSERT INTO ALMACEN_PRODUCTO(ALMACEN_ID,PRODUCTO_ID,CANTIDAD_ACTUAL,CANTIDAD_MINIMA,PRECIO_VENTA) VALUES (3,322,12,0,1.000000);

INSERT INTO ALMACEN_PRODUCTO(ALMACEN_ID,PRODUCTO_ID,CANTIDAD_ACTUAL,CANTIDAD_MINIMA,PRECIO_VENTA) VALUES (4,322,12,0,1.000000);

INSERT INTO PROVEEDOR_PRODUCTO(PROVEEDOR_ID,PRODUCTO_ID,PRECIO_COMPRA) VALUES(6,322, 1.000000);

-- ===========PRODUCTO [323]
INSERT INTO PRODUCTO(ID,MARCA_ID,NOMBRE,PRESENTACION,CONTENIDO,UNIDADES_POR_CAJA,COSTO,COSTO_VENTA,PRECIO_BASE,UNIDAD_MEDIDA,CODIGO_BARRAS) VALUES(323,26,'Speed Stick Aerosol Caballero','Cool Night',165,12.0,1.000000,1.000000,1.000000,'ML',7.509546029023E12);

INSERT INTO MOVIMIENTO_HISTORICO_PRODUCTO (ALMACEN_ID,PRODUCTO_ID,FECHA,TIPO_MOVIMIENTO_ID,CANTIDAD,COSTO,PRECIO,USUARIO_ID) VALUES(1,323,now(),30,12,1.000000,1.000000,'root');
INSERT INTO ALMACEN_PRODUCTO(ALMACEN_ID,PRODUCTO_ID,CANTIDAD_ACTUAL,CANTIDAD_MINIMA,PRECIO_VENTA) VALUES (1,323,12,0,1.000000);

INSERT INTO ALMACEN_PRODUCTO(ALMACEN_ID,PRODUCTO_ID,CANTIDAD_ACTUAL,CANTIDAD_MINIMA,PRECIO_VENTA) VALUES (2,323,0,0,1.000000);

INSERT INTO ALMACEN_PRODUCTO(ALMACEN_ID,PRODUCTO_ID,CANTIDAD_ACTUAL,CANTIDAD_MINIMA,PRECIO_VENTA) VALUES (3,323,12,0,1.000000);

INSERT INTO ALMACEN_PRODUCTO(ALMACEN_ID,PRODUCTO_ID,CANTIDAD_ACTUAL,CANTIDAD_MINIMA,PRECIO_VENTA) VALUES (4,323,12,0,1.000000);

INSERT INTO PROVEEDOR_PRODUCTO(PROVEEDOR_ID,PRODUCTO_ID,PRECIO_COMPRA) VALUES(6,323, 1.000000);

-- ===========PRODUCTO [324]
INSERT INTO PRODUCTO(ID,MARCA_ID,NOMBRE,PRESENTACION,CONTENIDO,UNIDADES_POR_CAJA,COSTO,COSTO_VENTA,PRECIO_BASE,UNIDAD_MEDIDA,CODIGO_BARRAS) VALUES(324,26,'Speed Stick Aerosol ','Cool Nihgt Desodorante',160,12.0,1.000000,1.000000,1.000000,'ML',7.50954602903E12);

INSERT INTO MOVIMIENTO_HISTORICO_PRODUCTO (ALMACEN_ID,PRODUCTO_ID,FECHA,TIPO_MOVIMIENTO_ID,CANTIDAD,COSTO,PRECIO,USUARIO_ID) VALUES(1,324,now(),30,12,1.000000,1.000000,'root');
INSERT INTO ALMACEN_PRODUCTO(ALMACEN_ID,PRODUCTO_ID,CANTIDAD_ACTUAL,CANTIDAD_MINIMA,PRECIO_VENTA) VALUES (1,324,12,0,1.000000);

INSERT INTO ALMACEN_PRODUCTO(ALMACEN_ID,PRODUCTO_ID,CANTIDAD_ACTUAL,CANTIDAD_MINIMA,PRECIO_VENTA) VALUES (2,324,0,0,1.000000);

INSERT INTO ALMACEN_PRODUCTO(ALMACEN_ID,PRODUCTO_ID,CANTIDAD_ACTUAL,CANTIDAD_MINIMA,PRECIO_VENTA) VALUES (3,324,12,0,1.000000);

INSERT INTO ALMACEN_PRODUCTO(ALMACEN_ID,PRODUCTO_ID,CANTIDAD_ACTUAL,CANTIDAD_MINIMA,PRECIO_VENTA) VALUES (4,324,12,0,1.000000);

INSERT INTO PROVEEDOR_PRODUCTO(PROVEEDOR_ID,PRODUCTO_ID,PRECIO_COMPRA) VALUES(6,324, 1.000000);

-- ===========PRODUCTO [325]
INSERT INTO PRODUCTO(ID,MARCA_ID,NOMBRE,PRESENTACION,CONTENIDO,UNIDADES_POR_CAJA,COSTO,COSTO_VENTA,PRECIO_BASE,UNIDAD_MEDIDA,CODIGO_BARRAS) VALUES(325,26,'Lady Speed Stick Rollon','Angel Oscuro',50,12.0,1.000000,1.000000,1.000000,'ML',7.50954605551E12);

INSERT INTO MOVIMIENTO_HISTORICO_PRODUCTO (ALMACEN_ID,PRODUCTO_ID,FECHA,TIPO_MOVIMIENTO_ID,CANTIDAD,COSTO,PRECIO,USUARIO_ID) VALUES(1,325,now(),30,12,1.000000,1.000000,'root');
INSERT INTO ALMACEN_PRODUCTO(ALMACEN_ID,PRODUCTO_ID,CANTIDAD_ACTUAL,CANTIDAD_MINIMA,PRECIO_VENTA) VALUES (1,325,12,0,1.000000);

INSERT INTO ALMACEN_PRODUCTO(ALMACEN_ID,PRODUCTO_ID,CANTIDAD_ACTUAL,CANTIDAD_MINIMA,PRECIO_VENTA) VALUES (2,325,0,0,1.000000);

INSERT INTO ALMACEN_PRODUCTO(ALMACEN_ID,PRODUCTO_ID,CANTIDAD_ACTUAL,CANTIDAD_MINIMA,PRECIO_VENTA) VALUES (3,325,12,0,19.900000);

INSERT INTO ALMACEN_PRODUCTO(ALMACEN_ID,PRODUCTO_ID,CANTIDAD_ACTUAL,CANTIDAD_MINIMA,PRECIO_VENTA) VALUES (4,325,12,0,1.000000);

INSERT INTO PROVEEDOR_PRODUCTO(PROVEEDOR_ID,PRODUCTO_ID,PRECIO_COMPRA) VALUES(6,325, 1.000000);

-- ===========PRODUCTO [326]
INSERT INTO PRODUCTO(ID,MARCA_ID,NOMBRE,PRESENTACION,CONTENIDO,UNIDADES_POR_CAJA,COSTO,COSTO_VENTA,PRECIO_BASE,UNIDAD_MEDIDA,CODIGO_BARRAS) VALUES(326,15,'Lady Speed Stick Barra + Caja','waterproof Protection ',45,12.0,1.000000,1.000000,1.000000,'G',7.509546046853E12);

INSERT INTO MOVIMIENTO_HISTORICO_PRODUCTO (ALMACEN_ID,PRODUCTO_ID,FECHA,TIPO_MOVIMIENTO_ID,CANTIDAD,COSTO,PRECIO,USUARIO_ID) VALUES(1,326,now(),30,12,1.000000,1.000000,'root');
INSERT INTO ALMACEN_PRODUCTO(ALMACEN_ID,PRODUCTO_ID,CANTIDAD_ACTUAL,CANTIDAD_MINIMA,PRECIO_VENTA) VALUES (1,326,12,0,1.000000);

INSERT INTO ALMACEN_PRODUCTO(ALMACEN_ID,PRODUCTO_ID,CANTIDAD_ACTUAL,CANTIDAD_MINIMA,PRECIO_VENTA) VALUES (2,326,0,0,1.000000);

INSERT INTO ALMACEN_PRODUCTO(ALMACEN_ID,PRODUCTO_ID,CANTIDAD_ACTUAL,CANTIDAD_MINIMA,PRECIO_VENTA) VALUES (3,326,12,0,1.000000);

INSERT INTO ALMACEN_PRODUCTO(ALMACEN_ID,PRODUCTO_ID,CANTIDAD_ACTUAL,CANTIDAD_MINIMA,PRECIO_VENTA) VALUES (4,326,12,0,1.000000);

INSERT INTO PROVEEDOR_PRODUCTO(PROVEEDOR_ID,PRODUCTO_ID,PRECIO_COMPRA) VALUES(6,326, 1.000000);

-- ===========PRODUCTO [327]
INSERT INTO PRODUCTO(ID,MARCA_ID,NOMBRE,PRESENTACION,CONTENIDO,UNIDADES_POR_CAJA,COSTO,COSTO_VENTA,PRECIO_BASE,UNIDAD_MEDIDA,CODIGO_BARRAS) VALUES(327,15,'Lady Speed Stick Barra + Caja','Ph Active Protection ',45,12.0,1.000000,1.000000,1.000000,'G',7.509546052687E12);

INSERT INTO MOVIMIENTO_HISTORICO_PRODUCTO (ALMACEN_ID,PRODUCTO_ID,FECHA,TIPO_MOVIMIENTO_ID,CANTIDAD,COSTO,PRECIO,USUARIO_ID) VALUES(1,327,now(),30,12,1.000000,1.000000,'root');
INSERT INTO ALMACEN_PRODUCTO(ALMACEN_ID,PRODUCTO_ID,CANTIDAD_ACTUAL,CANTIDAD_MINIMA,PRECIO_VENTA) VALUES (1,327,12,0,1.000000);

INSERT INTO ALMACEN_PRODUCTO(ALMACEN_ID,PRODUCTO_ID,CANTIDAD_ACTUAL,CANTIDAD_MINIMA,PRECIO_VENTA) VALUES (2,327,0,0,1.000000);

INSERT INTO ALMACEN_PRODUCTO(ALMACEN_ID,PRODUCTO_ID,CANTIDAD_ACTUAL,CANTIDAD_MINIMA,PRECIO_VENTA) VALUES (3,327,12,0,1.000000);

INSERT INTO ALMACEN_PRODUCTO(ALMACEN_ID,PRODUCTO_ID,CANTIDAD_ACTUAL,CANTIDAD_MINIMA,PRECIO_VENTA) VALUES (4,327,12,0,1.000000);

INSERT INTO PROVEEDOR_PRODUCTO(PROVEEDOR_ID,PRODUCTO_ID,PRECIO_COMPRA) VALUES(6,327, 1.000000);

-- ===========PRODUCTO [328]
INSERT INTO PRODUCTO(ID,MARCA_ID,NOMBRE,PRESENTACION,CONTENIDO,UNIDADES_POR_CAJA,COSTO,COSTO_VENTA,PRECIO_BASE,UNIDAD_MEDIDA,CODIGO_BARRAS) VALUES(328,15,'Lady Speed Stick Barra + Caja','Professional Protection ',45,12.0,1.000000,1.000000,1.000000,'G',7.509546038995E12);

INSERT INTO MOVIMIENTO_HISTORICO_PRODUCTO (ALMACEN_ID,PRODUCTO_ID,FECHA,TIPO_MOVIMIENTO_ID,CANTIDAD,COSTO,PRECIO,USUARIO_ID) VALUES(1,328,now(),30,12,1.000000,1.000000,'root');
INSERT INTO ALMACEN_PRODUCTO(ALMACEN_ID,PRODUCTO_ID,CANTIDAD_ACTUAL,CANTIDAD_MINIMA,PRECIO_VENTA) VALUES (1,328,12,0,1.000000);

INSERT INTO ALMACEN_PRODUCTO(ALMACEN_ID,PRODUCTO_ID,CANTIDAD_ACTUAL,CANTIDAD_MINIMA,PRECIO_VENTA) VALUES (2,328,0,0,1.000000);

INSERT INTO ALMACEN_PRODUCTO(ALMACEN_ID,PRODUCTO_ID,CANTIDAD_ACTUAL,CANTIDAD_MINIMA,PRECIO_VENTA) VALUES (3,328,12,0,1.000000);

INSERT INTO ALMACEN_PRODUCTO(ALMACEN_ID,PRODUCTO_ID,CANTIDAD_ACTUAL,CANTIDAD_MINIMA,PRECIO_VENTA) VALUES (4,328,12,0,1.000000);

INSERT INTO PROVEEDOR_PRODUCTO(PROVEEDOR_ID,PRODUCTO_ID,PRECIO_COMPRA) VALUES(6,328, 1.000000);

-- ===========PRODUCTO [329]
INSERT INTO PRODUCTO(ID,MARCA_ID,NOMBRE,PRESENTACION,CONTENIDO,UNIDADES_POR_CAJA,COSTO,COSTO_VENTA,PRECIO_BASE,UNIDAD_MEDIDA,CODIGO_BARRAS) VALUES(329,49,'Stefano Aerosol Caballero','Unic',125,12.0,1.000000,1.000000,1.000000,'G',7.509546035529E12);

INSERT INTO MOVIMIENTO_HISTORICO_PRODUCTO (ALMACEN_ID,PRODUCTO_ID,FECHA,TIPO_MOVIMIENTO_ID,CANTIDAD,COSTO,PRECIO,USUARIO_ID) VALUES(1,329,now(),30,12,1.000000,1.000000,'root');
INSERT INTO ALMACEN_PRODUCTO(ALMACEN_ID,PRODUCTO_ID,CANTIDAD_ACTUAL,CANTIDAD_MINIMA,PRECIO_VENTA) VALUES (1,329,12,0,1.000000);

INSERT INTO ALMACEN_PRODUCTO(ALMACEN_ID,PRODUCTO_ID,CANTIDAD_ACTUAL,CANTIDAD_MINIMA,PRECIO_VENTA) VALUES (2,329,0,0,1.000000);

INSERT INTO ALMACEN_PRODUCTO(ALMACEN_ID,PRODUCTO_ID,CANTIDAD_ACTUAL,CANTIDAD_MINIMA,PRECIO_VENTA) VALUES (3,329,12,0,1.000000);

INSERT INTO ALMACEN_PRODUCTO(ALMACEN_ID,PRODUCTO_ID,CANTIDAD_ACTUAL,CANTIDAD_MINIMA,PRECIO_VENTA) VALUES (4,329,12,0,1.000000);

INSERT INTO PROVEEDOR_PRODUCTO(PROVEEDOR_ID,PRODUCTO_ID,PRECIO_COMPRA) VALUES(6,329, 1.000000);

-- ===========PRODUCTO [330]
INSERT INTO PRODUCTO(ID,MARCA_ID,NOMBRE,PRESENTACION,CONTENIDO,UNIDADES_POR_CAJA,COSTO,COSTO_VENTA,PRECIO_BASE,UNIDAD_MEDIDA,CODIGO_BARRAS) VALUES(330,49,'Stefano Aerosol Caballero','Fire ',125,12.0,1.000000,1.000000,1.000000,'G',7.509546043791E12);

INSERT INTO MOVIMIENTO_HISTORICO_PRODUCTO (ALMACEN_ID,PRODUCTO_ID,FECHA,TIPO_MOVIMIENTO_ID,CANTIDAD,COSTO,PRECIO,USUARIO_ID) VALUES(1,330,now(),30,12,1.000000,1.000000,'root');
INSERT INTO ALMACEN_PRODUCTO(ALMACEN_ID,PRODUCTO_ID,CANTIDAD_ACTUAL,CANTIDAD_MINIMA,PRECIO_VENTA) VALUES (1,330,12,0,1.000000);

INSERT INTO ALMACEN_PRODUCTO(ALMACEN_ID,PRODUCTO_ID,CANTIDAD_ACTUAL,CANTIDAD_MINIMA,PRECIO_VENTA) VALUES (2,330,0,0,1.000000);

INSERT INTO ALMACEN_PRODUCTO(ALMACEN_ID,PRODUCTO_ID,CANTIDAD_ACTUAL,CANTIDAD_MINIMA,PRECIO_VENTA) VALUES (3,330,12,0,1.000000);

INSERT INTO ALMACEN_PRODUCTO(ALMACEN_ID,PRODUCTO_ID,CANTIDAD_ACTUAL,CANTIDAD_MINIMA,PRECIO_VENTA) VALUES (4,330,12,0,1.000000);

INSERT INTO PROVEEDOR_PRODUCTO(PROVEEDOR_ID,PRODUCTO_ID,PRECIO_COMPRA) VALUES(6,330, 1.000000);

-- ===========PRODUCTO [331]
INSERT INTO PRODUCTO(ID,MARCA_ID,NOMBRE,PRESENTACION,CONTENIDO,UNIDADES_POR_CAJA,COSTO,COSTO_VENTA,PRECIO_BASE,UNIDAD_MEDIDA,CODIGO_BARRAS) VALUES(331,49,'Stefano Aerosol Caballero','Midnight',125,12.0,1.000000,1.000000,1.000000,'G',7.509546025384E12);

INSERT INTO MOVIMIENTO_HISTORICO_PRODUCTO (ALMACEN_ID,PRODUCTO_ID,FECHA,TIPO_MOVIMIENTO_ID,CANTIDAD,COSTO,PRECIO,USUARIO_ID) VALUES(1,331,now(),30,12,1.000000,1.000000,'root');
INSERT INTO ALMACEN_PRODUCTO(ALMACEN_ID,PRODUCTO_ID,CANTIDAD_ACTUAL,CANTIDAD_MINIMA,PRECIO_VENTA) VALUES (1,331,12,0,1.000000);

INSERT INTO ALMACEN_PRODUCTO(ALMACEN_ID,PRODUCTO_ID,CANTIDAD_ACTUAL,CANTIDAD_MINIMA,PRECIO_VENTA) VALUES (2,331,3,0,1.000000);

INSERT INTO ALMACEN_PRODUCTO(ALMACEN_ID,PRODUCTO_ID,CANTIDAD_ACTUAL,CANTIDAD_MINIMA,PRECIO_VENTA) VALUES (3,331,12,0,1.000000);

INSERT INTO ALMACEN_PRODUCTO(ALMACEN_ID,PRODUCTO_ID,CANTIDAD_ACTUAL,CANTIDAD_MINIMA,PRECIO_VENTA) VALUES (4,331,12,0,1.000000);

INSERT INTO PROVEEDOR_PRODUCTO(PROVEEDOR_ID,PRODUCTO_ID,PRECIO_COMPRA) VALUES(6,331, 1.000000);

-- ===========PRODUCTO [332]
INSERT INTO PRODUCTO(ID,MARCA_ID,NOMBRE,PRESENTACION,CONTENIDO,UNIDADES_POR_CAJA,COSTO,COSTO_VENTA,PRECIO_BASE,UNIDAD_MEDIDA,CODIGO_BARRAS) VALUES(332,49,'Stefano Aerosol Caballero','Verde',125,12.0,1.000000,1.000000,1.000000,'G',7.50954604772E12);

INSERT INTO MOVIMIENTO_HISTORICO_PRODUCTO (ALMACEN_ID,PRODUCTO_ID,FECHA,TIPO_MOVIMIENTO_ID,CANTIDAD,COSTO,PRECIO,USUARIO_ID) VALUES(1,332,now(),30,36,1.000000,1.000000,'root');
INSERT INTO ALMACEN_PRODUCTO(ALMACEN_ID,PRODUCTO_ID,CANTIDAD_ACTUAL,CANTIDAD_MINIMA,PRECIO_VENTA) VALUES (1,332,36,0,1.000000);

INSERT INTO ALMACEN_PRODUCTO(ALMACEN_ID,PRODUCTO_ID,CANTIDAD_ACTUAL,CANTIDAD_MINIMA,PRECIO_VENTA) VALUES (2,332,2,0,1.000000);

INSERT INTO ALMACEN_PRODUCTO(ALMACEN_ID,PRODUCTO_ID,CANTIDAD_ACTUAL,CANTIDAD_MINIMA,PRECIO_VENTA) VALUES (3,332,36,0,1.000000);

INSERT INTO ALMACEN_PRODUCTO(ALMACEN_ID,PRODUCTO_ID,CANTIDAD_ACTUAL,CANTIDAD_MINIMA,PRECIO_VENTA) VALUES (4,332,36,0,1.000000);

INSERT INTO PROVEEDOR_PRODUCTO(PROVEEDOR_ID,PRODUCTO_ID,PRECIO_COMPRA) VALUES(6,332, 1.000000);

-- ===========PRODUCTO [333]
INSERT INTO PRODUCTO(ID,MARCA_ID,NOMBRE,PRESENTACION,CONTENIDO,UNIDADES_POR_CAJA,COSTO,COSTO_VENTA,PRECIO_BASE,UNIDAD_MEDIDA,CODIGO_BARRAS) VALUES(333,15,'Lady Speed Stick Aerosol','Depil Control',165,12.0,1.000000,1.000000,1.000000,'ML',7.5095460428E12);

INSERT INTO MOVIMIENTO_HISTORICO_PRODUCTO (ALMACEN_ID,PRODUCTO_ID,FECHA,TIPO_MOVIMIENTO_ID,CANTIDAD,COSTO,PRECIO,USUARIO_ID) VALUES(1,333,now(),30,12,1.000000,1.000000,'root');
INSERT INTO ALMACEN_PRODUCTO(ALMACEN_ID,PRODUCTO_ID,CANTIDAD_ACTUAL,CANTIDAD_MINIMA,PRECIO_VENTA) VALUES (1,333,12,0,1.000000);

INSERT INTO ALMACEN_PRODUCTO(ALMACEN_ID,PRODUCTO_ID,CANTIDAD_ACTUAL,CANTIDAD_MINIMA,PRECIO_VENTA) VALUES (2,333,1,0,1.000000);

INSERT INTO ALMACEN_PRODUCTO(ALMACEN_ID,PRODUCTO_ID,CANTIDAD_ACTUAL,CANTIDAD_MINIMA,PRECIO_VENTA) VALUES (3,333,12,0,1.000000);

INSERT INTO ALMACEN_PRODUCTO(ALMACEN_ID,PRODUCTO_ID,CANTIDAD_ACTUAL,CANTIDAD_MINIMA,PRECIO_VENTA) VALUES (4,333,12,0,1.000000);

INSERT INTO PROVEEDOR_PRODUCTO(PROVEEDOR_ID,PRODUCTO_ID,PRECIO_COMPRA) VALUES(6,333, 1.000000);

-- ===========PRODUCTO [334]
INSERT INTO PRODUCTO(ID,MARCA_ID,NOMBRE,PRESENTACION,CONTENIDO,UNIDADES_POR_CAJA,COSTO,COSTO_VENTA,PRECIO_BASE,UNIDAD_MEDIDA,CODIGO_BARRAS) VALUES(334,15,'Lady Speed Stick Aerosol ','double Defense Active Fresh',165,12.0,1.000000,1.000000,1.000000,'ML',7.509546028897E12);

INSERT INTO MOVIMIENTO_HISTORICO_PRODUCTO (ALMACEN_ID,PRODUCTO_ID,FECHA,TIPO_MOVIMIENTO_ID,CANTIDAD,COSTO,PRECIO,USUARIO_ID) VALUES(1,334,now(),30,12,1.000000,1.000000,'root');
INSERT INTO ALMACEN_PRODUCTO(ALMACEN_ID,PRODUCTO_ID,CANTIDAD_ACTUAL,CANTIDAD_MINIMA,PRECIO_VENTA) VALUES (1,334,12,0,1.000000);

INSERT INTO ALMACEN_PRODUCTO(ALMACEN_ID,PRODUCTO_ID,CANTIDAD_ACTUAL,CANTIDAD_MINIMA,PRECIO_VENTA) VALUES (2,334,0,0,1.000000);

INSERT INTO ALMACEN_PRODUCTO(ALMACEN_ID,PRODUCTO_ID,CANTIDAD_ACTUAL,CANTIDAD_MINIMA,PRECIO_VENTA) VALUES (3,334,12,0,1.000000);

INSERT INTO ALMACEN_PRODUCTO(ALMACEN_ID,PRODUCTO_ID,CANTIDAD_ACTUAL,CANTIDAD_MINIMA,PRECIO_VENTA) VALUES (4,334,12,0,1.000000);

INSERT INTO PROVEEDOR_PRODUCTO(PROVEEDOR_ID,PRODUCTO_ID,PRECIO_COMPRA) VALUES(6,334, 1.000000);

-- ===========PRODUCTO [335]
INSERT INTO PRODUCTO(ID,MARCA_ID,NOMBRE,PRESENTACION,CONTENIDO,UNIDADES_POR_CAJA,COSTO,COSTO_VENTA,PRECIO_BASE,UNIDAD_MEDIDA,CODIGO_BARRAS) VALUES(335,15,'Lady Speed Stick Aerosol','Waterproof ',165,12.0,1.000000,1.000000,1.000000,'ML',7.50954604561E12);

INSERT INTO MOVIMIENTO_HISTORICO_PRODUCTO (ALMACEN_ID,PRODUCTO_ID,FECHA,TIPO_MOVIMIENTO_ID,CANTIDAD,COSTO,PRECIO,USUARIO_ID) VALUES(1,335,now(),30,12,1.000000,1.000000,'root');
INSERT INTO ALMACEN_PRODUCTO(ALMACEN_ID,PRODUCTO_ID,CANTIDAD_ACTUAL,CANTIDAD_MINIMA,PRECIO_VENTA) VALUES (1,335,12,0,1.000000);

INSERT INTO ALMACEN_PRODUCTO(ALMACEN_ID,PRODUCTO_ID,CANTIDAD_ACTUAL,CANTIDAD_MINIMA,PRECIO_VENTA) VALUES (2,335,1,0,1.000000);

INSERT INTO ALMACEN_PRODUCTO(ALMACEN_ID,PRODUCTO_ID,CANTIDAD_ACTUAL,CANTIDAD_MINIMA,PRECIO_VENTA) VALUES (3,335,12,0,1.000000);

INSERT INTO ALMACEN_PRODUCTO(ALMACEN_ID,PRODUCTO_ID,CANTIDAD_ACTUAL,CANTIDAD_MINIMA,PRECIO_VENTA) VALUES (4,335,12,0,1.000000);

INSERT INTO PROVEEDOR_PRODUCTO(PROVEEDOR_ID,PRODUCTO_ID,PRECIO_COMPRA) VALUES(6,335, 1.000000);

-- ===========PRODUCTO [336]
INSERT INTO PRODUCTO(ID,MARCA_ID,NOMBRE,PRESENTACION,CONTENIDO,UNIDADES_POR_CAJA,COSTO,COSTO_VENTA,PRECIO_BASE,UNIDAD_MEDIDA,CODIGO_BARRAS) VALUES(336,15,'Lady Speed Stick Aerosol','Naturals & Protect',165,12.0,1.000000,1.000000,1.000000,'ML',7.509546055282E12);

INSERT INTO MOVIMIENTO_HISTORICO_PRODUCTO (ALMACEN_ID,PRODUCTO_ID,FECHA,TIPO_MOVIMIENTO_ID,CANTIDAD,COSTO,PRECIO,USUARIO_ID) VALUES(1,336,now(),30,12,1.000000,1.000000,'root');
INSERT INTO ALMACEN_PRODUCTO(ALMACEN_ID,PRODUCTO_ID,CANTIDAD_ACTUAL,CANTIDAD_MINIMA,PRECIO_VENTA) VALUES (1,336,12,0,1.000000);

INSERT INTO ALMACEN_PRODUCTO(ALMACEN_ID,PRODUCTO_ID,CANTIDAD_ACTUAL,CANTIDAD_MINIMA,PRECIO_VENTA) VALUES (2,336,0,0,1.000000);

INSERT INTO ALMACEN_PRODUCTO(ALMACEN_ID,PRODUCTO_ID,CANTIDAD_ACTUAL,CANTIDAD_MINIMA,PRECIO_VENTA) VALUES (3,336,12,0,1.000000);

INSERT INTO ALMACEN_PRODUCTO(ALMACEN_ID,PRODUCTO_ID,CANTIDAD_ACTUAL,CANTIDAD_MINIMA,PRECIO_VENTA) VALUES (4,336,12,0,1.000000);

INSERT INTO PROVEEDOR_PRODUCTO(PROVEEDOR_ID,PRODUCTO_ID,PRECIO_COMPRA) VALUES(6,336, 1.000000);

-- ===========PRODUCTO [337]
INSERT INTO PRODUCTO(ID,MARCA_ID,NOMBRE,PRESENTACION,CONTENIDO,UNIDADES_POR_CAJA,COSTO,COSTO_VENTA,PRECIO_BASE,UNIDAD_MEDIDA,CODIGO_BARRAS) VALUES(337,15,'Lady Speed Stick Aerosol','Perfect tone ',165,12.0,1.000000,1.000000,1.000000,'ML',7.509546048277E12);

INSERT INTO MOVIMIENTO_HISTORICO_PRODUCTO (ALMACEN_ID,PRODUCTO_ID,FECHA,TIPO_MOVIMIENTO_ID,CANTIDAD,COSTO,PRECIO,USUARIO_ID) VALUES(1,337,now(),30,12,1.000000,1.000000,'root');
INSERT INTO ALMACEN_PRODUCTO(ALMACEN_ID,PRODUCTO_ID,CANTIDAD_ACTUAL,CANTIDAD_MINIMA,PRECIO_VENTA) VALUES (1,337,12,0,1.000000);

INSERT INTO ALMACEN_PRODUCTO(ALMACEN_ID,PRODUCTO_ID,CANTIDAD_ACTUAL,CANTIDAD_MINIMA,PRECIO_VENTA) VALUES (2,337,0,0,1.000000);

INSERT INTO ALMACEN_PRODUCTO(ALMACEN_ID,PRODUCTO_ID,CANTIDAD_ACTUAL,CANTIDAD_MINIMA,PRECIO_VENTA) VALUES (3,337,12,0,1.000000);

INSERT INTO ALMACEN_PRODUCTO(ALMACEN_ID,PRODUCTO_ID,CANTIDAD_ACTUAL,CANTIDAD_MINIMA,PRECIO_VENTA) VALUES (4,337,12,0,1.000000);

INSERT INTO PROVEEDOR_PRODUCTO(PROVEEDOR_ID,PRODUCTO_ID,PRECIO_COMPRA) VALUES(6,337, 1.000000);

-- ===========PRODUCTO [338]
INSERT INTO PRODUCTO(ID,MARCA_ID,NOMBRE,PRESENTACION,CONTENIDO,UNIDADES_POR_CAJA,COSTO,COSTO_VENTA,PRECIO_BASE,UNIDAD_MEDIDA,CODIGO_BARRAS) VALUES(338,15,'Lady Speed Stick Aerosol','Double Defens Floral Fresh',165,12.0,1.000000,1.000000,1.000000,'ML',7.509546029054E12);

INSERT INTO MOVIMIENTO_HISTORICO_PRODUCTO (ALMACEN_ID,PRODUCTO_ID,FECHA,TIPO_MOVIMIENTO_ID,CANTIDAD,COSTO,PRECIO,USUARIO_ID) VALUES(1,338,now(),30,7,1.000000,1.000000,'root');
INSERT INTO ALMACEN_PRODUCTO(ALMACEN_ID,PRODUCTO_ID,CANTIDAD_ACTUAL,CANTIDAD_MINIMA,PRECIO_VENTA) VALUES (1,338,7,0,1.000000);

INSERT INTO ALMACEN_PRODUCTO(ALMACEN_ID,PRODUCTO_ID,CANTIDAD_ACTUAL,CANTIDAD_MINIMA,PRECIO_VENTA) VALUES (2,338,0,0,1.000000);

INSERT INTO ALMACEN_PRODUCTO(ALMACEN_ID,PRODUCTO_ID,CANTIDAD_ACTUAL,CANTIDAD_MINIMA,PRECIO_VENTA) VALUES (3,338,7,0,1.000000);

INSERT INTO ALMACEN_PRODUCTO(ALMACEN_ID,PRODUCTO_ID,CANTIDAD_ACTUAL,CANTIDAD_MINIMA,PRECIO_VENTA) VALUES (4,338,7,0,1.000000);

INSERT INTO PROVEEDOR_PRODUCTO(PROVEEDOR_ID,PRODUCTO_ID,PRECIO_COMPRA) VALUES(6,338, 1.000000);

-- ===========PRODUCTO [339]
INSERT INTO PRODUCTO(ID,MARCA_ID,NOMBRE,PRESENTACION,CONTENIDO,UNIDADES_POR_CAJA,COSTO,COSTO_VENTA,PRECIO_BASE,UNIDAD_MEDIDA,CODIGO_BARRAS) VALUES(339,15,'Lady Speed Stick Aerosol','Ph Active',165,12.0,1.000000,1.000000,1.000000,'ML',7.509546052526E12);

INSERT INTO MOVIMIENTO_HISTORICO_PRODUCTO (ALMACEN_ID,PRODUCTO_ID,FECHA,TIPO_MOVIMIENTO_ID,CANTIDAD,COSTO,PRECIO,USUARIO_ID) VALUES(1,339,now(),30,12,1.000000,1.000000,'root');
INSERT INTO ALMACEN_PRODUCTO(ALMACEN_ID,PRODUCTO_ID,CANTIDAD_ACTUAL,CANTIDAD_MINIMA,PRECIO_VENTA) VALUES (1,339,12,0,1.000000);

INSERT INTO ALMACEN_PRODUCTO(ALMACEN_ID,PRODUCTO_ID,CANTIDAD_ACTUAL,CANTIDAD_MINIMA,PRECIO_VENTA) VALUES (2,339,0,0,1.000000);

INSERT INTO ALMACEN_PRODUCTO(ALMACEN_ID,PRODUCTO_ID,CANTIDAD_ACTUAL,CANTIDAD_MINIMA,PRECIO_VENTA) VALUES (3,339,12,0,1.000000);

INSERT INTO ALMACEN_PRODUCTO(ALMACEN_ID,PRODUCTO_ID,CANTIDAD_ACTUAL,CANTIDAD_MINIMA,PRECIO_VENTA) VALUES (4,339,12,0,1.000000);

INSERT INTO PROVEEDOR_PRODUCTO(PROVEEDOR_ID,PRODUCTO_ID,PRECIO_COMPRA) VALUES(6,339, 1.000000);

-- ===========PRODUCTO [340]
INSERT INTO PRODUCTO(ID,MARCA_ID,NOMBRE,PRESENTACION,CONTENIDO,UNIDADES_POR_CAJA,COSTO,COSTO_VENTA,PRECIO_BASE,UNIDAD_MEDIDA,CODIGO_BARRAS) VALUES(340,18,'Palmolive aerosol Dama','Neutro Balance ',165,12.0,1.000000,1.000000,1.000000,'ML',7.509546031422E12);

INSERT INTO MOVIMIENTO_HISTORICO_PRODUCTO (ALMACEN_ID,PRODUCTO_ID,FECHA,TIPO_MOVIMIENTO_ID,CANTIDAD,COSTO,PRECIO,USUARIO_ID) VALUES(1,340,now(),30,12,1.000000,1.000000,'root');
INSERT INTO ALMACEN_PRODUCTO(ALMACEN_ID,PRODUCTO_ID,CANTIDAD_ACTUAL,CANTIDAD_MINIMA,PRECIO_VENTA) VALUES (1,340,12,0,1.000000);

INSERT INTO ALMACEN_PRODUCTO(ALMACEN_ID,PRODUCTO_ID,CANTIDAD_ACTUAL,CANTIDAD_MINIMA,PRECIO_VENTA) VALUES (2,340,0,0,1.000000);

INSERT INTO ALMACEN_PRODUCTO(ALMACEN_ID,PRODUCTO_ID,CANTIDAD_ACTUAL,CANTIDAD_MINIMA,PRECIO_VENTA) VALUES (3,340,12,0,1.000000);

INSERT INTO ALMACEN_PRODUCTO(ALMACEN_ID,PRODUCTO_ID,CANTIDAD_ACTUAL,CANTIDAD_MINIMA,PRECIO_VENTA) VALUES (4,340,12,0,1.000000);

INSERT INTO PROVEEDOR_PRODUCTO(PROVEEDOR_ID,PRODUCTO_ID,PRECIO_COMPRA) VALUES(6,340, 1.000000);

-- ===========PRODUCTO [341]
INSERT INTO PRODUCTO(ID,MARCA_ID,NOMBRE,PRESENTACION,CONTENIDO,UNIDADES_POR_CAJA,COSTO,COSTO_VENTA,PRECIO_BASE,UNIDAD_MEDIDA,CODIGO_BARRAS) VALUES(341,15,'Lady Speed Stick Aerosol ','Fantasy Queen',100,12.0,1.000000,1.000000,1.000000,'ML',7.509546048772E12);

INSERT INTO MOVIMIENTO_HISTORICO_PRODUCTO (ALMACEN_ID,PRODUCTO_ID,FECHA,TIPO_MOVIMIENTO_ID,CANTIDAD,COSTO,PRECIO,USUARIO_ID) VALUES(1,341,now(),30,12,1.000000,1.000000,'root');
INSERT INTO ALMACEN_PRODUCTO(ALMACEN_ID,PRODUCTO_ID,CANTIDAD_ACTUAL,CANTIDAD_MINIMA,PRECIO_VENTA) VALUES (1,341,12,0,1.000000);

INSERT INTO ALMACEN_PRODUCTO(ALMACEN_ID,PRODUCTO_ID,CANTIDAD_ACTUAL,CANTIDAD_MINIMA,PRECIO_VENTA) VALUES (2,341,0,0,1.000000);

INSERT INTO ALMACEN_PRODUCTO(ALMACEN_ID,PRODUCTO_ID,CANTIDAD_ACTUAL,CANTIDAD_MINIMA,PRECIO_VENTA) VALUES (3,341,12,0,1.000000);

INSERT INTO ALMACEN_PRODUCTO(ALMACEN_ID,PRODUCTO_ID,CANTIDAD_ACTUAL,CANTIDAD_MINIMA,PRECIO_VENTA) VALUES (4,341,12,0,1.000000);

INSERT INTO PROVEEDOR_PRODUCTO(PROVEEDOR_ID,PRODUCTO_ID,PRECIO_COMPRA) VALUES(6,341, 1.000000);

-- ===========PRODUCTO [342]
INSERT INTO PRODUCTO(ID,MARCA_ID,NOMBRE,PRESENTACION,CONTENIDO,UNIDADES_POR_CAJA,COSTO,COSTO_VENTA,PRECIO_BASE,UNIDAD_MEDIDA,CODIGO_BARRAS) VALUES(342,15,'Lady Speed Stick Rollon ','Ph Active',50,12.0,1.000000,1.000000,1.000000,'ML',7.50954605254E12);

INSERT INTO MOVIMIENTO_HISTORICO_PRODUCTO (ALMACEN_ID,PRODUCTO_ID,FECHA,TIPO_MOVIMIENTO_ID,CANTIDAD,COSTO,PRECIO,USUARIO_ID) VALUES(1,342,now(),30,12,1.000000,1.000000,'root');
INSERT INTO ALMACEN_PRODUCTO(ALMACEN_ID,PRODUCTO_ID,CANTIDAD_ACTUAL,CANTIDAD_MINIMA,PRECIO_VENTA) VALUES (1,342,12,0,1.000000);

INSERT INTO ALMACEN_PRODUCTO(ALMACEN_ID,PRODUCTO_ID,CANTIDAD_ACTUAL,CANTIDAD_MINIMA,PRECIO_VENTA) VALUES (2,342,1,0,1.000000);

INSERT INTO ALMACEN_PRODUCTO(ALMACEN_ID,PRODUCTO_ID,CANTIDAD_ACTUAL,CANTIDAD_MINIMA,PRECIO_VENTA) VALUES (3,342,12,0,19.900000);

INSERT INTO ALMACEN_PRODUCTO(ALMACEN_ID,PRODUCTO_ID,CANTIDAD_ACTUAL,CANTIDAD_MINIMA,PRECIO_VENTA) VALUES (4,342,12,0,1.000000);

INSERT INTO PROVEEDOR_PRODUCTO(PROVEEDOR_ID,PRODUCTO_ID,PRECIO_COMPRA) VALUES(6,342, 1.000000);

-- ===========PRODUCTO [343]
INSERT INTO PRODUCTO(ID,MARCA_ID,NOMBRE,PRESENTACION,CONTENIDO,UNIDADES_POR_CAJA,COSTO,COSTO_VENTA,PRECIO_BASE,UNIDAD_MEDIDA,CODIGO_BARRAS) VALUES(343,15,'Lady Speed Stick Rollon ','Stainguard',50,12.0,1.000000,1.000000,1.000000,'ML',7.509546050904E12);

INSERT INTO MOVIMIENTO_HISTORICO_PRODUCTO (ALMACEN_ID,PRODUCTO_ID,FECHA,TIPO_MOVIMIENTO_ID,CANTIDAD,COSTO,PRECIO,USUARIO_ID) VALUES(1,343,now(),30,12,1.000000,1.000000,'root');
INSERT INTO ALMACEN_PRODUCTO(ALMACEN_ID,PRODUCTO_ID,CANTIDAD_ACTUAL,CANTIDAD_MINIMA,PRECIO_VENTA) VALUES (1,343,12,0,1.000000);

INSERT INTO ALMACEN_PRODUCTO(ALMACEN_ID,PRODUCTO_ID,CANTIDAD_ACTUAL,CANTIDAD_MINIMA,PRECIO_VENTA) VALUES (2,343,0,0,1.000000);

INSERT INTO ALMACEN_PRODUCTO(ALMACEN_ID,PRODUCTO_ID,CANTIDAD_ACTUAL,CANTIDAD_MINIMA,PRECIO_VENTA) VALUES (3,343,12,0,19.900000);

INSERT INTO ALMACEN_PRODUCTO(ALMACEN_ID,PRODUCTO_ID,CANTIDAD_ACTUAL,CANTIDAD_MINIMA,PRECIO_VENTA) VALUES (4,343,12,0,1.000000);

INSERT INTO PROVEEDOR_PRODUCTO(PROVEEDOR_ID,PRODUCTO_ID,PRECIO_COMPRA) VALUES(6,343, 1.000000);

-- ===========PRODUCTO [344]
INSERT INTO PRODUCTO(ID,MARCA_ID,NOMBRE,PRESENTACION,CONTENIDO,UNIDADES_POR_CAJA,COSTO,COSTO_VENTA,PRECIO_BASE,UNIDAD_MEDIDA,CODIGO_BARRAS) VALUES(344,15,'Lady Speed Stick rollon ','Naturals & Protect',50,12.0,1.000000,1.000000,1.000000,'ML',7.509546055275E12);

INSERT INTO MOVIMIENTO_HISTORICO_PRODUCTO (ALMACEN_ID,PRODUCTO_ID,FECHA,TIPO_MOVIMIENTO_ID,CANTIDAD,COSTO,PRECIO,USUARIO_ID) VALUES(1,344,now(),30,12,1.000000,1.000000,'root');
INSERT INTO ALMACEN_PRODUCTO(ALMACEN_ID,PRODUCTO_ID,CANTIDAD_ACTUAL,CANTIDAD_MINIMA,PRECIO_VENTA) VALUES (1,344,12,0,1.000000);

INSERT INTO ALMACEN_PRODUCTO(ALMACEN_ID,PRODUCTO_ID,CANTIDAD_ACTUAL,CANTIDAD_MINIMA,PRECIO_VENTA) VALUES (2,344,0,0,1.000000);

INSERT INTO ALMACEN_PRODUCTO(ALMACEN_ID,PRODUCTO_ID,CANTIDAD_ACTUAL,CANTIDAD_MINIMA,PRECIO_VENTA) VALUES (3,344,12,0,19.900000);

INSERT INTO ALMACEN_PRODUCTO(ALMACEN_ID,PRODUCTO_ID,CANTIDAD_ACTUAL,CANTIDAD_MINIMA,PRECIO_VENTA) VALUES (4,344,12,0,1.000000);

INSERT INTO PROVEEDOR_PRODUCTO(PROVEEDOR_ID,PRODUCTO_ID,PRECIO_COMPRA) VALUES(6,344, 1.000000);

-- ===========PRODUCTO [346]
INSERT INTO PRODUCTO(ID,MARCA_ID,NOMBRE,PRESENTACION,CONTENIDO,UNIDADES_POR_CAJA,COSTO,COSTO_VENTA,PRECIO_BASE,UNIDAD_MEDIDA,CODIGO_BARRAS) VALUES(346,15,'Lady Speed Stick Rollon ','Sexy',50,12.0,1.000000,1.000000,1.000000,'ML',7.50954602044E12);

INSERT INTO MOVIMIENTO_HISTORICO_PRODUCTO (ALMACEN_ID,PRODUCTO_ID,FECHA,TIPO_MOVIMIENTO_ID,CANTIDAD,COSTO,PRECIO,USUARIO_ID) VALUES(1,346,now(),30,12,1.000000,1.000000,'root');
INSERT INTO ALMACEN_PRODUCTO(ALMACEN_ID,PRODUCTO_ID,CANTIDAD_ACTUAL,CANTIDAD_MINIMA,PRECIO_VENTA) VALUES (1,346,12,0,1.000000);

INSERT INTO ALMACEN_PRODUCTO(ALMACEN_ID,PRODUCTO_ID,CANTIDAD_ACTUAL,CANTIDAD_MINIMA,PRECIO_VENTA) VALUES (2,346,0,0,1.000000);

INSERT INTO ALMACEN_PRODUCTO(ALMACEN_ID,PRODUCTO_ID,CANTIDAD_ACTUAL,CANTIDAD_MINIMA,PRECIO_VENTA) VALUES (3,346,12,0,19.900000);

INSERT INTO ALMACEN_PRODUCTO(ALMACEN_ID,PRODUCTO_ID,CANTIDAD_ACTUAL,CANTIDAD_MINIMA,PRECIO_VENTA) VALUES (4,346,12,0,1.000000);

INSERT INTO PROVEEDOR_PRODUCTO(PROVEEDOR_ID,PRODUCTO_ID,PRECIO_COMPRA) VALUES(6,346, 1.000000);

-- ===========PRODUCTO [347]
INSERT INTO PRODUCTO(ID,MARCA_ID,NOMBRE,PRESENTACION,CONTENIDO,UNIDADES_POR_CAJA,COSTO,COSTO_VENTA,PRECIO_BASE,UNIDAD_MEDIDA,CODIGO_BARRAS) VALUES(347,15,'Lady Speed Stick rollon ','Hydra Soft',50,12.0,1.000000,1.000000,1.000000,'ML',7.501035911703E12);

INSERT INTO MOVIMIENTO_HISTORICO_PRODUCTO (ALMACEN_ID,PRODUCTO_ID,FECHA,TIPO_MOVIMIENTO_ID,CANTIDAD,COSTO,PRECIO,USUARIO_ID) VALUES(1,347,now(),30,12,1.000000,1.000000,'root');
INSERT INTO ALMACEN_PRODUCTO(ALMACEN_ID,PRODUCTO_ID,CANTIDAD_ACTUAL,CANTIDAD_MINIMA,PRECIO_VENTA) VALUES (1,347,12,0,1.000000);

INSERT INTO ALMACEN_PRODUCTO(ALMACEN_ID,PRODUCTO_ID,CANTIDAD_ACTUAL,CANTIDAD_MINIMA,PRECIO_VENTA) VALUES (2,347,0,0,1.000000);

INSERT INTO ALMACEN_PRODUCTO(ALMACEN_ID,PRODUCTO_ID,CANTIDAD_ACTUAL,CANTIDAD_MINIMA,PRECIO_VENTA) VALUES (3,347,12,0,19.900000);

INSERT INTO ALMACEN_PRODUCTO(ALMACEN_ID,PRODUCTO_ID,CANTIDAD_ACTUAL,CANTIDAD_MINIMA,PRECIO_VENTA) VALUES (4,347,12,0,1.000000);

INSERT INTO PROVEEDOR_PRODUCTO(PROVEEDOR_ID,PRODUCTO_ID,PRECIO_COMPRA) VALUES(6,347, 1.000000);

-- ===========PRODUCTO [348]
INSERT INTO PRODUCTO(ID,MARCA_ID,NOMBRE,PRESENTACION,CONTENIDO,UNIDADES_POR_CAJA,COSTO,COSTO_VENTA,PRECIO_BASE,UNIDAD_MEDIDA,CODIGO_BARRAS) VALUES(348,15,'Lady Speed Stick Rollon ','Perfect tone ',50,12.0,1.000000,1.000000,1.000000,'ML',7.50954604826E12);

INSERT INTO MOVIMIENTO_HISTORICO_PRODUCTO (ALMACEN_ID,PRODUCTO_ID,FECHA,TIPO_MOVIMIENTO_ID,CANTIDAD,COSTO,PRECIO,USUARIO_ID) VALUES(1,348,now(),30,12,1.000000,1.000000,'root');
INSERT INTO ALMACEN_PRODUCTO(ALMACEN_ID,PRODUCTO_ID,CANTIDAD_ACTUAL,CANTIDAD_MINIMA,PRECIO_VENTA) VALUES (1,348,12,0,1.000000);

INSERT INTO ALMACEN_PRODUCTO(ALMACEN_ID,PRODUCTO_ID,CANTIDAD_ACTUAL,CANTIDAD_MINIMA,PRECIO_VENTA) VALUES (2,348,1,0,1.000000);

INSERT INTO ALMACEN_PRODUCTO(ALMACEN_ID,PRODUCTO_ID,CANTIDAD_ACTUAL,CANTIDAD_MINIMA,PRECIO_VENTA) VALUES (3,348,12,0,19.900000);

INSERT INTO ALMACEN_PRODUCTO(ALMACEN_ID,PRODUCTO_ID,CANTIDAD_ACTUAL,CANTIDAD_MINIMA,PRECIO_VENTA) VALUES (4,348,12,0,1.000000);

INSERT INTO PROVEEDOR_PRODUCTO(PROVEEDOR_ID,PRODUCTO_ID,PRECIO_COMPRA) VALUES(6,348, 1.000000);

-- ===========PRODUCTO [349]
INSERT INTO PRODUCTO(ID,MARCA_ID,NOMBRE,PRESENTACION,CONTENIDO,UNIDADES_POR_CAJA,COSTO,COSTO_VENTA,PRECIO_BASE,UNIDAD_MEDIDA,CODIGO_BARRAS) VALUES(349,15,'Lady Speed Stick Dama','Perfect Tone',45,12.0,1.000000,1.000000,1.000000,'G',7.509546048314E12);

INSERT INTO MOVIMIENTO_HISTORICO_PRODUCTO (ALMACEN_ID,PRODUCTO_ID,FECHA,TIPO_MOVIMIENTO_ID,CANTIDAD,COSTO,PRECIO,USUARIO_ID) VALUES(1,349,now(),30,12,1.000000,1.000000,'root');
INSERT INTO ALMACEN_PRODUCTO(ALMACEN_ID,PRODUCTO_ID,CANTIDAD_ACTUAL,CANTIDAD_MINIMA,PRECIO_VENTA) VALUES (1,349,12,0,1.000000);

INSERT INTO ALMACEN_PRODUCTO(ALMACEN_ID,PRODUCTO_ID,CANTIDAD_ACTUAL,CANTIDAD_MINIMA,PRECIO_VENTA) VALUES (2,349,0,0,1.000000);

INSERT INTO ALMACEN_PRODUCTO(ALMACEN_ID,PRODUCTO_ID,CANTIDAD_ACTUAL,CANTIDAD_MINIMA,PRECIO_VENTA) VALUES (3,349,12,0,1.000000);

INSERT INTO ALMACEN_PRODUCTO(ALMACEN_ID,PRODUCTO_ID,CANTIDAD_ACTUAL,CANTIDAD_MINIMA,PRECIO_VENTA) VALUES (4,349,12,0,1.000000);

INSERT INTO PROVEEDOR_PRODUCTO(PROVEEDOR_ID,PRODUCTO_ID,PRECIO_COMPRA) VALUES(6,349, 1.000000);

-- ===========PRODUCTO [351]
INSERT INTO PRODUCTO(ID,MARCA_ID,NOMBRE,PRESENTACION,CONTENIDO,UNIDADES_POR_CAJA,COSTO,COSTO_VENTA,PRECIO_BASE,UNIDAD_MEDIDA,CODIGO_BARRAS) VALUES(351,15,'Lady Speed Stick Rollon ','Double Defense',50,12.0,1.000000,1.000000,1.000000,'ML',7.509546015477E12);

INSERT INTO MOVIMIENTO_HISTORICO_PRODUCTO (ALMACEN_ID,PRODUCTO_ID,FECHA,TIPO_MOVIMIENTO_ID,CANTIDAD,COSTO,PRECIO,USUARIO_ID) VALUES(1,351,now(),30,12,1.000000,1.000000,'root');
INSERT INTO ALMACEN_PRODUCTO(ALMACEN_ID,PRODUCTO_ID,CANTIDAD_ACTUAL,CANTIDAD_MINIMA,PRECIO_VENTA) VALUES (1,351,12,0,1.000000);

INSERT INTO ALMACEN_PRODUCTO(ALMACEN_ID,PRODUCTO_ID,CANTIDAD_ACTUAL,CANTIDAD_MINIMA,PRECIO_VENTA) VALUES (2,351,0,0,1.000000);

INSERT INTO ALMACEN_PRODUCTO(ALMACEN_ID,PRODUCTO_ID,CANTIDAD_ACTUAL,CANTIDAD_MINIMA,PRECIO_VENTA) VALUES (3,351,12,0,19.900000);

INSERT INTO ALMACEN_PRODUCTO(ALMACEN_ID,PRODUCTO_ID,CANTIDAD_ACTUAL,CANTIDAD_MINIMA,PRECIO_VENTA) VALUES (4,351,12,0,1.000000);

INSERT INTO PROVEEDOR_PRODUCTO(PROVEEDOR_ID,PRODUCTO_ID,PRECIO_COMPRA) VALUES(6,351, 1.000000);

-- ===========PRODUCTO [352]
INSERT INTO PRODUCTO(ID,MARCA_ID,NOMBRE,PRESENTACION,CONTENIDO,UNIDADES_POR_CAJA,COSTO,COSTO_VENTA,PRECIO_BASE,UNIDAD_MEDIDA,CODIGO_BARRAS) VALUES(352,15,'Lady Speed Stick Barra ','Wild freesia',45,12.0,1.000000,1.000000,1.000000,'G',7.509546004471E12);

INSERT INTO MOVIMIENTO_HISTORICO_PRODUCTO (ALMACEN_ID,PRODUCTO_ID,FECHA,TIPO_MOVIMIENTO_ID,CANTIDAD,COSTO,PRECIO,USUARIO_ID) VALUES(1,352,now(),30,12,1.000000,1.000000,'root');
INSERT INTO ALMACEN_PRODUCTO(ALMACEN_ID,PRODUCTO_ID,CANTIDAD_ACTUAL,CANTIDAD_MINIMA,PRECIO_VENTA) VALUES (1,352,12,0,1.000000);

INSERT INTO ALMACEN_PRODUCTO(ALMACEN_ID,PRODUCTO_ID,CANTIDAD_ACTUAL,CANTIDAD_MINIMA,PRECIO_VENTA) VALUES (2,352,0,0,1.000000);

INSERT INTO ALMACEN_PRODUCTO(ALMACEN_ID,PRODUCTO_ID,CANTIDAD_ACTUAL,CANTIDAD_MINIMA,PRECIO_VENTA) VALUES (3,352,12,0,1.000000);

INSERT INTO ALMACEN_PRODUCTO(ALMACEN_ID,PRODUCTO_ID,CANTIDAD_ACTUAL,CANTIDAD_MINIMA,PRECIO_VENTA) VALUES (4,352,12,0,1.000000);

INSERT INTO PROVEEDOR_PRODUCTO(PROVEEDOR_ID,PRODUCTO_ID,PRECIO_COMPRA) VALUES(6,352, 1.000000);

-- ===========PRODUCTO [353]
INSERT INTO PRODUCTO(ID,MARCA_ID,NOMBRE,PRESENTACION,CONTENIDO,UNIDADES_POR_CAJA,COSTO,COSTO_VENTA,PRECIO_BASE,UNIDAD_MEDIDA,CODIGO_BARRAS) VALUES(353,18,'Palmolive rollon dama ','Neutro Balance ',65,12.0,1.000000,1.000000,1.000000,'ML',7.509546029825E12);

INSERT INTO MOVIMIENTO_HISTORICO_PRODUCTO (ALMACEN_ID,PRODUCTO_ID,FECHA,TIPO_MOVIMIENTO_ID,CANTIDAD,COSTO,PRECIO,USUARIO_ID) VALUES(1,353,now(),30,12,1.000000,1.000000,'root');
INSERT INTO ALMACEN_PRODUCTO(ALMACEN_ID,PRODUCTO_ID,CANTIDAD_ACTUAL,CANTIDAD_MINIMA,PRECIO_VENTA) VALUES (1,353,12,0,1.000000);

INSERT INTO ALMACEN_PRODUCTO(ALMACEN_ID,PRODUCTO_ID,CANTIDAD_ACTUAL,CANTIDAD_MINIMA,PRECIO_VENTA) VALUES (2,353,0,0,1.000000);

INSERT INTO ALMACEN_PRODUCTO(ALMACEN_ID,PRODUCTO_ID,CANTIDAD_ACTUAL,CANTIDAD_MINIMA,PRECIO_VENTA) VALUES (3,353,12,0,1.000000);

INSERT INTO ALMACEN_PRODUCTO(ALMACEN_ID,PRODUCTO_ID,CANTIDAD_ACTUAL,CANTIDAD_MINIMA,PRECIO_VENTA) VALUES (4,353,12,0,1.000000);

INSERT INTO PROVEEDOR_PRODUCTO(PROVEEDOR_ID,PRODUCTO_ID,PRECIO_COMPRA) VALUES(6,353, 1.000000);

-- ===========PRODUCTO [354]
INSERT INTO PRODUCTO(ID,MARCA_ID,NOMBRE,PRESENTACION,CONTENIDO,UNIDADES_POR_CAJA,COSTO,COSTO_VENTA,PRECIO_BASE,UNIDAD_MEDIDA,CODIGO_BARRAS) VALUES(354,15,'Lady Speed Stick Aerosol','Angel Oscuro',100,12.0,1.000000,1.000000,1.000000,'ml',7.509546055503E12);

INSERT INTO MOVIMIENTO_HISTORICO_PRODUCTO (ALMACEN_ID,PRODUCTO_ID,FECHA,TIPO_MOVIMIENTO_ID,CANTIDAD,COSTO,PRECIO,USUARIO_ID) VALUES(1,354,now(),30,12,1.000000,1.000000,'root');
INSERT INTO ALMACEN_PRODUCTO(ALMACEN_ID,PRODUCTO_ID,CANTIDAD_ACTUAL,CANTIDAD_MINIMA,PRECIO_VENTA) VALUES (1,354,12,0,1.000000);

INSERT INTO ALMACEN_PRODUCTO(ALMACEN_ID,PRODUCTO_ID,CANTIDAD_ACTUAL,CANTIDAD_MINIMA,PRECIO_VENTA) VALUES (2,354,0,0,1.000000);

INSERT INTO ALMACEN_PRODUCTO(ALMACEN_ID,PRODUCTO_ID,CANTIDAD_ACTUAL,CANTIDAD_MINIMA,PRECIO_VENTA) VALUES (3,354,12,0,1.000000);

INSERT INTO ALMACEN_PRODUCTO(ALMACEN_ID,PRODUCTO_ID,CANTIDAD_ACTUAL,CANTIDAD_MINIMA,PRECIO_VENTA) VALUES (4,354,12,0,1.000000);

INSERT INTO PROVEEDOR_PRODUCTO(PROVEEDOR_ID,PRODUCTO_ID,PRECIO_COMPRA) VALUES(6,354, 1.000000);

-- ===========PRODUCTO [355]
INSERT INTO PRODUCTO(ID,MARCA_ID,NOMBRE,PRESENTACION,CONTENIDO,UNIDADES_POR_CAJA,COSTO,COSTO_VENTA,PRECIO_BASE,UNIDAD_MEDIDA,CODIGO_BARRAS) VALUES(355,15,'Lady Speed Stick Barra ','Waterproof',45,12.0,1.000000,1.000000,1.000000,'G',7.509546045191E12);

INSERT INTO MOVIMIENTO_HISTORICO_PRODUCTO (ALMACEN_ID,PRODUCTO_ID,FECHA,TIPO_MOVIMIENTO_ID,CANTIDAD,COSTO,PRECIO,USUARIO_ID) VALUES(1,355,now(),30,12,1.000000,1.000000,'root');
INSERT INTO ALMACEN_PRODUCTO(ALMACEN_ID,PRODUCTO_ID,CANTIDAD_ACTUAL,CANTIDAD_MINIMA,PRECIO_VENTA) VALUES (1,355,12,0,1.000000);

INSERT INTO ALMACEN_PRODUCTO(ALMACEN_ID,PRODUCTO_ID,CANTIDAD_ACTUAL,CANTIDAD_MINIMA,PRECIO_VENTA) VALUES (2,355,5,0,1.000000);

INSERT INTO ALMACEN_PRODUCTO(ALMACEN_ID,PRODUCTO_ID,CANTIDAD_ACTUAL,CANTIDAD_MINIMA,PRECIO_VENTA) VALUES (3,355,12,0,1.000000);

INSERT INTO ALMACEN_PRODUCTO(ALMACEN_ID,PRODUCTO_ID,CANTIDAD_ACTUAL,CANTIDAD_MINIMA,PRECIO_VENTA) VALUES (4,355,12,0,1.000000);

INSERT INTO PROVEEDOR_PRODUCTO(PROVEEDOR_ID,PRODUCTO_ID,PRECIO_COMPRA) VALUES(6,355, 1.000000);

-- ===========PRODUCTO [356]
INSERT INTO PRODUCTO(ID,MARCA_ID,NOMBRE,PRESENTACION,CONTENIDO,UNIDADES_POR_CAJA,COSTO,COSTO_VENTA,PRECIO_BASE,UNIDAD_MEDIDA,CODIGO_BARRAS) VALUES(356,15,'Lady Speed Stick Barra ','Stainguard',45,12.0,1.000000,1.000000,1.000000,'G',7.509546050959E12);

INSERT INTO MOVIMIENTO_HISTORICO_PRODUCTO (ALMACEN_ID,PRODUCTO_ID,FECHA,TIPO_MOVIMIENTO_ID,CANTIDAD,COSTO,PRECIO,USUARIO_ID) VALUES(1,356,now(),30,12,1.000000,1.000000,'root');
INSERT INTO ALMACEN_PRODUCTO(ALMACEN_ID,PRODUCTO_ID,CANTIDAD_ACTUAL,CANTIDAD_MINIMA,PRECIO_VENTA) VALUES (1,356,12,0,1.000000);

INSERT INTO ALMACEN_PRODUCTO(ALMACEN_ID,PRODUCTO_ID,CANTIDAD_ACTUAL,CANTIDAD_MINIMA,PRECIO_VENTA) VALUES (2,356,0,0,1.000000);

INSERT INTO ALMACEN_PRODUCTO(ALMACEN_ID,PRODUCTO_ID,CANTIDAD_ACTUAL,CANTIDAD_MINIMA,PRECIO_VENTA) VALUES (3,356,12,0,1.000000);

INSERT INTO ALMACEN_PRODUCTO(ALMACEN_ID,PRODUCTO_ID,CANTIDAD_ACTUAL,CANTIDAD_MINIMA,PRECIO_VENTA) VALUES (4,356,12,0,1.000000);

INSERT INTO PROVEEDOR_PRODUCTO(PROVEEDOR_ID,PRODUCTO_ID,PRECIO_COMPRA) VALUES(6,356, 1.000000);

-- ===========PRODUCTO [357]
INSERT INTO PRODUCTO(ID,MARCA_ID,NOMBRE,PRESENTACION,CONTENIDO,UNIDADES_POR_CAJA,COSTO,COSTO_VENTA,PRECIO_BASE,UNIDAD_MEDIDA,CODIGO_BARRAS) VALUES(357,50,'Vanart Rollon','Powder',65,24.0,1.000000,1.000000,1.000000,'G',7.501065631015E12);

INSERT INTO MOVIMIENTO_HISTORICO_PRODUCTO (ALMACEN_ID,PRODUCTO_ID,FECHA,TIPO_MOVIMIENTO_ID,CANTIDAD,COSTO,PRECIO,USUARIO_ID) VALUES(1,357,now(),30,24,1.000000,1.000000,'root');
INSERT INTO ALMACEN_PRODUCTO(ALMACEN_ID,PRODUCTO_ID,CANTIDAD_ACTUAL,CANTIDAD_MINIMA,PRECIO_VENTA) VALUES (1,357,24,0,1.000000);

INSERT INTO ALMACEN_PRODUCTO(ALMACEN_ID,PRODUCTO_ID,CANTIDAD_ACTUAL,CANTIDAD_MINIMA,PRECIO_VENTA) VALUES (2,357,0,0,1.000000);

INSERT INTO ALMACEN_PRODUCTO(ALMACEN_ID,PRODUCTO_ID,CANTIDAD_ACTUAL,CANTIDAD_MINIMA,PRECIO_VENTA) VALUES (3,357,24,0,1.000000);

INSERT INTO ALMACEN_PRODUCTO(ALMACEN_ID,PRODUCTO_ID,CANTIDAD_ACTUAL,CANTIDAD_MINIMA,PRECIO_VENTA) VALUES (4,357,24,0,1.000000);

INSERT INTO PROVEEDOR_PRODUCTO(PROVEEDOR_ID,PRODUCTO_ID,PRECIO_COMPRA) VALUES(13,357, 1.000000);

-- ===========PRODUCTO [358]
INSERT INTO PRODUCTO(ID,MARCA_ID,NOMBRE,PRESENTACION,CONTENIDO,UNIDADES_POR_CAJA,COSTO,COSTO_VENTA,PRECIO_BASE,UNIDAD_MEDIDA,CODIGO_BARRAS) VALUES(358,50,'Vanart Rollon','Bamboo Fresh',65,24.0,1.000000,1.000000,1.000000,'G',7.50106563106E12);

INSERT INTO MOVIMIENTO_HISTORICO_PRODUCTO (ALMACEN_ID,PRODUCTO_ID,FECHA,TIPO_MOVIMIENTO_ID,CANTIDAD,COSTO,PRECIO,USUARIO_ID) VALUES(1,358,now(),30,24,1.000000,1.000000,'root');
INSERT INTO ALMACEN_PRODUCTO(ALMACEN_ID,PRODUCTO_ID,CANTIDAD_ACTUAL,CANTIDAD_MINIMA,PRECIO_VENTA) VALUES (1,358,24,0,1.000000);

INSERT INTO ALMACEN_PRODUCTO(ALMACEN_ID,PRODUCTO_ID,CANTIDAD_ACTUAL,CANTIDAD_MINIMA,PRECIO_VENTA) VALUES (2,358,0,0,1.000000);

INSERT INTO ALMACEN_PRODUCTO(ALMACEN_ID,PRODUCTO_ID,CANTIDAD_ACTUAL,CANTIDAD_MINIMA,PRECIO_VENTA) VALUES (3,358,24,0,1.000000);

INSERT INTO ALMACEN_PRODUCTO(ALMACEN_ID,PRODUCTO_ID,CANTIDAD_ACTUAL,CANTIDAD_MINIMA,PRECIO_VENTA) VALUES (4,358,24,0,1.000000);

INSERT INTO PROVEEDOR_PRODUCTO(PROVEEDOR_ID,PRODUCTO_ID,PRECIO_COMPRA) VALUES(13,358, 1.000000);

-- ===========PRODUCTO [359]
INSERT INTO PRODUCTO(ID,MARCA_ID,NOMBRE,PRESENTACION,CONTENIDO,UNIDADES_POR_CAJA,COSTO,COSTO_VENTA,PRECIO_BASE,UNIDAD_MEDIDA,CODIGO_BARRAS) VALUES(359,50,'Vanart Rollon','Citrus',65,24.0,1.000000,1.000000,1.000000,'G',7.501065631046E12);

INSERT INTO MOVIMIENTO_HISTORICO_PRODUCTO (ALMACEN_ID,PRODUCTO_ID,FECHA,TIPO_MOVIMIENTO_ID,CANTIDAD,COSTO,PRECIO,USUARIO_ID) VALUES(1,359,now(),30,24,1.000000,1.000000,'root');
INSERT INTO ALMACEN_PRODUCTO(ALMACEN_ID,PRODUCTO_ID,CANTIDAD_ACTUAL,CANTIDAD_MINIMA,PRECIO_VENTA) VALUES (1,359,24,0,1.000000);

INSERT INTO ALMACEN_PRODUCTO(ALMACEN_ID,PRODUCTO_ID,CANTIDAD_ACTUAL,CANTIDAD_MINIMA,PRECIO_VENTA) VALUES (2,359,0,0,1.000000);

INSERT INTO ALMACEN_PRODUCTO(ALMACEN_ID,PRODUCTO_ID,CANTIDAD_ACTUAL,CANTIDAD_MINIMA,PRECIO_VENTA) VALUES (3,359,24,0,1.000000);

INSERT INTO ALMACEN_PRODUCTO(ALMACEN_ID,PRODUCTO_ID,CANTIDAD_ACTUAL,CANTIDAD_MINIMA,PRECIO_VENTA) VALUES (4,359,24,0,1.000000);

INSERT INTO PROVEEDOR_PRODUCTO(PROVEEDOR_ID,PRODUCTO_ID,PRECIO_COMPRA) VALUES(13,359, 1.000000);

-- ===========PRODUCTO [360]
INSERT INTO PRODUCTO(ID,MARCA_ID,NOMBRE,PRESENTACION,CONTENIDO,UNIDADES_POR_CAJA,COSTO,COSTO_VENTA,PRECIO_BASE,UNIDAD_MEDIDA,CODIGO_BARRAS) VALUES(360,50,'Vanart Rollon','Sensaciones',65,24.0,1.000000,1.000000,1.000000,'G',7.501065631039E12);

INSERT INTO MOVIMIENTO_HISTORICO_PRODUCTO (ALMACEN_ID,PRODUCTO_ID,FECHA,TIPO_MOVIMIENTO_ID,CANTIDAD,COSTO,PRECIO,USUARIO_ID) VALUES(1,360,now(),30,24,1.000000,1.000000,'root');
INSERT INTO ALMACEN_PRODUCTO(ALMACEN_ID,PRODUCTO_ID,CANTIDAD_ACTUAL,CANTIDAD_MINIMA,PRECIO_VENTA) VALUES (1,360,24,0,1.000000);

INSERT INTO ALMACEN_PRODUCTO(ALMACEN_ID,PRODUCTO_ID,CANTIDAD_ACTUAL,CANTIDAD_MINIMA,PRECIO_VENTA) VALUES (2,360,0,0,1.000000);

INSERT INTO ALMACEN_PRODUCTO(ALMACEN_ID,PRODUCTO_ID,CANTIDAD_ACTUAL,CANTIDAD_MINIMA,PRECIO_VENTA) VALUES (3,360,24,0,1.000000);

INSERT INTO ALMACEN_PRODUCTO(ALMACEN_ID,PRODUCTO_ID,CANTIDAD_ACTUAL,CANTIDAD_MINIMA,PRECIO_VENTA) VALUES (4,360,24,0,1.000000);

INSERT INTO PROVEEDOR_PRODUCTO(PROVEEDOR_ID,PRODUCTO_ID,PRECIO_COMPRA) VALUES(13,360, 1.000000);

-- ===========PRODUCTO [361]
INSERT INTO PRODUCTO(ID,MARCA_ID,NOMBRE,PRESENTACION,CONTENIDO,UNIDADES_POR_CAJA,COSTO,COSTO_VENTA,PRECIO_BASE,UNIDAD_MEDIDA,CODIGO_BARRAS) VALUES(361,50,'Vanart Rollon','Sensitive',65,24.0,1.000000,1.000000,1.000000,'G',7.501065631053E12);

INSERT INTO MOVIMIENTO_HISTORICO_PRODUCTO (ALMACEN_ID,PRODUCTO_ID,FECHA,TIPO_MOVIMIENTO_ID,CANTIDAD,COSTO,PRECIO,USUARIO_ID) VALUES(1,361,now(),30,24,1.000000,1.000000,'root');
INSERT INTO ALMACEN_PRODUCTO(ALMACEN_ID,PRODUCTO_ID,CANTIDAD_ACTUAL,CANTIDAD_MINIMA,PRECIO_VENTA) VALUES (1,361,24,0,1.000000);

INSERT INTO ALMACEN_PRODUCTO(ALMACEN_ID,PRODUCTO_ID,CANTIDAD_ACTUAL,CANTIDAD_MINIMA,PRECIO_VENTA) VALUES (2,361,0,0,1.000000);

INSERT INTO ALMACEN_PRODUCTO(ALMACEN_ID,PRODUCTO_ID,CANTIDAD_ACTUAL,CANTIDAD_MINIMA,PRECIO_VENTA) VALUES (3,361,24,0,1.000000);

INSERT INTO ALMACEN_PRODUCTO(ALMACEN_ID,PRODUCTO_ID,CANTIDAD_ACTUAL,CANTIDAD_MINIMA,PRECIO_VENTA) VALUES (4,361,24,0,1.000000);

INSERT INTO PROVEEDOR_PRODUCTO(PROVEEDOR_ID,PRODUCTO_ID,PRECIO_COMPRA) VALUES(13,361, 1.000000);

-- ===========PRODUCTO [362]
INSERT INTO PRODUCTO(ID,MARCA_ID,NOMBRE,PRESENTACION,CONTENIDO,UNIDADES_POR_CAJA,COSTO,COSTO_VENTA,PRECIO_BASE,UNIDAD_MEDIDA,CODIGO_BARRAS) VALUES(362,51,'Secret Aerosol Dama','Maracuya Parchita',150,24.0,1.000000,1.000000,1.000000,'ML',7.501001408459E12);

INSERT INTO MOVIMIENTO_HISTORICO_PRODUCTO (ALMACEN_ID,PRODUCTO_ID,FECHA,TIPO_MOVIMIENTO_ID,CANTIDAD,COSTO,PRECIO,USUARIO_ID) VALUES(1,362,now(),30,12,1.000000,1.000000,'root');
INSERT INTO ALMACEN_PRODUCTO(ALMACEN_ID,PRODUCTO_ID,CANTIDAD_ACTUAL,CANTIDAD_MINIMA,PRECIO_VENTA) VALUES (1,362,12,0,1.000000);

INSERT INTO ALMACEN_PRODUCTO(ALMACEN_ID,PRODUCTO_ID,CANTIDAD_ACTUAL,CANTIDAD_MINIMA,PRECIO_VENTA) VALUES (2,362,0,0,1.000000);

INSERT INTO ALMACEN_PRODUCTO(ALMACEN_ID,PRODUCTO_ID,CANTIDAD_ACTUAL,CANTIDAD_MINIMA,PRECIO_VENTA) VALUES (3,362,12,0,1.000000);

INSERT INTO ALMACEN_PRODUCTO(ALMACEN_ID,PRODUCTO_ID,CANTIDAD_ACTUAL,CANTIDAD_MINIMA,PRECIO_VENTA) VALUES (4,362,12,0,1.000000);

INSERT INTO PROVEEDOR_PRODUCTO(PROVEEDOR_ID,PRODUCTO_ID,PRECIO_COMPRA) VALUES(19,362, 1.000000);

-- ===========PRODUCTO [363]
INSERT INTO PRODUCTO(ID,MARCA_ID,NOMBRE,PRESENTACION,CONTENIDO,UNIDADES_POR_CAJA,COSTO,COSTO_VENTA,PRECIO_BASE,UNIDAD_MEDIDA,CODIGO_BARRAS) VALUES(363,11,'Brut Aerosol','Ego',160,12.0,1.000000,1.000000,1.000000,'ML',7.502221181764E12);

INSERT INTO MOVIMIENTO_HISTORICO_PRODUCTO (ALMACEN_ID,PRODUCTO_ID,FECHA,TIPO_MOVIMIENTO_ID,CANTIDAD,COSTO,PRECIO,USUARIO_ID) VALUES(1,363,now(),30,12,1.000000,1.000000,'root');
INSERT INTO ALMACEN_PRODUCTO(ALMACEN_ID,PRODUCTO_ID,CANTIDAD_ACTUAL,CANTIDAD_MINIMA,PRECIO_VENTA) VALUES (1,363,12,0,1.000000);

INSERT INTO ALMACEN_PRODUCTO(ALMACEN_ID,PRODUCTO_ID,CANTIDAD_ACTUAL,CANTIDAD_MINIMA,PRECIO_VENTA) VALUES (2,363,0,0,1.000000);

INSERT INTO ALMACEN_PRODUCTO(ALMACEN_ID,PRODUCTO_ID,CANTIDAD_ACTUAL,CANTIDAD_MINIMA,PRECIO_VENTA) VALUES (3,363,12,0,34.900000);

INSERT INTO ALMACEN_PRODUCTO(ALMACEN_ID,PRODUCTO_ID,CANTIDAD_ACTUAL,CANTIDAD_MINIMA,PRECIO_VENTA) VALUES (4,363,12,0,1.000000);

INSERT INTO PROVEEDOR_PRODUCTO(PROVEEDOR_ID,PRODUCTO_ID,PRECIO_COMPRA) VALUES(18,363, 1.000000);

-- ===========PRODUCTO [364]
INSERT INTO PRODUCTO(ID,MARCA_ID,NOMBRE,PRESENTACION,CONTENIDO,UNIDADES_POR_CAJA,COSTO,COSTO_VENTA,PRECIO_BASE,UNIDAD_MEDIDA,CODIGO_BARRAS) VALUES(364,11,'Brut Aerosol','Code',160,12.0,1.000000,1.000000,1.000000,'ML',7.502221181757E12);

INSERT INTO MOVIMIENTO_HISTORICO_PRODUCTO (ALMACEN_ID,PRODUCTO_ID,FECHA,TIPO_MOVIMIENTO_ID,CANTIDAD,COSTO,PRECIO,USUARIO_ID) VALUES(1,364,now(),30,0,1.000000,1.000000,'root');
INSERT INTO ALMACEN_PRODUCTO(ALMACEN_ID,PRODUCTO_ID,CANTIDAD_ACTUAL,CANTIDAD_MINIMA,PRECIO_VENTA) VALUES (1,364,0,0,1.000000);

INSERT INTO ALMACEN_PRODUCTO(ALMACEN_ID,PRODUCTO_ID,CANTIDAD_ACTUAL,CANTIDAD_MINIMA,PRECIO_VENTA) VALUES (2,364,0,0,1.000000);

INSERT INTO PROVEEDOR_PRODUCTO(PROVEEDOR_ID,PRODUCTO_ID,PRECIO_COMPRA) VALUES(18,364, 1.000000);

-- ===========PRODUCTO [365]
INSERT INTO PRODUCTO(ID,MARCA_ID,NOMBRE,PRESENTACION,CONTENIDO,UNIDADES_POR_CAJA,COSTO,COSTO_VENTA,PRECIO_BASE,UNIDAD_MEDIDA,CODIGO_BARRAS) VALUES(365,11,'Brut Rollon','Classic Ap',50,12.0,1.000000,1.000000,1.000000,'G',7.502221181115E12);

INSERT INTO MOVIMIENTO_HISTORICO_PRODUCTO (ALMACEN_ID,PRODUCTO_ID,FECHA,TIPO_MOVIMIENTO_ID,CANTIDAD,COSTO,PRECIO,USUARIO_ID) VALUES(1,365,now(),30,24,1.000000,1.000000,'root');
INSERT INTO ALMACEN_PRODUCTO(ALMACEN_ID,PRODUCTO_ID,CANTIDAD_ACTUAL,CANTIDAD_MINIMA,PRECIO_VENTA) VALUES (1,365,24,0,1.000000);

INSERT INTO ALMACEN_PRODUCTO(ALMACEN_ID,PRODUCTO_ID,CANTIDAD_ACTUAL,CANTIDAD_MINIMA,PRECIO_VENTA) VALUES (2,365,24,0,1.000000);

INSERT INTO ALMACEN_PRODUCTO(ALMACEN_ID,PRODUCTO_ID,CANTIDAD_ACTUAL,CANTIDAD_MINIMA,PRECIO_VENTA) VALUES (3,365,24,0,19.900000);

INSERT INTO ALMACEN_PRODUCTO(ALMACEN_ID,PRODUCTO_ID,CANTIDAD_ACTUAL,CANTIDAD_MINIMA,PRECIO_VENTA) VALUES (4,365,24,0,1.000000);

INSERT INTO PROVEEDOR_PRODUCTO(PROVEEDOR_ID,PRODUCTO_ID,PRECIO_COMPRA) VALUES(18,365, 1.000000);

-- ===========PRODUCTO [366]
INSERT INTO PRODUCTO(ID,MARCA_ID,NOMBRE,PRESENTACION,CONTENIDO,UNIDADES_POR_CAJA,COSTO,COSTO_VENTA,PRECIO_BASE,UNIDAD_MEDIDA,CODIGO_BARRAS) VALUES(366,11,'Brut Stick','Classic Ap',65,12.0,1.000000,1.000000,1.000000,'G',7.5022211833E12);

INSERT INTO MOVIMIENTO_HISTORICO_PRODUCTO (ALMACEN_ID,PRODUCTO_ID,FECHA,TIPO_MOVIMIENTO_ID,CANTIDAD,COSTO,PRECIO,USUARIO_ID) VALUES(1,366,now(),30,12,1.000000,1.000000,'root');
INSERT INTO ALMACEN_PRODUCTO(ALMACEN_ID,PRODUCTO_ID,CANTIDAD_ACTUAL,CANTIDAD_MINIMA,PRECIO_VENTA) VALUES (1,366,12,0,1.000000);

INSERT INTO ALMACEN_PRODUCTO(ALMACEN_ID,PRODUCTO_ID,CANTIDAD_ACTUAL,CANTIDAD_MINIMA,PRECIO_VENTA) VALUES (2,366,3,0,1.000000);

INSERT INTO ALMACEN_PRODUCTO(ALMACEN_ID,PRODUCTO_ID,CANTIDAD_ACTUAL,CANTIDAD_MINIMA,PRECIO_VENTA) VALUES (3,366,12,0,24.900000);

INSERT INTO ALMACEN_PRODUCTO(ALMACEN_ID,PRODUCTO_ID,CANTIDAD_ACTUAL,CANTIDAD_MINIMA,PRECIO_VENTA) VALUES (4,366,12,0,1.000000);

INSERT INTO PROVEEDOR_PRODUCTO(PROVEEDOR_ID,PRODUCTO_ID,PRECIO_COMPRA) VALUES(18,366, 1.000000);

-- ===========PRODUCTO [367]
INSERT INTO PRODUCTO(ID,MARCA_ID,NOMBRE,PRESENTACION,CONTENIDO,UNIDADES_POR_CAJA,COSTO,COSTO_VENTA,PRECIO_BASE,UNIDAD_MEDIDA,CODIGO_BARRAS) VALUES(367,11,'Brut Stick','Classic Deo',65,12.0,1.000000,1.000000,1.000000,'G',7.502221181641E12);

INSERT INTO MOVIMIENTO_HISTORICO_PRODUCTO (ALMACEN_ID,PRODUCTO_ID,FECHA,TIPO_MOVIMIENTO_ID,CANTIDAD,COSTO,PRECIO,USUARIO_ID) VALUES(1,367,now(),30,12,1.000000,1.000000,'root');
INSERT INTO ALMACEN_PRODUCTO(ALMACEN_ID,PRODUCTO_ID,CANTIDAD_ACTUAL,CANTIDAD_MINIMA,PRECIO_VENTA) VALUES (1,367,12,0,1.000000);

INSERT INTO ALMACEN_PRODUCTO(ALMACEN_ID,PRODUCTO_ID,CANTIDAD_ACTUAL,CANTIDAD_MINIMA,PRECIO_VENTA) VALUES (2,367,5,0,1.000000);

INSERT INTO ALMACEN_PRODUCTO(ALMACEN_ID,PRODUCTO_ID,CANTIDAD_ACTUAL,CANTIDAD_MINIMA,PRECIO_VENTA) VALUES (3,367,12,0,24.900000);

INSERT INTO ALMACEN_PRODUCTO(ALMACEN_ID,PRODUCTO_ID,CANTIDAD_ACTUAL,CANTIDAD_MINIMA,PRECIO_VENTA) VALUES (4,367,12,0,1.000000);

INSERT INTO PROVEEDOR_PRODUCTO(PROVEEDOR_ID,PRODUCTO_ID,PRECIO_COMPRA) VALUES(18,367, 1.000000);

-- ===========PRODUCTO [368]
INSERT INTO PRODUCTO(ID,MARCA_ID,NOMBRE,PRESENTACION,CONTENIDO,UNIDADES_POR_CAJA,COSTO,COSTO_VENTA,PRECIO_BASE,UNIDAD_MEDIDA,CODIGO_BARRAS) VALUES(368,11,'Brut Stick','Classic Ap',70,12.0,1.000000,1.000000,1.000000,'G',7.502221181603E12);

INSERT INTO MOVIMIENTO_HISTORICO_PRODUCTO (ALMACEN_ID,PRODUCTO_ID,FECHA,TIPO_MOVIMIENTO_ID,CANTIDAD,COSTO,PRECIO,USUARIO_ID) VALUES(1,368,now(),30,12,1.000000,1.000000,'root');
INSERT INTO ALMACEN_PRODUCTO(ALMACEN_ID,PRODUCTO_ID,CANTIDAD_ACTUAL,CANTIDAD_MINIMA,PRECIO_VENTA) VALUES (1,368,12,0,1.000000);

INSERT INTO ALMACEN_PRODUCTO(ALMACEN_ID,PRODUCTO_ID,CANTIDAD_ACTUAL,CANTIDAD_MINIMA,PRECIO_VENTA) VALUES (2,368,1,0,1.000000);

INSERT INTO ALMACEN_PRODUCTO(ALMACEN_ID,PRODUCTO_ID,CANTIDAD_ACTUAL,CANTIDAD_MINIMA,PRECIO_VENTA) VALUES (3,368,12,0,24.900000);

INSERT INTO ALMACEN_PRODUCTO(ALMACEN_ID,PRODUCTO_ID,CANTIDAD_ACTUAL,CANTIDAD_MINIMA,PRECIO_VENTA) VALUES (4,368,12,0,1.000000);

INSERT INTO PROVEEDOR_PRODUCTO(PROVEEDOR_ID,PRODUCTO_ID,PRECIO_COMPRA) VALUES(18,368, 1.000000);

-- ===========PRODUCTO [369]
INSERT INTO PRODUCTO(ID,MARCA_ID,NOMBRE,PRESENTACION,CONTENIDO,UNIDADES_POR_CAJA,COSTO,COSTO_VENTA,PRECIO_BASE,UNIDAD_MEDIDA,CODIGO_BARRAS) VALUES(369,11,'Brut Rollon','Euphoria',50,12.0,1.000000,1.000000,1.000000,'G',7.502221181955E12);

INSERT INTO MOVIMIENTO_HISTORICO_PRODUCTO (ALMACEN_ID,PRODUCTO_ID,FECHA,TIPO_MOVIMIENTO_ID,CANTIDAD,COSTO,PRECIO,USUARIO_ID) VALUES(1,369,now(),30,12,1.000000,1.000000,'root');
INSERT INTO ALMACEN_PRODUCTO(ALMACEN_ID,PRODUCTO_ID,CANTIDAD_ACTUAL,CANTIDAD_MINIMA,PRECIO_VENTA) VALUES (1,369,12,0,1.000000);

INSERT INTO ALMACEN_PRODUCTO(ALMACEN_ID,PRODUCTO_ID,CANTIDAD_ACTUAL,CANTIDAD_MINIMA,PRECIO_VENTA) VALUES (2,369,15,0,1.000000);

INSERT INTO ALMACEN_PRODUCTO(ALMACEN_ID,PRODUCTO_ID,CANTIDAD_ACTUAL,CANTIDAD_MINIMA,PRECIO_VENTA) VALUES (3,369,12,0,19.900000);

INSERT INTO ALMACEN_PRODUCTO(ALMACEN_ID,PRODUCTO_ID,CANTIDAD_ACTUAL,CANTIDAD_MINIMA,PRECIO_VENTA) VALUES (4,369,12,0,1.000000);

INSERT INTO PROVEEDOR_PRODUCTO(PROVEEDOR_ID,PRODUCTO_ID,PRECIO_COMPRA) VALUES(18,369, 1.000000);

-- ===========PRODUCTO [370]
INSERT INTO PRODUCTO(ID,MARCA_ID,NOMBRE,PRESENTACION,CONTENIDO,UNIDADES_POR_CAJA,COSTO,COSTO_VENTA,PRECIO_BASE,UNIDAD_MEDIDA,CODIGO_BARRAS) VALUES(370,11,'Brut Stick Caballero','Euphoria',70,12.0,1.000000,1.000000,1.000000,'G',7.502221181948E12);

INSERT INTO MOVIMIENTO_HISTORICO_PRODUCTO (ALMACEN_ID,PRODUCTO_ID,FECHA,TIPO_MOVIMIENTO_ID,CANTIDAD,COSTO,PRECIO,USUARIO_ID) VALUES(1,370,now(),30,24,1.000000,1.000000,'root');
INSERT INTO ALMACEN_PRODUCTO(ALMACEN_ID,PRODUCTO_ID,CANTIDAD_ACTUAL,CANTIDAD_MINIMA,PRECIO_VENTA) VALUES (1,370,24,0,1.000000);

INSERT INTO ALMACEN_PRODUCTO(ALMACEN_ID,PRODUCTO_ID,CANTIDAD_ACTUAL,CANTIDAD_MINIMA,PRECIO_VENTA) VALUES (2,370,3,0,1.000000);

INSERT INTO ALMACEN_PRODUCTO(ALMACEN_ID,PRODUCTO_ID,CANTIDAD_ACTUAL,CANTIDAD_MINIMA,PRECIO_VENTA) VALUES (3,370,24,0,24.900000);

INSERT INTO ALMACEN_PRODUCTO(ALMACEN_ID,PRODUCTO_ID,CANTIDAD_ACTUAL,CANTIDAD_MINIMA,PRECIO_VENTA) VALUES (4,370,24,0,1.000000);

INSERT INTO PROVEEDOR_PRODUCTO(PROVEEDOR_ID,PRODUCTO_ID,PRECIO_COMPRA) VALUES(18,370, 1.000000);

-- ===========PRODUCTO [371]
INSERT INTO PRODUCTO(ID,MARCA_ID,NOMBRE,PRESENTACION,CONTENIDO,UNIDADES_POR_CAJA,COSTO,COSTO_VENTA,PRECIO_BASE,UNIDAD_MEDIDA,CODIGO_BARRAS) VALUES(371,11,'Brut Stick Caballero','Addiction',70,12.0,1.000000,1.000000,1.000000,'G',7.502221184772E12);

INSERT INTO MOVIMIENTO_HISTORICO_PRODUCTO (ALMACEN_ID,PRODUCTO_ID,FECHA,TIPO_MOVIMIENTO_ID,CANTIDAD,COSTO,PRECIO,USUARIO_ID) VALUES(1,371,now(),30,12,1.000000,1.000000,'root');
INSERT INTO ALMACEN_PRODUCTO(ALMACEN_ID,PRODUCTO_ID,CANTIDAD_ACTUAL,CANTIDAD_MINIMA,PRECIO_VENTA) VALUES (1,371,12,0,1.000000);

INSERT INTO ALMACEN_PRODUCTO(ALMACEN_ID,PRODUCTO_ID,CANTIDAD_ACTUAL,CANTIDAD_MINIMA,PRECIO_VENTA) VALUES (2,371,0,0,1.000000);

INSERT INTO ALMACEN_PRODUCTO(ALMACEN_ID,PRODUCTO_ID,CANTIDAD_ACTUAL,CANTIDAD_MINIMA,PRECIO_VENTA) VALUES (3,371,12,0,24.900000);

INSERT INTO ALMACEN_PRODUCTO(ALMACEN_ID,PRODUCTO_ID,CANTIDAD_ACTUAL,CANTIDAD_MINIMA,PRECIO_VENTA) VALUES (4,371,12,0,1.000000);

INSERT INTO PROVEEDOR_PRODUCTO(PROVEEDOR_ID,PRODUCTO_ID,PRECIO_COMPRA) VALUES(18,371, 1.000000);

-- ===========PRODUCTO [372]
INSERT INTO PRODUCTO(ID,MARCA_ID,NOMBRE,PRESENTACION,CONTENIDO,UNIDADES_POR_CAJA,COSTO,COSTO_VENTA,PRECIO_BASE,UNIDAD_MEDIDA,CODIGO_BARRAS) VALUES(372,11,'Brut Stick','Dominant',70,12.0,1.000000,1.000000,1.000000,'G',7.502221184284E12);

INSERT INTO MOVIMIENTO_HISTORICO_PRODUCTO (ALMACEN_ID,PRODUCTO_ID,FECHA,TIPO_MOVIMIENTO_ID,CANTIDAD,COSTO,PRECIO,USUARIO_ID) VALUES(1,372,now(),30,12,1.000000,1.000000,'root');
INSERT INTO ALMACEN_PRODUCTO(ALMACEN_ID,PRODUCTO_ID,CANTIDAD_ACTUAL,CANTIDAD_MINIMA,PRECIO_VENTA) VALUES (1,372,12,0,1.000000);

INSERT INTO ALMACEN_PRODUCTO(ALMACEN_ID,PRODUCTO_ID,CANTIDAD_ACTUAL,CANTIDAD_MINIMA,PRECIO_VENTA) VALUES (2,372,4,0,1.000000);

INSERT INTO ALMACEN_PRODUCTO(ALMACEN_ID,PRODUCTO_ID,CANTIDAD_ACTUAL,CANTIDAD_MINIMA,PRECIO_VENTA) VALUES (3,372,12,0,24.900000);

INSERT INTO ALMACEN_PRODUCTO(ALMACEN_ID,PRODUCTO_ID,CANTIDAD_ACTUAL,CANTIDAD_MINIMA,PRECIO_VENTA) VALUES (4,372,12,0,1.000000);

INSERT INTO PROVEEDOR_PRODUCTO(PROVEEDOR_ID,PRODUCTO_ID,PRECIO_COMPRA) VALUES(18,372, 1.000000);

-- ===========PRODUCTO [373]
INSERT INTO PRODUCTO(ID,MARCA_ID,NOMBRE,PRESENTACION,CONTENIDO,UNIDADES_POR_CAJA,COSTO,COSTO_VENTA,PRECIO_BASE,UNIDAD_MEDIDA,CODIGO_BARRAS) VALUES(373,11,'Brut Stick','Affection',70,12.0,1.000000,1.000000,1.000000,'G',7.502221184239E12);

INSERT INTO MOVIMIENTO_HISTORICO_PRODUCTO (ALMACEN_ID,PRODUCTO_ID,FECHA,TIPO_MOVIMIENTO_ID,CANTIDAD,COSTO,PRECIO,USUARIO_ID) VALUES(1,373,now(),30,12,1.000000,1.000000,'root');
INSERT INTO ALMACEN_PRODUCTO(ALMACEN_ID,PRODUCTO_ID,CANTIDAD_ACTUAL,CANTIDAD_MINIMA,PRECIO_VENTA) VALUES (1,373,12,0,1.000000);

INSERT INTO ALMACEN_PRODUCTO(ALMACEN_ID,PRODUCTO_ID,CANTIDAD_ACTUAL,CANTIDAD_MINIMA,PRECIO_VENTA) VALUES (2,373,7,0,1.000000);

INSERT INTO ALMACEN_PRODUCTO(ALMACEN_ID,PRODUCTO_ID,CANTIDAD_ACTUAL,CANTIDAD_MINIMA,PRECIO_VENTA) VALUES (3,373,12,0,24.900000);

INSERT INTO ALMACEN_PRODUCTO(ALMACEN_ID,PRODUCTO_ID,CANTIDAD_ACTUAL,CANTIDAD_MINIMA,PRECIO_VENTA) VALUES (4,373,12,0,1.000000);

INSERT INTO PROVEEDOR_PRODUCTO(PROVEEDOR_ID,PRODUCTO_ID,PRECIO_COMPRA) VALUES(18,373, 1.000000);

-- ===========PRODUCTO [374]
INSERT INTO PRODUCTO(ID,MARCA_ID,NOMBRE,PRESENTACION,CONTENIDO,UNIDADES_POR_CAJA,COSTO,COSTO_VENTA,PRECIO_BASE,UNIDAD_MEDIDA,CODIGO_BARRAS) VALUES(374,11,'Brut Aerosol','Excess',160,12.0,1.000000,1.000000,1.000000,'ML',7.502221181771E12);

INSERT INTO MOVIMIENTO_HISTORICO_PRODUCTO (ALMACEN_ID,PRODUCTO_ID,FECHA,TIPO_MOVIMIENTO_ID,CANTIDAD,COSTO,PRECIO,USUARIO_ID) VALUES(1,374,now(),30,9,1.000000,1.000000,'root');
INSERT INTO ALMACEN_PRODUCTO(ALMACEN_ID,PRODUCTO_ID,CANTIDAD_ACTUAL,CANTIDAD_MINIMA,PRECIO_VENTA) VALUES (1,374,9,0,1.000000);

INSERT INTO ALMACEN_PRODUCTO(ALMACEN_ID,PRODUCTO_ID,CANTIDAD_ACTUAL,CANTIDAD_MINIMA,PRECIO_VENTA) VALUES (2,374,0,0,1.000000);

INSERT INTO ALMACEN_PRODUCTO(ALMACEN_ID,PRODUCTO_ID,CANTIDAD_ACTUAL,CANTIDAD_MINIMA,PRECIO_VENTA) VALUES (3,374,9,0,34.900000);

INSERT INTO ALMACEN_PRODUCTO(ALMACEN_ID,PRODUCTO_ID,CANTIDAD_ACTUAL,CANTIDAD_MINIMA,PRECIO_VENTA) VALUES (4,374,9,0,1.000000);

INSERT INTO PROVEEDOR_PRODUCTO(PROVEEDOR_ID,PRODUCTO_ID,PRECIO_COMPRA) VALUES(18,374, 1.000000);

-- ===========PRODUCTO [375]
INSERT INTO PRODUCTO(ID,MARCA_ID,NOMBRE,PRESENTACION,CONTENIDO,UNIDADES_POR_CAJA,COSTO,COSTO_VENTA,PRECIO_BASE,UNIDAD_MEDIDA,CODIGO_BARRAS) VALUES(375,11,'Brut Aerosol','Urban',160,12.0,1.000000,1.000000,1.000000,'ML',7.502221181788E12);

INSERT INTO MOVIMIENTO_HISTORICO_PRODUCTO (ALMACEN_ID,PRODUCTO_ID,FECHA,TIPO_MOVIMIENTO_ID,CANTIDAD,COSTO,PRECIO,USUARIO_ID) VALUES(1,375,now(),30,12,1.000000,1.000000,'root');
INSERT INTO ALMACEN_PRODUCTO(ALMACEN_ID,PRODUCTO_ID,CANTIDAD_ACTUAL,CANTIDAD_MINIMA,PRECIO_VENTA) VALUES (1,375,12,0,1.000000);

INSERT INTO ALMACEN_PRODUCTO(ALMACEN_ID,PRODUCTO_ID,CANTIDAD_ACTUAL,CANTIDAD_MINIMA,PRECIO_VENTA) VALUES (2,375,2,0,1.000000);

INSERT INTO ALMACEN_PRODUCTO(ALMACEN_ID,PRODUCTO_ID,CANTIDAD_ACTUAL,CANTIDAD_MINIMA,PRECIO_VENTA) VALUES (3,375,12,0,34.900000);

INSERT INTO ALMACEN_PRODUCTO(ALMACEN_ID,PRODUCTO_ID,CANTIDAD_ACTUAL,CANTIDAD_MINIMA,PRECIO_VENTA) VALUES (4,375,12,0,1.000000);

INSERT INTO PROVEEDOR_PRODUCTO(PROVEEDOR_ID,PRODUCTO_ID,PRECIO_COMPRA) VALUES(18,375, 1.000000);

-- ===========PRODUCTO [376]
INSERT INTO PRODUCTO(ID,MARCA_ID,NOMBRE,PRESENTACION,CONTENIDO,UNIDADES_POR_CAJA,COSTO,COSTO_VENTA,PRECIO_BASE,UNIDAD_MEDIDA,CODIGO_BARRAS) VALUES(376,11,'Brut Rollon','Affection',50,12.0,1.000000,1.000000,1.000000,'G',7.502221184222E12);

INSERT INTO MOVIMIENTO_HISTORICO_PRODUCTO (ALMACEN_ID,PRODUCTO_ID,FECHA,TIPO_MOVIMIENTO_ID,CANTIDAD,COSTO,PRECIO,USUARIO_ID) VALUES(1,376,now(),30,12,1.000000,1.000000,'root');
INSERT INTO ALMACEN_PRODUCTO(ALMACEN_ID,PRODUCTO_ID,CANTIDAD_ACTUAL,CANTIDAD_MINIMA,PRECIO_VENTA) VALUES (1,376,12,0,1.000000);

INSERT INTO ALMACEN_PRODUCTO(ALMACEN_ID,PRODUCTO_ID,CANTIDAD_ACTUAL,CANTIDAD_MINIMA,PRECIO_VENTA) VALUES (2,376,0,0,1.000000);

INSERT INTO ALMACEN_PRODUCTO(ALMACEN_ID,PRODUCTO_ID,CANTIDAD_ACTUAL,CANTIDAD_MINIMA,PRECIO_VENTA) VALUES (3,376,12,0,19.900000);

INSERT INTO ALMACEN_PRODUCTO(ALMACEN_ID,PRODUCTO_ID,CANTIDAD_ACTUAL,CANTIDAD_MINIMA,PRECIO_VENTA) VALUES (4,376,12,0,1.000000);

INSERT INTO PROVEEDOR_PRODUCTO(PROVEEDOR_ID,PRODUCTO_ID,PRECIO_COMPRA) VALUES(18,376, 1.000000);

-- ===========PRODUCTO [377]
INSERT INTO PRODUCTO(ID,MARCA_ID,NOMBRE,PRESENTACION,CONTENIDO,UNIDADES_POR_CAJA,COSTO,COSTO_VENTA,PRECIO_BASE,UNIDAD_MEDIDA,CODIGO_BARRAS) VALUES(377,11,'Brut Rollon','Reaction',50,12.0,1.000000,1.000000,1.000000,'G',7.502221182358E12);

INSERT INTO MOVIMIENTO_HISTORICO_PRODUCTO (ALMACEN_ID,PRODUCTO_ID,FECHA,TIPO_MOVIMIENTO_ID,CANTIDAD,COSTO,PRECIO,USUARIO_ID) VALUES(1,377,now(),30,12,1.000000,1.000000,'root');
INSERT INTO ALMACEN_PRODUCTO(ALMACEN_ID,PRODUCTO_ID,CANTIDAD_ACTUAL,CANTIDAD_MINIMA,PRECIO_VENTA) VALUES (1,377,12,0,1.000000);

INSERT INTO ALMACEN_PRODUCTO(ALMACEN_ID,PRODUCTO_ID,CANTIDAD_ACTUAL,CANTIDAD_MINIMA,PRECIO_VENTA) VALUES (2,377,0,0,1.000000);

INSERT INTO ALMACEN_PRODUCTO(ALMACEN_ID,PRODUCTO_ID,CANTIDAD_ACTUAL,CANTIDAD_MINIMA,PRECIO_VENTA) VALUES (3,377,12,0,19.900000);

INSERT INTO ALMACEN_PRODUCTO(ALMACEN_ID,PRODUCTO_ID,CANTIDAD_ACTUAL,CANTIDAD_MINIMA,PRECIO_VENTA) VALUES (4,377,12,0,1.000000);

INSERT INTO PROVEEDOR_PRODUCTO(PROVEEDOR_ID,PRODUCTO_ID,PRECIO_COMPRA) VALUES(18,377, 1.000000);

-- ===========PRODUCTO [378]
INSERT INTO PRODUCTO(ID,MARCA_ID,NOMBRE,PRESENTACION,CONTENIDO,UNIDADES_POR_CAJA,COSTO,COSTO_VENTA,PRECIO_BASE,UNIDAD_MEDIDA,CODIGO_BARRAS) VALUES(378,11,'Brut Rollon','Motion',50,12.0,1.000000,1.000000,1.000000,'G',7.502221182303E12);

INSERT INTO MOVIMIENTO_HISTORICO_PRODUCTO (ALMACEN_ID,PRODUCTO_ID,FECHA,TIPO_MOVIMIENTO_ID,CANTIDAD,COSTO,PRECIO,USUARIO_ID) VALUES(1,378,now(),30,12,1.000000,1.000000,'root');
INSERT INTO ALMACEN_PRODUCTO(ALMACEN_ID,PRODUCTO_ID,CANTIDAD_ACTUAL,CANTIDAD_MINIMA,PRECIO_VENTA) VALUES (1,378,12,0,1.000000);

INSERT INTO ALMACEN_PRODUCTO(ALMACEN_ID,PRODUCTO_ID,CANTIDAD_ACTUAL,CANTIDAD_MINIMA,PRECIO_VENTA) VALUES (2,378,0,0,1.000000);

INSERT INTO ALMACEN_PRODUCTO(ALMACEN_ID,PRODUCTO_ID,CANTIDAD_ACTUAL,CANTIDAD_MINIMA,PRECIO_VENTA) VALUES (3,378,12,0,19.900000);

INSERT INTO ALMACEN_PRODUCTO(ALMACEN_ID,PRODUCTO_ID,CANTIDAD_ACTUAL,CANTIDAD_MINIMA,PRECIO_VENTA) VALUES (4,378,12,0,1.000000);

INSERT INTO PROVEEDOR_PRODUCTO(PROVEEDOR_ID,PRODUCTO_ID,PRECIO_COMPRA) VALUES(18,378, 1.000000);

-- ===========PRODUCTO [379]
INSERT INTO PRODUCTO(ID,MARCA_ID,NOMBRE,PRESENTACION,CONTENIDO,UNIDADES_POR_CAJA,COSTO,COSTO_VENTA,PRECIO_BASE,UNIDAD_MEDIDA,CODIGO_BARRAS) VALUES(379,11,'Brut Rollon','Attitude',50,12.0,1.000000,1.000000,1.000000,'G',7.502221181146E12);

INSERT INTO MOVIMIENTO_HISTORICO_PRODUCTO (ALMACEN_ID,PRODUCTO_ID,FECHA,TIPO_MOVIMIENTO_ID,CANTIDAD,COSTO,PRECIO,USUARIO_ID) VALUES(1,379,now(),30,12,1.000000,1.000000,'root');
INSERT INTO ALMACEN_PRODUCTO(ALMACEN_ID,PRODUCTO_ID,CANTIDAD_ACTUAL,CANTIDAD_MINIMA,PRECIO_VENTA) VALUES (1,379,12,0,1.000000);

INSERT INTO ALMACEN_PRODUCTO(ALMACEN_ID,PRODUCTO_ID,CANTIDAD_ACTUAL,CANTIDAD_MINIMA,PRECIO_VENTA) VALUES (2,379,0,0,1.000000);

INSERT INTO ALMACEN_PRODUCTO(ALMACEN_ID,PRODUCTO_ID,CANTIDAD_ACTUAL,CANTIDAD_MINIMA,PRECIO_VENTA) VALUES (3,379,12,0,19.900000);

INSERT INTO ALMACEN_PRODUCTO(ALMACEN_ID,PRODUCTO_ID,CANTIDAD_ACTUAL,CANTIDAD_MINIMA,PRECIO_VENTA) VALUES (4,379,12,0,1.000000);

INSERT INTO PROVEEDOR_PRODUCTO(PROVEEDOR_ID,PRODUCTO_ID,PRECIO_COMPRA) VALUES(18,379, 1.000000);

-- ===========PRODUCTO [380]
INSERT INTO PRODUCTO(ID,MARCA_ID,NOMBRE,PRESENTACION,CONTENIDO,UNIDADES_POR_CAJA,COSTO,COSTO_VENTA,PRECIO_BASE,UNIDAD_MEDIDA,CODIGO_BARRAS) VALUES(380,11,'Brut Rollon','Success',50,12.0,1.000000,1.000000,1.000000,'G',7.502221183027E12);

INSERT INTO MOVIMIENTO_HISTORICO_PRODUCTO (ALMACEN_ID,PRODUCTO_ID,FECHA,TIPO_MOVIMIENTO_ID,CANTIDAD,COSTO,PRECIO,USUARIO_ID) VALUES(1,380,now(),30,3,1.000000,1.000000,'root');
INSERT INTO ALMACEN_PRODUCTO(ALMACEN_ID,PRODUCTO_ID,CANTIDAD_ACTUAL,CANTIDAD_MINIMA,PRECIO_VENTA) VALUES (1,380,3,0,1.000000);

INSERT INTO ALMACEN_PRODUCTO(ALMACEN_ID,PRODUCTO_ID,CANTIDAD_ACTUAL,CANTIDAD_MINIMA,PRECIO_VENTA) VALUES (2,380,0,0,1.000000);

INSERT INTO ALMACEN_PRODUCTO(ALMACEN_ID,PRODUCTO_ID,CANTIDAD_ACTUAL,CANTIDAD_MINIMA,PRECIO_VENTA) VALUES (3,380,3,0,19.900000);

INSERT INTO ALMACEN_PRODUCTO(ALMACEN_ID,PRODUCTO_ID,CANTIDAD_ACTUAL,CANTIDAD_MINIMA,PRECIO_VENTA) VALUES (4,380,3,0,1.000000);

INSERT INTO PROVEEDOR_PRODUCTO(PROVEEDOR_ID,PRODUCTO_ID,PRECIO_COMPRA) VALUES(18,380, 1.000000);

-- ===========PRODUCTO [381]
INSERT INTO PRODUCTO(ID,MARCA_ID,NOMBRE,PRESENTACION,CONTENIDO,UNIDADES_POR_CAJA,COSTO,COSTO_VENTA,PRECIO_BASE,UNIDAD_MEDIDA,CODIGO_BARRAS) VALUES(381,11,'Brut Rollon','Dominant',50,12.0,1.000000,1.000000,1.000000,'G',7.502221184277E12);

INSERT INTO MOVIMIENTO_HISTORICO_PRODUCTO (ALMACEN_ID,PRODUCTO_ID,FECHA,TIPO_MOVIMIENTO_ID,CANTIDAD,COSTO,PRECIO,USUARIO_ID) VALUES(1,381,now(),30,12,1.000000,1.000000,'root');
INSERT INTO ALMACEN_PRODUCTO(ALMACEN_ID,PRODUCTO_ID,CANTIDAD_ACTUAL,CANTIDAD_MINIMA,PRECIO_VENTA) VALUES (1,381,12,0,1.000000);

INSERT INTO ALMACEN_PRODUCTO(ALMACEN_ID,PRODUCTO_ID,CANTIDAD_ACTUAL,CANTIDAD_MINIMA,PRECIO_VENTA) VALUES (2,381,22,0,1.000000);

INSERT INTO ALMACEN_PRODUCTO(ALMACEN_ID,PRODUCTO_ID,CANTIDAD_ACTUAL,CANTIDAD_MINIMA,PRECIO_VENTA) VALUES (3,381,12,0,19.900000);

INSERT INTO ALMACEN_PRODUCTO(ALMACEN_ID,PRODUCTO_ID,CANTIDAD_ACTUAL,CANTIDAD_MINIMA,PRECIO_VENTA) VALUES (4,381,12,0,1.000000);

INSERT INTO PROVEEDOR_PRODUCTO(PROVEEDOR_ID,PRODUCTO_ID,PRECIO_COMPRA) VALUES(18,381, 1.000000);

-- ===========PRODUCTO [383]
INSERT INTO PRODUCTO(ID,MARCA_ID,NOMBRE,PRESENTACION,CONTENIDO,UNIDADES_POR_CAJA,COSTO,COSTO_VENTA,PRECIO_BASE,UNIDAD_MEDIDA,CODIGO_BARRAS) VALUES(383,11,'Brut Stick','Reaction',65,12.0,1.000000,1.000000,1.000000,'G',7.502221182365E12);

INSERT INTO MOVIMIENTO_HISTORICO_PRODUCTO (ALMACEN_ID,PRODUCTO_ID,FECHA,TIPO_MOVIMIENTO_ID,CANTIDAD,COSTO,PRECIO,USUARIO_ID) VALUES(1,383,now(),30,12,1.000000,1.000000,'root');
INSERT INTO ALMACEN_PRODUCTO(ALMACEN_ID,PRODUCTO_ID,CANTIDAD_ACTUAL,CANTIDAD_MINIMA,PRECIO_VENTA) VALUES (1,383,12,0,1.000000);

INSERT INTO ALMACEN_PRODUCTO(ALMACEN_ID,PRODUCTO_ID,CANTIDAD_ACTUAL,CANTIDAD_MINIMA,PRECIO_VENTA) VALUES (2,383,0,0,1.000000);

INSERT INTO ALMACEN_PRODUCTO(ALMACEN_ID,PRODUCTO_ID,CANTIDAD_ACTUAL,CANTIDAD_MINIMA,PRECIO_VENTA) VALUES (3,383,12,0,24.900000);

INSERT INTO ALMACEN_PRODUCTO(ALMACEN_ID,PRODUCTO_ID,CANTIDAD_ACTUAL,CANTIDAD_MINIMA,PRECIO_VENTA) VALUES (4,383,12,0,1.000000);

INSERT INTO PROVEEDOR_PRODUCTO(PROVEEDOR_ID,PRODUCTO_ID,PRECIO_COMPRA) VALUES(18,383, 1.000000);

-- ===========PRODUCTO [384]
INSERT INTO PRODUCTO(ID,MARCA_ID,NOMBRE,PRESENTACION,CONTENIDO,UNIDADES_POR_CAJA,COSTO,COSTO_VENTA,PRECIO_BASE,UNIDAD_MEDIDA,CODIGO_BARRAS) VALUES(384,49,'Stefano Rollon','Midnight',50,12.0,1.000000,1.000000,1.000000,'ML',7.509546025377E12);

INSERT INTO MOVIMIENTO_HISTORICO_PRODUCTO (ALMACEN_ID,PRODUCTO_ID,FECHA,TIPO_MOVIMIENTO_ID,CANTIDAD,COSTO,PRECIO,USUARIO_ID) VALUES(1,384,now(),30,12,1.000000,1.000000,'root');
INSERT INTO ALMACEN_PRODUCTO(ALMACEN_ID,PRODUCTO_ID,CANTIDAD_ACTUAL,CANTIDAD_MINIMA,PRECIO_VENTA) VALUES (1,384,12,0,1.000000);

INSERT INTO ALMACEN_PRODUCTO(ALMACEN_ID,PRODUCTO_ID,CANTIDAD_ACTUAL,CANTIDAD_MINIMA,PRECIO_VENTA) VALUES (2,384,0,0,1.000000);

INSERT INTO ALMACEN_PRODUCTO(ALMACEN_ID,PRODUCTO_ID,CANTIDAD_ACTUAL,CANTIDAD_MINIMA,PRECIO_VENTA) VALUES (3,384,12,0,1.000000);

INSERT INTO ALMACEN_PRODUCTO(ALMACEN_ID,PRODUCTO_ID,CANTIDAD_ACTUAL,CANTIDAD_MINIMA,PRECIO_VENTA) VALUES (4,384,12,0,1.000000);

INSERT INTO PROVEEDOR_PRODUCTO(PROVEEDOR_ID,PRODUCTO_ID,PRECIO_COMPRA) VALUES(6,384, 1.000000);

-- ===========PRODUCTO [385]
INSERT INTO PRODUCTO(ID,MARCA_ID,NOMBRE,PRESENTACION,CONTENIDO,UNIDADES_POR_CAJA,COSTO,COSTO_VENTA,PRECIO_BASE,UNIDAD_MEDIDA,CODIGO_BARRAS) VALUES(385,49,'Stefano Rollon','Unic',50,12.0,1.000000,1.000000,1.000000,'ML',7.509546035543E12);

INSERT INTO MOVIMIENTO_HISTORICO_PRODUCTO (ALMACEN_ID,PRODUCTO_ID,FECHA,TIPO_MOVIMIENTO_ID,CANTIDAD,COSTO,PRECIO,USUARIO_ID) VALUES(1,385,now(),30,12,1.000000,1.000000,'root');
INSERT INTO ALMACEN_PRODUCTO(ALMACEN_ID,PRODUCTO_ID,CANTIDAD_ACTUAL,CANTIDAD_MINIMA,PRECIO_VENTA) VALUES (1,385,12,0,1.000000);

INSERT INTO ALMACEN_PRODUCTO(ALMACEN_ID,PRODUCTO_ID,CANTIDAD_ACTUAL,CANTIDAD_MINIMA,PRECIO_VENTA) VALUES (2,385,0,0,1.000000);

INSERT INTO ALMACEN_PRODUCTO(ALMACEN_ID,PRODUCTO_ID,CANTIDAD_ACTUAL,CANTIDAD_MINIMA,PRECIO_VENTA) VALUES (3,385,12,0,1.000000);

INSERT INTO ALMACEN_PRODUCTO(ALMACEN_ID,PRODUCTO_ID,CANTIDAD_ACTUAL,CANTIDAD_MINIMA,PRECIO_VENTA) VALUES (4,385,12,0,1.000000);

INSERT INTO PROVEEDOR_PRODUCTO(PROVEEDOR_ID,PRODUCTO_ID,PRECIO_COMPRA) VALUES(6,385, 1.000000);

-- ===========PRODUCTO [386]
INSERT INTO PRODUCTO(ID,MARCA_ID,NOMBRE,PRESENTACION,CONTENIDO,UNIDADES_POR_CAJA,COSTO,COSTO_VENTA,PRECIO_BASE,UNIDAD_MEDIDA,CODIGO_BARRAS) VALUES(386,49,'Stefano Aerosol Caballero','Spazio',125,12.0,1.000000,1.000000,1.000000,'G',7.501035916586E12);

INSERT INTO MOVIMIENTO_HISTORICO_PRODUCTO (ALMACEN_ID,PRODUCTO_ID,FECHA,TIPO_MOVIMIENTO_ID,CANTIDAD,COSTO,PRECIO,USUARIO_ID) VALUES(1,386,now(),30,12,1.000000,1.000000,'root');
INSERT INTO ALMACEN_PRODUCTO(ALMACEN_ID,PRODUCTO_ID,CANTIDAD_ACTUAL,CANTIDAD_MINIMA,PRECIO_VENTA) VALUES (1,386,12,0,1.000000);

INSERT INTO ALMACEN_PRODUCTO(ALMACEN_ID,PRODUCTO_ID,CANTIDAD_ACTUAL,CANTIDAD_MINIMA,PRECIO_VENTA) VALUES (2,386,0,0,1.000000);

INSERT INTO ALMACEN_PRODUCTO(ALMACEN_ID,PRODUCTO_ID,CANTIDAD_ACTUAL,CANTIDAD_MINIMA,PRECIO_VENTA) VALUES (3,386,12,0,1.000000);

INSERT INTO ALMACEN_PRODUCTO(ALMACEN_ID,PRODUCTO_ID,CANTIDAD_ACTUAL,CANTIDAD_MINIMA,PRECIO_VENTA) VALUES (4,386,12,0,1.000000);

INSERT INTO PROVEEDOR_PRODUCTO(PROVEEDOR_ID,PRODUCTO_ID,PRECIO_COMPRA) VALUES(6,386, 1.000000);

-- ===========PRODUCTO [387]
INSERT INTO PRODUCTO(ID,MARCA_ID,NOMBRE,PRESENTACION,CONTENIDO,UNIDADES_POR_CAJA,COSTO,COSTO_VENTA,PRECIO_BASE,UNIDAD_MEDIDA,CODIGO_BARRAS) VALUES(387,49,'Stefano Aerosol Caballero','Black',125,12.0,1.000000,1.000000,1.000000,'G',7.501035916265E12);

INSERT INTO MOVIMIENTO_HISTORICO_PRODUCTO (ALMACEN_ID,PRODUCTO_ID,FECHA,TIPO_MOVIMIENTO_ID,CANTIDAD,COSTO,PRECIO,USUARIO_ID) VALUES(1,387,now(),30,12,1.000000,1.000000,'root');
INSERT INTO ALMACEN_PRODUCTO(ALMACEN_ID,PRODUCTO_ID,CANTIDAD_ACTUAL,CANTIDAD_MINIMA,PRECIO_VENTA) VALUES (1,387,12,0,1.000000);

INSERT INTO ALMACEN_PRODUCTO(ALMACEN_ID,PRODUCTO_ID,CANTIDAD_ACTUAL,CANTIDAD_MINIMA,PRECIO_VENTA) VALUES (2,387,5,0,1.000000);

INSERT INTO ALMACEN_PRODUCTO(ALMACEN_ID,PRODUCTO_ID,CANTIDAD_ACTUAL,CANTIDAD_MINIMA,PRECIO_VENTA) VALUES (3,387,12,0,1.000000);

INSERT INTO ALMACEN_PRODUCTO(ALMACEN_ID,PRODUCTO_ID,CANTIDAD_ACTUAL,CANTIDAD_MINIMA,PRECIO_VENTA) VALUES (4,387,12,0,1.000000);

INSERT INTO PROVEEDOR_PRODUCTO(PROVEEDOR_ID,PRODUCTO_ID,PRECIO_COMPRA) VALUES(6,387, 1.000000);

-- ===========PRODUCTO [388]
INSERT INTO PRODUCTO(ID,MARCA_ID,NOMBRE,PRESENTACION,CONTENIDO,UNIDADES_POR_CAJA,COSTO,COSTO_VENTA,PRECIO_BASE,UNIDAD_MEDIDA,CODIGO_BARRAS) VALUES(388,49,'Stefano Aerosol Caballero','Cosmo',125,12.0,1.000000,1.000000,1.000000,'G',7.509546051789E12);

INSERT INTO MOVIMIENTO_HISTORICO_PRODUCTO (ALMACEN_ID,PRODUCTO_ID,FECHA,TIPO_MOVIMIENTO_ID,CANTIDAD,COSTO,PRECIO,USUARIO_ID) VALUES(1,388,now(),30,12,1.000000,1.000000,'root');
INSERT INTO ALMACEN_PRODUCTO(ALMACEN_ID,PRODUCTO_ID,CANTIDAD_ACTUAL,CANTIDAD_MINIMA,PRECIO_VENTA) VALUES (1,388,12,0,1.000000);

INSERT INTO ALMACEN_PRODUCTO(ALMACEN_ID,PRODUCTO_ID,CANTIDAD_ACTUAL,CANTIDAD_MINIMA,PRECIO_VENTA) VALUES (2,388,1,0,1.000000);

INSERT INTO ALMACEN_PRODUCTO(ALMACEN_ID,PRODUCTO_ID,CANTIDAD_ACTUAL,CANTIDAD_MINIMA,PRECIO_VENTA) VALUES (3,388,12,0,1.000000);

INSERT INTO ALMACEN_PRODUCTO(ALMACEN_ID,PRODUCTO_ID,CANTIDAD_ACTUAL,CANTIDAD_MINIMA,PRECIO_VENTA) VALUES (4,388,12,0,1.000000);

INSERT INTO PROVEEDOR_PRODUCTO(PROVEEDOR_ID,PRODUCTO_ID,PRECIO_COMPRA) VALUES(6,388, 1.000000);

-- ===========PRODUCTO [389]
INSERT INTO PRODUCTO(ID,MARCA_ID,NOMBRE,PRESENTACION,CONTENIDO,UNIDADES_POR_CAJA,COSTO,COSTO_VENTA,PRECIO_BASE,UNIDAD_MEDIDA,CODIGO_BARRAS) VALUES(389,49,'Stefano Stick Caballero','Spazio',60,12.0,1.000000,1.000000,1.000000,'G',7.501035909014E12);

INSERT INTO MOVIMIENTO_HISTORICO_PRODUCTO (ALMACEN_ID,PRODUCTO_ID,FECHA,TIPO_MOVIMIENTO_ID,CANTIDAD,COSTO,PRECIO,USUARIO_ID) VALUES(1,389,now(),30,12,1.000000,1.000000,'root');
INSERT INTO ALMACEN_PRODUCTO(ALMACEN_ID,PRODUCTO_ID,CANTIDAD_ACTUAL,CANTIDAD_MINIMA,PRECIO_VENTA) VALUES (1,389,12,0,1.000000);

INSERT INTO ALMACEN_PRODUCTO(ALMACEN_ID,PRODUCTO_ID,CANTIDAD_ACTUAL,CANTIDAD_MINIMA,PRECIO_VENTA) VALUES (2,389,0,0,1.000000);

INSERT INTO ALMACEN_PRODUCTO(ALMACEN_ID,PRODUCTO_ID,CANTIDAD_ACTUAL,CANTIDAD_MINIMA,PRECIO_VENTA) VALUES (3,389,12,0,1.000000);

INSERT INTO ALMACEN_PRODUCTO(ALMACEN_ID,PRODUCTO_ID,CANTIDAD_ACTUAL,CANTIDAD_MINIMA,PRECIO_VENTA) VALUES (4,389,12,0,1.000000);

INSERT INTO PROVEEDOR_PRODUCTO(PROVEEDOR_ID,PRODUCTO_ID,PRECIO_COMPRA) VALUES(6,389, 1.000000);

-- ===========PRODUCTO [390]
INSERT INTO PRODUCTO(ID,MARCA_ID,NOMBRE,PRESENTACION,CONTENIDO,UNIDADES_POR_CAJA,COSTO,COSTO_VENTA,PRECIO_BASE,UNIDAD_MEDIDA,CODIGO_BARRAS) VALUES(390,49,'Stefano Caballero Barra','Animal',60,12.0,1.000000,1.000000,1.000000,'G',7.509546047768E12);

INSERT INTO MOVIMIENTO_HISTORICO_PRODUCTO (ALMACEN_ID,PRODUCTO_ID,FECHA,TIPO_MOVIMIENTO_ID,CANTIDAD,COSTO,PRECIO,USUARIO_ID) VALUES(1,390,now(),30,12,1.000000,1.000000,'root');
INSERT INTO ALMACEN_PRODUCTO(ALMACEN_ID,PRODUCTO_ID,CANTIDAD_ACTUAL,CANTIDAD_MINIMA,PRECIO_VENTA) VALUES (1,390,12,0,1.000000);

INSERT INTO ALMACEN_PRODUCTO(ALMACEN_ID,PRODUCTO_ID,CANTIDAD_ACTUAL,CANTIDAD_MINIMA,PRECIO_VENTA) VALUES (2,390,0,0,1.000000);

INSERT INTO ALMACEN_PRODUCTO(ALMACEN_ID,PRODUCTO_ID,CANTIDAD_ACTUAL,CANTIDAD_MINIMA,PRECIO_VENTA) VALUES (3,390,12,0,1.000000);

INSERT INTO ALMACEN_PRODUCTO(ALMACEN_ID,PRODUCTO_ID,CANTIDAD_ACTUAL,CANTIDAD_MINIMA,PRECIO_VENTA) VALUES (4,390,12,0,1.000000);

INSERT INTO PROVEEDOR_PRODUCTO(PROVEEDOR_ID,PRODUCTO_ID,PRECIO_COMPRA) VALUES(6,390, 1.000000);

-- ===========PRODUCTO [391]
INSERT INTO PRODUCTO(ID,MARCA_ID,NOMBRE,PRESENTACION,CONTENIDO,UNIDADES_POR_CAJA,COSTO,COSTO_VENTA,PRECIO_BASE,UNIDAD_MEDIDA,CODIGO_BARRAS) VALUES(391,49,'Stefano Rollon caballero','Black',50,12.0,1.000000,1.000000,1.000000,'ML',7.501035900264E12);

INSERT INTO MOVIMIENTO_HISTORICO_PRODUCTO (ALMACEN_ID,PRODUCTO_ID,FECHA,TIPO_MOVIMIENTO_ID,CANTIDAD,COSTO,PRECIO,USUARIO_ID) VALUES(1,391,now(),30,12,1.000000,1.000000,'root');
INSERT INTO ALMACEN_PRODUCTO(ALMACEN_ID,PRODUCTO_ID,CANTIDAD_ACTUAL,CANTIDAD_MINIMA,PRECIO_VENTA) VALUES (1,391,12,0,1.000000);

INSERT INTO ALMACEN_PRODUCTO(ALMACEN_ID,PRODUCTO_ID,CANTIDAD_ACTUAL,CANTIDAD_MINIMA,PRECIO_VENTA) VALUES (2,391,0,0,1.000000);

INSERT INTO ALMACEN_PRODUCTO(ALMACEN_ID,PRODUCTO_ID,CANTIDAD_ACTUAL,CANTIDAD_MINIMA,PRECIO_VENTA) VALUES (3,391,12,0,1.000000);

INSERT INTO ALMACEN_PRODUCTO(ALMACEN_ID,PRODUCTO_ID,CANTIDAD_ACTUAL,CANTIDAD_MINIMA,PRECIO_VENTA) VALUES (4,391,12,0,1.000000);

INSERT INTO PROVEEDOR_PRODUCTO(PROVEEDOR_ID,PRODUCTO_ID,PRECIO_COMPRA) VALUES(6,391, 1.000000);

-- ===========PRODUCTO [392]
INSERT INTO PRODUCTO(ID,MARCA_ID,NOMBRE,PRESENTACION,CONTENIDO,UNIDADES_POR_CAJA,COSTO,COSTO_VENTA,PRECIO_BASE,UNIDAD_MEDIDA,CODIGO_BARRAS) VALUES(392,49,'Stefano Rollon caballero','Cosmo',50,12.0,1.000000,1.000000,1.000000,'ML',7.509546051802E12);

INSERT INTO MOVIMIENTO_HISTORICO_PRODUCTO (ALMACEN_ID,PRODUCTO_ID,FECHA,TIPO_MOVIMIENTO_ID,CANTIDAD,COSTO,PRECIO,USUARIO_ID) VALUES(1,392,now(),30,12,1.000000,1.000000,'root');
INSERT INTO ALMACEN_PRODUCTO(ALMACEN_ID,PRODUCTO_ID,CANTIDAD_ACTUAL,CANTIDAD_MINIMA,PRECIO_VENTA) VALUES (1,392,12,0,1.000000);

INSERT INTO ALMACEN_PRODUCTO(ALMACEN_ID,PRODUCTO_ID,CANTIDAD_ACTUAL,CANTIDAD_MINIMA,PRECIO_VENTA) VALUES (2,392,0,0,1.000000);

INSERT INTO ALMACEN_PRODUCTO(ALMACEN_ID,PRODUCTO_ID,CANTIDAD_ACTUAL,CANTIDAD_MINIMA,PRECIO_VENTA) VALUES (3,392,12,0,1.000000);

INSERT INTO ALMACEN_PRODUCTO(ALMACEN_ID,PRODUCTO_ID,CANTIDAD_ACTUAL,CANTIDAD_MINIMA,PRECIO_VENTA) VALUES (4,392,12,0,1.000000);

INSERT INTO PROVEEDOR_PRODUCTO(PROVEEDOR_ID,PRODUCTO_ID,PRECIO_COMPRA) VALUES(6,392, 1.000000);

-- ===========PRODUCTO [393]
INSERT INTO PRODUCTO(ID,MARCA_ID,NOMBRE,PRESENTACION,CONTENIDO,UNIDADES_POR_CAJA,COSTO,COSTO_VENTA,PRECIO_BASE,UNIDAD_MEDIDA,CODIGO_BARRAS) VALUES(393,49,'Stefano Rollon caballero','Spazio',50,12.0,1.000000,1.000000,1.000000,'ML',7.501035900271E12);

INSERT INTO MOVIMIENTO_HISTORICO_PRODUCTO (ALMACEN_ID,PRODUCTO_ID,FECHA,TIPO_MOVIMIENTO_ID,CANTIDAD,COSTO,PRECIO,USUARIO_ID) VALUES(1,393,now(),30,12,1.000000,1.000000,'root');
INSERT INTO ALMACEN_PRODUCTO(ALMACEN_ID,PRODUCTO_ID,CANTIDAD_ACTUAL,CANTIDAD_MINIMA,PRECIO_VENTA) VALUES (1,393,12,0,1.000000);

INSERT INTO ALMACEN_PRODUCTO(ALMACEN_ID,PRODUCTO_ID,CANTIDAD_ACTUAL,CANTIDAD_MINIMA,PRECIO_VENTA) VALUES (2,393,0,0,1.000000);

INSERT INTO ALMACEN_PRODUCTO(ALMACEN_ID,PRODUCTO_ID,CANTIDAD_ACTUAL,CANTIDAD_MINIMA,PRECIO_VENTA) VALUES (3,393,12,0,1.000000);

INSERT INTO ALMACEN_PRODUCTO(ALMACEN_ID,PRODUCTO_ID,CANTIDAD_ACTUAL,CANTIDAD_MINIMA,PRECIO_VENTA) VALUES (4,393,12,0,1.000000);

INSERT INTO PROVEEDOR_PRODUCTO(PROVEEDOR_ID,PRODUCTO_ID,PRECIO_COMPRA) VALUES(6,393, 1.000000);

-- ===========PRODUCTO [394]
INSERT INTO PRODUCTO(ID,MARCA_ID,NOMBRE,PRESENTACION,CONTENIDO,UNIDADES_POR_CAJA,COSTO,COSTO_VENTA,PRECIO_BASE,UNIDAD_MEDIDA,CODIGO_BARRAS) VALUES(394,49,'Stefano Rollon caballero','Animal',50,12.0,1.000000,1.000000,1.000000,'ML',7.509546047737E12);

INSERT INTO MOVIMIENTO_HISTORICO_PRODUCTO (ALMACEN_ID,PRODUCTO_ID,FECHA,TIPO_MOVIMIENTO_ID,CANTIDAD,COSTO,PRECIO,USUARIO_ID) VALUES(1,394,now(),30,12,1.000000,1.000000,'root');
INSERT INTO ALMACEN_PRODUCTO(ALMACEN_ID,PRODUCTO_ID,CANTIDAD_ACTUAL,CANTIDAD_MINIMA,PRECIO_VENTA) VALUES (1,394,12,0,1.000000);

INSERT INTO ALMACEN_PRODUCTO(ALMACEN_ID,PRODUCTO_ID,CANTIDAD_ACTUAL,CANTIDAD_MINIMA,PRECIO_VENTA) VALUES (2,394,0,0,1.000000);

INSERT INTO ALMACEN_PRODUCTO(ALMACEN_ID,PRODUCTO_ID,CANTIDAD_ACTUAL,CANTIDAD_MINIMA,PRECIO_VENTA) VALUES (3,394,12,0,1.000000);

INSERT INTO ALMACEN_PRODUCTO(ALMACEN_ID,PRODUCTO_ID,CANTIDAD_ACTUAL,CANTIDAD_MINIMA,PRECIO_VENTA) VALUES (4,394,12,0,1.000000);

INSERT INTO PROVEEDOR_PRODUCTO(PROVEEDOR_ID,PRODUCTO_ID,PRECIO_COMPRA) VALUES(6,394, 1.000000);

-- ===========PRODUCTO [395]
INSERT INTO PRODUCTO(ID,MARCA_ID,NOMBRE,PRESENTACION,CONTENIDO,UNIDADES_POR_CAJA,COSTO,COSTO_VENTA,PRECIO_BASE,UNIDAD_MEDIDA,CODIGO_BARRAS) VALUES(395,49,'Stefano Aerosol','Gladius',125,12.0,1.000000,1.000000,1.000000,'G',7.509546056838E12);

INSERT INTO MOVIMIENTO_HISTORICO_PRODUCTO (ALMACEN_ID,PRODUCTO_ID,FECHA,TIPO_MOVIMIENTO_ID,CANTIDAD,COSTO,PRECIO,USUARIO_ID) VALUES(1,395,now(),30,12,1.000000,1.000000,'root');
INSERT INTO ALMACEN_PRODUCTO(ALMACEN_ID,PRODUCTO_ID,CANTIDAD_ACTUAL,CANTIDAD_MINIMA,PRECIO_VENTA) VALUES (1,395,12,0,1.000000);

INSERT INTO ALMACEN_PRODUCTO(ALMACEN_ID,PRODUCTO_ID,CANTIDAD_ACTUAL,CANTIDAD_MINIMA,PRECIO_VENTA) VALUES (2,395,0,0,1.000000);

INSERT INTO ALMACEN_PRODUCTO(ALMACEN_ID,PRODUCTO_ID,CANTIDAD_ACTUAL,CANTIDAD_MINIMA,PRECIO_VENTA) VALUES (3,395,12,0,1.000000);

INSERT INTO ALMACEN_PRODUCTO(ALMACEN_ID,PRODUCTO_ID,CANTIDAD_ACTUAL,CANTIDAD_MINIMA,PRECIO_VENTA) VALUES (4,395,12,0,1.000000);

INSERT INTO PROVEEDOR_PRODUCTO(PROVEEDOR_ID,PRODUCTO_ID,PRECIO_COMPRA) VALUES(6,395, 1.000000);

-- ===========PRODUCTO [396]
INSERT INTO PRODUCTO(ID,MARCA_ID,NOMBRE,PRESENTACION,CONTENIDO,UNIDADES_POR_CAJA,COSTO,COSTO_VENTA,PRECIO_BASE,UNIDAD_MEDIDA,CODIGO_BARRAS) VALUES(396,49,'Stefano Aerosol Caballero','Platinum',125,12.0,1.000000,1.000000,1.000000,'G',7.509546052649E12);

INSERT INTO MOVIMIENTO_HISTORICO_PRODUCTO (ALMACEN_ID,PRODUCTO_ID,FECHA,TIPO_MOVIMIENTO_ID,CANTIDAD,COSTO,PRECIO,USUARIO_ID) VALUES(1,396,now(),30,12,1.000000,1.000000,'root');
INSERT INTO ALMACEN_PRODUCTO(ALMACEN_ID,PRODUCTO_ID,CANTIDAD_ACTUAL,CANTIDAD_MINIMA,PRECIO_VENTA) VALUES (1,396,12,0,1.000000);

INSERT INTO ALMACEN_PRODUCTO(ALMACEN_ID,PRODUCTO_ID,CANTIDAD_ACTUAL,CANTIDAD_MINIMA,PRECIO_VENTA) VALUES (2,396,0,0,1.000000);

INSERT INTO ALMACEN_PRODUCTO(ALMACEN_ID,PRODUCTO_ID,CANTIDAD_ACTUAL,CANTIDAD_MINIMA,PRECIO_VENTA) VALUES (3,396,12,0,1.000000);

INSERT INTO ALMACEN_PRODUCTO(ALMACEN_ID,PRODUCTO_ID,CANTIDAD_ACTUAL,CANTIDAD_MINIMA,PRECIO_VENTA) VALUES (4,396,12,0,1.000000);

INSERT INTO PROVEEDOR_PRODUCTO(PROVEEDOR_ID,PRODUCTO_ID,PRECIO_COMPRA) VALUES(6,396, 1.000000);

-- ===========PRODUCTO [397]
INSERT INTO PRODUCTO(ID,MARCA_ID,NOMBRE,PRESENTACION,CONTENIDO,UNIDADES_POR_CAJA,COSTO,COSTO_VENTA,PRECIO_BASE,UNIDAD_MEDIDA,CODIGO_BARRAS) VALUES(397,49,'Desodorante Stefano Roll-on','Gladius',50,12.0,1.000000,1.000000,1.000000,'ml',7.509546056845E12);

INSERT INTO MOVIMIENTO_HISTORICO_PRODUCTO (ALMACEN_ID,PRODUCTO_ID,FECHA,TIPO_MOVIMIENTO_ID,CANTIDAD,COSTO,PRECIO,USUARIO_ID) VALUES(1,397,now(),30,12,1.000000,1.000000,'root');
INSERT INTO ALMACEN_PRODUCTO(ALMACEN_ID,PRODUCTO_ID,CANTIDAD_ACTUAL,CANTIDAD_MINIMA,PRECIO_VENTA) VALUES (1,397,12,0,1.000000);

INSERT INTO ALMACEN_PRODUCTO(ALMACEN_ID,PRODUCTO_ID,CANTIDAD_ACTUAL,CANTIDAD_MINIMA,PRECIO_VENTA) VALUES (2,397,0,0,1.000000);

INSERT INTO ALMACEN_PRODUCTO(ALMACEN_ID,PRODUCTO_ID,CANTIDAD_ACTUAL,CANTIDAD_MINIMA,PRECIO_VENTA) VALUES (3,397,12,0,1.000000);

INSERT INTO ALMACEN_PRODUCTO(ALMACEN_ID,PRODUCTO_ID,CANTIDAD_ACTUAL,CANTIDAD_MINIMA,PRECIO_VENTA) VALUES (4,397,12,0,1.000000);

INSERT INTO PROVEEDOR_PRODUCTO(PROVEEDOR_ID,PRODUCTO_ID,PRECIO_COMPRA) VALUES(6,397, 1.000000);

-- ===========PRODUCTO [398]
INSERT INTO PRODUCTO(ID,MARCA_ID,NOMBRE,PRESENTACION,CONTENIDO,UNIDADES_POR_CAJA,COSTO,COSTO_VENTA,PRECIO_BASE,UNIDAD_MEDIDA,CODIGO_BARRAS) VALUES(398,11,'Brut Rollon','Ego',50,12.0,1.000000,1.000000,1.000000,'G',7.502221182464E12);

INSERT INTO MOVIMIENTO_HISTORICO_PRODUCTO (ALMACEN_ID,PRODUCTO_ID,FECHA,TIPO_MOVIMIENTO_ID,CANTIDAD,COSTO,PRECIO,USUARIO_ID) VALUES(1,398,now(),30,12,1.000000,1.000000,'root');
INSERT INTO ALMACEN_PRODUCTO(ALMACEN_ID,PRODUCTO_ID,CANTIDAD_ACTUAL,CANTIDAD_MINIMA,PRECIO_VENTA) VALUES (1,398,12,0,1.000000);

INSERT INTO ALMACEN_PRODUCTO(ALMACEN_ID,PRODUCTO_ID,CANTIDAD_ACTUAL,CANTIDAD_MINIMA,PRECIO_VENTA) VALUES (2,398,45,0,1.000000);

INSERT INTO ALMACEN_PRODUCTO(ALMACEN_ID,PRODUCTO_ID,CANTIDAD_ACTUAL,CANTIDAD_MINIMA,PRECIO_VENTA) VALUES (3,398,12,0,19.900000);

INSERT INTO ALMACEN_PRODUCTO(ALMACEN_ID,PRODUCTO_ID,CANTIDAD_ACTUAL,CANTIDAD_MINIMA,PRECIO_VENTA) VALUES (4,398,12,0,1.000000);

INSERT INTO PROVEEDOR_PRODUCTO(PROVEEDOR_ID,PRODUCTO_ID,PRECIO_COMPRA) VALUES(18,398, 1.000000);

-- ===========PRODUCTO [399]
INSERT INTO PRODUCTO(ID,MARCA_ID,NOMBRE,PRESENTACION,CONTENIDO,UNIDADES_POR_CAJA,COSTO,COSTO_VENTA,PRECIO_BASE,UNIDAD_MEDIDA,CODIGO_BARRAS) VALUES(399,47,'Bio Garnier Aerosol','Cool',150,12.0,1.000000,1.000000,1.000000,'ML',7.501839199758E12);

INSERT INTO MOVIMIENTO_HISTORICO_PRODUCTO (ALMACEN_ID,PRODUCTO_ID,FECHA,TIPO_MOVIMIENTO_ID,CANTIDAD,COSTO,PRECIO,USUARIO_ID) VALUES(1,399,now(),30,12,1.000000,1.000000,'root');
INSERT INTO ALMACEN_PRODUCTO(ALMACEN_ID,PRODUCTO_ID,CANTIDAD_ACTUAL,CANTIDAD_MINIMA,PRECIO_VENTA) VALUES (1,399,12,0,1.000000);

INSERT INTO ALMACEN_PRODUCTO(ALMACEN_ID,PRODUCTO_ID,CANTIDAD_ACTUAL,CANTIDAD_MINIMA,PRECIO_VENTA) VALUES (2,399,0,0,1.000000);

INSERT INTO ALMACEN_PRODUCTO(ALMACEN_ID,PRODUCTO_ID,CANTIDAD_ACTUAL,CANTIDAD_MINIMA,PRECIO_VENTA) VALUES (3,399,12,0,1.000000);

INSERT INTO ALMACEN_PRODUCTO(ALMACEN_ID,PRODUCTO_ID,CANTIDAD_ACTUAL,CANTIDAD_MINIMA,PRECIO_VENTA) VALUES (4,399,12,0,1.000000);

INSERT INTO PROVEEDOR_PRODUCTO(PROVEEDOR_ID,PRODUCTO_ID,PRECIO_COMPRA) VALUES(13,399, 1.000000);

-- ===========PRODUCTO [400]
INSERT INTO PRODUCTO(ID,MARCA_ID,NOMBRE,PRESENTACION,CONTENIDO,UNIDADES_POR_CAJA,COSTO,COSTO_VENTA,PRECIO_BASE,UNIDAD_MEDIDA,CODIGO_BARRAS) VALUES(400,47,'Bio Garnier Aerosol','Ice Fresh',150,12.0,1.000000,1.000000,1.000000,'ML',7.501839199765E12);

INSERT INTO MOVIMIENTO_HISTORICO_PRODUCTO (ALMACEN_ID,PRODUCTO_ID,FECHA,TIPO_MOVIMIENTO_ID,CANTIDAD,COSTO,PRECIO,USUARIO_ID) VALUES(1,400,now(),30,12,1.000000,1.000000,'root');
INSERT INTO ALMACEN_PRODUCTO(ALMACEN_ID,PRODUCTO_ID,CANTIDAD_ACTUAL,CANTIDAD_MINIMA,PRECIO_VENTA) VALUES (1,400,12,0,1.000000);

INSERT INTO ALMACEN_PRODUCTO(ALMACEN_ID,PRODUCTO_ID,CANTIDAD_ACTUAL,CANTIDAD_MINIMA,PRECIO_VENTA) VALUES (2,400,0,0,1.000000);

INSERT INTO ALMACEN_PRODUCTO(ALMACEN_ID,PRODUCTO_ID,CANTIDAD_ACTUAL,CANTIDAD_MINIMA,PRECIO_VENTA) VALUES (3,400,12,0,1.000000);

INSERT INTO ALMACEN_PRODUCTO(ALMACEN_ID,PRODUCTO_ID,CANTIDAD_ACTUAL,CANTIDAD_MINIMA,PRECIO_VENTA) VALUES (4,400,12,0,1.000000);

INSERT INTO PROVEEDOR_PRODUCTO(PROVEEDOR_ID,PRODUCTO_ID,PRECIO_COMPRA) VALUES(13,400, 1.000000);

-- ===========PRODUCTO [401]
INSERT INTO PRODUCTO(ID,MARCA_ID,NOMBRE,PRESENTACION,CONTENIDO,UNIDADES_POR_CAJA,COSTO,COSTO_VENTA,PRECIO_BASE,UNIDAD_MEDIDA,CODIGO_BARRAS) VALUES(401,26,'Speed Stick Gel','Cool Fusion',85,12.0,1.000000,1.000000,1.000000,'G',7.50954600907E12);

INSERT INTO MOVIMIENTO_HISTORICO_PRODUCTO (ALMACEN_ID,PRODUCTO_ID,FECHA,TIPO_MOVIMIENTO_ID,CANTIDAD,COSTO,PRECIO,USUARIO_ID) VALUES(1,401,now(),30,12,1.000000,1.000000,'root');
INSERT INTO ALMACEN_PRODUCTO(ALMACEN_ID,PRODUCTO_ID,CANTIDAD_ACTUAL,CANTIDAD_MINIMA,PRECIO_VENTA) VALUES (1,401,12,0,1.000000);

INSERT INTO ALMACEN_PRODUCTO(ALMACEN_ID,PRODUCTO_ID,CANTIDAD_ACTUAL,CANTIDAD_MINIMA,PRECIO_VENTA) VALUES (2,401,1,0,1.000000);

INSERT INTO ALMACEN_PRODUCTO(ALMACEN_ID,PRODUCTO_ID,CANTIDAD_ACTUAL,CANTIDAD_MINIMA,PRECIO_VENTA) VALUES (3,401,12,0,1.000000);

INSERT INTO ALMACEN_PRODUCTO(ALMACEN_ID,PRODUCTO_ID,CANTIDAD_ACTUAL,CANTIDAD_MINIMA,PRECIO_VENTA) VALUES (4,401,12,0,1.000000);

INSERT INTO PROVEEDOR_PRODUCTO(PROVEEDOR_ID,PRODUCTO_ID,PRECIO_COMPRA) VALUES(6,401, 1.000000);

-- ===========PRODUCTO [402]
INSERT INTO PRODUCTO(ID,MARCA_ID,NOMBRE,PRESENTACION,CONTENIDO,UNIDADES_POR_CAJA,COSTO,COSTO_VENTA,PRECIO_BASE,UNIDAD_MEDIDA,CODIGO_BARRAS) VALUES(402,26,'Speed Stick Gel','Cool Nihgt',85,12.0,1.000000,1.000000,1.000000,'G',7.509546029139E12);

INSERT INTO MOVIMIENTO_HISTORICO_PRODUCTO (ALMACEN_ID,PRODUCTO_ID,FECHA,TIPO_MOVIMIENTO_ID,CANTIDAD,COSTO,PRECIO,USUARIO_ID) VALUES(1,402,now(),30,12,1.000000,1.000000,'root');
INSERT INTO ALMACEN_PRODUCTO(ALMACEN_ID,PRODUCTO_ID,CANTIDAD_ACTUAL,CANTIDAD_MINIMA,PRECIO_VENTA) VALUES (1,402,12,0,1.000000);

INSERT INTO ALMACEN_PRODUCTO(ALMACEN_ID,PRODUCTO_ID,CANTIDAD_ACTUAL,CANTIDAD_MINIMA,PRECIO_VENTA) VALUES (2,402,0,0,1.000000);

INSERT INTO ALMACEN_PRODUCTO(ALMACEN_ID,PRODUCTO_ID,CANTIDAD_ACTUAL,CANTIDAD_MINIMA,PRECIO_VENTA) VALUES (3,402,12,0,1.000000);

INSERT INTO ALMACEN_PRODUCTO(ALMACEN_ID,PRODUCTO_ID,CANTIDAD_ACTUAL,CANTIDAD_MINIMA,PRECIO_VENTA) VALUES (4,402,12,0,1.000000);

INSERT INTO PROVEEDOR_PRODUCTO(PROVEEDOR_ID,PRODUCTO_ID,PRECIO_COMPRA) VALUES(6,402, 1.000000);

-- ===========PRODUCTO [403]
INSERT INTO PRODUCTO(ID,MARCA_ID,NOMBRE,PRESENTACION,CONTENIDO,UNIDADES_POR_CAJA,COSTO,COSTO_VENTA,PRECIO_BASE,UNIDAD_MEDIDA,CODIGO_BARRAS) VALUES(403,26,'Speed Stick Gel','Naturals & Protect',85,12.0,1.000000,1.000000,1.000000,'G',7.509546055336E12);

INSERT INTO MOVIMIENTO_HISTORICO_PRODUCTO (ALMACEN_ID,PRODUCTO_ID,FECHA,TIPO_MOVIMIENTO_ID,CANTIDAD,COSTO,PRECIO,USUARIO_ID) VALUES(1,403,now(),30,11,1.000000,1.000000,'root');
INSERT INTO ALMACEN_PRODUCTO(ALMACEN_ID,PRODUCTO_ID,CANTIDAD_ACTUAL,CANTIDAD_MINIMA,PRECIO_VENTA) VALUES (1,403,11,0,1.000000);

INSERT INTO ALMACEN_PRODUCTO(ALMACEN_ID,PRODUCTO_ID,CANTIDAD_ACTUAL,CANTIDAD_MINIMA,PRECIO_VENTA) VALUES (2,403,3,0,1.000000);

INSERT INTO ALMACEN_PRODUCTO(ALMACEN_ID,PRODUCTO_ID,CANTIDAD_ACTUAL,CANTIDAD_MINIMA,PRECIO_VENTA) VALUES (3,403,11,0,1.000000);

INSERT INTO ALMACEN_PRODUCTO(ALMACEN_ID,PRODUCTO_ID,CANTIDAD_ACTUAL,CANTIDAD_MINIMA,PRECIO_VENTA) VALUES (4,403,11,0,1.000000);

INSERT INTO PROVEEDOR_PRODUCTO(PROVEEDOR_ID,PRODUCTO_ID,PRECIO_COMPRA) VALUES(6,403, 1.000000);

-- ===========PRODUCTO [404]
INSERT INTO PRODUCTO(ID,MARCA_ID,NOMBRE,PRESENTACION,CONTENIDO,UNIDADES_POR_CAJA,COSTO,COSTO_VENTA,PRECIO_BASE,UNIDAD_MEDIDA,CODIGO_BARRAS) VALUES(404,26,'Speed Stick Gel Caballero','Icy Surge',85,12.0,1.000000,1.000000,1.000000,'G',7.509546009087E12);

INSERT INTO MOVIMIENTO_HISTORICO_PRODUCTO (ALMACEN_ID,PRODUCTO_ID,FECHA,TIPO_MOVIMIENTO_ID,CANTIDAD,COSTO,PRECIO,USUARIO_ID) VALUES(1,404,now(),30,12,1.000000,1.000000,'root');
INSERT INTO ALMACEN_PRODUCTO(ALMACEN_ID,PRODUCTO_ID,CANTIDAD_ACTUAL,CANTIDAD_MINIMA,PRECIO_VENTA) VALUES (1,404,12,0,1.000000);

INSERT INTO ALMACEN_PRODUCTO(ALMACEN_ID,PRODUCTO_ID,CANTIDAD_ACTUAL,CANTIDAD_MINIMA,PRECIO_VENTA) VALUES (2,404,0,0,1.000000);

INSERT INTO ALMACEN_PRODUCTO(ALMACEN_ID,PRODUCTO_ID,CANTIDAD_ACTUAL,CANTIDAD_MINIMA,PRECIO_VENTA) VALUES (3,404,12,0,1.000000);

INSERT INTO ALMACEN_PRODUCTO(ALMACEN_ID,PRODUCTO_ID,CANTIDAD_ACTUAL,CANTIDAD_MINIMA,PRECIO_VENTA) VALUES (4,404,12,0,1.000000);

INSERT INTO PROVEEDOR_PRODUCTO(PROVEEDOR_ID,PRODUCTO_ID,PRECIO_COMPRA) VALUES(6,404, 1.000000);

-- ===========PRODUCTO [405]
INSERT INTO PRODUCTO(ID,MARCA_ID,NOMBRE,PRESENTACION,CONTENIDO,UNIDADES_POR_CAJA,COSTO,COSTO_VENTA,PRECIO_BASE,UNIDAD_MEDIDA,CODIGO_BARRAS) VALUES(405,26,'Speed Stick Gel Caballero','Ultra',85,12.0,1.000000,1.000000,1.000000,'G',7.50954604532E12);

INSERT INTO MOVIMIENTO_HISTORICO_PRODUCTO (ALMACEN_ID,PRODUCTO_ID,FECHA,TIPO_MOVIMIENTO_ID,CANTIDAD,COSTO,PRECIO,USUARIO_ID) VALUES(1,405,now(),30,12,1.000000,1.000000,'root');
INSERT INTO ALMACEN_PRODUCTO(ALMACEN_ID,PRODUCTO_ID,CANTIDAD_ACTUAL,CANTIDAD_MINIMA,PRECIO_VENTA) VALUES (1,405,12,0,1.000000);

INSERT INTO ALMACEN_PRODUCTO(ALMACEN_ID,PRODUCTO_ID,CANTIDAD_ACTUAL,CANTIDAD_MINIMA,PRECIO_VENTA) VALUES (2,405,0,0,1.000000);

INSERT INTO ALMACEN_PRODUCTO(ALMACEN_ID,PRODUCTO_ID,CANTIDAD_ACTUAL,CANTIDAD_MINIMA,PRECIO_VENTA) VALUES (3,405,12,0,1.000000);

INSERT INTO ALMACEN_PRODUCTO(ALMACEN_ID,PRODUCTO_ID,CANTIDAD_ACTUAL,CANTIDAD_MINIMA,PRECIO_VENTA) VALUES (4,405,12,0,1.000000);

INSERT INTO PROVEEDOR_PRODUCTO(PROVEEDOR_ID,PRODUCTO_ID,PRECIO_COMPRA) VALUES(6,405, 1.000000);

-- ===========PRODUCTO [406]
INSERT INTO PRODUCTO(ID,MARCA_ID,NOMBRE,PRESENTACION,CONTENIDO,UNIDADES_POR_CAJA,COSTO,COSTO_VENTA,PRECIO_BASE,UNIDAD_MEDIDA,CODIGO_BARRAS) VALUES(406,26,'Speed Stick Gel','Lighting',85,12.0,1.000000,1.000000,1.000000,'G',7.50954600444E12);

INSERT INTO MOVIMIENTO_HISTORICO_PRODUCTO (ALMACEN_ID,PRODUCTO_ID,FECHA,TIPO_MOVIMIENTO_ID,CANTIDAD,COSTO,PRECIO,USUARIO_ID) VALUES(1,406,now(),30,12,1.000000,1.000000,'root');
INSERT INTO ALMACEN_PRODUCTO(ALMACEN_ID,PRODUCTO_ID,CANTIDAD_ACTUAL,CANTIDAD_MINIMA,PRECIO_VENTA) VALUES (1,406,12,0,1.000000);

INSERT INTO ALMACEN_PRODUCTO(ALMACEN_ID,PRODUCTO_ID,CANTIDAD_ACTUAL,CANTIDAD_MINIMA,PRECIO_VENTA) VALUES (2,406,2,0,1.000000);

INSERT INTO ALMACEN_PRODUCTO(ALMACEN_ID,PRODUCTO_ID,CANTIDAD_ACTUAL,CANTIDAD_MINIMA,PRECIO_VENTA) VALUES (3,406,12,0,1.000000);

INSERT INTO ALMACEN_PRODUCTO(ALMACEN_ID,PRODUCTO_ID,CANTIDAD_ACTUAL,CANTIDAD_MINIMA,PRECIO_VENTA) VALUES (4,406,12,0,1.000000);

INSERT INTO PROVEEDOR_PRODUCTO(PROVEEDOR_ID,PRODUCTO_ID,PRECIO_COMPRA) VALUES(6,406, 1.000000);

-- ===========PRODUCTO [407]
INSERT INTO PRODUCTO(ID,MARCA_ID,NOMBRE,PRESENTACION,CONTENIDO,UNIDADES_POR_CAJA,COSTO,COSTO_VENTA,PRECIO_BASE,UNIDAD_MEDIDA,CODIGO_BARRAS) VALUES(407,26,'Speed Stick Gel','Glacier Power',85,12.0,1.000000,1.000000,1.000000,'G',7.509546020266E12);

INSERT INTO MOVIMIENTO_HISTORICO_PRODUCTO (ALMACEN_ID,PRODUCTO_ID,FECHA,TIPO_MOVIMIENTO_ID,CANTIDAD,COSTO,PRECIO,USUARIO_ID) VALUES(1,407,now(),30,12,1.000000,1.000000,'root');
INSERT INTO ALMACEN_PRODUCTO(ALMACEN_ID,PRODUCTO_ID,CANTIDAD_ACTUAL,CANTIDAD_MINIMA,PRECIO_VENTA) VALUES (1,407,12,0,1.000000);

INSERT INTO ALMACEN_PRODUCTO(ALMACEN_ID,PRODUCTO_ID,CANTIDAD_ACTUAL,CANTIDAD_MINIMA,PRECIO_VENTA) VALUES (2,407,0,0,1.000000);

INSERT INTO ALMACEN_PRODUCTO(ALMACEN_ID,PRODUCTO_ID,CANTIDAD_ACTUAL,CANTIDAD_MINIMA,PRECIO_VENTA) VALUES (3,407,12,0,1.000000);

INSERT INTO ALMACEN_PRODUCTO(ALMACEN_ID,PRODUCTO_ID,CANTIDAD_ACTUAL,CANTIDAD_MINIMA,PRECIO_VENTA) VALUES (4,407,12,0,1.000000);

INSERT INTO PROVEEDOR_PRODUCTO(PROVEEDOR_ID,PRODUCTO_ID,PRECIO_COMPRA) VALUES(6,407, 1.000000);

-- ===========PRODUCTO [408]
INSERT INTO PRODUCTO(ID,MARCA_ID,NOMBRE,PRESENTACION,CONTENIDO,UNIDADES_POR_CAJA,COSTO,COSTO_VENTA,PRECIO_BASE,UNIDAD_MEDIDA,CODIGO_BARRAS) VALUES(408,26,'Speed Stick Gel','Multi-Protect Active',85,12.0,1.000000,1.000000,1.000000,'G',7.509546052816E12);

INSERT INTO MOVIMIENTO_HISTORICO_PRODUCTO (ALMACEN_ID,PRODUCTO_ID,FECHA,TIPO_MOVIMIENTO_ID,CANTIDAD,COSTO,PRECIO,USUARIO_ID) VALUES(1,408,now(),30,12,1.000000,1.000000,'root');
INSERT INTO ALMACEN_PRODUCTO(ALMACEN_ID,PRODUCTO_ID,CANTIDAD_ACTUAL,CANTIDAD_MINIMA,PRECIO_VENTA) VALUES (1,408,12,0,1.000000);

INSERT INTO ALMACEN_PRODUCTO(ALMACEN_ID,PRODUCTO_ID,CANTIDAD_ACTUAL,CANTIDAD_MINIMA,PRECIO_VENTA) VALUES (2,408,0,0,1.000000);

INSERT INTO ALMACEN_PRODUCTO(ALMACEN_ID,PRODUCTO_ID,CANTIDAD_ACTUAL,CANTIDAD_MINIMA,PRECIO_VENTA) VALUES (3,408,12,0,1.000000);

INSERT INTO ALMACEN_PRODUCTO(ALMACEN_ID,PRODUCTO_ID,CANTIDAD_ACTUAL,CANTIDAD_MINIMA,PRECIO_VENTA) VALUES (4,408,12,0,1.000000);

INSERT INTO PROVEEDOR_PRODUCTO(PROVEEDOR_ID,PRODUCTO_ID,PRECIO_COMPRA) VALUES(6,408, 1.000000);

-- ===========PRODUCTO [409]
INSERT INTO PRODUCTO(ID,MARCA_ID,NOMBRE,PRESENTACION,CONTENIDO,UNIDADES_POR_CAJA,COSTO,COSTO_VENTA,PRECIO_BASE,UNIDAD_MEDIDA,CODIGO_BARRAS) VALUES(409,11,'Brut Estuche Locion 100ml + Aerosol + Maletin','Classic',3,6.0,1.000000,1.000000,1.000000,'Pz',7.502221185519E12);

INSERT INTO MOVIMIENTO_HISTORICO_PRODUCTO (ALMACEN_ID,PRODUCTO_ID,FECHA,TIPO_MOVIMIENTO_ID,CANTIDAD,COSTO,PRECIO,USUARIO_ID) VALUES(1,409,now(),30,3,1.000000,1.000000,'root');
INSERT INTO ALMACEN_PRODUCTO(ALMACEN_ID,PRODUCTO_ID,CANTIDAD_ACTUAL,CANTIDAD_MINIMA,PRECIO_VENTA) VALUES (1,409,3,0,1.000000);

INSERT INTO ALMACEN_PRODUCTO(ALMACEN_ID,PRODUCTO_ID,CANTIDAD_ACTUAL,CANTIDAD_MINIMA,PRECIO_VENTA) VALUES (2,409,0,0,1.000000);

INSERT INTO ALMACEN_PRODUCTO(ALMACEN_ID,PRODUCTO_ID,CANTIDAD_ACTUAL,CANTIDAD_MINIMA,PRECIO_VENTA) VALUES (3,409,3,0,1.000000);

INSERT INTO ALMACEN_PRODUCTO(ALMACEN_ID,PRODUCTO_ID,CANTIDAD_ACTUAL,CANTIDAD_MINIMA,PRECIO_VENTA) VALUES (4,409,3,0,1.000000);

INSERT INTO PROVEEDOR_PRODUCTO(PROVEEDOR_ID,PRODUCTO_ID,PRECIO_COMPRA) VALUES(18,409, 1.000000);

-- ===========PRODUCTO [410]
INSERT INTO PRODUCTO(ID,MARCA_ID,NOMBRE,PRESENTACION,CONTENIDO,UNIDADES_POR_CAJA,COSTO,COSTO_VENTA,PRECIO_BASE,UNIDAD_MEDIDA,CODIGO_BARRAS) VALUES(410,11,'Brut Estuche Locion 50ml + Rollon + Aerosol 83ml + Maletin','Classic',4,6.0,1.000000,1.000000,1.000000,'Pz',7.502221185502E12);

INSERT INTO MOVIMIENTO_HISTORICO_PRODUCTO (ALMACEN_ID,PRODUCTO_ID,FECHA,TIPO_MOVIMIENTO_ID,CANTIDAD,COSTO,PRECIO,USUARIO_ID) VALUES(1,410,now(),30,1,1.000000,1.000000,'root');
INSERT INTO ALMACEN_PRODUCTO(ALMACEN_ID,PRODUCTO_ID,CANTIDAD_ACTUAL,CANTIDAD_MINIMA,PRECIO_VENTA) VALUES (1,410,1,0,1.000000);

INSERT INTO ALMACEN_PRODUCTO(ALMACEN_ID,PRODUCTO_ID,CANTIDAD_ACTUAL,CANTIDAD_MINIMA,PRECIO_VENTA) VALUES (2,410,0,0,1.000000);

INSERT INTO ALMACEN_PRODUCTO(ALMACEN_ID,PRODUCTO_ID,CANTIDAD_ACTUAL,CANTIDAD_MINIMA,PRECIO_VENTA) VALUES (3,410,1,0,1.000000);

INSERT INTO ALMACEN_PRODUCTO(ALMACEN_ID,PRODUCTO_ID,CANTIDAD_ACTUAL,CANTIDAD_MINIMA,PRECIO_VENTA) VALUES (4,410,1,0,1.000000);

INSERT INTO PROVEEDOR_PRODUCTO(PROVEEDOR_ID,PRODUCTO_ID,PRECIO_COMPRA) VALUES(18,410, 1.000000);

-- ===========PRODUCTO [411]
INSERT INTO PRODUCTO(ID,MARCA_ID,NOMBRE,PRESENTACION,CONTENIDO,UNIDADES_POR_CAJA,COSTO,COSTO_VENTA,PRECIO_BASE,UNIDAD_MEDIDA,CODIGO_BARRAS) VALUES(411,11,'Brut Estuche 2 Locion 100ml + Maletin','Classic',3,6.0,1.000000,1.000000,1.000000,'Pz',7.502221185496E12);

INSERT INTO MOVIMIENTO_HISTORICO_PRODUCTO (ALMACEN_ID,PRODUCTO_ID,FECHA,TIPO_MOVIMIENTO_ID,CANTIDAD,COSTO,PRECIO,USUARIO_ID) VALUES(1,411,now(),30,3,1.000000,1.000000,'root');
INSERT INTO ALMACEN_PRODUCTO(ALMACEN_ID,PRODUCTO_ID,CANTIDAD_ACTUAL,CANTIDAD_MINIMA,PRECIO_VENTA) VALUES (1,411,3,0,1.000000);

INSERT INTO ALMACEN_PRODUCTO(ALMACEN_ID,PRODUCTO_ID,CANTIDAD_ACTUAL,CANTIDAD_MINIMA,PRECIO_VENTA) VALUES (2,411,0,0,1.000000);

INSERT INTO ALMACEN_PRODUCTO(ALMACEN_ID,PRODUCTO_ID,CANTIDAD_ACTUAL,CANTIDAD_MINIMA,PRECIO_VENTA) VALUES (3,411,3,0,1.000000);

INSERT INTO ALMACEN_PRODUCTO(ALMACEN_ID,PRODUCTO_ID,CANTIDAD_ACTUAL,CANTIDAD_MINIMA,PRECIO_VENTA) VALUES (4,411,3,0,1.000000);

INSERT INTO PROVEEDOR_PRODUCTO(PROVEEDOR_ID,PRODUCTO_ID,PRECIO_COMPRA) VALUES(18,411, 1.000000);

-- ===========PRODUCTO [412]
INSERT INTO PRODUCTO(ID,MARCA_ID,NOMBRE,PRESENTACION,CONTENIDO,UNIDADES_POR_CAJA,COSTO,COSTO_VENTA,PRECIO_BASE,UNIDAD_MEDIDA,CODIGO_BARRAS) VALUES(412,11,'Brut Estuche 2 Locion 100ml + Talco 125g','Affection',3,6.0,1.000000,1.000000,1.000000,'Pz',7.502221185359E12);

INSERT INTO MOVIMIENTO_HISTORICO_PRODUCTO (ALMACEN_ID,PRODUCTO_ID,FECHA,TIPO_MOVIMIENTO_ID,CANTIDAD,COSTO,PRECIO,USUARIO_ID) VALUES(1,412,now(),30,3,1.000000,1.000000,'root');
INSERT INTO ALMACEN_PRODUCTO(ALMACEN_ID,PRODUCTO_ID,CANTIDAD_ACTUAL,CANTIDAD_MINIMA,PRECIO_VENTA) VALUES (1,412,3,0,1.000000);

INSERT INTO ALMACEN_PRODUCTO(ALMACEN_ID,PRODUCTO_ID,CANTIDAD_ACTUAL,CANTIDAD_MINIMA,PRECIO_VENTA) VALUES (2,412,0,0,1.000000);

INSERT INTO ALMACEN_PRODUCTO(ALMACEN_ID,PRODUCTO_ID,CANTIDAD_ACTUAL,CANTIDAD_MINIMA,PRECIO_VENTA) VALUES (3,412,3,0,1.000000);

INSERT INTO ALMACEN_PRODUCTO(ALMACEN_ID,PRODUCTO_ID,CANTIDAD_ACTUAL,CANTIDAD_MINIMA,PRECIO_VENTA) VALUES (4,412,3,0,1.000000);

INSERT INTO PROVEEDOR_PRODUCTO(PROVEEDOR_ID,PRODUCTO_ID,PRECIO_COMPRA) VALUES(18,412, 1.000000);

-- ===========PRODUCTO [413]
INSERT INTO PRODUCTO(ID,MARCA_ID,NOMBRE,PRESENTACION,CONTENIDO,UNIDADES_POR_CAJA,COSTO,COSTO_VENTA,PRECIO_BASE,UNIDAD_MEDIDA,CODIGO_BARRAS) VALUES(413,11,'Brut Estuche 2 Locion 100ml','Classic',2,6.0,1.000000,1.000000,1.000000,'Pz',7.502221184635E12);

INSERT INTO MOVIMIENTO_HISTORICO_PRODUCTO (ALMACEN_ID,PRODUCTO_ID,FECHA,TIPO_MOVIMIENTO_ID,CANTIDAD,COSTO,PRECIO,USUARIO_ID) VALUES(1,413,now(),30,2,1.000000,1.000000,'root');
INSERT INTO ALMACEN_PRODUCTO(ALMACEN_ID,PRODUCTO_ID,CANTIDAD_ACTUAL,CANTIDAD_MINIMA,PRECIO_VENTA) VALUES (1,413,2,0,1.000000);

INSERT INTO ALMACEN_PRODUCTO(ALMACEN_ID,PRODUCTO_ID,CANTIDAD_ACTUAL,CANTIDAD_MINIMA,PRECIO_VENTA) VALUES (2,413,0,0,1.000000);

INSERT INTO ALMACEN_PRODUCTO(ALMACEN_ID,PRODUCTO_ID,CANTIDAD_ACTUAL,CANTIDAD_MINIMA,PRECIO_VENTA) VALUES (3,413,2,0,1.000000);

INSERT INTO ALMACEN_PRODUCTO(ALMACEN_ID,PRODUCTO_ID,CANTIDAD_ACTUAL,CANTIDAD_MINIMA,PRECIO_VENTA) VALUES (4,413,2,0,1.000000);

INSERT INTO PROVEEDOR_PRODUCTO(PROVEEDOR_ID,PRODUCTO_ID,PRECIO_COMPRA) VALUES(18,413, 1.000000);

-- ===========PRODUCTO [414]
INSERT INTO PRODUCTO(ID,MARCA_ID,NOMBRE,PRESENTACION,CONTENIDO,UNIDADES_POR_CAJA,COSTO,COSTO_VENTA,PRECIO_BASE,UNIDAD_MEDIDA,CODIGO_BARRAS) VALUES(414,11,'Brut Estuche 2 Locion 100ml + Body Wash 350ml','Addiction',3,6.0,1.000000,1.000000,1.000000,'Pz',7.502221185366E12);

INSERT INTO MOVIMIENTO_HISTORICO_PRODUCTO (ALMACEN_ID,PRODUCTO_ID,FECHA,TIPO_MOVIMIENTO_ID,CANTIDAD,COSTO,PRECIO,USUARIO_ID) VALUES(1,414,now(),30,3,1.000000,1.000000,'root');
INSERT INTO ALMACEN_PRODUCTO(ALMACEN_ID,PRODUCTO_ID,CANTIDAD_ACTUAL,CANTIDAD_MINIMA,PRECIO_VENTA) VALUES (1,414,3,0,1.000000);

INSERT INTO ALMACEN_PRODUCTO(ALMACEN_ID,PRODUCTO_ID,CANTIDAD_ACTUAL,CANTIDAD_MINIMA,PRECIO_VENTA) VALUES (2,414,0,0,1.000000);

INSERT INTO ALMACEN_PRODUCTO(ALMACEN_ID,PRODUCTO_ID,CANTIDAD_ACTUAL,CANTIDAD_MINIMA,PRECIO_VENTA) VALUES (3,414,3,0,1.000000);

INSERT INTO ALMACEN_PRODUCTO(ALMACEN_ID,PRODUCTO_ID,CANTIDAD_ACTUAL,CANTIDAD_MINIMA,PRECIO_VENTA) VALUES (4,414,3,0,1.000000);

INSERT INTO PROVEEDOR_PRODUCTO(PROVEEDOR_ID,PRODUCTO_ID,PRECIO_COMPRA) VALUES(18,414, 1.000000);

-- ===========PRODUCTO [415]
INSERT INTO PRODUCTO(ID,MARCA_ID,NOMBRE,PRESENTACION,CONTENIDO,UNIDADES_POR_CAJA,COSTO,COSTO_VENTA,PRECIO_BASE,UNIDAD_MEDIDA,CODIGO_BARRAS) VALUES(415,11,'Brut Estuche 2 Locion 100ml + Shower Gel 150ml','Dominant',3,6.0,1.000000,1.000000,1.000000,'Pz',7.502221184581E12);

INSERT INTO MOVIMIENTO_HISTORICO_PRODUCTO (ALMACEN_ID,PRODUCTO_ID,FECHA,TIPO_MOVIMIENTO_ID,CANTIDAD,COSTO,PRECIO,USUARIO_ID) VALUES(1,415,now(),30,3,1.000000,1.000000,'root');
INSERT INTO ALMACEN_PRODUCTO(ALMACEN_ID,PRODUCTO_ID,CANTIDAD_ACTUAL,CANTIDAD_MINIMA,PRECIO_VENTA) VALUES (1,415,3,0,1.000000);

INSERT INTO ALMACEN_PRODUCTO(ALMACEN_ID,PRODUCTO_ID,CANTIDAD_ACTUAL,CANTIDAD_MINIMA,PRECIO_VENTA) VALUES (2,415,0,0,1.000000);

INSERT INTO ALMACEN_PRODUCTO(ALMACEN_ID,PRODUCTO_ID,CANTIDAD_ACTUAL,CANTIDAD_MINIMA,PRECIO_VENTA) VALUES (3,415,3,0,1.000000);

INSERT INTO ALMACEN_PRODUCTO(ALMACEN_ID,PRODUCTO_ID,CANTIDAD_ACTUAL,CANTIDAD_MINIMA,PRECIO_VENTA) VALUES (4,415,3,0,1.000000);

INSERT INTO PROVEEDOR_PRODUCTO(PROVEEDOR_ID,PRODUCTO_ID,PRECIO_COMPRA) VALUES(18,415, 1.000000);

-- ===========PRODUCTO [416]
INSERT INTO PRODUCTO(ID,MARCA_ID,NOMBRE,PRESENTACION,CONTENIDO,UNIDADES_POR_CAJA,COSTO,COSTO_VENTA,PRECIO_BASE,UNIDAD_MEDIDA,CODIGO_BARRAS) VALUES(416,11,'Brut Estuche 2 Locion 100ml + Shower Gel 150ml','Affection',3,6.0,1.000000,1.000000,1.000000,'Pz',7.502221184574E12);

INSERT INTO MOVIMIENTO_HISTORICO_PRODUCTO (ALMACEN_ID,PRODUCTO_ID,FECHA,TIPO_MOVIMIENTO_ID,CANTIDAD,COSTO,PRECIO,USUARIO_ID) VALUES(1,416,now(),30,1,1.000000,1.000000,'root');
INSERT INTO ALMACEN_PRODUCTO(ALMACEN_ID,PRODUCTO_ID,CANTIDAD_ACTUAL,CANTIDAD_MINIMA,PRECIO_VENTA) VALUES (1,416,1,0,1.000000);

INSERT INTO ALMACEN_PRODUCTO(ALMACEN_ID,PRODUCTO_ID,CANTIDAD_ACTUAL,CANTIDAD_MINIMA,PRECIO_VENTA) VALUES (2,416,0,0,1.000000);

INSERT INTO ALMACEN_PRODUCTO(ALMACEN_ID,PRODUCTO_ID,CANTIDAD_ACTUAL,CANTIDAD_MINIMA,PRECIO_VENTA) VALUES (3,416,1,0,1.000000);

INSERT INTO ALMACEN_PRODUCTO(ALMACEN_ID,PRODUCTO_ID,CANTIDAD_ACTUAL,CANTIDAD_MINIMA,PRECIO_VENTA) VALUES (4,416,1,0,1.000000);

INSERT INTO PROVEEDOR_PRODUCTO(PROVEEDOR_ID,PRODUCTO_ID,PRECIO_COMPRA) VALUES(18,416, 1.000000);

-- ===========PRODUCTO [417]
INSERT INTO PRODUCTO(ID,MARCA_ID,NOMBRE,PRESENTACION,CONTENIDO,UNIDADES_POR_CAJA,COSTO,COSTO_VENTA,PRECIO_BASE,UNIDAD_MEDIDA,CODIGO_BARRAS) VALUES(417,11,'Brut Estuche 2 Locion 100ml + Shower Gel 150ml','Euphoria',3,6.0,1.000000,1.000000,1.000000,'Pz',7.502221184567E12);

INSERT INTO MOVIMIENTO_HISTORICO_PRODUCTO (ALMACEN_ID,PRODUCTO_ID,FECHA,TIPO_MOVIMIENTO_ID,CANTIDAD,COSTO,PRECIO,USUARIO_ID) VALUES(1,417,now(),30,3,1.000000,1.000000,'root');
INSERT INTO ALMACEN_PRODUCTO(ALMACEN_ID,PRODUCTO_ID,CANTIDAD_ACTUAL,CANTIDAD_MINIMA,PRECIO_VENTA) VALUES (1,417,3,0,1.000000);

INSERT INTO ALMACEN_PRODUCTO(ALMACEN_ID,PRODUCTO_ID,CANTIDAD_ACTUAL,CANTIDAD_MINIMA,PRECIO_VENTA) VALUES (2,417,0,0,1.000000);

INSERT INTO ALMACEN_PRODUCTO(ALMACEN_ID,PRODUCTO_ID,CANTIDAD_ACTUAL,CANTIDAD_MINIMA,PRECIO_VENTA) VALUES (3,417,3,0,1.000000);

INSERT INTO ALMACEN_PRODUCTO(ALMACEN_ID,PRODUCTO_ID,CANTIDAD_ACTUAL,CANTIDAD_MINIMA,PRECIO_VENTA) VALUES (4,417,3,0,1.000000);

INSERT INTO PROVEEDOR_PRODUCTO(PROVEEDOR_ID,PRODUCTO_ID,PRECIO_COMPRA) VALUES(18,417, 1.000000);

-- ===========PRODUCTO [418]
INSERT INTO PRODUCTO(ID,MARCA_ID,NOMBRE,PRESENTACION,CONTENIDO,UNIDADES_POR_CAJA,COSTO,COSTO_VENTA,PRECIO_BASE,UNIDAD_MEDIDA,CODIGO_BARRAS) VALUES(418,11,'Brut Estuche 2 Locion 50ml','Classic / Euphoria',2,6.0,1.000000,1.000000,1.000000,'Pz',7.502221185373E12);

INSERT INTO MOVIMIENTO_HISTORICO_PRODUCTO (ALMACEN_ID,PRODUCTO_ID,FECHA,TIPO_MOVIMIENTO_ID,CANTIDAD,COSTO,PRECIO,USUARIO_ID) VALUES(1,418,now(),30,3,1.000000,1.000000,'root');
INSERT INTO ALMACEN_PRODUCTO(ALMACEN_ID,PRODUCTO_ID,CANTIDAD_ACTUAL,CANTIDAD_MINIMA,PRECIO_VENTA) VALUES (1,418,3,0,1.000000);

INSERT INTO ALMACEN_PRODUCTO(ALMACEN_ID,PRODUCTO_ID,CANTIDAD_ACTUAL,CANTIDAD_MINIMA,PRECIO_VENTA) VALUES (2,418,0,0,1.000000);

INSERT INTO ALMACEN_PRODUCTO(ALMACEN_ID,PRODUCTO_ID,CANTIDAD_ACTUAL,CANTIDAD_MINIMA,PRECIO_VENTA) VALUES (3,418,3,0,1.000000);

INSERT INTO ALMACEN_PRODUCTO(ALMACEN_ID,PRODUCTO_ID,CANTIDAD_ACTUAL,CANTIDAD_MINIMA,PRECIO_VENTA) VALUES (4,418,3,0,1.000000);

INSERT INTO PROVEEDOR_PRODUCTO(PROVEEDOR_ID,PRODUCTO_ID,PRECIO_COMPRA) VALUES(18,418, 1.000000);

-- ===========PRODUCTO [419]
INSERT INTO PRODUCTO(ID,MARCA_ID,NOMBRE,PRESENTACION,CONTENIDO,UNIDADES_POR_CAJA,COSTO,COSTO_VENTA,PRECIO_BASE,UNIDAD_MEDIDA,CODIGO_BARRAS) VALUES(419,11,'Brut Estuche Locion 50ml + Espuma Afeitar','Classic',2,6.0,1.000000,1.000000,1.000000,'Pz',7.502221184642E12);

INSERT INTO MOVIMIENTO_HISTORICO_PRODUCTO (ALMACEN_ID,PRODUCTO_ID,FECHA,TIPO_MOVIMIENTO_ID,CANTIDAD,COSTO,PRECIO,USUARIO_ID) VALUES(1,419,now(),30,4,1.000000,1.000000,'root');
INSERT INTO ALMACEN_PRODUCTO(ALMACEN_ID,PRODUCTO_ID,CANTIDAD_ACTUAL,CANTIDAD_MINIMA,PRECIO_VENTA) VALUES (1,419,4,0,1.000000);

INSERT INTO ALMACEN_PRODUCTO(ALMACEN_ID,PRODUCTO_ID,CANTIDAD_ACTUAL,CANTIDAD_MINIMA,PRECIO_VENTA) VALUES (2,419,0,0,1.000000);

INSERT INTO ALMACEN_PRODUCTO(ALMACEN_ID,PRODUCTO_ID,CANTIDAD_ACTUAL,CANTIDAD_MINIMA,PRECIO_VENTA) VALUES (3,419,4,0,1.000000);

INSERT INTO ALMACEN_PRODUCTO(ALMACEN_ID,PRODUCTO_ID,CANTIDAD_ACTUAL,CANTIDAD_MINIMA,PRECIO_VENTA) VALUES (4,419,4,0,1.000000);

INSERT INTO PROVEEDOR_PRODUCTO(PROVEEDOR_ID,PRODUCTO_ID,PRECIO_COMPRA) VALUES(18,419, 1.000000);

-- ===========PRODUCTO [420]
INSERT INTO PRODUCTO(ID,MARCA_ID,NOMBRE,PRESENTACION,CONTENIDO,UNIDADES_POR_CAJA,COSTO,COSTO_VENTA,PRECIO_BASE,UNIDAD_MEDIDA,CODIGO_BARRAS) VALUES(420,11,'Brut Estuche Locion 100ml + Body 350ml + Talco 125g','Classic',3,6.0,1.000000,1.000000,1.000000,'Pz',7.50222118538E12);

INSERT INTO MOVIMIENTO_HISTORICO_PRODUCTO (ALMACEN_ID,PRODUCTO_ID,FECHA,TIPO_MOVIMIENTO_ID,CANTIDAD,COSTO,PRECIO,USUARIO_ID) VALUES(1,420,now(),30,3,1.000000,1.000000,'root');
INSERT INTO ALMACEN_PRODUCTO(ALMACEN_ID,PRODUCTO_ID,CANTIDAD_ACTUAL,CANTIDAD_MINIMA,PRECIO_VENTA) VALUES (1,420,3,0,1.000000);

INSERT INTO ALMACEN_PRODUCTO(ALMACEN_ID,PRODUCTO_ID,CANTIDAD_ACTUAL,CANTIDAD_MINIMA,PRECIO_VENTA) VALUES (2,420,0,0,1.000000);

INSERT INTO ALMACEN_PRODUCTO(ALMACEN_ID,PRODUCTO_ID,CANTIDAD_ACTUAL,CANTIDAD_MINIMA,PRECIO_VENTA) VALUES (3,420,3,0,1.000000);

INSERT INTO ALMACEN_PRODUCTO(ALMACEN_ID,PRODUCTO_ID,CANTIDAD_ACTUAL,CANTIDAD_MINIMA,PRECIO_VENTA) VALUES (4,420,3,0,1.000000);

INSERT INTO PROVEEDOR_PRODUCTO(PROVEEDOR_ID,PRODUCTO_ID,PRECIO_COMPRA) VALUES(18,420, 1.000000);

-- ===========PRODUCTO [421]
INSERT INTO PRODUCTO(ID,MARCA_ID,NOMBRE,PRESENTACION,CONTENIDO,UNIDADES_POR_CAJA,COSTO,COSTO_VENTA,PRECIO_BASE,UNIDAD_MEDIDA,CODIGO_BARRAS) VALUES(421,11,'Brut Estuche 2 Locion 100ml + Espuma Afeitar','Classic',3,6.0,1.000000,1.000000,1.000000,'Pz',7.502221185342E12);

INSERT INTO MOVIMIENTO_HISTORICO_PRODUCTO (ALMACEN_ID,PRODUCTO_ID,FECHA,TIPO_MOVIMIENTO_ID,CANTIDAD,COSTO,PRECIO,USUARIO_ID) VALUES(1,421,now(),30,3,1.000000,1.000000,'root');
INSERT INTO ALMACEN_PRODUCTO(ALMACEN_ID,PRODUCTO_ID,CANTIDAD_ACTUAL,CANTIDAD_MINIMA,PRECIO_VENTA) VALUES (1,421,3,0,1.000000);

INSERT INTO ALMACEN_PRODUCTO(ALMACEN_ID,PRODUCTO_ID,CANTIDAD_ACTUAL,CANTIDAD_MINIMA,PRECIO_VENTA) VALUES (2,421,0,0,1.000000);

INSERT INTO ALMACEN_PRODUCTO(ALMACEN_ID,PRODUCTO_ID,CANTIDAD_ACTUAL,CANTIDAD_MINIMA,PRECIO_VENTA) VALUES (3,421,3,0,1.000000);

INSERT INTO ALMACEN_PRODUCTO(ALMACEN_ID,PRODUCTO_ID,CANTIDAD_ACTUAL,CANTIDAD_MINIMA,PRECIO_VENTA) VALUES (4,421,3,0,1.000000);

INSERT INTO PROVEEDOR_PRODUCTO(PROVEEDOR_ID,PRODUCTO_ID,PRECIO_COMPRA) VALUES(18,421, 1.000000);

-- ===========PRODUCTO [422]
INSERT INTO PRODUCTO(ID,MARCA_ID,NOMBRE,PRESENTACION,CONTENIDO,UNIDADES_POR_CAJA,COSTO,COSTO_VENTA,PRECIO_BASE,UNIDAD_MEDIDA,CODIGO_BARRAS) VALUES(422,11,'Brut Estuche 2 Locion 100ml','Affection',2,6.0,1.000000,1.000000,1.000000,'Pz',7.502221184659E12);

INSERT INTO MOVIMIENTO_HISTORICO_PRODUCTO (ALMACEN_ID,PRODUCTO_ID,FECHA,TIPO_MOVIMIENTO_ID,CANTIDAD,COSTO,PRECIO,USUARIO_ID) VALUES(1,422,now(),30,3,1.000000,1.000000,'root');
INSERT INTO ALMACEN_PRODUCTO(ALMACEN_ID,PRODUCTO_ID,CANTIDAD_ACTUAL,CANTIDAD_MINIMA,PRECIO_VENTA) VALUES (1,422,3,0,1.000000);

INSERT INTO ALMACEN_PRODUCTO(ALMACEN_ID,PRODUCTO_ID,CANTIDAD_ACTUAL,CANTIDAD_MINIMA,PRECIO_VENTA) VALUES (2,422,0,0,1.000000);

INSERT INTO ALMACEN_PRODUCTO(ALMACEN_ID,PRODUCTO_ID,CANTIDAD_ACTUAL,CANTIDAD_MINIMA,PRECIO_VENTA) VALUES (3,422,3,0,1.000000);

INSERT INTO ALMACEN_PRODUCTO(ALMACEN_ID,PRODUCTO_ID,CANTIDAD_ACTUAL,CANTIDAD_MINIMA,PRECIO_VENTA) VALUES (4,422,3,0,1.000000);

INSERT INTO PROVEEDOR_PRODUCTO(PROVEEDOR_ID,PRODUCTO_ID,PRECIO_COMPRA) VALUES(18,422, 1.000000);

-- ===========PRODUCTO [423]
INSERT INTO PRODUCTO(ID,MARCA_ID,NOMBRE,PRESENTACION,CONTENIDO,UNIDADES_POR_CAJA,COSTO,COSTO_VENTA,PRECIO_BASE,UNIDAD_MEDIDA,CODIGO_BARRAS) VALUES(423,20,'Colgate Plax Enjuague Bucal','Sin Alcohol',2,3.0,1.000000,1.000000,1.000000,'LT',7.891024180068E12);

INSERT INTO MOVIMIENTO_HISTORICO_PRODUCTO (ALMACEN_ID,PRODUCTO_ID,FECHA,TIPO_MOVIMIENTO_ID,CANTIDAD,COSTO,PRECIO,USUARIO_ID) VALUES(1,423,now(),30,6,1.000000,1.000000,'root');
INSERT INTO ALMACEN_PRODUCTO(ALMACEN_ID,PRODUCTO_ID,CANTIDAD_ACTUAL,CANTIDAD_MINIMA,PRECIO_VENTA) VALUES (1,423,6,0,1.000000);

INSERT INTO ALMACEN_PRODUCTO(ALMACEN_ID,PRODUCTO_ID,CANTIDAD_ACTUAL,CANTIDAD_MINIMA,PRECIO_VENTA) VALUES (2,423,0,0,1.000000);

INSERT INTO ALMACEN_PRODUCTO(ALMACEN_ID,PRODUCTO_ID,CANTIDAD_ACTUAL,CANTIDAD_MINIMA,PRECIO_VENTA) VALUES (3,423,6,0,1.000000);

INSERT INTO ALMACEN_PRODUCTO(ALMACEN_ID,PRODUCTO_ID,CANTIDAD_ACTUAL,CANTIDAD_MINIMA,PRECIO_VENTA) VALUES (4,423,6,0,1.000000);

INSERT INTO PROVEEDOR_PRODUCTO(PROVEEDOR_ID,PRODUCTO_ID,PRECIO_COMPRA) VALUES(6,423, 1.000000);

-- ===========PRODUCTO [424]
INSERT INTO PRODUCTO(ID,MARCA_ID,NOMBRE,PRESENTACION,CONTENIDO,UNIDADES_POR_CAJA,COSTO,COSTO_VENTA,PRECIO_BASE,UNIDAD_MEDIDA,CODIGO_BARRAS) VALUES(424,52,'4 Today Cepillo Dental Exhibidor','T 201',12,12.0,1.000000,1.000000,94.310000,'Pz',6.926360987062E12);

INSERT INTO MOVIMIENTO_HISTORICO_PRODUCTO (ALMACEN_ID,PRODUCTO_ID,FECHA,TIPO_MOVIMIENTO_ID,CANTIDAD,COSTO,PRECIO,USUARIO_ID) VALUES(1,424,now(),30,2,1.000000,94.310000,'root');
INSERT INTO ALMACEN_PRODUCTO(ALMACEN_ID,PRODUCTO_ID,CANTIDAD_ACTUAL,CANTIDAD_MINIMA,PRECIO_VENTA) VALUES (1,424,2,0,94.310000);

INSERT INTO ALMACEN_PRODUCTO(ALMACEN_ID,PRODUCTO_ID,CANTIDAD_ACTUAL,CANTIDAD_MINIMA,PRECIO_VENTA) VALUES (2,424,0,0,1.000000);

INSERT INTO ALMACEN_PRODUCTO(ALMACEN_ID,PRODUCTO_ID,CANTIDAD_ACTUAL,CANTIDAD_MINIMA,PRECIO_VENTA) VALUES (3,424,2,0,72.000000);

INSERT INTO ALMACEN_PRODUCTO(ALMACEN_ID,PRODUCTO_ID,CANTIDAD_ACTUAL,CANTIDAD_MINIMA,PRECIO_VENTA) VALUES (4,424,2,0,1.000000);

INSERT INTO PROVEEDOR_PRODUCTO(PROVEEDOR_ID,PRODUCTO_ID,PRECIO_COMPRA) VALUES(7,424, 1.000000);

-- ===========PRODUCTO [425]
INSERT INTO PRODUCTO(ID,MARCA_ID,NOMBRE,PRESENTACION,CONTENIDO,UNIDADES_POR_CAJA,COSTO,COSTO_VENTA,PRECIO_BASE,UNIDAD_MEDIDA,CODIGO_BARRAS) VALUES(425,52,'4 Today Cepillo Dental Exhibidor','T 301 - 2Pz',12,12.0,1.000000,1.000000,94.310000,'Pz',6.926360987093E12);

INSERT INTO MOVIMIENTO_HISTORICO_PRODUCTO (ALMACEN_ID,PRODUCTO_ID,FECHA,TIPO_MOVIMIENTO_ID,CANTIDAD,COSTO,PRECIO,USUARIO_ID) VALUES(1,425,now(),30,2,1.000000,94.310000,'root');
INSERT INTO ALMACEN_PRODUCTO(ALMACEN_ID,PRODUCTO_ID,CANTIDAD_ACTUAL,CANTIDAD_MINIMA,PRECIO_VENTA) VALUES (1,425,2,0,94.310000);

INSERT INTO ALMACEN_PRODUCTO(ALMACEN_ID,PRODUCTO_ID,CANTIDAD_ACTUAL,CANTIDAD_MINIMA,PRECIO_VENTA) VALUES (2,425,0,0,1.000000);

INSERT INTO ALMACEN_PRODUCTO(ALMACEN_ID,PRODUCTO_ID,CANTIDAD_ACTUAL,CANTIDAD_MINIMA,PRECIO_VENTA) VALUES (3,425,2,0,72.000000);

INSERT INTO ALMACEN_PRODUCTO(ALMACEN_ID,PRODUCTO_ID,CANTIDAD_ACTUAL,CANTIDAD_MINIMA,PRECIO_VENTA) VALUES (4,425,2,0,1.000000);

INSERT INTO PROVEEDOR_PRODUCTO(PROVEEDOR_ID,PRODUCTO_ID,PRECIO_COMPRA) VALUES(7,425, 1.000000);

-- ===========PRODUCTO [426]
INSERT INTO PRODUCTO(ID,MARCA_ID,NOMBRE,PRESENTACION,CONTENIDO,UNIDADES_POR_CAJA,COSTO,COSTO_VENTA,PRECIO_BASE,UNIDAD_MEDIDA,CODIGO_BARRAS) VALUES(426,52,'4 Today Cepillo Dental Exhibidor','T 300 - 2Pz',12,12.0,1.000000,1.000000,94.310000,'Pz',6.926360987086E12);

INSERT INTO MOVIMIENTO_HISTORICO_PRODUCTO (ALMACEN_ID,PRODUCTO_ID,FECHA,TIPO_MOVIMIENTO_ID,CANTIDAD,COSTO,PRECIO,USUARIO_ID) VALUES(1,426,now(),30,2,1.000000,94.310000,'root');
INSERT INTO ALMACEN_PRODUCTO(ALMACEN_ID,PRODUCTO_ID,CANTIDAD_ACTUAL,CANTIDAD_MINIMA,PRECIO_VENTA) VALUES (1,426,2,0,94.310000);

INSERT INTO ALMACEN_PRODUCTO(ALMACEN_ID,PRODUCTO_ID,CANTIDAD_ACTUAL,CANTIDAD_MINIMA,PRECIO_VENTA) VALUES (2,426,0,0,1.000000);

INSERT INTO ALMACEN_PRODUCTO(ALMACEN_ID,PRODUCTO_ID,CANTIDAD_ACTUAL,CANTIDAD_MINIMA,PRECIO_VENTA) VALUES (3,426,2,0,72.000000);

INSERT INTO ALMACEN_PRODUCTO(ALMACEN_ID,PRODUCTO_ID,CANTIDAD_ACTUAL,CANTIDAD_MINIMA,PRECIO_VENTA) VALUES (4,426,2,0,1.000000);

INSERT INTO PROVEEDOR_PRODUCTO(PROVEEDOR_ID,PRODUCTO_ID,PRECIO_COMPRA) VALUES(7,426, 1.000000);

-- ===========PRODUCTO [427]
INSERT INTO PRODUCTO(ID,MARCA_ID,NOMBRE,PRESENTACION,CONTENIDO,UNIDADES_POR_CAJA,COSTO,COSTO_VENTA,PRECIO_BASE,UNIDAD_MEDIDA,CODIGO_BARRAS) VALUES(427,52,'4 Today Cepillo Dental','T 300',2,12.0,1.000000,1.000000,7.859167,'Pz',6.926360983002E12);

INSERT INTO MOVIMIENTO_HISTORICO_PRODUCTO (ALMACEN_ID,PRODUCTO_ID,FECHA,TIPO_MOVIMIENTO_ID,CANTIDAD,COSTO,PRECIO,USUARIO_ID) VALUES(1,427,now(),30,12,1.000000,7.859167,'root');
INSERT INTO ALMACEN_PRODUCTO(ALMACEN_ID,PRODUCTO_ID,CANTIDAD_ACTUAL,CANTIDAD_MINIMA,PRECIO_VENTA) VALUES (1,427,12,0,7.859167);

INSERT INTO ALMACEN_PRODUCTO(ALMACEN_ID,PRODUCTO_ID,CANTIDAD_ACTUAL,CANTIDAD_MINIMA,PRECIO_VENTA) VALUES (2,427,0,0,1.000000);

INSERT INTO ALMACEN_PRODUCTO(ALMACEN_ID,PRODUCTO_ID,CANTIDAD_ACTUAL,CANTIDAD_MINIMA,PRECIO_VENTA) VALUES (3,427,12,0,6.500000);

INSERT INTO ALMACEN_PRODUCTO(ALMACEN_ID,PRODUCTO_ID,CANTIDAD_ACTUAL,CANTIDAD_MINIMA,PRECIO_VENTA) VALUES (4,427,12,0,1.000000);

INSERT INTO PROVEEDOR_PRODUCTO(PROVEEDOR_ID,PRODUCTO_ID,PRECIO_COMPRA) VALUES(7,427, 1.000000);

-- ===========PRODUCTO [428]
INSERT INTO PRODUCTO(ID,MARCA_ID,NOMBRE,PRESENTACION,CONTENIDO,UNIDADES_POR_CAJA,COSTO,COSTO_VENTA,PRECIO_BASE,UNIDAD_MEDIDA,CODIGO_BARRAS) VALUES(428,52,'4 Today Cepillo Dental','T 301',2,12.0,1.000000,1.000000,7.859167,'Pz',6.926360983019E12);

INSERT INTO MOVIMIENTO_HISTORICO_PRODUCTO (ALMACEN_ID,PRODUCTO_ID,FECHA,TIPO_MOVIMIENTO_ID,CANTIDAD,COSTO,PRECIO,USUARIO_ID) VALUES(1,428,now(),30,12,1.000000,7.859167,'root');
INSERT INTO ALMACEN_PRODUCTO(ALMACEN_ID,PRODUCTO_ID,CANTIDAD_ACTUAL,CANTIDAD_MINIMA,PRECIO_VENTA) VALUES (1,428,12,0,7.859167);

INSERT INTO ALMACEN_PRODUCTO(ALMACEN_ID,PRODUCTO_ID,CANTIDAD_ACTUAL,CANTIDAD_MINIMA,PRECIO_VENTA) VALUES (2,428,0,0,1.000000);

INSERT INTO ALMACEN_PRODUCTO(ALMACEN_ID,PRODUCTO_ID,CANTIDAD_ACTUAL,CANTIDAD_MINIMA,PRECIO_VENTA) VALUES (3,428,12,0,6.500000);

INSERT INTO ALMACEN_PRODUCTO(ALMACEN_ID,PRODUCTO_ID,CANTIDAD_ACTUAL,CANTIDAD_MINIMA,PRECIO_VENTA) VALUES (4,428,12,0,1.000000);

INSERT INTO PROVEEDOR_PRODUCTO(PROVEEDOR_ID,PRODUCTO_ID,PRECIO_COMPRA) VALUES(7,428, 1.000000);

-- ===========PRODUCTO [429]
INSERT INTO PRODUCTO(ID,MARCA_ID,NOMBRE,PRESENTACION,CONTENIDO,UNIDADES_POR_CAJA,COSTO,COSTO_VENTA,PRECIO_BASE,UNIDAD_MEDIDA,CODIGO_BARRAS) VALUES(429,52,'4 Today Cepillo Dental','T 201',1,12.0,1.000000,1.000000,7.859167,'Pz',6.926360982012E12);

INSERT INTO MOVIMIENTO_HISTORICO_PRODUCTO (ALMACEN_ID,PRODUCTO_ID,FECHA,TIPO_MOVIMIENTO_ID,CANTIDAD,COSTO,PRECIO,USUARIO_ID) VALUES(1,429,now(),30,12,1.000000,7.859167,'root');
INSERT INTO ALMACEN_PRODUCTO(ALMACEN_ID,PRODUCTO_ID,CANTIDAD_ACTUAL,CANTIDAD_MINIMA,PRECIO_VENTA) VALUES (1,429,12,0,7.859167);

INSERT INTO ALMACEN_PRODUCTO(ALMACEN_ID,PRODUCTO_ID,CANTIDAD_ACTUAL,CANTIDAD_MINIMA,PRECIO_VENTA) VALUES (2,429,0,0,1.000000);

INSERT INTO ALMACEN_PRODUCTO(ALMACEN_ID,PRODUCTO_ID,CANTIDAD_ACTUAL,CANTIDAD_MINIMA,PRECIO_VENTA) VALUES (3,429,12,0,6.500000);

INSERT INTO ALMACEN_PRODUCTO(ALMACEN_ID,PRODUCTO_ID,CANTIDAD_ACTUAL,CANTIDAD_MINIMA,PRECIO_VENTA) VALUES (4,429,12,0,1.000000);

INSERT INTO PROVEEDOR_PRODUCTO(PROVEEDOR_ID,PRODUCTO_ID,PRECIO_COMPRA) VALUES(7,429, 1.000000);

-- ===========PRODUCTO [430]
INSERT INTO PRODUCTO(ID,MARCA_ID,NOMBRE,PRESENTACION,CONTENIDO,UNIDADES_POR_CAJA,COSTO,COSTO_VENTA,PRECIO_BASE,UNIDAD_MEDIDA,CODIGO_BARRAS) VALUES(430,52,'Colgate Plax Enjuague Bucal','Whitening',60,72.0,1.000000,1.000000,1.000000,'ML',7.89102413599E12);

INSERT INTO MOVIMIENTO_HISTORICO_PRODUCTO (ALMACEN_ID,PRODUCTO_ID,FECHA,TIPO_MOVIMIENTO_ID,CANTIDAD,COSTO,PRECIO,USUARIO_ID) VALUES(1,430,now(),30,0,1.000000,1.000000,'root');
INSERT INTO ALMACEN_PRODUCTO(ALMACEN_ID,PRODUCTO_ID,CANTIDAD_ACTUAL,CANTIDAD_MINIMA,PRECIO_VENTA) VALUES (1,430,0,0,1.000000);

INSERT INTO ALMACEN_PRODUCTO(ALMACEN_ID,PRODUCTO_ID,CANTIDAD_ACTUAL,CANTIDAD_MINIMA,PRECIO_VENTA) VALUES (2,430,0,0,1.000000);

INSERT INTO PROVEEDOR_PRODUCTO(PROVEEDOR_ID,PRODUCTO_ID,PRECIO_COMPRA) VALUES(7,430, 1.000000);

-- ===========PRODUCTO [431]
INSERT INTO PRODUCTO(ID,MARCA_ID,NOMBRE,PRESENTACION,CONTENIDO,UNIDADES_POR_CAJA,COSTO,COSTO_VENTA,PRECIO_BASE,UNIDAD_MEDIDA,CODIGO_BARRAS) VALUES(431,52,'4 Today Cepillo Dental Exhibidor','T 677',12,12.0,1.000000,1.000000,94.310000,'Pz',6.926360986751E12);

INSERT INTO MOVIMIENTO_HISTORICO_PRODUCTO (ALMACEN_ID,PRODUCTO_ID,FECHA,TIPO_MOVIMIENTO_ID,CANTIDAD,COSTO,PRECIO,USUARIO_ID) VALUES(1,431,now(),30,2,1.000000,94.310000,'root');
INSERT INTO ALMACEN_PRODUCTO(ALMACEN_ID,PRODUCTO_ID,CANTIDAD_ACTUAL,CANTIDAD_MINIMA,PRECIO_VENTA) VALUES (1,431,2,0,94.310000);

INSERT INTO ALMACEN_PRODUCTO(ALMACEN_ID,PRODUCTO_ID,CANTIDAD_ACTUAL,CANTIDAD_MINIMA,PRECIO_VENTA) VALUES (2,431,0,0,1.000000);

INSERT INTO ALMACEN_PRODUCTO(ALMACEN_ID,PRODUCTO_ID,CANTIDAD_ACTUAL,CANTIDAD_MINIMA,PRECIO_VENTA) VALUES (3,431,2,0,72.000000);

INSERT INTO ALMACEN_PRODUCTO(ALMACEN_ID,PRODUCTO_ID,CANTIDAD_ACTUAL,CANTIDAD_MINIMA,PRECIO_VENTA) VALUES (4,431,2,0,1.000000);

INSERT INTO PROVEEDOR_PRODUCTO(PROVEEDOR_ID,PRODUCTO_ID,PRECIO_COMPRA) VALUES(7,431, 1.000000);

-- ===========PRODUCTO [432]
INSERT INTO PRODUCTO(ID,MARCA_ID,NOMBRE,PRESENTACION,CONTENIDO,UNIDADES_POR_CAJA,COSTO,COSTO_VENTA,PRECIO_BASE,UNIDAD_MEDIDA,CODIGO_BARRAS) VALUES(432,52,'4 Today Cepillo Dental','T 677',1,12.0,1.000000,1.000000,7.859167,'Pz',6.926360986775E12);

INSERT INTO MOVIMIENTO_HISTORICO_PRODUCTO (ALMACEN_ID,PRODUCTO_ID,FECHA,TIPO_MOVIMIENTO_ID,CANTIDAD,COSTO,PRECIO,USUARIO_ID) VALUES(1,432,now(),30,12,1.000000,7.859167,'root');
INSERT INTO ALMACEN_PRODUCTO(ALMACEN_ID,PRODUCTO_ID,CANTIDAD_ACTUAL,CANTIDAD_MINIMA,PRECIO_VENTA) VALUES (1,432,12,0,7.859167);

INSERT INTO ALMACEN_PRODUCTO(ALMACEN_ID,PRODUCTO_ID,CANTIDAD_ACTUAL,CANTIDAD_MINIMA,PRECIO_VENTA) VALUES (2,432,0,0,1.000000);

INSERT INTO ALMACEN_PRODUCTO(ALMACEN_ID,PRODUCTO_ID,CANTIDAD_ACTUAL,CANTIDAD_MINIMA,PRECIO_VENTA) VALUES (3,432,12,0,6.500000);

INSERT INTO ALMACEN_PRODUCTO(ALMACEN_ID,PRODUCTO_ID,CANTIDAD_ACTUAL,CANTIDAD_MINIMA,PRECIO_VENTA) VALUES (4,432,12,0,1.000000);

INSERT INTO PROVEEDOR_PRODUCTO(PROVEEDOR_ID,PRODUCTO_ID,PRECIO_COMPRA) VALUES(7,432, 1.000000);

-- ===========PRODUCTO [433]
INSERT INTO PRODUCTO(ID,MARCA_ID,NOMBRE,PRESENTACION,CONTENIDO,UNIDADES_POR_CAJA,COSTO,COSTO_VENTA,PRECIO_BASE,UNIDAD_MEDIDA,CODIGO_BARRAS) VALUES(433,52,'4 Today Cepillo Dental Exhibidor','T 678',12,12.0,1.000000,1.000000,94.310000,'Pz',6.926360986744E12);

INSERT INTO MOVIMIENTO_HISTORICO_PRODUCTO (ALMACEN_ID,PRODUCTO_ID,FECHA,TIPO_MOVIMIENTO_ID,CANTIDAD,COSTO,PRECIO,USUARIO_ID) VALUES(1,433,now(),30,2,1.000000,94.310000,'root');
INSERT INTO ALMACEN_PRODUCTO(ALMACEN_ID,PRODUCTO_ID,CANTIDAD_ACTUAL,CANTIDAD_MINIMA,PRECIO_VENTA) VALUES (1,433,2,0,94.310000);

INSERT INTO ALMACEN_PRODUCTO(ALMACEN_ID,PRODUCTO_ID,CANTIDAD_ACTUAL,CANTIDAD_MINIMA,PRECIO_VENTA) VALUES (2,433,0,0,1.000000);

INSERT INTO ALMACEN_PRODUCTO(ALMACEN_ID,PRODUCTO_ID,CANTIDAD_ACTUAL,CANTIDAD_MINIMA,PRECIO_VENTA) VALUES (3,433,2,0,72.000000);

INSERT INTO ALMACEN_PRODUCTO(ALMACEN_ID,PRODUCTO_ID,CANTIDAD_ACTUAL,CANTIDAD_MINIMA,PRECIO_VENTA) VALUES (4,433,2,0,1.000000);

INSERT INTO PROVEEDOR_PRODUCTO(PROVEEDOR_ID,PRODUCTO_ID,PRECIO_COMPRA) VALUES(7,433, 1.000000);

-- ===========PRODUCTO [434]
INSERT INTO PRODUCTO(ID,MARCA_ID,NOMBRE,PRESENTACION,CONTENIDO,UNIDADES_POR_CAJA,COSTO,COSTO_VENTA,PRECIO_BASE,UNIDAD_MEDIDA,CODIGO_BARRAS) VALUES(434,52,'4 Today Cepillo Dental','T 678',1,12.0,1.000000,1.000000,7.859167,'Pz',6.926360986782E12);

INSERT INTO MOVIMIENTO_HISTORICO_PRODUCTO (ALMACEN_ID,PRODUCTO_ID,FECHA,TIPO_MOVIMIENTO_ID,CANTIDAD,COSTO,PRECIO,USUARIO_ID) VALUES(1,434,now(),30,12,1.000000,7.859167,'root');
INSERT INTO ALMACEN_PRODUCTO(ALMACEN_ID,PRODUCTO_ID,CANTIDAD_ACTUAL,CANTIDAD_MINIMA,PRECIO_VENTA) VALUES (1,434,12,0,7.859167);

INSERT INTO ALMACEN_PRODUCTO(ALMACEN_ID,PRODUCTO_ID,CANTIDAD_ACTUAL,CANTIDAD_MINIMA,PRECIO_VENTA) VALUES (2,434,0,0,1.000000);

INSERT INTO ALMACEN_PRODUCTO(ALMACEN_ID,PRODUCTO_ID,CANTIDAD_ACTUAL,CANTIDAD_MINIMA,PRECIO_VENTA) VALUES (3,434,12,0,6.500000);

INSERT INTO ALMACEN_PRODUCTO(ALMACEN_ID,PRODUCTO_ID,CANTIDAD_ACTUAL,CANTIDAD_MINIMA,PRECIO_VENTA) VALUES (4,434,12,0,1.000000);

INSERT INTO PROVEEDOR_PRODUCTO(PROVEEDOR_ID,PRODUCTO_ID,PRECIO_COMPRA) VALUES(7,434, 1.000000);

-- ===========PRODUCTO [435]
INSERT INTO PRODUCTO(ID,MARCA_ID,NOMBRE,PRESENTACION,CONTENIDO,UNIDADES_POR_CAJA,COSTO,COSTO_VENTA,PRECIO_BASE,UNIDAD_MEDIDA,CODIGO_BARRAS) VALUES(435,52,'4 Today Cepillo Dental','T 679',1,12.0,1.000000,1.000000,7.859167,'Pz',6.926360986799E12);

INSERT INTO MOVIMIENTO_HISTORICO_PRODUCTO (ALMACEN_ID,PRODUCTO_ID,FECHA,TIPO_MOVIMIENTO_ID,CANTIDAD,COSTO,PRECIO,USUARIO_ID) VALUES(1,435,now(),30,12,1.000000,7.859167,'root');
INSERT INTO ALMACEN_PRODUCTO(ALMACEN_ID,PRODUCTO_ID,CANTIDAD_ACTUAL,CANTIDAD_MINIMA,PRECIO_VENTA) VALUES (1,435,12,0,7.859167);

INSERT INTO ALMACEN_PRODUCTO(ALMACEN_ID,PRODUCTO_ID,CANTIDAD_ACTUAL,CANTIDAD_MINIMA,PRECIO_VENTA) VALUES (2,435,0,0,1.000000);

INSERT INTO ALMACEN_PRODUCTO(ALMACEN_ID,PRODUCTO_ID,CANTIDAD_ACTUAL,CANTIDAD_MINIMA,PRECIO_VENTA) VALUES (3,435,12,0,6.500000);

INSERT INTO ALMACEN_PRODUCTO(ALMACEN_ID,PRODUCTO_ID,CANTIDAD_ACTUAL,CANTIDAD_MINIMA,PRECIO_VENTA) VALUES (4,435,12,0,1.000000);

INSERT INTO PROVEEDOR_PRODUCTO(PROVEEDOR_ID,PRODUCTO_ID,PRECIO_COMPRA) VALUES(7,435, 1.000000);

-- ===========PRODUCTO [436]
INSERT INTO PRODUCTO(ID,MARCA_ID,NOMBRE,PRESENTACION,CONTENIDO,UNIDADES_POR_CAJA,COSTO,COSTO_VENTA,PRECIO_BASE,UNIDAD_MEDIDA,CODIGO_BARRAS) VALUES(436,52,'4 Today Cepillo Dental Exhibidor','T 679',12,12.0,1.000000,1.000000,94.310000,'Pz',6.926360986768E12);

INSERT INTO MOVIMIENTO_HISTORICO_PRODUCTO (ALMACEN_ID,PRODUCTO_ID,FECHA,TIPO_MOVIMIENTO_ID,CANTIDAD,COSTO,PRECIO,USUARIO_ID) VALUES(1,436,now(),30,2,1.000000,94.310000,'root');
INSERT INTO ALMACEN_PRODUCTO(ALMACEN_ID,PRODUCTO_ID,CANTIDAD_ACTUAL,CANTIDAD_MINIMA,PRECIO_VENTA) VALUES (1,436,2,0,94.310000);

INSERT INTO ALMACEN_PRODUCTO(ALMACEN_ID,PRODUCTO_ID,CANTIDAD_ACTUAL,CANTIDAD_MINIMA,PRECIO_VENTA) VALUES (2,436,0,0,1.000000);

INSERT INTO ALMACEN_PRODUCTO(ALMACEN_ID,PRODUCTO_ID,CANTIDAD_ACTUAL,CANTIDAD_MINIMA,PRECIO_VENTA) VALUES (3,436,2,0,72.000000);

INSERT INTO ALMACEN_PRODUCTO(ALMACEN_ID,PRODUCTO_ID,CANTIDAD_ACTUAL,CANTIDAD_MINIMA,PRECIO_VENTA) VALUES (4,436,2,0,1.000000);

INSERT INTO PROVEEDOR_PRODUCTO(PROVEEDOR_ID,PRODUCTO_ID,PRECIO_COMPRA) VALUES(7,436, 1.000000);

-- ===========PRODUCTO [437]
INSERT INTO PRODUCTO(ID,MARCA_ID,NOMBRE,PRESENTACION,CONTENIDO,UNIDADES_POR_CAJA,COSTO,COSTO_VENTA,PRECIO_BASE,UNIDAD_MEDIDA,CODIGO_BARRAS) VALUES(437,52,'4 Today Cepillo Dental','T 680',1,12.0,1.000000,1.000000,7.859167,'Pz',6.926360986805E12);

INSERT INTO MOVIMIENTO_HISTORICO_PRODUCTO (ALMACEN_ID,PRODUCTO_ID,FECHA,TIPO_MOVIMIENTO_ID,CANTIDAD,COSTO,PRECIO,USUARIO_ID) VALUES(1,437,now(),30,12,1.000000,7.859167,'root');
INSERT INTO ALMACEN_PRODUCTO(ALMACEN_ID,PRODUCTO_ID,CANTIDAD_ACTUAL,CANTIDAD_MINIMA,PRECIO_VENTA) VALUES (1,437,12,0,7.859167);

INSERT INTO ALMACEN_PRODUCTO(ALMACEN_ID,PRODUCTO_ID,CANTIDAD_ACTUAL,CANTIDAD_MINIMA,PRECIO_VENTA) VALUES (2,437,0,0,1.000000);

INSERT INTO ALMACEN_PRODUCTO(ALMACEN_ID,PRODUCTO_ID,CANTIDAD_ACTUAL,CANTIDAD_MINIMA,PRECIO_VENTA) VALUES (3,437,12,0,6.500000);

INSERT INTO ALMACEN_PRODUCTO(ALMACEN_ID,PRODUCTO_ID,CANTIDAD_ACTUAL,CANTIDAD_MINIMA,PRECIO_VENTA) VALUES (4,437,12,0,1.000000);

INSERT INTO PROVEEDOR_PRODUCTO(PROVEEDOR_ID,PRODUCTO_ID,PRECIO_COMPRA) VALUES(7,437, 1.000000);

-- ===========PRODUCTO [438]
INSERT INTO PRODUCTO(ID,MARCA_ID,NOMBRE,PRESENTACION,CONTENIDO,UNIDADES_POR_CAJA,COSTO,COSTO_VENTA,PRECIO_BASE,UNIDAD_MEDIDA,CODIGO_BARRAS) VALUES(438,52,'4 Today Cepillo Dental Exhibidor','T 680',12,12.0,1.000000,1.000000,94.310000,'Pz',6.926360986874E12);

INSERT INTO MOVIMIENTO_HISTORICO_PRODUCTO (ALMACEN_ID,PRODUCTO_ID,FECHA,TIPO_MOVIMIENTO_ID,CANTIDAD,COSTO,PRECIO,USUARIO_ID) VALUES(1,438,now(),30,2,1.000000,94.310000,'root');
INSERT INTO ALMACEN_PRODUCTO(ALMACEN_ID,PRODUCTO_ID,CANTIDAD_ACTUAL,CANTIDAD_MINIMA,PRECIO_VENTA) VALUES (1,438,2,0,94.310000);

INSERT INTO ALMACEN_PRODUCTO(ALMACEN_ID,PRODUCTO_ID,CANTIDAD_ACTUAL,CANTIDAD_MINIMA,PRECIO_VENTA) VALUES (2,438,0,0,1.000000);

INSERT INTO ALMACEN_PRODUCTO(ALMACEN_ID,PRODUCTO_ID,CANTIDAD_ACTUAL,CANTIDAD_MINIMA,PRECIO_VENTA) VALUES (3,438,2,0,72.000000);

INSERT INTO ALMACEN_PRODUCTO(ALMACEN_ID,PRODUCTO_ID,CANTIDAD_ACTUAL,CANTIDAD_MINIMA,PRECIO_VENTA) VALUES (4,438,2,0,1.000000);

INSERT INTO PROVEEDOR_PRODUCTO(PROVEEDOR_ID,PRODUCTO_ID,PRECIO_COMPRA) VALUES(7,438, 1.000000);

-- ===========PRODUCTO [439]
INSERT INTO PRODUCTO(ID,MARCA_ID,NOMBRE,PRESENTACION,CONTENIDO,UNIDADES_POR_CAJA,COSTO,COSTO_VENTA,PRECIO_BASE,UNIDAD_MEDIDA,CODIGO_BARRAS) VALUES(439,52,'4 Today Cepillo Dental Exhibidor','T 683',12,12.0,1.000000,1.000000,94.310000,'Pz',6.926360986898E12);

INSERT INTO MOVIMIENTO_HISTORICO_PRODUCTO (ALMACEN_ID,PRODUCTO_ID,FECHA,TIPO_MOVIMIENTO_ID,CANTIDAD,COSTO,PRECIO,USUARIO_ID) VALUES(1,439,now(),30,2,1.000000,94.310000,'root');
INSERT INTO ALMACEN_PRODUCTO(ALMACEN_ID,PRODUCTO_ID,CANTIDAD_ACTUAL,CANTIDAD_MINIMA,PRECIO_VENTA) VALUES (1,439,2,0,94.310000);

INSERT INTO ALMACEN_PRODUCTO(ALMACEN_ID,PRODUCTO_ID,CANTIDAD_ACTUAL,CANTIDAD_MINIMA,PRECIO_VENTA) VALUES (2,439,0,0,1.000000);

INSERT INTO ALMACEN_PRODUCTO(ALMACEN_ID,PRODUCTO_ID,CANTIDAD_ACTUAL,CANTIDAD_MINIMA,PRECIO_VENTA) VALUES (3,439,2,0,72.000000);

INSERT INTO ALMACEN_PRODUCTO(ALMACEN_ID,PRODUCTO_ID,CANTIDAD_ACTUAL,CANTIDAD_MINIMA,PRECIO_VENTA) VALUES (4,439,2,0,1.000000);

INSERT INTO PROVEEDOR_PRODUCTO(PROVEEDOR_ID,PRODUCTO_ID,PRECIO_COMPRA) VALUES(7,439, 1.000000);

-- ===========PRODUCTO [440]
INSERT INTO PRODUCTO(ID,MARCA_ID,NOMBRE,PRESENTACION,CONTENIDO,UNIDADES_POR_CAJA,COSTO,COSTO_VENTA,PRECIO_BASE,UNIDAD_MEDIDA,CODIGO_BARRAS) VALUES(440,52,'4 Today Cepillo Dental','T 683',1,12.0,1.000000,1.000000,7.859167,'Pz',6.926360986836E12);

INSERT INTO MOVIMIENTO_HISTORICO_PRODUCTO (ALMACEN_ID,PRODUCTO_ID,FECHA,TIPO_MOVIMIENTO_ID,CANTIDAD,COSTO,PRECIO,USUARIO_ID) VALUES(1,440,now(),30,12,1.000000,7.859167,'root');
INSERT INTO ALMACEN_PRODUCTO(ALMACEN_ID,PRODUCTO_ID,CANTIDAD_ACTUAL,CANTIDAD_MINIMA,PRECIO_VENTA) VALUES (1,440,12,0,7.859167);

INSERT INTO ALMACEN_PRODUCTO(ALMACEN_ID,PRODUCTO_ID,CANTIDAD_ACTUAL,CANTIDAD_MINIMA,PRECIO_VENTA) VALUES (2,440,0,0,1.000000);

INSERT INTO ALMACEN_PRODUCTO(ALMACEN_ID,PRODUCTO_ID,CANTIDAD_ACTUAL,CANTIDAD_MINIMA,PRECIO_VENTA) VALUES (3,440,12,0,6.500000);

INSERT INTO ALMACEN_PRODUCTO(ALMACEN_ID,PRODUCTO_ID,CANTIDAD_ACTUAL,CANTIDAD_MINIMA,PRECIO_VENTA) VALUES (4,440,12,0,1.000000);

INSERT INTO PROVEEDOR_PRODUCTO(PROVEEDOR_ID,PRODUCTO_ID,PRECIO_COMPRA) VALUES(7,440, 1.000000);

-- ===========PRODUCTO [441]
INSERT INTO PRODUCTO(ID,MARCA_ID,NOMBRE,PRESENTACION,CONTENIDO,UNIDADES_POR_CAJA,COSTO,COSTO_VENTA,PRECIO_BASE,UNIDAD_MEDIDA,CODIGO_BARRAS) VALUES(441,52,'4 Today Cepillo Dental Exhibidor','T 653',12,12.0,1.000000,1.000000,94.310000,'Pz',6.926360986546E12);

INSERT INTO MOVIMIENTO_HISTORICO_PRODUCTO (ALMACEN_ID,PRODUCTO_ID,FECHA,TIPO_MOVIMIENTO_ID,CANTIDAD,COSTO,PRECIO,USUARIO_ID) VALUES(1,441,now(),30,2,1.000000,94.310000,'root');
INSERT INTO ALMACEN_PRODUCTO(ALMACEN_ID,PRODUCTO_ID,CANTIDAD_ACTUAL,CANTIDAD_MINIMA,PRECIO_VENTA) VALUES (1,441,2,0,94.310000);

INSERT INTO ALMACEN_PRODUCTO(ALMACEN_ID,PRODUCTO_ID,CANTIDAD_ACTUAL,CANTIDAD_MINIMA,PRECIO_VENTA) VALUES (2,441,0,0,1.000000);

INSERT INTO ALMACEN_PRODUCTO(ALMACEN_ID,PRODUCTO_ID,CANTIDAD_ACTUAL,CANTIDAD_MINIMA,PRECIO_VENTA) VALUES (3,441,2,0,72.000000);

INSERT INTO ALMACEN_PRODUCTO(ALMACEN_ID,PRODUCTO_ID,CANTIDAD_ACTUAL,CANTIDAD_MINIMA,PRECIO_VENTA) VALUES (4,441,2,0,1.000000);

INSERT INTO PROVEEDOR_PRODUCTO(PROVEEDOR_ID,PRODUCTO_ID,PRECIO_COMPRA) VALUES(7,441, 1.000000);

-- ===========PRODUCTO [442]
INSERT INTO PRODUCTO(ID,MARCA_ID,NOMBRE,PRESENTACION,CONTENIDO,UNIDADES_POR_CAJA,COSTO,COSTO_VENTA,PRECIO_BASE,UNIDAD_MEDIDA,CODIGO_BARRAS) VALUES(442,52,'4 Today Cepillo Dental Exhibidor','T 666',12,12.0,1.000000,1.000000,94.310000,'Pz',6.926360986645E12);

INSERT INTO MOVIMIENTO_HISTORICO_PRODUCTO (ALMACEN_ID,PRODUCTO_ID,FECHA,TIPO_MOVIMIENTO_ID,CANTIDAD,COSTO,PRECIO,USUARIO_ID) VALUES(1,442,now(),30,2,1.000000,94.310000,'root');
INSERT INTO ALMACEN_PRODUCTO(ALMACEN_ID,PRODUCTO_ID,CANTIDAD_ACTUAL,CANTIDAD_MINIMA,PRECIO_VENTA) VALUES (1,442,2,0,94.310000);

INSERT INTO ALMACEN_PRODUCTO(ALMACEN_ID,PRODUCTO_ID,CANTIDAD_ACTUAL,CANTIDAD_MINIMA,PRECIO_VENTA) VALUES (2,442,0,0,1.000000);

INSERT INTO ALMACEN_PRODUCTO(ALMACEN_ID,PRODUCTO_ID,CANTIDAD_ACTUAL,CANTIDAD_MINIMA,PRECIO_VENTA) VALUES (3,442,2,0,72.000000);

INSERT INTO ALMACEN_PRODUCTO(ALMACEN_ID,PRODUCTO_ID,CANTIDAD_ACTUAL,CANTIDAD_MINIMA,PRECIO_VENTA) VALUES (4,442,2,0,1.000000);

INSERT INTO PROVEEDOR_PRODUCTO(PROVEEDOR_ID,PRODUCTO_ID,PRECIO_COMPRA) VALUES(7,442, 1.000000);

-- ===========PRODUCTO [443]
INSERT INTO PRODUCTO(ID,MARCA_ID,NOMBRE,PRESENTACION,CONTENIDO,UNIDADES_POR_CAJA,COSTO,COSTO_VENTA,PRECIO_BASE,UNIDAD_MEDIDA,CODIGO_BARRAS) VALUES(443,52,'4 Today Cepillo Dental Exhibidor','T 661',12,12.0,1.000000,1.000000,94.310000,'Pz',6.926360987017E12);

INSERT INTO MOVIMIENTO_HISTORICO_PRODUCTO (ALMACEN_ID,PRODUCTO_ID,FECHA,TIPO_MOVIMIENTO_ID,CANTIDAD,COSTO,PRECIO,USUARIO_ID) VALUES(1,443,now(),30,2,1.000000,94.310000,'root');
INSERT INTO ALMACEN_PRODUCTO(ALMACEN_ID,PRODUCTO_ID,CANTIDAD_ACTUAL,CANTIDAD_MINIMA,PRECIO_VENTA) VALUES (1,443,2,0,94.310000);

INSERT INTO ALMACEN_PRODUCTO(ALMACEN_ID,PRODUCTO_ID,CANTIDAD_ACTUAL,CANTIDAD_MINIMA,PRECIO_VENTA) VALUES (2,443,0,0,1.000000);

INSERT INTO ALMACEN_PRODUCTO(ALMACEN_ID,PRODUCTO_ID,CANTIDAD_ACTUAL,CANTIDAD_MINIMA,PRECIO_VENTA) VALUES (3,443,2,0,72.000000);

INSERT INTO ALMACEN_PRODUCTO(ALMACEN_ID,PRODUCTO_ID,CANTIDAD_ACTUAL,CANTIDAD_MINIMA,PRECIO_VENTA) VALUES (4,443,2,0,1.000000);

INSERT INTO PROVEEDOR_PRODUCTO(PROVEEDOR_ID,PRODUCTO_ID,PRECIO_COMPRA) VALUES(7,443, 1.000000);

-- ===========PRODUCTO [444]
INSERT INTO PRODUCTO(ID,MARCA_ID,NOMBRE,PRESENTACION,CONTENIDO,UNIDADES_POR_CAJA,COSTO,COSTO_VENTA,PRECIO_BASE,UNIDAD_MEDIDA,CODIGO_BARRAS) VALUES(444,52,'4 Today Cepillo Dental Exhibidor','T 100',12,12.0,1.000000,1.000000,94.310000,'Pz',6.926360987055E12);

INSERT INTO MOVIMIENTO_HISTORICO_PRODUCTO (ALMACEN_ID,PRODUCTO_ID,FECHA,TIPO_MOVIMIENTO_ID,CANTIDAD,COSTO,PRECIO,USUARIO_ID) VALUES(1,444,now(),30,2,1.000000,94.310000,'root');
INSERT INTO ALMACEN_PRODUCTO(ALMACEN_ID,PRODUCTO_ID,CANTIDAD_ACTUAL,CANTIDAD_MINIMA,PRECIO_VENTA) VALUES (1,444,2,0,94.310000);

INSERT INTO ALMACEN_PRODUCTO(ALMACEN_ID,PRODUCTO_ID,CANTIDAD_ACTUAL,CANTIDAD_MINIMA,PRECIO_VENTA) VALUES (2,444,0,0,1.000000);

INSERT INTO ALMACEN_PRODUCTO(ALMACEN_ID,PRODUCTO_ID,CANTIDAD_ACTUAL,CANTIDAD_MINIMA,PRECIO_VENTA) VALUES (3,444,2,0,72.000000);

INSERT INTO ALMACEN_PRODUCTO(ALMACEN_ID,PRODUCTO_ID,CANTIDAD_ACTUAL,CANTIDAD_MINIMA,PRECIO_VENTA) VALUES (4,444,2,0,1.000000);

INSERT INTO PROVEEDOR_PRODUCTO(PROVEEDOR_ID,PRODUCTO_ID,PRECIO_COMPRA) VALUES(7,444, 1.000000);

-- ===========PRODUCTO [445]
INSERT INTO PRODUCTO(ID,MARCA_ID,NOMBRE,PRESENTACION,CONTENIDO,UNIDADES_POR_CAJA,COSTO,COSTO_VENTA,PRECIO_BASE,UNIDAD_MEDIDA,CODIGO_BARRAS) VALUES(445,52,'4 Today Cepillo Dental','T 653',1,12.0,1.000000,1.000000,7.859167,'Pz',6.926360986539E12);

INSERT INTO MOVIMIENTO_HISTORICO_PRODUCTO (ALMACEN_ID,PRODUCTO_ID,FECHA,TIPO_MOVIMIENTO_ID,CANTIDAD,COSTO,PRECIO,USUARIO_ID) VALUES(1,445,now(),30,12,1.000000,7.859167,'root');
INSERT INTO ALMACEN_PRODUCTO(ALMACEN_ID,PRODUCTO_ID,CANTIDAD_ACTUAL,CANTIDAD_MINIMA,PRECIO_VENTA) VALUES (1,445,12,0,7.859167);

INSERT INTO ALMACEN_PRODUCTO(ALMACEN_ID,PRODUCTO_ID,CANTIDAD_ACTUAL,CANTIDAD_MINIMA,PRECIO_VENTA) VALUES (2,445,0,0,1.000000);

INSERT INTO ALMACEN_PRODUCTO(ALMACEN_ID,PRODUCTO_ID,CANTIDAD_ACTUAL,CANTIDAD_MINIMA,PRECIO_VENTA) VALUES (3,445,12,0,6.500000);

INSERT INTO ALMACEN_PRODUCTO(ALMACEN_ID,PRODUCTO_ID,CANTIDAD_ACTUAL,CANTIDAD_MINIMA,PRECIO_VENTA) VALUES (4,445,12,0,1.000000);

INSERT INTO PROVEEDOR_PRODUCTO(PROVEEDOR_ID,PRODUCTO_ID,PRECIO_COMPRA) VALUES(7,445, 1.000000);

-- ===========PRODUCTO [446]
INSERT INTO PRODUCTO(ID,MARCA_ID,NOMBRE,PRESENTACION,CONTENIDO,UNIDADES_POR_CAJA,COSTO,COSTO_VENTA,PRECIO_BASE,UNIDAD_MEDIDA,CODIGO_BARRAS) VALUES(446,52,'4 Today Cepillo Dental','T 666',1,12.0,1.000000,1.000000,7.859167,'Pz',6.926360986669E12);

INSERT INTO MOVIMIENTO_HISTORICO_PRODUCTO (ALMACEN_ID,PRODUCTO_ID,FECHA,TIPO_MOVIMIENTO_ID,CANTIDAD,COSTO,PRECIO,USUARIO_ID) VALUES(1,446,now(),30,12,1.000000,7.859167,'root');
INSERT INTO ALMACEN_PRODUCTO(ALMACEN_ID,PRODUCTO_ID,CANTIDAD_ACTUAL,CANTIDAD_MINIMA,PRECIO_VENTA) VALUES (1,446,12,0,7.859167);

INSERT INTO ALMACEN_PRODUCTO(ALMACEN_ID,PRODUCTO_ID,CANTIDAD_ACTUAL,CANTIDAD_MINIMA,PRECIO_VENTA) VALUES (2,446,0,0,1.000000);

INSERT INTO ALMACEN_PRODUCTO(ALMACEN_ID,PRODUCTO_ID,CANTIDAD_ACTUAL,CANTIDAD_MINIMA,PRECIO_VENTA) VALUES (3,446,12,0,6.500000);

INSERT INTO ALMACEN_PRODUCTO(ALMACEN_ID,PRODUCTO_ID,CANTIDAD_ACTUAL,CANTIDAD_MINIMA,PRECIO_VENTA) VALUES (4,446,12,0,1.000000);

INSERT INTO PROVEEDOR_PRODUCTO(PROVEEDOR_ID,PRODUCTO_ID,PRECIO_COMPRA) VALUES(7,446, 1.000000);

-- ===========PRODUCTO [447]
INSERT INTO PRODUCTO(ID,MARCA_ID,NOMBRE,PRESENTACION,CONTENIDO,UNIDADES_POR_CAJA,COSTO,COSTO_VENTA,PRECIO_BASE,UNIDAD_MEDIDA,CODIGO_BARRAS) VALUES(447,52,'4 Today Cepillo Dental','T 661',1,12.0,1.000000,1.000000,7.859167,'Pz',6.926360986614E12);

INSERT INTO MOVIMIENTO_HISTORICO_PRODUCTO (ALMACEN_ID,PRODUCTO_ID,FECHA,TIPO_MOVIMIENTO_ID,CANTIDAD,COSTO,PRECIO,USUARIO_ID) VALUES(1,447,now(),30,12,1.000000,7.859167,'root');
INSERT INTO ALMACEN_PRODUCTO(ALMACEN_ID,PRODUCTO_ID,CANTIDAD_ACTUAL,CANTIDAD_MINIMA,PRECIO_VENTA) VALUES (1,447,12,0,7.859167);

INSERT INTO ALMACEN_PRODUCTO(ALMACEN_ID,PRODUCTO_ID,CANTIDAD_ACTUAL,CANTIDAD_MINIMA,PRECIO_VENTA) VALUES (2,447,0,0,1.000000);

INSERT INTO ALMACEN_PRODUCTO(ALMACEN_ID,PRODUCTO_ID,CANTIDAD_ACTUAL,CANTIDAD_MINIMA,PRECIO_VENTA) VALUES (3,447,12,0,6.500000);

INSERT INTO ALMACEN_PRODUCTO(ALMACEN_ID,PRODUCTO_ID,CANTIDAD_ACTUAL,CANTIDAD_MINIMA,PRECIO_VENTA) VALUES (4,447,12,0,1.000000);

INSERT INTO PROVEEDOR_PRODUCTO(PROVEEDOR_ID,PRODUCTO_ID,PRECIO_COMPRA) VALUES(7,447, 1.000000);

-- ===========PRODUCTO [448]
INSERT INTO PRODUCTO(ID,MARCA_ID,NOMBRE,PRESENTACION,CONTENIDO,UNIDADES_POR_CAJA,COSTO,COSTO_VENTA,PRECIO_BASE,UNIDAD_MEDIDA,CODIGO_BARRAS) VALUES(448,52,'4 Today Cepillo Dental','T 100',1,12.0,1.000000,1.000000,7.859167,'Pz',6.926360981008E12);

INSERT INTO MOVIMIENTO_HISTORICO_PRODUCTO (ALMACEN_ID,PRODUCTO_ID,FECHA,TIPO_MOVIMIENTO_ID,CANTIDAD,COSTO,PRECIO,USUARIO_ID) VALUES(1,448,now(),30,12,1.000000,7.859167,'root');
INSERT INTO ALMACEN_PRODUCTO(ALMACEN_ID,PRODUCTO_ID,CANTIDAD_ACTUAL,CANTIDAD_MINIMA,PRECIO_VENTA) VALUES (1,448,12,0,7.859167);

INSERT INTO ALMACEN_PRODUCTO(ALMACEN_ID,PRODUCTO_ID,CANTIDAD_ACTUAL,CANTIDAD_MINIMA,PRECIO_VENTA) VALUES (2,448,0,0,1.000000);

INSERT INTO ALMACEN_PRODUCTO(ALMACEN_ID,PRODUCTO_ID,CANTIDAD_ACTUAL,CANTIDAD_MINIMA,PRECIO_VENTA) VALUES (3,448,12,0,6.500000);

INSERT INTO ALMACEN_PRODUCTO(ALMACEN_ID,PRODUCTO_ID,CANTIDAD_ACTUAL,CANTIDAD_MINIMA,PRECIO_VENTA) VALUES (4,448,12,0,1.000000);

INSERT INTO PROVEEDOR_PRODUCTO(PROVEEDOR_ID,PRODUCTO_ID,PRECIO_COMPRA) VALUES(7,448, 1.000000);

-- ===========PRODUCTO [449]
INSERT INTO PRODUCTO(ID,MARCA_ID,NOMBRE,PRESENTACION,CONTENIDO,UNIDADES_POR_CAJA,COSTO,COSTO_VENTA,PRECIO_BASE,UNIDAD_MEDIDA,CODIGO_BARRAS) VALUES(449,35,'Colgate Pasta Dental','Total Clean Mint',50,144.0,1.000000,1.000000,1.000000,'ML',7.509546007083E12);

INSERT INTO MOVIMIENTO_HISTORICO_PRODUCTO (ALMACEN_ID,PRODUCTO_ID,FECHA,TIPO_MOVIMIENTO_ID,CANTIDAD,COSTO,PRECIO,USUARIO_ID) VALUES(1,449,now(),30,144,1.000000,1.000000,'root');
INSERT INTO ALMACEN_PRODUCTO(ALMACEN_ID,PRODUCTO_ID,CANTIDAD_ACTUAL,CANTIDAD_MINIMA,PRECIO_VENTA) VALUES (1,449,144,0,1.000000);

INSERT INTO ALMACEN_PRODUCTO(ALMACEN_ID,PRODUCTO_ID,CANTIDAD_ACTUAL,CANTIDAD_MINIMA,PRECIO_VENTA) VALUES (2,449,11,0,1.000000);

INSERT INTO ALMACEN_PRODUCTO(ALMACEN_ID,PRODUCTO_ID,CANTIDAD_ACTUAL,CANTIDAD_MINIMA,PRECIO_VENTA) VALUES (3,449,144,0,1.000000);

INSERT INTO ALMACEN_PRODUCTO(ALMACEN_ID,PRODUCTO_ID,CANTIDAD_ACTUAL,CANTIDAD_MINIMA,PRECIO_VENTA) VALUES (4,449,144,0,1.000000);

INSERT INTO PROVEEDOR_PRODUCTO(PROVEEDOR_ID,PRODUCTO_ID,PRECIO_COMPRA) VALUES(6,449, 1.000000);

-- ===========PRODUCTO [450]
INSERT INTO PRODUCTO(ID,MARCA_ID,NOMBRE,PRESENTACION,CONTENIDO,UNIDADES_POR_CAJA,COSTO,COSTO_VENTA,PRECIO_BASE,UNIDAD_MEDIDA,CODIGO_BARRAS) VALUES(450,35,'Colgate Cepillo Pack','Luminous White',2,12.0,1.000000,1.000000,1.000000,'PZ',7.509546055152E12);

INSERT INTO MOVIMIENTO_HISTORICO_PRODUCTO (ALMACEN_ID,PRODUCTO_ID,FECHA,TIPO_MOVIMIENTO_ID,CANTIDAD,COSTO,PRECIO,USUARIO_ID) VALUES(1,450,now(),30,12,1.000000,1.000000,'root');
INSERT INTO ALMACEN_PRODUCTO(ALMACEN_ID,PRODUCTO_ID,CANTIDAD_ACTUAL,CANTIDAD_MINIMA,PRECIO_VENTA) VALUES (1,450,12,0,1.000000);

INSERT INTO ALMACEN_PRODUCTO(ALMACEN_ID,PRODUCTO_ID,CANTIDAD_ACTUAL,CANTIDAD_MINIMA,PRECIO_VENTA) VALUES (2,450,0,0,1.000000);

INSERT INTO ALMACEN_PRODUCTO(ALMACEN_ID,PRODUCTO_ID,CANTIDAD_ACTUAL,CANTIDAD_MINIMA,PRECIO_VENTA) VALUES (3,450,12,0,1.000000);

INSERT INTO ALMACEN_PRODUCTO(ALMACEN_ID,PRODUCTO_ID,CANTIDAD_ACTUAL,CANTIDAD_MINIMA,PRECIO_VENTA) VALUES (4,450,12,0,1.000000);

INSERT INTO PROVEEDOR_PRODUCTO(PROVEEDOR_ID,PRODUCTO_ID,PRECIO_COMPRA) VALUES(6,450, 1.000000);

-- ===========PRODUCTO [451]
INSERT INTO PRODUCTO(ID,MARCA_ID,NOMBRE,PRESENTACION,CONTENIDO,UNIDADES_POR_CAJA,COSTO,COSTO_VENTA,PRECIO_BASE,UNIDAD_MEDIDA,CODIGO_BARRAS) VALUES(451,35,'Colgate Pasta Dental Paquete 100ml','Triple Accion',3,24.0,1.000000,1.000000,1.000000,'Pz',7.702010611278E12);

INSERT INTO MOVIMIENTO_HISTORICO_PRODUCTO (ALMACEN_ID,PRODUCTO_ID,FECHA,TIPO_MOVIMIENTO_ID,CANTIDAD,COSTO,PRECIO,USUARIO_ID) VALUES(1,451,now(),30,24,1.000000,1.000000,'root');
INSERT INTO ALMACEN_PRODUCTO(ALMACEN_ID,PRODUCTO_ID,CANTIDAD_ACTUAL,CANTIDAD_MINIMA,PRECIO_VENTA) VALUES (1,451,24,0,1.000000);

INSERT INTO ALMACEN_PRODUCTO(ALMACEN_ID,PRODUCTO_ID,CANTIDAD_ACTUAL,CANTIDAD_MINIMA,PRECIO_VENTA) VALUES (2,451,0,0,1.000000);

INSERT INTO ALMACEN_PRODUCTO(ALMACEN_ID,PRODUCTO_ID,CANTIDAD_ACTUAL,CANTIDAD_MINIMA,PRECIO_VENTA) VALUES (3,451,24,0,1.000000);

INSERT INTO ALMACEN_PRODUCTO(ALMACEN_ID,PRODUCTO_ID,CANTIDAD_ACTUAL,CANTIDAD_MINIMA,PRECIO_VENTA) VALUES (4,451,24,0,1.000000);

INSERT INTO PROVEEDOR_PRODUCTO(PROVEEDOR_ID,PRODUCTO_ID,PRECIO_COMPRA) VALUES(6,451, 1.000000);

-- ===========PRODUCTO [452]
INSERT INTO PRODUCTO(ID,MARCA_ID,NOMBRE,PRESENTACION,CONTENIDO,UNIDADES_POR_CAJA,COSTO,COSTO_VENTA,PRECIO_BASE,UNIDAD_MEDIDA,CODIGO_BARRAS) VALUES(452,22,'Loreal Revitalift','Doble Lifting',30,6.0,1.000000,1.000000,1.000000,'ML',3.600520625072E12);

INSERT INTO MOVIMIENTO_HISTORICO_PRODUCTO (ALMACEN_ID,PRODUCTO_ID,FECHA,TIPO_MOVIMIENTO_ID,CANTIDAD,COSTO,PRECIO,USUARIO_ID) VALUES(1,452,now(),30,6,1.000000,1.000000,'root');
INSERT INTO ALMACEN_PRODUCTO(ALMACEN_ID,PRODUCTO_ID,CANTIDAD_ACTUAL,CANTIDAD_MINIMA,PRECIO_VENTA) VALUES (1,452,6,0,1.000000);

INSERT INTO ALMACEN_PRODUCTO(ALMACEN_ID,PRODUCTO_ID,CANTIDAD_ACTUAL,CANTIDAD_MINIMA,PRECIO_VENTA) VALUES (2,452,0,0,1.000000);

INSERT INTO ALMACEN_PRODUCTO(ALMACEN_ID,PRODUCTO_ID,CANTIDAD_ACTUAL,CANTIDAD_MINIMA,PRECIO_VENTA) VALUES (3,452,6,0,1.000000);

INSERT INTO ALMACEN_PRODUCTO(ALMACEN_ID,PRODUCTO_ID,CANTIDAD_ACTUAL,CANTIDAD_MINIMA,PRECIO_VENTA) VALUES (4,452,6,0,1.000000);

INSERT INTO PROVEEDOR_PRODUCTO(PROVEEDOR_ID,PRODUCTO_ID,PRECIO_COMPRA) VALUES(13,452, 1.000000);

-- ===========PRODUCTO [453]
INSERT INTO PRODUCTO(ID,MARCA_ID,NOMBRE,PRESENTACION,CONTENIDO,UNIDADES_POR_CAJA,COSTO,COSTO_VENTA,PRECIO_BASE,UNIDAD_MEDIDA,CODIGO_BARRAS) VALUES(453,22,'Loreal Desmaquillante','Demaq Expert',100,6.0,1.000000,1.000000,1.000000,'ML',3.60052111337E12);

INSERT INTO MOVIMIENTO_HISTORICO_PRODUCTO (ALMACEN_ID,PRODUCTO_ID,FECHA,TIPO_MOVIMIENTO_ID,CANTIDAD,COSTO,PRECIO,USUARIO_ID) VALUES(1,453,now(),30,6,1.000000,1.000000,'root');
INSERT INTO ALMACEN_PRODUCTO(ALMACEN_ID,PRODUCTO_ID,CANTIDAD_ACTUAL,CANTIDAD_MINIMA,PRECIO_VENTA) VALUES (1,453,6,0,1.000000);

INSERT INTO ALMACEN_PRODUCTO(ALMACEN_ID,PRODUCTO_ID,CANTIDAD_ACTUAL,CANTIDAD_MINIMA,PRECIO_VENTA) VALUES (2,453,0,0,1.000000);

INSERT INTO ALMACEN_PRODUCTO(ALMACEN_ID,PRODUCTO_ID,CANTIDAD_ACTUAL,CANTIDAD_MINIMA,PRECIO_VENTA) VALUES (3,453,6,0,1.000000);

INSERT INTO ALMACEN_PRODUCTO(ALMACEN_ID,PRODUCTO_ID,CANTIDAD_ACTUAL,CANTIDAD_MINIMA,PRECIO_VENTA) VALUES (4,453,6,0,1.000000);

INSERT INTO PROVEEDOR_PRODUCTO(PROVEEDOR_ID,PRODUCTO_ID,PRECIO_COMPRA) VALUES(13,453, 1.000000);

-- ===========PRODUCTO [454]
INSERT INTO PRODUCTO(ID,MARCA_ID,NOMBRE,PRESENTACION,CONTENIDO,UNIDADES_POR_CAJA,COSTO,COSTO_VENTA,PRECIO_BASE,UNIDAD_MEDIDA,CODIGO_BARRAS) VALUES(454,35,'Colgate Kit Portatil Cepillo + Pasta 22ml','Maxima Proteccion Anticaries',2,12.0,1.000000,1.000000,1.000000,'PZ',7.509546052885E12);

INSERT INTO MOVIMIENTO_HISTORICO_PRODUCTO (ALMACEN_ID,PRODUCTO_ID,FECHA,TIPO_MOVIMIENTO_ID,CANTIDAD,COSTO,PRECIO,USUARIO_ID) VALUES(1,454,now(),30,12,1.000000,1.000000,'root');
INSERT INTO ALMACEN_PRODUCTO(ALMACEN_ID,PRODUCTO_ID,CANTIDAD_ACTUAL,CANTIDAD_MINIMA,PRECIO_VENTA) VALUES (1,454,12,0,1.000000);

INSERT INTO ALMACEN_PRODUCTO(ALMACEN_ID,PRODUCTO_ID,CANTIDAD_ACTUAL,CANTIDAD_MINIMA,PRECIO_VENTA) VALUES (2,454,0,0,1.000000);

INSERT INTO ALMACEN_PRODUCTO(ALMACEN_ID,PRODUCTO_ID,CANTIDAD_ACTUAL,CANTIDAD_MINIMA,PRECIO_VENTA) VALUES (3,454,12,0,1.000000);

INSERT INTO ALMACEN_PRODUCTO(ALMACEN_ID,PRODUCTO_ID,CANTIDAD_ACTUAL,CANTIDAD_MINIMA,PRECIO_VENTA) VALUES (4,454,12,0,1.000000);

INSERT INTO PROVEEDOR_PRODUCTO(PROVEEDOR_ID,PRODUCTO_ID,PRECIO_COMPRA) VALUES(6,454, 1.000000);

-- ===========PRODUCTO [455]
INSERT INTO PRODUCTO(ID,MARCA_ID,NOMBRE,PRESENTACION,CONTENIDO,UNIDADES_POR_CAJA,COSTO,COSTO_VENTA,PRECIO_BASE,UNIDAD_MEDIDA,CODIGO_BARRAS) VALUES(455,35,'Colgate Cepillo Dental','Extra Clean Suave',1,72.0,1.000000,1.000000,1.000000,'PZ',7.501056237891E12);

INSERT INTO MOVIMIENTO_HISTORICO_PRODUCTO (ALMACEN_ID,PRODUCTO_ID,FECHA,TIPO_MOVIMIENTO_ID,CANTIDAD,COSTO,PRECIO,USUARIO_ID) VALUES(1,455,now(),30,79,1.000000,1.000000,'root');
INSERT INTO ALMACEN_PRODUCTO(ALMACEN_ID,PRODUCTO_ID,CANTIDAD_ACTUAL,CANTIDAD_MINIMA,PRECIO_VENTA) VALUES (1,455,79,0,1.000000);

INSERT INTO ALMACEN_PRODUCTO(ALMACEN_ID,PRODUCTO_ID,CANTIDAD_ACTUAL,CANTIDAD_MINIMA,PRECIO_VENTA) VALUES (2,455,0,0,1.000000);

INSERT INTO ALMACEN_PRODUCTO(ALMACEN_ID,PRODUCTO_ID,CANTIDAD_ACTUAL,CANTIDAD_MINIMA,PRECIO_VENTA) VALUES (3,455,79,0,1.000000);

INSERT INTO ALMACEN_PRODUCTO(ALMACEN_ID,PRODUCTO_ID,CANTIDAD_ACTUAL,CANTIDAD_MINIMA,PRECIO_VENTA) VALUES (4,455,79,0,1.000000);

INSERT INTO PROVEEDOR_PRODUCTO(PROVEEDOR_ID,PRODUCTO_ID,PRECIO_COMPRA) VALUES(6,455, 1.000000);

-- ===========PRODUCTO [456]
INSERT INTO PRODUCTO(ID,MARCA_ID,NOMBRE,PRESENTACION,CONTENIDO,UNIDADES_POR_CAJA,COSTO,COSTO_VENTA,PRECIO_BASE,UNIDAD_MEDIDA,CODIGO_BARRAS) VALUES(456,1,'Jovan Colonia Atomizador Caballero','Musk For Men',11,12.0,1.000000,1.000000,1.000000,'ML',7.501023187612E12);

INSERT INTO MOVIMIENTO_HISTORICO_PRODUCTO (ALMACEN_ID,PRODUCTO_ID,FECHA,TIPO_MOVIMIENTO_ID,CANTIDAD,COSTO,PRECIO,USUARIO_ID) VALUES(1,456,now(),30,7,1.000000,1.000000,'root');
INSERT INTO ALMACEN_PRODUCTO(ALMACEN_ID,PRODUCTO_ID,CANTIDAD_ACTUAL,CANTIDAD_MINIMA,PRECIO_VENTA) VALUES (1,456,7,0,1.000000);

INSERT INTO ALMACEN_PRODUCTO(ALMACEN_ID,PRODUCTO_ID,CANTIDAD_ACTUAL,CANTIDAD_MINIMA,PRECIO_VENTA) VALUES (2,456,0,0,1.000000);

INSERT INTO ALMACEN_PRODUCTO(ALMACEN_ID,PRODUCTO_ID,CANTIDAD_ACTUAL,CANTIDAD_MINIMA,PRECIO_VENTA) VALUES (3,456,7,0,1.000000);

INSERT INTO ALMACEN_PRODUCTO(ALMACEN_ID,PRODUCTO_ID,CANTIDAD_ACTUAL,CANTIDAD_MINIMA,PRECIO_VENTA) VALUES (4,456,7,0,1.000000);

INSERT INTO PROVEEDOR_PRODUCTO(PROVEEDOR_ID,PRODUCTO_ID,PRECIO_COMPRA) VALUES(13,456, 1.000000);

-- ===========PRODUCTO [457]
INSERT INTO PRODUCTO(ID,MARCA_ID,NOMBRE,PRESENTACION,CONTENIDO,UNIDADES_POR_CAJA,COSTO,COSTO_VENTA,PRECIO_BASE,UNIDAD_MEDIDA,CODIGO_BARRAS) VALUES(457,35,'Colgate Pasta Dental','Sensitive Pro Alivio',35,24.0,1.000000,1.000000,1.000000,'ML',7.891024123577E12);

INSERT INTO MOVIMIENTO_HISTORICO_PRODUCTO (ALMACEN_ID,PRODUCTO_ID,FECHA,TIPO_MOVIMIENTO_ID,CANTIDAD,COSTO,PRECIO,USUARIO_ID) VALUES(1,457,now(),30,24,1.000000,1.000000,'root');
INSERT INTO ALMACEN_PRODUCTO(ALMACEN_ID,PRODUCTO_ID,CANTIDAD_ACTUAL,CANTIDAD_MINIMA,PRECIO_VENTA) VALUES (1,457,24,0,1.000000);

INSERT INTO ALMACEN_PRODUCTO(ALMACEN_ID,PRODUCTO_ID,CANTIDAD_ACTUAL,CANTIDAD_MINIMA,PRECIO_VENTA) VALUES (2,457,0,0,1.000000);

INSERT INTO ALMACEN_PRODUCTO(ALMACEN_ID,PRODUCTO_ID,CANTIDAD_ACTUAL,CANTIDAD_MINIMA,PRECIO_VENTA) VALUES (3,457,24,0,1.000000);

INSERT INTO ALMACEN_PRODUCTO(ALMACEN_ID,PRODUCTO_ID,CANTIDAD_ACTUAL,CANTIDAD_MINIMA,PRECIO_VENTA) VALUES (4,457,24,0,1.000000);

INSERT INTO PROVEEDOR_PRODUCTO(PROVEEDOR_ID,PRODUCTO_ID,PRECIO_COMPRA) VALUES(6,457, 1.000000);

-- ===========PRODUCTO [458]
INSERT INTO PRODUCTO(ID,MARCA_ID,NOMBRE,PRESENTACION,CONTENIDO,UNIDADES_POR_CAJA,COSTO,COSTO_VENTA,PRECIO_BASE,UNIDAD_MEDIDA,CODIGO_BARRAS) VALUES(458,20,'Colgate Plax Enjuague Bucal','Luminous White',60,72.0,1.000000,1.000000,1.000000,'ML',7.891024179413E12);

INSERT INTO MOVIMIENTO_HISTORICO_PRODUCTO (ALMACEN_ID,PRODUCTO_ID,FECHA,TIPO_MOVIMIENTO_ID,CANTIDAD,COSTO,PRECIO,USUARIO_ID) VALUES(1,458,now(),30,18,1.000000,1.000000,'root');
INSERT INTO ALMACEN_PRODUCTO(ALMACEN_ID,PRODUCTO_ID,CANTIDAD_ACTUAL,CANTIDAD_MINIMA,PRECIO_VENTA) VALUES (1,458,18,0,1.000000);

INSERT INTO ALMACEN_PRODUCTO(ALMACEN_ID,PRODUCTO_ID,CANTIDAD_ACTUAL,CANTIDAD_MINIMA,PRECIO_VENTA) VALUES (2,458,0,0,1.000000);

INSERT INTO ALMACEN_PRODUCTO(ALMACEN_ID,PRODUCTO_ID,CANTIDAD_ACTUAL,CANTIDAD_MINIMA,PRECIO_VENTA) VALUES (3,458,18,0,1.000000);

INSERT INTO ALMACEN_PRODUCTO(ALMACEN_ID,PRODUCTO_ID,CANTIDAD_ACTUAL,CANTIDAD_MINIMA,PRECIO_VENTA) VALUES (4,458,18,0,1.000000);

INSERT INTO PROVEEDOR_PRODUCTO(PROVEEDOR_ID,PRODUCTO_ID,PRECIO_COMPRA) VALUES(6,458, 1.000000);

-- ===========PRODUCTO [459]
INSERT INTO PRODUCTO(ID,MARCA_ID,NOMBRE,PRESENTACION,CONTENIDO,UNIDADES_POR_CAJA,COSTO,COSTO_VENTA,PRECIO_BASE,UNIDAD_MEDIDA,CODIGO_BARRAS) VALUES(459,20,'Colgate Plax Enjuague Bucal','Sin Alcohol',60,72.0,1.000000,1.000000,1.000000,'ML',7.891024180051E12);

INSERT INTO MOVIMIENTO_HISTORICO_PRODUCTO (ALMACEN_ID,PRODUCTO_ID,FECHA,TIPO_MOVIMIENTO_ID,CANTIDAD,COSTO,PRECIO,USUARIO_ID) VALUES(1,459,now(),30,18,1.000000,1.000000,'root');
INSERT INTO ALMACEN_PRODUCTO(ALMACEN_ID,PRODUCTO_ID,CANTIDAD_ACTUAL,CANTIDAD_MINIMA,PRECIO_VENTA) VALUES (1,459,18,0,1.000000);

INSERT INTO ALMACEN_PRODUCTO(ALMACEN_ID,PRODUCTO_ID,CANTIDAD_ACTUAL,CANTIDAD_MINIMA,PRECIO_VENTA) VALUES (2,459,0,0,1.000000);

INSERT INTO ALMACEN_PRODUCTO(ALMACEN_ID,PRODUCTO_ID,CANTIDAD_ACTUAL,CANTIDAD_MINIMA,PRECIO_VENTA) VALUES (3,459,18,0,1.000000);

INSERT INTO ALMACEN_PRODUCTO(ALMACEN_ID,PRODUCTO_ID,CANTIDAD_ACTUAL,CANTIDAD_MINIMA,PRECIO_VENTA) VALUES (4,459,18,0,1.000000);

INSERT INTO PROVEEDOR_PRODUCTO(PROVEEDOR_ID,PRODUCTO_ID,PRECIO_COMPRA) VALUES(6,459, 1.000000);

-- ===========PRODUCTO [460]
INSERT INTO PRODUCTO(ID,MARCA_ID,NOMBRE,PRESENTACION,CONTENIDO,UNIDADES_POR_CAJA,COSTO,COSTO_VENTA,PRECIO_BASE,UNIDAD_MEDIDA,CODIGO_BARRAS) VALUES(460,36,'Caprice Fixion Gel Fijador','Fijacion Extrema',400,18.0,1.000000,1.000000,1.000000,'G',7.509546019642E12);

INSERT INTO MOVIMIENTO_HISTORICO_PRODUCTO (ALMACEN_ID,PRODUCTO_ID,FECHA,TIPO_MOVIMIENTO_ID,CANTIDAD,COSTO,PRECIO,USUARIO_ID) VALUES(1,460,now(),30,18,1.000000,1.000000,'root');
INSERT INTO ALMACEN_PRODUCTO(ALMACEN_ID,PRODUCTO_ID,CANTIDAD_ACTUAL,CANTIDAD_MINIMA,PRECIO_VENTA) VALUES (1,460,18,0,1.000000);

INSERT INTO ALMACEN_PRODUCTO(ALMACEN_ID,PRODUCTO_ID,CANTIDAD_ACTUAL,CANTIDAD_MINIMA,PRECIO_VENTA) VALUES (2,460,0,0,1.000000);

INSERT INTO ALMACEN_PRODUCTO(ALMACEN_ID,PRODUCTO_ID,CANTIDAD_ACTUAL,CANTIDAD_MINIMA,PRECIO_VENTA) VALUES (3,460,18,0,1.000000);

INSERT INTO ALMACEN_PRODUCTO(ALMACEN_ID,PRODUCTO_ID,CANTIDAD_ACTUAL,CANTIDAD_MINIMA,PRECIO_VENTA) VALUES (4,460,18,0,1.000000);

INSERT INTO PROVEEDOR_PRODUCTO(PROVEEDOR_ID,PRODUCTO_ID,PRECIO_COMPRA) VALUES(6,460, 1.000000);

-- ===========PRODUCTO [461]
INSERT INTO PRODUCTO(ID,MARCA_ID,NOMBRE,PRESENTACION,CONTENIDO,UNIDADES_POR_CAJA,COSTO,COSTO_VENTA,PRECIO_BASE,UNIDAD_MEDIDA,CODIGO_BARRAS) VALUES(461,53,'Natural Gloss Silica + Crema + Cr Peinar 120ml','Almendras y Miel',3,12.0,1.000000,1.000000,1.000000,'Pz',7.502245720239E12);

INSERT INTO MOVIMIENTO_HISTORICO_PRODUCTO (ALMACEN_ID,PRODUCTO_ID,FECHA,TIPO_MOVIMIENTO_ID,CANTIDAD,COSTO,PRECIO,USUARIO_ID) VALUES(1,461,now(),30,12,1.000000,1.000000,'root');
INSERT INTO ALMACEN_PRODUCTO(ALMACEN_ID,PRODUCTO_ID,CANTIDAD_ACTUAL,CANTIDAD_MINIMA,PRECIO_VENTA) VALUES (1,461,12,0,1.000000);

INSERT INTO ALMACEN_PRODUCTO(ALMACEN_ID,PRODUCTO_ID,CANTIDAD_ACTUAL,CANTIDAD_MINIMA,PRECIO_VENTA) VALUES (2,461,0,0,1.000000);

INSERT INTO ALMACEN_PRODUCTO(ALMACEN_ID,PRODUCTO_ID,CANTIDAD_ACTUAL,CANTIDAD_MINIMA,PRECIO_VENTA) VALUES (3,461,12,0,1.000000);

INSERT INTO ALMACEN_PRODUCTO(ALMACEN_ID,PRODUCTO_ID,CANTIDAD_ACTUAL,CANTIDAD_MINIMA,PRECIO_VENTA) VALUES (4,461,12,0,1.000000);

INSERT INTO PROVEEDOR_PRODUCTO(PROVEEDOR_ID,PRODUCTO_ID,PRECIO_COMPRA) VALUES(27,461, 1.000000);

-- ===========PRODUCTO [462]
INSERT INTO PRODUCTO(ID,MARCA_ID,NOMBRE,PRESENTACION,CONTENIDO,UNIDADES_POR_CAJA,COSTO,COSTO_VENTA,PRECIO_BASE,UNIDAD_MEDIDA,CODIGO_BARRAS) VALUES(462,53,'Natural Gloss Silica + Crema + Cr Peinar 120ml','Uva',3,12.0,1.000000,1.000000,1.000000,'Pz',7.502245720253E12);

INSERT INTO MOVIMIENTO_HISTORICO_PRODUCTO (ALMACEN_ID,PRODUCTO_ID,FECHA,TIPO_MOVIMIENTO_ID,CANTIDAD,COSTO,PRECIO,USUARIO_ID) VALUES(1,462,now(),30,12,1.000000,1.000000,'root');
INSERT INTO ALMACEN_PRODUCTO(ALMACEN_ID,PRODUCTO_ID,CANTIDAD_ACTUAL,CANTIDAD_MINIMA,PRECIO_VENTA) VALUES (1,462,12,0,1.000000);

INSERT INTO ALMACEN_PRODUCTO(ALMACEN_ID,PRODUCTO_ID,CANTIDAD_ACTUAL,CANTIDAD_MINIMA,PRECIO_VENTA) VALUES (2,462,0,0,1.000000);

INSERT INTO ALMACEN_PRODUCTO(ALMACEN_ID,PRODUCTO_ID,CANTIDAD_ACTUAL,CANTIDAD_MINIMA,PRECIO_VENTA) VALUES (3,462,12,0,1.000000);

INSERT INTO ALMACEN_PRODUCTO(ALMACEN_ID,PRODUCTO_ID,CANTIDAD_ACTUAL,CANTIDAD_MINIMA,PRECIO_VENTA) VALUES (4,462,12,0,1.000000);

INSERT INTO PROVEEDOR_PRODUCTO(PROVEEDOR_ID,PRODUCTO_ID,PRECIO_COMPRA) VALUES(27,462, 1.000000);

-- ===========PRODUCTO [463]
INSERT INTO PRODUCTO(ID,MARCA_ID,NOMBRE,PRESENTACION,CONTENIDO,UNIDADES_POR_CAJA,COSTO,COSTO_VENTA,PRECIO_BASE,UNIDAD_MEDIDA,CODIGO_BARRAS) VALUES(463,53,'Natural Gloss Silica + Crema + Cr Peinar 120ml','Frutas Rojas',3,12.0,1.000000,1.000000,1.000000,'Pz',7.50224572026E12);

INSERT INTO MOVIMIENTO_HISTORICO_PRODUCTO (ALMACEN_ID,PRODUCTO_ID,FECHA,TIPO_MOVIMIENTO_ID,CANTIDAD,COSTO,PRECIO,USUARIO_ID) VALUES(1,463,now(),30,12,1.000000,1.000000,'root');
INSERT INTO ALMACEN_PRODUCTO(ALMACEN_ID,PRODUCTO_ID,CANTIDAD_ACTUAL,CANTIDAD_MINIMA,PRECIO_VENTA) VALUES (1,463,12,0,1.000000);

INSERT INTO ALMACEN_PRODUCTO(ALMACEN_ID,PRODUCTO_ID,CANTIDAD_ACTUAL,CANTIDAD_MINIMA,PRECIO_VENTA) VALUES (2,463,0,0,1.000000);

INSERT INTO ALMACEN_PRODUCTO(ALMACEN_ID,PRODUCTO_ID,CANTIDAD_ACTUAL,CANTIDAD_MINIMA,PRECIO_VENTA) VALUES (3,463,12,0,1.000000);

INSERT INTO ALMACEN_PRODUCTO(ALMACEN_ID,PRODUCTO_ID,CANTIDAD_ACTUAL,CANTIDAD_MINIMA,PRECIO_VENTA) VALUES (4,463,12,0,1.000000);

INSERT INTO PROVEEDOR_PRODUCTO(PROVEEDOR_ID,PRODUCTO_ID,PRECIO_COMPRA) VALUES(27,463, 1.000000);

-- ===========PRODUCTO [464]
INSERT INTO PRODUCTO(ID,MARCA_ID,NOMBRE,PRESENTACION,CONTENIDO,UNIDADES_POR_CAJA,COSTO,COSTO_VENTA,PRECIO_BASE,UNIDAD_MEDIDA,CODIGO_BARRAS) VALUES(464,53,'Natural Gloss Silica + Crema + Cr Peinar 120ml','Coco y Aloe Vera',3,12.0,1.000000,1.000000,1.000000,'Pz',7.502245720246E12);

INSERT INTO MOVIMIENTO_HISTORICO_PRODUCTO (ALMACEN_ID,PRODUCTO_ID,FECHA,TIPO_MOVIMIENTO_ID,CANTIDAD,COSTO,PRECIO,USUARIO_ID) VALUES(1,464,now(),30,12,1.000000,1.000000,'root');
INSERT INTO ALMACEN_PRODUCTO(ALMACEN_ID,PRODUCTO_ID,CANTIDAD_ACTUAL,CANTIDAD_MINIMA,PRECIO_VENTA) VALUES (1,464,12,0,1.000000);

INSERT INTO ALMACEN_PRODUCTO(ALMACEN_ID,PRODUCTO_ID,CANTIDAD_ACTUAL,CANTIDAD_MINIMA,PRECIO_VENTA) VALUES (2,464,0,0,1.000000);

INSERT INTO ALMACEN_PRODUCTO(ALMACEN_ID,PRODUCTO_ID,CANTIDAD_ACTUAL,CANTIDAD_MINIMA,PRECIO_VENTA) VALUES (3,464,12,0,1.000000);

INSERT INTO ALMACEN_PRODUCTO(ALMACEN_ID,PRODUCTO_ID,CANTIDAD_ACTUAL,CANTIDAD_MINIMA,PRECIO_VENTA) VALUES (4,464,12,0,1.000000);

INSERT INTO PROVEEDOR_PRODUCTO(PROVEEDOR_ID,PRODUCTO_ID,PRECIO_COMPRA) VALUES(27,464, 1.000000);

-- ===========PRODUCTO [465]
INSERT INTO PRODUCTO(ID,MARCA_ID,NOMBRE,PRESENTACION,CONTENIDO,UNIDADES_POR_CAJA,COSTO,COSTO_VENTA,PRECIO_BASE,UNIDAD_MEDIDA,CODIGO_BARRAS) VALUES(465,54,'Vaselina Real Bebe','Azul',100,12.0,1.000000,1.000000,1.000000,'G',7.501039701003E12);

INSERT INTO MOVIMIENTO_HISTORICO_PRODUCTO (ALMACEN_ID,PRODUCTO_ID,FECHA,TIPO_MOVIMIENTO_ID,CANTIDAD,COSTO,PRECIO,USUARIO_ID) VALUES(1,465,now(),30,54,1.000000,1.000000,'root');
INSERT INTO ALMACEN_PRODUCTO(ALMACEN_ID,PRODUCTO_ID,CANTIDAD_ACTUAL,CANTIDAD_MINIMA,PRECIO_VENTA) VALUES (1,465,54,0,1.000000);

INSERT INTO ALMACEN_PRODUCTO(ALMACEN_ID,PRODUCTO_ID,CANTIDAD_ACTUAL,CANTIDAD_MINIMA,PRECIO_VENTA) VALUES (2,465,1,0,1.000000);

INSERT INTO ALMACEN_PRODUCTO(ALMACEN_ID,PRODUCTO_ID,CANTIDAD_ACTUAL,CANTIDAD_MINIMA,PRECIO_VENTA) VALUES (3,465,54,0,1.000000);

INSERT INTO ALMACEN_PRODUCTO(ALMACEN_ID,PRODUCTO_ID,CANTIDAD_ACTUAL,CANTIDAD_MINIMA,PRECIO_VENTA) VALUES (4,465,54,0,1.000000);

INSERT INTO PROVEEDOR_PRODUCTO(PROVEEDOR_ID,PRODUCTO_ID,PRECIO_COMPRA) VALUES(26,465, 1.000000);

-- ===========PRODUCTO [466]
INSERT INTO PRODUCTO(ID,MARCA_ID,NOMBRE,PRESENTACION,CONTENIDO,UNIDADES_POR_CAJA,COSTO,COSTO_VENTA,PRECIO_BASE,UNIDAD_MEDIDA,CODIGO_BARRAS) VALUES(466,17,'Palmolive Brillantina Liquida','Aceite de Oliva',52,12.0,1.000000,1.000000,1.000000,'ML',7.5001872E7);

INSERT INTO MOVIMIENTO_HISTORICO_PRODUCTO (ALMACEN_ID,PRODUCTO_ID,FECHA,TIPO_MOVIMIENTO_ID,CANTIDAD,COSTO,PRECIO,USUARIO_ID) VALUES(1,466,now(),30,12,1.000000,1.000000,'root');
INSERT INTO ALMACEN_PRODUCTO(ALMACEN_ID,PRODUCTO_ID,CANTIDAD_ACTUAL,CANTIDAD_MINIMA,PRECIO_VENTA) VALUES (1,466,12,0,1.000000);

INSERT INTO ALMACEN_PRODUCTO(ALMACEN_ID,PRODUCTO_ID,CANTIDAD_ACTUAL,CANTIDAD_MINIMA,PRECIO_VENTA) VALUES (2,466,47,0,1.000000);

INSERT INTO ALMACEN_PRODUCTO(ALMACEN_ID,PRODUCTO_ID,CANTIDAD_ACTUAL,CANTIDAD_MINIMA,PRECIO_VENTA) VALUES (3,466,12,0,1.000000);

INSERT INTO ALMACEN_PRODUCTO(ALMACEN_ID,PRODUCTO_ID,CANTIDAD_ACTUAL,CANTIDAD_MINIMA,PRECIO_VENTA) VALUES (4,466,12,0,1.000000);

INSERT INTO PROVEEDOR_PRODUCTO(PROVEEDOR_ID,PRODUCTO_ID,PRECIO_COMPRA) VALUES(6,466, 1.000000);

-- ===========PRODUCTO [467]
INSERT INTO PRODUCTO(ID,MARCA_ID,NOMBRE,PRESENTACION,CONTENIDO,UNIDADES_POR_CAJA,COSTO,COSTO_VENTA,PRECIO_BASE,UNIDAD_MEDIDA,CODIGO_BARRAS) VALUES(467,17,'Palmolive Brillantina Liquida','Aceite de Oliva',115,12.0,1.000000,1.000000,1.000000,'ML',7.5001865E7);

INSERT INTO MOVIMIENTO_HISTORICO_PRODUCTO (ALMACEN_ID,PRODUCTO_ID,FECHA,TIPO_MOVIMIENTO_ID,CANTIDAD,COSTO,PRECIO,USUARIO_ID) VALUES(1,467,now(),30,12,1.000000,1.000000,'root');
INSERT INTO ALMACEN_PRODUCTO(ALMACEN_ID,PRODUCTO_ID,CANTIDAD_ACTUAL,CANTIDAD_MINIMA,PRECIO_VENTA) VALUES (1,467,12,0,1.000000);

INSERT INTO ALMACEN_PRODUCTO(ALMACEN_ID,PRODUCTO_ID,CANTIDAD_ACTUAL,CANTIDAD_MINIMA,PRECIO_VENTA) VALUES (2,467,81,0,1.000000);

INSERT INTO ALMACEN_PRODUCTO(ALMACEN_ID,PRODUCTO_ID,CANTIDAD_ACTUAL,CANTIDAD_MINIMA,PRECIO_VENTA) VALUES (3,467,12,0,1.000000);

INSERT INTO ALMACEN_PRODUCTO(ALMACEN_ID,PRODUCTO_ID,CANTIDAD_ACTUAL,CANTIDAD_MINIMA,PRECIO_VENTA) VALUES (4,467,12,0,1.000000);

INSERT INTO PROVEEDOR_PRODUCTO(PROVEEDOR_ID,PRODUCTO_ID,PRECIO_COMPRA) VALUES(6,467, 1.000000);

-- ===========PRODUCTO [468]
INSERT INTO PRODUCTO(ID,MARCA_ID,NOMBRE,PRESENTACION,CONTENIDO,UNIDADES_POR_CAJA,COSTO,COSTO_VENTA,PRECIO_BASE,UNIDAD_MEDIDA,CODIGO_BARRAS) VALUES(468,17,'Palmolive Brillantina Liquida','Aceite de Oliva',199,12.0,1.000000,1.000000,1.000000,'ML',7.5001858E7);

INSERT INTO MOVIMIENTO_HISTORICO_PRODUCTO (ALMACEN_ID,PRODUCTO_ID,FECHA,TIPO_MOVIMIENTO_ID,CANTIDAD,COSTO,PRECIO,USUARIO_ID) VALUES(1,468,now(),30,12,1.000000,1.000000,'root');
INSERT INTO ALMACEN_PRODUCTO(ALMACEN_ID,PRODUCTO_ID,CANTIDAD_ACTUAL,CANTIDAD_MINIMA,PRECIO_VENTA) VALUES (1,468,12,0,1.000000);

INSERT INTO ALMACEN_PRODUCTO(ALMACEN_ID,PRODUCTO_ID,CANTIDAD_ACTUAL,CANTIDAD_MINIMA,PRECIO_VENTA) VALUES (2,468,71,0,1.000000);

INSERT INTO ALMACEN_PRODUCTO(ALMACEN_ID,PRODUCTO_ID,CANTIDAD_ACTUAL,CANTIDAD_MINIMA,PRECIO_VENTA) VALUES (3,468,12,0,1.000000);

INSERT INTO ALMACEN_PRODUCTO(ALMACEN_ID,PRODUCTO_ID,CANTIDAD_ACTUAL,CANTIDAD_MINIMA,PRECIO_VENTA) VALUES (4,468,12,0,1.000000);

INSERT INTO PROVEEDOR_PRODUCTO(PROVEEDOR_ID,PRODUCTO_ID,PRECIO_COMPRA) VALUES(6,468, 1.000000);

-- ===========PRODUCTO [469]
INSERT INTO PRODUCTO(ID,MARCA_ID,NOMBRE,PRESENTACION,CONTENIDO,UNIDADES_POR_CAJA,COSTO,COSTO_VENTA,PRECIO_BASE,UNIDAD_MEDIDA,CODIGO_BARRAS) VALUES(469,17,'Palmolive Brillantina Solida','Aceite de Oliva',53,12.0,1.000000,1.000000,1.000000,'G',7.5001841E7);

INSERT INTO MOVIMIENTO_HISTORICO_PRODUCTO (ALMACEN_ID,PRODUCTO_ID,FECHA,TIPO_MOVIMIENTO_ID,CANTIDAD,COSTO,PRECIO,USUARIO_ID) VALUES(1,469,now(),30,12,1.000000,1.000000,'root');
INSERT INTO ALMACEN_PRODUCTO(ALMACEN_ID,PRODUCTO_ID,CANTIDAD_ACTUAL,CANTIDAD_MINIMA,PRECIO_VENTA) VALUES (1,469,12,0,1.000000);

INSERT INTO ALMACEN_PRODUCTO(ALMACEN_ID,PRODUCTO_ID,CANTIDAD_ACTUAL,CANTIDAD_MINIMA,PRECIO_VENTA) VALUES (2,469,0,0,1.000000);

INSERT INTO ALMACEN_PRODUCTO(ALMACEN_ID,PRODUCTO_ID,CANTIDAD_ACTUAL,CANTIDAD_MINIMA,PRECIO_VENTA) VALUES (3,469,12,0,1.000000);

INSERT INTO ALMACEN_PRODUCTO(ALMACEN_ID,PRODUCTO_ID,CANTIDAD_ACTUAL,CANTIDAD_MINIMA,PRECIO_VENTA) VALUES (4,469,12,0,1.000000);

INSERT INTO PROVEEDOR_PRODUCTO(PROVEEDOR_ID,PRODUCTO_ID,PRECIO_COMPRA) VALUES(6,469, 1.000000);

-- ===========PRODUCTO [470]
INSERT INTO PRODUCTO(ID,MARCA_ID,NOMBRE,PRESENTACION,CONTENIDO,UNIDADES_POR_CAJA,COSTO,COSTO_VENTA,PRECIO_BASE,UNIDAD_MEDIDA,CODIGO_BARRAS) VALUES(470,35,'Colgate Cepillo Dental','360° Limpieza Completa',1,12.0,1.000000,1.000000,1.000000,'Pz',7.891024316177E12);

INSERT INTO MOVIMIENTO_HISTORICO_PRODUCTO (ALMACEN_ID,PRODUCTO_ID,FECHA,TIPO_MOVIMIENTO_ID,CANTIDAD,COSTO,PRECIO,USUARIO_ID) VALUES(1,470,now(),30,24,1.000000,1.000000,'root');
INSERT INTO ALMACEN_PRODUCTO(ALMACEN_ID,PRODUCTO_ID,CANTIDAD_ACTUAL,CANTIDAD_MINIMA,PRECIO_VENTA) VALUES (1,470,24,0,1.000000);

INSERT INTO ALMACEN_PRODUCTO(ALMACEN_ID,PRODUCTO_ID,CANTIDAD_ACTUAL,CANTIDAD_MINIMA,PRECIO_VENTA) VALUES (2,470,11,0,1.000000);

INSERT INTO ALMACEN_PRODUCTO(ALMACEN_ID,PRODUCTO_ID,CANTIDAD_ACTUAL,CANTIDAD_MINIMA,PRECIO_VENTA) VALUES (3,470,24,0,1.000000);

INSERT INTO ALMACEN_PRODUCTO(ALMACEN_ID,PRODUCTO_ID,CANTIDAD_ACTUAL,CANTIDAD_MINIMA,PRECIO_VENTA) VALUES (4,470,24,0,1.000000);

INSERT INTO PROVEEDOR_PRODUCTO(PROVEEDOR_ID,PRODUCTO_ID,PRECIO_COMPRA) VALUES(6,470, 1.000000);

-- ===========PRODUCTO [471]
INSERT INTO PRODUCTO(ID,MARCA_ID,NOMBRE,PRESENTACION,CONTENIDO,UNIDADES_POR_CAJA,COSTO,COSTO_VENTA,PRECIO_BASE,UNIDAD_MEDIDA,CODIGO_BARRAS) VALUES(471,55,'Asepxia Exhibidor 10ml','Puntos Negros',30,18.0,1.000000,1.000000,1.000000,'Pz',6.50240005794E11);

INSERT INTO MOVIMIENTO_HISTORICO_PRODUCTO (ALMACEN_ID,PRODUCTO_ID,FECHA,TIPO_MOVIMIENTO_ID,CANTIDAD,COSTO,PRECIO,USUARIO_ID) VALUES(1,471,now(),30,3,1.000000,1.000000,'root');
INSERT INTO ALMACEN_PRODUCTO(ALMACEN_ID,PRODUCTO_ID,CANTIDAD_ACTUAL,CANTIDAD_MINIMA,PRECIO_VENTA) VALUES (1,471,3,0,1.000000);

INSERT INTO ALMACEN_PRODUCTO(ALMACEN_ID,PRODUCTO_ID,CANTIDAD_ACTUAL,CANTIDAD_MINIMA,PRECIO_VENTA) VALUES (2,471,0,0,1.000000);

INSERT INTO ALMACEN_PRODUCTO(ALMACEN_ID,PRODUCTO_ID,CANTIDAD_ACTUAL,CANTIDAD_MINIMA,PRECIO_VENTA) VALUES (3,471,3,0,1.000000);

INSERT INTO ALMACEN_PRODUCTO(ALMACEN_ID,PRODUCTO_ID,CANTIDAD_ACTUAL,CANTIDAD_MINIMA,PRECIO_VENTA) VALUES (4,471,3,0,1.000000);

INSERT INTO PROVEEDOR_PRODUCTO(PROVEEDOR_ID,PRODUCTO_ID,PRECIO_COMPRA) VALUES(14,471, 1.000000);

-- ===========PRODUCTO [472]
INSERT INTO PRODUCTO(ID,MARCA_ID,NOMBRE,PRESENTACION,CONTENIDO,UNIDADES_POR_CAJA,COSTO,COSTO_VENTA,PRECIO_BASE,UNIDAD_MEDIDA,CODIGO_BARRAS) VALUES(472,55,'Asepxia Sachet','Puntos Negros',10,30.0,1.000000,1.000000,1.000000,'ML',6.50240005633E11);

INSERT INTO MOVIMIENTO_HISTORICO_PRODUCTO (ALMACEN_ID,PRODUCTO_ID,FECHA,TIPO_MOVIMIENTO_ID,CANTIDAD,COSTO,PRECIO,USUARIO_ID) VALUES(1,472,now(),30,60,1.000000,1.000000,'root');
INSERT INTO ALMACEN_PRODUCTO(ALMACEN_ID,PRODUCTO_ID,CANTIDAD_ACTUAL,CANTIDAD_MINIMA,PRECIO_VENTA) VALUES (1,472,60,0,1.000000);

INSERT INTO ALMACEN_PRODUCTO(ALMACEN_ID,PRODUCTO_ID,CANTIDAD_ACTUAL,CANTIDAD_MINIMA,PRECIO_VENTA) VALUES (2,472,0,0,1.000000);

INSERT INTO ALMACEN_PRODUCTO(ALMACEN_ID,PRODUCTO_ID,CANTIDAD_ACTUAL,CANTIDAD_MINIMA,PRECIO_VENTA) VALUES (3,472,60,0,1.000000);

INSERT INTO ALMACEN_PRODUCTO(ALMACEN_ID,PRODUCTO_ID,CANTIDAD_ACTUAL,CANTIDAD_MINIMA,PRECIO_VENTA) VALUES (4,472,60,0,1.000000);

INSERT INTO PROVEEDOR_PRODUCTO(PROVEEDOR_ID,PRODUCTO_ID,PRECIO_COMPRA) VALUES(14,472, 1.000000);

-- ===========PRODUCTO [473]
INSERT INTO PRODUCTO(ID,MARCA_ID,NOMBRE,PRESENTACION,CONTENIDO,UNIDADES_POR_CAJA,COSTO,COSTO_VENTA,PRECIO_BASE,UNIDAD_MEDIDA,CODIGO_BARRAS) VALUES(473,22,'Loreal Kids Estuche Sh + Cr + Lapicera','Manzanilla',3,6.0,1.000000,1.000000,1.000000,'Pz',7.509552134667E12);

INSERT INTO MOVIMIENTO_HISTORICO_PRODUCTO (ALMACEN_ID,PRODUCTO_ID,FECHA,TIPO_MOVIMIENTO_ID,CANTIDAD,COSTO,PRECIO,USUARIO_ID) VALUES(1,473,now(),30,6,1.000000,1.000000,'root');
INSERT INTO ALMACEN_PRODUCTO(ALMACEN_ID,PRODUCTO_ID,CANTIDAD_ACTUAL,CANTIDAD_MINIMA,PRECIO_VENTA) VALUES (1,473,6,0,1.000000);

INSERT INTO ALMACEN_PRODUCTO(ALMACEN_ID,PRODUCTO_ID,CANTIDAD_ACTUAL,CANTIDAD_MINIMA,PRECIO_VENTA) VALUES (2,473,0,0,1.000000);

INSERT INTO ALMACEN_PRODUCTO(ALMACEN_ID,PRODUCTO_ID,CANTIDAD_ACTUAL,CANTIDAD_MINIMA,PRECIO_VENTA) VALUES (3,473,6,0,1.000000);

INSERT INTO ALMACEN_PRODUCTO(ALMACEN_ID,PRODUCTO_ID,CANTIDAD_ACTUAL,CANTIDAD_MINIMA,PRECIO_VENTA) VALUES (4,473,6,0,1.000000);

INSERT INTO PROVEEDOR_PRODUCTO(PROVEEDOR_ID,PRODUCTO_ID,PRECIO_COMPRA) VALUES(13,473, 1.000000);

-- ===========PRODUCTO [474]
INSERT INTO PRODUCTO(ID,MARCA_ID,NOMBRE,PRESENTACION,CONTENIDO,UNIDADES_POR_CAJA,COSTO,COSTO_VENTA,PRECIO_BASE,UNIDAD_MEDIDA,CODIGO_BARRAS) VALUES(474,22,'Loreal Kids Estuche 2 Sh + Lapicera','Explosion Coco',3,6.0,1.000000,1.000000,1.000000,'Pz',7.509552158083E12);

INSERT INTO MOVIMIENTO_HISTORICO_PRODUCTO (ALMACEN_ID,PRODUCTO_ID,FECHA,TIPO_MOVIMIENTO_ID,CANTIDAD,COSTO,PRECIO,USUARIO_ID) VALUES(1,474,now(),30,7,1.000000,1.000000,'root');
INSERT INTO ALMACEN_PRODUCTO(ALMACEN_ID,PRODUCTO_ID,CANTIDAD_ACTUAL,CANTIDAD_MINIMA,PRECIO_VENTA) VALUES (1,474,7,0,1.000000);

INSERT INTO ALMACEN_PRODUCTO(ALMACEN_ID,PRODUCTO_ID,CANTIDAD_ACTUAL,CANTIDAD_MINIMA,PRECIO_VENTA) VALUES (2,474,0,0,1.000000);

INSERT INTO ALMACEN_PRODUCTO(ALMACEN_ID,PRODUCTO_ID,CANTIDAD_ACTUAL,CANTIDAD_MINIMA,PRECIO_VENTA) VALUES (3,474,7,0,1.000000);

INSERT INTO ALMACEN_PRODUCTO(ALMACEN_ID,PRODUCTO_ID,CANTIDAD_ACTUAL,CANTIDAD_MINIMA,PRECIO_VENTA) VALUES (4,474,7,0,1.000000);

INSERT INTO PROVEEDOR_PRODUCTO(PROVEEDOR_ID,PRODUCTO_ID,PRECIO_COMPRA) VALUES(13,474, 1.000000);

-- ===========PRODUCTO [475]
INSERT INTO PRODUCTO(ID,MARCA_ID,NOMBRE,PRESENTACION,CONTENIDO,UNIDADES_POR_CAJA,COSTO,COSTO_VENTA,PRECIO_BASE,UNIDAD_MEDIDA,CODIGO_BARRAS) VALUES(475,22,'Loreal Kids Estuche 2 Sh + Lapicera','Vainilla / Mora',3,6.0,1.000000,1.000000,1.000000,'Pz',7.506078998025E12);

INSERT INTO MOVIMIENTO_HISTORICO_PRODUCTO (ALMACEN_ID,PRODUCTO_ID,FECHA,TIPO_MOVIMIENTO_ID,CANTIDAD,COSTO,PRECIO,USUARIO_ID) VALUES(1,475,now(),30,6,1.000000,1.000000,'root');
INSERT INTO ALMACEN_PRODUCTO(ALMACEN_ID,PRODUCTO_ID,CANTIDAD_ACTUAL,CANTIDAD_MINIMA,PRECIO_VENTA) VALUES (1,475,6,0,1.000000);

INSERT INTO ALMACEN_PRODUCTO(ALMACEN_ID,PRODUCTO_ID,CANTIDAD_ACTUAL,CANTIDAD_MINIMA,PRECIO_VENTA) VALUES (2,475,0,0,1.000000);

INSERT INTO ALMACEN_PRODUCTO(ALMACEN_ID,PRODUCTO_ID,CANTIDAD_ACTUAL,CANTIDAD_MINIMA,PRECIO_VENTA) VALUES (3,475,6,0,1.000000);

INSERT INTO ALMACEN_PRODUCTO(ALMACEN_ID,PRODUCTO_ID,CANTIDAD_ACTUAL,CANTIDAD_MINIMA,PRECIO_VENTA) VALUES (4,475,6,0,1.000000);

INSERT INTO PROVEEDOR_PRODUCTO(PROVEEDOR_ID,PRODUCTO_ID,PRECIO_COMPRA) VALUES(13,475, 1.000000);

-- ===========PRODUCTO [476]
INSERT INTO PRODUCTO(ID,MARCA_ID,NOMBRE,PRESENTACION,CONTENIDO,UNIDADES_POR_CAJA,COSTO,COSTO_VENTA,PRECIO_BASE,UNIDAD_MEDIDA,CODIGO_BARRAS) VALUES(476,56,'Max -O-Fresh Talco Kinder','Chicle',200,12.0,1.000000,1.000000,1.000000,'G',7.50300116706E12);

INSERT INTO MOVIMIENTO_HISTORICO_PRODUCTO (ALMACEN_ID,PRODUCTO_ID,FECHA,TIPO_MOVIMIENTO_ID,CANTIDAD,COSTO,PRECIO,USUARIO_ID) VALUES(1,476,now(),30,12,1.000000,1.000000,'root');
INSERT INTO ALMACEN_PRODUCTO(ALMACEN_ID,PRODUCTO_ID,CANTIDAD_ACTUAL,CANTIDAD_MINIMA,PRECIO_VENTA) VALUES (1,476,12,0,1.000000);

INSERT INTO ALMACEN_PRODUCTO(ALMACEN_ID,PRODUCTO_ID,CANTIDAD_ACTUAL,CANTIDAD_MINIMA,PRECIO_VENTA) VALUES (2,476,0,0,1.000000);

INSERT INTO ALMACEN_PRODUCTO(ALMACEN_ID,PRODUCTO_ID,CANTIDAD_ACTUAL,CANTIDAD_MINIMA,PRECIO_VENTA) VALUES (3,476,12,0,1.000000);

INSERT INTO ALMACEN_PRODUCTO(ALMACEN_ID,PRODUCTO_ID,CANTIDAD_ACTUAL,CANTIDAD_MINIMA,PRECIO_VENTA) VALUES (4,476,12,0,1.000000);

INSERT INTO PROVEEDOR_PRODUCTO(PROVEEDOR_ID,PRODUCTO_ID,PRECIO_COMPRA) VALUES(29,476, 1.000000);

-- ===========PRODUCTO [477]
INSERT INTO PRODUCTO(ID,MARCA_ID,NOMBRE,PRESENTACION,CONTENIDO,UNIDADES_POR_CAJA,COSTO,COSTO_VENTA,PRECIO_BASE,UNIDAD_MEDIDA,CODIGO_BARRAS) VALUES(477,56,'Max -O-Fresh Talco Kinder','Fresa',200,12.0,1.000000,1.000000,1.000000,'G',7.503001167107E12);

INSERT INTO MOVIMIENTO_HISTORICO_PRODUCTO (ALMACEN_ID,PRODUCTO_ID,FECHA,TIPO_MOVIMIENTO_ID,CANTIDAD,COSTO,PRECIO,USUARIO_ID) VALUES(1,477,now(),30,12,1.000000,1.000000,'root');
INSERT INTO ALMACEN_PRODUCTO(ALMACEN_ID,PRODUCTO_ID,CANTIDAD_ACTUAL,CANTIDAD_MINIMA,PRECIO_VENTA) VALUES (1,477,12,0,1.000000);

INSERT INTO ALMACEN_PRODUCTO(ALMACEN_ID,PRODUCTO_ID,CANTIDAD_ACTUAL,CANTIDAD_MINIMA,PRECIO_VENTA) VALUES (2,477,0,0,1.000000);

INSERT INTO ALMACEN_PRODUCTO(ALMACEN_ID,PRODUCTO_ID,CANTIDAD_ACTUAL,CANTIDAD_MINIMA,PRECIO_VENTA) VALUES (3,477,12,0,1.000000);

INSERT INTO ALMACEN_PRODUCTO(ALMACEN_ID,PRODUCTO_ID,CANTIDAD_ACTUAL,CANTIDAD_MINIMA,PRECIO_VENTA) VALUES (4,477,12,0,1.000000);

INSERT INTO PROVEEDOR_PRODUCTO(PROVEEDOR_ID,PRODUCTO_ID,PRECIO_COMPRA) VALUES(29,477, 1.000000);

-- ===========PRODUCTO [478]
INSERT INTO PRODUCTO(ID,MARCA_ID,NOMBRE,PRESENTACION,CONTENIDO,UNIDADES_POR_CAJA,COSTO,COSTO_VENTA,PRECIO_BASE,UNIDAD_MEDIDA,CODIGO_BARRAS) VALUES(478,56,'Max -O-Fresh Talco Kinder','Clasico',200,12.0,1.000000,1.000000,1.000000,'G',7.503001167398E12);

INSERT INTO MOVIMIENTO_HISTORICO_PRODUCTO (ALMACEN_ID,PRODUCTO_ID,FECHA,TIPO_MOVIMIENTO_ID,CANTIDAD,COSTO,PRECIO,USUARIO_ID) VALUES(1,478,now(),30,12,1.000000,1.000000,'root');
INSERT INTO ALMACEN_PRODUCTO(ALMACEN_ID,PRODUCTO_ID,CANTIDAD_ACTUAL,CANTIDAD_MINIMA,PRECIO_VENTA) VALUES (1,478,12,0,1.000000);

INSERT INTO ALMACEN_PRODUCTO(ALMACEN_ID,PRODUCTO_ID,CANTIDAD_ACTUAL,CANTIDAD_MINIMA,PRECIO_VENTA) VALUES (2,478,0,0,1.000000);

INSERT INTO ALMACEN_PRODUCTO(ALMACEN_ID,PRODUCTO_ID,CANTIDAD_ACTUAL,CANTIDAD_MINIMA,PRECIO_VENTA) VALUES (3,478,12,0,1.000000);

INSERT INTO ALMACEN_PRODUCTO(ALMACEN_ID,PRODUCTO_ID,CANTIDAD_ACTUAL,CANTIDAD_MINIMA,PRECIO_VENTA) VALUES (4,478,12,0,1.000000);

INSERT INTO PROVEEDOR_PRODUCTO(PROVEEDOR_ID,PRODUCTO_ID,PRECIO_COMPRA) VALUES(29,478, 1.000000);

-- ===========PRODUCTO [479]
INSERT INTO PRODUCTO(ID,MARCA_ID,NOMBRE,PRESENTACION,CONTENIDO,UNIDADES_POR_CAJA,COSTO,COSTO_VENTA,PRECIO_BASE,UNIDAD_MEDIDA,CODIGO_BARRAS) VALUES(479,57,'Mennen Baby Magic Talco','Azul',500,12.0,1.000000,1.000000,1.000000,'G',7.509546039732E12);

INSERT INTO MOVIMIENTO_HISTORICO_PRODUCTO (ALMACEN_ID,PRODUCTO_ID,FECHA,TIPO_MOVIMIENTO_ID,CANTIDAD,COSTO,PRECIO,USUARIO_ID) VALUES(1,479,now(),30,12,1.000000,1.000000,'root');
INSERT INTO ALMACEN_PRODUCTO(ALMACEN_ID,PRODUCTO_ID,CANTIDAD_ACTUAL,CANTIDAD_MINIMA,PRECIO_VENTA) VALUES (1,479,12,0,1.000000);

INSERT INTO ALMACEN_PRODUCTO(ALMACEN_ID,PRODUCTO_ID,CANTIDAD_ACTUAL,CANTIDAD_MINIMA,PRECIO_VENTA) VALUES (2,479,1,0,1.000000);

INSERT INTO ALMACEN_PRODUCTO(ALMACEN_ID,PRODUCTO_ID,CANTIDAD_ACTUAL,CANTIDAD_MINIMA,PRECIO_VENTA) VALUES (3,479,12,0,1.000000);

INSERT INTO ALMACEN_PRODUCTO(ALMACEN_ID,PRODUCTO_ID,CANTIDAD_ACTUAL,CANTIDAD_MINIMA,PRECIO_VENTA) VALUES (4,479,12,0,1.000000);

INSERT INTO PROVEEDOR_PRODUCTO(PROVEEDOR_ID,PRODUCTO_ID,PRECIO_COMPRA) VALUES(6,479, 1.000000);

-- ===========PRODUCTO [480]
INSERT INTO PRODUCTO(ID,MARCA_ID,NOMBRE,PRESENTACION,CONTENIDO,UNIDADES_POR_CAJA,COSTO,COSTO_VENTA,PRECIO_BASE,UNIDAD_MEDIDA,CODIGO_BARRAS) VALUES(480,35,'Colgate Pack Pasta 75ml + 1 Cepillo Triple Accion','Triple Acción',2,48.0,1.000000,1.000000,1.000000,'PZ',7.509546052632E12);

INSERT INTO MOVIMIENTO_HISTORICO_PRODUCTO (ALMACEN_ID,PRODUCTO_ID,FECHA,TIPO_MOVIMIENTO_ID,CANTIDAD,COSTO,PRECIO,USUARIO_ID) VALUES(1,480,now(),30,51,1.000000,1.000000,'root');
INSERT INTO ALMACEN_PRODUCTO(ALMACEN_ID,PRODUCTO_ID,CANTIDAD_ACTUAL,CANTIDAD_MINIMA,PRECIO_VENTA) VALUES (1,480,51,0,1.000000);

INSERT INTO ALMACEN_PRODUCTO(ALMACEN_ID,PRODUCTO_ID,CANTIDAD_ACTUAL,CANTIDAD_MINIMA,PRECIO_VENTA) VALUES (2,480,0,0,1.000000);

INSERT INTO ALMACEN_PRODUCTO(ALMACEN_ID,PRODUCTO_ID,CANTIDAD_ACTUAL,CANTIDAD_MINIMA,PRECIO_VENTA) VALUES (3,480,51,0,1.000000);

INSERT INTO ALMACEN_PRODUCTO(ALMACEN_ID,PRODUCTO_ID,CANTIDAD_ACTUAL,CANTIDAD_MINIMA,PRECIO_VENTA) VALUES (4,480,51,0,1.000000);

INSERT INTO PROVEEDOR_PRODUCTO(PROVEEDOR_ID,PRODUCTO_ID,PRECIO_COMPRA) VALUES(6,480, 1.000000);

-- ===========PRODUCTO [481]
INSERT INTO PRODUCTO(ID,MARCA_ID,NOMBRE,PRESENTACION,CONTENIDO,UNIDADES_POR_CAJA,COSTO,COSTO_VENTA,PRECIO_BASE,UNIDAD_MEDIDA,CODIGO_BARRAS) VALUES(481,35,'Colgate Pack Pasta 50ml + 1 Cepillo Zig','Maxima Protección Anticaries',2,48.0,1.000000,1.000000,1.000000,'PZ',7.509546046785E12);

INSERT INTO MOVIMIENTO_HISTORICO_PRODUCTO (ALMACEN_ID,PRODUCTO_ID,FECHA,TIPO_MOVIMIENTO_ID,CANTIDAD,COSTO,PRECIO,USUARIO_ID) VALUES(1,481,now(),30,48,1.000000,1.000000,'root');
INSERT INTO ALMACEN_PRODUCTO(ALMACEN_ID,PRODUCTO_ID,CANTIDAD_ACTUAL,CANTIDAD_MINIMA,PRECIO_VENTA) VALUES (1,481,48,0,1.000000);

INSERT INTO ALMACEN_PRODUCTO(ALMACEN_ID,PRODUCTO_ID,CANTIDAD_ACTUAL,CANTIDAD_MINIMA,PRECIO_VENTA) VALUES (2,481,0,0,1.000000);

INSERT INTO ALMACEN_PRODUCTO(ALMACEN_ID,PRODUCTO_ID,CANTIDAD_ACTUAL,CANTIDAD_MINIMA,PRECIO_VENTA) VALUES (3,481,48,0,1.000000);

INSERT INTO ALMACEN_PRODUCTO(ALMACEN_ID,PRODUCTO_ID,CANTIDAD_ACTUAL,CANTIDAD_MINIMA,PRECIO_VENTA) VALUES (4,481,48,0,1.000000);

INSERT INTO PROVEEDOR_PRODUCTO(PROVEEDOR_ID,PRODUCTO_ID,PRECIO_COMPRA) VALUES(6,481, 1.000000);

-- ===========PRODUCTO [482]
INSERT INTO PRODUCTO(ID,MARCA_ID,NOMBRE,PRESENTACION,CONTENIDO,UNIDADES_POR_CAJA,COSTO,COSTO_VENTA,PRECIO_BASE,UNIDAD_MEDIDA,CODIGO_BARRAS) VALUES(482,35,'Paquete Colgate 100ml + Cep twister','Triple Acción',2,48.0,1.000000,1.000000,1.000000,'Pz',7.509546048611E12);

INSERT INTO MOVIMIENTO_HISTORICO_PRODUCTO (ALMACEN_ID,PRODUCTO_ID,FECHA,TIPO_MOVIMIENTO_ID,CANTIDAD,COSTO,PRECIO,USUARIO_ID) VALUES(1,482,now(),30,48,1.000000,1.000000,'root');
INSERT INTO ALMACEN_PRODUCTO(ALMACEN_ID,PRODUCTO_ID,CANTIDAD_ACTUAL,CANTIDAD_MINIMA,PRECIO_VENTA) VALUES (1,482,48,0,1.000000);

INSERT INTO ALMACEN_PRODUCTO(ALMACEN_ID,PRODUCTO_ID,CANTIDAD_ACTUAL,CANTIDAD_MINIMA,PRECIO_VENTA) VALUES (2,482,26,0,1.000000);

INSERT INTO ALMACEN_PRODUCTO(ALMACEN_ID,PRODUCTO_ID,CANTIDAD_ACTUAL,CANTIDAD_MINIMA,PRECIO_VENTA) VALUES (3,482,48,0,1.000000);

INSERT INTO ALMACEN_PRODUCTO(ALMACEN_ID,PRODUCTO_ID,CANTIDAD_ACTUAL,CANTIDAD_MINIMA,PRECIO_VENTA) VALUES (4,482,48,0,1.000000);

INSERT INTO PROVEEDOR_PRODUCTO(PROVEEDOR_ID,PRODUCTO_ID,PRECIO_COMPRA) VALUES(6,482, 1.000000);

-- ===========PRODUCTO [483]
INSERT INTO PRODUCTO(ID,MARCA_ID,NOMBRE,PRESENTACION,CONTENIDO,UNIDADES_POR_CAJA,COSTO,COSTO_VENTA,PRECIO_BASE,UNIDAD_MEDIDA,CODIGO_BARRAS) VALUES(483,35,'Colgate Cepillo Dental','Twister Medio',1,12.0,1.000000,1.000000,1.000000,'PZ',9.9176316251E10);

INSERT INTO MOVIMIENTO_HISTORICO_PRODUCTO (ALMACEN_ID,PRODUCTO_ID,FECHA,TIPO_MOVIMIENTO_ID,CANTIDAD,COSTO,PRECIO,USUARIO_ID) VALUES(1,483,now(),30,73,1.000000,1.000000,'root');
INSERT INTO ALMACEN_PRODUCTO(ALMACEN_ID,PRODUCTO_ID,CANTIDAD_ACTUAL,CANTIDAD_MINIMA,PRECIO_VENTA) VALUES (1,483,73,0,1.000000);

INSERT INTO ALMACEN_PRODUCTO(ALMACEN_ID,PRODUCTO_ID,CANTIDAD_ACTUAL,CANTIDAD_MINIMA,PRECIO_VENTA) VALUES (2,483,0,0,1.000000);

INSERT INTO ALMACEN_PRODUCTO(ALMACEN_ID,PRODUCTO_ID,CANTIDAD_ACTUAL,CANTIDAD_MINIMA,PRECIO_VENTA) VALUES (3,483,73,0,1.000000);

INSERT INTO ALMACEN_PRODUCTO(ALMACEN_ID,PRODUCTO_ID,CANTIDAD_ACTUAL,CANTIDAD_MINIMA,PRECIO_VENTA) VALUES (4,483,73,0,1.000000);

INSERT INTO PROVEEDOR_PRODUCTO(PROVEEDOR_ID,PRODUCTO_ID,PRECIO_COMPRA) VALUES(6,483, 1.000000);

-- ===========PRODUCTO [484]
INSERT INTO PRODUCTO(ID,MARCA_ID,NOMBRE,PRESENTACION,CONTENIDO,UNIDADES_POR_CAJA,COSTO,COSTO_VENTA,PRECIO_BASE,UNIDAD_MEDIDA,CODIGO_BARRAS) VALUES(484,35,'Colgate Cepillo Dental Pack C/6','Premier Ultra',6,24.0,1.000000,1.000000,1.000000,'Pz',7.509546041957E12);

INSERT INTO MOVIMIENTO_HISTORICO_PRODUCTO (ALMACEN_ID,PRODUCTO_ID,FECHA,TIPO_MOVIMIENTO_ID,CANTIDAD,COSTO,PRECIO,USUARIO_ID) VALUES(1,484,now(),30,22,1.000000,1.000000,'root');
INSERT INTO ALMACEN_PRODUCTO(ALMACEN_ID,PRODUCTO_ID,CANTIDAD_ACTUAL,CANTIDAD_MINIMA,PRECIO_VENTA) VALUES (1,484,22,0,1.000000);

INSERT INTO ALMACEN_PRODUCTO(ALMACEN_ID,PRODUCTO_ID,CANTIDAD_ACTUAL,CANTIDAD_MINIMA,PRECIO_VENTA) VALUES (2,484,0,0,1.000000);

INSERT INTO ALMACEN_PRODUCTO(ALMACEN_ID,PRODUCTO_ID,CANTIDAD_ACTUAL,CANTIDAD_MINIMA,PRECIO_VENTA) VALUES (3,484,22,0,1.000000);

INSERT INTO ALMACEN_PRODUCTO(ALMACEN_ID,PRODUCTO_ID,CANTIDAD_ACTUAL,CANTIDAD_MINIMA,PRECIO_VENTA) VALUES (4,484,22,0,1.000000);

INSERT INTO PROVEEDOR_PRODUCTO(PROVEEDOR_ID,PRODUCTO_ID,PRECIO_COMPRA) VALUES(6,484, 1.000000);

-- ===========PRODUCTO [485]
INSERT INTO PRODUCTO(ID,MARCA_ID,NOMBRE,PRESENTACION,CONTENIDO,UNIDADES_POR_CAJA,COSTO,COSTO_VENTA,PRECIO_BASE,UNIDAD_MEDIDA,CODIGO_BARRAS) VALUES(485,35,'Colgate Cepillo Dental','Premier Ultra',1,6.0,1.000000,1.000000,1.000000,'PZ',7.509546042848E12);

INSERT INTO MOVIMIENTO_HISTORICO_PRODUCTO (ALMACEN_ID,PRODUCTO_ID,FECHA,TIPO_MOVIMIENTO_ID,CANTIDAD,COSTO,PRECIO,USUARIO_ID) VALUES(1,485,now(),30,36,1.000000,1.000000,'root');
INSERT INTO ALMACEN_PRODUCTO(ALMACEN_ID,PRODUCTO_ID,CANTIDAD_ACTUAL,CANTIDAD_MINIMA,PRECIO_VENTA) VALUES (1,485,36,0,1.000000);

INSERT INTO ALMACEN_PRODUCTO(ALMACEN_ID,PRODUCTO_ID,CANTIDAD_ACTUAL,CANTIDAD_MINIMA,PRECIO_VENTA) VALUES (2,485,0,0,1.000000);

INSERT INTO ALMACEN_PRODUCTO(ALMACEN_ID,PRODUCTO_ID,CANTIDAD_ACTUAL,CANTIDAD_MINIMA,PRECIO_VENTA) VALUES (3,485,36,0,1.000000);

INSERT INTO ALMACEN_PRODUCTO(ALMACEN_ID,PRODUCTO_ID,CANTIDAD_ACTUAL,CANTIDAD_MINIMA,PRECIO_VENTA) VALUES (4,485,36,0,1.000000);

INSERT INTO PROVEEDOR_PRODUCTO(PROVEEDOR_ID,PRODUCTO_ID,PRECIO_COMPRA) VALUES(6,485, 1.000000);

-- ===========PRODUCTO [486]
INSERT INTO PRODUCTO(ID,MARCA_ID,NOMBRE,PRESENTACION,CONTENIDO,UNIDADES_POR_CAJA,COSTO,COSTO_VENTA,PRECIO_BASE,UNIDAD_MEDIDA,CODIGO_BARRAS) VALUES(486,35,'Colgate Cepillo Dental Exibidor','360 Limpieza Completa',8,26.0,1.000000,1.000000,1.000000,'PZ',7.509546053813E12);

INSERT INTO MOVIMIENTO_HISTORICO_PRODUCTO (ALMACEN_ID,PRODUCTO_ID,FECHA,TIPO_MOVIMIENTO_ID,CANTIDAD,COSTO,PRECIO,USUARIO_ID) VALUES(1,486,now(),30,6,1.000000,1.000000,'root');
INSERT INTO ALMACEN_PRODUCTO(ALMACEN_ID,PRODUCTO_ID,CANTIDAD_ACTUAL,CANTIDAD_MINIMA,PRECIO_VENTA) VALUES (1,486,6,0,1.000000);

INSERT INTO ALMACEN_PRODUCTO(ALMACEN_ID,PRODUCTO_ID,CANTIDAD_ACTUAL,CANTIDAD_MINIMA,PRECIO_VENTA) VALUES (2,486,0,0,1.000000);

INSERT INTO ALMACEN_PRODUCTO(ALMACEN_ID,PRODUCTO_ID,CANTIDAD_ACTUAL,CANTIDAD_MINIMA,PRECIO_VENTA) VALUES (3,486,6,0,1.000000);

INSERT INTO ALMACEN_PRODUCTO(ALMACEN_ID,PRODUCTO_ID,CANTIDAD_ACTUAL,CANTIDAD_MINIMA,PRECIO_VENTA) VALUES (4,486,6,0,1.000000);

INSERT INTO PROVEEDOR_PRODUCTO(PROVEEDOR_ID,PRODUCTO_ID,PRECIO_COMPRA) VALUES(6,486, 1.000000);

-- ===========PRODUCTO [487]
INSERT INTO PRODUCTO(ID,MARCA_ID,NOMBRE,PRESENTACION,CONTENIDO,UNIDADES_POR_CAJA,COSTO,COSTO_VENTA,PRECIO_BASE,UNIDAD_MEDIDA,CODIGO_BARRAS) VALUES(487,35,'Colgate Pasta Dental','Sensitive Pro Alivio Blanqueadora',75,24.0,1.000000,1.000000,1.000000,'ML',7.891024123898E12);

INSERT INTO MOVIMIENTO_HISTORICO_PRODUCTO (ALMACEN_ID,PRODUCTO_ID,FECHA,TIPO_MOVIMIENTO_ID,CANTIDAD,COSTO,PRECIO,USUARIO_ID) VALUES(1,487,now(),30,24,1.000000,1.000000,'root');
INSERT INTO ALMACEN_PRODUCTO(ALMACEN_ID,PRODUCTO_ID,CANTIDAD_ACTUAL,CANTIDAD_MINIMA,PRECIO_VENTA) VALUES (1,487,24,0,1.000000);

INSERT INTO ALMACEN_PRODUCTO(ALMACEN_ID,PRODUCTO_ID,CANTIDAD_ACTUAL,CANTIDAD_MINIMA,PRECIO_VENTA) VALUES (2,487,39,0,1.000000);

INSERT INTO ALMACEN_PRODUCTO(ALMACEN_ID,PRODUCTO_ID,CANTIDAD_ACTUAL,CANTIDAD_MINIMA,PRECIO_VENTA) VALUES (3,487,24,0,1.000000);

INSERT INTO ALMACEN_PRODUCTO(ALMACEN_ID,PRODUCTO_ID,CANTIDAD_ACTUAL,CANTIDAD_MINIMA,PRECIO_VENTA) VALUES (4,487,24,0,1.000000);

INSERT INTO PROVEEDOR_PRODUCTO(PROVEEDOR_ID,PRODUCTO_ID,PRECIO_COMPRA) VALUES(6,487, 1.000000);

-- ===========PRODUCTO [488]
INSERT INTO PRODUCTO(ID,MARCA_ID,NOMBRE,PRESENTACION,CONTENIDO,UNIDADES_POR_CAJA,COSTO,COSTO_VENTA,PRECIO_BASE,UNIDAD_MEDIDA,CODIGO_BARRAS) VALUES(488,15,'Lady Speed Stick Rollon ','Fashion Glam',50,12.0,1.000000,1.000000,1.000000,'ML',7.509546030296E12);

INSERT INTO MOVIMIENTO_HISTORICO_PRODUCTO (ALMACEN_ID,PRODUCTO_ID,FECHA,TIPO_MOVIMIENTO_ID,CANTIDAD,COSTO,PRECIO,USUARIO_ID) VALUES(1,488,now(),30,24,1.000000,1.000000,'root');
INSERT INTO ALMACEN_PRODUCTO(ALMACEN_ID,PRODUCTO_ID,CANTIDAD_ACTUAL,CANTIDAD_MINIMA,PRECIO_VENTA) VALUES (1,488,24,0,1.000000);

INSERT INTO ALMACEN_PRODUCTO(ALMACEN_ID,PRODUCTO_ID,CANTIDAD_ACTUAL,CANTIDAD_MINIMA,PRECIO_VENTA) VALUES (2,488,0,0,1.000000);

INSERT INTO ALMACEN_PRODUCTO(ALMACEN_ID,PRODUCTO_ID,CANTIDAD_ACTUAL,CANTIDAD_MINIMA,PRECIO_VENTA) VALUES (3,488,24,0,19.900000);

INSERT INTO ALMACEN_PRODUCTO(ALMACEN_ID,PRODUCTO_ID,CANTIDAD_ACTUAL,CANTIDAD_MINIMA,PRECIO_VENTA) VALUES (4,488,24,0,1.000000);

INSERT INTO PROVEEDOR_PRODUCTO(PROVEEDOR_ID,PRODUCTO_ID,PRECIO_COMPRA) VALUES(6,488, 1.000000);

-- ===========PRODUCTO [489]
INSERT INTO PRODUCTO(ID,MARCA_ID,NOMBRE,PRESENTACION,CONTENIDO,UNIDADES_POR_CAJA,COSTO,COSTO_VENTA,PRECIO_BASE,UNIDAD_MEDIDA,CODIGO_BARRAS) VALUES(489,35,'Colgate Cepillo Dental','Max Fresh Limpiador de Lengua',1,12.0,1.000000,1.000000,1.000000,'Pz',7.509546031873E12);

INSERT INTO MOVIMIENTO_HISTORICO_PRODUCTO (ALMACEN_ID,PRODUCTO_ID,FECHA,TIPO_MOVIMIENTO_ID,CANTIDAD,COSTO,PRECIO,USUARIO_ID) VALUES(1,489,now(),30,24,1.000000,1.000000,'root');
INSERT INTO ALMACEN_PRODUCTO(ALMACEN_ID,PRODUCTO_ID,CANTIDAD_ACTUAL,CANTIDAD_MINIMA,PRECIO_VENTA) VALUES (1,489,24,0,1.000000);

INSERT INTO ALMACEN_PRODUCTO(ALMACEN_ID,PRODUCTO_ID,CANTIDAD_ACTUAL,CANTIDAD_MINIMA,PRECIO_VENTA) VALUES (2,489,0,0,1.000000);

INSERT INTO ALMACEN_PRODUCTO(ALMACEN_ID,PRODUCTO_ID,CANTIDAD_ACTUAL,CANTIDAD_MINIMA,PRECIO_VENTA) VALUES (3,489,24,0,1.000000);

INSERT INTO ALMACEN_PRODUCTO(ALMACEN_ID,PRODUCTO_ID,CANTIDAD_ACTUAL,CANTIDAD_MINIMA,PRECIO_VENTA) VALUES (4,489,24,0,1.000000);

INSERT INTO PROVEEDOR_PRODUCTO(PROVEEDOR_ID,PRODUCTO_ID,PRECIO_COMPRA) VALUES(6,489, 1.000000);

-- ===========PRODUCTO [490]
INSERT INTO PRODUCTO(ID,MARCA_ID,NOMBRE,PRESENTACION,CONTENIDO,UNIDADES_POR_CAJA,COSTO,COSTO_VENTA,PRECIO_BASE,UNIDAD_MEDIDA,CODIGO_BARRAS) VALUES(490,58,'Silk Hair Quita Esmalte + Barniz','Cereza / Manzana',2,15.0,1.000000,1.000000,1.000000,'Pz',7.502245720215E12);

INSERT INTO MOVIMIENTO_HISTORICO_PRODUCTO (ALMACEN_ID,PRODUCTO_ID,FECHA,TIPO_MOVIMIENTO_ID,CANTIDAD,COSTO,PRECIO,USUARIO_ID) VALUES(1,490,now(),30,20,1.000000,1.000000,'root');
INSERT INTO ALMACEN_PRODUCTO(ALMACEN_ID,PRODUCTO_ID,CANTIDAD_ACTUAL,CANTIDAD_MINIMA,PRECIO_VENTA) VALUES (1,490,20,0,1.000000);

INSERT INTO ALMACEN_PRODUCTO(ALMACEN_ID,PRODUCTO_ID,CANTIDAD_ACTUAL,CANTIDAD_MINIMA,PRECIO_VENTA) VALUES (2,490,0,0,1.000000);

INSERT INTO ALMACEN_PRODUCTO(ALMACEN_ID,PRODUCTO_ID,CANTIDAD_ACTUAL,CANTIDAD_MINIMA,PRECIO_VENTA) VALUES (3,490,20,0,1.000000);

INSERT INTO ALMACEN_PRODUCTO(ALMACEN_ID,PRODUCTO_ID,CANTIDAD_ACTUAL,CANTIDAD_MINIMA,PRECIO_VENTA) VALUES (4,490,20,0,1.000000);

INSERT INTO PROVEEDOR_PRODUCTO(PROVEEDOR_ID,PRODUCTO_ID,PRECIO_COMPRA) VALUES(27,490, 1.000000);

-- ===========PRODUCTO [491]
INSERT INTO PRODUCTO(ID,MARCA_ID,NOMBRE,PRESENTACION,CONTENIDO,UNIDADES_POR_CAJA,COSTO,COSTO_VENTA,PRECIO_BASE,UNIDAD_MEDIDA,CODIGO_BARRAS) VALUES(491,58,'Silk Hair Quita Esmalte + Maquillaje','Cereza / Manzana',2,15.0,1.000000,1.000000,1.000000,'Pz',7.502245720208E12);

INSERT INTO MOVIMIENTO_HISTORICO_PRODUCTO (ALMACEN_ID,PRODUCTO_ID,FECHA,TIPO_MOVIMIENTO_ID,CANTIDAD,COSTO,PRECIO,USUARIO_ID) VALUES(1,491,now(),30,10,1.000000,1.000000,'root');
INSERT INTO ALMACEN_PRODUCTO(ALMACEN_ID,PRODUCTO_ID,CANTIDAD_ACTUAL,CANTIDAD_MINIMA,PRECIO_VENTA) VALUES (1,491,10,0,1.000000);

INSERT INTO ALMACEN_PRODUCTO(ALMACEN_ID,PRODUCTO_ID,CANTIDAD_ACTUAL,CANTIDAD_MINIMA,PRECIO_VENTA) VALUES (2,491,3,0,1.000000);

INSERT INTO ALMACEN_PRODUCTO(ALMACEN_ID,PRODUCTO_ID,CANTIDAD_ACTUAL,CANTIDAD_MINIMA,PRECIO_VENTA) VALUES (3,491,10,0,1.000000);

INSERT INTO ALMACEN_PRODUCTO(ALMACEN_ID,PRODUCTO_ID,CANTIDAD_ACTUAL,CANTIDAD_MINIMA,PRECIO_VENTA) VALUES (4,491,10,0,1.000000);

INSERT INTO PROVEEDOR_PRODUCTO(PROVEEDOR_ID,PRODUCTO_ID,PRECIO_COMPRA) VALUES(27,491, 1.000000);

-- ===========PRODUCTO [492]
INSERT INTO PRODUCTO(ID,MARCA_ID,NOMBRE,PRESENTACION,CONTENIDO,UNIDADES_POR_CAJA,COSTO,COSTO_VENTA,PRECIO_BASE,UNIDAD_MEDIDA,CODIGO_BARRAS) VALUES(492,59,'Barbie Shampoo Niñas','Fruitylicious',230,12.0,1.000000,1.000000,1.000000,'ML',7.501057503917E12);

INSERT INTO MOVIMIENTO_HISTORICO_PRODUCTO (ALMACEN_ID,PRODUCTO_ID,FECHA,TIPO_MOVIMIENTO_ID,CANTIDAD,COSTO,PRECIO,USUARIO_ID) VALUES(1,492,now(),30,12,1.000000,1.000000,'root');
INSERT INTO ALMACEN_PRODUCTO(ALMACEN_ID,PRODUCTO_ID,CANTIDAD_ACTUAL,CANTIDAD_MINIMA,PRECIO_VENTA) VALUES (1,492,12,0,1.000000);

INSERT INTO ALMACEN_PRODUCTO(ALMACEN_ID,PRODUCTO_ID,CANTIDAD_ACTUAL,CANTIDAD_MINIMA,PRECIO_VENTA) VALUES (2,492,0,0,1.000000);

INSERT INTO ALMACEN_PRODUCTO(ALMACEN_ID,PRODUCTO_ID,CANTIDAD_ACTUAL,CANTIDAD_MINIMA,PRECIO_VENTA) VALUES (3,492,12,0,1.000000);

INSERT INTO ALMACEN_PRODUCTO(ALMACEN_ID,PRODUCTO_ID,CANTIDAD_ACTUAL,CANTIDAD_MINIMA,PRECIO_VENTA) VALUES (4,492,12,0,1.000000);

INSERT INTO PROVEEDOR_PRODUCTO(PROVEEDOR_ID,PRODUCTO_ID,PRECIO_COMPRA) VALUES(13,492, 1.000000);

-- ===========PRODUCTO [493]
INSERT INTO PRODUCTO(ID,MARCA_ID,NOMBRE,PRESENTACION,CONTENIDO,UNIDADES_POR_CAJA,COSTO,COSTO_VENTA,PRECIO_BASE,UNIDAD_MEDIDA,CODIGO_BARRAS) VALUES(493,60,'Bustillos Crema','Arnica',150,24.0,1.000000,1.000000,1.000000,'G',7.501185730544E12);

INSERT INTO MOVIMIENTO_HISTORICO_PRODUCTO (ALMACEN_ID,PRODUCTO_ID,FECHA,TIPO_MOVIMIENTO_ID,CANTIDAD,COSTO,PRECIO,USUARIO_ID) VALUES(1,493,now(),30,12,1.000000,1.000000,'root');
INSERT INTO ALMACEN_PRODUCTO(ALMACEN_ID,PRODUCTO_ID,CANTIDAD_ACTUAL,CANTIDAD_MINIMA,PRECIO_VENTA) VALUES (1,493,12,0,1.000000);

INSERT INTO ALMACEN_PRODUCTO(ALMACEN_ID,PRODUCTO_ID,CANTIDAD_ACTUAL,CANTIDAD_MINIMA,PRECIO_VENTA) VALUES (2,493,0,0,1.000000);

INSERT INTO ALMACEN_PRODUCTO(ALMACEN_ID,PRODUCTO_ID,CANTIDAD_ACTUAL,CANTIDAD_MINIMA,PRECIO_VENTA) VALUES (3,493,12,0,1.000000);

INSERT INTO ALMACEN_PRODUCTO(ALMACEN_ID,PRODUCTO_ID,CANTIDAD_ACTUAL,CANTIDAD_MINIMA,PRECIO_VENTA) VALUES (4,493,12,0,1.000000);

INSERT INTO PROVEEDOR_PRODUCTO(PROVEEDOR_ID,PRODUCTO_ID,PRECIO_COMPRA) VALUES(20,493, 1.000000);

-- ===========PRODUCTO [494]
INSERT INTO PRODUCTO(ID,MARCA_ID,NOMBRE,PRESENTACION,CONTENIDO,UNIDADES_POR_CAJA,COSTO,COSTO_VENTA,PRECIO_BASE,UNIDAD_MEDIDA,CODIGO_BARRAS) VALUES(494,52,'4 Today Rastrillo Exhibidor','Triple Hoja Dama',2,20.0,1.000000,1.000000,14.750000,'Pz',6.935249631828E12);

INSERT INTO MOVIMIENTO_HISTORICO_PRODUCTO (ALMACEN_ID,PRODUCTO_ID,FECHA,TIPO_MOVIMIENTO_ID,CANTIDAD,COSTO,PRECIO,USUARIO_ID) VALUES(1,494,now(),30,20,1.000000,14.750000,'root');
INSERT INTO ALMACEN_PRODUCTO(ALMACEN_ID,PRODUCTO_ID,CANTIDAD_ACTUAL,CANTIDAD_MINIMA,PRECIO_VENTA) VALUES (1,494,20,0,14.750000);

INSERT INTO ALMACEN_PRODUCTO(ALMACEN_ID,PRODUCTO_ID,CANTIDAD_ACTUAL,CANTIDAD_MINIMA,PRECIO_VENTA) VALUES (2,494,0,0,1.000000);

INSERT INTO ALMACEN_PRODUCTO(ALMACEN_ID,PRODUCTO_ID,CANTIDAD_ACTUAL,CANTIDAD_MINIMA,PRECIO_VENTA) VALUES (3,494,20,0,15.900000);

INSERT INTO ALMACEN_PRODUCTO(ALMACEN_ID,PRODUCTO_ID,CANTIDAD_ACTUAL,CANTIDAD_MINIMA,PRECIO_VENTA) VALUES (4,494,20,0,1.000000);

INSERT INTO PROVEEDOR_PRODUCTO(PROVEEDOR_ID,PRODUCTO_ID,PRECIO_COMPRA) VALUES(7,494, 1.000000);

-- ===========PRODUCTO [495]
INSERT INTO PRODUCTO(ID,MARCA_ID,NOMBRE,PRESENTACION,CONTENIDO,UNIDADES_POR_CAJA,COSTO,COSTO_VENTA,PRECIO_BASE,UNIDAD_MEDIDA,CODIGO_BARRAS) VALUES(495,52,'4 Today Rastrillo Exhibidor','Triple Hoja Caballero',2,20.0,1.000000,1.000000,14.750000,'Pz',6.935249631811E12);

INSERT INTO MOVIMIENTO_HISTORICO_PRODUCTO (ALMACEN_ID,PRODUCTO_ID,FECHA,TIPO_MOVIMIENTO_ID,CANTIDAD,COSTO,PRECIO,USUARIO_ID) VALUES(1,495,now(),30,20,1.000000,14.750000,'root');
INSERT INTO ALMACEN_PRODUCTO(ALMACEN_ID,PRODUCTO_ID,CANTIDAD_ACTUAL,CANTIDAD_MINIMA,PRECIO_VENTA) VALUES (1,495,20,0,14.750000);

INSERT INTO ALMACEN_PRODUCTO(ALMACEN_ID,PRODUCTO_ID,CANTIDAD_ACTUAL,CANTIDAD_MINIMA,PRECIO_VENTA) VALUES (2,495,0,0,1.000000);

INSERT INTO ALMACEN_PRODUCTO(ALMACEN_ID,PRODUCTO_ID,CANTIDAD_ACTUAL,CANTIDAD_MINIMA,PRECIO_VENTA) VALUES (3,495,20,0,15.900000);

INSERT INTO ALMACEN_PRODUCTO(ALMACEN_ID,PRODUCTO_ID,CANTIDAD_ACTUAL,CANTIDAD_MINIMA,PRECIO_VENTA) VALUES (4,495,20,0,1.000000);

INSERT INTO PROVEEDOR_PRODUCTO(PROVEEDOR_ID,PRODUCTO_ID,PRECIO_COMPRA) VALUES(7,495, 1.000000);

-- ===========PRODUCTO [496]
INSERT INTO PRODUCTO(ID,MARCA_ID,NOMBRE,PRESENTACION,CONTENIDO,UNIDADES_POR_CAJA,COSTO,COSTO_VENTA,PRECIO_BASE,UNIDAD_MEDIDA,CODIGO_BARRAS) VALUES(496,52,'4 Today Rastrillo Exhibidor','Doble Hoja',10,120.0,1.000000,1.000000,16.880000,'Pz',6.935249621515E12);

INSERT INTO MOVIMIENTO_HISTORICO_PRODUCTO (ALMACEN_ID,PRODUCTO_ID,FECHA,TIPO_MOVIMIENTO_ID,CANTIDAD,COSTO,PRECIO,USUARIO_ID) VALUES(1,496,now(),30,24,1.000000,16.880000,'root');
INSERT INTO ALMACEN_PRODUCTO(ALMACEN_ID,PRODUCTO_ID,CANTIDAD_ACTUAL,CANTIDAD_MINIMA,PRECIO_VENTA) VALUES (1,496,24,0,16.880000);

INSERT INTO ALMACEN_PRODUCTO(ALMACEN_ID,PRODUCTO_ID,CANTIDAD_ACTUAL,CANTIDAD_MINIMA,PRECIO_VENTA) VALUES (2,496,0,0,1.000000);

INSERT INTO ALMACEN_PRODUCTO(ALMACEN_ID,PRODUCTO_ID,CANTIDAD_ACTUAL,CANTIDAD_MINIMA,PRECIO_VENTA) VALUES (3,496,24,0,19.000000);

INSERT INTO ALMACEN_PRODUCTO(ALMACEN_ID,PRODUCTO_ID,CANTIDAD_ACTUAL,CANTIDAD_MINIMA,PRECIO_VENTA) VALUES (4,496,24,0,1.000000);

INSERT INTO PROVEEDOR_PRODUCTO(PROVEEDOR_ID,PRODUCTO_ID,PRECIO_COMPRA) VALUES(7,496, 1.000000);

-- ===========PRODUCTO [497]
INSERT INTO PRODUCTO(ID,MARCA_ID,NOMBRE,PRESENTACION,CONTENIDO,UNIDADES_POR_CAJA,COSTO,COSTO_VENTA,PRECIO_BASE,UNIDAD_MEDIDA,CODIGO_BARRAS) VALUES(497,52,'4 Today Rastrillo Exhibidor','Doble Hoja',24,36.0,1.000000,1.000000,63.830000,'Pz',6.935249624226E12);

INSERT INTO MOVIMIENTO_HISTORICO_PRODUCTO (ALMACEN_ID,PRODUCTO_ID,FECHA,TIPO_MOVIMIENTO_ID,CANTIDAD,COSTO,PRECIO,USUARIO_ID) VALUES(1,497,now(),30,10,1.000000,63.830000,'root');
INSERT INTO ALMACEN_PRODUCTO(ALMACEN_ID,PRODUCTO_ID,CANTIDAD_ACTUAL,CANTIDAD_MINIMA,PRECIO_VENTA) VALUES (1,497,10,0,63.830000);

INSERT INTO ALMACEN_PRODUCTO(ALMACEN_ID,PRODUCTO_ID,CANTIDAD_ACTUAL,CANTIDAD_MINIMA,PRECIO_VENTA) VALUES (2,497,0,0,1.000000);

INSERT INTO ALMACEN_PRODUCTO(ALMACEN_ID,PRODUCTO_ID,CANTIDAD_ACTUAL,CANTIDAD_MINIMA,PRECIO_VENTA) VALUES (3,497,10,0,69.000000);

INSERT INTO ALMACEN_PRODUCTO(ALMACEN_ID,PRODUCTO_ID,CANTIDAD_ACTUAL,CANTIDAD_MINIMA,PRECIO_VENTA) VALUES (4,497,10,0,1.000000);

INSERT INTO PROVEEDOR_PRODUCTO(PROVEEDOR_ID,PRODUCTO_ID,PRECIO_COMPRA) VALUES(7,497, 1.000000);

-- ===========PRODUCTO [498]
INSERT INTO PRODUCTO(ID,MARCA_ID,NOMBRE,PRESENTACION,CONTENIDO,UNIDADES_POR_CAJA,COSTO,COSTO_VENTA,PRECIO_BASE,UNIDAD_MEDIDA,CODIGO_BARRAS) VALUES(498,52,'4 Today Rastrillo','Doble Hoja',2,12.0,1.000000,1.000000,5.320000,'Pz',6.935249602446E12);

INSERT INTO MOVIMIENTO_HISTORICO_PRODUCTO (ALMACEN_ID,PRODUCTO_ID,FECHA,TIPO_MOVIMIENTO_ID,CANTIDAD,COSTO,PRECIO,USUARIO_ID) VALUES(1,498,now(),30,36,1.000000,5.320000,'root');
INSERT INTO ALMACEN_PRODUCTO(ALMACEN_ID,PRODUCTO_ID,CANTIDAD_ACTUAL,CANTIDAD_MINIMA,PRECIO_VENTA) VALUES (1,498,36,0,5.320000);

INSERT INTO ALMACEN_PRODUCTO(ALMACEN_ID,PRODUCTO_ID,CANTIDAD_ACTUAL,CANTIDAD_MINIMA,PRECIO_VENTA) VALUES (2,498,0,0,1.000000);

INSERT INTO ALMACEN_PRODUCTO(ALMACEN_ID,PRODUCTO_ID,CANTIDAD_ACTUAL,CANTIDAD_MINIMA,PRECIO_VENTA) VALUES (3,498,36,0,6.500000);

INSERT INTO ALMACEN_PRODUCTO(ALMACEN_ID,PRODUCTO_ID,CANTIDAD_ACTUAL,CANTIDAD_MINIMA,PRECIO_VENTA) VALUES (4,498,36,0,1.000000);

INSERT INTO PROVEEDOR_PRODUCTO(PROVEEDOR_ID,PRODUCTO_ID,PRECIO_COMPRA) VALUES(7,498, 1.000000);

-- ===========PRODUCTO [499]
INSERT INTO PRODUCTO(ID,MARCA_ID,NOMBRE,PRESENTACION,CONTENIDO,UNIDADES_POR_CAJA,COSTO,COSTO_VENTA,PRECIO_BASE,UNIDAD_MEDIDA,CODIGO_BARRAS) VALUES(499,54,'Real Solida','Glicerina',400,24.0,1.000000,1.000000,1.000000,'G',7.501039704202E12);

INSERT INTO MOVIMIENTO_HISTORICO_PRODUCTO (ALMACEN_ID,PRODUCTO_ID,FECHA,TIPO_MOVIMIENTO_ID,CANTIDAD,COSTO,PRECIO,USUARIO_ID) VALUES(1,499,now(),30,60,1.000000,1.000000,'root');
INSERT INTO ALMACEN_PRODUCTO(ALMACEN_ID,PRODUCTO_ID,CANTIDAD_ACTUAL,CANTIDAD_MINIMA,PRECIO_VENTA) VALUES (1,499,60,0,1.000000);

INSERT INTO ALMACEN_PRODUCTO(ALMACEN_ID,PRODUCTO_ID,CANTIDAD_ACTUAL,CANTIDAD_MINIMA,PRECIO_VENTA) VALUES (2,499,0,0,1.000000);

INSERT INTO ALMACEN_PRODUCTO(ALMACEN_ID,PRODUCTO_ID,CANTIDAD_ACTUAL,CANTIDAD_MINIMA,PRECIO_VENTA) VALUES (3,499,60,0,1.000000);

INSERT INTO ALMACEN_PRODUCTO(ALMACEN_ID,PRODUCTO_ID,CANTIDAD_ACTUAL,CANTIDAD_MINIMA,PRECIO_VENTA) VALUES (4,499,60,0,1.000000);

INSERT INTO PROVEEDOR_PRODUCTO(PROVEEDOR_ID,PRODUCTO_ID,PRECIO_COMPRA) VALUES(26,499, 1.000000);

-- ===========PRODUCTO [500]
INSERT INTO PRODUCTO(ID,MARCA_ID,NOMBRE,PRESENTACION,CONTENIDO,UNIDADES_POR_CAJA,COSTO,COSTO_VENTA,PRECIO_BASE,UNIDAD_MEDIDA,CODIGO_BARRAS) VALUES(500,54,'Vaselina Real','Petrolato',200,36.0,1.000000,1.000000,1.000000,'G',7.501039701065E12);

INSERT INTO MOVIMIENTO_HISTORICO_PRODUCTO (ALMACEN_ID,PRODUCTO_ID,FECHA,TIPO_MOVIMIENTO_ID,CANTIDAD,COSTO,PRECIO,USUARIO_ID) VALUES(1,500,now(),30,48,1.000000,1.000000,'root');
INSERT INTO ALMACEN_PRODUCTO(ALMACEN_ID,PRODUCTO_ID,CANTIDAD_ACTUAL,CANTIDAD_MINIMA,PRECIO_VENTA) VALUES (1,500,48,0,1.000000);

INSERT INTO ALMACEN_PRODUCTO(ALMACEN_ID,PRODUCTO_ID,CANTIDAD_ACTUAL,CANTIDAD_MINIMA,PRECIO_VENTA) VALUES (2,500,0,0,1.000000);

INSERT INTO ALMACEN_PRODUCTO(ALMACEN_ID,PRODUCTO_ID,CANTIDAD_ACTUAL,CANTIDAD_MINIMA,PRECIO_VENTA) VALUES (3,500,48,0,1.000000);

INSERT INTO ALMACEN_PRODUCTO(ALMACEN_ID,PRODUCTO_ID,CANTIDAD_ACTUAL,CANTIDAD_MINIMA,PRECIO_VENTA) VALUES (4,500,48,0,1.000000);

INSERT INTO PROVEEDOR_PRODUCTO(PROVEEDOR_ID,PRODUCTO_ID,PRECIO_COMPRA) VALUES(26,500, 1.000000);

-- ===========PRODUCTO [501]
INSERT INTO PRODUCTO(ID,MARCA_ID,NOMBRE,PRESENTACION,CONTENIDO,UNIDADES_POR_CAJA,COSTO,COSTO_VENTA,PRECIO_BASE,UNIDAD_MEDIDA,CODIGO_BARRAS) VALUES(501,54,'Vaselina Real','Perfume',200,36.0,1.000000,1.000000,1.000000,'G',7.501039701058E12);

INSERT INTO MOVIMIENTO_HISTORICO_PRODUCTO (ALMACEN_ID,PRODUCTO_ID,FECHA,TIPO_MOVIMIENTO_ID,CANTIDAD,COSTO,PRECIO,USUARIO_ID) VALUES(1,501,now(),30,47,1.000000,1.000000,'root');
INSERT INTO ALMACEN_PRODUCTO(ALMACEN_ID,PRODUCTO_ID,CANTIDAD_ACTUAL,CANTIDAD_MINIMA,PRECIO_VENTA) VALUES (1,501,47,0,1.000000);

INSERT INTO ALMACEN_PRODUCTO(ALMACEN_ID,PRODUCTO_ID,CANTIDAD_ACTUAL,CANTIDAD_MINIMA,PRECIO_VENTA) VALUES (2,501,0,0,1.000000);

INSERT INTO ALMACEN_PRODUCTO(ALMACEN_ID,PRODUCTO_ID,CANTIDAD_ACTUAL,CANTIDAD_MINIMA,PRECIO_VENTA) VALUES (3,501,47,0,1.000000);

INSERT INTO ALMACEN_PRODUCTO(ALMACEN_ID,PRODUCTO_ID,CANTIDAD_ACTUAL,CANTIDAD_MINIMA,PRECIO_VENTA) VALUES (4,501,47,0,1.000000);

INSERT INTO PROVEEDOR_PRODUCTO(PROVEEDOR_ID,PRODUCTO_ID,PRECIO_COMPRA) VALUES(26,501, 1.000000);

-- ===========PRODUCTO [502]
INSERT INTO PRODUCTO(ID,MARCA_ID,NOMBRE,PRESENTACION,CONTENIDO,UNIDADES_POR_CAJA,COSTO,COSTO_VENTA,PRECIO_BASE,UNIDAD_MEDIDA,CODIGO_BARRAS) VALUES(502,12,'Ammens Talco Desodorante','Aloe Vera',250,12.0,1.000000,1.000000,1.000000,'G',7.502221182242E12);

INSERT INTO MOVIMIENTO_HISTORICO_PRODUCTO (ALMACEN_ID,PRODUCTO_ID,FECHA,TIPO_MOVIMIENTO_ID,CANTIDAD,COSTO,PRECIO,USUARIO_ID) VALUES(1,502,now(),30,12,1.000000,1.000000,'root');
INSERT INTO ALMACEN_PRODUCTO(ALMACEN_ID,PRODUCTO_ID,CANTIDAD_ACTUAL,CANTIDAD_MINIMA,PRECIO_VENTA) VALUES (1,502,12,0,1.000000);

INSERT INTO ALMACEN_PRODUCTO(ALMACEN_ID,PRODUCTO_ID,CANTIDAD_ACTUAL,CANTIDAD_MINIMA,PRECIO_VENTA) VALUES (2,502,25,0,1.000000);

INSERT INTO ALMACEN_PRODUCTO(ALMACEN_ID,PRODUCTO_ID,CANTIDAD_ACTUAL,CANTIDAD_MINIMA,PRECIO_VENTA) VALUES (3,502,12,0,1.000000);

INSERT INTO ALMACEN_PRODUCTO(ALMACEN_ID,PRODUCTO_ID,CANTIDAD_ACTUAL,CANTIDAD_MINIMA,PRECIO_VENTA) VALUES (4,502,12,0,1.000000);

INSERT INTO PROVEEDOR_PRODUCTO(PROVEEDOR_ID,PRODUCTO_ID,PRECIO_COMPRA) VALUES(18,502, 1.000000);

-- ===========PRODUCTO [503]
INSERT INTO PRODUCTO(ID,MARCA_ID,NOMBRE,PRESENTACION,CONTENIDO,UNIDADES_POR_CAJA,COSTO,COSTO_VENTA,PRECIO_BASE,UNIDAD_MEDIDA,CODIGO_BARRAS) VALUES(503,54,'Real Solida','Piel Seca',200,48.0,1.000000,1.000000,1.000000,'G',7.501039702017E12);

INSERT INTO MOVIMIENTO_HISTORICO_PRODUCTO (ALMACEN_ID,PRODUCTO_ID,FECHA,TIPO_MOVIMIENTO_ID,CANTIDAD,COSTO,PRECIO,USUARIO_ID) VALUES(1,503,now(),30,82,1.000000,1.000000,'root');
INSERT INTO ALMACEN_PRODUCTO(ALMACEN_ID,PRODUCTO_ID,CANTIDAD_ACTUAL,CANTIDAD_MINIMA,PRECIO_VENTA) VALUES (1,503,82,0,1.000000);

INSERT INTO ALMACEN_PRODUCTO(ALMACEN_ID,PRODUCTO_ID,CANTIDAD_ACTUAL,CANTIDAD_MINIMA,PRECIO_VENTA) VALUES (2,503,0,0,1.000000);

INSERT INTO ALMACEN_PRODUCTO(ALMACEN_ID,PRODUCTO_ID,CANTIDAD_ACTUAL,CANTIDAD_MINIMA,PRECIO_VENTA) VALUES (3,503,82,0,1.000000);

INSERT INTO ALMACEN_PRODUCTO(ALMACEN_ID,PRODUCTO_ID,CANTIDAD_ACTUAL,CANTIDAD_MINIMA,PRECIO_VENTA) VALUES (4,503,82,0,1.000000);

INSERT INTO PROVEEDOR_PRODUCTO(PROVEEDOR_ID,PRODUCTO_ID,PRECIO_COMPRA) VALUES(26,503, 1.000000);

-- ===========PRODUCTO [504]
INSERT INTO PRODUCTO(ID,MARCA_ID,NOMBRE,PRESENTACION,CONTENIDO,UNIDADES_POR_CAJA,COSTO,COSTO_VENTA,PRECIO_BASE,UNIDAD_MEDIDA,CODIGO_BARRAS) VALUES(504,12,'Ammens Talco Desodorante','Manzanilla',250,12.0,1.000000,1.000000,1.000000,'G',7.502221182266E12);

INSERT INTO MOVIMIENTO_HISTORICO_PRODUCTO (ALMACEN_ID,PRODUCTO_ID,FECHA,TIPO_MOVIMIENTO_ID,CANTIDAD,COSTO,PRECIO,USUARIO_ID) VALUES(1,504,now(),30,12,1.000000,1.000000,'root');
INSERT INTO ALMACEN_PRODUCTO(ALMACEN_ID,PRODUCTO_ID,CANTIDAD_ACTUAL,CANTIDAD_MINIMA,PRECIO_VENTA) VALUES (1,504,12,0,1.000000);

INSERT INTO ALMACEN_PRODUCTO(ALMACEN_ID,PRODUCTO_ID,CANTIDAD_ACTUAL,CANTIDAD_MINIMA,PRECIO_VENTA) VALUES (2,504,11,0,1.000000);

INSERT INTO ALMACEN_PRODUCTO(ALMACEN_ID,PRODUCTO_ID,CANTIDAD_ACTUAL,CANTIDAD_MINIMA,PRECIO_VENTA) VALUES (3,504,12,0,1.000000);

INSERT INTO ALMACEN_PRODUCTO(ALMACEN_ID,PRODUCTO_ID,CANTIDAD_ACTUAL,CANTIDAD_MINIMA,PRECIO_VENTA) VALUES (4,504,12,0,1.000000);

INSERT INTO PROVEEDOR_PRODUCTO(PROVEEDOR_ID,PRODUCTO_ID,PRECIO_COMPRA) VALUES(18,504, 1.000000);

-- ===========PRODUCTO [505]
INSERT INTO PRODUCTO(ID,MARCA_ID,NOMBRE,PRESENTACION,CONTENIDO,UNIDADES_POR_CAJA,COSTO,COSTO_VENTA,PRECIO_BASE,UNIDAD_MEDIDA,CODIGO_BARRAS) VALUES(505,54,'Real Liquida','Piel Seca',380,24.0,1.000000,1.000000,1.000000,'ML',7.501039701201E12);

INSERT INTO MOVIMIENTO_HISTORICO_PRODUCTO (ALMACEN_ID,PRODUCTO_ID,FECHA,TIPO_MOVIMIENTO_ID,CANTIDAD,COSTO,PRECIO,USUARIO_ID) VALUES(1,505,now(),30,48,1.000000,1.000000,'root');
INSERT INTO ALMACEN_PRODUCTO(ALMACEN_ID,PRODUCTO_ID,CANTIDAD_ACTUAL,CANTIDAD_MINIMA,PRECIO_VENTA) VALUES (1,505,48,0,1.000000);

INSERT INTO ALMACEN_PRODUCTO(ALMACEN_ID,PRODUCTO_ID,CANTIDAD_ACTUAL,CANTIDAD_MINIMA,PRECIO_VENTA) VALUES (2,505,0,0,1.000000);

INSERT INTO ALMACEN_PRODUCTO(ALMACEN_ID,PRODUCTO_ID,CANTIDAD_ACTUAL,CANTIDAD_MINIMA,PRECIO_VENTA) VALUES (3,505,48,0,1.000000);

INSERT INTO ALMACEN_PRODUCTO(ALMACEN_ID,PRODUCTO_ID,CANTIDAD_ACTUAL,CANTIDAD_MINIMA,PRECIO_VENTA) VALUES (4,505,48,0,1.000000);

INSERT INTO PROVEEDOR_PRODUCTO(PROVEEDOR_ID,PRODUCTO_ID,PRECIO_COMPRA) VALUES(26,505, 1.000000);

-- ===========PRODUCTO [506]
INSERT INTO PRODUCTO(ID,MARCA_ID,NOMBRE,PRESENTACION,CONTENIDO,UNIDADES_POR_CAJA,COSTO,COSTO_VENTA,PRECIO_BASE,UNIDAD_MEDIDA,CODIGO_BARRAS) VALUES(506,54,'Real Liquida','Piel Normal',380,24.0,1.000000,1.000000,1.000000,'ML',7.501039701195E12);

INSERT INTO MOVIMIENTO_HISTORICO_PRODUCTO (ALMACEN_ID,PRODUCTO_ID,FECHA,TIPO_MOVIMIENTO_ID,CANTIDAD,COSTO,PRECIO,USUARIO_ID) VALUES(1,506,now(),30,48,1.000000,1.000000,'root');
INSERT INTO ALMACEN_PRODUCTO(ALMACEN_ID,PRODUCTO_ID,CANTIDAD_ACTUAL,CANTIDAD_MINIMA,PRECIO_VENTA) VALUES (1,506,48,0,1.000000);

INSERT INTO ALMACEN_PRODUCTO(ALMACEN_ID,PRODUCTO_ID,CANTIDAD_ACTUAL,CANTIDAD_MINIMA,PRECIO_VENTA) VALUES (2,506,0,0,1.000000);

INSERT INTO ALMACEN_PRODUCTO(ALMACEN_ID,PRODUCTO_ID,CANTIDAD_ACTUAL,CANTIDAD_MINIMA,PRECIO_VENTA) VALUES (3,506,48,0,1.000000);

INSERT INTO ALMACEN_PRODUCTO(ALMACEN_ID,PRODUCTO_ID,CANTIDAD_ACTUAL,CANTIDAD_MINIMA,PRECIO_VENTA) VALUES (4,506,48,0,1.000000);

INSERT INTO PROVEEDOR_PRODUCTO(PROVEEDOR_ID,PRODUCTO_ID,PRECIO_COMPRA) VALUES(26,506, 1.000000);

-- ===========PRODUCTO [507]
INSERT INTO PRODUCTO(ID,MARCA_ID,NOMBRE,PRESENTACION,CONTENIDO,UNIDADES_POR_CAJA,COSTO,COSTO_VENTA,PRECIO_BASE,UNIDAD_MEDIDA,CODIGO_BARRAS) VALUES(507,54,'Real Liquida','Piel Extra Seca',380,24.0,1.000000,1.000000,1.000000,'ML',7.501039701249E12);

INSERT INTO MOVIMIENTO_HISTORICO_PRODUCTO (ALMACEN_ID,PRODUCTO_ID,FECHA,TIPO_MOVIMIENTO_ID,CANTIDAD,COSTO,PRECIO,USUARIO_ID) VALUES(1,507,now(),30,48,1.000000,1.000000,'root');
INSERT INTO ALMACEN_PRODUCTO(ALMACEN_ID,PRODUCTO_ID,CANTIDAD_ACTUAL,CANTIDAD_MINIMA,PRECIO_VENTA) VALUES (1,507,48,0,1.000000);

INSERT INTO ALMACEN_PRODUCTO(ALMACEN_ID,PRODUCTO_ID,CANTIDAD_ACTUAL,CANTIDAD_MINIMA,PRECIO_VENTA) VALUES (2,507,0,0,1.000000);

INSERT INTO ALMACEN_PRODUCTO(ALMACEN_ID,PRODUCTO_ID,CANTIDAD_ACTUAL,CANTIDAD_MINIMA,PRECIO_VENTA) VALUES (3,507,48,0,1.000000);

INSERT INTO ALMACEN_PRODUCTO(ALMACEN_ID,PRODUCTO_ID,CANTIDAD_ACTUAL,CANTIDAD_MINIMA,PRECIO_VENTA) VALUES (4,507,48,0,1.000000);

INSERT INTO PROVEEDOR_PRODUCTO(PROVEEDOR_ID,PRODUCTO_ID,PRECIO_COMPRA) VALUES(26,507, 1.000000);

-- ===========PRODUCTO [508]
INSERT INTO PRODUCTO(ID,MARCA_ID,NOMBRE,PRESENTACION,CONTENIDO,UNIDADES_POR_CAJA,COSTO,COSTO_VENTA,PRECIO_BASE,UNIDAD_MEDIDA,CODIGO_BARRAS) VALUES(508,54,'Real Solida','Piel Extra Seca',200,48.0,1.000000,1.000000,1.000000,'G',7.501039702024E12);

INSERT INTO MOVIMIENTO_HISTORICO_PRODUCTO (ALMACEN_ID,PRODUCTO_ID,FECHA,TIPO_MOVIMIENTO_ID,CANTIDAD,COSTO,PRECIO,USUARIO_ID) VALUES(1,508,now(),30,82,1.000000,1.000000,'root');
INSERT INTO ALMACEN_PRODUCTO(ALMACEN_ID,PRODUCTO_ID,CANTIDAD_ACTUAL,CANTIDAD_MINIMA,PRECIO_VENTA) VALUES (1,508,82,0,1.000000);

INSERT INTO ALMACEN_PRODUCTO(ALMACEN_ID,PRODUCTO_ID,CANTIDAD_ACTUAL,CANTIDAD_MINIMA,PRECIO_VENTA) VALUES (2,508,2,0,1.000000);

INSERT INTO ALMACEN_PRODUCTO(ALMACEN_ID,PRODUCTO_ID,CANTIDAD_ACTUAL,CANTIDAD_MINIMA,PRECIO_VENTA) VALUES (3,508,82,0,1.000000);

INSERT INTO ALMACEN_PRODUCTO(ALMACEN_ID,PRODUCTO_ID,CANTIDAD_ACTUAL,CANTIDAD_MINIMA,PRECIO_VENTA) VALUES (4,508,82,0,1.000000);

INSERT INTO PROVEEDOR_PRODUCTO(PROVEEDOR_ID,PRODUCTO_ID,PRECIO_COMPRA) VALUES(26,508, 1.000000);

-- ===========PRODUCTO [509]
INSERT INTO PRODUCTO(ID,MARCA_ID,NOMBRE,PRESENTACION,CONTENIDO,UNIDADES_POR_CAJA,COSTO,COSTO_VENTA,PRECIO_BASE,UNIDAD_MEDIDA,CODIGO_BARRAS) VALUES(509,54,'Real Solida','Piel Seca',370,24.0,1.000000,1.000000,1.000000,'G',7.501039703717E12);

INSERT INTO MOVIMIENTO_HISTORICO_PRODUCTO (ALMACEN_ID,PRODUCTO_ID,FECHA,TIPO_MOVIMIENTO_ID,CANTIDAD,COSTO,PRECIO,USUARIO_ID) VALUES(1,509,now(),30,30,1.000000,1.000000,'root');
INSERT INTO ALMACEN_PRODUCTO(ALMACEN_ID,PRODUCTO_ID,CANTIDAD_ACTUAL,CANTIDAD_MINIMA,PRECIO_VENTA) VALUES (1,509,30,0,1.000000);

INSERT INTO ALMACEN_PRODUCTO(ALMACEN_ID,PRODUCTO_ID,CANTIDAD_ACTUAL,CANTIDAD_MINIMA,PRECIO_VENTA) VALUES (2,509,0,0,1.000000);

INSERT INTO ALMACEN_PRODUCTO(ALMACEN_ID,PRODUCTO_ID,CANTIDAD_ACTUAL,CANTIDAD_MINIMA,PRECIO_VENTA) VALUES (3,509,30,0,1.000000);

INSERT INTO ALMACEN_PRODUCTO(ALMACEN_ID,PRODUCTO_ID,CANTIDAD_ACTUAL,CANTIDAD_MINIMA,PRECIO_VENTA) VALUES (4,509,30,0,1.000000);

INSERT INTO PROVEEDOR_PRODUCTO(PROVEEDOR_ID,PRODUCTO_ID,PRECIO_COMPRA) VALUES(26,509, 1.000000);

-- ===========PRODUCTO [510]
INSERT INTO PRODUCTO(ID,MARCA_ID,NOMBRE,PRESENTACION,CONTENIDO,UNIDADES_POR_CAJA,COSTO,COSTO_VENTA,PRECIO_BASE,UNIDAD_MEDIDA,CODIGO_BARRAS) VALUES(510,61,'Moco de Gorila Squizz','Rockero',340,12.0,1.000000,1.000000,1.000000,'G',7.501438326074E12);

INSERT INTO MOVIMIENTO_HISTORICO_PRODUCTO (ALMACEN_ID,PRODUCTO_ID,FECHA,TIPO_MOVIMIENTO_ID,CANTIDAD,COSTO,PRECIO,USUARIO_ID) VALUES(1,510,now(),30,12,1.000000,1.000000,'root');
INSERT INTO ALMACEN_PRODUCTO(ALMACEN_ID,PRODUCTO_ID,CANTIDAD_ACTUAL,CANTIDAD_MINIMA,PRECIO_VENTA) VALUES (1,510,12,0,1.000000);

INSERT INTO ALMACEN_PRODUCTO(ALMACEN_ID,PRODUCTO_ID,CANTIDAD_ACTUAL,CANTIDAD_MINIMA,PRECIO_VENTA) VALUES (2,510,0,0,1.000000);

INSERT INTO ALMACEN_PRODUCTO(ALMACEN_ID,PRODUCTO_ID,CANTIDAD_ACTUAL,CANTIDAD_MINIMA,PRECIO_VENTA) VALUES (3,510,12,0,21.900000);

INSERT INTO ALMACEN_PRODUCTO(ALMACEN_ID,PRODUCTO_ID,CANTIDAD_ACTUAL,CANTIDAD_MINIMA,PRECIO_VENTA) VALUES (4,510,12,0,1.000000);

INSERT INTO PROVEEDOR_PRODUCTO(PROVEEDOR_ID,PRODUCTO_ID,PRECIO_COMPRA) VALUES(12,510, 1.000000);

-- ===========PRODUCTO [511]
INSERT INTO PRODUCTO(ID,MARCA_ID,NOMBRE,PRESENTACION,CONTENIDO,UNIDADES_POR_CAJA,COSTO,COSTO_VENTA,PRECIO_BASE,UNIDAD_MEDIDA,CODIGO_BARRAS) VALUES(511,61,'Moco de Gorila Squizz','Galan',340,12.0,1.000000,1.000000,1.000000,'G',7.501438326067E12);

INSERT INTO MOVIMIENTO_HISTORICO_PRODUCTO (ALMACEN_ID,PRODUCTO_ID,FECHA,TIPO_MOVIMIENTO_ID,CANTIDAD,COSTO,PRECIO,USUARIO_ID) VALUES(1,511,now(),30,12,1.000000,1.000000,'root');
INSERT INTO ALMACEN_PRODUCTO(ALMACEN_ID,PRODUCTO_ID,CANTIDAD_ACTUAL,CANTIDAD_MINIMA,PRECIO_VENTA) VALUES (1,511,12,0,1.000000);

INSERT INTO ALMACEN_PRODUCTO(ALMACEN_ID,PRODUCTO_ID,CANTIDAD_ACTUAL,CANTIDAD_MINIMA,PRECIO_VENTA) VALUES (2,511,0,0,1.000000);

INSERT INTO ALMACEN_PRODUCTO(ALMACEN_ID,PRODUCTO_ID,CANTIDAD_ACTUAL,CANTIDAD_MINIMA,PRECIO_VENTA) VALUES (3,511,12,0,21.900000);

INSERT INTO ALMACEN_PRODUCTO(ALMACEN_ID,PRODUCTO_ID,CANTIDAD_ACTUAL,CANTIDAD_MINIMA,PRECIO_VENTA) VALUES (4,511,12,0,1.000000);

INSERT INTO PROVEEDOR_PRODUCTO(PROVEEDOR_ID,PRODUCTO_ID,PRECIO_COMPRA) VALUES(12,511, 1.000000);

-- ===========PRODUCTO [512]
INSERT INTO PRODUCTO(ID,MARCA_ID,NOMBRE,PRESENTACION,CONTENIDO,UNIDADES_POR_CAJA,COSTO,COSTO_VENTA,PRECIO_BASE,UNIDAD_MEDIDA,CODIGO_BARRAS) VALUES(512,17,'Palmolive Optims Shampoo','4 Extra Intensivo',200,12.0,1.000000,1.000000,1.000000,'ML',7.5002794E7);

INSERT INTO MOVIMIENTO_HISTORICO_PRODUCTO (ALMACEN_ID,PRODUCTO_ID,FECHA,TIPO_MOVIMIENTO_ID,CANTIDAD,COSTO,PRECIO,USUARIO_ID) VALUES(1,512,now(),30,12,1.000000,1.000000,'root');
INSERT INTO ALMACEN_PRODUCTO(ALMACEN_ID,PRODUCTO_ID,CANTIDAD_ACTUAL,CANTIDAD_MINIMA,PRECIO_VENTA) VALUES (1,512,12,0,1.000000);

INSERT INTO ALMACEN_PRODUCTO(ALMACEN_ID,PRODUCTO_ID,CANTIDAD_ACTUAL,CANTIDAD_MINIMA,PRECIO_VENTA) VALUES (2,512,0,0,1.000000);

INSERT INTO ALMACEN_PRODUCTO(ALMACEN_ID,PRODUCTO_ID,CANTIDAD_ACTUAL,CANTIDAD_MINIMA,PRECIO_VENTA) VALUES (3,512,12,0,1.000000);

INSERT INTO ALMACEN_PRODUCTO(ALMACEN_ID,PRODUCTO_ID,CANTIDAD_ACTUAL,CANTIDAD_MINIMA,PRECIO_VENTA) VALUES (4,512,12,0,1.000000);

INSERT INTO PROVEEDOR_PRODUCTO(PROVEEDOR_ID,PRODUCTO_ID,PRECIO_COMPRA) VALUES(6,512, 1.000000);

-- ===========PRODUCTO [513]
INSERT INTO PRODUCTO(ID,MARCA_ID,NOMBRE,PRESENTACION,CONTENIDO,UNIDADES_POR_CAJA,COSTO,COSTO_VENTA,PRECIO_BASE,UNIDAD_MEDIDA,CODIGO_BARRAS) VALUES(513,17,'Palmolive Hydra Natura ','Intensiva Zonas Dificiles',400,12.0,1.000000,1.000000,1.000000,'ML',7.509546053707E12);

INSERT INTO MOVIMIENTO_HISTORICO_PRODUCTO (ALMACEN_ID,PRODUCTO_ID,FECHA,TIPO_MOVIMIENTO_ID,CANTIDAD,COSTO,PRECIO,USUARIO_ID) VALUES(1,513,now(),30,12,1.000000,1.000000,'root');
INSERT INTO ALMACEN_PRODUCTO(ALMACEN_ID,PRODUCTO_ID,CANTIDAD_ACTUAL,CANTIDAD_MINIMA,PRECIO_VENTA) VALUES (1,513,12,0,1.000000);

INSERT INTO ALMACEN_PRODUCTO(ALMACEN_ID,PRODUCTO_ID,CANTIDAD_ACTUAL,CANTIDAD_MINIMA,PRECIO_VENTA) VALUES (2,513,0,0,1.000000);

INSERT INTO ALMACEN_PRODUCTO(ALMACEN_ID,PRODUCTO_ID,CANTIDAD_ACTUAL,CANTIDAD_MINIMA,PRECIO_VENTA) VALUES (3,513,12,0,1.000000);

INSERT INTO ALMACEN_PRODUCTO(ALMACEN_ID,PRODUCTO_ID,CANTIDAD_ACTUAL,CANTIDAD_MINIMA,PRECIO_VENTA) VALUES (4,513,12,0,1.000000);

INSERT INTO PROVEEDOR_PRODUCTO(PROVEEDOR_ID,PRODUCTO_ID,PRECIO_COMPRA) VALUES(6,513, 1.000000);

-- ===========PRODUCTO [514]
INSERT INTO PRODUCTO(ID,MARCA_ID,NOMBRE,PRESENTACION,CONTENIDO,UNIDADES_POR_CAJA,COSTO,COSTO_VENTA,PRECIO_BASE,UNIDAD_MEDIDA,CODIGO_BARRAS) VALUES(514,17,'Palmolive Hydra Natura ','Extra Seca Extra Intensiva',400,12.0,1.000000,1.000000,1.000000,'ML',7.509546017952E12);

INSERT INTO MOVIMIENTO_HISTORICO_PRODUCTO (ALMACEN_ID,PRODUCTO_ID,FECHA,TIPO_MOVIMIENTO_ID,CANTIDAD,COSTO,PRECIO,USUARIO_ID) VALUES(1,514,now(),30,12,1.000000,1.000000,'root');
INSERT INTO ALMACEN_PRODUCTO(ALMACEN_ID,PRODUCTO_ID,CANTIDAD_ACTUAL,CANTIDAD_MINIMA,PRECIO_VENTA) VALUES (1,514,12,0,1.000000);

INSERT INTO ALMACEN_PRODUCTO(ALMACEN_ID,PRODUCTO_ID,CANTIDAD_ACTUAL,CANTIDAD_MINIMA,PRECIO_VENTA) VALUES (2,514,0,0,1.000000);

INSERT INTO ALMACEN_PRODUCTO(ALMACEN_ID,PRODUCTO_ID,CANTIDAD_ACTUAL,CANTIDAD_MINIMA,PRECIO_VENTA) VALUES (3,514,12,0,1.000000);

INSERT INTO ALMACEN_PRODUCTO(ALMACEN_ID,PRODUCTO_ID,CANTIDAD_ACTUAL,CANTIDAD_MINIMA,PRECIO_VENTA) VALUES (4,514,12,0,1.000000);

INSERT INTO PROVEEDOR_PRODUCTO(PROVEEDOR_ID,PRODUCTO_ID,PRECIO_COMPRA) VALUES(6,514, 1.000000);

-- ===========PRODUCTO [515]
INSERT INTO PRODUCTO(ID,MARCA_ID,NOMBRE,PRESENTACION,CONTENIDO,UNIDADES_POR_CAJA,COSTO,COSTO_VENTA,PRECIO_BASE,UNIDAD_MEDIDA,CODIGO_BARRAS) VALUES(515,17,'Palmolive Hydra Natura ','Lavanda',400,12.0,1.000000,1.000000,1.000000,'ML',7.509546051147E12);

INSERT INTO MOVIMIENTO_HISTORICO_PRODUCTO (ALMACEN_ID,PRODUCTO_ID,FECHA,TIPO_MOVIMIENTO_ID,CANTIDAD,COSTO,PRECIO,USUARIO_ID) VALUES(1,515,now(),30,12,1.000000,1.000000,'root');
INSERT INTO ALMACEN_PRODUCTO(ALMACEN_ID,PRODUCTO_ID,CANTIDAD_ACTUAL,CANTIDAD_MINIMA,PRECIO_VENTA) VALUES (1,515,12,0,1.000000);

INSERT INTO ALMACEN_PRODUCTO(ALMACEN_ID,PRODUCTO_ID,CANTIDAD_ACTUAL,CANTIDAD_MINIMA,PRECIO_VENTA) VALUES (2,515,0,0,1.000000);

INSERT INTO ALMACEN_PRODUCTO(ALMACEN_ID,PRODUCTO_ID,CANTIDAD_ACTUAL,CANTIDAD_MINIMA,PRECIO_VENTA) VALUES (3,515,12,0,1.000000);

INSERT INTO ALMACEN_PRODUCTO(ALMACEN_ID,PRODUCTO_ID,CANTIDAD_ACTUAL,CANTIDAD_MINIMA,PRECIO_VENTA) VALUES (4,515,12,0,1.000000);

INSERT INTO PROVEEDOR_PRODUCTO(PROVEEDOR_ID,PRODUCTO_ID,PRECIO_COMPRA) VALUES(6,515, 1.000000);

-- ===========PRODUCTO [516]
INSERT INTO PRODUCTO(ID,MARCA_ID,NOMBRE,PRESENTACION,CONTENIDO,UNIDADES_POR_CAJA,COSTO,COSTO_VENTA,PRECIO_BASE,UNIDAD_MEDIDA,CODIGO_BARRAS) VALUES(516,17,'Palmolive Hydra Natura ','Suavidad Radiante',400,12.0,1.000000,1.000000,1.000000,'ML',7.509546038971E12);

INSERT INTO MOVIMIENTO_HISTORICO_PRODUCTO (ALMACEN_ID,PRODUCTO_ID,FECHA,TIPO_MOVIMIENTO_ID,CANTIDAD,COSTO,PRECIO,USUARIO_ID) VALUES(1,516,now(),30,12,1.000000,1.000000,'root');
INSERT INTO ALMACEN_PRODUCTO(ALMACEN_ID,PRODUCTO_ID,CANTIDAD_ACTUAL,CANTIDAD_MINIMA,PRECIO_VENTA) VALUES (1,516,12,0,1.000000);

INSERT INTO ALMACEN_PRODUCTO(ALMACEN_ID,PRODUCTO_ID,CANTIDAD_ACTUAL,CANTIDAD_MINIMA,PRECIO_VENTA) VALUES (2,516,1,0,1.000000);

INSERT INTO ALMACEN_PRODUCTO(ALMACEN_ID,PRODUCTO_ID,CANTIDAD_ACTUAL,CANTIDAD_MINIMA,PRECIO_VENTA) VALUES (3,516,12,0,1.000000);

INSERT INTO ALMACEN_PRODUCTO(ALMACEN_ID,PRODUCTO_ID,CANTIDAD_ACTUAL,CANTIDAD_MINIMA,PRECIO_VENTA) VALUES (4,516,12,0,1.000000);

INSERT INTO PROVEEDOR_PRODUCTO(PROVEEDOR_ID,PRODUCTO_ID,PRECIO_COMPRA) VALUES(6,516, 1.000000);

-- ===========PRODUCTO [517]
INSERT INTO PRODUCTO(ID,MARCA_ID,NOMBRE,PRESENTACION,CONTENIDO,UNIDADES_POR_CAJA,COSTO,COSTO_VENTA,PRECIO_BASE,UNIDAD_MEDIDA,CODIGO_BARRAS) VALUES(517,17,'Palmolive Hydra Natura ','Intensiva Suavidad Nutritiva',400,12.0,1.000000,1.000000,1.000000,'ML',7.509546045795E12);

INSERT INTO MOVIMIENTO_HISTORICO_PRODUCTO (ALMACEN_ID,PRODUCTO_ID,FECHA,TIPO_MOVIMIENTO_ID,CANTIDAD,COSTO,PRECIO,USUARIO_ID) VALUES(1,517,now(),30,12,1.000000,1.000000,'root');
INSERT INTO ALMACEN_PRODUCTO(ALMACEN_ID,PRODUCTO_ID,CANTIDAD_ACTUAL,CANTIDAD_MINIMA,PRECIO_VENTA) VALUES (1,517,12,0,1.000000);

INSERT INTO ALMACEN_PRODUCTO(ALMACEN_ID,PRODUCTO_ID,CANTIDAD_ACTUAL,CANTIDAD_MINIMA,PRECIO_VENTA) VALUES (2,517,0,0,1.000000);

INSERT INTO ALMACEN_PRODUCTO(ALMACEN_ID,PRODUCTO_ID,CANTIDAD_ACTUAL,CANTIDAD_MINIMA,PRECIO_VENTA) VALUES (3,517,12,0,1.000000);

INSERT INTO ALMACEN_PRODUCTO(ALMACEN_ID,PRODUCTO_ID,CANTIDAD_ACTUAL,CANTIDAD_MINIMA,PRECIO_VENTA) VALUES (4,517,12,0,1.000000);

INSERT INTO PROVEEDOR_PRODUCTO(PROVEEDOR_ID,PRODUCTO_ID,PRECIO_COMPRA) VALUES(6,517, 1.000000);

-- ===========PRODUCTO [518]
INSERT INTO PRODUCTO(ID,MARCA_ID,NOMBRE,PRESENTACION,CONTENIDO,UNIDADES_POR_CAJA,COSTO,COSTO_VENTA,PRECIO_BASE,UNIDAD_MEDIDA,CODIGO_BARRAS) VALUES(518,17,'Palmolive Hydra Natura ','Reafirmante',400,12.0,1.000000,1.000000,1.000000,'ML',7.509546017938E12);

INSERT INTO MOVIMIENTO_HISTORICO_PRODUCTO (ALMACEN_ID,PRODUCTO_ID,FECHA,TIPO_MOVIMIENTO_ID,CANTIDAD,COSTO,PRECIO,USUARIO_ID) VALUES(1,518,now(),30,12,1.000000,1.000000,'root');
INSERT INTO ALMACEN_PRODUCTO(ALMACEN_ID,PRODUCTO_ID,CANTIDAD_ACTUAL,CANTIDAD_MINIMA,PRECIO_VENTA) VALUES (1,518,12,0,1.000000);

INSERT INTO ALMACEN_PRODUCTO(ALMACEN_ID,PRODUCTO_ID,CANTIDAD_ACTUAL,CANTIDAD_MINIMA,PRECIO_VENTA) VALUES (2,518,0,0,1.000000);

INSERT INTO ALMACEN_PRODUCTO(ALMACEN_ID,PRODUCTO_ID,CANTIDAD_ACTUAL,CANTIDAD_MINIMA,PRECIO_VENTA) VALUES (3,518,12,0,1.000000);

INSERT INTO ALMACEN_PRODUCTO(ALMACEN_ID,PRODUCTO_ID,CANTIDAD_ACTUAL,CANTIDAD_MINIMA,PRECIO_VENTA) VALUES (4,518,12,0,1.000000);

INSERT INTO PROVEEDOR_PRODUCTO(PROVEEDOR_ID,PRODUCTO_ID,PRECIO_COMPRA) VALUES(6,518, 1.000000);

-- ===========PRODUCTO [519]
INSERT INTO PRODUCTO(ID,MARCA_ID,NOMBRE,PRESENTACION,CONTENIDO,UNIDADES_POR_CAJA,COSTO,COSTO_VENTA,PRECIO_BASE,UNIDAD_MEDIDA,CODIGO_BARRAS) VALUES(519,17,'Palmolive Hydra Natura','Renovadora',400,12.0,1.000000,1.000000,1.000000,'ML',7.509546042794E12);

INSERT INTO MOVIMIENTO_HISTORICO_PRODUCTO (ALMACEN_ID,PRODUCTO_ID,FECHA,TIPO_MOVIMIENTO_ID,CANTIDAD,COSTO,PRECIO,USUARIO_ID) VALUES(1,519,now(),30,12,1.000000,1.000000,'root');
INSERT INTO ALMACEN_PRODUCTO(ALMACEN_ID,PRODUCTO_ID,CANTIDAD_ACTUAL,CANTIDAD_MINIMA,PRECIO_VENTA) VALUES (1,519,12,0,1.000000);

INSERT INTO ALMACEN_PRODUCTO(ALMACEN_ID,PRODUCTO_ID,CANTIDAD_ACTUAL,CANTIDAD_MINIMA,PRECIO_VENTA) VALUES (2,519,0,0,1.000000);

INSERT INTO ALMACEN_PRODUCTO(ALMACEN_ID,PRODUCTO_ID,CANTIDAD_ACTUAL,CANTIDAD_MINIMA,PRECIO_VENTA) VALUES (3,519,12,0,1.000000);

INSERT INTO ALMACEN_PRODUCTO(ALMACEN_ID,PRODUCTO_ID,CANTIDAD_ACTUAL,CANTIDAD_MINIMA,PRECIO_VENTA) VALUES (4,519,12,0,1.000000);

INSERT INTO PROVEEDOR_PRODUCTO(PROVEEDOR_ID,PRODUCTO_ID,PRECIO_COMPRA) VALUES(6,519, 1.000000);

-- ===========PRODUCTO [520]
INSERT INTO PRODUCTO(ID,MARCA_ID,NOMBRE,PRESENTACION,CONTENIDO,UNIDADES_POR_CAJA,COSTO,COSTO_VENTA,PRECIO_BASE,UNIDAD_MEDIDA,CODIGO_BARRAS) VALUES(520,17,'Palmolive Hydra Natura ','Piel Seca Intensiva',400,12.0,1.000000,1.000000,1.000000,'ML',7.509546005973E12);

INSERT INTO MOVIMIENTO_HISTORICO_PRODUCTO (ALMACEN_ID,PRODUCTO_ID,FECHA,TIPO_MOVIMIENTO_ID,CANTIDAD,COSTO,PRECIO,USUARIO_ID) VALUES(1,520,now(),30,12,1.000000,1.000000,'root');
INSERT INTO ALMACEN_PRODUCTO(ALMACEN_ID,PRODUCTO_ID,CANTIDAD_ACTUAL,CANTIDAD_MINIMA,PRECIO_VENTA) VALUES (1,520,12,0,1.000000);

INSERT INTO ALMACEN_PRODUCTO(ALMACEN_ID,PRODUCTO_ID,CANTIDAD_ACTUAL,CANTIDAD_MINIMA,PRECIO_VENTA) VALUES (2,520,0,0,1.000000);

INSERT INTO ALMACEN_PRODUCTO(ALMACEN_ID,PRODUCTO_ID,CANTIDAD_ACTUAL,CANTIDAD_MINIMA,PRECIO_VENTA) VALUES (3,520,12,0,1.000000);

INSERT INTO ALMACEN_PRODUCTO(ALMACEN_ID,PRODUCTO_ID,CANTIDAD_ACTUAL,CANTIDAD_MINIMA,PRECIO_VENTA) VALUES (4,520,12,0,1.000000);

INSERT INTO PROVEEDOR_PRODUCTO(PROVEEDOR_ID,PRODUCTO_ID,PRECIO_COMPRA) VALUES(6,520, 1.000000);

-- ===========PRODUCTO [521]
INSERT INTO PRODUCTO(ID,MARCA_ID,NOMBRE,PRESENTACION,CONTENIDO,UNIDADES_POR_CAJA,COSTO,COSTO_VENTA,PRECIO_BASE,UNIDAD_MEDIDA,CODIGO_BARRAS) VALUES(521,62,'St Ives Liquida Humectante','Piel Normal',350,12.0,1.000000,1.000000,1.000000,'ML',7.501059330665E12);

INSERT INTO MOVIMIENTO_HISTORICO_PRODUCTO (ALMACEN_ID,PRODUCTO_ID,FECHA,TIPO_MOVIMIENTO_ID,CANTIDAD,COSTO,PRECIO,USUARIO_ID) VALUES(1,521,now(),30,12,1.000000,1.000000,'root');
INSERT INTO ALMACEN_PRODUCTO(ALMACEN_ID,PRODUCTO_ID,CANTIDAD_ACTUAL,CANTIDAD_MINIMA,PRECIO_VENTA) VALUES (1,521,12,0,1.000000);

INSERT INTO ALMACEN_PRODUCTO(ALMACEN_ID,PRODUCTO_ID,CANTIDAD_ACTUAL,CANTIDAD_MINIMA,PRECIO_VENTA) VALUES (2,521,0,0,1.000000);

INSERT INTO ALMACEN_PRODUCTO(ALMACEN_ID,PRODUCTO_ID,CANTIDAD_ACTUAL,CANTIDAD_MINIMA,PRECIO_VENTA) VALUES (3,521,12,0,1.000000);

INSERT INTO ALMACEN_PRODUCTO(ALMACEN_ID,PRODUCTO_ID,CANTIDAD_ACTUAL,CANTIDAD_MINIMA,PRECIO_VENTA) VALUES (4,521,12,0,1.000000);

INSERT INTO PROVEEDOR_PRODUCTO(PROVEEDOR_ID,PRODUCTO_ID,PRECIO_COMPRA) VALUES(11,521, 1.000000);

-- ===========PRODUCTO [522]
INSERT INTO PRODUCTO(ID,MARCA_ID,NOMBRE,PRESENTACION,CONTENIDO,UNIDADES_POR_CAJA,COSTO,COSTO_VENTA,PRECIO_BASE,UNIDAD_MEDIDA,CODIGO_BARRAS) VALUES(522,62,'St Ives Liquida Humectante','Piel Sensible',350,12.0,1.000000,1.000000,1.000000,'ML',7.501059330566E12);

INSERT INTO MOVIMIENTO_HISTORICO_PRODUCTO (ALMACEN_ID,PRODUCTO_ID,FECHA,TIPO_MOVIMIENTO_ID,CANTIDAD,COSTO,PRECIO,USUARIO_ID) VALUES(1,522,now(),30,12,1.000000,1.000000,'root');
INSERT INTO ALMACEN_PRODUCTO(ALMACEN_ID,PRODUCTO_ID,CANTIDAD_ACTUAL,CANTIDAD_MINIMA,PRECIO_VENTA) VALUES (1,522,12,0,1.000000);

INSERT INTO ALMACEN_PRODUCTO(ALMACEN_ID,PRODUCTO_ID,CANTIDAD_ACTUAL,CANTIDAD_MINIMA,PRECIO_VENTA) VALUES (2,522,0,0,1.000000);

INSERT INTO ALMACEN_PRODUCTO(ALMACEN_ID,PRODUCTO_ID,CANTIDAD_ACTUAL,CANTIDAD_MINIMA,PRECIO_VENTA) VALUES (3,522,12,0,1.000000);

INSERT INTO ALMACEN_PRODUCTO(ALMACEN_ID,PRODUCTO_ID,CANTIDAD_ACTUAL,CANTIDAD_MINIMA,PRECIO_VENTA) VALUES (4,522,12,0,1.000000);

INSERT INTO PROVEEDOR_PRODUCTO(PROVEEDOR_ID,PRODUCTO_ID,PRECIO_COMPRA) VALUES(11,522, 1.000000);

-- ===========PRODUCTO [523]
INSERT INTO PRODUCTO(ID,MARCA_ID,NOMBRE,PRESENTACION,CONTENIDO,UNIDADES_POR_CAJA,COSTO,COSTO_VENTA,PRECIO_BASE,UNIDAD_MEDIDA,CODIGO_BARRAS) VALUES(523,17,'Palmolive Hydra Natura ','Intensiva Suavidad Nutritiva',250,12.0,1.000000,1.000000,1.000000,'ML',7.509546038964E12);

INSERT INTO MOVIMIENTO_HISTORICO_PRODUCTO (ALMACEN_ID,PRODUCTO_ID,FECHA,TIPO_MOVIMIENTO_ID,CANTIDAD,COSTO,PRECIO,USUARIO_ID) VALUES(1,523,now(),30,12,1.000000,1.000000,'root');
INSERT INTO ALMACEN_PRODUCTO(ALMACEN_ID,PRODUCTO_ID,CANTIDAD_ACTUAL,CANTIDAD_MINIMA,PRECIO_VENTA) VALUES (1,523,12,0,1.000000);

INSERT INTO ALMACEN_PRODUCTO(ALMACEN_ID,PRODUCTO_ID,CANTIDAD_ACTUAL,CANTIDAD_MINIMA,PRECIO_VENTA) VALUES (2,523,0,0,1.000000);

INSERT INTO ALMACEN_PRODUCTO(ALMACEN_ID,PRODUCTO_ID,CANTIDAD_ACTUAL,CANTIDAD_MINIMA,PRECIO_VENTA) VALUES (3,523,12,0,1.000000);

INSERT INTO ALMACEN_PRODUCTO(ALMACEN_ID,PRODUCTO_ID,CANTIDAD_ACTUAL,CANTIDAD_MINIMA,PRECIO_VENTA) VALUES (4,523,12,0,1.000000);

INSERT INTO PROVEEDOR_PRODUCTO(PROVEEDOR_ID,PRODUCTO_ID,PRECIO_COMPRA) VALUES(6,523, 1.000000);

-- ===========PRODUCTO [524]
INSERT INTO PRODUCTO(ID,MARCA_ID,NOMBRE,PRESENTACION,CONTENIDO,UNIDADES_POR_CAJA,COSTO,COSTO_VENTA,PRECIO_BASE,UNIDAD_MEDIDA,CODIGO_BARRAS) VALUES(524,17,'Palmolive Hydra Natura ','Reafirmante',250,12.0,1.000000,1.000000,1.000000,'ML',7.509546017921E12);

INSERT INTO MOVIMIENTO_HISTORICO_PRODUCTO (ALMACEN_ID,PRODUCTO_ID,FECHA,TIPO_MOVIMIENTO_ID,CANTIDAD,COSTO,PRECIO,USUARIO_ID) VALUES(1,524,now(),30,12,1.000000,1.000000,'root');
INSERT INTO ALMACEN_PRODUCTO(ALMACEN_ID,PRODUCTO_ID,CANTIDAD_ACTUAL,CANTIDAD_MINIMA,PRECIO_VENTA) VALUES (1,524,12,0,1.000000);

INSERT INTO ALMACEN_PRODUCTO(ALMACEN_ID,PRODUCTO_ID,CANTIDAD_ACTUAL,CANTIDAD_MINIMA,PRECIO_VENTA) VALUES (2,524,0,0,1.000000);

INSERT INTO ALMACEN_PRODUCTO(ALMACEN_ID,PRODUCTO_ID,CANTIDAD_ACTUAL,CANTIDAD_MINIMA,PRECIO_VENTA) VALUES (3,524,12,0,1.000000);

INSERT INTO ALMACEN_PRODUCTO(ALMACEN_ID,PRODUCTO_ID,CANTIDAD_ACTUAL,CANTIDAD_MINIMA,PRECIO_VENTA) VALUES (4,524,12,0,1.000000);

INSERT INTO PROVEEDOR_PRODUCTO(PROVEEDOR_ID,PRODUCTO_ID,PRECIO_COMPRA) VALUES(6,524, 1.000000);

-- ===========PRODUCTO [525]
INSERT INTO PRODUCTO(ID,MARCA_ID,NOMBRE,PRESENTACION,CONTENIDO,UNIDADES_POR_CAJA,COSTO,COSTO_VENTA,PRECIO_BASE,UNIDAD_MEDIDA,CODIGO_BARRAS) VALUES(525,17,'Palmolive Hydra Natura ','Piel Seca Intensiva',250,12.0,1.000000,1.000000,1.000000,'ML',7.50954600598E12);

INSERT INTO MOVIMIENTO_HISTORICO_PRODUCTO (ALMACEN_ID,PRODUCTO_ID,FECHA,TIPO_MOVIMIENTO_ID,CANTIDAD,COSTO,PRECIO,USUARIO_ID) VALUES(1,525,now(),30,12,1.000000,1.000000,'root');
INSERT INTO ALMACEN_PRODUCTO(ALMACEN_ID,PRODUCTO_ID,CANTIDAD_ACTUAL,CANTIDAD_MINIMA,PRECIO_VENTA) VALUES (1,525,12,0,1.000000);

INSERT INTO ALMACEN_PRODUCTO(ALMACEN_ID,PRODUCTO_ID,CANTIDAD_ACTUAL,CANTIDAD_MINIMA,PRECIO_VENTA) VALUES (2,525,0,0,1.000000);

INSERT INTO ALMACEN_PRODUCTO(ALMACEN_ID,PRODUCTO_ID,CANTIDAD_ACTUAL,CANTIDAD_MINIMA,PRECIO_VENTA) VALUES (3,525,12,0,1.000000);

INSERT INTO ALMACEN_PRODUCTO(ALMACEN_ID,PRODUCTO_ID,CANTIDAD_ACTUAL,CANTIDAD_MINIMA,PRECIO_VENTA) VALUES (4,525,12,0,1.000000);

INSERT INTO PROVEEDOR_PRODUCTO(PROVEEDOR_ID,PRODUCTO_ID,PRECIO_COMPRA) VALUES(6,525, 1.000000);

-- ===========PRODUCTO [526]
INSERT INTO PRODUCTO(ID,MARCA_ID,NOMBRE,PRESENTACION,CONTENIDO,UNIDADES_POR_CAJA,COSTO,COSTO_VENTA,PRECIO_BASE,UNIDAD_MEDIDA,CODIGO_BARRAS) VALUES(526,17,'Palmolive Hydra Natura ','Intensiva',250,12.0,1.000000,1.000000,1.000000,'ML',7.509546053691E12);

INSERT INTO MOVIMIENTO_HISTORICO_PRODUCTO (ALMACEN_ID,PRODUCTO_ID,FECHA,TIPO_MOVIMIENTO_ID,CANTIDAD,COSTO,PRECIO,USUARIO_ID) VALUES(1,526,now(),30,14,1.000000,1.000000,'root');
INSERT INTO ALMACEN_PRODUCTO(ALMACEN_ID,PRODUCTO_ID,CANTIDAD_ACTUAL,CANTIDAD_MINIMA,PRECIO_VENTA) VALUES (1,526,14,0,1.000000);

INSERT INTO ALMACEN_PRODUCTO(ALMACEN_ID,PRODUCTO_ID,CANTIDAD_ACTUAL,CANTIDAD_MINIMA,PRECIO_VENTA) VALUES (2,526,0,0,1.000000);

INSERT INTO ALMACEN_PRODUCTO(ALMACEN_ID,PRODUCTO_ID,CANTIDAD_ACTUAL,CANTIDAD_MINIMA,PRECIO_VENTA) VALUES (3,526,14,0,1.000000);

INSERT INTO ALMACEN_PRODUCTO(ALMACEN_ID,PRODUCTO_ID,CANTIDAD_ACTUAL,CANTIDAD_MINIMA,PRECIO_VENTA) VALUES (4,526,14,0,1.000000);

INSERT INTO PROVEEDOR_PRODUCTO(PROVEEDOR_ID,PRODUCTO_ID,PRECIO_COMPRA) VALUES(6,526, 1.000000);

-- ===========PRODUCTO [527]
INSERT INTO PRODUCTO(ID,MARCA_ID,NOMBRE,PRESENTACION,CONTENIDO,UNIDADES_POR_CAJA,COSTO,COSTO_VENTA,PRECIO_BASE,UNIDAD_MEDIDA,CODIGO_BARRAS) VALUES(527,30,'Ponds Solida','Rejuveness Noche',100,24.0,1.000000,1.000000,1.000000,'G',7.501056332075E12);

INSERT INTO MOVIMIENTO_HISTORICO_PRODUCTO (ALMACEN_ID,PRODUCTO_ID,FECHA,TIPO_MOVIMIENTO_ID,CANTIDAD,COSTO,PRECIO,USUARIO_ID) VALUES(1,527,now(),30,24,1.000000,1.000000,'root');
INSERT INTO ALMACEN_PRODUCTO(ALMACEN_ID,PRODUCTO_ID,CANTIDAD_ACTUAL,CANTIDAD_MINIMA,PRECIO_VENTA) VALUES (1,527,24,0,1.000000);

INSERT INTO ALMACEN_PRODUCTO(ALMACEN_ID,PRODUCTO_ID,CANTIDAD_ACTUAL,CANTIDAD_MINIMA,PRECIO_VENTA) VALUES (2,527,0,0,1.000000);

INSERT INTO ALMACEN_PRODUCTO(ALMACEN_ID,PRODUCTO_ID,CANTIDAD_ACTUAL,CANTIDAD_MINIMA,PRECIO_VENTA) VALUES (3,527,24,0,1.000000);

INSERT INTO ALMACEN_PRODUCTO(ALMACEN_ID,PRODUCTO_ID,CANTIDAD_ACTUAL,CANTIDAD_MINIMA,PRECIO_VENTA) VALUES (4,527,24,0,1.000000);

INSERT INTO PROVEEDOR_PRODUCTO(PROVEEDOR_ID,PRODUCTO_ID,PRECIO_COMPRA) VALUES(19,527, 1.000000);

-- ===========PRODUCTO [528]
INSERT INTO PRODUCTO(ID,MARCA_ID,NOMBRE,PRESENTACION,CONTENIDO,UNIDADES_POR_CAJA,COSTO,COSTO_VENTA,PRECIO_BASE,UNIDAD_MEDIDA,CODIGO_BARRAS) VALUES(528,63,'Herbal Essences Crema Peinar','Explosion Citrica',285,12.0,1.000000,1.000000,1.000000,'ML',7.501007465074E12);

INSERT INTO MOVIMIENTO_HISTORICO_PRODUCTO (ALMACEN_ID,PRODUCTO_ID,FECHA,TIPO_MOVIMIENTO_ID,CANTIDAD,COSTO,PRECIO,USUARIO_ID) VALUES(1,528,now(),30,12,1.000000,1.000000,'root');
INSERT INTO ALMACEN_PRODUCTO(ALMACEN_ID,PRODUCTO_ID,CANTIDAD_ACTUAL,CANTIDAD_MINIMA,PRECIO_VENTA) VALUES (1,528,12,0,1.000000);

INSERT INTO ALMACEN_PRODUCTO(ALMACEN_ID,PRODUCTO_ID,CANTIDAD_ACTUAL,CANTIDAD_MINIMA,PRECIO_VENTA) VALUES (2,528,0,0,1.000000);

INSERT INTO ALMACEN_PRODUCTO(ALMACEN_ID,PRODUCTO_ID,CANTIDAD_ACTUAL,CANTIDAD_MINIMA,PRECIO_VENTA) VALUES (3,528,12,0,1.000000);

INSERT INTO ALMACEN_PRODUCTO(ALMACEN_ID,PRODUCTO_ID,CANTIDAD_ACTUAL,CANTIDAD_MINIMA,PRECIO_VENTA) VALUES (4,528,12,0,1.000000);

INSERT INTO PROVEEDOR_PRODUCTO(PROVEEDOR_ID,PRODUCTO_ID,PRECIO_COMPRA) VALUES(19,528, 1.000000);

-- ===========PRODUCTO [529]
INSERT INTO PRODUCTO(ID,MARCA_ID,NOMBRE,PRESENTACION,CONTENIDO,UNIDADES_POR_CAJA,COSTO,COSTO_VENTA,PRECIO_BASE,UNIDAD_MEDIDA,CODIGO_BARRAS) VALUES(529,55,'Asepxia Regadera Facial y Corporal','Espuma Activa',250,20.0,1.000000,1.000000,1.000000,'ML',6.50240004025E11);

INSERT INTO MOVIMIENTO_HISTORICO_PRODUCTO (ALMACEN_ID,PRODUCTO_ID,FECHA,TIPO_MOVIMIENTO_ID,CANTIDAD,COSTO,PRECIO,USUARIO_ID) VALUES(1,529,now(),30,20,1.000000,1.000000,'root');
INSERT INTO ALMACEN_PRODUCTO(ALMACEN_ID,PRODUCTO_ID,CANTIDAD_ACTUAL,CANTIDAD_MINIMA,PRECIO_VENTA) VALUES (1,529,20,0,1.000000);

INSERT INTO ALMACEN_PRODUCTO(ALMACEN_ID,PRODUCTO_ID,CANTIDAD_ACTUAL,CANTIDAD_MINIMA,PRECIO_VENTA) VALUES (2,529,2,0,1.000000);

INSERT INTO ALMACEN_PRODUCTO(ALMACEN_ID,PRODUCTO_ID,CANTIDAD_ACTUAL,CANTIDAD_MINIMA,PRECIO_VENTA) VALUES (3,529,20,0,1.000000);

INSERT INTO ALMACEN_PRODUCTO(ALMACEN_ID,PRODUCTO_ID,CANTIDAD_ACTUAL,CANTIDAD_MINIMA,PRECIO_VENTA) VALUES (4,529,20,0,1.000000);

INSERT INTO PROVEEDOR_PRODUCTO(PROVEEDOR_ID,PRODUCTO_ID,PRECIO_COMPRA) VALUES(19,529, 1.000000);

-- ===========PRODUCTO [530]
INSERT INTO PRODUCTO(ID,MARCA_ID,NOMBRE,PRESENTACION,CONTENIDO,UNIDADES_POR_CAJA,COSTO,COSTO_VENTA,PRECIO_BASE,UNIDAD_MEDIDA,CODIGO_BARRAS) VALUES(530,36,'Caprice Shampoo','Acti Ceramidas',220,15.0,1.000000,1.000000,11.030000,'ML',7.509546027029E12);

INSERT INTO MOVIMIENTO_HISTORICO_PRODUCTO (ALMACEN_ID,PRODUCTO_ID,FECHA,TIPO_MOVIMIENTO_ID,CANTIDAD,COSTO,PRECIO,USUARIO_ID) VALUES(1,530,now(),30,15,1.000000,11.030000,'root');
INSERT INTO ALMACEN_PRODUCTO(ALMACEN_ID,PRODUCTO_ID,CANTIDAD_ACTUAL,CANTIDAD_MINIMA,PRECIO_VENTA) VALUES (1,530,15,0,11.030000);

INSERT INTO ALMACEN_PRODUCTO(ALMACEN_ID,PRODUCTO_ID,CANTIDAD_ACTUAL,CANTIDAD_MINIMA,PRECIO_VENTA) VALUES (2,530,1,0,1.000000);

INSERT INTO ALMACEN_PRODUCTO(ALMACEN_ID,PRODUCTO_ID,CANTIDAD_ACTUAL,CANTIDAD_MINIMA,PRECIO_VENTA) VALUES (3,530,15,0,11.900000);

INSERT INTO ALMACEN_PRODUCTO(ALMACEN_ID,PRODUCTO_ID,CANTIDAD_ACTUAL,CANTIDAD_MINIMA,PRECIO_VENTA) VALUES (4,530,15,0,1.000000);

INSERT INTO PROVEEDOR_PRODUCTO(PROVEEDOR_ID,PRODUCTO_ID,PRECIO_COMPRA) VALUES(6,530, 1.000000);

-- ===========PRODUCTO [531]
INSERT INTO PRODUCTO(ID,MARCA_ID,NOMBRE,PRESENTACION,CONTENIDO,UNIDADES_POR_CAJA,COSTO,COSTO_VENTA,PRECIO_BASE,UNIDAD_MEDIDA,CODIGO_BARRAS) VALUES(531,57,'Menen Shampoo Bebe','Miel y Manzanilla',500,12.0,1.000000,1.000000,1.000000,'ML',7.501035906792E12);

INSERT INTO MOVIMIENTO_HISTORICO_PRODUCTO (ALMACEN_ID,PRODUCTO_ID,FECHA,TIPO_MOVIMIENTO_ID,CANTIDAD,COSTO,PRECIO,USUARIO_ID) VALUES(1,531,now(),30,12,1.000000,1.000000,'root');
INSERT INTO ALMACEN_PRODUCTO(ALMACEN_ID,PRODUCTO_ID,CANTIDAD_ACTUAL,CANTIDAD_MINIMA,PRECIO_VENTA) VALUES (1,531,12,0,1.000000);

INSERT INTO ALMACEN_PRODUCTO(ALMACEN_ID,PRODUCTO_ID,CANTIDAD_ACTUAL,CANTIDAD_MINIMA,PRECIO_VENTA) VALUES (2,531,0,0,1.000000);

INSERT INTO ALMACEN_PRODUCTO(ALMACEN_ID,PRODUCTO_ID,CANTIDAD_ACTUAL,CANTIDAD_MINIMA,PRECIO_VENTA) VALUES (3,531,12,0,1.000000);

INSERT INTO ALMACEN_PRODUCTO(ALMACEN_ID,PRODUCTO_ID,CANTIDAD_ACTUAL,CANTIDAD_MINIMA,PRECIO_VENTA) VALUES (4,531,12,0,1.000000);

INSERT INTO PROVEEDOR_PRODUCTO(PROVEEDOR_ID,PRODUCTO_ID,PRECIO_COMPRA) VALUES(6,531, 1.000000);

-- ===========PRODUCTO [532]
INSERT INTO PRODUCTO(ID,MARCA_ID,NOMBRE,PRESENTACION,CONTENIDO,UNIDADES_POR_CAJA,COSTO,COSTO_VENTA,PRECIO_BASE,UNIDAD_MEDIDA,CODIGO_BARRAS) VALUES(532,36,'Mousse Caprice Especialidades','Anti-Ceramidas',250,12.0,1.000000,1.000000,1.000000,'G',7.509546051918E12);

INSERT INTO MOVIMIENTO_HISTORICO_PRODUCTO (ALMACEN_ID,PRODUCTO_ID,FECHA,TIPO_MOVIMIENTO_ID,CANTIDAD,COSTO,PRECIO,USUARIO_ID) VALUES(1,532,now(),30,12,1.000000,1.000000,'root');
INSERT INTO ALMACEN_PRODUCTO(ALMACEN_ID,PRODUCTO_ID,CANTIDAD_ACTUAL,CANTIDAD_MINIMA,PRECIO_VENTA) VALUES (1,532,12,0,1.000000);

INSERT INTO ALMACEN_PRODUCTO(ALMACEN_ID,PRODUCTO_ID,CANTIDAD_ACTUAL,CANTIDAD_MINIMA,PRECIO_VENTA) VALUES (2,532,0,0,1.000000);

INSERT INTO ALMACEN_PRODUCTO(ALMACEN_ID,PRODUCTO_ID,CANTIDAD_ACTUAL,CANTIDAD_MINIMA,PRECIO_VENTA) VALUES (3,532,12,0,1.000000);

INSERT INTO ALMACEN_PRODUCTO(ALMACEN_ID,PRODUCTO_ID,CANTIDAD_ACTUAL,CANTIDAD_MINIMA,PRECIO_VENTA) VALUES (4,532,12,0,1.000000);

INSERT INTO PROVEEDOR_PRODUCTO(PROVEEDOR_ID,PRODUCTO_ID,PRECIO_COMPRA) VALUES(6,532, 1.000000);

-- ===========PRODUCTO [533]
INSERT INTO PRODUCTO(ID,MARCA_ID,NOMBRE,PRESENTACION,CONTENIDO,UNIDADES_POR_CAJA,COSTO,COSTO_VENTA,PRECIO_BASE,UNIDAD_MEDIDA,CODIGO_BARRAS) VALUES(533,36,'Mousse Caprice Especialidades','Rizos Definidos',250,12.0,1.000000,1.000000,1.000000,'G',7.509546051314E12);

INSERT INTO MOVIMIENTO_HISTORICO_PRODUCTO (ALMACEN_ID,PRODUCTO_ID,FECHA,TIPO_MOVIMIENTO_ID,CANTIDAD,COSTO,PRECIO,USUARIO_ID) VALUES(1,533,now(),30,12,1.000000,1.000000,'root');
INSERT INTO ALMACEN_PRODUCTO(ALMACEN_ID,PRODUCTO_ID,CANTIDAD_ACTUAL,CANTIDAD_MINIMA,PRECIO_VENTA) VALUES (1,533,12,0,1.000000);

INSERT INTO ALMACEN_PRODUCTO(ALMACEN_ID,PRODUCTO_ID,CANTIDAD_ACTUAL,CANTIDAD_MINIMA,PRECIO_VENTA) VALUES (2,533,0,0,1.000000);

INSERT INTO ALMACEN_PRODUCTO(ALMACEN_ID,PRODUCTO_ID,CANTIDAD_ACTUAL,CANTIDAD_MINIMA,PRECIO_VENTA) VALUES (3,533,12,0,1.000000);

INSERT INTO ALMACEN_PRODUCTO(ALMACEN_ID,PRODUCTO_ID,CANTIDAD_ACTUAL,CANTIDAD_MINIMA,PRECIO_VENTA) VALUES (4,533,12,0,1.000000);

INSERT INTO PROVEEDOR_PRODUCTO(PROVEEDOR_ID,PRODUCTO_ID,PRECIO_COMPRA) VALUES(6,533, 1.000000);

-- ===========PRODUCTO [534]
INSERT INTO PRODUCTO(ID,MARCA_ID,NOMBRE,PRESENTACION,CONTENIDO,UNIDADES_POR_CAJA,COSTO,COSTO_VENTA,PRECIO_BASE,UNIDAD_MEDIDA,CODIGO_BARRAS) VALUES(534,36,'Caprice Shampoo','Fashion Girl Largo',400,12.0,1.000000,1.000000,1.000000,'ML',7.50954604785E12);

INSERT INTO MOVIMIENTO_HISTORICO_PRODUCTO (ALMACEN_ID,PRODUCTO_ID,FECHA,TIPO_MOVIMIENTO_ID,CANTIDAD,COSTO,PRECIO,USUARIO_ID) VALUES(1,534,now(),30,18,1.000000,1.000000,'root');
INSERT INTO ALMACEN_PRODUCTO(ALMACEN_ID,PRODUCTO_ID,CANTIDAD_ACTUAL,CANTIDAD_MINIMA,PRECIO_VENTA) VALUES (1,534,18,0,1.000000);

INSERT INTO ALMACEN_PRODUCTO(ALMACEN_ID,PRODUCTO_ID,CANTIDAD_ACTUAL,CANTIDAD_MINIMA,PRECIO_VENTA) VALUES (2,534,0,0,1.000000);

INSERT INTO ALMACEN_PRODUCTO(ALMACEN_ID,PRODUCTO_ID,CANTIDAD_ACTUAL,CANTIDAD_MINIMA,PRECIO_VENTA) VALUES (3,534,18,0,18.900000);

INSERT INTO ALMACEN_PRODUCTO(ALMACEN_ID,PRODUCTO_ID,CANTIDAD_ACTUAL,CANTIDAD_MINIMA,PRECIO_VENTA) VALUES (4,534,18,0,1.000000);

INSERT INTO PROVEEDOR_PRODUCTO(PROVEEDOR_ID,PRODUCTO_ID,PRECIO_COMPRA) VALUES(6,534, 1.000000);

-- ===========PRODUCTO [535]
INSERT INTO PRODUCTO(ID,MARCA_ID,NOMBRE,PRESENTACION,CONTENIDO,UNIDADES_POR_CAJA,COSTO,COSTO_VENTA,PRECIO_BASE,UNIDAD_MEDIDA,CODIGO_BARRAS) VALUES(535,36,'Caprice Shampoo','Fashion Girl Brillante',400,12.0,1.000000,1.000000,1.000000,'ML',7.509546039299E12);

INSERT INTO MOVIMIENTO_HISTORICO_PRODUCTO (ALMACEN_ID,PRODUCTO_ID,FECHA,TIPO_MOVIMIENTO_ID,CANTIDAD,COSTO,PRECIO,USUARIO_ID) VALUES(1,535,now(),30,12,1.000000,1.000000,'root');
INSERT INTO ALMACEN_PRODUCTO(ALMACEN_ID,PRODUCTO_ID,CANTIDAD_ACTUAL,CANTIDAD_MINIMA,PRECIO_VENTA) VALUES (1,535,12,0,1.000000);

INSERT INTO ALMACEN_PRODUCTO(ALMACEN_ID,PRODUCTO_ID,CANTIDAD_ACTUAL,CANTIDAD_MINIMA,PRECIO_VENTA) VALUES (2,535,0,0,1.000000);

INSERT INTO ALMACEN_PRODUCTO(ALMACEN_ID,PRODUCTO_ID,CANTIDAD_ACTUAL,CANTIDAD_MINIMA,PRECIO_VENTA) VALUES (3,535,12,0,18.900000);

INSERT INTO ALMACEN_PRODUCTO(ALMACEN_ID,PRODUCTO_ID,CANTIDAD_ACTUAL,CANTIDAD_MINIMA,PRECIO_VENTA) VALUES (4,535,12,0,1.000000);

INSERT INTO PROVEEDOR_PRODUCTO(PROVEEDOR_ID,PRODUCTO_ID,PRECIO_COMPRA) VALUES(6,535, 1.000000);

-- ===========PRODUCTO [536]
INSERT INTO PRODUCTO(ID,MARCA_ID,NOMBRE,PRESENTACION,CONTENIDO,UNIDADES_POR_CAJA,COSTO,COSTO_VENTA,PRECIO_BASE,UNIDAD_MEDIDA,CODIGO_BARRAS) VALUES(536,64,'Sualiss Liquida','Niño',220,18.0,1.000000,1.000000,1.000000,'ML',7.501039700679E12);

INSERT INTO MOVIMIENTO_HISTORICO_PRODUCTO (ALMACEN_ID,PRODUCTO_ID,FECHA,TIPO_MOVIMIENTO_ID,CANTIDAD,COSTO,PRECIO,USUARIO_ID) VALUES(1,536,now(),30,22,1.000000,1.000000,'root');
INSERT INTO ALMACEN_PRODUCTO(ALMACEN_ID,PRODUCTO_ID,CANTIDAD_ACTUAL,CANTIDAD_MINIMA,PRECIO_VENTA) VALUES (1,536,22,0,1.000000);

INSERT INTO ALMACEN_PRODUCTO(ALMACEN_ID,PRODUCTO_ID,CANTIDAD_ACTUAL,CANTIDAD_MINIMA,PRECIO_VENTA) VALUES (2,536,0,0,1.000000);

INSERT INTO ALMACEN_PRODUCTO(ALMACEN_ID,PRODUCTO_ID,CANTIDAD_ACTUAL,CANTIDAD_MINIMA,PRECIO_VENTA) VALUES (3,536,22,0,1.000000);

INSERT INTO ALMACEN_PRODUCTO(ALMACEN_ID,PRODUCTO_ID,CANTIDAD_ACTUAL,CANTIDAD_MINIMA,PRECIO_VENTA) VALUES (4,536,22,0,1.000000);

INSERT INTO PROVEEDOR_PRODUCTO(PROVEEDOR_ID,PRODUCTO_ID,PRECIO_COMPRA) VALUES(26,536, 1.000000);

-- ===========PRODUCTO [537]
INSERT INTO PRODUCTO(ID,MARCA_ID,NOMBRE,PRESENTACION,CONTENIDO,UNIDADES_POR_CAJA,COSTO,COSTO_VENTA,PRECIO_BASE,UNIDAD_MEDIDA,CODIGO_BARRAS) VALUES(537,64,'Sualiss Liquida','Niña',220,18.0,1.000000,1.000000,1.000000,'ML',7.501039700662E12);

INSERT INTO MOVIMIENTO_HISTORICO_PRODUCTO (ALMACEN_ID,PRODUCTO_ID,FECHA,TIPO_MOVIMIENTO_ID,CANTIDAD,COSTO,PRECIO,USUARIO_ID) VALUES(1,537,now(),30,22,1.000000,1.000000,'root');
INSERT INTO ALMACEN_PRODUCTO(ALMACEN_ID,PRODUCTO_ID,CANTIDAD_ACTUAL,CANTIDAD_MINIMA,PRECIO_VENTA) VALUES (1,537,22,0,1.000000);

INSERT INTO ALMACEN_PRODUCTO(ALMACEN_ID,PRODUCTO_ID,CANTIDAD_ACTUAL,CANTIDAD_MINIMA,PRECIO_VENTA) VALUES (2,537,0,0,1.000000);

INSERT INTO ALMACEN_PRODUCTO(ALMACEN_ID,PRODUCTO_ID,CANTIDAD_ACTUAL,CANTIDAD_MINIMA,PRECIO_VENTA) VALUES (3,537,22,0,1.000000);

INSERT INTO ALMACEN_PRODUCTO(ALMACEN_ID,PRODUCTO_ID,CANTIDAD_ACTUAL,CANTIDAD_MINIMA,PRECIO_VENTA) VALUES (4,537,22,0,1.000000);

INSERT INTO PROVEEDOR_PRODUCTO(PROVEEDOR_ID,PRODUCTO_ID,PRECIO_COMPRA) VALUES(26,537, 1.000000);

-- ===========PRODUCTO [538]
INSERT INTO PRODUCTO(ID,MARCA_ID,NOMBRE,PRESENTACION,CONTENIDO,UNIDADES_POR_CAJA,COSTO,COSTO_VENTA,PRECIO_BASE,UNIDAD_MEDIDA,CODIGO_BARRAS) VALUES(538,57,'Menen Shampoo Bebe','Proteina',800,12.0,1.000000,1.000000,1.000000,'ML',7.501035906846E12);

INSERT INTO MOVIMIENTO_HISTORICO_PRODUCTO (ALMACEN_ID,PRODUCTO_ID,FECHA,TIPO_MOVIMIENTO_ID,CANTIDAD,COSTO,PRECIO,USUARIO_ID) VALUES(1,538,now(),30,12,1.000000,1.000000,'root');
INSERT INTO ALMACEN_PRODUCTO(ALMACEN_ID,PRODUCTO_ID,CANTIDAD_ACTUAL,CANTIDAD_MINIMA,PRECIO_VENTA) VALUES (1,538,12,0,1.000000);

INSERT INTO ALMACEN_PRODUCTO(ALMACEN_ID,PRODUCTO_ID,CANTIDAD_ACTUAL,CANTIDAD_MINIMA,PRECIO_VENTA) VALUES (2,538,0,0,1.000000);

INSERT INTO ALMACEN_PRODUCTO(ALMACEN_ID,PRODUCTO_ID,CANTIDAD_ACTUAL,CANTIDAD_MINIMA,PRECIO_VENTA) VALUES (3,538,12,0,1.000000);

INSERT INTO ALMACEN_PRODUCTO(ALMACEN_ID,PRODUCTO_ID,CANTIDAD_ACTUAL,CANTIDAD_MINIMA,PRECIO_VENTA) VALUES (4,538,12,0,1.000000);

INSERT INTO PROVEEDOR_PRODUCTO(PROVEEDOR_ID,PRODUCTO_ID,PRECIO_COMPRA) VALUES(6,538, 1.000000);

-- ===========PRODUCTO [539]
INSERT INTO PRODUCTO(ID,MARCA_ID,NOMBRE,PRESENTACION,CONTENIDO,UNIDADES_POR_CAJA,COSTO,COSTO_VENTA,PRECIO_BASE,UNIDAD_MEDIDA,CODIGO_BARRAS) VALUES(539,57,'Mennen Baby Magic Shampoo','Manzanilla',250,15.0,1.000000,1.000000,1.000000,'ML',7.509546001296E12);

INSERT INTO MOVIMIENTO_HISTORICO_PRODUCTO (ALMACEN_ID,PRODUCTO_ID,FECHA,TIPO_MOVIMIENTO_ID,CANTIDAD,COSTO,PRECIO,USUARIO_ID) VALUES(1,539,now(),30,29,1.000000,1.000000,'root');
INSERT INTO ALMACEN_PRODUCTO(ALMACEN_ID,PRODUCTO_ID,CANTIDAD_ACTUAL,CANTIDAD_MINIMA,PRECIO_VENTA) VALUES (1,539,29,0,1.000000);

INSERT INTO ALMACEN_PRODUCTO(ALMACEN_ID,PRODUCTO_ID,CANTIDAD_ACTUAL,CANTIDAD_MINIMA,PRECIO_VENTA) VALUES (2,539,1,0,1.000000);

INSERT INTO ALMACEN_PRODUCTO(ALMACEN_ID,PRODUCTO_ID,CANTIDAD_ACTUAL,CANTIDAD_MINIMA,PRECIO_VENTA) VALUES (3,539,29,0,1.000000);

INSERT INTO ALMACEN_PRODUCTO(ALMACEN_ID,PRODUCTO_ID,CANTIDAD_ACTUAL,CANTIDAD_MINIMA,PRECIO_VENTA) VALUES (4,539,29,0,1.000000);

INSERT INTO PROVEEDOR_PRODUCTO(PROVEEDOR_ID,PRODUCTO_ID,PRECIO_COMPRA) VALUES(6,539, 1.000000);

-- ===========PRODUCTO [540]
INSERT INTO PRODUCTO(ID,MARCA_ID,NOMBRE,PRESENTACION,CONTENIDO,UNIDADES_POR_CAJA,COSTO,COSTO_VENTA,PRECIO_BASE,UNIDAD_MEDIDA,CODIGO_BARRAS) VALUES(540,57,'Mennen Shampoo Baby','Manzanilla',800,12.0,1.000000,1.000000,1.000000,'ML',7.501035906808E12);

INSERT INTO MOVIMIENTO_HISTORICO_PRODUCTO (ALMACEN_ID,PRODUCTO_ID,FECHA,TIPO_MOVIMIENTO_ID,CANTIDAD,COSTO,PRECIO,USUARIO_ID) VALUES(1,540,now(),30,12,1.000000,1.000000,'root');
INSERT INTO ALMACEN_PRODUCTO(ALMACEN_ID,PRODUCTO_ID,CANTIDAD_ACTUAL,CANTIDAD_MINIMA,PRECIO_VENTA) VALUES (1,540,12,0,1.000000);

INSERT INTO ALMACEN_PRODUCTO(ALMACEN_ID,PRODUCTO_ID,CANTIDAD_ACTUAL,CANTIDAD_MINIMA,PRECIO_VENTA) VALUES (2,540,0,0,1.000000);

INSERT INTO ALMACEN_PRODUCTO(ALMACEN_ID,PRODUCTO_ID,CANTIDAD_ACTUAL,CANTIDAD_MINIMA,PRECIO_VENTA) VALUES (3,540,12,0,1.000000);

INSERT INTO ALMACEN_PRODUCTO(ALMACEN_ID,PRODUCTO_ID,CANTIDAD_ACTUAL,CANTIDAD_MINIMA,PRECIO_VENTA) VALUES (4,540,12,0,1.000000);

INSERT INTO PROVEEDOR_PRODUCTO(PROVEEDOR_ID,PRODUCTO_ID,PRECIO_COMPRA) VALUES(6,540, 1.000000);

-- ===========PRODUCTO [541]
INSERT INTO PRODUCTO(ID,MARCA_ID,NOMBRE,PRESENTACION,CONTENIDO,UNIDADES_POR_CAJA,COSTO,COSTO_VENTA,PRECIO_BASE,UNIDAD_MEDIDA,CODIGO_BARRAS) VALUES(541,22,'Loreal Gel Studio FX','Indestructible',180,12.0,1.000000,1.000000,1.000000,'G',7.506078938656E12);

INSERT INTO MOVIMIENTO_HISTORICO_PRODUCTO (ALMACEN_ID,PRODUCTO_ID,FECHA,TIPO_MOVIMIENTO_ID,CANTIDAD,COSTO,PRECIO,USUARIO_ID) VALUES(1,541,now(),30,12,1.000000,1.000000,'root');
INSERT INTO ALMACEN_PRODUCTO(ALMACEN_ID,PRODUCTO_ID,CANTIDAD_ACTUAL,CANTIDAD_MINIMA,PRECIO_VENTA) VALUES (1,541,12,0,1.000000);

INSERT INTO ALMACEN_PRODUCTO(ALMACEN_ID,PRODUCTO_ID,CANTIDAD_ACTUAL,CANTIDAD_MINIMA,PRECIO_VENTA) VALUES (2,541,0,0,1.000000);

INSERT INTO ALMACEN_PRODUCTO(ALMACEN_ID,PRODUCTO_ID,CANTIDAD_ACTUAL,CANTIDAD_MINIMA,PRECIO_VENTA) VALUES (3,541,12,0,1.000000);

INSERT INTO ALMACEN_PRODUCTO(ALMACEN_ID,PRODUCTO_ID,CANTIDAD_ACTUAL,CANTIDAD_MINIMA,PRECIO_VENTA) VALUES (4,541,12,0,1.000000);

INSERT INTO PROVEEDOR_PRODUCTO(PROVEEDOR_ID,PRODUCTO_ID,PRECIO_COMPRA) VALUES(13,541, 1.000000);

-- ===========PRODUCTO [542]
INSERT INTO PRODUCTO(ID,MARCA_ID,NOMBRE,PRESENTACION,CONTENIDO,UNIDADES_POR_CAJA,COSTO,COSTO_VENTA,PRECIO_BASE,UNIDAD_MEDIDA,CODIGO_BARRAS) VALUES(542,60,'Bustillos Jabon','Arnica',100,24.0,1.000000,1.000000,1.000000,'G',7.501185730186E12);

INSERT INTO MOVIMIENTO_HISTORICO_PRODUCTO (ALMACEN_ID,PRODUCTO_ID,FECHA,TIPO_MOVIMIENTO_ID,CANTIDAD,COSTO,PRECIO,USUARIO_ID) VALUES(1,542,now(),30,12,1.000000,1.000000,'root');
INSERT INTO ALMACEN_PRODUCTO(ALMACEN_ID,PRODUCTO_ID,CANTIDAD_ACTUAL,CANTIDAD_MINIMA,PRECIO_VENTA) VALUES (1,542,12,0,1.000000);

INSERT INTO ALMACEN_PRODUCTO(ALMACEN_ID,PRODUCTO_ID,CANTIDAD_ACTUAL,CANTIDAD_MINIMA,PRECIO_VENTA) VALUES (2,542,0,0,1.000000);

INSERT INTO ALMACEN_PRODUCTO(ALMACEN_ID,PRODUCTO_ID,CANTIDAD_ACTUAL,CANTIDAD_MINIMA,PRECIO_VENTA) VALUES (3,542,12,0,1.000000);

INSERT INTO ALMACEN_PRODUCTO(ALMACEN_ID,PRODUCTO_ID,CANTIDAD_ACTUAL,CANTIDAD_MINIMA,PRECIO_VENTA) VALUES (4,542,12,0,1.000000);

INSERT INTO PROVEEDOR_PRODUCTO(PROVEEDOR_ID,PRODUCTO_ID,PRECIO_COMPRA) VALUES(20,542, 1.000000);

-- ===========PRODUCTO [543]
INSERT INTO PRODUCTO(ID,MARCA_ID,NOMBRE,PRESENTACION,CONTENIDO,UNIDADES_POR_CAJA,COSTO,COSTO_VENTA,PRECIO_BASE,UNIDAD_MEDIDA,CODIGO_BARRAS) VALUES(543,65,'Disney Sun Pals Protector Solar','SPF 30 Ariel',295,6.0,1.000000,1.000000,1.000000,'ML',7.7939201105E10);

INSERT INTO MOVIMIENTO_HISTORICO_PRODUCTO (ALMACEN_ID,PRODUCTO_ID,FECHA,TIPO_MOVIMIENTO_ID,CANTIDAD,COSTO,PRECIO,USUARIO_ID) VALUES(1,543,now(),30,6,1.000000,1.000000,'root');
INSERT INTO ALMACEN_PRODUCTO(ALMACEN_ID,PRODUCTO_ID,CANTIDAD_ACTUAL,CANTIDAD_MINIMA,PRECIO_VENTA) VALUES (1,543,6,0,1.000000);

INSERT INTO ALMACEN_PRODUCTO(ALMACEN_ID,PRODUCTO_ID,CANTIDAD_ACTUAL,CANTIDAD_MINIMA,PRECIO_VENTA) VALUES (2,543,0,0,1.000000);

INSERT INTO ALMACEN_PRODUCTO(ALMACEN_ID,PRODUCTO_ID,CANTIDAD_ACTUAL,CANTIDAD_MINIMA,PRECIO_VENTA) VALUES (3,543,6,0,1.000000);

INSERT INTO ALMACEN_PRODUCTO(ALMACEN_ID,PRODUCTO_ID,CANTIDAD_ACTUAL,CANTIDAD_MINIMA,PRECIO_VENTA) VALUES (4,543,6,0,1.000000);

INSERT INTO PROVEEDOR_PRODUCTO(PROVEEDOR_ID,PRODUCTO_ID,PRECIO_COMPRA) VALUES(13,543, 1.000000);

-- ===========PRODUCTO [544]
INSERT INTO PRODUCTO(ID,MARCA_ID,NOMBRE,PRESENTACION,CONTENIDO,UNIDADES_POR_CAJA,COSTO,COSTO_VENTA,PRECIO_BASE,UNIDAD_MEDIDA,CODIGO_BARRAS) VALUES(544,65,'Disney Sun Pals Protector Solar','SPF 30 Nemo',295,6.0,1.000000,1.000000,1.000000,'ML',7.7939202102E10);

INSERT INTO MOVIMIENTO_HISTORICO_PRODUCTO (ALMACEN_ID,PRODUCTO_ID,FECHA,TIPO_MOVIMIENTO_ID,CANTIDAD,COSTO,PRECIO,USUARIO_ID) VALUES(1,544,now(),30,6,1.000000,1.000000,'root');
INSERT INTO ALMACEN_PRODUCTO(ALMACEN_ID,PRODUCTO_ID,CANTIDAD_ACTUAL,CANTIDAD_MINIMA,PRECIO_VENTA) VALUES (1,544,6,0,1.000000);

INSERT INTO ALMACEN_PRODUCTO(ALMACEN_ID,PRODUCTO_ID,CANTIDAD_ACTUAL,CANTIDAD_MINIMA,PRECIO_VENTA) VALUES (2,544,1,0,1.000000);

INSERT INTO ALMACEN_PRODUCTO(ALMACEN_ID,PRODUCTO_ID,CANTIDAD_ACTUAL,CANTIDAD_MINIMA,PRECIO_VENTA) VALUES (3,544,6,0,1.000000);

INSERT INTO ALMACEN_PRODUCTO(ALMACEN_ID,PRODUCTO_ID,CANTIDAD_ACTUAL,CANTIDAD_MINIMA,PRECIO_VENTA) VALUES (4,544,6,0,1.000000);

INSERT INTO PROVEEDOR_PRODUCTO(PROVEEDOR_ID,PRODUCTO_ID,PRECIO_COMPRA) VALUES(13,544, 1.000000);

-- ===========PRODUCTO [545]
INSERT INTO PRODUCTO(ID,MARCA_ID,NOMBRE,PRESENTACION,CONTENIDO,UNIDADES_POR_CAJA,COSTO,COSTO_VENTA,PRECIO_BASE,UNIDAD_MEDIDA,CODIGO_BARRAS) VALUES(545,66,'Oral B Cepillo Dental Exibidor','Cross Action Vitalizer 35 Compact',12,3.0,1.000000,1.000000,1.000000,'Pz',1.3014260304789E13);

INSERT INTO MOVIMIENTO_HISTORICO_PRODUCTO (ALMACEN_ID,PRODUCTO_ID,FECHA,TIPO_MOVIMIENTO_ID,CANTIDAD,COSTO,PRECIO,USUARIO_ID) VALUES(1,545,now(),30,0,1.000000,1.000000,'root');
INSERT INTO ALMACEN_PRODUCTO(ALMACEN_ID,PRODUCTO_ID,CANTIDAD_ACTUAL,CANTIDAD_MINIMA,PRECIO_VENTA) VALUES (1,545,0,0,1.000000);

INSERT INTO ALMACEN_PRODUCTO(ALMACEN_ID,PRODUCTO_ID,CANTIDAD_ACTUAL,CANTIDAD_MINIMA,PRECIO_VENTA) VALUES (2,545,0,0,1.000000);

INSERT INTO PROVEEDOR_PRODUCTO(PROVEEDOR_ID,PRODUCTO_ID,PRECIO_COMPRA) VALUES(19,545, 1.000000);

-- ===========PRODUCTO [546]
INSERT INTO PRODUCTO(ID,MARCA_ID,NOMBRE,PRESENTACION,CONTENIDO,UNIDADES_POR_CAJA,COSTO,COSTO_VENTA,PRECIO_BASE,UNIDAD_MEDIDA,CODIGO_BARRAS) VALUES(546,66,'Oral B Cepillo Dental','Cross Action Vitalizer 35 Compact',1,12.0,1.000000,1.000000,1.000000,'Pz',3.014260304782E12);

INSERT INTO MOVIMIENTO_HISTORICO_PRODUCTO (ALMACEN_ID,PRODUCTO_ID,FECHA,TIPO_MOVIMIENTO_ID,CANTIDAD,COSTO,PRECIO,USUARIO_ID) VALUES(1,546,now(),30,36,1.000000,1.000000,'root');
INSERT INTO ALMACEN_PRODUCTO(ALMACEN_ID,PRODUCTO_ID,CANTIDAD_ACTUAL,CANTIDAD_MINIMA,PRECIO_VENTA) VALUES (1,546,36,0,1.000000);

INSERT INTO ALMACEN_PRODUCTO(ALMACEN_ID,PRODUCTO_ID,CANTIDAD_ACTUAL,CANTIDAD_MINIMA,PRECIO_VENTA) VALUES (2,546,0,0,1.000000);

INSERT INTO ALMACEN_PRODUCTO(ALMACEN_ID,PRODUCTO_ID,CANTIDAD_ACTUAL,CANTIDAD_MINIMA,PRECIO_VENTA) VALUES (3,546,36,0,1.000000);

INSERT INTO ALMACEN_PRODUCTO(ALMACEN_ID,PRODUCTO_ID,CANTIDAD_ACTUAL,CANTIDAD_MINIMA,PRECIO_VENTA) VALUES (4,546,36,0,1.000000);

INSERT INTO PROVEEDOR_PRODUCTO(PROVEEDOR_ID,PRODUCTO_ID,PRECIO_COMPRA) VALUES(19,546, 1.000000);

-- ===========PRODUCTO [547]
INSERT INTO PRODUCTO(ID,MARCA_ID,NOMBRE,PRESENTACION,CONTENIDO,UNIDADES_POR_CAJA,COSTO,COSTO_VENTA,PRECIO_BASE,UNIDAD_MEDIDA,CODIGO_BARRAS) VALUES(547,66,'Oral B Cepillo Dental Exibidor','Cross Action 40 Suave',12,3.0,1.000000,1.000000,1.000000,'Pz',3.7501086494676E13);

INSERT INTO MOVIMIENTO_HISTORICO_PRODUCTO (ALMACEN_ID,PRODUCTO_ID,FECHA,TIPO_MOVIMIENTO_ID,CANTIDAD,COSTO,PRECIO,USUARIO_ID) VALUES(1,547,now(),30,0,1.000000,1.000000,'root');
INSERT INTO ALMACEN_PRODUCTO(ALMACEN_ID,PRODUCTO_ID,CANTIDAD_ACTUAL,CANTIDAD_MINIMA,PRECIO_VENTA) VALUES (1,547,0,0,1.000000);

INSERT INTO ALMACEN_PRODUCTO(ALMACEN_ID,PRODUCTO_ID,CANTIDAD_ACTUAL,CANTIDAD_MINIMA,PRECIO_VENTA) VALUES (2,547,0,0,1.000000);

INSERT INTO PROVEEDOR_PRODUCTO(PROVEEDOR_ID,PRODUCTO_ID,PRECIO_COMPRA) VALUES(19,547, 1.000000);

-- ===========PRODUCTO [548]
INSERT INTO PRODUCTO(ID,MARCA_ID,NOMBRE,PRESENTACION,CONTENIDO,UNIDADES_POR_CAJA,COSTO,COSTO_VENTA,PRECIO_BASE,UNIDAD_MEDIDA,CODIGO_BARRAS) VALUES(548,66,'Oral B Cepillo Dental','Cross Action 40 Suave',1,12.0,1.000000,1.000000,1.000000,'Pz',7.501086494675E12);

INSERT INTO MOVIMIENTO_HISTORICO_PRODUCTO (ALMACEN_ID,PRODUCTO_ID,FECHA,TIPO_MOVIMIENTO_ID,CANTIDAD,COSTO,PRECIO,USUARIO_ID) VALUES(1,548,now(),30,36,1.000000,1.000000,'root');
INSERT INTO ALMACEN_PRODUCTO(ALMACEN_ID,PRODUCTO_ID,CANTIDAD_ACTUAL,CANTIDAD_MINIMA,PRECIO_VENTA) VALUES (1,548,36,0,1.000000);

INSERT INTO ALMACEN_PRODUCTO(ALMACEN_ID,PRODUCTO_ID,CANTIDAD_ACTUAL,CANTIDAD_MINIMA,PRECIO_VENTA) VALUES (2,548,0,0,1.000000);

INSERT INTO ALMACEN_PRODUCTO(ALMACEN_ID,PRODUCTO_ID,CANTIDAD_ACTUAL,CANTIDAD_MINIMA,PRECIO_VENTA) VALUES (3,548,36,0,1.000000);

INSERT INTO ALMACEN_PRODUCTO(ALMACEN_ID,PRODUCTO_ID,CANTIDAD_ACTUAL,CANTIDAD_MINIMA,PRECIO_VENTA) VALUES (4,548,36,0,1.000000);

INSERT INTO PROVEEDOR_PRODUCTO(PROVEEDOR_ID,PRODUCTO_ID,PRECIO_COMPRA) VALUES(19,548, 1.000000);

-- ===========PRODUCTO [549]
INSERT INTO PRODUCTO(ID,MARCA_ID,NOMBRE,PRESENTACION,CONTENIDO,UNIDADES_POR_CAJA,COSTO,COSTO_VENTA,PRECIO_BASE,UNIDAD_MEDIDA,CODIGO_BARRAS) VALUES(549,58,'Silk Hair Gotas de Seda','Princess',120,24.0,1.000000,1.000000,34.170000,'ML',7.502245720055E12);

INSERT INTO MOVIMIENTO_HISTORICO_PRODUCTO (ALMACEN_ID,PRODUCTO_ID,FECHA,TIPO_MOVIMIENTO_ID,CANTIDAD,COSTO,PRECIO,USUARIO_ID) VALUES(1,549,now(),30,24,1.000000,34.170000,'root');
INSERT INTO ALMACEN_PRODUCTO(ALMACEN_ID,PRODUCTO_ID,CANTIDAD_ACTUAL,CANTIDAD_MINIMA,PRECIO_VENTA) VALUES (1,549,24,0,34.170000);

INSERT INTO ALMACEN_PRODUCTO(ALMACEN_ID,PRODUCTO_ID,CANTIDAD_ACTUAL,CANTIDAD_MINIMA,PRECIO_VENTA) VALUES (2,549,0,0,1.000000);

INSERT INTO ALMACEN_PRODUCTO(ALMACEN_ID,PRODUCTO_ID,CANTIDAD_ACTUAL,CANTIDAD_MINIMA,PRECIO_VENTA) VALUES (3,549,24,0,34.900000);

INSERT INTO ALMACEN_PRODUCTO(ALMACEN_ID,PRODUCTO_ID,CANTIDAD_ACTUAL,CANTIDAD_MINIMA,PRECIO_VENTA) VALUES (4,549,24,0,1.000000);

INSERT INTO PROVEEDOR_PRODUCTO(PROVEEDOR_ID,PRODUCTO_ID,PRECIO_COMPRA) VALUES(27,549, 1.000000);

-- ===========PRODUCTO [550]
INSERT INTO PRODUCTO(ID,MARCA_ID,NOMBRE,PRESENTACION,CONTENIDO,UNIDADES_POR_CAJA,COSTO,COSTO_VENTA,PRECIO_BASE,UNIDAD_MEDIDA,CODIGO_BARRAS) VALUES(550,58,'Silk Hair Gotas de Seda','Tropic',120,24.0,1.000000,1.000000,34.170000,'ML',7.502245720086E12);

INSERT INTO MOVIMIENTO_HISTORICO_PRODUCTO (ALMACEN_ID,PRODUCTO_ID,FECHA,TIPO_MOVIMIENTO_ID,CANTIDAD,COSTO,PRECIO,USUARIO_ID) VALUES(1,550,now(),30,24,1.000000,34.170000,'root');
INSERT INTO ALMACEN_PRODUCTO(ALMACEN_ID,PRODUCTO_ID,CANTIDAD_ACTUAL,CANTIDAD_MINIMA,PRECIO_VENTA) VALUES (1,550,24,0,34.170000);

INSERT INTO ALMACEN_PRODUCTO(ALMACEN_ID,PRODUCTO_ID,CANTIDAD_ACTUAL,CANTIDAD_MINIMA,PRECIO_VENTA) VALUES (2,550,0,0,1.000000);

INSERT INTO ALMACEN_PRODUCTO(ALMACEN_ID,PRODUCTO_ID,CANTIDAD_ACTUAL,CANTIDAD_MINIMA,PRECIO_VENTA) VALUES (3,550,24,0,34.900000);

INSERT INTO ALMACEN_PRODUCTO(ALMACEN_ID,PRODUCTO_ID,CANTIDAD_ACTUAL,CANTIDAD_MINIMA,PRECIO_VENTA) VALUES (4,550,24,0,1.000000);

INSERT INTO PROVEEDOR_PRODUCTO(PROVEEDOR_ID,PRODUCTO_ID,PRECIO_COMPRA) VALUES(27,550, 1.000000);

-- ===========PRODUCTO [551]
INSERT INTO PRODUCTO(ID,MARCA_ID,NOMBRE,PRESENTACION,CONTENIDO,UNIDADES_POR_CAJA,COSTO,COSTO_VENTA,PRECIO_BASE,UNIDAD_MEDIDA,CODIGO_BARRAS) VALUES(551,58,'Silk Hair Gotas de Seda','Cereza Fresa',120,24.0,1.000000,1.000000,34.170000,'ML',7.502245720093E12);

INSERT INTO MOVIMIENTO_HISTORICO_PRODUCTO (ALMACEN_ID,PRODUCTO_ID,FECHA,TIPO_MOVIMIENTO_ID,CANTIDAD,COSTO,PRECIO,USUARIO_ID) VALUES(1,551,now(),30,48,1.000000,34.170000,'root');
INSERT INTO ALMACEN_PRODUCTO(ALMACEN_ID,PRODUCTO_ID,CANTIDAD_ACTUAL,CANTIDAD_MINIMA,PRECIO_VENTA) VALUES (1,551,48,0,34.170000);

INSERT INTO ALMACEN_PRODUCTO(ALMACEN_ID,PRODUCTO_ID,CANTIDAD_ACTUAL,CANTIDAD_MINIMA,PRECIO_VENTA) VALUES (2,551,0,0,1.000000);

INSERT INTO ALMACEN_PRODUCTO(ALMACEN_ID,PRODUCTO_ID,CANTIDAD_ACTUAL,CANTIDAD_MINIMA,PRECIO_VENTA) VALUES (3,551,48,0,34.900000);

INSERT INTO ALMACEN_PRODUCTO(ALMACEN_ID,PRODUCTO_ID,CANTIDAD_ACTUAL,CANTIDAD_MINIMA,PRECIO_VENTA) VALUES (4,551,48,0,1.000000);

INSERT INTO PROVEEDOR_PRODUCTO(PROVEEDOR_ID,PRODUCTO_ID,PRECIO_COMPRA) VALUES(27,551, 1.000000);

-- ===========PRODUCTO [552]
INSERT INTO PRODUCTO(ID,MARCA_ID,NOMBRE,PRESENTACION,CONTENIDO,UNIDADES_POR_CAJA,COSTO,COSTO_VENTA,PRECIO_BASE,UNIDAD_MEDIDA,CODIGO_BARRAS) VALUES(552,58,'Silk Hair Gotas de Seda','Durazno',120,24.0,1.000000,1.000000,34.170000,'ML',7.502245720017E12);

INSERT INTO MOVIMIENTO_HISTORICO_PRODUCTO (ALMACEN_ID,PRODUCTO_ID,FECHA,TIPO_MOVIMIENTO_ID,CANTIDAD,COSTO,PRECIO,USUARIO_ID) VALUES(1,552,now(),30,24,1.000000,34.170000,'root');
INSERT INTO ALMACEN_PRODUCTO(ALMACEN_ID,PRODUCTO_ID,CANTIDAD_ACTUAL,CANTIDAD_MINIMA,PRECIO_VENTA) VALUES (1,552,24,0,34.170000);

INSERT INTO ALMACEN_PRODUCTO(ALMACEN_ID,PRODUCTO_ID,CANTIDAD_ACTUAL,CANTIDAD_MINIMA,PRECIO_VENTA) VALUES (2,552,0,0,1.000000);

INSERT INTO ALMACEN_PRODUCTO(ALMACEN_ID,PRODUCTO_ID,CANTIDAD_ACTUAL,CANTIDAD_MINIMA,PRECIO_VENTA) VALUES (3,552,24,0,34.900000);

INSERT INTO ALMACEN_PRODUCTO(ALMACEN_ID,PRODUCTO_ID,CANTIDAD_ACTUAL,CANTIDAD_MINIMA,PRECIO_VENTA) VALUES (4,552,24,0,1.000000);

INSERT INTO PROVEEDOR_PRODUCTO(PROVEEDOR_ID,PRODUCTO_ID,PRECIO_COMPRA) VALUES(27,552, 1.000000);

-- ===========PRODUCTO [553]
INSERT INTO PRODUCTO(ID,MARCA_ID,NOMBRE,PRESENTACION,CONTENIDO,UNIDADES_POR_CAJA,COSTO,COSTO_VENTA,PRECIO_BASE,UNIDAD_MEDIDA,CODIGO_BARRAS) VALUES(553,58,'Silk Hair Gotas de Seda','Petalos de Rosas',120,24.0,1.000000,1.000000,34.170000,'ML',7.502245720031E12);

INSERT INTO MOVIMIENTO_HISTORICO_PRODUCTO (ALMACEN_ID,PRODUCTO_ID,FECHA,TIPO_MOVIMIENTO_ID,CANTIDAD,COSTO,PRECIO,USUARIO_ID) VALUES(1,553,now(),30,24,1.000000,34.170000,'root');
INSERT INTO ALMACEN_PRODUCTO(ALMACEN_ID,PRODUCTO_ID,CANTIDAD_ACTUAL,CANTIDAD_MINIMA,PRECIO_VENTA) VALUES (1,553,24,0,34.170000);

INSERT INTO ALMACEN_PRODUCTO(ALMACEN_ID,PRODUCTO_ID,CANTIDAD_ACTUAL,CANTIDAD_MINIMA,PRECIO_VENTA) VALUES (2,553,0,0,1.000000);

INSERT INTO ALMACEN_PRODUCTO(ALMACEN_ID,PRODUCTO_ID,CANTIDAD_ACTUAL,CANTIDAD_MINIMA,PRECIO_VENTA) VALUES (3,553,24,0,34.900000);

INSERT INTO ALMACEN_PRODUCTO(ALMACEN_ID,PRODUCTO_ID,CANTIDAD_ACTUAL,CANTIDAD_MINIMA,PRECIO_VENTA) VALUES (4,553,24,0,1.000000);

INSERT INTO PROVEEDOR_PRODUCTO(PROVEEDOR_ID,PRODUCTO_ID,PRECIO_COMPRA) VALUES(27,553, 1.000000);

-- ===========PRODUCTO [554]
INSERT INTO PRODUCTO(ID,MARCA_ID,NOMBRE,PRESENTACION,CONTENIDO,UNIDADES_POR_CAJA,COSTO,COSTO_VENTA,PRECIO_BASE,UNIDAD_MEDIDA,CODIGO_BARRAS) VALUES(554,58,'Silk Hair Gotas de Seda','Uva',120,24.0,1.000000,1.000000,34.170000,'ML',7.502245720079E12);

INSERT INTO MOVIMIENTO_HISTORICO_PRODUCTO (ALMACEN_ID,PRODUCTO_ID,FECHA,TIPO_MOVIMIENTO_ID,CANTIDAD,COSTO,PRECIO,USUARIO_ID) VALUES(1,554,now(),30,48,1.000000,34.170000,'root');
INSERT INTO ALMACEN_PRODUCTO(ALMACEN_ID,PRODUCTO_ID,CANTIDAD_ACTUAL,CANTIDAD_MINIMA,PRECIO_VENTA) VALUES (1,554,48,0,34.170000);

INSERT INTO ALMACEN_PRODUCTO(ALMACEN_ID,PRODUCTO_ID,CANTIDAD_ACTUAL,CANTIDAD_MINIMA,PRECIO_VENTA) VALUES (2,554,0,0,1.000000);

INSERT INTO ALMACEN_PRODUCTO(ALMACEN_ID,PRODUCTO_ID,CANTIDAD_ACTUAL,CANTIDAD_MINIMA,PRECIO_VENTA) VALUES (3,554,48,0,34.900000);

INSERT INTO ALMACEN_PRODUCTO(ALMACEN_ID,PRODUCTO_ID,CANTIDAD_ACTUAL,CANTIDAD_MINIMA,PRECIO_VENTA) VALUES (4,554,48,0,1.000000);

INSERT INTO PROVEEDOR_PRODUCTO(PROVEEDOR_ID,PRODUCTO_ID,PRECIO_COMPRA) VALUES(27,554, 1.000000);

-- ===========PRODUCTO [555]
INSERT INTO PRODUCTO(ID,MARCA_ID,NOMBRE,PRESENTACION,CONTENIDO,UNIDADES_POR_CAJA,COSTO,COSTO_VENTA,PRECIO_BASE,UNIDAD_MEDIDA,CODIGO_BARRAS) VALUES(555,58,'Silk Hair Gotas de Seda','Maracuya',120,24.0,1.000000,1.000000,34.170000,'ML',7.502245720048E12);

INSERT INTO MOVIMIENTO_HISTORICO_PRODUCTO (ALMACEN_ID,PRODUCTO_ID,FECHA,TIPO_MOVIMIENTO_ID,CANTIDAD,COSTO,PRECIO,USUARIO_ID) VALUES(1,555,now(),30,24,1.000000,34.170000,'root');
INSERT INTO ALMACEN_PRODUCTO(ALMACEN_ID,PRODUCTO_ID,CANTIDAD_ACTUAL,CANTIDAD_MINIMA,PRECIO_VENTA) VALUES (1,555,24,0,34.170000);

INSERT INTO ALMACEN_PRODUCTO(ALMACEN_ID,PRODUCTO_ID,CANTIDAD_ACTUAL,CANTIDAD_MINIMA,PRECIO_VENTA) VALUES (2,555,0,0,1.000000);

INSERT INTO ALMACEN_PRODUCTO(ALMACEN_ID,PRODUCTO_ID,CANTIDAD_ACTUAL,CANTIDAD_MINIMA,PRECIO_VENTA) VALUES (3,555,24,0,34.900000);

INSERT INTO ALMACEN_PRODUCTO(ALMACEN_ID,PRODUCTO_ID,CANTIDAD_ACTUAL,CANTIDAD_MINIMA,PRECIO_VENTA) VALUES (4,555,24,0,1.000000);

INSERT INTO PROVEEDOR_PRODUCTO(PROVEEDOR_ID,PRODUCTO_ID,PRECIO_COMPRA) VALUES(27,555, 1.000000);

-- ===========PRODUCTO [556]
INSERT INTO PRODUCTO(ID,MARCA_ID,NOMBRE,PRESENTACION,CONTENIDO,UNIDADES_POR_CAJA,COSTO,COSTO_VENTA,PRECIO_BASE,UNIDAD_MEDIDA,CODIGO_BARRAS) VALUES(556,58,'Silk Hair Gotas de Seda','Kiwi Fresa',120,24.0,1.000000,1.000000,34.170000,'ML',7.502245720024E12);

INSERT INTO MOVIMIENTO_HISTORICO_PRODUCTO (ALMACEN_ID,PRODUCTO_ID,FECHA,TIPO_MOVIMIENTO_ID,CANTIDAD,COSTO,PRECIO,USUARIO_ID) VALUES(1,556,now(),30,24,1.000000,34.170000,'root');
INSERT INTO ALMACEN_PRODUCTO(ALMACEN_ID,PRODUCTO_ID,CANTIDAD_ACTUAL,CANTIDAD_MINIMA,PRECIO_VENTA) VALUES (1,556,24,0,34.170000);

INSERT INTO ALMACEN_PRODUCTO(ALMACEN_ID,PRODUCTO_ID,CANTIDAD_ACTUAL,CANTIDAD_MINIMA,PRECIO_VENTA) VALUES (2,556,0,0,1.000000);

INSERT INTO ALMACEN_PRODUCTO(ALMACEN_ID,PRODUCTO_ID,CANTIDAD_ACTUAL,CANTIDAD_MINIMA,PRECIO_VENTA) VALUES (3,556,24,0,34.900000);

INSERT INTO ALMACEN_PRODUCTO(ALMACEN_ID,PRODUCTO_ID,CANTIDAD_ACTUAL,CANTIDAD_MINIMA,PRECIO_VENTA) VALUES (4,556,24,0,1.000000);

INSERT INTO PROVEEDOR_PRODUCTO(PROVEEDOR_ID,PRODUCTO_ID,PRECIO_COMPRA) VALUES(27,556, 1.000000);

-- ===========PRODUCTO [557]
INSERT INTO PRODUCTO(ID,MARCA_ID,NOMBRE,PRESENTACION,CONTENIDO,UNIDADES_POR_CAJA,COSTO,COSTO_VENTA,PRECIO_BASE,UNIDAD_MEDIDA,CODIGO_BARRAS) VALUES(557,35,'Colgate Pasta Dental','Total Clean Mint',22,144.0,1.000000,1.000000,1.000000,'ML',7.509546039169E12);

INSERT INTO MOVIMIENTO_HISTORICO_PRODUCTO (ALMACEN_ID,PRODUCTO_ID,FECHA,TIPO_MOVIMIENTO_ID,CANTIDAD,COSTO,PRECIO,USUARIO_ID) VALUES(1,557,now(),30,144,1.000000,1.000000,'root');
INSERT INTO ALMACEN_PRODUCTO(ALMACEN_ID,PRODUCTO_ID,CANTIDAD_ACTUAL,CANTIDAD_MINIMA,PRECIO_VENTA) VALUES (1,557,144,0,1.000000);

INSERT INTO ALMACEN_PRODUCTO(ALMACEN_ID,PRODUCTO_ID,CANTIDAD_ACTUAL,CANTIDAD_MINIMA,PRECIO_VENTA) VALUES (2,557,0,0,1.000000);

INSERT INTO ALMACEN_PRODUCTO(ALMACEN_ID,PRODUCTO_ID,CANTIDAD_ACTUAL,CANTIDAD_MINIMA,PRECIO_VENTA) VALUES (3,557,144,0,1.000000);

INSERT INTO ALMACEN_PRODUCTO(ALMACEN_ID,PRODUCTO_ID,CANTIDAD_ACTUAL,CANTIDAD_MINIMA,PRECIO_VENTA) VALUES (4,557,144,0,1.000000);

INSERT INTO PROVEEDOR_PRODUCTO(PROVEEDOR_ID,PRODUCTO_ID,PRECIO_COMPRA) VALUES(6,557, 1.000000);

-- ===========PRODUCTO [558]
INSERT INTO PRODUCTO(ID,MARCA_ID,NOMBRE,PRESENTACION,CONTENIDO,UNIDADES_POR_CAJA,COSTO,COSTO_VENTA,PRECIO_BASE,UNIDAD_MEDIDA,CODIGO_BARRAS) VALUES(558,35,'Colgate Crema Dental','Triple Acción Extra Blancura',100,48.0,1.000000,1.000000,1.000000,'ML',7.509546056104E12);

INSERT INTO MOVIMIENTO_HISTORICO_PRODUCTO (ALMACEN_ID,PRODUCTO_ID,FECHA,TIPO_MOVIMIENTO_ID,CANTIDAD,COSTO,PRECIO,USUARIO_ID) VALUES(1,558,now(),30,48,1.000000,1.000000,'root');
INSERT INTO ALMACEN_PRODUCTO(ALMACEN_ID,PRODUCTO_ID,CANTIDAD_ACTUAL,CANTIDAD_MINIMA,PRECIO_VENTA) VALUES (1,558,48,0,1.000000);

INSERT INTO ALMACEN_PRODUCTO(ALMACEN_ID,PRODUCTO_ID,CANTIDAD_ACTUAL,CANTIDAD_MINIMA,PRECIO_VENTA) VALUES (2,558,4,0,1.000000);

INSERT INTO ALMACEN_PRODUCTO(ALMACEN_ID,PRODUCTO_ID,CANTIDAD_ACTUAL,CANTIDAD_MINIMA,PRECIO_VENTA) VALUES (3,558,48,0,1.000000);

INSERT INTO ALMACEN_PRODUCTO(ALMACEN_ID,PRODUCTO_ID,CANTIDAD_ACTUAL,CANTIDAD_MINIMA,PRECIO_VENTA) VALUES (4,558,48,0,1.000000);

INSERT INTO PROVEEDOR_PRODUCTO(PROVEEDOR_ID,PRODUCTO_ID,PRECIO_COMPRA) VALUES(6,558, 1.000000);

-- ===========PRODUCTO [559]
INSERT INTO PRODUCTO(ID,MARCA_ID,NOMBRE,PRESENTACION,CONTENIDO,UNIDADES_POR_CAJA,COSTO,COSTO_VENTA,PRECIO_BASE,UNIDAD_MEDIDA,CODIGO_BARRAS) VALUES(559,36,'Caprice Shampoo','Chabacano',800,12.0,1.000000,1.000000,1.000000,'ML',7.509546026992E12);

INSERT INTO MOVIMIENTO_HISTORICO_PRODUCTO (ALMACEN_ID,PRODUCTO_ID,FECHA,TIPO_MOVIMIENTO_ID,CANTIDAD,COSTO,PRECIO,USUARIO_ID) VALUES(1,559,now(),30,12,1.000000,1.000000,'root');
INSERT INTO ALMACEN_PRODUCTO(ALMACEN_ID,PRODUCTO_ID,CANTIDAD_ACTUAL,CANTIDAD_MINIMA,PRECIO_VENTA) VALUES (1,559,12,0,1.000000);

INSERT INTO ALMACEN_PRODUCTO(ALMACEN_ID,PRODUCTO_ID,CANTIDAD_ACTUAL,CANTIDAD_MINIMA,PRECIO_VENTA) VALUES (2,559,0,0,1.000000);

INSERT INTO ALMACEN_PRODUCTO(ALMACEN_ID,PRODUCTO_ID,CANTIDAD_ACTUAL,CANTIDAD_MINIMA,PRECIO_VENTA) VALUES (3,559,12,0,1.000000);

INSERT INTO ALMACEN_PRODUCTO(ALMACEN_ID,PRODUCTO_ID,CANTIDAD_ACTUAL,CANTIDAD_MINIMA,PRECIO_VENTA) VALUES (4,559,12,0,1.000000);

INSERT INTO PROVEEDOR_PRODUCTO(PROVEEDOR_ID,PRODUCTO_ID,PRECIO_COMPRA) VALUES(6,559, 1.000000);

-- ===========PRODUCTO [560]
INSERT INTO PRODUCTO(ID,MARCA_ID,NOMBRE,PRESENTACION,CONTENIDO,UNIDADES_POR_CAJA,COSTO,COSTO_VENTA,PRECIO_BASE,UNIDAD_MEDIDA,CODIGO_BARRAS) VALUES(560,17,'Palmolive Hydra Natura ','Intensiva Suavidad Nutritiva',250,12.0,1.000000,1.000000,1.000000,'ML',7.509546045788E12);

INSERT INTO MOVIMIENTO_HISTORICO_PRODUCTO (ALMACEN_ID,PRODUCTO_ID,FECHA,TIPO_MOVIMIENTO_ID,CANTIDAD,COSTO,PRECIO,USUARIO_ID) VALUES(1,560,now(),30,12,1.000000,1.000000,'root');
INSERT INTO ALMACEN_PRODUCTO(ALMACEN_ID,PRODUCTO_ID,CANTIDAD_ACTUAL,CANTIDAD_MINIMA,PRECIO_VENTA) VALUES (1,560,12,0,1.000000);

INSERT INTO ALMACEN_PRODUCTO(ALMACEN_ID,PRODUCTO_ID,CANTIDAD_ACTUAL,CANTIDAD_MINIMA,PRECIO_VENTA) VALUES (2,560,1,0,1.000000);

INSERT INTO ALMACEN_PRODUCTO(ALMACEN_ID,PRODUCTO_ID,CANTIDAD_ACTUAL,CANTIDAD_MINIMA,PRECIO_VENTA) VALUES (3,560,12,0,1.000000);

INSERT INTO ALMACEN_PRODUCTO(ALMACEN_ID,PRODUCTO_ID,CANTIDAD_ACTUAL,CANTIDAD_MINIMA,PRECIO_VENTA) VALUES (4,560,12,0,1.000000);

INSERT INTO PROVEEDOR_PRODUCTO(PROVEEDOR_ID,PRODUCTO_ID,PRECIO_COMPRA) VALUES(6,560, 1.000000);

-- ===========PRODUCTO [561]
INSERT INTO PRODUCTO(ID,MARCA_ID,NOMBRE,PRESENTACION,CONTENIDO,UNIDADES_POR_CAJA,COSTO,COSTO_VENTA,PRECIO_BASE,UNIDAD_MEDIDA,CODIGO_BARRAS) VALUES(561,35,'Colgate Crema Dental','Triple Accion Extra Blancura',125,48.0,1.000000,1.000000,1.000000,'ML',7.509546056111E12);

INSERT INTO MOVIMIENTO_HISTORICO_PRODUCTO (ALMACEN_ID,PRODUCTO_ID,FECHA,TIPO_MOVIMIENTO_ID,CANTIDAD,COSTO,PRECIO,USUARIO_ID) VALUES(1,561,now(),30,48,1.000000,1.000000,'root');
INSERT INTO ALMACEN_PRODUCTO(ALMACEN_ID,PRODUCTO_ID,CANTIDAD_ACTUAL,CANTIDAD_MINIMA,PRECIO_VENTA) VALUES (1,561,48,0,1.000000);

INSERT INTO ALMACEN_PRODUCTO(ALMACEN_ID,PRODUCTO_ID,CANTIDAD_ACTUAL,CANTIDAD_MINIMA,PRECIO_VENTA) VALUES (2,561,218,0,1.000000);

INSERT INTO ALMACEN_PRODUCTO(ALMACEN_ID,PRODUCTO_ID,CANTIDAD_ACTUAL,CANTIDAD_MINIMA,PRECIO_VENTA) VALUES (3,561,48,0,1.000000);

INSERT INTO ALMACEN_PRODUCTO(ALMACEN_ID,PRODUCTO_ID,CANTIDAD_ACTUAL,CANTIDAD_MINIMA,PRECIO_VENTA) VALUES (4,561,48,0,1.000000);

INSERT INTO PROVEEDOR_PRODUCTO(PROVEEDOR_ID,PRODUCTO_ID,PRECIO_COMPRA) VALUES(6,561, 1.000000);

-- ===========PRODUCTO [562]
INSERT INTO PRODUCTO(ID,MARCA_ID,NOMBRE,PRESENTACION,CONTENIDO,UNIDADES_POR_CAJA,COSTO,COSTO_VENTA,PRECIO_BASE,UNIDAD_MEDIDA,CODIGO_BARRAS) VALUES(562,35,'Colgate Pasta Dental','Triple Acción Extra Blancura',150,48.0,1.000000,1.000000,1.000000,'ML',7.509546056128E12);

INSERT INTO MOVIMIENTO_HISTORICO_PRODUCTO (ALMACEN_ID,PRODUCTO_ID,FECHA,TIPO_MOVIMIENTO_ID,CANTIDAD,COSTO,PRECIO,USUARIO_ID) VALUES(1,562,now(),30,48,1.000000,1.000000,'root');
INSERT INTO ALMACEN_PRODUCTO(ALMACEN_ID,PRODUCTO_ID,CANTIDAD_ACTUAL,CANTIDAD_MINIMA,PRECIO_VENTA) VALUES (1,562,48,0,1.000000);

INSERT INTO ALMACEN_PRODUCTO(ALMACEN_ID,PRODUCTO_ID,CANTIDAD_ACTUAL,CANTIDAD_MINIMA,PRECIO_VENTA) VALUES (2,562,0,0,1.000000);

INSERT INTO ALMACEN_PRODUCTO(ALMACEN_ID,PRODUCTO_ID,CANTIDAD_ACTUAL,CANTIDAD_MINIMA,PRECIO_VENTA) VALUES (3,562,48,0,1.000000);

INSERT INTO ALMACEN_PRODUCTO(ALMACEN_ID,PRODUCTO_ID,CANTIDAD_ACTUAL,CANTIDAD_MINIMA,PRECIO_VENTA) VALUES (4,562,48,0,1.000000);

INSERT INTO PROVEEDOR_PRODUCTO(PROVEEDOR_ID,PRODUCTO_ID,PRECIO_COMPRA) VALUES(6,562, 1.000000);

-- ===========PRODUCTO [563]
INSERT INTO PRODUCTO(ID,MARCA_ID,NOMBRE,PRESENTACION,CONTENIDO,UNIDADES_POR_CAJA,COSTO,COSTO_VENTA,PRECIO_BASE,UNIDAD_MEDIDA,CODIGO_BARRAS) VALUES(563,36,'Caprice Shampoo','Mamey y Silicona',800,12.0,1.000000,1.000000,1.000000,'ML',7.5095460268E12);

INSERT INTO MOVIMIENTO_HISTORICO_PRODUCTO (ALMACEN_ID,PRODUCTO_ID,FECHA,TIPO_MOVIMIENTO_ID,CANTIDAD,COSTO,PRECIO,USUARIO_ID) VALUES(1,563,now(),30,12,1.000000,1.000000,'root');
INSERT INTO ALMACEN_PRODUCTO(ALMACEN_ID,PRODUCTO_ID,CANTIDAD_ACTUAL,CANTIDAD_MINIMA,PRECIO_VENTA) VALUES (1,563,12,0,1.000000);

INSERT INTO ALMACEN_PRODUCTO(ALMACEN_ID,PRODUCTO_ID,CANTIDAD_ACTUAL,CANTIDAD_MINIMA,PRECIO_VENTA) VALUES (2,563,1,0,1.000000);

INSERT INTO ALMACEN_PRODUCTO(ALMACEN_ID,PRODUCTO_ID,CANTIDAD_ACTUAL,CANTIDAD_MINIMA,PRECIO_VENTA) VALUES (3,563,12,0,1.000000);

INSERT INTO ALMACEN_PRODUCTO(ALMACEN_ID,PRODUCTO_ID,CANTIDAD_ACTUAL,CANTIDAD_MINIMA,PRECIO_VENTA) VALUES (4,563,12,0,1.000000);

INSERT INTO PROVEEDOR_PRODUCTO(PROVEEDOR_ID,PRODUCTO_ID,PRECIO_COMPRA) VALUES(6,563, 1.000000);

-- ===========PRODUCTO [564]
INSERT INTO PRODUCTO(ID,MARCA_ID,NOMBRE,PRESENTACION,CONTENIDO,UNIDADES_POR_CAJA,COSTO,COSTO_VENTA,PRECIO_BASE,UNIDAD_MEDIDA,CODIGO_BARRAS) VALUES(564,16,'Ajax Bicloro Limpiador en Polvo','Bicloro',380,48.0,1.000000,1.000000,1.000000,'g',7.501035910072E12);

INSERT INTO MOVIMIENTO_HISTORICO_PRODUCTO (ALMACEN_ID,PRODUCTO_ID,FECHA,TIPO_MOVIMIENTO_ID,CANTIDAD,COSTO,PRECIO,USUARIO_ID) VALUES(1,564,now(),30,48,1.000000,1.000000,'root');
INSERT INTO ALMACEN_PRODUCTO(ALMACEN_ID,PRODUCTO_ID,CANTIDAD_ACTUAL,CANTIDAD_MINIMA,PRECIO_VENTA) VALUES (1,564,48,0,1.000000);

INSERT INTO ALMACEN_PRODUCTO(ALMACEN_ID,PRODUCTO_ID,CANTIDAD_ACTUAL,CANTIDAD_MINIMA,PRECIO_VENTA) VALUES (2,564,0,0,1.000000);

INSERT INTO ALMACEN_PRODUCTO(ALMACEN_ID,PRODUCTO_ID,CANTIDAD_ACTUAL,CANTIDAD_MINIMA,PRECIO_VENTA) VALUES (3,564,48,0,1.000000);

INSERT INTO ALMACEN_PRODUCTO(ALMACEN_ID,PRODUCTO_ID,CANTIDAD_ACTUAL,CANTIDAD_MINIMA,PRECIO_VENTA) VALUES (4,564,48,0,1.000000);

INSERT INTO PROVEEDOR_PRODUCTO(PROVEEDOR_ID,PRODUCTO_ID,PRECIO_COMPRA) VALUES(6,564, 1.000000);

-- ===========PRODUCTO [565]
INSERT INTO PRODUCTO(ID,MARCA_ID,NOMBRE,PRESENTACION,CONTENIDO,UNIDADES_POR_CAJA,COSTO,COSTO_VENTA,PRECIO_BASE,UNIDAD_MEDIDA,CODIGO_BARRAS) VALUES(565,36,'Caprice Fijador Spray Profesional','Extractos Citricos',372,12.0,1.000000,1.000000,26.070000,'ML',7.509546016146E12);

INSERT INTO MOVIMIENTO_HISTORICO_PRODUCTO (ALMACEN_ID,PRODUCTO_ID,FECHA,TIPO_MOVIMIENTO_ID,CANTIDAD,COSTO,PRECIO,USUARIO_ID) VALUES(1,565,now(),30,12,1.000000,26.070000,'root');
INSERT INTO ALMACEN_PRODUCTO(ALMACEN_ID,PRODUCTO_ID,CANTIDAD_ACTUAL,CANTIDAD_MINIMA,PRECIO_VENTA) VALUES (1,565,12,0,26.070000);

INSERT INTO ALMACEN_PRODUCTO(ALMACEN_ID,PRODUCTO_ID,CANTIDAD_ACTUAL,CANTIDAD_MINIMA,PRECIO_VENTA) VALUES (2,565,20,0,1.000000);

INSERT INTO ALMACEN_PRODUCTO(ALMACEN_ID,PRODUCTO_ID,CANTIDAD_ACTUAL,CANTIDAD_MINIMA,PRECIO_VENTA) VALUES (3,565,12,0,24.900000);

INSERT INTO ALMACEN_PRODUCTO(ALMACEN_ID,PRODUCTO_ID,CANTIDAD_ACTUAL,CANTIDAD_MINIMA,PRECIO_VENTA) VALUES (4,565,12,0,1.000000);

INSERT INTO PROVEEDOR_PRODUCTO(PROVEEDOR_ID,PRODUCTO_ID,PRECIO_COMPRA) VALUES(6,565, 1.000000);

-- ===========PRODUCTO [566]
INSERT INTO PRODUCTO(ID,MARCA_ID,NOMBRE,PRESENTACION,CONTENIDO,UNIDADES_POR_CAJA,COSTO,COSTO_VENTA,PRECIO_BASE,UNIDAD_MEDIDA,CODIGO_BARRAS) VALUES(566,36,'Caprice Fijador Spray Profesional','Granada + Filtro UV',372,12.0,1.000000,1.000000,26.070000,'ML',7.509546047874E12);

INSERT INTO MOVIMIENTO_HISTORICO_PRODUCTO (ALMACEN_ID,PRODUCTO_ID,FECHA,TIPO_MOVIMIENTO_ID,CANTIDAD,COSTO,PRECIO,USUARIO_ID) VALUES(1,566,now(),30,12,1.000000,26.070000,'root');
INSERT INTO ALMACEN_PRODUCTO(ALMACEN_ID,PRODUCTO_ID,CANTIDAD_ACTUAL,CANTIDAD_MINIMA,PRECIO_VENTA) VALUES (1,566,12,0,26.070000);

INSERT INTO ALMACEN_PRODUCTO(ALMACEN_ID,PRODUCTO_ID,CANTIDAD_ACTUAL,CANTIDAD_MINIMA,PRECIO_VENTA) VALUES (2,566,16,0,1.000000);

INSERT INTO ALMACEN_PRODUCTO(ALMACEN_ID,PRODUCTO_ID,CANTIDAD_ACTUAL,CANTIDAD_MINIMA,PRECIO_VENTA) VALUES (3,566,12,0,24.900000);

INSERT INTO ALMACEN_PRODUCTO(ALMACEN_ID,PRODUCTO_ID,CANTIDAD_ACTUAL,CANTIDAD_MINIMA,PRECIO_VENTA) VALUES (4,566,12,0,1.000000);

INSERT INTO PROVEEDOR_PRODUCTO(PROVEEDOR_ID,PRODUCTO_ID,PRECIO_COMPRA) VALUES(6,566, 1.000000);

-- ===========PRODUCTO [567]
INSERT INTO PRODUCTO(ID,MARCA_ID,NOMBRE,PRESENTACION,CONTENIDO,UNIDADES_POR_CAJA,COSTO,COSTO_VENTA,PRECIO_BASE,UNIDAD_MEDIDA,CODIGO_BARRAS) VALUES(567,35,'Colgate Pasta Dental','Luminous White',125,48.0,1.000000,1.000000,29.900000,'ML',7.509546053875E12);

INSERT INTO MOVIMIENTO_HISTORICO_PRODUCTO (ALMACEN_ID,PRODUCTO_ID,FECHA,TIPO_MOVIMIENTO_ID,CANTIDAD,COSTO,PRECIO,USUARIO_ID) VALUES(1,567,now(),30,120,1.000000,29.900000,'root');
INSERT INTO ALMACEN_PRODUCTO(ALMACEN_ID,PRODUCTO_ID,CANTIDAD_ACTUAL,CANTIDAD_MINIMA,PRECIO_VENTA) VALUES (1,567,120,0,29.900000);

INSERT INTO ALMACEN_PRODUCTO(ALMACEN_ID,PRODUCTO_ID,CANTIDAD_ACTUAL,CANTIDAD_MINIMA,PRECIO_VENTA) VALUES (2,567,70,0,1.000000);

INSERT INTO ALMACEN_PRODUCTO(ALMACEN_ID,PRODUCTO_ID,CANTIDAD_ACTUAL,CANTIDAD_MINIMA,PRECIO_VENTA) VALUES (3,567,120,0,29.900000);

INSERT INTO ALMACEN_PRODUCTO(ALMACEN_ID,PRODUCTO_ID,CANTIDAD_ACTUAL,CANTIDAD_MINIMA,PRECIO_VENTA) VALUES (4,567,120,0,1.000000);

INSERT INTO PROVEEDOR_PRODUCTO(PROVEEDOR_ID,PRODUCTO_ID,PRECIO_COMPRA) VALUES(6,567, 1.000000);

-- ===========PRODUCTO [568]
INSERT INTO PRODUCTO(ID,MARCA_ID,NOMBRE,PRESENTACION,CONTENIDO,UNIDADES_POR_CAJA,COSTO,COSTO_VENTA,PRECIO_BASE,UNIDAD_MEDIDA,CODIGO_BARRAS) VALUES(568,35,'Colgate Pasta Dental','Triple Acción',150,72.0,1.000000,1.000000,1.000000,'ML',7.50954600035E12);

INSERT INTO MOVIMIENTO_HISTORICO_PRODUCTO (ALMACEN_ID,PRODUCTO_ID,FECHA,TIPO_MOVIMIENTO_ID,CANTIDAD,COSTO,PRECIO,USUARIO_ID) VALUES(1,568,now(),30,72,1.000000,1.000000,'root');
INSERT INTO ALMACEN_PRODUCTO(ALMACEN_ID,PRODUCTO_ID,CANTIDAD_ACTUAL,CANTIDAD_MINIMA,PRECIO_VENTA) VALUES (1,568,72,0,1.000000);

INSERT INTO ALMACEN_PRODUCTO(ALMACEN_ID,PRODUCTO_ID,CANTIDAD_ACTUAL,CANTIDAD_MINIMA,PRECIO_VENTA) VALUES (2,568,574,0,1.000000);

INSERT INTO ALMACEN_PRODUCTO(ALMACEN_ID,PRODUCTO_ID,CANTIDAD_ACTUAL,CANTIDAD_MINIMA,PRECIO_VENTA) VALUES (3,568,72,0,1.000000);

INSERT INTO ALMACEN_PRODUCTO(ALMACEN_ID,PRODUCTO_ID,CANTIDAD_ACTUAL,CANTIDAD_MINIMA,PRECIO_VENTA) VALUES (4,568,72,0,1.000000);

INSERT INTO PROVEEDOR_PRODUCTO(PROVEEDOR_ID,PRODUCTO_ID,PRECIO_COMPRA) VALUES(6,568, 1.000000);

-- ===========PRODUCTO [569]
INSERT INTO PRODUCTO(ID,MARCA_ID,NOMBRE,PRESENTACION,CONTENIDO,UNIDADES_POR_CAJA,COSTO,COSTO_VENTA,PRECIO_BASE,UNIDAD_MEDIDA,CODIGO_BARRAS) VALUES(569,35,'Colgate Pasta Dental EconoPack 150ml','Total Clean Mint',2,36.0,1.000000,1.000000,1.000000,'PZ',7.509546051161E12);

INSERT INTO MOVIMIENTO_HISTORICO_PRODUCTO (ALMACEN_ID,PRODUCTO_ID,FECHA,TIPO_MOVIMIENTO_ID,CANTIDAD,COSTO,PRECIO,USUARIO_ID) VALUES(1,569,now(),30,36,1.000000,1.000000,'root');
INSERT INTO ALMACEN_PRODUCTO(ALMACEN_ID,PRODUCTO_ID,CANTIDAD_ACTUAL,CANTIDAD_MINIMA,PRECIO_VENTA) VALUES (1,569,36,0,1.000000);

INSERT INTO ALMACEN_PRODUCTO(ALMACEN_ID,PRODUCTO_ID,CANTIDAD_ACTUAL,CANTIDAD_MINIMA,PRECIO_VENTA) VALUES (2,569,9,0,1.000000);

INSERT INTO ALMACEN_PRODUCTO(ALMACEN_ID,PRODUCTO_ID,CANTIDAD_ACTUAL,CANTIDAD_MINIMA,PRECIO_VENTA) VALUES (3,569,36,0,1.000000);

INSERT INTO ALMACEN_PRODUCTO(ALMACEN_ID,PRODUCTO_ID,CANTIDAD_ACTUAL,CANTIDAD_MINIMA,PRECIO_VENTA) VALUES (4,569,36,0,1.000000);

INSERT INTO PROVEEDOR_PRODUCTO(PROVEEDOR_ID,PRODUCTO_ID,PRECIO_COMPRA) VALUES(6,569, 1.000000);

-- ===========PRODUCTO [570]
INSERT INTO PRODUCTO(ID,MARCA_ID,NOMBRE,PRESENTACION,CONTENIDO,UNIDADES_POR_CAJA,COSTO,COSTO_VENTA,PRECIO_BASE,UNIDAD_MEDIDA,CODIGO_BARRAS) VALUES(570,57,'Mennen Colonia Para Bebes','Fresca Fragancia',200,12.0,1.000000,1.000000,1.000000,'ML',7.501035911796E12);

INSERT INTO MOVIMIENTO_HISTORICO_PRODUCTO (ALMACEN_ID,PRODUCTO_ID,FECHA,TIPO_MOVIMIENTO_ID,CANTIDAD,COSTO,PRECIO,USUARIO_ID) VALUES(1,570,now(),30,12,1.000000,1.000000,'root');
INSERT INTO ALMACEN_PRODUCTO(ALMACEN_ID,PRODUCTO_ID,CANTIDAD_ACTUAL,CANTIDAD_MINIMA,PRECIO_VENTA) VALUES (1,570,12,0,1.000000);

INSERT INTO ALMACEN_PRODUCTO(ALMACEN_ID,PRODUCTO_ID,CANTIDAD_ACTUAL,CANTIDAD_MINIMA,PRECIO_VENTA) VALUES (2,570,1,0,1.000000);

INSERT INTO ALMACEN_PRODUCTO(ALMACEN_ID,PRODUCTO_ID,CANTIDAD_ACTUAL,CANTIDAD_MINIMA,PRECIO_VENTA) VALUES (3,570,12,0,1.000000);

INSERT INTO ALMACEN_PRODUCTO(ALMACEN_ID,PRODUCTO_ID,CANTIDAD_ACTUAL,CANTIDAD_MINIMA,PRECIO_VENTA) VALUES (4,570,12,0,1.000000);

INSERT INTO PROVEEDOR_PRODUCTO(PROVEEDOR_ID,PRODUCTO_ID,PRECIO_COMPRA) VALUES(6,570, 1.000000);

-- ===========PRODUCTO [571]
INSERT INTO PRODUCTO(ID,MARCA_ID,NOMBRE,PRESENTACION,CONTENIDO,UNIDADES_POR_CAJA,COSTO,COSTO_VENTA,PRECIO_BASE,UNIDAD_MEDIDA,CODIGO_BARRAS) VALUES(571,57,'Mennen Colonia Para Bebes','Deliciosa Fragancia',200,12.0,1.000000,1.000000,1.000000,'ML',7.509546050355E12);

INSERT INTO MOVIMIENTO_HISTORICO_PRODUCTO (ALMACEN_ID,PRODUCTO_ID,FECHA,TIPO_MOVIMIENTO_ID,CANTIDAD,COSTO,PRECIO,USUARIO_ID) VALUES(1,571,now(),30,12,1.000000,1.000000,'root');
INSERT INTO ALMACEN_PRODUCTO(ALMACEN_ID,PRODUCTO_ID,CANTIDAD_ACTUAL,CANTIDAD_MINIMA,PRECIO_VENTA) VALUES (1,571,12,0,1.000000);

INSERT INTO ALMACEN_PRODUCTO(ALMACEN_ID,PRODUCTO_ID,CANTIDAD_ACTUAL,CANTIDAD_MINIMA,PRECIO_VENTA) VALUES (2,571,0,0,1.000000);

INSERT INTO ALMACEN_PRODUCTO(ALMACEN_ID,PRODUCTO_ID,CANTIDAD_ACTUAL,CANTIDAD_MINIMA,PRECIO_VENTA) VALUES (3,571,12,0,1.000000);

INSERT INTO ALMACEN_PRODUCTO(ALMACEN_ID,PRODUCTO_ID,CANTIDAD_ACTUAL,CANTIDAD_MINIMA,PRECIO_VENTA) VALUES (4,571,12,0,1.000000);

INSERT INTO PROVEEDOR_PRODUCTO(PROVEEDOR_ID,PRODUCTO_ID,PRECIO_COMPRA) VALUES(6,571, 1.000000);

-- ===========PRODUCTO [572]
INSERT INTO PRODUCTO(ID,MARCA_ID,NOMBRE,PRESENTACION,CONTENIDO,UNIDADES_POR_CAJA,COSTO,COSTO_VENTA,PRECIO_BASE,UNIDAD_MEDIDA,CODIGO_BARRAS) VALUES(572,57,'Mennen Baby Magic Jabón Liq','Sonrisas y Abrazos',300,18.0,1.000000,1.000000,1.000000,'ML',7.509546050362E12);

INSERT INTO MOVIMIENTO_HISTORICO_PRODUCTO (ALMACEN_ID,PRODUCTO_ID,FECHA,TIPO_MOVIMIENTO_ID,CANTIDAD,COSTO,PRECIO,USUARIO_ID) VALUES(1,572,now(),30,23,1.000000,1.000000,'root');
INSERT INTO ALMACEN_PRODUCTO(ALMACEN_ID,PRODUCTO_ID,CANTIDAD_ACTUAL,CANTIDAD_MINIMA,PRECIO_VENTA) VALUES (1,572,23,0,1.000000);

INSERT INTO ALMACEN_PRODUCTO(ALMACEN_ID,PRODUCTO_ID,CANTIDAD_ACTUAL,CANTIDAD_MINIMA,PRECIO_VENTA) VALUES (2,572,0,0,1.000000);

INSERT INTO ALMACEN_PRODUCTO(ALMACEN_ID,PRODUCTO_ID,CANTIDAD_ACTUAL,CANTIDAD_MINIMA,PRECIO_VENTA) VALUES (3,572,23,0,1.000000);

INSERT INTO ALMACEN_PRODUCTO(ALMACEN_ID,PRODUCTO_ID,CANTIDAD_ACTUAL,CANTIDAD_MINIMA,PRECIO_VENTA) VALUES (4,572,23,0,1.000000);

INSERT INTO PROVEEDOR_PRODUCTO(PROVEEDOR_ID,PRODUCTO_ID,PRECIO_COMPRA) VALUES(6,572, 1.000000);

-- ===========PRODUCTO [573]
INSERT INTO PRODUCTO(ID,MARCA_ID,NOMBRE,PRESENTACION,CONTENIDO,UNIDADES_POR_CAJA,COSTO,COSTO_VENTA,PRECIO_BASE,UNIDAD_MEDIDA,CODIGO_BARRAS) VALUES(573,57,'Mennen Jabon Liquido 300ml + Esponja','Sonrisas y Abrazos',2,18.0,1.000000,1.000000,1.000000,'PZ',7.509546057095E12);

INSERT INTO MOVIMIENTO_HISTORICO_PRODUCTO (ALMACEN_ID,PRODUCTO_ID,FECHA,TIPO_MOVIMIENTO_ID,CANTIDAD,COSTO,PRECIO,USUARIO_ID) VALUES(1,573,now(),30,12,1.000000,1.000000,'root');
INSERT INTO ALMACEN_PRODUCTO(ALMACEN_ID,PRODUCTO_ID,CANTIDAD_ACTUAL,CANTIDAD_MINIMA,PRECIO_VENTA) VALUES (1,573,12,0,1.000000);

INSERT INTO ALMACEN_PRODUCTO(ALMACEN_ID,PRODUCTO_ID,CANTIDAD_ACTUAL,CANTIDAD_MINIMA,PRECIO_VENTA) VALUES (2,573,0,0,1.000000);

INSERT INTO ALMACEN_PRODUCTO(ALMACEN_ID,PRODUCTO_ID,CANTIDAD_ACTUAL,CANTIDAD_MINIMA,PRECIO_VENTA) VALUES (3,573,12,0,1.000000);

INSERT INTO ALMACEN_PRODUCTO(ALMACEN_ID,PRODUCTO_ID,CANTIDAD_ACTUAL,CANTIDAD_MINIMA,PRECIO_VENTA) VALUES (4,573,12,0,1.000000);

INSERT INTO PROVEEDOR_PRODUCTO(PROVEEDOR_ID,PRODUCTO_ID,PRECIO_COMPRA) VALUES(6,573, 1.000000);

-- ===========PRODUCTO [574]
INSERT INTO PRODUCTO(ID,MARCA_ID,NOMBRE,PRESENTACION,CONTENIDO,UNIDADES_POR_CAJA,COSTO,COSTO_VENTA,PRECIO_BASE,UNIDAD_MEDIDA,CODIGO_BARRAS) VALUES(574,57,'Mennen Baby Magic Crema','UV Sabila',300,12.0,1.000000,1.000000,1.000000,'ML',7.501035908307E12);

INSERT INTO MOVIMIENTO_HISTORICO_PRODUCTO (ALMACEN_ID,PRODUCTO_ID,FECHA,TIPO_MOVIMIENTO_ID,CANTIDAD,COSTO,PRECIO,USUARIO_ID) VALUES(1,574,now(),30,17,1.000000,1.000000,'root');
INSERT INTO ALMACEN_PRODUCTO(ALMACEN_ID,PRODUCTO_ID,CANTIDAD_ACTUAL,CANTIDAD_MINIMA,PRECIO_VENTA) VALUES (1,574,17,0,1.000000);

INSERT INTO ALMACEN_PRODUCTO(ALMACEN_ID,PRODUCTO_ID,CANTIDAD_ACTUAL,CANTIDAD_MINIMA,PRECIO_VENTA) VALUES (2,574,0,0,1.000000);

INSERT INTO ALMACEN_PRODUCTO(ALMACEN_ID,PRODUCTO_ID,CANTIDAD_ACTUAL,CANTIDAD_MINIMA,PRECIO_VENTA) VALUES (3,574,17,0,1.000000);

INSERT INTO ALMACEN_PRODUCTO(ALMACEN_ID,PRODUCTO_ID,CANTIDAD_ACTUAL,CANTIDAD_MINIMA,PRECIO_VENTA) VALUES (4,574,17,0,1.000000);

INSERT INTO PROVEEDOR_PRODUCTO(PROVEEDOR_ID,PRODUCTO_ID,PRECIO_COMPRA) VALUES(6,574, 1.000000);

-- ===========PRODUCTO [575]
INSERT INTO PRODUCTO(ID,MARCA_ID,NOMBRE,PRESENTACION,CONTENIDO,UNIDADES_POR_CAJA,COSTO,COSTO_VENTA,PRECIO_BASE,UNIDAD_MEDIDA,CODIGO_BARRAS) VALUES(575,57,'Mennen Baby Magic Aceite','Sabila',100,24.0,1.000000,1.000000,1.000000,'ML',7.501035908215E12);

INSERT INTO MOVIMIENTO_HISTORICO_PRODUCTO (ALMACEN_ID,PRODUCTO_ID,FECHA,TIPO_MOVIMIENTO_ID,CANTIDAD,COSTO,PRECIO,USUARIO_ID) VALUES(1,575,now(),30,24,1.000000,1.000000,'root');
INSERT INTO ALMACEN_PRODUCTO(ALMACEN_ID,PRODUCTO_ID,CANTIDAD_ACTUAL,CANTIDAD_MINIMA,PRECIO_VENTA) VALUES (1,575,24,0,1.000000);

INSERT INTO ALMACEN_PRODUCTO(ALMACEN_ID,PRODUCTO_ID,CANTIDAD_ACTUAL,CANTIDAD_MINIMA,PRECIO_VENTA) VALUES (2,575,0,0,1.000000);

INSERT INTO ALMACEN_PRODUCTO(ALMACEN_ID,PRODUCTO_ID,CANTIDAD_ACTUAL,CANTIDAD_MINIMA,PRECIO_VENTA) VALUES (3,575,24,0,1.000000);

INSERT INTO ALMACEN_PRODUCTO(ALMACEN_ID,PRODUCTO_ID,CANTIDAD_ACTUAL,CANTIDAD_MINIMA,PRECIO_VENTA) VALUES (4,575,24,0,1.000000);

INSERT INTO PROVEEDOR_PRODUCTO(PROVEEDOR_ID,PRODUCTO_ID,PRECIO_COMPRA) VALUES(6,575, 1.000000);

-- ===========PRODUCTO [576]
INSERT INTO PRODUCTO(ID,MARCA_ID,NOMBRE,PRESENTACION,CONTENIDO,UNIDADES_POR_CAJA,COSTO,COSTO_VENTA,PRECIO_BASE,UNIDAD_MEDIDA,CODIGO_BARRAS) VALUES(576,57,'Mennen Baby Magic Aceite','Hipoalergenico',100,24.0,1.000000,1.000000,1.000000,'ML',7.501035908246E12);

INSERT INTO MOVIMIENTO_HISTORICO_PRODUCTO (ALMACEN_ID,PRODUCTO_ID,FECHA,TIPO_MOVIMIENTO_ID,CANTIDAD,COSTO,PRECIO,USUARIO_ID) VALUES(1,576,now(),30,24,1.000000,1.000000,'root');
INSERT INTO ALMACEN_PRODUCTO(ALMACEN_ID,PRODUCTO_ID,CANTIDAD_ACTUAL,CANTIDAD_MINIMA,PRECIO_VENTA) VALUES (1,576,24,0,1.000000);

INSERT INTO ALMACEN_PRODUCTO(ALMACEN_ID,PRODUCTO_ID,CANTIDAD_ACTUAL,CANTIDAD_MINIMA,PRECIO_VENTA) VALUES (2,576,1,0,1.000000);

INSERT INTO ALMACEN_PRODUCTO(ALMACEN_ID,PRODUCTO_ID,CANTIDAD_ACTUAL,CANTIDAD_MINIMA,PRECIO_VENTA) VALUES (3,576,24,0,1.000000);

INSERT INTO ALMACEN_PRODUCTO(ALMACEN_ID,PRODUCTO_ID,CANTIDAD_ACTUAL,CANTIDAD_MINIMA,PRECIO_VENTA) VALUES (4,576,24,0,1.000000);

INSERT INTO PROVEEDOR_PRODUCTO(PROVEEDOR_ID,PRODUCTO_ID,PRECIO_COMPRA) VALUES(6,576, 1.000000);

-- ===========PRODUCTO [577]
INSERT INTO PRODUCTO(ID,MARCA_ID,NOMBRE,PRESENTACION,CONTENIDO,UNIDADES_POR_CAJA,COSTO,COSTO_VENTA,PRECIO_BASE,UNIDAD_MEDIDA,CODIGO_BARRAS) VALUES(577,57,'Mennen Baby Magic Aceite','Hipoalergenico',50,36.0,1.000000,1.000000,1.000000,'ML',7.501035908239E12);

INSERT INTO MOVIMIENTO_HISTORICO_PRODUCTO (ALMACEN_ID,PRODUCTO_ID,FECHA,TIPO_MOVIMIENTO_ID,CANTIDAD,COSTO,PRECIO,USUARIO_ID) VALUES(1,577,now(),30,36,1.000000,1.000000,'root');
INSERT INTO ALMACEN_PRODUCTO(ALMACEN_ID,PRODUCTO_ID,CANTIDAD_ACTUAL,CANTIDAD_MINIMA,PRECIO_VENTA) VALUES (1,577,36,0,1.000000);

INSERT INTO ALMACEN_PRODUCTO(ALMACEN_ID,PRODUCTO_ID,CANTIDAD_ACTUAL,CANTIDAD_MINIMA,PRECIO_VENTA) VALUES (2,577,2,0,1.000000);

INSERT INTO ALMACEN_PRODUCTO(ALMACEN_ID,PRODUCTO_ID,CANTIDAD_ACTUAL,CANTIDAD_MINIMA,PRECIO_VENTA) VALUES (3,577,36,0,1.000000);

INSERT INTO ALMACEN_PRODUCTO(ALMACEN_ID,PRODUCTO_ID,CANTIDAD_ACTUAL,CANTIDAD_MINIMA,PRECIO_VENTA) VALUES (4,577,36,0,1.000000);

INSERT INTO PROVEEDOR_PRODUCTO(PROVEEDOR_ID,PRODUCTO_ID,PRECIO_COMPRA) VALUES(6,577, 1.000000);

-- ===========PRODUCTO [578]
INSERT INTO PRODUCTO(ID,MARCA_ID,NOMBRE,PRESENTACION,CONTENIDO,UNIDADES_POR_CAJA,COSTO,COSTO_VENTA,PRECIO_BASE,UNIDAD_MEDIDA,CODIGO_BARRAS) VALUES(578,35,'Colgate Pasta Dental','Total Professional Encias saludables',125,48.0,1.000000,1.000000,27.870000,'ML',7.509546052878E12);

INSERT INTO MOVIMIENTO_HISTORICO_PRODUCTO (ALMACEN_ID,PRODUCTO_ID,FECHA,TIPO_MOVIMIENTO_ID,CANTIDAD,COSTO,PRECIO,USUARIO_ID) VALUES(1,578,now(),30,48,1.000000,27.870000,'root');
INSERT INTO ALMACEN_PRODUCTO(ALMACEN_ID,PRODUCTO_ID,CANTIDAD_ACTUAL,CANTIDAD_MINIMA,PRECIO_VENTA) VALUES (1,578,48,0,27.870000);

INSERT INTO ALMACEN_PRODUCTO(ALMACEN_ID,PRODUCTO_ID,CANTIDAD_ACTUAL,CANTIDAD_MINIMA,PRECIO_VENTA) VALUES (2,578,80,0,1.000000);

INSERT INTO ALMACEN_PRODUCTO(ALMACEN_ID,PRODUCTO_ID,CANTIDAD_ACTUAL,CANTIDAD_MINIMA,PRECIO_VENTA) VALUES (3,578,48,0,29.900000);

INSERT INTO ALMACEN_PRODUCTO(ALMACEN_ID,PRODUCTO_ID,CANTIDAD_ACTUAL,CANTIDAD_MINIMA,PRECIO_VENTA) VALUES (4,578,48,0,1.000000);

INSERT INTO PROVEEDOR_PRODUCTO(PROVEEDOR_ID,PRODUCTO_ID,PRECIO_COMPRA) VALUES(6,578, 1.000000);

-- ===========PRODUCTO [579]
INSERT INTO PRODUCTO(ID,MARCA_ID,NOMBRE,PRESENTACION,CONTENIDO,UNIDADES_POR_CAJA,COSTO,COSTO_VENTA,PRECIO_BASE,UNIDAD_MEDIDA,CODIGO_BARRAS) VALUES(579,57,'Mennen Baby Magic Crema','Hipoalergenico Niñas',200,24.0,1.000000,1.000000,1.000000,'ML',7.501035908208E12);

INSERT INTO MOVIMIENTO_HISTORICO_PRODUCTO (ALMACEN_ID,PRODUCTO_ID,FECHA,TIPO_MOVIMIENTO_ID,CANTIDAD,COSTO,PRECIO,USUARIO_ID) VALUES(1,579,now(),30,22,1.000000,1.000000,'root');
INSERT INTO ALMACEN_PRODUCTO(ALMACEN_ID,PRODUCTO_ID,CANTIDAD_ACTUAL,CANTIDAD_MINIMA,PRECIO_VENTA) VALUES (1,579,22,0,1.000000);

INSERT INTO ALMACEN_PRODUCTO(ALMACEN_ID,PRODUCTO_ID,CANTIDAD_ACTUAL,CANTIDAD_MINIMA,PRECIO_VENTA) VALUES (2,579,0,0,1.000000);

INSERT INTO ALMACEN_PRODUCTO(ALMACEN_ID,PRODUCTO_ID,CANTIDAD_ACTUAL,CANTIDAD_MINIMA,PRECIO_VENTA) VALUES (3,579,22,0,1.000000);

INSERT INTO ALMACEN_PRODUCTO(ALMACEN_ID,PRODUCTO_ID,CANTIDAD_ACTUAL,CANTIDAD_MINIMA,PRECIO_VENTA) VALUES (4,579,22,0,1.000000);

INSERT INTO PROVEEDOR_PRODUCTO(PROVEEDOR_ID,PRODUCTO_ID,PRECIO_COMPRA) VALUES(6,579, 1.000000);

-- ===========PRODUCTO [580]
INSERT INTO PRODUCTO(ID,MARCA_ID,NOMBRE,PRESENTACION,CONTENIDO,UNIDADES_POR_CAJA,COSTO,COSTO_VENTA,PRECIO_BASE,UNIDAD_MEDIDA,CODIGO_BARRAS) VALUES(580,57,'Mennen Baby Magic Aceite','Hipoalergenico',200,24.0,1.000000,1.000000,1.000000,'ML',7.501035908253E12);

INSERT INTO MOVIMIENTO_HISTORICO_PRODUCTO (ALMACEN_ID,PRODUCTO_ID,FECHA,TIPO_MOVIMIENTO_ID,CANTIDAD,COSTO,PRECIO,USUARIO_ID) VALUES(1,580,now(),30,24,1.000000,1.000000,'root');
INSERT INTO ALMACEN_PRODUCTO(ALMACEN_ID,PRODUCTO_ID,CANTIDAD_ACTUAL,CANTIDAD_MINIMA,PRECIO_VENTA) VALUES (1,580,24,0,1.000000);

INSERT INTO ALMACEN_PRODUCTO(ALMACEN_ID,PRODUCTO_ID,CANTIDAD_ACTUAL,CANTIDAD_MINIMA,PRECIO_VENTA) VALUES (2,580,0,0,1.000000);

INSERT INTO ALMACEN_PRODUCTO(ALMACEN_ID,PRODUCTO_ID,CANTIDAD_ACTUAL,CANTIDAD_MINIMA,PRECIO_VENTA) VALUES (3,580,24,0,1.000000);

INSERT INTO ALMACEN_PRODUCTO(ALMACEN_ID,PRODUCTO_ID,CANTIDAD_ACTUAL,CANTIDAD_MINIMA,PRECIO_VENTA) VALUES (4,580,24,0,1.000000);

INSERT INTO PROVEEDOR_PRODUCTO(PROVEEDOR_ID,PRODUCTO_ID,PRECIO_COMPRA) VALUES(6,580, 1.000000);

-- ===========PRODUCTO [581]
INSERT INTO PRODUCTO(ID,MARCA_ID,NOMBRE,PRESENTACION,CONTENIDO,UNIDADES_POR_CAJA,COSTO,COSTO_VENTA,PRECIO_BASE,UNIDAD_MEDIDA,CODIGO_BARRAS) VALUES(581,57,'Mennen Baby Magic Aceite','Hipoalergenico',400,12.0,1.000000,1.000000,1.000000,'ML',7.501035908277E12);

INSERT INTO MOVIMIENTO_HISTORICO_PRODUCTO (ALMACEN_ID,PRODUCTO_ID,FECHA,TIPO_MOVIMIENTO_ID,CANTIDAD,COSTO,PRECIO,USUARIO_ID) VALUES(1,581,now(),30,12,1.000000,1.000000,'root');
INSERT INTO ALMACEN_PRODUCTO(ALMACEN_ID,PRODUCTO_ID,CANTIDAD_ACTUAL,CANTIDAD_MINIMA,PRECIO_VENTA) VALUES (1,581,12,0,1.000000);

INSERT INTO ALMACEN_PRODUCTO(ALMACEN_ID,PRODUCTO_ID,CANTIDAD_ACTUAL,CANTIDAD_MINIMA,PRECIO_VENTA) VALUES (2,581,1,0,1.000000);

INSERT INTO ALMACEN_PRODUCTO(ALMACEN_ID,PRODUCTO_ID,CANTIDAD_ACTUAL,CANTIDAD_MINIMA,PRECIO_VENTA) VALUES (3,581,12,0,1.000000);

INSERT INTO ALMACEN_PRODUCTO(ALMACEN_ID,PRODUCTO_ID,CANTIDAD_ACTUAL,CANTIDAD_MINIMA,PRECIO_VENTA) VALUES (4,581,12,0,1.000000);

INSERT INTO PROVEEDOR_PRODUCTO(PROVEEDOR_ID,PRODUCTO_ID,PRECIO_COMPRA) VALUES(6,581, 1.000000);

-- ===========PRODUCTO [582]
INSERT INTO PRODUCTO(ID,MARCA_ID,NOMBRE,PRESENTACION,CONTENIDO,UNIDADES_POR_CAJA,COSTO,COSTO_VENTA,PRECIO_BASE,UNIDAD_MEDIDA,CODIGO_BARRAS) VALUES(582,57,'Mennen Baby Magic Talco','Azul',200,24.0,1.000000,1.000000,1.000000,'G',7.50103590813E12);

INSERT INTO MOVIMIENTO_HISTORICO_PRODUCTO (ALMACEN_ID,PRODUCTO_ID,FECHA,TIPO_MOVIMIENTO_ID,CANTIDAD,COSTO,PRECIO,USUARIO_ID) VALUES(1,582,now(),30,24,1.000000,1.000000,'root');
INSERT INTO ALMACEN_PRODUCTO(ALMACEN_ID,PRODUCTO_ID,CANTIDAD_ACTUAL,CANTIDAD_MINIMA,PRECIO_VENTA) VALUES (1,582,24,0,1.000000);

INSERT INTO ALMACEN_PRODUCTO(ALMACEN_ID,PRODUCTO_ID,CANTIDAD_ACTUAL,CANTIDAD_MINIMA,PRECIO_VENTA) VALUES (2,582,2,0,1.000000);

INSERT INTO ALMACEN_PRODUCTO(ALMACEN_ID,PRODUCTO_ID,CANTIDAD_ACTUAL,CANTIDAD_MINIMA,PRECIO_VENTA) VALUES (3,582,24,0,1.000000);

INSERT INTO ALMACEN_PRODUCTO(ALMACEN_ID,PRODUCTO_ID,CANTIDAD_ACTUAL,CANTIDAD_MINIMA,PRECIO_VENTA) VALUES (4,582,24,0,1.000000);

INSERT INTO PROVEEDOR_PRODUCTO(PROVEEDOR_ID,PRODUCTO_ID,PRECIO_COMPRA) VALUES(6,582, 1.000000);

-- ===========PRODUCTO [583]
INSERT INTO PRODUCTO(ID,MARCA_ID,NOMBRE,PRESENTACION,CONTENIDO,UNIDADES_POR_CAJA,COSTO,COSTO_VENTA,PRECIO_BASE,UNIDAD_MEDIDA,CODIGO_BARRAS) VALUES(583,57,'Mennen Baby Magic Talco','Rosa',200,24.0,1.000000,1.000000,1.000000,'G',7.501035908147E12);

INSERT INTO MOVIMIENTO_HISTORICO_PRODUCTO (ALMACEN_ID,PRODUCTO_ID,FECHA,TIPO_MOVIMIENTO_ID,CANTIDAD,COSTO,PRECIO,USUARIO_ID) VALUES(1,583,now(),30,24,1.000000,1.000000,'root');
INSERT INTO ALMACEN_PRODUCTO(ALMACEN_ID,PRODUCTO_ID,CANTIDAD_ACTUAL,CANTIDAD_MINIMA,PRECIO_VENTA) VALUES (1,583,24,0,1.000000);

INSERT INTO ALMACEN_PRODUCTO(ALMACEN_ID,PRODUCTO_ID,CANTIDAD_ACTUAL,CANTIDAD_MINIMA,PRECIO_VENTA) VALUES (2,583,0,0,1.000000);

INSERT INTO ALMACEN_PRODUCTO(ALMACEN_ID,PRODUCTO_ID,CANTIDAD_ACTUAL,CANTIDAD_MINIMA,PRECIO_VENTA) VALUES (3,583,24,0,1.000000);

INSERT INTO ALMACEN_PRODUCTO(ALMACEN_ID,PRODUCTO_ID,CANTIDAD_ACTUAL,CANTIDAD_MINIMA,PRECIO_VENTA) VALUES (4,583,24,0,1.000000);

INSERT INTO PROVEEDOR_PRODUCTO(PROVEEDOR_ID,PRODUCTO_ID,PRECIO_COMPRA) VALUES(6,583, 1.000000);

-- ===========PRODUCTO [584]
INSERT INTO PRODUCTO(ID,MARCA_ID,NOMBRE,PRESENTACION,CONTENIDO,UNIDADES_POR_CAJA,COSTO,COSTO_VENTA,PRECIO_BASE,UNIDAD_MEDIDA,CODIGO_BARRAS) VALUES(584,67,'Mamila de Silicon','4 meses Jugo y Cereal',3,24.0,1.000000,1.000000,1.000000,'PZ',7.50103590178E12);

INSERT INTO MOVIMIENTO_HISTORICO_PRODUCTO (ALMACEN_ID,PRODUCTO_ID,FECHA,TIPO_MOVIMIENTO_ID,CANTIDAD,COSTO,PRECIO,USUARIO_ID) VALUES(1,584,now(),30,24,1.000000,1.000000,'root');
INSERT INTO ALMACEN_PRODUCTO(ALMACEN_ID,PRODUCTO_ID,CANTIDAD_ACTUAL,CANTIDAD_MINIMA,PRECIO_VENTA) VALUES (1,584,24,0,1.000000);

INSERT INTO ALMACEN_PRODUCTO(ALMACEN_ID,PRODUCTO_ID,CANTIDAD_ACTUAL,CANTIDAD_MINIMA,PRECIO_VENTA) VALUES (2,584,0,0,1.000000);

INSERT INTO ALMACEN_PRODUCTO(ALMACEN_ID,PRODUCTO_ID,CANTIDAD_ACTUAL,CANTIDAD_MINIMA,PRECIO_VENTA) VALUES (3,584,24,0,1.000000);

INSERT INTO ALMACEN_PRODUCTO(ALMACEN_ID,PRODUCTO_ID,CANTIDAD_ACTUAL,CANTIDAD_MINIMA,PRECIO_VENTA) VALUES (4,584,24,0,1.000000);

INSERT INTO PROVEEDOR_PRODUCTO(PROVEEDOR_ID,PRODUCTO_ID,PRECIO_COMPRA) VALUES(6,584, 1.000000);

-- ===========PRODUCTO [585]
INSERT INTO PRODUCTO(ID,MARCA_ID,NOMBRE,PRESENTACION,CONTENIDO,UNIDADES_POR_CAJA,COSTO,COSTO_VENTA,PRECIO_BASE,UNIDAD_MEDIDA,CODIGO_BARRAS) VALUES(585,67,'Mamila de Silicon','4 Meses Evita Colicos',3,24.0,1.000000,1.000000,1.000000,'PZ',7.501035915237E12);

INSERT INTO MOVIMIENTO_HISTORICO_PRODUCTO (ALMACEN_ID,PRODUCTO_ID,FECHA,TIPO_MOVIMIENTO_ID,CANTIDAD,COSTO,PRECIO,USUARIO_ID) VALUES(1,585,now(),30,24,1.000000,1.000000,'root');
INSERT INTO ALMACEN_PRODUCTO(ALMACEN_ID,PRODUCTO_ID,CANTIDAD_ACTUAL,CANTIDAD_MINIMA,PRECIO_VENTA) VALUES (1,585,24,0,1.000000);

INSERT INTO ALMACEN_PRODUCTO(ALMACEN_ID,PRODUCTO_ID,CANTIDAD_ACTUAL,CANTIDAD_MINIMA,PRECIO_VENTA) VALUES (2,585,2,0,1.000000);

INSERT INTO ALMACEN_PRODUCTO(ALMACEN_ID,PRODUCTO_ID,CANTIDAD_ACTUAL,CANTIDAD_MINIMA,PRECIO_VENTA) VALUES (3,585,24,0,1.000000);

INSERT INTO ALMACEN_PRODUCTO(ALMACEN_ID,PRODUCTO_ID,CANTIDAD_ACTUAL,CANTIDAD_MINIMA,PRECIO_VENTA) VALUES (4,585,24,0,1.000000);

INSERT INTO PROVEEDOR_PRODUCTO(PROVEEDOR_ID,PRODUCTO_ID,PRECIO_COMPRA) VALUES(6,585, 1.000000);

-- ===========PRODUCTO [586]
INSERT INTO PRODUCTO(ID,MARCA_ID,NOMBRE,PRESENTACION,CONTENIDO,UNIDADES_POR_CAJA,COSTO,COSTO_VENTA,PRECIO_BASE,UNIDAD_MEDIDA,CODIGO_BARRAS) VALUES(586,67,'Curity Mamila Latex','Evita Colicos',3,24.0,1.000000,1.000000,1.000000,'PZ',7.5001148E7);

INSERT INTO MOVIMIENTO_HISTORICO_PRODUCTO (ALMACEN_ID,PRODUCTO_ID,FECHA,TIPO_MOVIMIENTO_ID,CANTIDAD,COSTO,PRECIO,USUARIO_ID) VALUES(1,586,now(),30,24,1.000000,1.000000,'root');
INSERT INTO ALMACEN_PRODUCTO(ALMACEN_ID,PRODUCTO_ID,CANTIDAD_ACTUAL,CANTIDAD_MINIMA,PRECIO_VENTA) VALUES (1,586,24,0,1.000000);

INSERT INTO ALMACEN_PRODUCTO(ALMACEN_ID,PRODUCTO_ID,CANTIDAD_ACTUAL,CANTIDAD_MINIMA,PRECIO_VENTA) VALUES (2,586,0,0,1.000000);

INSERT INTO ALMACEN_PRODUCTO(ALMACEN_ID,PRODUCTO_ID,CANTIDAD_ACTUAL,CANTIDAD_MINIMA,PRECIO_VENTA) VALUES (3,586,24,0,1.000000);

INSERT INTO ALMACEN_PRODUCTO(ALMACEN_ID,PRODUCTO_ID,CANTIDAD_ACTUAL,CANTIDAD_MINIMA,PRECIO_VENTA) VALUES (4,586,24,0,1.000000);

INSERT INTO PROVEEDOR_PRODUCTO(PROVEEDOR_ID,PRODUCTO_ID,PRECIO_COMPRA) VALUES(6,586, 1.000000);

-- ===========PRODUCTO [587]
INSERT INTO PRODUCTO(ID,MARCA_ID,NOMBRE,PRESENTACION,CONTENIDO,UNIDADES_POR_CAJA,COSTO,COSTO_VENTA,PRECIO_BASE,UNIDAD_MEDIDA,CODIGO_BARRAS) VALUES(587,67,'Curity Biberon Silicon','4 Meses',9,24.0,1.000000,1.000000,1.000000,'Oz',7.501035907478E12);

INSERT INTO MOVIMIENTO_HISTORICO_PRODUCTO (ALMACEN_ID,PRODUCTO_ID,FECHA,TIPO_MOVIMIENTO_ID,CANTIDAD,COSTO,PRECIO,USUARIO_ID) VALUES(1,587,now(),30,24,1.000000,1.000000,'root');
INSERT INTO ALMACEN_PRODUCTO(ALMACEN_ID,PRODUCTO_ID,CANTIDAD_ACTUAL,CANTIDAD_MINIMA,PRECIO_VENTA) VALUES (1,587,24,0,1.000000);

INSERT INTO ALMACEN_PRODUCTO(ALMACEN_ID,PRODUCTO_ID,CANTIDAD_ACTUAL,CANTIDAD_MINIMA,PRECIO_VENTA) VALUES (2,587,0,0,1.000000);

INSERT INTO ALMACEN_PRODUCTO(ALMACEN_ID,PRODUCTO_ID,CANTIDAD_ACTUAL,CANTIDAD_MINIMA,PRECIO_VENTA) VALUES (3,587,24,0,1.000000);

INSERT INTO ALMACEN_PRODUCTO(ALMACEN_ID,PRODUCTO_ID,CANTIDAD_ACTUAL,CANTIDAD_MINIMA,PRECIO_VENTA) VALUES (4,587,24,0,1.000000);

INSERT INTO PROVEEDOR_PRODUCTO(PROVEEDOR_ID,PRODUCTO_ID,PRECIO_COMPRA) VALUES(6,587, 1.000000);

-- ===========PRODUCTO [588]
INSERT INTO PRODUCTO(ID,MARCA_ID,NOMBRE,PRESENTACION,CONTENIDO,UNIDADES_POR_CAJA,COSTO,COSTO_VENTA,PRECIO_BASE,UNIDAD_MEDIDA,CODIGO_BARRAS) VALUES(588,67,'Curity Biberon Silicon','4 Meses',8,24.0,1.000000,1.000000,1.000000,'Oz',7.501035915121E12);

INSERT INTO MOVIMIENTO_HISTORICO_PRODUCTO (ALMACEN_ID,PRODUCTO_ID,FECHA,TIPO_MOVIMIENTO_ID,CANTIDAD,COSTO,PRECIO,USUARIO_ID) VALUES(1,588,now(),30,24,1.000000,1.000000,'root');
INSERT INTO ALMACEN_PRODUCTO(ALMACEN_ID,PRODUCTO_ID,CANTIDAD_ACTUAL,CANTIDAD_MINIMA,PRECIO_VENTA) VALUES (1,588,24,0,1.000000);

INSERT INTO ALMACEN_PRODUCTO(ALMACEN_ID,PRODUCTO_ID,CANTIDAD_ACTUAL,CANTIDAD_MINIMA,PRECIO_VENTA) VALUES (2,588,0,0,1.000000);

INSERT INTO ALMACEN_PRODUCTO(ALMACEN_ID,PRODUCTO_ID,CANTIDAD_ACTUAL,CANTIDAD_MINIMA,PRECIO_VENTA) VALUES (3,588,24,0,1.000000);

INSERT INTO ALMACEN_PRODUCTO(ALMACEN_ID,PRODUCTO_ID,CANTIDAD_ACTUAL,CANTIDAD_MINIMA,PRECIO_VENTA) VALUES (4,588,24,0,1.000000);

INSERT INTO PROVEEDOR_PRODUCTO(PROVEEDOR_ID,PRODUCTO_ID,PRECIO_COMPRA) VALUES(6,588, 1.000000);

-- ===========PRODUCTO [589]
INSERT INTO PRODUCTO(ID,MARCA_ID,NOMBRE,PRESENTACION,CONTENIDO,UNIDADES_POR_CAJA,COSTO,COSTO_VENTA,PRECIO_BASE,UNIDAD_MEDIDA,CODIGO_BARRAS) VALUES(589,67,'Curity Biberon Silicon','3 Meses',5,24.0,1.000000,1.000000,1.000000,'Oz',7.509546012308E12);

INSERT INTO MOVIMIENTO_HISTORICO_PRODUCTO (ALMACEN_ID,PRODUCTO_ID,FECHA,TIPO_MOVIMIENTO_ID,CANTIDAD,COSTO,PRECIO,USUARIO_ID) VALUES(1,589,now(),30,24,1.000000,1.000000,'root');
INSERT INTO ALMACEN_PRODUCTO(ALMACEN_ID,PRODUCTO_ID,CANTIDAD_ACTUAL,CANTIDAD_MINIMA,PRECIO_VENTA) VALUES (1,589,24,0,1.000000);

INSERT INTO ALMACEN_PRODUCTO(ALMACEN_ID,PRODUCTO_ID,CANTIDAD_ACTUAL,CANTIDAD_MINIMA,PRECIO_VENTA) VALUES (2,589,0,0,1.000000);

INSERT INTO ALMACEN_PRODUCTO(ALMACEN_ID,PRODUCTO_ID,CANTIDAD_ACTUAL,CANTIDAD_MINIMA,PRECIO_VENTA) VALUES (3,589,24,0,1.000000);

INSERT INTO ALMACEN_PRODUCTO(ALMACEN_ID,PRODUCTO_ID,CANTIDAD_ACTUAL,CANTIDAD_MINIMA,PRECIO_VENTA) VALUES (4,589,24,0,1.000000);

INSERT INTO PROVEEDOR_PRODUCTO(PROVEEDOR_ID,PRODUCTO_ID,PRECIO_COMPRA) VALUES(6,589, 1.000000);

-- ===========PRODUCTO [590]
INSERT INTO PRODUCTO(ID,MARCA_ID,NOMBRE,PRESENTACION,CONTENIDO,UNIDADES_POR_CAJA,COSTO,COSTO_VENTA,PRECIO_BASE,UNIDAD_MEDIDA,CODIGO_BARRAS) VALUES(590,67,'Curity Biberon Silicon','3 Meses',4,24.0,1.000000,1.000000,1.000000,'Oz',7.501035915138E12);

INSERT INTO MOVIMIENTO_HISTORICO_PRODUCTO (ALMACEN_ID,PRODUCTO_ID,FECHA,TIPO_MOVIMIENTO_ID,CANTIDAD,COSTO,PRECIO,USUARIO_ID) VALUES(1,590,now(),30,24,1.000000,1.000000,'root');
INSERT INTO ALMACEN_PRODUCTO(ALMACEN_ID,PRODUCTO_ID,CANTIDAD_ACTUAL,CANTIDAD_MINIMA,PRECIO_VENTA) VALUES (1,590,24,0,1.000000);

INSERT INTO ALMACEN_PRODUCTO(ALMACEN_ID,PRODUCTO_ID,CANTIDAD_ACTUAL,CANTIDAD_MINIMA,PRECIO_VENTA) VALUES (2,590,0,0,1.000000);

INSERT INTO ALMACEN_PRODUCTO(ALMACEN_ID,PRODUCTO_ID,CANTIDAD_ACTUAL,CANTIDAD_MINIMA,PRECIO_VENTA) VALUES (3,590,24,0,1.000000);

INSERT INTO ALMACEN_PRODUCTO(ALMACEN_ID,PRODUCTO_ID,CANTIDAD_ACTUAL,CANTIDAD_MINIMA,PRECIO_VENTA) VALUES (4,590,24,0,1.000000);

INSERT INTO PROVEEDOR_PRODUCTO(PROVEEDOR_ID,PRODUCTO_ID,PRECIO_COMPRA) VALUES(6,590, 1.000000);

-- ===========PRODUCTO [591]
INSERT INTO PRODUCTO(ID,MARCA_ID,NOMBRE,PRESENTACION,CONTENIDO,UNIDADES_POR_CAJA,COSTO,COSTO_VENTA,PRECIO_BASE,UNIDAD_MEDIDA,CODIGO_BARRAS) VALUES(591,57,'Mennen Baby Magic Shampoo','Hipoalergenico Manzanilla',200,18.0,1.000000,1.000000,1.000000,'ML',7.509546011042E12);

INSERT INTO MOVIMIENTO_HISTORICO_PRODUCTO (ALMACEN_ID,PRODUCTO_ID,FECHA,TIPO_MOVIMIENTO_ID,CANTIDAD,COSTO,PRECIO,USUARIO_ID) VALUES(1,591,now(),30,18,1.000000,1.000000,'root');
INSERT INTO ALMACEN_PRODUCTO(ALMACEN_ID,PRODUCTO_ID,CANTIDAD_ACTUAL,CANTIDAD_MINIMA,PRECIO_VENTA) VALUES (1,591,18,0,1.000000);

INSERT INTO ALMACEN_PRODUCTO(ALMACEN_ID,PRODUCTO_ID,CANTIDAD_ACTUAL,CANTIDAD_MINIMA,PRECIO_VENTA) VALUES (2,591,0,0,1.000000);

INSERT INTO ALMACEN_PRODUCTO(ALMACEN_ID,PRODUCTO_ID,CANTIDAD_ACTUAL,CANTIDAD_MINIMA,PRECIO_VENTA) VALUES (3,591,18,0,1.000000);

INSERT INTO ALMACEN_PRODUCTO(ALMACEN_ID,PRODUCTO_ID,CANTIDAD_ACTUAL,CANTIDAD_MINIMA,PRECIO_VENTA) VALUES (4,591,18,0,1.000000);

INSERT INTO PROVEEDOR_PRODUCTO(PROVEEDOR_ID,PRODUCTO_ID,PRECIO_COMPRA) VALUES(6,591, 1.000000);

-- ===========PRODUCTO [592]
INSERT INTO PRODUCTO(ID,MARCA_ID,NOMBRE,PRESENTACION,CONTENIDO,UNIDADES_POR_CAJA,COSTO,COSTO_VENTA,PRECIO_BASE,UNIDAD_MEDIDA,CODIGO_BARRAS) VALUES(592,57,'Mennen Baby Magic Talco','Rosa',500,12.0,1.000000,1.000000,1.000000,'G',7.509546039749E12);

INSERT INTO MOVIMIENTO_HISTORICO_PRODUCTO (ALMACEN_ID,PRODUCTO_ID,FECHA,TIPO_MOVIMIENTO_ID,CANTIDAD,COSTO,PRECIO,USUARIO_ID) VALUES(1,592,now(),30,12,1.000000,1.000000,'root');
INSERT INTO ALMACEN_PRODUCTO(ALMACEN_ID,PRODUCTO_ID,CANTIDAD_ACTUAL,CANTIDAD_MINIMA,PRECIO_VENTA) VALUES (1,592,12,0,1.000000);

INSERT INTO ALMACEN_PRODUCTO(ALMACEN_ID,PRODUCTO_ID,CANTIDAD_ACTUAL,CANTIDAD_MINIMA,PRECIO_VENTA) VALUES (2,592,0,0,1.000000);

INSERT INTO ALMACEN_PRODUCTO(ALMACEN_ID,PRODUCTO_ID,CANTIDAD_ACTUAL,CANTIDAD_MINIMA,PRECIO_VENTA) VALUES (3,592,12,0,1.000000);

INSERT INTO ALMACEN_PRODUCTO(ALMACEN_ID,PRODUCTO_ID,CANTIDAD_ACTUAL,CANTIDAD_MINIMA,PRECIO_VENTA) VALUES (4,592,12,0,1.000000);

INSERT INTO PROVEEDOR_PRODUCTO(PROVEEDOR_ID,PRODUCTO_ID,PRECIO_COMPRA) VALUES(6,592, 1.000000);

-- ===========PRODUCTO [593]
INSERT INTO PRODUCTO(ID,MARCA_ID,NOMBRE,PRESENTACION,CONTENIDO,UNIDADES_POR_CAJA,COSTO,COSTO_VENTA,PRECIO_BASE,UNIDAD_MEDIDA,CODIGO_BARRAS) VALUES(593,57,'Mennen Baby Magic Talco','Azul',100,24.0,1.000000,1.000000,1.000000,'G',7.501035908116E12);

INSERT INTO MOVIMIENTO_HISTORICO_PRODUCTO (ALMACEN_ID,PRODUCTO_ID,FECHA,TIPO_MOVIMIENTO_ID,CANTIDAD,COSTO,PRECIO,USUARIO_ID) VALUES(1,593,now(),30,24,1.000000,1.000000,'root');
INSERT INTO ALMACEN_PRODUCTO(ALMACEN_ID,PRODUCTO_ID,CANTIDAD_ACTUAL,CANTIDAD_MINIMA,PRECIO_VENTA) VALUES (1,593,24,0,1.000000);

INSERT INTO ALMACEN_PRODUCTO(ALMACEN_ID,PRODUCTO_ID,CANTIDAD_ACTUAL,CANTIDAD_MINIMA,PRECIO_VENTA) VALUES (2,593,0,0,1.000000);

INSERT INTO ALMACEN_PRODUCTO(ALMACEN_ID,PRODUCTO_ID,CANTIDAD_ACTUAL,CANTIDAD_MINIMA,PRECIO_VENTA) VALUES (3,593,24,0,1.000000);

INSERT INTO ALMACEN_PRODUCTO(ALMACEN_ID,PRODUCTO_ID,CANTIDAD_ACTUAL,CANTIDAD_MINIMA,PRECIO_VENTA) VALUES (4,593,24,0,1.000000);

INSERT INTO PROVEEDOR_PRODUCTO(PROVEEDOR_ID,PRODUCTO_ID,PRECIO_COMPRA) VALUES(6,593, 1.000000);

-- ===========PRODUCTO [594]
INSERT INTO PRODUCTO(ID,MARCA_ID,NOMBRE,PRESENTACION,CONTENIDO,UNIDADES_POR_CAJA,COSTO,COSTO_VENTA,PRECIO_BASE,UNIDAD_MEDIDA,CODIGO_BARRAS) VALUES(594,57,'Mennen Baby Magic Talco','Rosa',100,24.0,1.000000,1.000000,1.000000,'G',7.501035908123E12);

INSERT INTO MOVIMIENTO_HISTORICO_PRODUCTO (ALMACEN_ID,PRODUCTO_ID,FECHA,TIPO_MOVIMIENTO_ID,CANTIDAD,COSTO,PRECIO,USUARIO_ID) VALUES(1,594,now(),30,24,1.000000,1.000000,'root');
INSERT INTO ALMACEN_PRODUCTO(ALMACEN_ID,PRODUCTO_ID,CANTIDAD_ACTUAL,CANTIDAD_MINIMA,PRECIO_VENTA) VALUES (1,594,24,0,1.000000);

INSERT INTO ALMACEN_PRODUCTO(ALMACEN_ID,PRODUCTO_ID,CANTIDAD_ACTUAL,CANTIDAD_MINIMA,PRECIO_VENTA) VALUES (2,594,0,0,1.000000);

INSERT INTO ALMACEN_PRODUCTO(ALMACEN_ID,PRODUCTO_ID,CANTIDAD_ACTUAL,CANTIDAD_MINIMA,PRECIO_VENTA) VALUES (3,594,24,0,1.000000);

INSERT INTO ALMACEN_PRODUCTO(ALMACEN_ID,PRODUCTO_ID,CANTIDAD_ACTUAL,CANTIDAD_MINIMA,PRECIO_VENTA) VALUES (4,594,24,0,1.000000);

INSERT INTO PROVEEDOR_PRODUCTO(PROVEEDOR_ID,PRODUCTO_ID,PRECIO_COMPRA) VALUES(6,594, 1.000000);

-- ===========PRODUCTO [595]
INSERT INTO PRODUCTO(ID,MARCA_ID,NOMBRE,PRESENTACION,CONTENIDO,UNIDADES_POR_CAJA,COSTO,COSTO_VENTA,PRECIO_BASE,UNIDAD_MEDIDA,CODIGO_BARRAS) VALUES(595,35,'Colgate Cepillo Dental Pack C/2','Triple Acción',2,12.0,1.000000,1.000000,1.000000,'Pz',7.702010631207E12);

INSERT INTO MOVIMIENTO_HISTORICO_PRODUCTO (ALMACEN_ID,PRODUCTO_ID,FECHA,TIPO_MOVIMIENTO_ID,CANTIDAD,COSTO,PRECIO,USUARIO_ID) VALUES(1,595,now(),30,24,1.000000,1.000000,'root');
INSERT INTO ALMACEN_PRODUCTO(ALMACEN_ID,PRODUCTO_ID,CANTIDAD_ACTUAL,CANTIDAD_MINIMA,PRECIO_VENTA) VALUES (1,595,24,0,1.000000);

INSERT INTO ALMACEN_PRODUCTO(ALMACEN_ID,PRODUCTO_ID,CANTIDAD_ACTUAL,CANTIDAD_MINIMA,PRECIO_VENTA) VALUES (2,595,19,0,1.000000);

INSERT INTO ALMACEN_PRODUCTO(ALMACEN_ID,PRODUCTO_ID,CANTIDAD_ACTUAL,CANTIDAD_MINIMA,PRECIO_VENTA) VALUES (3,595,24,0,1.000000);

INSERT INTO ALMACEN_PRODUCTO(ALMACEN_ID,PRODUCTO_ID,CANTIDAD_ACTUAL,CANTIDAD_MINIMA,PRECIO_VENTA) VALUES (4,595,24,0,1.000000);

INSERT INTO PROVEEDOR_PRODUCTO(PROVEEDOR_ID,PRODUCTO_ID,PRECIO_COMPRA) VALUES(6,595, 1.000000);

-- ===========PRODUCTO [596]
INSERT INTO PRODUCTO(ID,MARCA_ID,NOMBRE,PRESENTACION,CONTENIDO,UNIDADES_POR_CAJA,COSTO,COSTO_VENTA,PRECIO_BASE,UNIDAD_MEDIDA,CODIGO_BARRAS) VALUES(596,35,'Colgate Pack Pasta  100ml + Cep 360°','Total Clean Mint',2,24.0,1.000000,1.000000,1.000000,'PZ',7.509546045085E12);

INSERT INTO MOVIMIENTO_HISTORICO_PRODUCTO (ALMACEN_ID,PRODUCTO_ID,FECHA,TIPO_MOVIMIENTO_ID,CANTIDAD,COSTO,PRECIO,USUARIO_ID) VALUES(1,596,now(),30,24,1.000000,1.000000,'root');
INSERT INTO ALMACEN_PRODUCTO(ALMACEN_ID,PRODUCTO_ID,CANTIDAD_ACTUAL,CANTIDAD_MINIMA,PRECIO_VENTA) VALUES (1,596,24,0,1.000000);

INSERT INTO ALMACEN_PRODUCTO(ALMACEN_ID,PRODUCTO_ID,CANTIDAD_ACTUAL,CANTIDAD_MINIMA,PRECIO_VENTA) VALUES (2,596,12,0,1.000000);

INSERT INTO ALMACEN_PRODUCTO(ALMACEN_ID,PRODUCTO_ID,CANTIDAD_ACTUAL,CANTIDAD_MINIMA,PRECIO_VENTA) VALUES (3,596,24,0,1.000000);

INSERT INTO ALMACEN_PRODUCTO(ALMACEN_ID,PRODUCTO_ID,CANTIDAD_ACTUAL,CANTIDAD_MINIMA,PRECIO_VENTA) VALUES (4,596,24,0,1.000000);

INSERT INTO PROVEEDOR_PRODUCTO(PROVEEDOR_ID,PRODUCTO_ID,PRECIO_COMPRA) VALUES(6,596, 1.000000);

-- ===========PRODUCTO [597]
INSERT INTO PRODUCTO(ID,MARCA_ID,NOMBRE,PRESENTACION,CONTENIDO,UNIDADES_POR_CAJA,COSTO,COSTO_VENTA,PRECIO_BASE,UNIDAD_MEDIDA,CODIGO_BARRAS) VALUES(597,35,'Colgate Cepillo Dental','Extra Clean Suave',1,48.0,1.000000,1.000000,1.000000,'Pz',7.509546022567E12);

INSERT INTO MOVIMIENTO_HISTORICO_PRODUCTO (ALMACEN_ID,PRODUCTO_ID,FECHA,TIPO_MOVIMIENTO_ID,CANTIDAD,COSTO,PRECIO,USUARIO_ID) VALUES(1,597,now(),30,48,1.000000,1.000000,'root');
INSERT INTO ALMACEN_PRODUCTO(ALMACEN_ID,PRODUCTO_ID,CANTIDAD_ACTUAL,CANTIDAD_MINIMA,PRECIO_VENTA) VALUES (1,597,48,0,1.000000);

INSERT INTO ALMACEN_PRODUCTO(ALMACEN_ID,PRODUCTO_ID,CANTIDAD_ACTUAL,CANTIDAD_MINIMA,PRECIO_VENTA) VALUES (2,597,0,0,1.000000);

INSERT INTO ALMACEN_PRODUCTO(ALMACEN_ID,PRODUCTO_ID,CANTIDAD_ACTUAL,CANTIDAD_MINIMA,PRECIO_VENTA) VALUES (3,597,48,0,1.000000);

INSERT INTO ALMACEN_PRODUCTO(ALMACEN_ID,PRODUCTO_ID,CANTIDAD_ACTUAL,CANTIDAD_MINIMA,PRECIO_VENTA) VALUES (4,597,48,0,1.000000);

INSERT INTO PROVEEDOR_PRODUCTO(PROVEEDOR_ID,PRODUCTO_ID,PRECIO_COMPRA) VALUES(6,597, 1.000000);

-- ===========PRODUCTO [598]
INSERT INTO PRODUCTO(ID,MARCA_ID,NOMBRE,PRESENTACION,CONTENIDO,UNIDADES_POR_CAJA,COSTO,COSTO_VENTA,PRECIO_BASE,UNIDAD_MEDIDA,CODIGO_BARRAS) VALUES(598,35,'Colgate Cepillo Dental','Infantil Kids 2 - 5 Años',1,24.0,1.000000,1.000000,1.000000,'Pz',7.591083011098E12);

INSERT INTO MOVIMIENTO_HISTORICO_PRODUCTO (ALMACEN_ID,PRODUCTO_ID,FECHA,TIPO_MOVIMIENTO_ID,CANTIDAD,COSTO,PRECIO,USUARIO_ID) VALUES(1,598,now(),30,27,1.000000,1.000000,'root');
INSERT INTO ALMACEN_PRODUCTO(ALMACEN_ID,PRODUCTO_ID,CANTIDAD_ACTUAL,CANTIDAD_MINIMA,PRECIO_VENTA) VALUES (1,598,27,0,1.000000);

INSERT INTO ALMACEN_PRODUCTO(ALMACEN_ID,PRODUCTO_ID,CANTIDAD_ACTUAL,CANTIDAD_MINIMA,PRECIO_VENTA) VALUES (2,598,0,0,1.000000);

INSERT INTO ALMACEN_PRODUCTO(ALMACEN_ID,PRODUCTO_ID,CANTIDAD_ACTUAL,CANTIDAD_MINIMA,PRECIO_VENTA) VALUES (3,598,27,0,1.000000);

INSERT INTO ALMACEN_PRODUCTO(ALMACEN_ID,PRODUCTO_ID,CANTIDAD_ACTUAL,CANTIDAD_MINIMA,PRECIO_VENTA) VALUES (4,598,27,0,1.000000);

INSERT INTO PROVEEDOR_PRODUCTO(PROVEEDOR_ID,PRODUCTO_ID,PRECIO_COMPRA) VALUES(6,598, 1.000000);

-- ===========PRODUCTO [599]
INSERT INTO PRODUCTO(ID,MARCA_ID,NOMBRE,PRESENTACION,CONTENIDO,UNIDADES_POR_CAJA,COSTO,COSTO_VENTA,PRECIO_BASE,UNIDAD_MEDIDA,CODIGO_BARRAS) VALUES(599,35,'Colgate Cepillo Dental','Infantil Barney 0- 2 años',1,24.0,1.000000,1.000000,1.000000,'PZ',7.591083011081E12);

INSERT INTO MOVIMIENTO_HISTORICO_PRODUCTO (ALMACEN_ID,PRODUCTO_ID,FECHA,TIPO_MOVIMIENTO_ID,CANTIDAD,COSTO,PRECIO,USUARIO_ID) VALUES(1,599,now(),30,24,1.000000,1.000000,'root');
INSERT INTO ALMACEN_PRODUCTO(ALMACEN_ID,PRODUCTO_ID,CANTIDAD_ACTUAL,CANTIDAD_MINIMA,PRECIO_VENTA) VALUES (1,599,24,0,1.000000);

INSERT INTO ALMACEN_PRODUCTO(ALMACEN_ID,PRODUCTO_ID,CANTIDAD_ACTUAL,CANTIDAD_MINIMA,PRECIO_VENTA) VALUES (2,599,0,0,1.000000);

INSERT INTO ALMACEN_PRODUCTO(ALMACEN_ID,PRODUCTO_ID,CANTIDAD_ACTUAL,CANTIDAD_MINIMA,PRECIO_VENTA) VALUES (3,599,24,0,1.000000);

INSERT INTO ALMACEN_PRODUCTO(ALMACEN_ID,PRODUCTO_ID,CANTIDAD_ACTUAL,CANTIDAD_MINIMA,PRECIO_VENTA) VALUES (4,599,24,0,1.000000);

INSERT INTO PROVEEDOR_PRODUCTO(PROVEEDOR_ID,PRODUCTO_ID,PRECIO_COMPRA) VALUES(6,599, 1.000000);

-- ===========PRODUCTO [600]
INSERT INTO PRODUCTO(ID,MARCA_ID,NOMBRE,PRESENTACION,CONTENIDO,UNIDADES_POR_CAJA,COSTO,COSTO_VENTA,PRECIO_BASE,UNIDAD_MEDIDA,CODIGO_BARRAS) VALUES(600,68,'Suavitel Suavizante','Fresca Primavera',8,3.0,1.000000,1.000000,116.090000,'Lt',7.509546019666E12);

INSERT INTO MOVIMIENTO_HISTORICO_PRODUCTO (ALMACEN_ID,PRODUCTO_ID,FECHA,TIPO_MOVIMIENTO_ID,CANTIDAD,COSTO,PRECIO,USUARIO_ID) VALUES(1,600,now(),30,4,1.000000,116.090000,'root');
INSERT INTO ALMACEN_PRODUCTO(ALMACEN_ID,PRODUCTO_ID,CANTIDAD_ACTUAL,CANTIDAD_MINIMA,PRECIO_VENTA) VALUES (1,600,4,0,116.090000);

INSERT INTO ALMACEN_PRODUCTO(ALMACEN_ID,PRODUCTO_ID,CANTIDAD_ACTUAL,CANTIDAD_MINIMA,PRECIO_VENTA) VALUES (2,600,35,0,1.000000);

INSERT INTO ALMACEN_PRODUCTO(ALMACEN_ID,PRODUCTO_ID,CANTIDAD_ACTUAL,CANTIDAD_MINIMA,PRECIO_VENTA) VALUES (3,600,4,0,104.500000);

INSERT INTO ALMACEN_PRODUCTO(ALMACEN_ID,PRODUCTO_ID,CANTIDAD_ACTUAL,CANTIDAD_MINIMA,PRECIO_VENTA) VALUES (4,600,4,0,1.000000);

INSERT INTO PROVEEDOR_PRODUCTO(PROVEEDOR_ID,PRODUCTO_ID,PRECIO_COMPRA) VALUES(6,600, 1.000000);

-- ===========PRODUCTO [601]
INSERT INTO PRODUCTO(ID,MARCA_ID,NOMBRE,PRESENTACION,CONTENIDO,UNIDADES_POR_CAJA,COSTO,COSTO_VENTA,PRECIO_BASE,UNIDAD_MEDIDA,CODIGO_BARRAS) VALUES(601,68,'Suavitel Suavizante','Fresca Primavera',3,4.0,1.000000,1.000000,1.000000,'L',7.501035903234E12);

INSERT INTO MOVIMIENTO_HISTORICO_PRODUCTO (ALMACEN_ID,PRODUCTO_ID,FECHA,TIPO_MOVIMIENTO_ID,CANTIDAD,COSTO,PRECIO,USUARIO_ID) VALUES(1,601,now(),30,6,1.000000,1.000000,'root');
INSERT INTO ALMACEN_PRODUCTO(ALMACEN_ID,PRODUCTO_ID,CANTIDAD_ACTUAL,CANTIDAD_MINIMA,PRECIO_VENTA) VALUES (1,601,6,0,1.000000);

INSERT INTO ALMACEN_PRODUCTO(ALMACEN_ID,PRODUCTO_ID,CANTIDAD_ACTUAL,CANTIDAD_MINIMA,PRECIO_VENTA) VALUES (2,601,0,0,1.000000);

INSERT INTO ALMACEN_PRODUCTO(ALMACEN_ID,PRODUCTO_ID,CANTIDAD_ACTUAL,CANTIDAD_MINIMA,PRECIO_VENTA) VALUES (3,601,6,0,36.900000);

INSERT INTO ALMACEN_PRODUCTO(ALMACEN_ID,PRODUCTO_ID,CANTIDAD_ACTUAL,CANTIDAD_MINIMA,PRECIO_VENTA) VALUES (4,601,6,0,1.000000);

INSERT INTO PROVEEDOR_PRODUCTO(PROVEEDOR_ID,PRODUCTO_ID,PRECIO_COMPRA) VALUES(6,601, 1.000000);

-- ===========PRODUCTO [602]
INSERT INTO PRODUCTO(ID,MARCA_ID,NOMBRE,PRESENTACION,CONTENIDO,UNIDADES_POR_CAJA,COSTO,COSTO_VENTA,PRECIO_BASE,UNIDAD_MEDIDA,CODIGO_BARRAS) VALUES(602,35,'Colgate Cepillo Dental','Infantil Ex. Suave 5 años',1,24.0,1.000000,1.000000,1.000000,'Pz',7.591083011104E12);

INSERT INTO MOVIMIENTO_HISTORICO_PRODUCTO (ALMACEN_ID,PRODUCTO_ID,FECHA,TIPO_MOVIMIENTO_ID,CANTIDAD,COSTO,PRECIO,USUARIO_ID) VALUES(1,602,now(),30,24,1.000000,1.000000,'root');
INSERT INTO ALMACEN_PRODUCTO(ALMACEN_ID,PRODUCTO_ID,CANTIDAD_ACTUAL,CANTIDAD_MINIMA,PRECIO_VENTA) VALUES (1,602,24,0,1.000000);

INSERT INTO ALMACEN_PRODUCTO(ALMACEN_ID,PRODUCTO_ID,CANTIDAD_ACTUAL,CANTIDAD_MINIMA,PRECIO_VENTA) VALUES (2,602,0,0,1.000000);

INSERT INTO ALMACEN_PRODUCTO(ALMACEN_ID,PRODUCTO_ID,CANTIDAD_ACTUAL,CANTIDAD_MINIMA,PRECIO_VENTA) VALUES (3,602,24,0,1.000000);

INSERT INTO ALMACEN_PRODUCTO(ALMACEN_ID,PRODUCTO_ID,CANTIDAD_ACTUAL,CANTIDAD_MINIMA,PRECIO_VENTA) VALUES (4,602,24,0,1.000000);

INSERT INTO PROVEEDOR_PRODUCTO(PROVEEDOR_ID,PRODUCTO_ID,PRECIO_COMPRA) VALUES(6,602, 1.000000);

-- ===========PRODUCTO [603]
INSERT INTO PRODUCTO(ID,MARCA_ID,NOMBRE,PRESENTACION,CONTENIDO,UNIDADES_POR_CAJA,COSTO,COSTO_VENTA,PRECIO_BASE,UNIDAD_MEDIDA,CODIGO_BARRAS) VALUES(603,35,'Colgate Cepillo Dental','Infantil Niños +2 años',1,48.0,1.000000,1.000000,1.000000,'Pz',7.702010630293E12);

INSERT INTO MOVIMIENTO_HISTORICO_PRODUCTO (ALMACEN_ID,PRODUCTO_ID,FECHA,TIPO_MOVIMIENTO_ID,CANTIDAD,COSTO,PRECIO,USUARIO_ID) VALUES(1,603,now(),30,24,1.000000,1.000000,'root');
INSERT INTO ALMACEN_PRODUCTO(ALMACEN_ID,PRODUCTO_ID,CANTIDAD_ACTUAL,CANTIDAD_MINIMA,PRECIO_VENTA) VALUES (1,603,24,0,1.000000);

INSERT INTO ALMACEN_PRODUCTO(ALMACEN_ID,PRODUCTO_ID,CANTIDAD_ACTUAL,CANTIDAD_MINIMA,PRECIO_VENTA) VALUES (2,603,0,0,1.000000);

INSERT INTO ALMACEN_PRODUCTO(ALMACEN_ID,PRODUCTO_ID,CANTIDAD_ACTUAL,CANTIDAD_MINIMA,PRECIO_VENTA) VALUES (3,603,24,0,1.000000);

INSERT INTO ALMACEN_PRODUCTO(ALMACEN_ID,PRODUCTO_ID,CANTIDAD_ACTUAL,CANTIDAD_MINIMA,PRECIO_VENTA) VALUES (4,603,24,0,1.000000);

INSERT INTO PROVEEDOR_PRODUCTO(PROVEEDOR_ID,PRODUCTO_ID,PRECIO_COMPRA) VALUES(6,603, 1.000000);

-- ===========PRODUCTO [604]
INSERT INTO PRODUCTO(ID,MARCA_ID,NOMBRE,PRESENTACION,CONTENIDO,UNIDADES_POR_CAJA,COSTO,COSTO_VENTA,PRECIO_BASE,UNIDAD_MEDIDA,CODIGO_BARRAS) VALUES(604,20,'Plax Colgate Enjuague Bucal','Whitening Promocion',500,24.0,1.000000,1.000000,1.000000,'ML',7.891024136362E12);

INSERT INTO MOVIMIENTO_HISTORICO_PRODUCTO (ALMACEN_ID,PRODUCTO_ID,FECHA,TIPO_MOVIMIENTO_ID,CANTIDAD,COSTO,PRECIO,USUARIO_ID) VALUES(1,604,now(),30,0,1.000000,1.000000,'root');
INSERT INTO ALMACEN_PRODUCTO(ALMACEN_ID,PRODUCTO_ID,CANTIDAD_ACTUAL,CANTIDAD_MINIMA,PRECIO_VENTA) VALUES (1,604,0,0,1.000000);

INSERT INTO ALMACEN_PRODUCTO(ALMACEN_ID,PRODUCTO_ID,CANTIDAD_ACTUAL,CANTIDAD_MINIMA,PRECIO_VENTA) VALUES (2,604,0,0,1.000000);

INSERT INTO PROVEEDOR_PRODUCTO(PROVEEDOR_ID,PRODUCTO_ID,PRECIO_COMPRA) VALUES(6,604, 1.000000);

-- ===========PRODUCTO [605]
INSERT INTO PRODUCTO(ID,MARCA_ID,NOMBRE,PRESENTACION,CONTENIDO,UNIDADES_POR_CAJA,COSTO,COSTO_VENTA,PRECIO_BASE,UNIDAD_MEDIDA,CODIGO_BARRAS) VALUES(605,68,'SUAVITEL ADIOS AL PLANCHADO','ANOCHECER',850,12.0,1.000000,1.000000,1.000000,'ML',7.509546050119E12);

INSERT INTO MOVIMIENTO_HISTORICO_PRODUCTO (ALMACEN_ID,PRODUCTO_ID,FECHA,TIPO_MOVIMIENTO_ID,CANTIDAD,COSTO,PRECIO,USUARIO_ID) VALUES(1,605,now(),30,12,1.000000,1.000000,'root');
INSERT INTO ALMACEN_PRODUCTO(ALMACEN_ID,PRODUCTO_ID,CANTIDAD_ACTUAL,CANTIDAD_MINIMA,PRECIO_VENTA) VALUES (1,605,12,0,1.000000);

INSERT INTO ALMACEN_PRODUCTO(ALMACEN_ID,PRODUCTO_ID,CANTIDAD_ACTUAL,CANTIDAD_MINIMA,PRECIO_VENTA) VALUES (2,605,0,0,1.000000);

INSERT INTO ALMACEN_PRODUCTO(ALMACEN_ID,PRODUCTO_ID,CANTIDAD_ACTUAL,CANTIDAD_MINIMA,PRECIO_VENTA) VALUES (3,605,12,0,12.700000);

INSERT INTO ALMACEN_PRODUCTO(ALMACEN_ID,PRODUCTO_ID,CANTIDAD_ACTUAL,CANTIDAD_MINIMA,PRECIO_VENTA) VALUES (4,605,12,0,1.000000);

INSERT INTO PROVEEDOR_PRODUCTO(PROVEEDOR_ID,PRODUCTO_ID,PRECIO_COMPRA) VALUES(6,605, 1.000000);

-- ===========PRODUCTO [606]
INSERT INTO PRODUCTO(ID,MARCA_ID,NOMBRE,PRESENTACION,CONTENIDO,UNIDADES_POR_CAJA,COSTO,COSTO_VENTA,PRECIO_BASE,UNIDAD_MEDIDA,CODIGO_BARRAS) VALUES(606,68,'Suavitel Momentos Magicos','Abrazo de amor',750,12.0,1.000000,1.000000,18.770000,'ML',7.509546032856E12);

INSERT INTO MOVIMIENTO_HISTORICO_PRODUCTO (ALMACEN_ID,PRODUCTO_ID,FECHA,TIPO_MOVIMIENTO_ID,CANTIDAD,COSTO,PRECIO,USUARIO_ID) VALUES(1,606,now(),30,12,1.000000,18.770000,'root');
INSERT INTO ALMACEN_PRODUCTO(ALMACEN_ID,PRODUCTO_ID,CANTIDAD_ACTUAL,CANTIDAD_MINIMA,PRECIO_VENTA) VALUES (1,606,12,0,18.770000);

INSERT INTO ALMACEN_PRODUCTO(ALMACEN_ID,PRODUCTO_ID,CANTIDAD_ACTUAL,CANTIDAD_MINIMA,PRECIO_VENTA) VALUES (2,606,1,0,1.000000);

INSERT INTO ALMACEN_PRODUCTO(ALMACEN_ID,PRODUCTO_ID,CANTIDAD_ACTUAL,CANTIDAD_MINIMA,PRECIO_VENTA) VALUES (3,606,12,0,14.500000);

INSERT INTO ALMACEN_PRODUCTO(ALMACEN_ID,PRODUCTO_ID,CANTIDAD_ACTUAL,CANTIDAD_MINIMA,PRECIO_VENTA) VALUES (4,606,12,0,1.000000);

INSERT INTO PROVEEDOR_PRODUCTO(PROVEEDOR_ID,PRODUCTO_ID,PRECIO_COMPRA) VALUES(6,606, 1.000000);

-- ===========PRODUCTO [607]
INSERT INTO PRODUCTO(ID,MARCA_ID,NOMBRE,PRESENTACION,CONTENIDO,UNIDADES_POR_CAJA,COSTO,COSTO_VENTA,PRECIO_BASE,UNIDAD_MEDIDA,CODIGO_BARRAS) VALUES(607,68,'Suavitel Momentos Magicos','Besos de Flores',750,12.0,1.000000,1.000000,18.770000,'ML',7.50954603287E12);

INSERT INTO MOVIMIENTO_HISTORICO_PRODUCTO (ALMACEN_ID,PRODUCTO_ID,FECHA,TIPO_MOVIMIENTO_ID,CANTIDAD,COSTO,PRECIO,USUARIO_ID) VALUES(1,607,now(),30,12,1.000000,18.770000,'root');
INSERT INTO ALMACEN_PRODUCTO(ALMACEN_ID,PRODUCTO_ID,CANTIDAD_ACTUAL,CANTIDAD_MINIMA,PRECIO_VENTA) VALUES (1,607,12,0,18.770000);

INSERT INTO ALMACEN_PRODUCTO(ALMACEN_ID,PRODUCTO_ID,CANTIDAD_ACTUAL,CANTIDAD_MINIMA,PRECIO_VENTA) VALUES (2,607,0,0,1.000000);

INSERT INTO ALMACEN_PRODUCTO(ALMACEN_ID,PRODUCTO_ID,CANTIDAD_ACTUAL,CANTIDAD_MINIMA,PRECIO_VENTA) VALUES (3,607,12,0,14.500000);

INSERT INTO ALMACEN_PRODUCTO(ALMACEN_ID,PRODUCTO_ID,CANTIDAD_ACTUAL,CANTIDAD_MINIMA,PRECIO_VENTA) VALUES (4,607,12,0,1.000000);

INSERT INTO PROVEEDOR_PRODUCTO(PROVEEDOR_ID,PRODUCTO_ID,PRECIO_COMPRA) VALUES(6,607, 1.000000);

-- ===========PRODUCTO [609]
INSERT INTO PRODUCTO(ID,MARCA_ID,NOMBRE,PRESENTACION,CONTENIDO,UNIDADES_POR_CAJA,COSTO,COSTO_VENTA,PRECIO_BASE,UNIDAD_MEDIDA,CODIGO_BARRAS) VALUES(609,16,'Ajax Limpiador Liquido','Naranja Limon',1,12.0,1.000000,1.000000,1.000000,'Lt',7.50954600642E12);

INSERT INTO MOVIMIENTO_HISTORICO_PRODUCTO (ALMACEN_ID,PRODUCTO_ID,FECHA,TIPO_MOVIMIENTO_ID,CANTIDAD,COSTO,PRECIO,USUARIO_ID) VALUES(1,609,now(),30,12,1.000000,1.000000,'root');
INSERT INTO ALMACEN_PRODUCTO(ALMACEN_ID,PRODUCTO_ID,CANTIDAD_ACTUAL,CANTIDAD_MINIMA,PRECIO_VENTA) VALUES (1,609,12,0,1.000000);

INSERT INTO ALMACEN_PRODUCTO(ALMACEN_ID,PRODUCTO_ID,CANTIDAD_ACTUAL,CANTIDAD_MINIMA,PRECIO_VENTA) VALUES (2,609,1,0,1.000000);

INSERT INTO ALMACEN_PRODUCTO(ALMACEN_ID,PRODUCTO_ID,CANTIDAD_ACTUAL,CANTIDAD_MINIMA,PRECIO_VENTA) VALUES (3,609,12,0,1.000000);

INSERT INTO ALMACEN_PRODUCTO(ALMACEN_ID,PRODUCTO_ID,CANTIDAD_ACTUAL,CANTIDAD_MINIMA,PRECIO_VENTA) VALUES (4,609,12,0,1.000000);

INSERT INTO PROVEEDOR_PRODUCTO(PROVEEDOR_ID,PRODUCTO_ID,PRECIO_COMPRA) VALUES(6,609, 1.000000);

-- ===========PRODUCTO [610]
INSERT INTO PRODUCTO(ID,MARCA_ID,NOMBRE,PRESENTACION,CONTENIDO,UNIDADES_POR_CAJA,COSTO,COSTO_VENTA,PRECIO_BASE,UNIDAD_MEDIDA,CODIGO_BARRAS) VALUES(610,27,'Vel Rosita Shampoo Ropa','Delicada',2,6.0,1.000000,1.000000,1.000000,'Lt',7.501035904019E12);

INSERT INTO MOVIMIENTO_HISTORICO_PRODUCTO (ALMACEN_ID,PRODUCTO_ID,FECHA,TIPO_MOVIMIENTO_ID,CANTIDAD,COSTO,PRECIO,USUARIO_ID) VALUES(1,610,now(),30,6,1.000000,1.000000,'root');
INSERT INTO ALMACEN_PRODUCTO(ALMACEN_ID,PRODUCTO_ID,CANTIDAD_ACTUAL,CANTIDAD_MINIMA,PRECIO_VENTA) VALUES (1,610,6,0,1.000000);

INSERT INTO ALMACEN_PRODUCTO(ALMACEN_ID,PRODUCTO_ID,CANTIDAD_ACTUAL,CANTIDAD_MINIMA,PRECIO_VENTA) VALUES (2,610,0,0,1.000000);

INSERT INTO ALMACEN_PRODUCTO(ALMACEN_ID,PRODUCTO_ID,CANTIDAD_ACTUAL,CANTIDAD_MINIMA,PRECIO_VENTA) VALUES (3,610,6,0,49.500000);

INSERT INTO ALMACEN_PRODUCTO(ALMACEN_ID,PRODUCTO_ID,CANTIDAD_ACTUAL,CANTIDAD_MINIMA,PRECIO_VENTA) VALUES (4,610,6,0,1.000000);

INSERT INTO PROVEEDOR_PRODUCTO(PROVEEDOR_ID,PRODUCTO_ID,PRECIO_COMPRA) VALUES(6,610, 1.000000);

-- ===========PRODUCTO [611]
INSERT INTO PRODUCTO(ID,MARCA_ID,NOMBRE,PRESENTACION,CONTENIDO,UNIDADES_POR_CAJA,COSTO,COSTO_VENTA,PRECIO_BASE,UNIDAD_MEDIDA,CODIGO_BARRAS) VALUES(611,68,'SUAVITEL  SUAVE COMO EL AMOR DE MAMA','FRESCO AROMA DE SOL',450,12.0,1.000000,1.000000,1.000000,'ML',7.509546017815E12);

INSERT INTO MOVIMIENTO_HISTORICO_PRODUCTO (ALMACEN_ID,PRODUCTO_ID,FECHA,TIPO_MOVIMIENTO_ID,CANTIDAD,COSTO,PRECIO,USUARIO_ID) VALUES(1,611,now(),30,12,1.000000,1.000000,'root');
INSERT INTO ALMACEN_PRODUCTO(ALMACEN_ID,PRODUCTO_ID,CANTIDAD_ACTUAL,CANTIDAD_MINIMA,PRECIO_VENTA) VALUES (1,611,12,0,1.000000);

INSERT INTO ALMACEN_PRODUCTO(ALMACEN_ID,PRODUCTO_ID,CANTIDAD_ACTUAL,CANTIDAD_MINIMA,PRECIO_VENTA) VALUES (2,611,0,0,1.000000);

INSERT INTO ALMACEN_PRODUCTO(ALMACEN_ID,PRODUCTO_ID,CANTIDAD_ACTUAL,CANTIDAD_MINIMA,PRECIO_VENTA) VALUES (3,611,12,0,1.000000);

INSERT INTO ALMACEN_PRODUCTO(ALMACEN_ID,PRODUCTO_ID,CANTIDAD_ACTUAL,CANTIDAD_MINIMA,PRECIO_VENTA) VALUES (4,611,12,0,1.000000);

INSERT INTO PROVEEDOR_PRODUCTO(PROVEEDOR_ID,PRODUCTO_ID,PRECIO_COMPRA) VALUES(6,611, 1.000000);

-- ===========PRODUCTO [612]
INSERT INTO PRODUCTO(ID,MARCA_ID,NOMBRE,PRESENTACION,CONTENIDO,UNIDADES_POR_CAJA,COSTO,COSTO_VENTA,PRECIO_BASE,UNIDAD_MEDIDA,CODIGO_BARRAS) VALUES(612,27,'Vel Rosita Shampoo Ropa','Delicada Bolsa',500,18.0,1.000000,1.000000,1.000000,'ml',7.501035904118E12);

INSERT INTO MOVIMIENTO_HISTORICO_PRODUCTO (ALMACEN_ID,PRODUCTO_ID,FECHA,TIPO_MOVIMIENTO_ID,CANTIDAD,COSTO,PRECIO,USUARIO_ID) VALUES(1,612,now(),30,18,1.000000,1.000000,'root');
INSERT INTO ALMACEN_PRODUCTO(ALMACEN_ID,PRODUCTO_ID,CANTIDAD_ACTUAL,CANTIDAD_MINIMA,PRECIO_VENTA) VALUES (1,612,18,0,1.000000);

INSERT INTO ALMACEN_PRODUCTO(ALMACEN_ID,PRODUCTO_ID,CANTIDAD_ACTUAL,CANTIDAD_MINIMA,PRECIO_VENTA) VALUES (2,612,1,0,1.000000);

INSERT INTO ALMACEN_PRODUCTO(ALMACEN_ID,PRODUCTO_ID,CANTIDAD_ACTUAL,CANTIDAD_MINIMA,PRECIO_VENTA) VALUES (3,612,18,0,15.900000);

INSERT INTO ALMACEN_PRODUCTO(ALMACEN_ID,PRODUCTO_ID,CANTIDAD_ACTUAL,CANTIDAD_MINIMA,PRECIO_VENTA) VALUES (4,612,18,0,1.000000);

INSERT INTO PROVEEDOR_PRODUCTO(PROVEEDOR_ID,PRODUCTO_ID,PRECIO_COMPRA) VALUES(6,612, 1.000000);

-- ===========PRODUCTO [613]
INSERT INTO PRODUCTO(ID,MARCA_ID,NOMBRE,PRESENTACION,CONTENIDO,UNIDADES_POR_CAJA,COSTO,COSTO_VENTA,PRECIO_BASE,UNIDAD_MEDIDA,CODIGO_BARRAS) VALUES(613,27,'Vel Rosita Shampoo Ropa','Color Bolsa',500,18.0,1.000000,1.000000,1.000000,'ml',7.509546051475E12);

INSERT INTO MOVIMIENTO_HISTORICO_PRODUCTO (ALMACEN_ID,PRODUCTO_ID,FECHA,TIPO_MOVIMIENTO_ID,CANTIDAD,COSTO,PRECIO,USUARIO_ID) VALUES(1,613,now(),30,18,1.000000,1.000000,'root');
INSERT INTO ALMACEN_PRODUCTO(ALMACEN_ID,PRODUCTO_ID,CANTIDAD_ACTUAL,CANTIDAD_MINIMA,PRECIO_VENTA) VALUES (1,613,18,0,1.000000);

INSERT INTO ALMACEN_PRODUCTO(ALMACEN_ID,PRODUCTO_ID,CANTIDAD_ACTUAL,CANTIDAD_MINIMA,PRECIO_VENTA) VALUES (2,613,1,0,1.000000);

INSERT INTO ALMACEN_PRODUCTO(ALMACEN_ID,PRODUCTO_ID,CANTIDAD_ACTUAL,CANTIDAD_MINIMA,PRECIO_VENTA) VALUES (3,613,18,0,15.900000);

INSERT INTO ALMACEN_PRODUCTO(ALMACEN_ID,PRODUCTO_ID,CANTIDAD_ACTUAL,CANTIDAD_MINIMA,PRECIO_VENTA) VALUES (4,613,18,0,1.000000);

INSERT INTO PROVEEDOR_PRODUCTO(PROVEEDOR_ID,PRODUCTO_ID,PRECIO_COMPRA) VALUES(6,613, 1.000000);

-- ===========PRODUCTO [614]
INSERT INTO PRODUCTO(ID,MARCA_ID,NOMBRE,PRESENTACION,CONTENIDO,UNIDADES_POR_CAJA,COSTO,COSTO_VENTA,PRECIO_BASE,UNIDAD_MEDIDA,CODIGO_BARRAS) VALUES(614,69,'Axion Detergente Liqudo','Tricloro',400,12.0,1.000000,1.000000,10.260000,'ML',7.509546016948E12);

INSERT INTO MOVIMIENTO_HISTORICO_PRODUCTO (ALMACEN_ID,PRODUCTO_ID,FECHA,TIPO_MOVIMIENTO_ID,CANTIDAD,COSTO,PRECIO,USUARIO_ID) VALUES(1,614,now(),30,12,1.000000,10.260000,'root');
INSERT INTO ALMACEN_PRODUCTO(ALMACEN_ID,PRODUCTO_ID,CANTIDAD_ACTUAL,CANTIDAD_MINIMA,PRECIO_VENTA) VALUES (1,614,12,0,10.260000);

INSERT INTO ALMACEN_PRODUCTO(ALMACEN_ID,PRODUCTO_ID,CANTIDAD_ACTUAL,CANTIDAD_MINIMA,PRECIO_VENTA) VALUES (2,614,0,0,1.000000);

INSERT INTO ALMACEN_PRODUCTO(ALMACEN_ID,PRODUCTO_ID,CANTIDAD_ACTUAL,CANTIDAD_MINIMA,PRECIO_VENTA) VALUES (3,614,12,0,10.900000);

INSERT INTO ALMACEN_PRODUCTO(ALMACEN_ID,PRODUCTO_ID,CANTIDAD_ACTUAL,CANTIDAD_MINIMA,PRECIO_VENTA) VALUES (4,614,12,0,1.000000);

INSERT INTO PROVEEDOR_PRODUCTO(PROVEEDOR_ID,PRODUCTO_ID,PRECIO_COMPRA) VALUES(6,614, 1.000000);

-- ===========PRODUCTO [615]
INSERT INTO PRODUCTO(ID,MARCA_ID,NOMBRE,PRESENTACION,CONTENIDO,UNIDADES_POR_CAJA,COSTO,COSTO_VENTA,PRECIO_BASE,UNIDAD_MEDIDA,CODIGO_BARRAS) VALUES(615,69,'Axion Detergente Liquido','Limon',400,12.0,1.000000,1.000000,10.260000,'ML',7.509546017143E12);

INSERT INTO MOVIMIENTO_HISTORICO_PRODUCTO (ALMACEN_ID,PRODUCTO_ID,FECHA,TIPO_MOVIMIENTO_ID,CANTIDAD,COSTO,PRECIO,USUARIO_ID) VALUES(1,615,now(),30,11,1.000000,10.260000,'root');
INSERT INTO ALMACEN_PRODUCTO(ALMACEN_ID,PRODUCTO_ID,CANTIDAD_ACTUAL,CANTIDAD_MINIMA,PRECIO_VENTA) VALUES (1,615,11,0,10.260000);

INSERT INTO ALMACEN_PRODUCTO(ALMACEN_ID,PRODUCTO_ID,CANTIDAD_ACTUAL,CANTIDAD_MINIMA,PRECIO_VENTA) VALUES (2,615,1,0,1.000000);

INSERT INTO ALMACEN_PRODUCTO(ALMACEN_ID,PRODUCTO_ID,CANTIDAD_ACTUAL,CANTIDAD_MINIMA,PRECIO_VENTA) VALUES (3,615,11,0,9.900000);

INSERT INTO ALMACEN_PRODUCTO(ALMACEN_ID,PRODUCTO_ID,CANTIDAD_ACTUAL,CANTIDAD_MINIMA,PRECIO_VENTA) VALUES (4,615,11,0,1.000000);

INSERT INTO PROVEEDOR_PRODUCTO(PROVEEDOR_ID,PRODUCTO_ID,PRECIO_COMPRA) VALUES(6,615, 1.000000);

-- ===========PRODUCTO [616]
INSERT INTO PRODUCTO(ID,MARCA_ID,NOMBRE,PRESENTACION,CONTENIDO,UNIDADES_POR_CAJA,COSTO,COSTO_VENTA,PRECIO_BASE,UNIDAD_MEDIDA,CODIGO_BARRAS) VALUES(616,69,'Axion Detergente Liquido','Citricos',400,12.0,1.000000,1.000000,10.260000,'ML',7.509546017167E12);

INSERT INTO MOVIMIENTO_HISTORICO_PRODUCTO (ALMACEN_ID,PRODUCTO_ID,FECHA,TIPO_MOVIMIENTO_ID,CANTIDAD,COSTO,PRECIO,USUARIO_ID) VALUES(1,616,now(),30,12,1.000000,10.260000,'root');
INSERT INTO ALMACEN_PRODUCTO(ALMACEN_ID,PRODUCTO_ID,CANTIDAD_ACTUAL,CANTIDAD_MINIMA,PRECIO_VENTA) VALUES (1,616,12,0,10.260000);

INSERT INTO ALMACEN_PRODUCTO(ALMACEN_ID,PRODUCTO_ID,CANTIDAD_ACTUAL,CANTIDAD_MINIMA,PRECIO_VENTA) VALUES (2,616,0,0,1.000000);

INSERT INTO ALMACEN_PRODUCTO(ALMACEN_ID,PRODUCTO_ID,CANTIDAD_ACTUAL,CANTIDAD_MINIMA,PRECIO_VENTA) VALUES (3,616,12,0,10.900000);

INSERT INTO ALMACEN_PRODUCTO(ALMACEN_ID,PRODUCTO_ID,CANTIDAD_ACTUAL,CANTIDAD_MINIMA,PRECIO_VENTA) VALUES (4,616,12,0,1.000000);

INSERT INTO PROVEEDOR_PRODUCTO(PROVEEDOR_ID,PRODUCTO_ID,PRECIO_COMPRA) VALUES(6,616, 1.000000);

-- ===========PRODUCTO [617]
INSERT INTO PRODUCTO(ID,MARCA_ID,NOMBRE,PRESENTACION,CONTENIDO,UNIDADES_POR_CAJA,COSTO,COSTO_VENTA,PRECIO_BASE,UNIDAD_MEDIDA,CODIGO_BARRAS) VALUES(617,69,'Axion Detergente Liqudo','Limon',750,12.0,1.000000,1.000000,1.000000,'ML',7.509546051932E12);

INSERT INTO MOVIMIENTO_HISTORICO_PRODUCTO (ALMACEN_ID,PRODUCTO_ID,FECHA,TIPO_MOVIMIENTO_ID,CANTIDAD,COSTO,PRECIO,USUARIO_ID) VALUES(1,617,now(),30,12,1.000000,1.000000,'root');
INSERT INTO ALMACEN_PRODUCTO(ALMACEN_ID,PRODUCTO_ID,CANTIDAD_ACTUAL,CANTIDAD_MINIMA,PRECIO_VENTA) VALUES (1,617,12,0,1.000000);

INSERT INTO ALMACEN_PRODUCTO(ALMACEN_ID,PRODUCTO_ID,CANTIDAD_ACTUAL,CANTIDAD_MINIMA,PRECIO_VENTA) VALUES (2,617,0,0,1.000000);

INSERT INTO ALMACEN_PRODUCTO(ALMACEN_ID,PRODUCTO_ID,CANTIDAD_ACTUAL,CANTIDAD_MINIMA,PRECIO_VENTA) VALUES (3,617,12,0,17.900000);

INSERT INTO ALMACEN_PRODUCTO(ALMACEN_ID,PRODUCTO_ID,CANTIDAD_ACTUAL,CANTIDAD_MINIMA,PRECIO_VENTA) VALUES (4,617,12,0,1.000000);

INSERT INTO PROVEEDOR_PRODUCTO(PROVEEDOR_ID,PRODUCTO_ID,PRECIO_COMPRA) VALUES(6,617, 1.000000);

-- ===========PRODUCTO [618]
INSERT INTO PRODUCTO(ID,MARCA_ID,NOMBRE,PRESENTACION,CONTENIDO,UNIDADES_POR_CAJA,COSTO,COSTO_VENTA,PRECIO_BASE,UNIDAD_MEDIDA,CODIGO_BARRAS) VALUES(618,49,'Stefano Caballero Barra','Midnight',60,12.0,1.000000,1.000000,1.000000,'G',7.509546025391E12);

INSERT INTO MOVIMIENTO_HISTORICO_PRODUCTO (ALMACEN_ID,PRODUCTO_ID,FECHA,TIPO_MOVIMIENTO_ID,CANTIDAD,COSTO,PRECIO,USUARIO_ID) VALUES(1,618,now(),30,12,1.000000,1.000000,'root');
INSERT INTO ALMACEN_PRODUCTO(ALMACEN_ID,PRODUCTO_ID,CANTIDAD_ACTUAL,CANTIDAD_MINIMA,PRECIO_VENTA) VALUES (1,618,12,0,1.000000);

INSERT INTO ALMACEN_PRODUCTO(ALMACEN_ID,PRODUCTO_ID,CANTIDAD_ACTUAL,CANTIDAD_MINIMA,PRECIO_VENTA) VALUES (2,618,0,0,1.000000);

INSERT INTO ALMACEN_PRODUCTO(ALMACEN_ID,PRODUCTO_ID,CANTIDAD_ACTUAL,CANTIDAD_MINIMA,PRECIO_VENTA) VALUES (3,618,12,0,1.000000);

INSERT INTO ALMACEN_PRODUCTO(ALMACEN_ID,PRODUCTO_ID,CANTIDAD_ACTUAL,CANTIDAD_MINIMA,PRECIO_VENTA) VALUES (4,618,12,0,1.000000);

INSERT INTO PROVEEDOR_PRODUCTO(PROVEEDOR_ID,PRODUCTO_ID,PRECIO_COMPRA) VALUES(6,618, 1.000000);

-- ===========PRODUCTO [619]
INSERT INTO PRODUCTO(ID,MARCA_ID,NOMBRE,PRESENTACION,CONTENIDO,UNIDADES_POR_CAJA,COSTO,COSTO_VENTA,PRECIO_BASE,UNIDAD_MEDIDA,CODIGO_BARRAS) VALUES(619,49,'Stefano Aerosol Caballero','Cosmo Bonus',156,12.0,1.000000,1.000000,1.000000,'G',7.509546055749E12);

INSERT INTO MOVIMIENTO_HISTORICO_PRODUCTO (ALMACEN_ID,PRODUCTO_ID,FECHA,TIPO_MOVIMIENTO_ID,CANTIDAD,COSTO,PRECIO,USUARIO_ID) VALUES(1,619,now(),30,12,1.000000,1.000000,'root');
INSERT INTO ALMACEN_PRODUCTO(ALMACEN_ID,PRODUCTO_ID,CANTIDAD_ACTUAL,CANTIDAD_MINIMA,PRECIO_VENTA) VALUES (1,619,12,0,1.000000);

INSERT INTO ALMACEN_PRODUCTO(ALMACEN_ID,PRODUCTO_ID,CANTIDAD_ACTUAL,CANTIDAD_MINIMA,PRECIO_VENTA) VALUES (2,619,0,0,1.000000);

INSERT INTO ALMACEN_PRODUCTO(ALMACEN_ID,PRODUCTO_ID,CANTIDAD_ACTUAL,CANTIDAD_MINIMA,PRECIO_VENTA) VALUES (3,619,12,0,1.000000);

INSERT INTO ALMACEN_PRODUCTO(ALMACEN_ID,PRODUCTO_ID,CANTIDAD_ACTUAL,CANTIDAD_MINIMA,PRECIO_VENTA) VALUES (4,619,12,0,1.000000);

INSERT INTO PROVEEDOR_PRODUCTO(PROVEEDOR_ID,PRODUCTO_ID,PRECIO_COMPRA) VALUES(6,619, 1.000000);

-- ===========PRODUCTO [620]
INSERT INTO PRODUCTO(ID,MARCA_ID,NOMBRE,PRESENTACION,CONTENIDO,UNIDADES_POR_CAJA,COSTO,COSTO_VENTA,PRECIO_BASE,UNIDAD_MEDIDA,CODIGO_BARRAS) VALUES(620,26,'Speed Stick Aerosol','Naturals & Protect',215,12.0,1.000000,1.000000,1.000000,'ML',7.509546055954E12);

INSERT INTO MOVIMIENTO_HISTORICO_PRODUCTO (ALMACEN_ID,PRODUCTO_ID,FECHA,TIPO_MOVIMIENTO_ID,CANTIDAD,COSTO,PRECIO,USUARIO_ID) VALUES(1,620,now(),30,12,1.000000,1.000000,'root');
INSERT INTO ALMACEN_PRODUCTO(ALMACEN_ID,PRODUCTO_ID,CANTIDAD_ACTUAL,CANTIDAD_MINIMA,PRECIO_VENTA) VALUES (1,620,12,0,1.000000);

INSERT INTO ALMACEN_PRODUCTO(ALMACEN_ID,PRODUCTO_ID,CANTIDAD_ACTUAL,CANTIDAD_MINIMA,PRECIO_VENTA) VALUES (2,620,0,0,1.000000);

INSERT INTO ALMACEN_PRODUCTO(ALMACEN_ID,PRODUCTO_ID,CANTIDAD_ACTUAL,CANTIDAD_MINIMA,PRECIO_VENTA) VALUES (3,620,12,0,1.000000);

INSERT INTO ALMACEN_PRODUCTO(ALMACEN_ID,PRODUCTO_ID,CANTIDAD_ACTUAL,CANTIDAD_MINIMA,PRECIO_VENTA) VALUES (4,620,12,0,1.000000);

INSERT INTO PROVEEDOR_PRODUCTO(PROVEEDOR_ID,PRODUCTO_ID,PRECIO_COMPRA) VALUES(6,620, 1.000000);

-- ===========PRODUCTO [621]
INSERT INTO PRODUCTO(ID,MARCA_ID,NOMBRE,PRESENTACION,CONTENIDO,UNIDADES_POR_CAJA,COSTO,COSTO_VENTA,PRECIO_BASE,UNIDAD_MEDIDA,CODIGO_BARRAS) VALUES(621,15,'Lady Speed Stick Aerosol','Double Defens Active',214,12.0,1.000000,1.000000,1.000000,'ML',7.50954603894E12);

INSERT INTO MOVIMIENTO_HISTORICO_PRODUCTO (ALMACEN_ID,PRODUCTO_ID,FECHA,TIPO_MOVIMIENTO_ID,CANTIDAD,COSTO,PRECIO,USUARIO_ID) VALUES(1,621,now(),30,12,1.000000,1.000000,'root');
INSERT INTO ALMACEN_PRODUCTO(ALMACEN_ID,PRODUCTO_ID,CANTIDAD_ACTUAL,CANTIDAD_MINIMA,PRECIO_VENTA) VALUES (1,621,12,0,1.000000);

INSERT INTO ALMACEN_PRODUCTO(ALMACEN_ID,PRODUCTO_ID,CANTIDAD_ACTUAL,CANTIDAD_MINIMA,PRECIO_VENTA) VALUES (2,621,0,0,1.000000);

INSERT INTO ALMACEN_PRODUCTO(ALMACEN_ID,PRODUCTO_ID,CANTIDAD_ACTUAL,CANTIDAD_MINIMA,PRECIO_VENTA) VALUES (3,621,12,0,1.000000);

INSERT INTO ALMACEN_PRODUCTO(ALMACEN_ID,PRODUCTO_ID,CANTIDAD_ACTUAL,CANTIDAD_MINIMA,PRECIO_VENTA) VALUES (4,621,12,0,1.000000);

INSERT INTO PROVEEDOR_PRODUCTO(PROVEEDOR_ID,PRODUCTO_ID,PRECIO_COMPRA) VALUES(6,621, 1.000000);

-- ===========PRODUCTO [622]
INSERT INTO PRODUCTO(ID,MARCA_ID,NOMBRE,PRESENTACION,CONTENIDO,UNIDADES_POR_CAJA,COSTO,COSTO_VENTA,PRECIO_BASE,UNIDAD_MEDIDA,CODIGO_BARRAS) VALUES(622,49,'Stefano Aerosol Caballero','Fire Bonus',156,12.0,1.000000,1.000000,1.000000,'G',7.509546055732E12);

INSERT INTO MOVIMIENTO_HISTORICO_PRODUCTO (ALMACEN_ID,PRODUCTO_ID,FECHA,TIPO_MOVIMIENTO_ID,CANTIDAD,COSTO,PRECIO,USUARIO_ID) VALUES(1,622,now(),30,12,1.000000,1.000000,'root');
INSERT INTO ALMACEN_PRODUCTO(ALMACEN_ID,PRODUCTO_ID,CANTIDAD_ACTUAL,CANTIDAD_MINIMA,PRECIO_VENTA) VALUES (1,622,12,0,1.000000);

INSERT INTO ALMACEN_PRODUCTO(ALMACEN_ID,PRODUCTO_ID,CANTIDAD_ACTUAL,CANTIDAD_MINIMA,PRECIO_VENTA) VALUES (2,622,0,0,1.000000);

INSERT INTO ALMACEN_PRODUCTO(ALMACEN_ID,PRODUCTO_ID,CANTIDAD_ACTUAL,CANTIDAD_MINIMA,PRECIO_VENTA) VALUES (3,622,12,0,1.000000);

INSERT INTO ALMACEN_PRODUCTO(ALMACEN_ID,PRODUCTO_ID,CANTIDAD_ACTUAL,CANTIDAD_MINIMA,PRECIO_VENTA) VALUES (4,622,12,0,1.000000);

INSERT INTO PROVEEDOR_PRODUCTO(PROVEEDOR_ID,PRODUCTO_ID,PRECIO_COMPRA) VALUES(6,622, 1.000000);

-- ===========PRODUCTO [623]
INSERT INTO PRODUCTO(ID,MARCA_ID,NOMBRE,PRESENTACION,CONTENIDO,UNIDADES_POR_CAJA,COSTO,COSTO_VENTA,PRECIO_BASE,UNIDAD_MEDIDA,CODIGO_BARRAS) VALUES(623,15,'Lady Speed Stick Aerosol','Naturals & Protect',215,12.0,1.000000,1.000000,1.000000,'ML',7.509546055947E12);

INSERT INTO MOVIMIENTO_HISTORICO_PRODUCTO (ALMACEN_ID,PRODUCTO_ID,FECHA,TIPO_MOVIMIENTO_ID,CANTIDAD,COSTO,PRECIO,USUARIO_ID) VALUES(1,623,now(),30,12,1.000000,1.000000,'root');
INSERT INTO ALMACEN_PRODUCTO(ALMACEN_ID,PRODUCTO_ID,CANTIDAD_ACTUAL,CANTIDAD_MINIMA,PRECIO_VENTA) VALUES (1,623,12,0,1.000000);

INSERT INTO ALMACEN_PRODUCTO(ALMACEN_ID,PRODUCTO_ID,CANTIDAD_ACTUAL,CANTIDAD_MINIMA,PRECIO_VENTA) VALUES (2,623,0,0,1.000000);

INSERT INTO ALMACEN_PRODUCTO(ALMACEN_ID,PRODUCTO_ID,CANTIDAD_ACTUAL,CANTIDAD_MINIMA,PRECIO_VENTA) VALUES (3,623,12,0,1.000000);

INSERT INTO ALMACEN_PRODUCTO(ALMACEN_ID,PRODUCTO_ID,CANTIDAD_ACTUAL,CANTIDAD_MINIMA,PRECIO_VENTA) VALUES (4,623,12,0,1.000000);

INSERT INTO PROVEEDOR_PRODUCTO(PROVEEDOR_ID,PRODUCTO_ID,PRECIO_COMPRA) VALUES(6,623, 1.000000);

-- ===========PRODUCTO [624]
INSERT INTO PRODUCTO(ID,MARCA_ID,NOMBRE,PRESENTACION,CONTENIDO,UNIDADES_POR_CAJA,COSTO,COSTO_VENTA,PRECIO_BASE,UNIDAD_MEDIDA,CODIGO_BARRAS) VALUES(624,26,'Speed Stick Barra Caballero','Naturals & Protect',20,24.0,1.000000,1.000000,1.000000,'G',7.509546055442E12);

INSERT INTO MOVIMIENTO_HISTORICO_PRODUCTO (ALMACEN_ID,PRODUCTO_ID,FECHA,TIPO_MOVIMIENTO_ID,CANTIDAD,COSTO,PRECIO,USUARIO_ID) VALUES(1,624,now(),30,24,1.000000,1.000000,'root');
INSERT INTO ALMACEN_PRODUCTO(ALMACEN_ID,PRODUCTO_ID,CANTIDAD_ACTUAL,CANTIDAD_MINIMA,PRECIO_VENTA) VALUES (1,624,24,0,1.000000);

INSERT INTO ALMACEN_PRODUCTO(ALMACEN_ID,PRODUCTO_ID,CANTIDAD_ACTUAL,CANTIDAD_MINIMA,PRECIO_VENTA) VALUES (2,624,0,0,1.000000);

INSERT INTO ALMACEN_PRODUCTO(ALMACEN_ID,PRODUCTO_ID,CANTIDAD_ACTUAL,CANTIDAD_MINIMA,PRECIO_VENTA) VALUES (3,624,24,0,1.000000);

INSERT INTO ALMACEN_PRODUCTO(ALMACEN_ID,PRODUCTO_ID,CANTIDAD_ACTUAL,CANTIDAD_MINIMA,PRECIO_VENTA) VALUES (4,624,24,0,1.000000);

INSERT INTO PROVEEDOR_PRODUCTO(PROVEEDOR_ID,PRODUCTO_ID,PRECIO_COMPRA) VALUES(6,624, 1.000000);

-- ===========PRODUCTO [625]
INSERT INTO PRODUCTO(ID,MARCA_ID,NOMBRE,PRESENTACION,CONTENIDO,UNIDADES_POR_CAJA,COSTO,COSTO_VENTA,PRECIO_BASE,UNIDAD_MEDIDA,CODIGO_BARRAS) VALUES(625,17,'Palmolive Optims Shampoo','2 medio',400,12.0,1.000000,1.000000,1.000000,'Ml',7.501035919105E12);

INSERT INTO MOVIMIENTO_HISTORICO_PRODUCTO (ALMACEN_ID,PRODUCTO_ID,FECHA,TIPO_MOVIMIENTO_ID,CANTIDAD,COSTO,PRECIO,USUARIO_ID) VALUES(1,625,now(),30,12,1.000000,1.000000,'root');
INSERT INTO ALMACEN_PRODUCTO(ALMACEN_ID,PRODUCTO_ID,CANTIDAD_ACTUAL,CANTIDAD_MINIMA,PRECIO_VENTA) VALUES (1,625,12,0,1.000000);

INSERT INTO ALMACEN_PRODUCTO(ALMACEN_ID,PRODUCTO_ID,CANTIDAD_ACTUAL,CANTIDAD_MINIMA,PRECIO_VENTA) VALUES (2,625,0,0,1.000000);

INSERT INTO ALMACEN_PRODUCTO(ALMACEN_ID,PRODUCTO_ID,CANTIDAD_ACTUAL,CANTIDAD_MINIMA,PRECIO_VENTA) VALUES (3,625,12,0,1.000000);

INSERT INTO ALMACEN_PRODUCTO(ALMACEN_ID,PRODUCTO_ID,CANTIDAD_ACTUAL,CANTIDAD_MINIMA,PRECIO_VENTA) VALUES (4,625,12,0,1.000000);

INSERT INTO PROVEEDOR_PRODUCTO(PROVEEDOR_ID,PRODUCTO_ID,PRECIO_COMPRA) VALUES(6,625, 1.000000);

-- ===========PRODUCTO [626]
INSERT INTO PRODUCTO(ID,MARCA_ID,NOMBRE,PRESENTACION,CONTENIDO,UNIDADES_POR_CAJA,COSTO,COSTO_VENTA,PRECIO_BASE,UNIDAD_MEDIDA,CODIGO_BARRAS) VALUES(626,17,'Palmolive Optims Shampoo','3 intensivo',400,12.0,1.000000,1.000000,1.000000,'Ml',7.501035919112E12);

INSERT INTO MOVIMIENTO_HISTORICO_PRODUCTO (ALMACEN_ID,PRODUCTO_ID,FECHA,TIPO_MOVIMIENTO_ID,CANTIDAD,COSTO,PRECIO,USUARIO_ID) VALUES(1,626,now(),30,12,1.000000,1.000000,'root');
INSERT INTO ALMACEN_PRODUCTO(ALMACEN_ID,PRODUCTO_ID,CANTIDAD_ACTUAL,CANTIDAD_MINIMA,PRECIO_VENTA) VALUES (1,626,12,0,1.000000);

INSERT INTO ALMACEN_PRODUCTO(ALMACEN_ID,PRODUCTO_ID,CANTIDAD_ACTUAL,CANTIDAD_MINIMA,PRECIO_VENTA) VALUES (2,626,0,0,1.000000);

INSERT INTO ALMACEN_PRODUCTO(ALMACEN_ID,PRODUCTO_ID,CANTIDAD_ACTUAL,CANTIDAD_MINIMA,PRECIO_VENTA) VALUES (3,626,12,0,1.000000);

INSERT INTO ALMACEN_PRODUCTO(ALMACEN_ID,PRODUCTO_ID,CANTIDAD_ACTUAL,CANTIDAD_MINIMA,PRECIO_VENTA) VALUES (4,626,12,0,1.000000);

INSERT INTO PROVEEDOR_PRODUCTO(PROVEEDOR_ID,PRODUCTO_ID,PRECIO_COMPRA) VALUES(6,626, 1.000000);

-- ===========PRODUCTO [627]
INSERT INTO PRODUCTO(ID,MARCA_ID,NOMBRE,PRESENTACION,CONTENIDO,UNIDADES_POR_CAJA,COSTO,COSTO_VENTA,PRECIO_BASE,UNIDAD_MEDIDA,CODIGO_BARRAS) VALUES(627,16,'Ajax Fibra Metalica','Aroma Limon',5,24.0,1.000000,1.000000,1.000000,'PZ',7.501035908017E12);

INSERT INTO MOVIMIENTO_HISTORICO_PRODUCTO (ALMACEN_ID,PRODUCTO_ID,FECHA,TIPO_MOVIMIENTO_ID,CANTIDAD,COSTO,PRECIO,USUARIO_ID) VALUES(1,627,now(),30,24,1.000000,1.000000,'root');
INSERT INTO ALMACEN_PRODUCTO(ALMACEN_ID,PRODUCTO_ID,CANTIDAD_ACTUAL,CANTIDAD_MINIMA,PRECIO_VENTA) VALUES (1,627,24,0,1.000000);

INSERT INTO ALMACEN_PRODUCTO(ALMACEN_ID,PRODUCTO_ID,CANTIDAD_ACTUAL,CANTIDAD_MINIMA,PRECIO_VENTA) VALUES (2,627,18,0,1.000000);

INSERT INTO ALMACEN_PRODUCTO(ALMACEN_ID,PRODUCTO_ID,CANTIDAD_ACTUAL,CANTIDAD_MINIMA,PRECIO_VENTA) VALUES (3,627,24,0,1.000000);

INSERT INTO ALMACEN_PRODUCTO(ALMACEN_ID,PRODUCTO_ID,CANTIDAD_ACTUAL,CANTIDAD_MINIMA,PRECIO_VENTA) VALUES (4,627,24,0,1.000000);

INSERT INTO PROVEEDOR_PRODUCTO(PROVEEDOR_ID,PRODUCTO_ID,PRECIO_COMPRA) VALUES(6,627, 1.000000);

-- ===========PRODUCTO [628]
INSERT INTO PRODUCTO(ID,MARCA_ID,NOMBRE,PRESENTACION,CONTENIDO,UNIDADES_POR_CAJA,COSTO,COSTO_VENTA,PRECIO_BASE,UNIDAD_MEDIDA,CODIGO_BARRAS) VALUES(628,49,'Stefano Aerosol Caballero','Black Bonus',156,12.0,1.000000,1.000000,1.000000,'G',7.509546055725E12);

INSERT INTO MOVIMIENTO_HISTORICO_PRODUCTO (ALMACEN_ID,PRODUCTO_ID,FECHA,TIPO_MOVIMIENTO_ID,CANTIDAD,COSTO,PRECIO,USUARIO_ID) VALUES(1,628,now(),30,12,1.000000,1.000000,'root');
INSERT INTO ALMACEN_PRODUCTO(ALMACEN_ID,PRODUCTO_ID,CANTIDAD_ACTUAL,CANTIDAD_MINIMA,PRECIO_VENTA) VALUES (1,628,12,0,1.000000);

INSERT INTO ALMACEN_PRODUCTO(ALMACEN_ID,PRODUCTO_ID,CANTIDAD_ACTUAL,CANTIDAD_MINIMA,PRECIO_VENTA) VALUES (2,628,0,0,1.000000);

INSERT INTO ALMACEN_PRODUCTO(ALMACEN_ID,PRODUCTO_ID,CANTIDAD_ACTUAL,CANTIDAD_MINIMA,PRECIO_VENTA) VALUES (3,628,12,0,1.000000);

INSERT INTO ALMACEN_PRODUCTO(ALMACEN_ID,PRODUCTO_ID,CANTIDAD_ACTUAL,CANTIDAD_MINIMA,PRECIO_VENTA) VALUES (4,628,12,0,1.000000);

INSERT INTO PROVEEDOR_PRODUCTO(PROVEEDOR_ID,PRODUCTO_ID,PRECIO_COMPRA) VALUES(6,628, 1.000000);

-- ===========PRODUCTO [629]
INSERT INTO PRODUCTO(ID,MARCA_ID,NOMBRE,PRESENTACION,CONTENIDO,UNIDADES_POR_CAJA,COSTO,COSTO_VENTA,PRECIO_BASE,UNIDAD_MEDIDA,CODIGO_BARRAS) VALUES(629,36,'Caprice Shampoo','Extracto de Manzana',800,12.0,1.000000,1.000000,1.000000,'ML',7.509546026954E12);

INSERT INTO MOVIMIENTO_HISTORICO_PRODUCTO (ALMACEN_ID,PRODUCTO_ID,FECHA,TIPO_MOVIMIENTO_ID,CANTIDAD,COSTO,PRECIO,USUARIO_ID) VALUES(1,629,now(),30,12,1.000000,1.000000,'root');
INSERT INTO ALMACEN_PRODUCTO(ALMACEN_ID,PRODUCTO_ID,CANTIDAD_ACTUAL,CANTIDAD_MINIMA,PRECIO_VENTA) VALUES (1,629,12,0,1.000000);

INSERT INTO ALMACEN_PRODUCTO(ALMACEN_ID,PRODUCTO_ID,CANTIDAD_ACTUAL,CANTIDAD_MINIMA,PRECIO_VENTA) VALUES (2,629,0,0,1.000000);

INSERT INTO ALMACEN_PRODUCTO(ALMACEN_ID,PRODUCTO_ID,CANTIDAD_ACTUAL,CANTIDAD_MINIMA,PRECIO_VENTA) VALUES (3,629,12,0,1.000000);

INSERT INTO ALMACEN_PRODUCTO(ALMACEN_ID,PRODUCTO_ID,CANTIDAD_ACTUAL,CANTIDAD_MINIMA,PRECIO_VENTA) VALUES (4,629,12,0,1.000000);

INSERT INTO PROVEEDOR_PRODUCTO(PROVEEDOR_ID,PRODUCTO_ID,PRECIO_COMPRA) VALUES(6,629, 1.000000);

-- ===========PRODUCTO [630]
INSERT INTO PRODUCTO(ID,MARCA_ID,NOMBRE,PRESENTACION,CONTENIDO,UNIDADES_POR_CAJA,COSTO,COSTO_VENTA,PRECIO_BASE,UNIDAD_MEDIDA,CODIGO_BARRAS) VALUES(630,69,'Axion Detergente Liquido','Tricloro',750,12.0,1.000000,1.000000,1.000000,'ML',7.509546046655E12);

INSERT INTO MOVIMIENTO_HISTORICO_PRODUCTO (ALMACEN_ID,PRODUCTO_ID,FECHA,TIPO_MOVIMIENTO_ID,CANTIDAD,COSTO,PRECIO,USUARIO_ID) VALUES(1,630,now(),30,12,1.000000,1.000000,'root');
INSERT INTO ALMACEN_PRODUCTO(ALMACEN_ID,PRODUCTO_ID,CANTIDAD_ACTUAL,CANTIDAD_MINIMA,PRECIO_VENTA) VALUES (1,630,12,0,1.000000);

INSERT INTO ALMACEN_PRODUCTO(ALMACEN_ID,PRODUCTO_ID,CANTIDAD_ACTUAL,CANTIDAD_MINIMA,PRECIO_VENTA) VALUES (2,630,2,0,1.000000);

INSERT INTO ALMACEN_PRODUCTO(ALMACEN_ID,PRODUCTO_ID,CANTIDAD_ACTUAL,CANTIDAD_MINIMA,PRECIO_VENTA) VALUES (3,630,12,0,19.900000);

INSERT INTO ALMACEN_PRODUCTO(ALMACEN_ID,PRODUCTO_ID,CANTIDAD_ACTUAL,CANTIDAD_MINIMA,PRECIO_VENTA) VALUES (4,630,12,0,1.000000);

INSERT INTO PROVEEDOR_PRODUCTO(PROVEEDOR_ID,PRODUCTO_ID,PRECIO_COMPRA) VALUES(6,630, 1.000000);

-- ===========PRODUCTO [631]
INSERT INTO PRODUCTO(ID,MARCA_ID,NOMBRE,PRESENTACION,CONTENIDO,UNIDADES_POR_CAJA,COSTO,COSTO_VENTA,PRECIO_BASE,UNIDAD_MEDIDA,CODIGO_BARRAS) VALUES(631,35,'Colgate Pasta Dental','Total Clean Mint',75,72.0,1.000000,1.000000,1.000000,'ML',9.917648031E10);

INSERT INTO MOVIMIENTO_HISTORICO_PRODUCTO (ALMACEN_ID,PRODUCTO_ID,FECHA,TIPO_MOVIMIENTO_ID,CANTIDAD,COSTO,PRECIO,USUARIO_ID) VALUES(1,631,now(),30,72,1.000000,1.000000,'root');
INSERT INTO ALMACEN_PRODUCTO(ALMACEN_ID,PRODUCTO_ID,CANTIDAD_ACTUAL,CANTIDAD_MINIMA,PRECIO_VENTA) VALUES (1,631,72,0,1.000000);

INSERT INTO ALMACEN_PRODUCTO(ALMACEN_ID,PRODUCTO_ID,CANTIDAD_ACTUAL,CANTIDAD_MINIMA,PRECIO_VENTA) VALUES (2,631,15,0,1.000000);

INSERT INTO ALMACEN_PRODUCTO(ALMACEN_ID,PRODUCTO_ID,CANTIDAD_ACTUAL,CANTIDAD_MINIMA,PRECIO_VENTA) VALUES (3,631,72,0,1.000000);

INSERT INTO ALMACEN_PRODUCTO(ALMACEN_ID,PRODUCTO_ID,CANTIDAD_ACTUAL,CANTIDAD_MINIMA,PRECIO_VENTA) VALUES (4,631,72,0,1.000000);

INSERT INTO PROVEEDOR_PRODUCTO(PROVEEDOR_ID,PRODUCTO_ID,PRECIO_COMPRA) VALUES(6,631, 1.000000);

-- ===========PRODUCTO [632]
INSERT INTO PRODUCTO(ID,MARCA_ID,NOMBRE,PRESENTACION,CONTENIDO,UNIDADES_POR_CAJA,COSTO,COSTO_VENTA,PRECIO_BASE,UNIDAD_MEDIDA,CODIGO_BARRAS) VALUES(632,70,'Alby Algodón','Plisado y Absorbente',25,750.0,1.000000,1.000000,1.000000,'G',7.503010569114E12);

INSERT INTO MOVIMIENTO_HISTORICO_PRODUCTO (ALMACEN_ID,PRODUCTO_ID,FECHA,TIPO_MOVIMIENTO_ID,CANTIDAD,COSTO,PRECIO,USUARIO_ID) VALUES(1,632,now(),30,30,1.000000,1.000000,'root');
INSERT INTO ALMACEN_PRODUCTO(ALMACEN_ID,PRODUCTO_ID,CANTIDAD_ACTUAL,CANTIDAD_MINIMA,PRECIO_VENTA) VALUES (1,632,30,0,1.000000);

INSERT INTO ALMACEN_PRODUCTO(ALMACEN_ID,PRODUCTO_ID,CANTIDAD_ACTUAL,CANTIDAD_MINIMA,PRECIO_VENTA) VALUES (2,632,2,0,1.000000);

INSERT INTO ALMACEN_PRODUCTO(ALMACEN_ID,PRODUCTO_ID,CANTIDAD_ACTUAL,CANTIDAD_MINIMA,PRECIO_VENTA) VALUES (3,632,30,0,1.000000);

INSERT INTO ALMACEN_PRODUCTO(ALMACEN_ID,PRODUCTO_ID,CANTIDAD_ACTUAL,CANTIDAD_MINIMA,PRECIO_VENTA) VALUES (4,632,30,0,1.000000);

INSERT INTO PROVEEDOR_PRODUCTO(PROVEEDOR_ID,PRODUCTO_ID,PRECIO_COMPRA) VALUES(3,632, 1.000000);

-- ===========PRODUCTO [633]
INSERT INTO PRODUCTO(ID,MARCA_ID,NOMBRE,PRESENTACION,CONTENIDO,UNIDADES_POR_CAJA,COSTO,COSTO_VENTA,PRECIO_BASE,UNIDAD_MEDIDA,CODIGO_BARRAS) VALUES(633,70,'Alby Algodón','Plisado y Absorbente',100,200.0,1.000000,1.000000,1.000000,'G',7.503010569015E12);

INSERT INTO MOVIMIENTO_HISTORICO_PRODUCTO (ALMACEN_ID,PRODUCTO_ID,FECHA,TIPO_MOVIMIENTO_ID,CANTIDAD,COSTO,PRECIO,USUARIO_ID) VALUES(1,633,now(),30,40,1.000000,1.000000,'root');
INSERT INTO ALMACEN_PRODUCTO(ALMACEN_ID,PRODUCTO_ID,CANTIDAD_ACTUAL,CANTIDAD_MINIMA,PRECIO_VENTA) VALUES (1,633,40,0,1.000000);

INSERT INTO ALMACEN_PRODUCTO(ALMACEN_ID,PRODUCTO_ID,CANTIDAD_ACTUAL,CANTIDAD_MINIMA,PRECIO_VENTA) VALUES (2,633,35,0,1.000000);

INSERT INTO ALMACEN_PRODUCTO(ALMACEN_ID,PRODUCTO_ID,CANTIDAD_ACTUAL,CANTIDAD_MINIMA,PRECIO_VENTA) VALUES (3,633,40,0,1.000000);

INSERT INTO ALMACEN_PRODUCTO(ALMACEN_ID,PRODUCTO_ID,CANTIDAD_ACTUAL,CANTIDAD_MINIMA,PRECIO_VENTA) VALUES (4,633,40,0,1.000000);

INSERT INTO PROVEEDOR_PRODUCTO(PROVEEDOR_ID,PRODUCTO_ID,PRECIO_COMPRA) VALUES(3,633, 1.000000);

-- ===========PRODUCTO [634]
INSERT INTO PRODUCTO(ID,MARCA_ID,NOMBRE,PRESENTACION,CONTENIDO,UNIDADES_POR_CAJA,COSTO,COSTO_VENTA,PRECIO_BASE,UNIDAD_MEDIDA,CODIGO_BARRAS) VALUES(634,70,'Alby Bolitas Algodón','Absorbentes',80,250.0,1.000000,1.000000,1.000000,'G',7.503010569053E12);

INSERT INTO MOVIMIENTO_HISTORICO_PRODUCTO (ALMACEN_ID,PRODUCTO_ID,FECHA,TIPO_MOVIMIENTO_ID,CANTIDAD,COSTO,PRECIO,USUARIO_ID) VALUES(1,634,now(),30,25,1.000000,1.000000,'root');
INSERT INTO ALMACEN_PRODUCTO(ALMACEN_ID,PRODUCTO_ID,CANTIDAD_ACTUAL,CANTIDAD_MINIMA,PRECIO_VENTA) VALUES (1,634,25,0,1.000000);

INSERT INTO ALMACEN_PRODUCTO(ALMACEN_ID,PRODUCTO_ID,CANTIDAD_ACTUAL,CANTIDAD_MINIMA,PRECIO_VENTA) VALUES (2,634,4,0,1.000000);

INSERT INTO ALMACEN_PRODUCTO(ALMACEN_ID,PRODUCTO_ID,CANTIDAD_ACTUAL,CANTIDAD_MINIMA,PRECIO_VENTA) VALUES (3,634,25,0,1.000000);

INSERT INTO ALMACEN_PRODUCTO(ALMACEN_ID,PRODUCTO_ID,CANTIDAD_ACTUAL,CANTIDAD_MINIMA,PRECIO_VENTA) VALUES (4,634,25,0,1.000000);

INSERT INTO PROVEEDOR_PRODUCTO(PROVEEDOR_ID,PRODUCTO_ID,PRECIO_COMPRA) VALUES(3,634, 1.000000);

-- ===========PRODUCTO [635]
INSERT INTO PRODUCTO(ID,MARCA_ID,NOMBRE,PRESENTACION,CONTENIDO,UNIDADES_POR_CAJA,COSTO,COSTO_VENTA,PRECIO_BASE,UNIDAD_MEDIDA,CODIGO_BARRAS) VALUES(635,70,'Alby Algodón','Plisado y Absorbente',50,360.0,1.000000,1.000000,1.000000,'G',7.503010569008E12);

INSERT INTO MOVIMIENTO_HISTORICO_PRODUCTO (ALMACEN_ID,PRODUCTO_ID,FECHA,TIPO_MOVIMIENTO_ID,CANTIDAD,COSTO,PRECIO,USUARIO_ID) VALUES(1,635,now(),30,30,1.000000,1.000000,'root');
INSERT INTO ALMACEN_PRODUCTO(ALMACEN_ID,PRODUCTO_ID,CANTIDAD_ACTUAL,CANTIDAD_MINIMA,PRECIO_VENTA) VALUES (1,635,30,0,1.000000);

INSERT INTO ALMACEN_PRODUCTO(ALMACEN_ID,PRODUCTO_ID,CANTIDAD_ACTUAL,CANTIDAD_MINIMA,PRECIO_VENTA) VALUES (2,635,1,0,1.000000);

INSERT INTO ALMACEN_PRODUCTO(ALMACEN_ID,PRODUCTO_ID,CANTIDAD_ACTUAL,CANTIDAD_MINIMA,PRECIO_VENTA) VALUES (3,635,30,0,1.000000);

INSERT INTO ALMACEN_PRODUCTO(ALMACEN_ID,PRODUCTO_ID,CANTIDAD_ACTUAL,CANTIDAD_MINIMA,PRECIO_VENTA) VALUES (4,635,30,0,1.000000);

INSERT INTO PROVEEDOR_PRODUCTO(PROVEEDOR_ID,PRODUCTO_ID,PRECIO_COMPRA) VALUES(3,635, 1.000000);

-- ===========PRODUCTO [636]
INSERT INTO PRODUCTO(ID,MARCA_ID,NOMBRE,PRESENTACION,CONTENIDO,UNIDADES_POR_CAJA,COSTO,COSTO_VENTA,PRECIO_BASE,UNIDAD_MEDIDA,CODIGO_BARRAS) VALUES(636,35,'Colgate Pasta Dental','Maxima Proteccion Anticaries',22,144.0,1.000000,1.000000,1.000000,'ML',7.509546039152E12);

INSERT INTO MOVIMIENTO_HISTORICO_PRODUCTO (ALMACEN_ID,PRODUCTO_ID,FECHA,TIPO_MOVIMIENTO_ID,CANTIDAD,COSTO,PRECIO,USUARIO_ID) VALUES(1,636,now(),30,144,1.000000,1.000000,'root');
INSERT INTO ALMACEN_PRODUCTO(ALMACEN_ID,PRODUCTO_ID,CANTIDAD_ACTUAL,CANTIDAD_MINIMA,PRECIO_VENTA) VALUES (1,636,144,0,1.000000);

INSERT INTO ALMACEN_PRODUCTO(ALMACEN_ID,PRODUCTO_ID,CANTIDAD_ACTUAL,CANTIDAD_MINIMA,PRECIO_VENTA) VALUES (2,636,3,0,1.000000);

INSERT INTO ALMACEN_PRODUCTO(ALMACEN_ID,PRODUCTO_ID,CANTIDAD_ACTUAL,CANTIDAD_MINIMA,PRECIO_VENTA) VALUES (3,636,144,0,1.000000);

INSERT INTO ALMACEN_PRODUCTO(ALMACEN_ID,PRODUCTO_ID,CANTIDAD_ACTUAL,CANTIDAD_MINIMA,PRECIO_VENTA) VALUES (4,636,144,0,1.000000);

INSERT INTO PROVEEDOR_PRODUCTO(PROVEEDOR_ID,PRODUCTO_ID,PRECIO_COMPRA) VALUES(6,636, 1.000000);

-- ===========PRODUCTO [637]
INSERT INTO PRODUCTO(ID,MARCA_ID,NOMBRE,PRESENTACION,CONTENIDO,UNIDADES_POR_CAJA,COSTO,COSTO_VENTA,PRECIO_BASE,UNIDAD_MEDIDA,CODIGO_BARRAS) VALUES(637,36,'Caprice Shampoo','Extracto de Perla',220,15.0,1.000000,1.000000,11.030000,'ML',7.509546030074E12);

INSERT INTO MOVIMIENTO_HISTORICO_PRODUCTO (ALMACEN_ID,PRODUCTO_ID,FECHA,TIPO_MOVIMIENTO_ID,CANTIDAD,COSTO,PRECIO,USUARIO_ID) VALUES(1,637,now(),30,15,1.000000,11.030000,'root');
INSERT INTO ALMACEN_PRODUCTO(ALMACEN_ID,PRODUCTO_ID,CANTIDAD_ACTUAL,CANTIDAD_MINIMA,PRECIO_VENTA) VALUES (1,637,15,0,11.030000);

INSERT INTO ALMACEN_PRODUCTO(ALMACEN_ID,PRODUCTO_ID,CANTIDAD_ACTUAL,CANTIDAD_MINIMA,PRECIO_VENTA) VALUES (2,637,3,0,1.000000);

INSERT INTO ALMACEN_PRODUCTO(ALMACEN_ID,PRODUCTO_ID,CANTIDAD_ACTUAL,CANTIDAD_MINIMA,PRECIO_VENTA) VALUES (3,637,15,0,11.900000);

INSERT INTO ALMACEN_PRODUCTO(ALMACEN_ID,PRODUCTO_ID,CANTIDAD_ACTUAL,CANTIDAD_MINIMA,PRECIO_VENTA) VALUES (4,637,15,0,1.000000);

INSERT INTO PROVEEDOR_PRODUCTO(PROVEEDOR_ID,PRODUCTO_ID,PRECIO_COMPRA) VALUES(6,637, 1.000000);

-- ===========PRODUCTO [638]
INSERT INTO PRODUCTO(ID,MARCA_ID,NOMBRE,PRESENTACION,CONTENIDO,UNIDADES_POR_CAJA,COSTO,COSTO_VENTA,PRECIO_BASE,UNIDAD_MEDIDA,CODIGO_BARRAS) VALUES(638,36,'Caprice Shampoo','Extracto de Mamey y Silicona',220,15.0,1.000000,1.000000,11.030000,'ML',7.509546026824E12);

INSERT INTO MOVIMIENTO_HISTORICO_PRODUCTO (ALMACEN_ID,PRODUCTO_ID,FECHA,TIPO_MOVIMIENTO_ID,CANTIDAD,COSTO,PRECIO,USUARIO_ID) VALUES(1,638,now(),30,15,1.000000,11.030000,'root');
INSERT INTO ALMACEN_PRODUCTO(ALMACEN_ID,PRODUCTO_ID,CANTIDAD_ACTUAL,CANTIDAD_MINIMA,PRECIO_VENTA) VALUES (1,638,15,0,11.030000);

INSERT INTO ALMACEN_PRODUCTO(ALMACEN_ID,PRODUCTO_ID,CANTIDAD_ACTUAL,CANTIDAD_MINIMA,PRECIO_VENTA) VALUES (2,638,0,0,1.000000);

INSERT INTO ALMACEN_PRODUCTO(ALMACEN_ID,PRODUCTO_ID,CANTIDAD_ACTUAL,CANTIDAD_MINIMA,PRECIO_VENTA) VALUES (3,638,15,0,11.900000);

INSERT INTO ALMACEN_PRODUCTO(ALMACEN_ID,PRODUCTO_ID,CANTIDAD_ACTUAL,CANTIDAD_MINIMA,PRECIO_VENTA) VALUES (4,638,15,0,1.000000);

INSERT INTO PROVEEDOR_PRODUCTO(PROVEEDOR_ID,PRODUCTO_ID,PRECIO_COMPRA) VALUES(6,638, 1.000000);

-- ===========PRODUCTO [639]
INSERT INTO PRODUCTO(ID,MARCA_ID,NOMBRE,PRESENTACION,CONTENIDO,UNIDADES_POR_CAJA,COSTO,COSTO_VENTA,PRECIO_BASE,UNIDAD_MEDIDA,CODIGO_BARRAS) VALUES(639,36,'Caprice Shampoo','Herbal',220,15.0,1.000000,1.000000,11.030000,'ml',7.509546027036E12);

INSERT INTO MOVIMIENTO_HISTORICO_PRODUCTO (ALMACEN_ID,PRODUCTO_ID,FECHA,TIPO_MOVIMIENTO_ID,CANTIDAD,COSTO,PRECIO,USUARIO_ID) VALUES(1,639,now(),30,15,1.000000,11.030000,'root');
INSERT INTO ALMACEN_PRODUCTO(ALMACEN_ID,PRODUCTO_ID,CANTIDAD_ACTUAL,CANTIDAD_MINIMA,PRECIO_VENTA) VALUES (1,639,15,0,11.030000);

INSERT INTO ALMACEN_PRODUCTO(ALMACEN_ID,PRODUCTO_ID,CANTIDAD_ACTUAL,CANTIDAD_MINIMA,PRECIO_VENTA) VALUES (2,639,0,0,1.000000);

INSERT INTO ALMACEN_PRODUCTO(ALMACEN_ID,PRODUCTO_ID,CANTIDAD_ACTUAL,CANTIDAD_MINIMA,PRECIO_VENTA) VALUES (3,639,15,0,11.900000);

INSERT INTO ALMACEN_PRODUCTO(ALMACEN_ID,PRODUCTO_ID,CANTIDAD_ACTUAL,CANTIDAD_MINIMA,PRECIO_VENTA) VALUES (4,639,15,0,1.000000);

INSERT INTO PROVEEDOR_PRODUCTO(PROVEEDOR_ID,PRODUCTO_ID,PRECIO_COMPRA) VALUES(6,639, 1.000000);

-- ===========PRODUCTO [640]
INSERT INTO PRODUCTO(ID,MARCA_ID,NOMBRE,PRESENTACION,CONTENIDO,UNIDADES_POR_CAJA,COSTO,COSTO_VENTA,PRECIO_BASE,UNIDAD_MEDIDA,CODIGO_BARRAS) VALUES(640,36,'Caprice Shampoo','Extracto de Manzana',220,15.0,1.000000,1.000000,11.030000,'ML',7.50954602763E12);

INSERT INTO MOVIMIENTO_HISTORICO_PRODUCTO (ALMACEN_ID,PRODUCTO_ID,FECHA,TIPO_MOVIMIENTO_ID,CANTIDAD,COSTO,PRECIO,USUARIO_ID) VALUES(1,640,now(),30,15,1.000000,11.030000,'root');
INSERT INTO ALMACEN_PRODUCTO(ALMACEN_ID,PRODUCTO_ID,CANTIDAD_ACTUAL,CANTIDAD_MINIMA,PRECIO_VENTA) VALUES (1,640,15,0,11.030000);

INSERT INTO ALMACEN_PRODUCTO(ALMACEN_ID,PRODUCTO_ID,CANTIDAD_ACTUAL,CANTIDAD_MINIMA,PRECIO_VENTA) VALUES (2,640,0,0,1.000000);

INSERT INTO ALMACEN_PRODUCTO(ALMACEN_ID,PRODUCTO_ID,CANTIDAD_ACTUAL,CANTIDAD_MINIMA,PRECIO_VENTA) VALUES (3,640,15,0,11.900000);

INSERT INTO ALMACEN_PRODUCTO(ALMACEN_ID,PRODUCTO_ID,CANTIDAD_ACTUAL,CANTIDAD_MINIMA,PRECIO_VENTA) VALUES (4,640,15,0,1.000000);

INSERT INTO PROVEEDOR_PRODUCTO(PROVEEDOR_ID,PRODUCTO_ID,PRECIO_COMPRA) VALUES(6,640, 1.000000);

-- ===========PRODUCTO [641]
INSERT INTO PRODUCTO(ID,MARCA_ID,NOMBRE,PRESENTACION,CONTENIDO,UNIDADES_POR_CAJA,COSTO,COSTO_VENTA,PRECIO_BASE,UNIDAD_MEDIDA,CODIGO_BARRAS) VALUES(641,36,'Caprice Shampoo','Extractos Citricos',220,15.0,1.000000,1.000000,11.030000,'ML',7.509546036069E12);

INSERT INTO MOVIMIENTO_HISTORICO_PRODUCTO (ALMACEN_ID,PRODUCTO_ID,FECHA,TIPO_MOVIMIENTO_ID,CANTIDAD,COSTO,PRECIO,USUARIO_ID) VALUES(1,641,now(),30,15,1.000000,11.030000,'root');
INSERT INTO ALMACEN_PRODUCTO(ALMACEN_ID,PRODUCTO_ID,CANTIDAD_ACTUAL,CANTIDAD_MINIMA,PRECIO_VENTA) VALUES (1,641,15,0,11.030000);

INSERT INTO ALMACEN_PRODUCTO(ALMACEN_ID,PRODUCTO_ID,CANTIDAD_ACTUAL,CANTIDAD_MINIMA,PRECIO_VENTA) VALUES (2,641,0,0,1.000000);

INSERT INTO ALMACEN_PRODUCTO(ALMACEN_ID,PRODUCTO_ID,CANTIDAD_ACTUAL,CANTIDAD_MINIMA,PRECIO_VENTA) VALUES (3,641,15,0,11.900000);

INSERT INTO ALMACEN_PRODUCTO(ALMACEN_ID,PRODUCTO_ID,CANTIDAD_ACTUAL,CANTIDAD_MINIMA,PRECIO_VENTA) VALUES (4,641,15,0,1.000000);

INSERT INTO PROVEEDOR_PRODUCTO(PROVEEDOR_ID,PRODUCTO_ID,PRECIO_COMPRA) VALUES(6,641, 1.000000);

-- ===========PRODUCTO [642]
INSERT INTO PRODUCTO(ID,MARCA_ID,NOMBRE,PRESENTACION,CONTENIDO,UNIDADES_POR_CAJA,COSTO,COSTO_VENTA,PRECIO_BASE,UNIDAD_MEDIDA,CODIGO_BARRAS) VALUES(642,27,'Vel Rosita Shampoo Ropa','Baby',1,12.0,1.000000,1.000000,1.000000,'Lt',7.509546013879E12);

INSERT INTO MOVIMIENTO_HISTORICO_PRODUCTO (ALMACEN_ID,PRODUCTO_ID,FECHA,TIPO_MOVIMIENTO_ID,CANTIDAD,COSTO,PRECIO,USUARIO_ID) VALUES(1,642,now(),30,12,1.000000,1.000000,'root');
INSERT INTO ALMACEN_PRODUCTO(ALMACEN_ID,PRODUCTO_ID,CANTIDAD_ACTUAL,CANTIDAD_MINIMA,PRECIO_VENTA) VALUES (1,642,12,0,1.000000);

INSERT INTO ALMACEN_PRODUCTO(ALMACEN_ID,PRODUCTO_ID,CANTIDAD_ACTUAL,CANTIDAD_MINIMA,PRECIO_VENTA) VALUES (2,642,0,0,1.000000);

INSERT INTO ALMACEN_PRODUCTO(ALMACEN_ID,PRODUCTO_ID,CANTIDAD_ACTUAL,CANTIDAD_MINIMA,PRECIO_VENTA) VALUES (3,642,12,0,29.900000);

INSERT INTO ALMACEN_PRODUCTO(ALMACEN_ID,PRODUCTO_ID,CANTIDAD_ACTUAL,CANTIDAD_MINIMA,PRECIO_VENTA) VALUES (4,642,12,0,1.000000);

INSERT INTO PROVEEDOR_PRODUCTO(PROVEEDOR_ID,PRODUCTO_ID,PRECIO_COMPRA) VALUES(6,642, 1.000000);

-- ===========PRODUCTO [643]
INSERT INTO PRODUCTO(ID,MARCA_ID,NOMBRE,PRESENTACION,CONTENIDO,UNIDADES_POR_CAJA,COSTO,COSTO_VENTA,PRECIO_BASE,UNIDAD_MEDIDA,CODIGO_BARRAS) VALUES(643,68,'Suavitel Liquido','Super Mamá',1,12.0,1.000000,1.000000,1.000000,'Lt',7.509546056524E12);

INSERT INTO MOVIMIENTO_HISTORICO_PRODUCTO (ALMACEN_ID,PRODUCTO_ID,FECHA,TIPO_MOVIMIENTO_ID,CANTIDAD,COSTO,PRECIO,USUARIO_ID) VALUES(1,643,now(),30,12,1.000000,1.000000,'root');
INSERT INTO ALMACEN_PRODUCTO(ALMACEN_ID,PRODUCTO_ID,CANTIDAD_ACTUAL,CANTIDAD_MINIMA,PRECIO_VENTA) VALUES (1,643,12,0,1.000000);

INSERT INTO ALMACEN_PRODUCTO(ALMACEN_ID,PRODUCTO_ID,CANTIDAD_ACTUAL,CANTIDAD_MINIMA,PRECIO_VENTA) VALUES (2,643,1,0,1.000000);

INSERT INTO ALMACEN_PRODUCTO(ALMACEN_ID,PRODUCTO_ID,CANTIDAD_ACTUAL,CANTIDAD_MINIMA,PRECIO_VENTA) VALUES (3,643,12,0,1.000000);

INSERT INTO ALMACEN_PRODUCTO(ALMACEN_ID,PRODUCTO_ID,CANTIDAD_ACTUAL,CANTIDAD_MINIMA,PRECIO_VENTA) VALUES (4,643,12,0,1.000000);

INSERT INTO PROVEEDOR_PRODUCTO(PROVEEDOR_ID,PRODUCTO_ID,PRECIO_COMPRA) VALUES(6,643, 1.000000);

-- ===========PRODUCTO [644]
INSERT INTO PRODUCTO(ID,MARCA_ID,NOMBRE,PRESENTACION,CONTENIDO,UNIDADES_POR_CAJA,COSTO,COSTO_VENTA,PRECIO_BASE,UNIDAD_MEDIDA,CODIGO_BARRAS) VALUES(644,46,'Dove Rollon Dama','Invisible Dry',50,12.0,1.000000,1.000000,19.444950,'ML',7.8924529E7);

INSERT INTO MOVIMIENTO_HISTORICO_PRODUCTO (ALMACEN_ID,PRODUCTO_ID,FECHA,TIPO_MOVIMIENTO_ID,CANTIDAD,COSTO,PRECIO,USUARIO_ID) VALUES(1,644,now(),30,12,1.000000,19.444950,'root');
INSERT INTO ALMACEN_PRODUCTO(ALMACEN_ID,PRODUCTO_ID,CANTIDAD_ACTUAL,CANTIDAD_MINIMA,PRECIO_VENTA) VALUES (1,644,12,0,19.444950);

INSERT INTO ALMACEN_PRODUCTO(ALMACEN_ID,PRODUCTO_ID,CANTIDAD_ACTUAL,CANTIDAD_MINIMA,PRECIO_VENTA) VALUES (2,644,0,0,1.000000);

INSERT INTO ALMACEN_PRODUCTO(ALMACEN_ID,PRODUCTO_ID,CANTIDAD_ACTUAL,CANTIDAD_MINIMA,PRECIO_VENTA) VALUES (3,644,12,0,18.900000);

INSERT INTO ALMACEN_PRODUCTO(ALMACEN_ID,PRODUCTO_ID,CANTIDAD_ACTUAL,CANTIDAD_MINIMA,PRECIO_VENTA) VALUES (4,644,12,0,1.000000);

INSERT INTO PROVEEDOR_PRODUCTO(PROVEEDOR_ID,PRODUCTO_ID,PRECIO_COMPRA) VALUES(25,644, 1.000000);

-- ===========PRODUCTO [645]
INSERT INTO PRODUCTO(ID,MARCA_ID,NOMBRE,PRESENTACION,CONTENIDO,UNIDADES_POR_CAJA,COSTO,COSTO_VENTA,PRECIO_BASE,UNIDAD_MEDIDA,CODIGO_BARRAS) VALUES(645,19,'Rexona Rollon Dama','Active Emotion',50,12.0,1.000000,1.000000,19.444950,'ML',7.8926523E7);

INSERT INTO MOVIMIENTO_HISTORICO_PRODUCTO (ALMACEN_ID,PRODUCTO_ID,FECHA,TIPO_MOVIMIENTO_ID,CANTIDAD,COSTO,PRECIO,USUARIO_ID) VALUES(1,645,now(),30,12,1.000000,19.444950,'root');
INSERT INTO ALMACEN_PRODUCTO(ALMACEN_ID,PRODUCTO_ID,CANTIDAD_ACTUAL,CANTIDAD_MINIMA,PRECIO_VENTA) VALUES (1,645,12,0,19.444950);

INSERT INTO ALMACEN_PRODUCTO(ALMACEN_ID,PRODUCTO_ID,CANTIDAD_ACTUAL,CANTIDAD_MINIMA,PRECIO_VENTA) VALUES (2,645,0,0,1.000000);

INSERT INTO ALMACEN_PRODUCTO(ALMACEN_ID,PRODUCTO_ID,CANTIDAD_ACTUAL,CANTIDAD_MINIMA,PRECIO_VENTA) VALUES (3,645,12,0,18.900000);

INSERT INTO ALMACEN_PRODUCTO(ALMACEN_ID,PRODUCTO_ID,CANTIDAD_ACTUAL,CANTIDAD_MINIMA,PRECIO_VENTA) VALUES (4,645,12,0,1.000000);

INSERT INTO PROVEEDOR_PRODUCTO(PROVEEDOR_ID,PRODUCTO_ID,PRECIO_COMPRA) VALUES(25,645, 1.000000);

-- ===========PRODUCTO [646]
INSERT INTO PRODUCTO(ID,MARCA_ID,NOMBRE,PRESENTACION,CONTENIDO,UNIDADES_POR_CAJA,COSTO,COSTO_VENTA,PRECIO_BASE,UNIDAD_MEDIDA,CODIGO_BARRAS) VALUES(646,19,'Rexona Rollon Dama','Calming',50,12.0,1.000000,1.000000,19.444950,'ML',7.8923348E7);

INSERT INTO MOVIMIENTO_HISTORICO_PRODUCTO (ALMACEN_ID,PRODUCTO_ID,FECHA,TIPO_MOVIMIENTO_ID,CANTIDAD,COSTO,PRECIO,USUARIO_ID) VALUES(1,646,now(),30,12,1.000000,19.444950,'root');
INSERT INTO ALMACEN_PRODUCTO(ALMACEN_ID,PRODUCTO_ID,CANTIDAD_ACTUAL,CANTIDAD_MINIMA,PRECIO_VENTA) VALUES (1,646,12,0,19.444950);

INSERT INTO ALMACEN_PRODUCTO(ALMACEN_ID,PRODUCTO_ID,CANTIDAD_ACTUAL,CANTIDAD_MINIMA,PRECIO_VENTA) VALUES (2,646,0,0,1.000000);

INSERT INTO ALMACEN_PRODUCTO(ALMACEN_ID,PRODUCTO_ID,CANTIDAD_ACTUAL,CANTIDAD_MINIMA,PRECIO_VENTA) VALUES (3,646,12,0,18.900000);

INSERT INTO ALMACEN_PRODUCTO(ALMACEN_ID,PRODUCTO_ID,CANTIDAD_ACTUAL,CANTIDAD_MINIMA,PRECIO_VENTA) VALUES (4,646,12,0,1.000000);

INSERT INTO PROVEEDOR_PRODUCTO(PROVEEDOR_ID,PRODUCTO_ID,PRECIO_COMPRA) VALUES(25,646, 1.000000);

-- ===========PRODUCTO [647]
INSERT INTO PRODUCTO(ID,MARCA_ID,NOMBRE,PRESENTACION,CONTENIDO,UNIDADES_POR_CAJA,COSTO,COSTO_VENTA,PRECIO_BASE,UNIDAD_MEDIDA,CODIGO_BARRAS) VALUES(647,19,'Rexona Rollon Dama','Powder',50,12.0,1.000000,1.000000,19.444950,'ML',7.8924338E7);

INSERT INTO MOVIMIENTO_HISTORICO_PRODUCTO (ALMACEN_ID,PRODUCTO_ID,FECHA,TIPO_MOVIMIENTO_ID,CANTIDAD,COSTO,PRECIO,USUARIO_ID) VALUES(1,647,now(),30,12,1.000000,19.444950,'root');
INSERT INTO ALMACEN_PRODUCTO(ALMACEN_ID,PRODUCTO_ID,CANTIDAD_ACTUAL,CANTIDAD_MINIMA,PRECIO_VENTA) VALUES (1,647,12,0,19.444950);

INSERT INTO ALMACEN_PRODUCTO(ALMACEN_ID,PRODUCTO_ID,CANTIDAD_ACTUAL,CANTIDAD_MINIMA,PRECIO_VENTA) VALUES (2,647,0,0,1.000000);

INSERT INTO ALMACEN_PRODUCTO(ALMACEN_ID,PRODUCTO_ID,CANTIDAD_ACTUAL,CANTIDAD_MINIMA,PRECIO_VENTA) VALUES (3,647,12,0,18.900000);

INSERT INTO ALMACEN_PRODUCTO(ALMACEN_ID,PRODUCTO_ID,CANTIDAD_ACTUAL,CANTIDAD_MINIMA,PRECIO_VENTA) VALUES (4,647,12,0,1.000000);

INSERT INTO PROVEEDOR_PRODUCTO(PROVEEDOR_ID,PRODUCTO_ID,PRECIO_COMPRA) VALUES(25,647, 1.000000);

-- ===========PRODUCTO [648]
INSERT INTO PRODUCTO(ID,MARCA_ID,NOMBRE,PRESENTACION,CONTENIDO,UNIDADES_POR_CAJA,COSTO,COSTO_VENTA,PRECIO_BASE,UNIDAD_MEDIDA,CODIGO_BARRAS) VALUES(648,44,'Axe Rollon Caballero','Sensitive Seco',50,12.0,1.000000,1.000000,19.444950,'ML',7.5030537E7);

INSERT INTO MOVIMIENTO_HISTORICO_PRODUCTO (ALMACEN_ID,PRODUCTO_ID,FECHA,TIPO_MOVIMIENTO_ID,CANTIDAD,COSTO,PRECIO,USUARIO_ID) VALUES(1,648,now(),30,12,1.000000,19.444950,'root');
INSERT INTO ALMACEN_PRODUCTO(ALMACEN_ID,PRODUCTO_ID,CANTIDAD_ACTUAL,CANTIDAD_MINIMA,PRECIO_VENTA) VALUES (1,648,12,0,19.444950);

INSERT INTO ALMACEN_PRODUCTO(ALMACEN_ID,PRODUCTO_ID,CANTIDAD_ACTUAL,CANTIDAD_MINIMA,PRECIO_VENTA) VALUES (2,648,0,0,1.000000);

INSERT INTO ALMACEN_PRODUCTO(ALMACEN_ID,PRODUCTO_ID,CANTIDAD_ACTUAL,CANTIDAD_MINIMA,PRECIO_VENTA) VALUES (3,648,12,0,18.900000);

INSERT INTO ALMACEN_PRODUCTO(ALMACEN_ID,PRODUCTO_ID,CANTIDAD_ACTUAL,CANTIDAD_MINIMA,PRECIO_VENTA) VALUES (4,648,12,0,1.000000);

INSERT INTO PROVEEDOR_PRODUCTO(PROVEEDOR_ID,PRODUCTO_ID,PRECIO_COMPRA) VALUES(25,648, 1.000000);

-- ===========PRODUCTO [649]
INSERT INTO PRODUCTO(ID,MARCA_ID,NOMBRE,PRESENTACION,CONTENIDO,UNIDADES_POR_CAJA,COSTO,COSTO_VENTA,PRECIO_BASE,UNIDAD_MEDIDA,CODIGO_BARRAS) VALUES(649,44,'Axe Rollon Caballero','Dark Temptation',50,12.0,1.000000,1.000000,19.444950,'ML',7.8924574E7);

INSERT INTO MOVIMIENTO_HISTORICO_PRODUCTO (ALMACEN_ID,PRODUCTO_ID,FECHA,TIPO_MOVIMIENTO_ID,CANTIDAD,COSTO,PRECIO,USUARIO_ID) VALUES(1,649,now(),30,12,1.000000,19.444950,'root');
INSERT INTO ALMACEN_PRODUCTO(ALMACEN_ID,PRODUCTO_ID,CANTIDAD_ACTUAL,CANTIDAD_MINIMA,PRECIO_VENTA) VALUES (1,649,12,0,19.444950);

INSERT INTO ALMACEN_PRODUCTO(ALMACEN_ID,PRODUCTO_ID,CANTIDAD_ACTUAL,CANTIDAD_MINIMA,PRECIO_VENTA) VALUES (2,649,0,0,1.000000);

INSERT INTO ALMACEN_PRODUCTO(ALMACEN_ID,PRODUCTO_ID,CANTIDAD_ACTUAL,CANTIDAD_MINIMA,PRECIO_VENTA) VALUES (3,649,12,0,18.900000);

INSERT INTO ALMACEN_PRODUCTO(ALMACEN_ID,PRODUCTO_ID,CANTIDAD_ACTUAL,CANTIDAD_MINIMA,PRECIO_VENTA) VALUES (4,649,12,0,1.000000);

INSERT INTO PROVEEDOR_PRODUCTO(PROVEEDOR_ID,PRODUCTO_ID,PRECIO_COMPRA) VALUES(25,649, 1.000000);

-- ===========PRODUCTO [650]
INSERT INTO PRODUCTO(ID,MARCA_ID,NOMBRE,PRESENTACION,CONTENIDO,UNIDADES_POR_CAJA,COSTO,COSTO_VENTA,PRECIO_BASE,UNIDAD_MEDIDA,CODIGO_BARRAS) VALUES(650,44,'Axe Rollon Caballero','Instinct',50,12.0,1.000000,1.000000,19.444950,'ML',7.8925526E7);

INSERT INTO MOVIMIENTO_HISTORICO_PRODUCTO (ALMACEN_ID,PRODUCTO_ID,FECHA,TIPO_MOVIMIENTO_ID,CANTIDAD,COSTO,PRECIO,USUARIO_ID) VALUES(1,650,now(),30,12,1.000000,19.444950,'root');
INSERT INTO ALMACEN_PRODUCTO(ALMACEN_ID,PRODUCTO_ID,CANTIDAD_ACTUAL,CANTIDAD_MINIMA,PRECIO_VENTA) VALUES (1,650,12,0,19.444950);

INSERT INTO ALMACEN_PRODUCTO(ALMACEN_ID,PRODUCTO_ID,CANTIDAD_ACTUAL,CANTIDAD_MINIMA,PRECIO_VENTA) VALUES (2,650,0,0,1.000000);

INSERT INTO ALMACEN_PRODUCTO(ALMACEN_ID,PRODUCTO_ID,CANTIDAD_ACTUAL,CANTIDAD_MINIMA,PRECIO_VENTA) VALUES (3,650,12,0,18.900000);

INSERT INTO ALMACEN_PRODUCTO(ALMACEN_ID,PRODUCTO_ID,CANTIDAD_ACTUAL,CANTIDAD_MINIMA,PRECIO_VENTA) VALUES (4,650,12,0,1.000000);

INSERT INTO PROVEEDOR_PRODUCTO(PROVEEDOR_ID,PRODUCTO_ID,PRECIO_COMPRA) VALUES(25,650, 1.000000);

-- ===========PRODUCTO [651]
INSERT INTO PRODUCTO(ID,MARCA_ID,NOMBRE,PRESENTACION,CONTENIDO,UNIDADES_POR_CAJA,COSTO,COSTO_VENTA,PRECIO_BASE,UNIDAD_MEDIDA,CODIGO_BARRAS) VALUES(651,44,'Axe Rollon Caballero','Twist',50,12.0,1.000000,1.000000,19.444950,'ML',7.5038618E7);

INSERT INTO MOVIMIENTO_HISTORICO_PRODUCTO (ALMACEN_ID,PRODUCTO_ID,FECHA,TIPO_MOVIMIENTO_ID,CANTIDAD,COSTO,PRECIO,USUARIO_ID) VALUES(1,651,now(),30,12,1.000000,19.444950,'root');
INSERT INTO ALMACEN_PRODUCTO(ALMACEN_ID,PRODUCTO_ID,CANTIDAD_ACTUAL,CANTIDAD_MINIMA,PRECIO_VENTA) VALUES (1,651,12,0,19.444950);

INSERT INTO ALMACEN_PRODUCTO(ALMACEN_ID,PRODUCTO_ID,CANTIDAD_ACTUAL,CANTIDAD_MINIMA,PRECIO_VENTA) VALUES (2,651,0,0,1.000000);

INSERT INTO ALMACEN_PRODUCTO(ALMACEN_ID,PRODUCTO_ID,CANTIDAD_ACTUAL,CANTIDAD_MINIMA,PRECIO_VENTA) VALUES (3,651,12,0,18.900000);

INSERT INTO ALMACEN_PRODUCTO(ALMACEN_ID,PRODUCTO_ID,CANTIDAD_ACTUAL,CANTIDAD_MINIMA,PRECIO_VENTA) VALUES (4,651,12,0,1.000000);

INSERT INTO PROVEEDOR_PRODUCTO(PROVEEDOR_ID,PRODUCTO_ID,PRECIO_COMPRA) VALUES(25,651, 1.000000);

-- ===========PRODUCTO [652]
INSERT INTO PRODUCTO(ID,MARCA_ID,NOMBRE,PRESENTACION,CONTENIDO,UNIDADES_POR_CAJA,COSTO,COSTO_VENTA,PRECIO_BASE,UNIDAD_MEDIDA,CODIGO_BARRAS) VALUES(652,46,'Dove Stick Dama','Go Fresh Limon',50,12.0,1.000000,1.000000,26.909550,'G',7.5027957E7);

INSERT INTO MOVIMIENTO_HISTORICO_PRODUCTO (ALMACEN_ID,PRODUCTO_ID,FECHA,TIPO_MOVIMIENTO_ID,CANTIDAD,COSTO,PRECIO,USUARIO_ID) VALUES(1,652,now(),30,12,1.000000,26.909550,'root');
INSERT INTO ALMACEN_PRODUCTO(ALMACEN_ID,PRODUCTO_ID,CANTIDAD_ACTUAL,CANTIDAD_MINIMA,PRECIO_VENTA) VALUES (1,652,12,0,26.909550);

INSERT INTO ALMACEN_PRODUCTO(ALMACEN_ID,PRODUCTO_ID,CANTIDAD_ACTUAL,CANTIDAD_MINIMA,PRECIO_VENTA) VALUES (2,652,0,0,1.000000);

INSERT INTO ALMACEN_PRODUCTO(ALMACEN_ID,PRODUCTO_ID,CANTIDAD_ACTUAL,CANTIDAD_MINIMA,PRECIO_VENTA) VALUES (3,652,12,0,26.910000);

INSERT INTO ALMACEN_PRODUCTO(ALMACEN_ID,PRODUCTO_ID,CANTIDAD_ACTUAL,CANTIDAD_MINIMA,PRECIO_VENTA) VALUES (4,652,12,0,1.000000);

INSERT INTO PROVEEDOR_PRODUCTO(PROVEEDOR_ID,PRODUCTO_ID,PRECIO_COMPRA) VALUES(25,652, 1.000000);

-- ===========PRODUCTO [653]
INSERT INTO PRODUCTO(ID,MARCA_ID,NOMBRE,PRESENTACION,CONTENIDO,UNIDADES_POR_CAJA,COSTO,COSTO_VENTA,PRECIO_BASE,UNIDAD_MEDIDA,CODIGO_BARRAS) VALUES(653,44,'Axe Stick Caballero','Instinct',50,12.0,1.000000,1.000000,26.012100,'G',7.5028718E7);

INSERT INTO MOVIMIENTO_HISTORICO_PRODUCTO (ALMACEN_ID,PRODUCTO_ID,FECHA,TIPO_MOVIMIENTO_ID,CANTIDAD,COSTO,PRECIO,USUARIO_ID) VALUES(1,653,now(),30,12,1.000000,26.012100,'root');
INSERT INTO ALMACEN_PRODUCTO(ALMACEN_ID,PRODUCTO_ID,CANTIDAD_ACTUAL,CANTIDAD_MINIMA,PRECIO_VENTA) VALUES (1,653,12,0,26.012100);

INSERT INTO ALMACEN_PRODUCTO(ALMACEN_ID,PRODUCTO_ID,CANTIDAD_ACTUAL,CANTIDAD_MINIMA,PRECIO_VENTA) VALUES (2,653,1,0,1.000000);

INSERT INTO ALMACEN_PRODUCTO(ALMACEN_ID,PRODUCTO_ID,CANTIDAD_ACTUAL,CANTIDAD_MINIMA,PRECIO_VENTA) VALUES (3,653,12,0,23.900000);

INSERT INTO ALMACEN_PRODUCTO(ALMACEN_ID,PRODUCTO_ID,CANTIDAD_ACTUAL,CANTIDAD_MINIMA,PRECIO_VENTA) VALUES (4,653,12,0,1.000000);

INSERT INTO PROVEEDOR_PRODUCTO(PROVEEDOR_ID,PRODUCTO_ID,PRECIO_COMPRA) VALUES(25,653, 1.000000);

-- ===========PRODUCTO [654]
INSERT INTO PRODUCTO(ID,MARCA_ID,NOMBRE,PRESENTACION,CONTENIDO,UNIDADES_POR_CAJA,COSTO,COSTO_VENTA,PRECIO_BASE,UNIDAD_MEDIDA,CODIGO_BARRAS) VALUES(654,46,'Dove Stick Caballero','Clean Comfort',50,12.0,1.000000,1.000000,26.909550,'G',7.503106E7);

INSERT INTO MOVIMIENTO_HISTORICO_PRODUCTO (ALMACEN_ID,PRODUCTO_ID,FECHA,TIPO_MOVIMIENTO_ID,CANTIDAD,COSTO,PRECIO,USUARIO_ID) VALUES(1,654,now(),30,12,1.000000,26.909550,'root');
INSERT INTO ALMACEN_PRODUCTO(ALMACEN_ID,PRODUCTO_ID,CANTIDAD_ACTUAL,CANTIDAD_MINIMA,PRECIO_VENTA) VALUES (1,654,12,0,26.909550);

INSERT INTO ALMACEN_PRODUCTO(ALMACEN_ID,PRODUCTO_ID,CANTIDAD_ACTUAL,CANTIDAD_MINIMA,PRECIO_VENTA) VALUES (2,654,0,0,1.000000);

INSERT INTO ALMACEN_PRODUCTO(ALMACEN_ID,PRODUCTO_ID,CANTIDAD_ACTUAL,CANTIDAD_MINIMA,PRECIO_VENTA) VALUES (3,654,12,0,26.910000);

INSERT INTO ALMACEN_PRODUCTO(ALMACEN_ID,PRODUCTO_ID,CANTIDAD_ACTUAL,CANTIDAD_MINIMA,PRECIO_VENTA) VALUES (4,654,12,0,1.000000);

INSERT INTO PROVEEDOR_PRODUCTO(PROVEEDOR_ID,PRODUCTO_ID,PRECIO_COMPRA) VALUES(25,654, 1.000000);

-- ===========PRODUCTO [655]
INSERT INTO PRODUCTO(ID,MARCA_ID,NOMBRE,PRESENTACION,CONTENIDO,UNIDADES_POR_CAJA,COSTO,COSTO_VENTA,PRECIO_BASE,UNIDAD_MEDIDA,CODIGO_BARRAS) VALUES(655,71,'Vasenol Liquida','Humectacion Total',200,12.0,1.000000,1.000000,18.634600,'ML',7.501056339227E12);

INSERT INTO MOVIMIENTO_HISTORICO_PRODUCTO (ALMACEN_ID,PRODUCTO_ID,FECHA,TIPO_MOVIMIENTO_ID,CANTIDAD,COSTO,PRECIO,USUARIO_ID) VALUES(1,655,now(),30,12,1.000000,18.634600,'root');
INSERT INTO ALMACEN_PRODUCTO(ALMACEN_ID,PRODUCTO_ID,CANTIDAD_ACTUAL,CANTIDAD_MINIMA,PRECIO_VENTA) VALUES (1,655,12,0,18.634600);

INSERT INTO ALMACEN_PRODUCTO(ALMACEN_ID,PRODUCTO_ID,CANTIDAD_ACTUAL,CANTIDAD_MINIMA,PRECIO_VENTA) VALUES (2,655,0,0,1.000000);

INSERT INTO ALMACEN_PRODUCTO(ALMACEN_ID,PRODUCTO_ID,CANTIDAD_ACTUAL,CANTIDAD_MINIMA,PRECIO_VENTA) VALUES (3,655,12,0,16.900000);

INSERT INTO ALMACEN_PRODUCTO(ALMACEN_ID,PRODUCTO_ID,CANTIDAD_ACTUAL,CANTIDAD_MINIMA,PRECIO_VENTA) VALUES (4,655,12,0,1.000000);

INSERT INTO PROVEEDOR_PRODUCTO(PROVEEDOR_ID,PRODUCTO_ID,PRECIO_COMPRA) VALUES(25,655, 1.000000);

-- ===========PRODUCTO [656]
INSERT INTO PRODUCTO(ID,MARCA_ID,NOMBRE,PRESENTACION,CONTENIDO,UNIDADES_POR_CAJA,COSTO,COSTO_VENTA,PRECIO_BASE,UNIDAD_MEDIDA,CODIGO_BARRAS) VALUES(656,71,'Vasenol Liquida','Cocoa Butter',200,12.0,1.000000,1.000000,18.634600,'ML',7.5010563388E12);

INSERT INTO MOVIMIENTO_HISTORICO_PRODUCTO (ALMACEN_ID,PRODUCTO_ID,FECHA,TIPO_MOVIMIENTO_ID,CANTIDAD,COSTO,PRECIO,USUARIO_ID) VALUES(1,656,now(),30,12,1.000000,18.634600,'root');
INSERT INTO ALMACEN_PRODUCTO(ALMACEN_ID,PRODUCTO_ID,CANTIDAD_ACTUAL,CANTIDAD_MINIMA,PRECIO_VENTA) VALUES (1,656,12,0,18.634600);

INSERT INTO ALMACEN_PRODUCTO(ALMACEN_ID,PRODUCTO_ID,CANTIDAD_ACTUAL,CANTIDAD_MINIMA,PRECIO_VENTA) VALUES (2,656,0,0,1.000000);

INSERT INTO ALMACEN_PRODUCTO(ALMACEN_ID,PRODUCTO_ID,CANTIDAD_ACTUAL,CANTIDAD_MINIMA,PRECIO_VENTA) VALUES (3,656,12,0,16.900000);

INSERT INTO ALMACEN_PRODUCTO(ALMACEN_ID,PRODUCTO_ID,CANTIDAD_ACTUAL,CANTIDAD_MINIMA,PRECIO_VENTA) VALUES (4,656,12,0,1.000000);

INSERT INTO PROVEEDOR_PRODUCTO(PROVEEDOR_ID,PRODUCTO_ID,PRECIO_COMPRA) VALUES(25,656, 1.000000);

-- ===========PRODUCTO [657]
INSERT INTO PRODUCTO(ID,MARCA_ID,NOMBRE,PRESENTACION,CONTENIDO,UNIDADES_POR_CAJA,COSTO,COSTO_VENTA,PRECIO_BASE,UNIDAD_MEDIDA,CODIGO_BARRAS) VALUES(657,72,'GP PowerCell Battery','Heavy Duty "AA"',5,100.0,1.000000,1.000000,6.944400,'Pz',4.891199103391E12);

INSERT INTO MOVIMIENTO_HISTORICO_PRODUCTO (ALMACEN_ID,PRODUCTO_ID,FECHA,TIPO_MOVIMIENTO_ID,CANTIDAD,COSTO,PRECIO,USUARIO_ID) VALUES(1,657,now(),30,0,1.000000,6.944400,'root');
INSERT INTO ALMACEN_PRODUCTO(ALMACEN_ID,PRODUCTO_ID,CANTIDAD_ACTUAL,CANTIDAD_MINIMA,PRECIO_VENTA) VALUES (1,657,0,0,6.944400);

INSERT INTO ALMACEN_PRODUCTO(ALMACEN_ID,PRODUCTO_ID,CANTIDAD_ACTUAL,CANTIDAD_MINIMA,PRECIO_VENTA) VALUES (2,657,0,0,1.000000);

INSERT INTO PROVEEDOR_PRODUCTO(PROVEEDOR_ID,PRODUCTO_ID,PRECIO_COMPRA) VALUES(15,657, 1.000000);

-- ===========PRODUCTO [658]
INSERT INTO PRODUCTO(ID,MARCA_ID,NOMBRE,PRESENTACION,CONTENIDO,UNIDADES_POR_CAJA,COSTO,COSTO_VENTA,PRECIO_BASE,UNIDAD_MEDIDA,CODIGO_BARRAS) VALUES(658,72,'GP PowerCell Battery','Extra Heavy Duty "AA"',5,100.0,1.000000,1.000000,9.722400,'Pz',4.891199061943E12);

INSERT INTO MOVIMIENTO_HISTORICO_PRODUCTO (ALMACEN_ID,PRODUCTO_ID,FECHA,TIPO_MOVIMIENTO_ID,CANTIDAD,COSTO,PRECIO,USUARIO_ID) VALUES(1,658,now(),30,0,1.000000,9.722400,'root');
INSERT INTO ALMACEN_PRODUCTO(ALMACEN_ID,PRODUCTO_ID,CANTIDAD_ACTUAL,CANTIDAD_MINIMA,PRECIO_VENTA) VALUES (1,658,0,0,9.722400);

INSERT INTO ALMACEN_PRODUCTO(ALMACEN_ID,PRODUCTO_ID,CANTIDAD_ACTUAL,CANTIDAD_MINIMA,PRECIO_VENTA) VALUES (2,658,0,0,1.000000);

INSERT INTO PROVEEDOR_PRODUCTO(PROVEEDOR_ID,PRODUCTO_ID,PRECIO_COMPRA) VALUES(15,658, 1.000000);

-- ===========PRODUCTO [659]
INSERT INTO PRODUCTO(ID,MARCA_ID,NOMBRE,PRESENTACION,CONTENIDO,UNIDADES_POR_CAJA,COSTO,COSTO_VENTA,PRECIO_BASE,UNIDAD_MEDIDA,CODIGO_BARRAS) VALUES(659,72,'GP PowerCell Battery','Super Alkaline "AA"',10,100.0,1.000000,1.000000,55.701800,'Pz',4.891199095436E12);

INSERT INTO MOVIMIENTO_HISTORICO_PRODUCTO (ALMACEN_ID,PRODUCTO_ID,FECHA,TIPO_MOVIMIENTO_ID,CANTIDAD,COSTO,PRECIO,USUARIO_ID) VALUES(1,659,now(),30,0,1.000000,55.701800,'root');
INSERT INTO ALMACEN_PRODUCTO(ALMACEN_ID,PRODUCTO_ID,CANTIDAD_ACTUAL,CANTIDAD_MINIMA,PRECIO_VENTA) VALUES (1,659,0,0,55.701800);

INSERT INTO ALMACEN_PRODUCTO(ALMACEN_ID,PRODUCTO_ID,CANTIDAD_ACTUAL,CANTIDAD_MINIMA,PRECIO_VENTA) VALUES (2,659,0,0,1.000000);

INSERT INTO PROVEEDOR_PRODUCTO(PROVEEDOR_ID,PRODUCTO_ID,PRECIO_COMPRA) VALUES(15,659, 1.000000);

-- ===========PRODUCTO [660]
INSERT INTO PRODUCTO(ID,MARCA_ID,NOMBRE,PRESENTACION,CONTENIDO,UNIDADES_POR_CAJA,COSTO,COSTO_VENTA,PRECIO_BASE,UNIDAD_MEDIDA,CODIGO_BARRAS) VALUES(660,72,'GP PowerCell Battery','Super Alkaline "AAA"',10,100.0,1.000000,1.000000,57.927100,'Pz',4.891199095443E12);

INSERT INTO MOVIMIENTO_HISTORICO_PRODUCTO (ALMACEN_ID,PRODUCTO_ID,FECHA,TIPO_MOVIMIENTO_ID,CANTIDAD,COSTO,PRECIO,USUARIO_ID) VALUES(1,660,now(),30,0,1.000000,57.927100,'root');
INSERT INTO ALMACEN_PRODUCTO(ALMACEN_ID,PRODUCTO_ID,CANTIDAD_ACTUAL,CANTIDAD_MINIMA,PRECIO_VENTA) VALUES (1,660,0,0,57.927100);

INSERT INTO ALMACEN_PRODUCTO(ALMACEN_ID,PRODUCTO_ID,CANTIDAD_ACTUAL,CANTIDAD_MINIMA,PRECIO_VENTA) VALUES (2,660,0,0,1.000000);

INSERT INTO PROVEEDOR_PRODUCTO(PROVEEDOR_ID,PRODUCTO_ID,PRECIO_COMPRA) VALUES(15,660, 1.000000);

-- ===========PRODUCTO [662]
INSERT INTO PRODUCTO(ID,MARCA_ID,NOMBRE,PRESENTACION,CONTENIDO,UNIDADES_POR_CAJA,COSTO,COSTO_VENTA,PRECIO_BASE,UNIDAD_MEDIDA,CODIGO_BARRAS) VALUES(662,72,'GP PowerCell Battery','Super Alkaline "D"',2,100.0,1.000000,1.000000,32.553000,'Pz',4.891199000003E12);

INSERT INTO MOVIMIENTO_HISTORICO_PRODUCTO (ALMACEN_ID,PRODUCTO_ID,FECHA,TIPO_MOVIMIENTO_ID,CANTIDAD,COSTO,PRECIO,USUARIO_ID) VALUES(1,662,now(),30,0,1.000000,32.553000,'root');
INSERT INTO ALMACEN_PRODUCTO(ALMACEN_ID,PRODUCTO_ID,CANTIDAD_ACTUAL,CANTIDAD_MINIMA,PRECIO_VENTA) VALUES (1,662,0,0,32.553000);

INSERT INTO ALMACEN_PRODUCTO(ALMACEN_ID,PRODUCTO_ID,CANTIDAD_ACTUAL,CANTIDAD_MINIMA,PRECIO_VENTA) VALUES (2,662,0,0,1.000000);

INSERT INTO PROVEEDOR_PRODUCTO(PROVEEDOR_ID,PRODUCTO_ID,PRECIO_COMPRA) VALUES(15,662, 1.000000);

-- ===========PRODUCTO [663]
INSERT INTO PRODUCTO(ID,MARCA_ID,NOMBRE,PRESENTACION,CONTENIDO,UNIDADES_POR_CAJA,COSTO,COSTO_VENTA,PRECIO_BASE,UNIDAD_MEDIDA,CODIGO_BARRAS) VALUES(663,69,'Axion Liquido','Extractos Citricos',750,12.0,1.000000,1.000000,1.000000,'ML',7.509546048031E12);

INSERT INTO MOVIMIENTO_HISTORICO_PRODUCTO (ALMACEN_ID,PRODUCTO_ID,FECHA,TIPO_MOVIMIENTO_ID,CANTIDAD,COSTO,PRECIO,USUARIO_ID) VALUES(1,663,now(),30,12,1.000000,1.000000,'root');
INSERT INTO ALMACEN_PRODUCTO(ALMACEN_ID,PRODUCTO_ID,CANTIDAD_ACTUAL,CANTIDAD_MINIMA,PRECIO_VENTA) VALUES (1,663,12,0,1.000000);

INSERT INTO ALMACEN_PRODUCTO(ALMACEN_ID,PRODUCTO_ID,CANTIDAD_ACTUAL,CANTIDAD_MINIMA,PRECIO_VENTA) VALUES (2,663,0,0,1.000000);

INSERT INTO ALMACEN_PRODUCTO(ALMACEN_ID,PRODUCTO_ID,CANTIDAD_ACTUAL,CANTIDAD_MINIMA,PRECIO_VENTA) VALUES (3,663,12,0,19.900000);

INSERT INTO ALMACEN_PRODUCTO(ALMACEN_ID,PRODUCTO_ID,CANTIDAD_ACTUAL,CANTIDAD_MINIMA,PRECIO_VENTA) VALUES (4,663,12,0,1.000000);

INSERT INTO PROVEEDOR_PRODUCTO(PROVEEDOR_ID,PRODUCTO_ID,PRECIO_COMPRA) VALUES(6,663, 1.000000);

-- ===========PRODUCTO [664]
INSERT INTO PRODUCTO(ID,MARCA_ID,NOMBRE,PRESENTACION,CONTENIDO,UNIDADES_POR_CAJA,COSTO,COSTO_VENTA,PRECIO_BASE,UNIDAD_MEDIDA,CODIGO_BARRAS) VALUES(664,69,'Axion Liquido','Mandarina',750,12.0,1.000000,1.000000,1.000000,'ML',7.509546056296E12);

INSERT INTO MOVIMIENTO_HISTORICO_PRODUCTO (ALMACEN_ID,PRODUCTO_ID,FECHA,TIPO_MOVIMIENTO_ID,CANTIDAD,COSTO,PRECIO,USUARIO_ID) VALUES(1,664,now(),30,12,1.000000,1.000000,'root');
INSERT INTO ALMACEN_PRODUCTO(ALMACEN_ID,PRODUCTO_ID,CANTIDAD_ACTUAL,CANTIDAD_MINIMA,PRECIO_VENTA) VALUES (1,664,12,0,1.000000);

INSERT INTO ALMACEN_PRODUCTO(ALMACEN_ID,PRODUCTO_ID,CANTIDAD_ACTUAL,CANTIDAD_MINIMA,PRECIO_VENTA) VALUES (2,664,0,0,1.000000);

INSERT INTO ALMACEN_PRODUCTO(ALMACEN_ID,PRODUCTO_ID,CANTIDAD_ACTUAL,CANTIDAD_MINIMA,PRECIO_VENTA) VALUES (3,664,12,0,19.900000);

INSERT INTO ALMACEN_PRODUCTO(ALMACEN_ID,PRODUCTO_ID,CANTIDAD_ACTUAL,CANTIDAD_MINIMA,PRECIO_VENTA) VALUES (4,664,12,0,1.000000);

INSERT INTO PROVEEDOR_PRODUCTO(PROVEEDOR_ID,PRODUCTO_ID,PRECIO_COMPRA) VALUES(6,664, 1.000000);

-- ===========PRODUCTO [665]
INSERT INTO PRODUCTO(ID,MARCA_ID,NOMBRE,PRESENTACION,CONTENIDO,UNIDADES_POR_CAJA,COSTO,COSTO_VENTA,PRECIO_BASE,UNIDAD_MEDIDA,CODIGO_BARRAS) VALUES(665,69,'Axion Liquido','Vinagre Citrico',750,12.0,1.000000,1.000000,1.000000,'ML',7.509546047515E12);

INSERT INTO MOVIMIENTO_HISTORICO_PRODUCTO (ALMACEN_ID,PRODUCTO_ID,FECHA,TIPO_MOVIMIENTO_ID,CANTIDAD,COSTO,PRECIO,USUARIO_ID) VALUES(1,665,now(),30,12,1.000000,1.000000,'root');
INSERT INTO ALMACEN_PRODUCTO(ALMACEN_ID,PRODUCTO_ID,CANTIDAD_ACTUAL,CANTIDAD_MINIMA,PRECIO_VENTA) VALUES (1,665,12,0,1.000000);

INSERT INTO ALMACEN_PRODUCTO(ALMACEN_ID,PRODUCTO_ID,CANTIDAD_ACTUAL,CANTIDAD_MINIMA,PRECIO_VENTA) VALUES (2,665,0,0,1.000000);

INSERT INTO ALMACEN_PRODUCTO(ALMACEN_ID,PRODUCTO_ID,CANTIDAD_ACTUAL,CANTIDAD_MINIMA,PRECIO_VENTA) VALUES (3,665,12,0,19.900000);

INSERT INTO ALMACEN_PRODUCTO(ALMACEN_ID,PRODUCTO_ID,CANTIDAD_ACTUAL,CANTIDAD_MINIMA,PRECIO_VENTA) VALUES (4,665,12,0,1.000000);

INSERT INTO PROVEEDOR_PRODUCTO(PROVEEDOR_ID,PRODUCTO_ID,PRECIO_COMPRA) VALUES(6,665, 1.000000);

-- ===========PRODUCTO [666]
INSERT INTO PRODUCTO(ID,MARCA_ID,NOMBRE,PRESENTACION,CONTENIDO,UNIDADES_POR_CAJA,COSTO,COSTO_VENTA,PRECIO_BASE,UNIDAD_MEDIDA,CODIGO_BARRAS) VALUES(666,69,'Axion Liquido','Aloe',750,12.0,1.000000,1.000000,1.000000,'ML',7.509546046662E12);

INSERT INTO MOVIMIENTO_HISTORICO_PRODUCTO (ALMACEN_ID,PRODUCTO_ID,FECHA,TIPO_MOVIMIENTO_ID,CANTIDAD,COSTO,PRECIO,USUARIO_ID) VALUES(1,666,now(),30,12,1.000000,1.000000,'root');
INSERT INTO ALMACEN_PRODUCTO(ALMACEN_ID,PRODUCTO_ID,CANTIDAD_ACTUAL,CANTIDAD_MINIMA,PRECIO_VENTA) VALUES (1,666,12,0,1.000000);

INSERT INTO ALMACEN_PRODUCTO(ALMACEN_ID,PRODUCTO_ID,CANTIDAD_ACTUAL,CANTIDAD_MINIMA,PRECIO_VENTA) VALUES (2,666,2,0,1.000000);

INSERT INTO ALMACEN_PRODUCTO(ALMACEN_ID,PRODUCTO_ID,CANTIDAD_ACTUAL,CANTIDAD_MINIMA,PRECIO_VENTA) VALUES (3,666,12,0,19.900000);

INSERT INTO ALMACEN_PRODUCTO(ALMACEN_ID,PRODUCTO_ID,CANTIDAD_ACTUAL,CANTIDAD_MINIMA,PRECIO_VENTA) VALUES (4,666,12,0,1.000000);

INSERT INTO PROVEEDOR_PRODUCTO(PROVEEDOR_ID,PRODUCTO_ID,PRECIO_COMPRA) VALUES(6,666, 1.000000);

-- ===========PRODUCTO [667]
INSERT INTO PRODUCTO(ID,MARCA_ID,NOMBRE,PRESENTACION,CONTENIDO,UNIDADES_POR_CAJA,COSTO,COSTO_VENTA,PRECIO_BASE,UNIDAD_MEDIDA,CODIGO_BARRAS) VALUES(667,68,'SUAVITEL ADIOS AL PLANCHADO','FRESCA PRIMAVERA',450,12.0,1.000000,1.000000,1.000000,'ML',7.509546044408E12);

INSERT INTO MOVIMIENTO_HISTORICO_PRODUCTO (ALMACEN_ID,PRODUCTO_ID,FECHA,TIPO_MOVIMIENTO_ID,CANTIDAD,COSTO,PRECIO,USUARIO_ID) VALUES(1,667,now(),30,12,1.000000,1.000000,'root');
INSERT INTO ALMACEN_PRODUCTO(ALMACEN_ID,PRODUCTO_ID,CANTIDAD_ACTUAL,CANTIDAD_MINIMA,PRECIO_VENTA) VALUES (1,667,12,0,1.000000);

INSERT INTO ALMACEN_PRODUCTO(ALMACEN_ID,PRODUCTO_ID,CANTIDAD_ACTUAL,CANTIDAD_MINIMA,PRECIO_VENTA) VALUES (2,667,0,0,1.000000);

INSERT INTO ALMACEN_PRODUCTO(ALMACEN_ID,PRODUCTO_ID,CANTIDAD_ACTUAL,CANTIDAD_MINIMA,PRECIO_VENTA) VALUES (3,667,12,0,1.000000);

INSERT INTO ALMACEN_PRODUCTO(ALMACEN_ID,PRODUCTO_ID,CANTIDAD_ACTUAL,CANTIDAD_MINIMA,PRECIO_VENTA) VALUES (4,667,12,0,1.000000);

INSERT INTO PROVEEDOR_PRODUCTO(PROVEEDOR_ID,PRODUCTO_ID,PRECIO_COMPRA) VALUES(6,667, 1.000000);

-- ===========PRODUCTO [668]
INSERT INTO PRODUCTO(ID,MARCA_ID,NOMBRE,PRESENTACION,CONTENIDO,UNIDADES_POR_CAJA,COSTO,COSTO_VENTA,PRECIO_BASE,UNIDAD_MEDIDA,CODIGO_BARRAS) VALUES(668,17,'Palmolive Tocador','Nutri Milk',130,96.0,1.000000,1.000000,1.000000,'G',7.50954603232E12);

INSERT INTO MOVIMIENTO_HISTORICO_PRODUCTO (ALMACEN_ID,PRODUCTO_ID,FECHA,TIPO_MOVIMIENTO_ID,CANTIDAD,COSTO,PRECIO,USUARIO_ID) VALUES(1,668,now(),30,96,1.000000,1.000000,'root');
INSERT INTO ALMACEN_PRODUCTO(ALMACEN_ID,PRODUCTO_ID,CANTIDAD_ACTUAL,CANTIDAD_MINIMA,PRECIO_VENTA) VALUES (1,668,96,0,1.000000);

INSERT INTO ALMACEN_PRODUCTO(ALMACEN_ID,PRODUCTO_ID,CANTIDAD_ACTUAL,CANTIDAD_MINIMA,PRECIO_VENTA) VALUES (2,668,0,0,1.000000);

INSERT INTO ALMACEN_PRODUCTO(ALMACEN_ID,PRODUCTO_ID,CANTIDAD_ACTUAL,CANTIDAD_MINIMA,PRECIO_VENTA) VALUES (3,668,96,0,1.000000);

INSERT INTO ALMACEN_PRODUCTO(ALMACEN_ID,PRODUCTO_ID,CANTIDAD_ACTUAL,CANTIDAD_MINIMA,PRECIO_VENTA) VALUES (4,668,96,0,1.000000);

INSERT INTO PROVEEDOR_PRODUCTO(PROVEEDOR_ID,PRODUCTO_ID,PRECIO_COMPRA) VALUES(6,668, 1.000000);

-- ===========PRODUCTO [669]
INSERT INTO PRODUCTO(ID,MARCA_ID,NOMBRE,PRESENTACION,CONTENIDO,UNIDADES_POR_CAJA,COSTO,COSTO_VENTA,PRECIO_BASE,UNIDAD_MEDIDA,CODIGO_BARRAS) VALUES(669,35,'Colgate Pasta Dental','Total Clean Mint',150,72.0,1.000000,1.000000,1.000000,'ML',7.501035911376E12);

INSERT INTO MOVIMIENTO_HISTORICO_PRODUCTO (ALMACEN_ID,PRODUCTO_ID,FECHA,TIPO_MOVIMIENTO_ID,CANTIDAD,COSTO,PRECIO,USUARIO_ID) VALUES(1,669,now(),30,72,1.000000,1.000000,'root');
INSERT INTO ALMACEN_PRODUCTO(ALMACEN_ID,PRODUCTO_ID,CANTIDAD_ACTUAL,CANTIDAD_MINIMA,PRECIO_VENTA) VALUES (1,669,72,0,1.000000);

INSERT INTO ALMACEN_PRODUCTO(ALMACEN_ID,PRODUCTO_ID,CANTIDAD_ACTUAL,CANTIDAD_MINIMA,PRECIO_VENTA) VALUES (2,669,40,0,1.000000);

INSERT INTO ALMACEN_PRODUCTO(ALMACEN_ID,PRODUCTO_ID,CANTIDAD_ACTUAL,CANTIDAD_MINIMA,PRECIO_VENTA) VALUES (3,669,72,0,1.000000);

INSERT INTO ALMACEN_PRODUCTO(ALMACEN_ID,PRODUCTO_ID,CANTIDAD_ACTUAL,CANTIDAD_MINIMA,PRECIO_VENTA) VALUES (4,669,72,0,1.000000);

INSERT INTO PROVEEDOR_PRODUCTO(PROVEEDOR_ID,PRODUCTO_ID,PRECIO_COMPRA) VALUES(6,669, 1.000000);

-- ===========PRODUCTO [670]
INSERT INTO PRODUCTO(ID,MARCA_ID,NOMBRE,PRESENTACION,CONTENIDO,UNIDADES_POR_CAJA,COSTO,COSTO_VENTA,PRECIO_BASE,UNIDAD_MEDIDA,CODIGO_BARRAS) VALUES(670,35,'Colgate Pasta Dental','Total Clean Mint',170,72.0,1.000000,1.000000,1.000000,'ML',7.509546049014E12);

INSERT INTO MOVIMIENTO_HISTORICO_PRODUCTO (ALMACEN_ID,PRODUCTO_ID,FECHA,TIPO_MOVIMIENTO_ID,CANTIDAD,COSTO,PRECIO,USUARIO_ID) VALUES(1,670,now(),30,72,1.000000,1.000000,'root');
INSERT INTO ALMACEN_PRODUCTO(ALMACEN_ID,PRODUCTO_ID,CANTIDAD_ACTUAL,CANTIDAD_MINIMA,PRECIO_VENTA) VALUES (1,670,72,0,1.000000);

INSERT INTO ALMACEN_PRODUCTO(ALMACEN_ID,PRODUCTO_ID,CANTIDAD_ACTUAL,CANTIDAD_MINIMA,PRECIO_VENTA) VALUES (2,670,21,0,1.000000);

INSERT INTO ALMACEN_PRODUCTO(ALMACEN_ID,PRODUCTO_ID,CANTIDAD_ACTUAL,CANTIDAD_MINIMA,PRECIO_VENTA) VALUES (3,670,72,0,1.000000);

INSERT INTO ALMACEN_PRODUCTO(ALMACEN_ID,PRODUCTO_ID,CANTIDAD_ACTUAL,CANTIDAD_MINIMA,PRECIO_VENTA) VALUES (4,670,72,0,1.000000);

INSERT INTO PROVEEDOR_PRODUCTO(PROVEEDOR_ID,PRODUCTO_ID,PRECIO_COMPRA) VALUES(6,670, 1.000000);

-- ===========PRODUCTO [671]
INSERT INTO PRODUCTO(ID,MARCA_ID,NOMBRE,PRESENTACION,CONTENIDO,UNIDADES_POR_CAJA,COSTO,COSTO_VENTA,PRECIO_BASE,UNIDAD_MEDIDA,CODIGO_BARRAS) VALUES(671,36,'Caprice Acondicionador','Nectar de Miel',400,12.0,1.000000,1.000000,1.000000,'ML',7.509546045863E12);

INSERT INTO MOVIMIENTO_HISTORICO_PRODUCTO (ALMACEN_ID,PRODUCTO_ID,FECHA,TIPO_MOVIMIENTO_ID,CANTIDAD,COSTO,PRECIO,USUARIO_ID) VALUES(1,671,now(),30,12,1.000000,1.000000,'root');
INSERT INTO ALMACEN_PRODUCTO(ALMACEN_ID,PRODUCTO_ID,CANTIDAD_ACTUAL,CANTIDAD_MINIMA,PRECIO_VENTA) VALUES (1,671,12,0,1.000000);

INSERT INTO ALMACEN_PRODUCTO(ALMACEN_ID,PRODUCTO_ID,CANTIDAD_ACTUAL,CANTIDAD_MINIMA,PRECIO_VENTA) VALUES (2,671,0,0,1.000000);

INSERT INTO ALMACEN_PRODUCTO(ALMACEN_ID,PRODUCTO_ID,CANTIDAD_ACTUAL,CANTIDAD_MINIMA,PRECIO_VENTA) VALUES (3,671,12,0,12.900000);

INSERT INTO ALMACEN_PRODUCTO(ALMACEN_ID,PRODUCTO_ID,CANTIDAD_ACTUAL,CANTIDAD_MINIMA,PRECIO_VENTA) VALUES (4,671,12,0,1.000000);

INSERT INTO PROVEEDOR_PRODUCTO(PROVEEDOR_ID,PRODUCTO_ID,PRECIO_COMPRA) VALUES(6,671, 1.000000);

-- ===========PRODUCTO [673]
INSERT INTO PRODUCTO(ID,MARCA_ID,NOMBRE,PRESENTACION,CONTENIDO,UNIDADES_POR_CAJA,COSTO,COSTO_VENTA,PRECIO_BASE,UNIDAD_MEDIDA,CODIGO_BARRAS) VALUES(673,35,'Cepillo Dental Colgate','360°',1,6.0,1.000000,1.000000,1.000000,'PZ',7.702010130427E12);

INSERT INTO MOVIMIENTO_HISTORICO_PRODUCTO (ALMACEN_ID,PRODUCTO_ID,FECHA,TIPO_MOVIMIENTO_ID,CANTIDAD,COSTO,PRECIO,USUARIO_ID) VALUES(1,673,now(),30,20,1.000000,1.000000,'root');
INSERT INTO ALMACEN_PRODUCTO(ALMACEN_ID,PRODUCTO_ID,CANTIDAD_ACTUAL,CANTIDAD_MINIMA,PRECIO_VENTA) VALUES (1,673,20,0,1.000000);

INSERT INTO ALMACEN_PRODUCTO(ALMACEN_ID,PRODUCTO_ID,CANTIDAD_ACTUAL,CANTIDAD_MINIMA,PRECIO_VENTA) VALUES (2,673,0,0,1.000000);

INSERT INTO ALMACEN_PRODUCTO(ALMACEN_ID,PRODUCTO_ID,CANTIDAD_ACTUAL,CANTIDAD_MINIMA,PRECIO_VENTA) VALUES (3,673,20,0,1.000000);

INSERT INTO ALMACEN_PRODUCTO(ALMACEN_ID,PRODUCTO_ID,CANTIDAD_ACTUAL,CANTIDAD_MINIMA,PRECIO_VENTA) VALUES (4,673,20,0,1.000000);

INSERT INTO PROVEEDOR_PRODUCTO(PROVEEDOR_ID,PRODUCTO_ID,PRECIO_COMPRA) VALUES(6,673, 1.000000);

-- ===========PRODUCTO [674]
INSERT INTO PRODUCTO(ID,MARCA_ID,NOMBRE,PRESENTACION,CONTENIDO,UNIDADES_POR_CAJA,COSTO,COSTO_VENTA,PRECIO_BASE,UNIDAD_MEDIDA,CODIGO_BARRAS) VALUES(674,54,'Real Solida','Piel Normal',370,24.0,1.000000,1.000000,1.000000,'G',7.5010397037E12);

INSERT INTO MOVIMIENTO_HISTORICO_PRODUCTO (ALMACEN_ID,PRODUCTO_ID,FECHA,TIPO_MOVIMIENTO_ID,CANTIDAD,COSTO,PRECIO,USUARIO_ID) VALUES(1,674,now(),30,45,1.000000,1.000000,'root');
INSERT INTO ALMACEN_PRODUCTO(ALMACEN_ID,PRODUCTO_ID,CANTIDAD_ACTUAL,CANTIDAD_MINIMA,PRECIO_VENTA) VALUES (1,674,45,0,1.000000);

INSERT INTO ALMACEN_PRODUCTO(ALMACEN_ID,PRODUCTO_ID,CANTIDAD_ACTUAL,CANTIDAD_MINIMA,PRECIO_VENTA) VALUES (2,674,0,0,1.000000);

INSERT INTO ALMACEN_PRODUCTO(ALMACEN_ID,PRODUCTO_ID,CANTIDAD_ACTUAL,CANTIDAD_MINIMA,PRECIO_VENTA) VALUES (3,674,45,0,1.000000);

INSERT INTO ALMACEN_PRODUCTO(ALMACEN_ID,PRODUCTO_ID,CANTIDAD_ACTUAL,CANTIDAD_MINIMA,PRECIO_VENTA) VALUES (4,674,45,0,1.000000);

INSERT INTO PROVEEDOR_PRODUCTO(PROVEEDOR_ID,PRODUCTO_ID,PRECIO_COMPRA) VALUES(26,674, 1.000000);

-- ===========PRODUCTO [675]
INSERT INTO PRODUCTO(ID,MARCA_ID,NOMBRE,PRESENTACION,CONTENIDO,UNIDADES_POR_CAJA,COSTO,COSTO_VENTA,PRECIO_BASE,UNIDAD_MEDIDA,CODIGO_BARRAS) VALUES(675,54,'Real Solida','Piel Normal',200,48.0,1.000000,1.000000,1.000000,'G',7.501039702E12);

INSERT INTO MOVIMIENTO_HISTORICO_PRODUCTO (ALMACEN_ID,PRODUCTO_ID,FECHA,TIPO_MOVIMIENTO_ID,CANTIDAD,COSTO,PRECIO,USUARIO_ID) VALUES(1,675,now(),30,120,1.000000,1.000000,'root');
INSERT INTO ALMACEN_PRODUCTO(ALMACEN_ID,PRODUCTO_ID,CANTIDAD_ACTUAL,CANTIDAD_MINIMA,PRECIO_VENTA) VALUES (1,675,120,0,1.000000);

INSERT INTO ALMACEN_PRODUCTO(ALMACEN_ID,PRODUCTO_ID,CANTIDAD_ACTUAL,CANTIDAD_MINIMA,PRECIO_VENTA) VALUES (2,675,0,0,1.000000);

INSERT INTO ALMACEN_PRODUCTO(ALMACEN_ID,PRODUCTO_ID,CANTIDAD_ACTUAL,CANTIDAD_MINIMA,PRECIO_VENTA) VALUES (3,675,120,0,1.000000);

INSERT INTO ALMACEN_PRODUCTO(ALMACEN_ID,PRODUCTO_ID,CANTIDAD_ACTUAL,CANTIDAD_MINIMA,PRECIO_VENTA) VALUES (4,675,120,0,1.000000);

INSERT INTO PROVEEDOR_PRODUCTO(PROVEEDOR_ID,PRODUCTO_ID,PRECIO_COMPRA) VALUES(26,675, 1.000000);

-- ===========PRODUCTO [676]
INSERT INTO PRODUCTO(ID,MARCA_ID,NOMBRE,PRESENTACION,CONTENIDO,UNIDADES_POR_CAJA,COSTO,COSTO_VENTA,PRECIO_BASE,UNIDAD_MEDIDA,CODIGO_BARRAS) VALUES(676,56,'Max -O-Fresh Talco','Fresco Aroma',300,12.0,1.000000,1.000000,1.000000,'G',7.503001167022E12);

INSERT INTO MOVIMIENTO_HISTORICO_PRODUCTO (ALMACEN_ID,PRODUCTO_ID,FECHA,TIPO_MOVIMIENTO_ID,CANTIDAD,COSTO,PRECIO,USUARIO_ID) VALUES(1,676,now(),30,12,1.000000,1.000000,'root');
INSERT INTO ALMACEN_PRODUCTO(ALMACEN_ID,PRODUCTO_ID,CANTIDAD_ACTUAL,CANTIDAD_MINIMA,PRECIO_VENTA) VALUES (1,676,12,0,1.000000);

INSERT INTO ALMACEN_PRODUCTO(ALMACEN_ID,PRODUCTO_ID,CANTIDAD_ACTUAL,CANTIDAD_MINIMA,PRECIO_VENTA) VALUES (2,676,0,0,1.000000);

INSERT INTO ALMACEN_PRODUCTO(ALMACEN_ID,PRODUCTO_ID,CANTIDAD_ACTUAL,CANTIDAD_MINIMA,PRECIO_VENTA) VALUES (3,676,12,0,1.000000);

INSERT INTO ALMACEN_PRODUCTO(ALMACEN_ID,PRODUCTO_ID,CANTIDAD_ACTUAL,CANTIDAD_MINIMA,PRECIO_VENTA) VALUES (4,676,12,0,1.000000);

INSERT INTO PROVEEDOR_PRODUCTO(PROVEEDOR_ID,PRODUCTO_ID,PRECIO_COMPRA) VALUES(29,676, 1.000000);

-- ===========PRODUCTO [677]
INSERT INTO PRODUCTO(ID,MARCA_ID,NOMBRE,PRESENTACION,CONTENIDO,UNIDADES_POR_CAJA,COSTO,COSTO_VENTA,PRECIO_BASE,UNIDAD_MEDIDA,CODIGO_BARRAS) VALUES(677,56,'Max -O-Fresh Talco','Botanico',300,12.0,1.000000,1.000000,1.000000,'G',7.503001167053E12);

INSERT INTO MOVIMIENTO_HISTORICO_PRODUCTO (ALMACEN_ID,PRODUCTO_ID,FECHA,TIPO_MOVIMIENTO_ID,CANTIDAD,COSTO,PRECIO,USUARIO_ID) VALUES(1,677,now(),30,12,1.000000,1.000000,'root');
INSERT INTO ALMACEN_PRODUCTO(ALMACEN_ID,PRODUCTO_ID,CANTIDAD_ACTUAL,CANTIDAD_MINIMA,PRECIO_VENTA) VALUES (1,677,12,0,1.000000);

INSERT INTO ALMACEN_PRODUCTO(ALMACEN_ID,PRODUCTO_ID,CANTIDAD_ACTUAL,CANTIDAD_MINIMA,PRECIO_VENTA) VALUES (2,677,0,0,1.000000);

INSERT INTO ALMACEN_PRODUCTO(ALMACEN_ID,PRODUCTO_ID,CANTIDAD_ACTUAL,CANTIDAD_MINIMA,PRECIO_VENTA) VALUES (3,677,12,0,1.000000);

INSERT INTO ALMACEN_PRODUCTO(ALMACEN_ID,PRODUCTO_ID,CANTIDAD_ACTUAL,CANTIDAD_MINIMA,PRECIO_VENTA) VALUES (4,677,12,0,1.000000);

INSERT INTO PROVEEDOR_PRODUCTO(PROVEEDOR_ID,PRODUCTO_ID,PRECIO_COMPRA) VALUES(29,677, 1.000000);

-- ===========PRODUCTO [678]
INSERT INTO PRODUCTO(ID,MARCA_ID,NOMBRE,PRESENTACION,CONTENIDO,UNIDADES_POR_CAJA,COSTO,COSTO_VENTA,PRECIO_BASE,UNIDAD_MEDIDA,CODIGO_BARRAS) VALUES(678,56,'Max -O-Fresh Talco','Mentol',300,12.0,1.000000,1.000000,1.000000,'G',7.503001167039E12);

INSERT INTO MOVIMIENTO_HISTORICO_PRODUCTO (ALMACEN_ID,PRODUCTO_ID,FECHA,TIPO_MOVIMIENTO_ID,CANTIDAD,COSTO,PRECIO,USUARIO_ID) VALUES(1,678,now(),30,12,1.000000,1.000000,'root');
INSERT INTO ALMACEN_PRODUCTO(ALMACEN_ID,PRODUCTO_ID,CANTIDAD_ACTUAL,CANTIDAD_MINIMA,PRECIO_VENTA) VALUES (1,678,12,0,1.000000);

INSERT INTO ALMACEN_PRODUCTO(ALMACEN_ID,PRODUCTO_ID,CANTIDAD_ACTUAL,CANTIDAD_MINIMA,PRECIO_VENTA) VALUES (2,678,0,0,1.000000);

INSERT INTO ALMACEN_PRODUCTO(ALMACEN_ID,PRODUCTO_ID,CANTIDAD_ACTUAL,CANTIDAD_MINIMA,PRECIO_VENTA) VALUES (3,678,12,0,1.000000);

INSERT INTO ALMACEN_PRODUCTO(ALMACEN_ID,PRODUCTO_ID,CANTIDAD_ACTUAL,CANTIDAD_MINIMA,PRECIO_VENTA) VALUES (4,678,12,0,1.000000);

INSERT INTO PROVEEDOR_PRODUCTO(PROVEEDOR_ID,PRODUCTO_ID,PRECIO_COMPRA) VALUES(29,678, 1.000000);

-- ===========PRODUCTO [679]
INSERT INTO PRODUCTO(ID,MARCA_ID,NOMBRE,PRESENTACION,CONTENIDO,UNIDADES_POR_CAJA,COSTO,COSTO_VENTA,PRECIO_BASE,UNIDAD_MEDIDA,CODIGO_BARRAS) VALUES(679,56,'Max -O-Fresh Talco','Citricos',300,12.0,1.000000,1.000000,1.000000,'G',7.503001167121E12);

INSERT INTO MOVIMIENTO_HISTORICO_PRODUCTO (ALMACEN_ID,PRODUCTO_ID,FECHA,TIPO_MOVIMIENTO_ID,CANTIDAD,COSTO,PRECIO,USUARIO_ID) VALUES(1,679,now(),30,12,1.000000,1.000000,'root');
INSERT INTO ALMACEN_PRODUCTO(ALMACEN_ID,PRODUCTO_ID,CANTIDAD_ACTUAL,CANTIDAD_MINIMA,PRECIO_VENTA) VALUES (1,679,12,0,1.000000);

INSERT INTO ALMACEN_PRODUCTO(ALMACEN_ID,PRODUCTO_ID,CANTIDAD_ACTUAL,CANTIDAD_MINIMA,PRECIO_VENTA) VALUES (2,679,0,0,1.000000);

INSERT INTO ALMACEN_PRODUCTO(ALMACEN_ID,PRODUCTO_ID,CANTIDAD_ACTUAL,CANTIDAD_MINIMA,PRECIO_VENTA) VALUES (3,679,12,0,1.000000);

INSERT INTO ALMACEN_PRODUCTO(ALMACEN_ID,PRODUCTO_ID,CANTIDAD_ACTUAL,CANTIDAD_MINIMA,PRECIO_VENTA) VALUES (4,679,12,0,1.000000);

INSERT INTO PROVEEDOR_PRODUCTO(PROVEEDOR_ID,PRODUCTO_ID,PRECIO_COMPRA) VALUES(29,679, 1.000000);

-- ===========PRODUCTO [680]
INSERT INTO PRODUCTO(ID,MARCA_ID,NOMBRE,PRESENTACION,CONTENIDO,UNIDADES_POR_CAJA,COSTO,COSTO_VENTA,PRECIO_BASE,UNIDAD_MEDIDA,CODIGO_BARRAS) VALUES(680,56,'Max -O-Fresh Talco','Explosion Frutal',300,12.0,1.000000,1.000000,1.000000,'G',7.503001167411E12);

INSERT INTO MOVIMIENTO_HISTORICO_PRODUCTO (ALMACEN_ID,PRODUCTO_ID,FECHA,TIPO_MOVIMIENTO_ID,CANTIDAD,COSTO,PRECIO,USUARIO_ID) VALUES(1,680,now(),30,12,1.000000,1.000000,'root');
INSERT INTO ALMACEN_PRODUCTO(ALMACEN_ID,PRODUCTO_ID,CANTIDAD_ACTUAL,CANTIDAD_MINIMA,PRECIO_VENTA) VALUES (1,680,12,0,1.000000);

INSERT INTO ALMACEN_PRODUCTO(ALMACEN_ID,PRODUCTO_ID,CANTIDAD_ACTUAL,CANTIDAD_MINIMA,PRECIO_VENTA) VALUES (2,680,0,0,1.000000);

INSERT INTO ALMACEN_PRODUCTO(ALMACEN_ID,PRODUCTO_ID,CANTIDAD_ACTUAL,CANTIDAD_MINIMA,PRECIO_VENTA) VALUES (3,680,12,0,1.000000);

INSERT INTO ALMACEN_PRODUCTO(ALMACEN_ID,PRODUCTO_ID,CANTIDAD_ACTUAL,CANTIDAD_MINIMA,PRECIO_VENTA) VALUES (4,680,12,0,1.000000);

INSERT INTO PROVEEDOR_PRODUCTO(PROVEEDOR_ID,PRODUCTO_ID,PRECIO_COMPRA) VALUES(29,680, 1.000000);

-- ===========PRODUCTO [681]
INSERT INTO PRODUCTO(ID,MARCA_ID,NOMBRE,PRESENTACION,CONTENIDO,UNIDADES_POR_CAJA,COSTO,COSTO_VENTA,PRECIO_BASE,UNIDAD_MEDIDA,CODIGO_BARRAS) VALUES(681,56,'Max -O-Fresh Talco','Fresco Aroma',160,12.0,1.000000,1.000000,1.000000,'G',7.503001167008E12);

INSERT INTO MOVIMIENTO_HISTORICO_PRODUCTO (ALMACEN_ID,PRODUCTO_ID,FECHA,TIPO_MOVIMIENTO_ID,CANTIDAD,COSTO,PRECIO,USUARIO_ID) VALUES(1,681,now(),30,12,1.000000,1.000000,'root');
INSERT INTO ALMACEN_PRODUCTO(ALMACEN_ID,PRODUCTO_ID,CANTIDAD_ACTUAL,CANTIDAD_MINIMA,PRECIO_VENTA) VALUES (1,681,12,0,1.000000);

INSERT INTO ALMACEN_PRODUCTO(ALMACEN_ID,PRODUCTO_ID,CANTIDAD_ACTUAL,CANTIDAD_MINIMA,PRECIO_VENTA) VALUES (2,681,0,0,1.000000);

INSERT INTO ALMACEN_PRODUCTO(ALMACEN_ID,PRODUCTO_ID,CANTIDAD_ACTUAL,CANTIDAD_MINIMA,PRECIO_VENTA) VALUES (3,681,12,0,1.000000);

INSERT INTO ALMACEN_PRODUCTO(ALMACEN_ID,PRODUCTO_ID,CANTIDAD_ACTUAL,CANTIDAD_MINIMA,PRECIO_VENTA) VALUES (4,681,12,0,1.000000);

INSERT INTO PROVEEDOR_PRODUCTO(PROVEEDOR_ID,PRODUCTO_ID,PRECIO_COMPRA) VALUES(29,681, 1.000000);

-- ===========PRODUCTO [682]
INSERT INTO PRODUCTO(ID,MARCA_ID,NOMBRE,PRESENTACION,CONTENIDO,UNIDADES_POR_CAJA,COSTO,COSTO_VENTA,PRECIO_BASE,UNIDAD_MEDIDA,CODIGO_BARRAS) VALUES(682,56,'Max -O-Fresh Talco','Citricos',160,12.0,1.000000,1.000000,1.000000,'G',7.503001167084E12);

INSERT INTO MOVIMIENTO_HISTORICO_PRODUCTO (ALMACEN_ID,PRODUCTO_ID,FECHA,TIPO_MOVIMIENTO_ID,CANTIDAD,COSTO,PRECIO,USUARIO_ID) VALUES(1,682,now(),30,12,1.000000,1.000000,'root');
INSERT INTO ALMACEN_PRODUCTO(ALMACEN_ID,PRODUCTO_ID,CANTIDAD_ACTUAL,CANTIDAD_MINIMA,PRECIO_VENTA) VALUES (1,682,12,0,1.000000);

INSERT INTO ALMACEN_PRODUCTO(ALMACEN_ID,PRODUCTO_ID,CANTIDAD_ACTUAL,CANTIDAD_MINIMA,PRECIO_VENTA) VALUES (2,682,0,0,1.000000);

INSERT INTO ALMACEN_PRODUCTO(ALMACEN_ID,PRODUCTO_ID,CANTIDAD_ACTUAL,CANTIDAD_MINIMA,PRECIO_VENTA) VALUES (3,682,12,0,1.000000);

INSERT INTO ALMACEN_PRODUCTO(ALMACEN_ID,PRODUCTO_ID,CANTIDAD_ACTUAL,CANTIDAD_MINIMA,PRECIO_VENTA) VALUES (4,682,12,0,1.000000);

INSERT INTO PROVEEDOR_PRODUCTO(PROVEEDOR_ID,PRODUCTO_ID,PRECIO_COMPRA) VALUES(29,682, 1.000000);

-- ===========PRODUCTO [683]
INSERT INTO PRODUCTO(ID,MARCA_ID,NOMBRE,PRESENTACION,CONTENIDO,UNIDADES_POR_CAJA,COSTO,COSTO_VENTA,PRECIO_BASE,UNIDAD_MEDIDA,CODIGO_BARRAS) VALUES(683,56,'Max -O-Fresh Talco','Botanico',160,12.0,1.000000,1.000000,1.000000,'G',7.503001167046E12);

INSERT INTO MOVIMIENTO_HISTORICO_PRODUCTO (ALMACEN_ID,PRODUCTO_ID,FECHA,TIPO_MOVIMIENTO_ID,CANTIDAD,COSTO,PRECIO,USUARIO_ID) VALUES(1,683,now(),30,12,1.000000,1.000000,'root');
INSERT INTO ALMACEN_PRODUCTO(ALMACEN_ID,PRODUCTO_ID,CANTIDAD_ACTUAL,CANTIDAD_MINIMA,PRECIO_VENTA) VALUES (1,683,12,0,1.000000);

INSERT INTO ALMACEN_PRODUCTO(ALMACEN_ID,PRODUCTO_ID,CANTIDAD_ACTUAL,CANTIDAD_MINIMA,PRECIO_VENTA) VALUES (2,683,0,0,1.000000);

INSERT INTO ALMACEN_PRODUCTO(ALMACEN_ID,PRODUCTO_ID,CANTIDAD_ACTUAL,CANTIDAD_MINIMA,PRECIO_VENTA) VALUES (3,683,12,0,1.000000);

INSERT INTO ALMACEN_PRODUCTO(ALMACEN_ID,PRODUCTO_ID,CANTIDAD_ACTUAL,CANTIDAD_MINIMA,PRECIO_VENTA) VALUES (4,683,12,0,1.000000);

INSERT INTO PROVEEDOR_PRODUCTO(PROVEEDOR_ID,PRODUCTO_ID,PRECIO_COMPRA) VALUES(29,683, 1.000000);

-- ===========PRODUCTO [684]
INSERT INTO PRODUCTO(ID,MARCA_ID,NOMBRE,PRESENTACION,CONTENIDO,UNIDADES_POR_CAJA,COSTO,COSTO_VENTA,PRECIO_BASE,UNIDAD_MEDIDA,CODIGO_BARRAS) VALUES(684,56,'Max -O-Fresh Talco','Mentol',160,12.0,1.000000,1.000000,1.000000,'G',7.503001167015E12);

INSERT INTO MOVIMIENTO_HISTORICO_PRODUCTO (ALMACEN_ID,PRODUCTO_ID,FECHA,TIPO_MOVIMIENTO_ID,CANTIDAD,COSTO,PRECIO,USUARIO_ID) VALUES(1,684,now(),30,12,1.000000,1.000000,'root');
INSERT INTO ALMACEN_PRODUCTO(ALMACEN_ID,PRODUCTO_ID,CANTIDAD_ACTUAL,CANTIDAD_MINIMA,PRECIO_VENTA) VALUES (1,684,12,0,1.000000);

INSERT INTO ALMACEN_PRODUCTO(ALMACEN_ID,PRODUCTO_ID,CANTIDAD_ACTUAL,CANTIDAD_MINIMA,PRECIO_VENTA) VALUES (2,684,0,0,1.000000);

INSERT INTO ALMACEN_PRODUCTO(ALMACEN_ID,PRODUCTO_ID,CANTIDAD_ACTUAL,CANTIDAD_MINIMA,PRECIO_VENTA) VALUES (3,684,12,0,1.000000);

INSERT INTO ALMACEN_PRODUCTO(ALMACEN_ID,PRODUCTO_ID,CANTIDAD_ACTUAL,CANTIDAD_MINIMA,PRECIO_VENTA) VALUES (4,684,12,0,1.000000);

INSERT INTO PROVEEDOR_PRODUCTO(PROVEEDOR_ID,PRODUCTO_ID,PRECIO_COMPRA) VALUES(29,684, 1.000000);

-- ===========PRODUCTO [685]
INSERT INTO PRODUCTO(ID,MARCA_ID,NOMBRE,PRESENTACION,CONTENIDO,UNIDADES_POR_CAJA,COSTO,COSTO_VENTA,PRECIO_BASE,UNIDAD_MEDIDA,CODIGO_BARRAS) VALUES(685,56,'Max -O-Fresh Talco','Explosion Frutal',160,12.0,1.000000,1.000000,1.000000,'G',7.503001167404E12);

INSERT INTO MOVIMIENTO_HISTORICO_PRODUCTO (ALMACEN_ID,PRODUCTO_ID,FECHA,TIPO_MOVIMIENTO_ID,CANTIDAD,COSTO,PRECIO,USUARIO_ID) VALUES(1,685,now(),30,12,1.000000,1.000000,'root');
INSERT INTO ALMACEN_PRODUCTO(ALMACEN_ID,PRODUCTO_ID,CANTIDAD_ACTUAL,CANTIDAD_MINIMA,PRECIO_VENTA) VALUES (1,685,12,0,1.000000);

INSERT INTO ALMACEN_PRODUCTO(ALMACEN_ID,PRODUCTO_ID,CANTIDAD_ACTUAL,CANTIDAD_MINIMA,PRECIO_VENTA) VALUES (2,685,0,0,1.000000);

INSERT INTO ALMACEN_PRODUCTO(ALMACEN_ID,PRODUCTO_ID,CANTIDAD_ACTUAL,CANTIDAD_MINIMA,PRECIO_VENTA) VALUES (3,685,12,0,1.000000);

INSERT INTO ALMACEN_PRODUCTO(ALMACEN_ID,PRODUCTO_ID,CANTIDAD_ACTUAL,CANTIDAD_MINIMA,PRECIO_VENTA) VALUES (4,685,12,0,1.000000);

INSERT INTO PROVEEDOR_PRODUCTO(PROVEEDOR_ID,PRODUCTO_ID,PRECIO_COMPRA) VALUES(29,685, 1.000000);

-- ===========PRODUCTO [686]
INSERT INTO PRODUCTO(ID,MARCA_ID,NOMBRE,PRESENTACION,CONTENIDO,UNIDADES_POR_CAJA,COSTO,COSTO_VENTA,PRECIO_BASE,UNIDAD_MEDIDA,CODIGO_BARRAS) VALUES(686,32,'Protex Jabon Solido','Contra Bacterias',50,150.0,1.000000,1.000000,1.000000,'G',7.509546050713E12);

INSERT INTO MOVIMIENTO_HISTORICO_PRODUCTO (ALMACEN_ID,PRODUCTO_ID,FECHA,TIPO_MOVIMIENTO_ID,CANTIDAD,COSTO,PRECIO,USUARIO_ID) VALUES(1,686,now(),30,150,1.000000,1.000000,'root');
INSERT INTO ALMACEN_PRODUCTO(ALMACEN_ID,PRODUCTO_ID,CANTIDAD_ACTUAL,CANTIDAD_MINIMA,PRECIO_VENTA) VALUES (1,686,150,0,1.000000);

INSERT INTO ALMACEN_PRODUCTO(ALMACEN_ID,PRODUCTO_ID,CANTIDAD_ACTUAL,CANTIDAD_MINIMA,PRECIO_VENTA) VALUES (2,686,0,0,1.000000);

INSERT INTO ALMACEN_PRODUCTO(ALMACEN_ID,PRODUCTO_ID,CANTIDAD_ACTUAL,CANTIDAD_MINIMA,PRECIO_VENTA) VALUES (3,686,150,0,1.000000);

INSERT INTO ALMACEN_PRODUCTO(ALMACEN_ID,PRODUCTO_ID,CANTIDAD_ACTUAL,CANTIDAD_MINIMA,PRECIO_VENTA) VALUES (4,686,150,0,1.000000);

INSERT INTO PROVEEDOR_PRODUCTO(PROVEEDOR_ID,PRODUCTO_ID,PRECIO_COMPRA) VALUES(6,686, 1.000000);

-- ===========PRODUCTO [687]
INSERT INTO PRODUCTO(ID,MARCA_ID,NOMBRE,PRESENTACION,CONTENIDO,UNIDADES_POR_CAJA,COSTO,COSTO_VENTA,PRECIO_BASE,UNIDAD_MEDIDA,CODIGO_BARRAS) VALUES(687,36,'Caprice Acondicionador','Granada + Filtro UV',400,12.0,1.000000,1.000000,1.000000,'ML',7.509546047867E12);

INSERT INTO MOVIMIENTO_HISTORICO_PRODUCTO (ALMACEN_ID,PRODUCTO_ID,FECHA,TIPO_MOVIMIENTO_ID,CANTIDAD,COSTO,PRECIO,USUARIO_ID) VALUES(1,687,now(),30,12,1.000000,1.000000,'root');
INSERT INTO ALMACEN_PRODUCTO(ALMACEN_ID,PRODUCTO_ID,CANTIDAD_ACTUAL,CANTIDAD_MINIMA,PRECIO_VENTA) VALUES (1,687,12,0,1.000000);

INSERT INTO ALMACEN_PRODUCTO(ALMACEN_ID,PRODUCTO_ID,CANTIDAD_ACTUAL,CANTIDAD_MINIMA,PRECIO_VENTA) VALUES (2,687,0,0,1.000000);

INSERT INTO ALMACEN_PRODUCTO(ALMACEN_ID,PRODUCTO_ID,CANTIDAD_ACTUAL,CANTIDAD_MINIMA,PRECIO_VENTA) VALUES (3,687,12,0,12.900000);

INSERT INTO ALMACEN_PRODUCTO(ALMACEN_ID,PRODUCTO_ID,CANTIDAD_ACTUAL,CANTIDAD_MINIMA,PRECIO_VENTA) VALUES (4,687,12,0,1.000000);

INSERT INTO PROVEEDOR_PRODUCTO(PROVEEDOR_ID,PRODUCTO_ID,PRECIO_COMPRA) VALUES(6,687, 1.000000);

-- ===========PRODUCTO [688]
INSERT INTO PRODUCTO(ID,MARCA_ID,NOMBRE,PRESENTACION,CONTENIDO,UNIDADES_POR_CAJA,COSTO,COSTO_VENTA,PRECIO_BASE,UNIDAD_MEDIDA,CODIGO_BARRAS) VALUES(688,36,'Caprice Acondicionador','Acti Ceramidas Proteina',400,12.0,1.000000,1.000000,1.000000,'ML',7.50954603146E12);

INSERT INTO MOVIMIENTO_HISTORICO_PRODUCTO (ALMACEN_ID,PRODUCTO_ID,FECHA,TIPO_MOVIMIENTO_ID,CANTIDAD,COSTO,PRECIO,USUARIO_ID) VALUES(1,688,now(),30,12,1.000000,1.000000,'root');
INSERT INTO ALMACEN_PRODUCTO(ALMACEN_ID,PRODUCTO_ID,CANTIDAD_ACTUAL,CANTIDAD_MINIMA,PRECIO_VENTA) VALUES (1,688,12,0,1.000000);

INSERT INTO ALMACEN_PRODUCTO(ALMACEN_ID,PRODUCTO_ID,CANTIDAD_ACTUAL,CANTIDAD_MINIMA,PRECIO_VENTA) VALUES (2,688,0,0,1.000000);

INSERT INTO ALMACEN_PRODUCTO(ALMACEN_ID,PRODUCTO_ID,CANTIDAD_ACTUAL,CANTIDAD_MINIMA,PRECIO_VENTA) VALUES (3,688,12,0,12.900000);

INSERT INTO ALMACEN_PRODUCTO(ALMACEN_ID,PRODUCTO_ID,CANTIDAD_ACTUAL,CANTIDAD_MINIMA,PRECIO_VENTA) VALUES (4,688,12,0,1.000000);

INSERT INTO PROVEEDOR_PRODUCTO(PROVEEDOR_ID,PRODUCTO_ID,PRECIO_COMPRA) VALUES(6,688, 1.000000);

-- ===========PRODUCTO [689]
INSERT INTO PRODUCTO(ID,MARCA_ID,NOMBRE,PRESENTACION,CONTENIDO,UNIDADES_POR_CAJA,COSTO,COSTO_VENTA,PRECIO_BASE,UNIDAD_MEDIDA,CODIGO_BARRAS) VALUES(689,36,'Caprice Acondicionador','Colageno y Aloe Vera',400,12.0,1.000000,1.000000,1.000000,'ML',7.509546045849E12);

INSERT INTO MOVIMIENTO_HISTORICO_PRODUCTO (ALMACEN_ID,PRODUCTO_ID,FECHA,TIPO_MOVIMIENTO_ID,CANTIDAD,COSTO,PRECIO,USUARIO_ID) VALUES(1,689,now(),30,12,1.000000,1.000000,'root');
INSERT INTO ALMACEN_PRODUCTO(ALMACEN_ID,PRODUCTO_ID,CANTIDAD_ACTUAL,CANTIDAD_MINIMA,PRECIO_VENTA) VALUES (1,689,12,0,1.000000);

INSERT INTO ALMACEN_PRODUCTO(ALMACEN_ID,PRODUCTO_ID,CANTIDAD_ACTUAL,CANTIDAD_MINIMA,PRECIO_VENTA) VALUES (2,689,0,0,1.000000);

INSERT INTO ALMACEN_PRODUCTO(ALMACEN_ID,PRODUCTO_ID,CANTIDAD_ACTUAL,CANTIDAD_MINIMA,PRECIO_VENTA) VALUES (3,689,12,0,12.900000);

INSERT INTO ALMACEN_PRODUCTO(ALMACEN_ID,PRODUCTO_ID,CANTIDAD_ACTUAL,CANTIDAD_MINIMA,PRECIO_VENTA) VALUES (4,689,12,0,1.000000);

INSERT INTO PROVEEDOR_PRODUCTO(PROVEEDOR_ID,PRODUCTO_ID,PRECIO_COMPRA) VALUES(6,689, 1.000000);

-- ===========PRODUCTO [690]
INSERT INTO PRODUCTO(ID,MARCA_ID,NOMBRE,PRESENTACION,CONTENIDO,UNIDADES_POR_CAJA,COSTO,COSTO_VENTA,PRECIO_BASE,UNIDAD_MEDIDA,CODIGO_BARRAS) VALUES(690,36,'Caprice Acondicionador','Miel y Germen de Trigo',400,12.0,1.000000,1.000000,1.000000,'ML',7.509546045856E12);

INSERT INTO MOVIMIENTO_HISTORICO_PRODUCTO (ALMACEN_ID,PRODUCTO_ID,FECHA,TIPO_MOVIMIENTO_ID,CANTIDAD,COSTO,PRECIO,USUARIO_ID) VALUES(1,690,now(),30,4,1.000000,1.000000,'root');
INSERT INTO ALMACEN_PRODUCTO(ALMACEN_ID,PRODUCTO_ID,CANTIDAD_ACTUAL,CANTIDAD_MINIMA,PRECIO_VENTA) VALUES (1,690,4,0,1.000000);

INSERT INTO ALMACEN_PRODUCTO(ALMACEN_ID,PRODUCTO_ID,CANTIDAD_ACTUAL,CANTIDAD_MINIMA,PRECIO_VENTA) VALUES (2,690,0,0,1.000000);

INSERT INTO ALMACEN_PRODUCTO(ALMACEN_ID,PRODUCTO_ID,CANTIDAD_ACTUAL,CANTIDAD_MINIMA,PRECIO_VENTA) VALUES (3,690,4,0,12.900000);

INSERT INTO ALMACEN_PRODUCTO(ALMACEN_ID,PRODUCTO_ID,CANTIDAD_ACTUAL,CANTIDAD_MINIMA,PRECIO_VENTA) VALUES (4,690,4,0,1.000000);

INSERT INTO PROVEEDOR_PRODUCTO(PROVEEDOR_ID,PRODUCTO_ID,PRECIO_COMPRA) VALUES(6,690, 1.000000);

-- ===========PRODUCTO [691]
INSERT INTO PRODUCTO(ID,MARCA_ID,NOMBRE,PRESENTACION,CONTENIDO,UNIDADES_POR_CAJA,COSTO,COSTO_VENTA,PRECIO_BASE,UNIDAD_MEDIDA,CODIGO_BARRAS) VALUES(691,36,'Caprice Acondicionador','Acti Ceramidas Proteina',800,12.0,1.000000,1.000000,1.000000,'ML',7.509546026619E12);

INSERT INTO MOVIMIENTO_HISTORICO_PRODUCTO (ALMACEN_ID,PRODUCTO_ID,FECHA,TIPO_MOVIMIENTO_ID,CANTIDAD,COSTO,PRECIO,USUARIO_ID) VALUES(1,691,now(),30,12,1.000000,1.000000,'root');
INSERT INTO ALMACEN_PRODUCTO(ALMACEN_ID,PRODUCTO_ID,CANTIDAD_ACTUAL,CANTIDAD_MINIMA,PRECIO_VENTA) VALUES (1,691,12,0,1.000000);

INSERT INTO ALMACEN_PRODUCTO(ALMACEN_ID,PRODUCTO_ID,CANTIDAD_ACTUAL,CANTIDAD_MINIMA,PRECIO_VENTA) VALUES (2,691,0,0,1.000000);

INSERT INTO ALMACEN_PRODUCTO(ALMACEN_ID,PRODUCTO_ID,CANTIDAD_ACTUAL,CANTIDAD_MINIMA,PRECIO_VENTA) VALUES (3,691,12,0,23.900000);

INSERT INTO ALMACEN_PRODUCTO(ALMACEN_ID,PRODUCTO_ID,CANTIDAD_ACTUAL,CANTIDAD_MINIMA,PRECIO_VENTA) VALUES (4,691,12,0,1.000000);

INSERT INTO PROVEEDOR_PRODUCTO(PROVEEDOR_ID,PRODUCTO_ID,PRECIO_COMPRA) VALUES(6,691, 1.000000);

-- ===========PRODUCTO [692]
INSERT INTO PRODUCTO(ID,MARCA_ID,NOMBRE,PRESENTACION,CONTENIDO,UNIDADES_POR_CAJA,COSTO,COSTO_VENTA,PRECIO_BASE,UNIDAD_MEDIDA,CODIGO_BARRAS) VALUES(692,36,'Caprice Acondicionador','Nectar de Miel',800,12.0,1.000000,1.000000,1.000000,'ML',7.509546045146E12);

INSERT INTO MOVIMIENTO_HISTORICO_PRODUCTO (ALMACEN_ID,PRODUCTO_ID,FECHA,TIPO_MOVIMIENTO_ID,CANTIDAD,COSTO,PRECIO,USUARIO_ID) VALUES(1,692,now(),30,11,1.000000,1.000000,'root');
INSERT INTO ALMACEN_PRODUCTO(ALMACEN_ID,PRODUCTO_ID,CANTIDAD_ACTUAL,CANTIDAD_MINIMA,PRECIO_VENTA) VALUES (1,692,11,0,1.000000);

INSERT INTO ALMACEN_PRODUCTO(ALMACEN_ID,PRODUCTO_ID,CANTIDAD_ACTUAL,CANTIDAD_MINIMA,PRECIO_VENTA) VALUES (2,692,0,0,1.000000);

INSERT INTO ALMACEN_PRODUCTO(ALMACEN_ID,PRODUCTO_ID,CANTIDAD_ACTUAL,CANTIDAD_MINIMA,PRECIO_VENTA) VALUES (3,692,11,0,23.900000);

INSERT INTO ALMACEN_PRODUCTO(ALMACEN_ID,PRODUCTO_ID,CANTIDAD_ACTUAL,CANTIDAD_MINIMA,PRECIO_VENTA) VALUES (4,692,11,0,1.000000);

INSERT INTO PROVEEDOR_PRODUCTO(PROVEEDOR_ID,PRODUCTO_ID,PRECIO_COMPRA) VALUES(6,692, 1.000000);

-- ===========PRODUCTO [693]
INSERT INTO PRODUCTO(ID,MARCA_ID,NOMBRE,PRESENTACION,CONTENIDO,UNIDADES_POR_CAJA,COSTO,COSTO_VENTA,PRECIO_BASE,UNIDAD_MEDIDA,CODIGO_BARRAS) VALUES(693,36,'Caprice Acondicionador','Colageno y Aloe Vera',800,12.0,1.000000,1.000000,1.000000,'ML',7.509546026664E12);

INSERT INTO MOVIMIENTO_HISTORICO_PRODUCTO (ALMACEN_ID,PRODUCTO_ID,FECHA,TIPO_MOVIMIENTO_ID,CANTIDAD,COSTO,PRECIO,USUARIO_ID) VALUES(1,693,now(),30,10,1.000000,1.000000,'root');
INSERT INTO ALMACEN_PRODUCTO(ALMACEN_ID,PRODUCTO_ID,CANTIDAD_ACTUAL,CANTIDAD_MINIMA,PRECIO_VENTA) VALUES (1,693,10,0,1.000000);

INSERT INTO ALMACEN_PRODUCTO(ALMACEN_ID,PRODUCTO_ID,CANTIDAD_ACTUAL,CANTIDAD_MINIMA,PRECIO_VENTA) VALUES (2,693,1,0,1.000000);

INSERT INTO ALMACEN_PRODUCTO(ALMACEN_ID,PRODUCTO_ID,CANTIDAD_ACTUAL,CANTIDAD_MINIMA,PRECIO_VENTA) VALUES (3,693,10,0,23.900000);

INSERT INTO ALMACEN_PRODUCTO(ALMACEN_ID,PRODUCTO_ID,CANTIDAD_ACTUAL,CANTIDAD_MINIMA,PRECIO_VENTA) VALUES (4,693,10,0,1.000000);

INSERT INTO PROVEEDOR_PRODUCTO(PROVEEDOR_ID,PRODUCTO_ID,PRECIO_COMPRA) VALUES(6,693, 1.000000);

-- ===========PRODUCTO [694]
INSERT INTO PRODUCTO(ID,MARCA_ID,NOMBRE,PRESENTACION,CONTENIDO,UNIDADES_POR_CAJA,COSTO,COSTO_VENTA,PRECIO_BASE,UNIDAD_MEDIDA,CODIGO_BARRAS) VALUES(694,35,'Colgate Crema Dental Pack 150ml','Maxima Proteccion Anticaries',2,36.0,1.000000,1.000000,1.000000,'Pz',7.509546051208E12);

INSERT INTO MOVIMIENTO_HISTORICO_PRODUCTO (ALMACEN_ID,PRODUCTO_ID,FECHA,TIPO_MOVIMIENTO_ID,CANTIDAD,COSTO,PRECIO,USUARIO_ID) VALUES(1,694,now(),30,36,1.000000,1.000000,'root');
INSERT INTO ALMACEN_PRODUCTO(ALMACEN_ID,PRODUCTO_ID,CANTIDAD_ACTUAL,CANTIDAD_MINIMA,PRECIO_VENTA) VALUES (1,694,36,0,1.000000);

INSERT INTO ALMACEN_PRODUCTO(ALMACEN_ID,PRODUCTO_ID,CANTIDAD_ACTUAL,CANTIDAD_MINIMA,PRECIO_VENTA) VALUES (2,694,34,0,1.000000);

INSERT INTO ALMACEN_PRODUCTO(ALMACEN_ID,PRODUCTO_ID,CANTIDAD_ACTUAL,CANTIDAD_MINIMA,PRECIO_VENTA) VALUES (3,694,36,0,1.000000);

INSERT INTO ALMACEN_PRODUCTO(ALMACEN_ID,PRODUCTO_ID,CANTIDAD_ACTUAL,CANTIDAD_MINIMA,PRECIO_VENTA) VALUES (4,694,36,0,1.000000);

INSERT INTO PROVEEDOR_PRODUCTO(PROVEEDOR_ID,PRODUCTO_ID,PRECIO_COMPRA) VALUES(6,694, 1.000000);

-- ===========PRODUCTO [695]
INSERT INTO PRODUCTO(ID,MARCA_ID,NOMBRE,PRESENTACION,CONTENIDO,UNIDADES_POR_CAJA,COSTO,COSTO_VENTA,PRECIO_BASE,UNIDAD_MEDIDA,CODIGO_BARRAS) VALUES(695,68,'Suavitel Adios al Planchado','Fresca Primavera',1,8.0,1.000000,1.000000,26.070000,'L',7.509546044422E12);

INSERT INTO MOVIMIENTO_HISTORICO_PRODUCTO (ALMACEN_ID,PRODUCTO_ID,FECHA,TIPO_MOVIMIENTO_ID,CANTIDAD,COSTO,PRECIO,USUARIO_ID) VALUES(1,695,now(),30,8,1.000000,26.070000,'root');
INSERT INTO ALMACEN_PRODUCTO(ALMACEN_ID,PRODUCTO_ID,CANTIDAD_ACTUAL,CANTIDAD_MINIMA,PRECIO_VENTA) VALUES (1,695,8,0,26.070000);

INSERT INTO ALMACEN_PRODUCTO(ALMACEN_ID,PRODUCTO_ID,CANTIDAD_ACTUAL,CANTIDAD_MINIMA,PRECIO_VENTA) VALUES (2,695,1,0,1.000000);

INSERT INTO ALMACEN_PRODUCTO(ALMACEN_ID,PRODUCTO_ID,CANTIDAD_ACTUAL,CANTIDAD_MINIMA,PRECIO_VENTA) VALUES (3,695,8,0,23.500000);

INSERT INTO ALMACEN_PRODUCTO(ALMACEN_ID,PRODUCTO_ID,CANTIDAD_ACTUAL,CANTIDAD_MINIMA,PRECIO_VENTA) VALUES (4,695,8,0,1.000000);

INSERT INTO PROVEEDOR_PRODUCTO(PROVEEDOR_ID,PRODUCTO_ID,PRECIO_COMPRA) VALUES(6,695, 1.000000);

-- ===========PRODUCTO [696]
INSERT INTO PRODUCTO(ID,MARCA_ID,NOMBRE,PRESENTACION,CONTENIDO,UNIDADES_POR_CAJA,COSTO,COSTO_VENTA,PRECIO_BASE,UNIDAD_MEDIDA,CODIGO_BARRAS) VALUES(696,68,'Suavitel','Fresca Primavera',1,8.0,1.000000,1.000000,26.070000,'Lt',7.50954601533E12);

INSERT INTO MOVIMIENTO_HISTORICO_PRODUCTO (ALMACEN_ID,PRODUCTO_ID,FECHA,TIPO_MOVIMIENTO_ID,CANTIDAD,COSTO,PRECIO,USUARIO_ID) VALUES(1,696,now(),30,7,1.000000,26.070000,'root');
INSERT INTO ALMACEN_PRODUCTO(ALMACEN_ID,PRODUCTO_ID,CANTIDAD_ACTUAL,CANTIDAD_MINIMA,PRECIO_VENTA) VALUES (1,696,7,0,26.070000);

INSERT INTO ALMACEN_PRODUCTO(ALMACEN_ID,PRODUCTO_ID,CANTIDAD_ACTUAL,CANTIDAD_MINIMA,PRECIO_VENTA) VALUES (2,696,1,0,1.000000);

INSERT INTO ALMACEN_PRODUCTO(ALMACEN_ID,PRODUCTO_ID,CANTIDAD_ACTUAL,CANTIDAD_MINIMA,PRECIO_VENTA) VALUES (3,696,7,0,23.500000);

INSERT INTO ALMACEN_PRODUCTO(ALMACEN_ID,PRODUCTO_ID,CANTIDAD_ACTUAL,CANTIDAD_MINIMA,PRECIO_VENTA) VALUES (4,696,7,0,1.000000);

INSERT INTO PROVEEDOR_PRODUCTO(PROVEEDOR_ID,PRODUCTO_ID,PRECIO_COMPRA) VALUES(6,696, 1.000000);

-- ===========PRODUCTO [697]
INSERT INTO PRODUCTO(ID,MARCA_ID,NOMBRE,PRESENTACION,CONTENIDO,UNIDADES_POR_CAJA,COSTO,COSTO_VENTA,PRECIO_BASE,UNIDAD_MEDIDA,CODIGO_BARRAS) VALUES(697,17,'Palmolive Pack Sachet C/24 + Jabon 180g','Sensacion Humectante',2,24.0,1.000000,1.000000,1.000000,'PZ',7.509546055824E12);

INSERT INTO MOVIMIENTO_HISTORICO_PRODUCTO (ALMACEN_ID,PRODUCTO_ID,FECHA,TIPO_MOVIMIENTO_ID,CANTIDAD,COSTO,PRECIO,USUARIO_ID) VALUES(1,697,now(),30,0,1.000000,1.000000,'root');
INSERT INTO ALMACEN_PRODUCTO(ALMACEN_ID,PRODUCTO_ID,CANTIDAD_ACTUAL,CANTIDAD_MINIMA,PRECIO_VENTA) VALUES (1,697,0,0,1.000000);

INSERT INTO ALMACEN_PRODUCTO(ALMACEN_ID,PRODUCTO_ID,CANTIDAD_ACTUAL,CANTIDAD_MINIMA,PRECIO_VENTA) VALUES (2,697,0,0,1.000000);

INSERT INTO PROVEEDOR_PRODUCTO(PROVEEDOR_ID,PRODUCTO_ID,PRECIO_COMPRA) VALUES(6,697, 1.000000);

-- ===========PRODUCTO [698]
INSERT INTO PRODUCTO(ID,MARCA_ID,NOMBRE,PRESENTACION,CONTENIDO,UNIDADES_POR_CAJA,COSTO,COSTO_VENTA,PRECIO_BASE,UNIDAD_MEDIDA,CODIGO_BARRAS) VALUES(698,17,'Palmolive Sachet de 10ml','4 Extra Intensivo',24,24.0,1.000000,1.000000,1.000000,'Pz',7.501035908734E12);

INSERT INTO MOVIMIENTO_HISTORICO_PRODUCTO (ALMACEN_ID,PRODUCTO_ID,FECHA,TIPO_MOVIMIENTO_ID,CANTIDAD,COSTO,PRECIO,USUARIO_ID) VALUES(1,698,now(),30,24,1.000000,1.000000,'root');
INSERT INTO ALMACEN_PRODUCTO(ALMACEN_ID,PRODUCTO_ID,CANTIDAD_ACTUAL,CANTIDAD_MINIMA,PRECIO_VENTA) VALUES (1,698,24,0,1.000000);

INSERT INTO ALMACEN_PRODUCTO(ALMACEN_ID,PRODUCTO_ID,CANTIDAD_ACTUAL,CANTIDAD_MINIMA,PRECIO_VENTA) VALUES (2,698,0,0,1.000000);

INSERT INTO ALMACEN_PRODUCTO(ALMACEN_ID,PRODUCTO_ID,CANTIDAD_ACTUAL,CANTIDAD_MINIMA,PRECIO_VENTA) VALUES (3,698,24,0,1.000000);

INSERT INTO ALMACEN_PRODUCTO(ALMACEN_ID,PRODUCTO_ID,CANTIDAD_ACTUAL,CANTIDAD_MINIMA,PRECIO_VENTA) VALUES (4,698,24,0,1.000000);

INSERT INTO PROVEEDOR_PRODUCTO(PROVEEDOR_ID,PRODUCTO_ID,PRECIO_COMPRA) VALUES(6,698, 1.000000);

-- ===========PRODUCTO [699]
INSERT INTO PRODUCTO(ID,MARCA_ID,NOMBRE,PRESENTACION,CONTENIDO,UNIDADES_POR_CAJA,COSTO,COSTO_VENTA,PRECIO_BASE,UNIDAD_MEDIDA,CODIGO_BARRAS) VALUES(699,17,'Palmolive Sachet','4 Extra Intensivo',10,24.0,1.000000,1.000000,1.000000,'ML',7.501035910256E12);

INSERT INTO MOVIMIENTO_HISTORICO_PRODUCTO (ALMACEN_ID,PRODUCTO_ID,FECHA,TIPO_MOVIMIENTO_ID,CANTIDAD,COSTO,PRECIO,USUARIO_ID) VALUES(1,699,now(),30,335,1.000000,1.000000,'root');
INSERT INTO ALMACEN_PRODUCTO(ALMACEN_ID,PRODUCTO_ID,CANTIDAD_ACTUAL,CANTIDAD_MINIMA,PRECIO_VENTA) VALUES (1,699,335,0,1.000000);

INSERT INTO ALMACEN_PRODUCTO(ALMACEN_ID,PRODUCTO_ID,CANTIDAD_ACTUAL,CANTIDAD_MINIMA,PRECIO_VENTA) VALUES (2,699,0,0,1.000000);

INSERT INTO ALMACEN_PRODUCTO(ALMACEN_ID,PRODUCTO_ID,CANTIDAD_ACTUAL,CANTIDAD_MINIMA,PRECIO_VENTA) VALUES (3,699,335,0,1.000000);

INSERT INTO ALMACEN_PRODUCTO(ALMACEN_ID,PRODUCTO_ID,CANTIDAD_ACTUAL,CANTIDAD_MINIMA,PRECIO_VENTA) VALUES (4,699,335,0,1.000000);

INSERT INTO PROVEEDOR_PRODUCTO(PROVEEDOR_ID,PRODUCTO_ID,PRECIO_COMPRA) VALUES(6,699, 1.000000);

-- ===========PRODUCTO [700]
INSERT INTO PRODUCTO(ID,MARCA_ID,NOMBRE,PRESENTACION,CONTENIDO,UNIDADES_POR_CAJA,COSTO,COSTO_VENTA,PRECIO_BASE,UNIDAD_MEDIDA,CODIGO_BARRAS) VALUES(700,17,'Palmolive Sachet 2x1 de 10ml','4 Extra Intensivo',48,24.0,1.000000,1.000000,1.000000,'Pz',7.509546015699E12);

INSERT INTO MOVIMIENTO_HISTORICO_PRODUCTO (ALMACEN_ID,PRODUCTO_ID,FECHA,TIPO_MOVIMIENTO_ID,CANTIDAD,COSTO,PRECIO,USUARIO_ID) VALUES(1,700,now(),30,60,1.000000,1.000000,'root');
INSERT INTO ALMACEN_PRODUCTO(ALMACEN_ID,PRODUCTO_ID,CANTIDAD_ACTUAL,CANTIDAD_MINIMA,PRECIO_VENTA) VALUES (1,700,60,0,1.000000);

INSERT INTO ALMACEN_PRODUCTO(ALMACEN_ID,PRODUCTO_ID,CANTIDAD_ACTUAL,CANTIDAD_MINIMA,PRECIO_VENTA) VALUES (2,700,0,0,1.000000);

INSERT INTO ALMACEN_PRODUCTO(ALMACEN_ID,PRODUCTO_ID,CANTIDAD_ACTUAL,CANTIDAD_MINIMA,PRECIO_VENTA) VALUES (3,700,60,0,1.000000);

INSERT INTO ALMACEN_PRODUCTO(ALMACEN_ID,PRODUCTO_ID,CANTIDAD_ACTUAL,CANTIDAD_MINIMA,PRECIO_VENTA) VALUES (4,700,60,0,1.000000);

INSERT INTO PROVEEDOR_PRODUCTO(PROVEEDOR_ID,PRODUCTO_ID,PRECIO_COMPRA) VALUES(6,700, 1.000000);

-- ===========PRODUCTO [701]
INSERT INTO PRODUCTO(ID,MARCA_ID,NOMBRE,PRESENTACION,CONTENIDO,UNIDADES_POR_CAJA,COSTO,COSTO_VENTA,PRECIO_BASE,UNIDAD_MEDIDA,CODIGO_BARRAS) VALUES(701,17,'Palmolive Sachet 2 X 1','4 Extra Intensivo',10,24.0,1.000000,1.000000,1.000000,'ML',7.509546015682E12);

INSERT INTO MOVIMIENTO_HISTORICO_PRODUCTO (ALMACEN_ID,PRODUCTO_ID,FECHA,TIPO_MOVIMIENTO_ID,CANTIDAD,COSTO,PRECIO,USUARIO_ID) VALUES(1,701,now(),30,114,1.000000,1.000000,'root');
INSERT INTO ALMACEN_PRODUCTO(ALMACEN_ID,PRODUCTO_ID,CANTIDAD_ACTUAL,CANTIDAD_MINIMA,PRECIO_VENTA) VALUES (1,701,114,0,1.000000);

INSERT INTO ALMACEN_PRODUCTO(ALMACEN_ID,PRODUCTO_ID,CANTIDAD_ACTUAL,CANTIDAD_MINIMA,PRECIO_VENTA) VALUES (2,701,0,0,1.000000);

INSERT INTO ALMACEN_PRODUCTO(ALMACEN_ID,PRODUCTO_ID,CANTIDAD_ACTUAL,CANTIDAD_MINIMA,PRECIO_VENTA) VALUES (3,701,114,0,1.000000);

INSERT INTO ALMACEN_PRODUCTO(ALMACEN_ID,PRODUCTO_ID,CANTIDAD_ACTUAL,CANTIDAD_MINIMA,PRECIO_VENTA) VALUES (4,701,114,0,1.000000);

INSERT INTO PROVEEDOR_PRODUCTO(PROVEEDOR_ID,PRODUCTO_ID,PRECIO_COMPRA) VALUES(6,701, 1.000000);

-- ===========PRODUCTO [702]
INSERT INTO PRODUCTO(ID,MARCA_ID,NOMBRE,PRESENTACION,CONTENIDO,UNIDADES_POR_CAJA,COSTO,COSTO_VENTA,PRECIO_BASE,UNIDAD_MEDIDA,CODIGO_BARRAS) VALUES(702,61,'Moco de Gorila Sobre','Galan',10,150.0,1.000000,1.000000,1.000000,'G',7.501438301699E12);

INSERT INTO MOVIMIENTO_HISTORICO_PRODUCTO (ALMACEN_ID,PRODUCTO_ID,FECHA,TIPO_MOVIMIENTO_ID,CANTIDAD,COSTO,PRECIO,USUARIO_ID) VALUES(1,702,now(),30,150,1.000000,1.000000,'root');
INSERT INTO ALMACEN_PRODUCTO(ALMACEN_ID,PRODUCTO_ID,CANTIDAD_ACTUAL,CANTIDAD_MINIMA,PRECIO_VENTA) VALUES (1,702,150,0,1.000000);

INSERT INTO ALMACEN_PRODUCTO(ALMACEN_ID,PRODUCTO_ID,CANTIDAD_ACTUAL,CANTIDAD_MINIMA,PRECIO_VENTA) VALUES (2,702,0,0,1.000000);

INSERT INTO ALMACEN_PRODUCTO(ALMACEN_ID,PRODUCTO_ID,CANTIDAD_ACTUAL,CANTIDAD_MINIMA,PRECIO_VENTA) VALUES (3,702,150,0,1.000000);

INSERT INTO ALMACEN_PRODUCTO(ALMACEN_ID,PRODUCTO_ID,CANTIDAD_ACTUAL,CANTIDAD_MINIMA,PRECIO_VENTA) VALUES (4,702,150,0,1.000000);

INSERT INTO PROVEEDOR_PRODUCTO(PROVEEDOR_ID,PRODUCTO_ID,PRECIO_COMPRA) VALUES(22,702, 1.000000);

-- ===========PRODUCTO [703]
INSERT INTO PRODUCTO(ID,MARCA_ID,NOMBRE,PRESENTACION,CONTENIDO,UNIDADES_POR_CAJA,COSTO,COSTO_VENTA,PRECIO_BASE,UNIDAD_MEDIDA,CODIGO_BARRAS) VALUES(703,61,'Moco de Gorila Sobre','Punk',10,150.0,1.000000,1.000000,1.000000,'G',7.501438301675E12);

INSERT INTO MOVIMIENTO_HISTORICO_PRODUCTO (ALMACEN_ID,PRODUCTO_ID,FECHA,TIPO_MOVIMIENTO_ID,CANTIDAD,COSTO,PRECIO,USUARIO_ID) VALUES(1,703,now(),30,150,1.000000,1.000000,'root');
INSERT INTO ALMACEN_PRODUCTO(ALMACEN_ID,PRODUCTO_ID,CANTIDAD_ACTUAL,CANTIDAD_MINIMA,PRECIO_VENTA) VALUES (1,703,150,0,1.000000);

INSERT INTO ALMACEN_PRODUCTO(ALMACEN_ID,PRODUCTO_ID,CANTIDAD_ACTUAL,CANTIDAD_MINIMA,PRECIO_VENTA) VALUES (2,703,0,0,1.000000);

INSERT INTO ALMACEN_PRODUCTO(ALMACEN_ID,PRODUCTO_ID,CANTIDAD_ACTUAL,CANTIDAD_MINIMA,PRECIO_VENTA) VALUES (3,703,150,0,1.000000);

INSERT INTO ALMACEN_PRODUCTO(ALMACEN_ID,PRODUCTO_ID,CANTIDAD_ACTUAL,CANTIDAD_MINIMA,PRECIO_VENTA) VALUES (4,703,150,0,1.000000);

INSERT INTO PROVEEDOR_PRODUCTO(PROVEEDOR_ID,PRODUCTO_ID,PRECIO_COMPRA) VALUES(22,703, 1.000000);

-- ===========PRODUCTO [704]
INSERT INTO PRODUCTO(ID,MARCA_ID,NOMBRE,PRESENTACION,CONTENIDO,UNIDADES_POR_CAJA,COSTO,COSTO_VENTA,PRECIO_BASE,UNIDAD_MEDIDA,CODIGO_BARRAS) VALUES(704,54,'Real Shampoo','Aceite Oliva',900,12.0,1.000000,1.000000,1.000000,'ML',7.501039701126E12);

INSERT INTO MOVIMIENTO_HISTORICO_PRODUCTO (ALMACEN_ID,PRODUCTO_ID,FECHA,TIPO_MOVIMIENTO_ID,CANTIDAD,COSTO,PRECIO,USUARIO_ID) VALUES(1,704,now(),30,12,1.000000,1.000000,'root');
INSERT INTO ALMACEN_PRODUCTO(ALMACEN_ID,PRODUCTO_ID,CANTIDAD_ACTUAL,CANTIDAD_MINIMA,PRECIO_VENTA) VALUES (1,704,12,0,1.000000);

INSERT INTO ALMACEN_PRODUCTO(ALMACEN_ID,PRODUCTO_ID,CANTIDAD_ACTUAL,CANTIDAD_MINIMA,PRECIO_VENTA) VALUES (2,704,0,0,1.000000);

INSERT INTO ALMACEN_PRODUCTO(ALMACEN_ID,PRODUCTO_ID,CANTIDAD_ACTUAL,CANTIDAD_MINIMA,PRECIO_VENTA) VALUES (3,704,12,0,1.000000);

INSERT INTO ALMACEN_PRODUCTO(ALMACEN_ID,PRODUCTO_ID,CANTIDAD_ACTUAL,CANTIDAD_MINIMA,PRECIO_VENTA) VALUES (4,704,12,0,1.000000);

INSERT INTO PROVEEDOR_PRODUCTO(PROVEEDOR_ID,PRODUCTO_ID,PRECIO_COMPRA) VALUES(26,704, 1.000000);

-- ===========PRODUCTO [705]
INSERT INTO PRODUCTO(ID,MARCA_ID,NOMBRE,PRESENTACION,CONTENIDO,UNIDADES_POR_CAJA,COSTO,COSTO_VENTA,PRECIO_BASE,UNIDAD_MEDIDA,CODIGO_BARRAS) VALUES(705,54,'Real Shampoo','Sabila',900,12.0,1.000000,1.000000,1.000000,'ML',7.501039701119E12);

INSERT INTO MOVIMIENTO_HISTORICO_PRODUCTO (ALMACEN_ID,PRODUCTO_ID,FECHA,TIPO_MOVIMIENTO_ID,CANTIDAD,COSTO,PRECIO,USUARIO_ID) VALUES(1,705,now(),30,12,1.000000,1.000000,'root');
INSERT INTO ALMACEN_PRODUCTO(ALMACEN_ID,PRODUCTO_ID,CANTIDAD_ACTUAL,CANTIDAD_MINIMA,PRECIO_VENTA) VALUES (1,705,12,0,1.000000);

INSERT INTO ALMACEN_PRODUCTO(ALMACEN_ID,PRODUCTO_ID,CANTIDAD_ACTUAL,CANTIDAD_MINIMA,PRECIO_VENTA) VALUES (2,705,0,0,1.000000);

INSERT INTO ALMACEN_PRODUCTO(ALMACEN_ID,PRODUCTO_ID,CANTIDAD_ACTUAL,CANTIDAD_MINIMA,PRECIO_VENTA) VALUES (3,705,12,0,1.000000);

INSERT INTO ALMACEN_PRODUCTO(ALMACEN_ID,PRODUCTO_ID,CANTIDAD_ACTUAL,CANTIDAD_MINIMA,PRECIO_VENTA) VALUES (4,705,12,0,1.000000);

INSERT INTO PROVEEDOR_PRODUCTO(PROVEEDOR_ID,PRODUCTO_ID,PRECIO_COMPRA) VALUES(26,705, 1.000000);

-- ===========PRODUCTO [706]
INSERT INTO PRODUCTO(ID,MARCA_ID,NOMBRE,PRESENTACION,CONTENIDO,UNIDADES_POR_CAJA,COSTO,COSTO_VENTA,PRECIO_BASE,UNIDAD_MEDIDA,CODIGO_BARRAS) VALUES(706,54,'Real Shampoo','Huevo',900,12.0,1.000000,1.000000,1.000000,'ML',7.501039701089E12);

INSERT INTO MOVIMIENTO_HISTORICO_PRODUCTO (ALMACEN_ID,PRODUCTO_ID,FECHA,TIPO_MOVIMIENTO_ID,CANTIDAD,COSTO,PRECIO,USUARIO_ID) VALUES(1,706,now(),30,12,1.000000,1.000000,'root');
INSERT INTO ALMACEN_PRODUCTO(ALMACEN_ID,PRODUCTO_ID,CANTIDAD_ACTUAL,CANTIDAD_MINIMA,PRECIO_VENTA) VALUES (1,706,12,0,1.000000);

INSERT INTO ALMACEN_PRODUCTO(ALMACEN_ID,PRODUCTO_ID,CANTIDAD_ACTUAL,CANTIDAD_MINIMA,PRECIO_VENTA) VALUES (2,706,0,0,1.000000);

INSERT INTO ALMACEN_PRODUCTO(ALMACEN_ID,PRODUCTO_ID,CANTIDAD_ACTUAL,CANTIDAD_MINIMA,PRECIO_VENTA) VALUES (3,706,12,0,1.000000);

INSERT INTO ALMACEN_PRODUCTO(ALMACEN_ID,PRODUCTO_ID,CANTIDAD_ACTUAL,CANTIDAD_MINIMA,PRECIO_VENTA) VALUES (4,706,12,0,1.000000);

INSERT INTO PROVEEDOR_PRODUCTO(PROVEEDOR_ID,PRODUCTO_ID,PRECIO_COMPRA) VALUES(26,706, 1.000000);

-- ===========PRODUCTO [707]
INSERT INTO PRODUCTO(ID,MARCA_ID,NOMBRE,PRESENTACION,CONTENIDO,UNIDADES_POR_CAJA,COSTO,COSTO_VENTA,PRECIO_BASE,UNIDAD_MEDIDA,CODIGO_BARRAS) VALUES(707,54,'Real Shampoo','Trigo y Miel',900,12.0,1.000000,1.000000,1.000000,'ML',7.501039701096E12);

INSERT INTO MOVIMIENTO_HISTORICO_PRODUCTO (ALMACEN_ID,PRODUCTO_ID,FECHA,TIPO_MOVIMIENTO_ID,CANTIDAD,COSTO,PRECIO,USUARIO_ID) VALUES(1,707,now(),30,24,1.000000,1.000000,'root');
INSERT INTO ALMACEN_PRODUCTO(ALMACEN_ID,PRODUCTO_ID,CANTIDAD_ACTUAL,CANTIDAD_MINIMA,PRECIO_VENTA) VALUES (1,707,24,0,1.000000);

INSERT INTO ALMACEN_PRODUCTO(ALMACEN_ID,PRODUCTO_ID,CANTIDAD_ACTUAL,CANTIDAD_MINIMA,PRECIO_VENTA) VALUES (2,707,0,0,1.000000);

INSERT INTO ALMACEN_PRODUCTO(ALMACEN_ID,PRODUCTO_ID,CANTIDAD_ACTUAL,CANTIDAD_MINIMA,PRECIO_VENTA) VALUES (3,707,24,0,1.000000);

INSERT INTO ALMACEN_PRODUCTO(ALMACEN_ID,PRODUCTO_ID,CANTIDAD_ACTUAL,CANTIDAD_MINIMA,PRECIO_VENTA) VALUES (4,707,24,0,1.000000);

INSERT INTO PROVEEDOR_PRODUCTO(PROVEEDOR_ID,PRODUCTO_ID,PRECIO_COMPRA) VALUES(26,707, 1.000000);

-- ===========PRODUCTO [708]
INSERT INTO PRODUCTO(ID,MARCA_ID,NOMBRE,PRESENTACION,CONTENIDO,UNIDADES_POR_CAJA,COSTO,COSTO_VENTA,PRECIO_BASE,UNIDAD_MEDIDA,CODIGO_BARRAS) VALUES(708,54,'Real Shampoo','Jojoba',900,12.0,1.000000,1.000000,1.000000,'ML',7.501039701218E12);

INSERT INTO MOVIMIENTO_HISTORICO_PRODUCTO (ALMACEN_ID,PRODUCTO_ID,FECHA,TIPO_MOVIMIENTO_ID,CANTIDAD,COSTO,PRECIO,USUARIO_ID) VALUES(1,708,now(),30,12,1.000000,1.000000,'root');
INSERT INTO ALMACEN_PRODUCTO(ALMACEN_ID,PRODUCTO_ID,CANTIDAD_ACTUAL,CANTIDAD_MINIMA,PRECIO_VENTA) VALUES (1,708,12,0,1.000000);

INSERT INTO ALMACEN_PRODUCTO(ALMACEN_ID,PRODUCTO_ID,CANTIDAD_ACTUAL,CANTIDAD_MINIMA,PRECIO_VENTA) VALUES (2,708,0,0,1.000000);

INSERT INTO ALMACEN_PRODUCTO(ALMACEN_ID,PRODUCTO_ID,CANTIDAD_ACTUAL,CANTIDAD_MINIMA,PRECIO_VENTA) VALUES (3,708,12,0,1.000000);

INSERT INTO ALMACEN_PRODUCTO(ALMACEN_ID,PRODUCTO_ID,CANTIDAD_ACTUAL,CANTIDAD_MINIMA,PRECIO_VENTA) VALUES (4,708,12,0,1.000000);

INSERT INTO PROVEEDOR_PRODUCTO(PROVEEDOR_ID,PRODUCTO_ID,PRECIO_COMPRA) VALUES(26,708, 1.000000);

-- ===========PRODUCTO [709]
INSERT INTO PRODUCTO(ID,MARCA_ID,NOMBRE,PRESENTACION,CONTENIDO,UNIDADES_POR_CAJA,COSTO,COSTO_VENTA,PRECIO_BASE,UNIDAD_MEDIDA,CODIGO_BARRAS) VALUES(709,54,'Real Shampoo','Manzanilla',900,12.0,1.000000,1.000000,1.000000,'ML',7.501039701133E12);

INSERT INTO MOVIMIENTO_HISTORICO_PRODUCTO (ALMACEN_ID,PRODUCTO_ID,FECHA,TIPO_MOVIMIENTO_ID,CANTIDAD,COSTO,PRECIO,USUARIO_ID) VALUES(1,709,now(),30,12,1.000000,1.000000,'root');
INSERT INTO ALMACEN_PRODUCTO(ALMACEN_ID,PRODUCTO_ID,CANTIDAD_ACTUAL,CANTIDAD_MINIMA,PRECIO_VENTA) VALUES (1,709,12,0,1.000000);

INSERT INTO ALMACEN_PRODUCTO(ALMACEN_ID,PRODUCTO_ID,CANTIDAD_ACTUAL,CANTIDAD_MINIMA,PRECIO_VENTA) VALUES (2,709,0,0,1.000000);

INSERT INTO ALMACEN_PRODUCTO(ALMACEN_ID,PRODUCTO_ID,CANTIDAD_ACTUAL,CANTIDAD_MINIMA,PRECIO_VENTA) VALUES (3,709,12,0,1.000000);

INSERT INTO ALMACEN_PRODUCTO(ALMACEN_ID,PRODUCTO_ID,CANTIDAD_ACTUAL,CANTIDAD_MINIMA,PRECIO_VENTA) VALUES (4,709,12,0,1.000000);

INSERT INTO PROVEEDOR_PRODUCTO(PROVEEDOR_ID,PRODUCTO_ID,PRECIO_COMPRA) VALUES(26,709, 1.000000);

-- ===========PRODUCTO [710]
INSERT INTO PRODUCTO(ID,MARCA_ID,NOMBRE,PRESENTACION,CONTENIDO,UNIDADES_POR_CAJA,COSTO,COSTO_VENTA,PRECIO_BASE,UNIDAD_MEDIDA,CODIGO_BARRAS) VALUES(710,54,'Real Shampoo','Crematizado',900,12.0,1.000000,1.000000,1.000000,'ML',7.501039701072E12);

INSERT INTO MOVIMIENTO_HISTORICO_PRODUCTO (ALMACEN_ID,PRODUCTO_ID,FECHA,TIPO_MOVIMIENTO_ID,CANTIDAD,COSTO,PRECIO,USUARIO_ID) VALUES(1,710,now(),30,12,1.000000,1.000000,'root');
INSERT INTO ALMACEN_PRODUCTO(ALMACEN_ID,PRODUCTO_ID,CANTIDAD_ACTUAL,CANTIDAD_MINIMA,PRECIO_VENTA) VALUES (1,710,12,0,1.000000);

INSERT INTO ALMACEN_PRODUCTO(ALMACEN_ID,PRODUCTO_ID,CANTIDAD_ACTUAL,CANTIDAD_MINIMA,PRECIO_VENTA) VALUES (2,710,0,0,1.000000);

INSERT INTO ALMACEN_PRODUCTO(ALMACEN_ID,PRODUCTO_ID,CANTIDAD_ACTUAL,CANTIDAD_MINIMA,PRECIO_VENTA) VALUES (3,710,12,0,1.000000);

INSERT INTO ALMACEN_PRODUCTO(ALMACEN_ID,PRODUCTO_ID,CANTIDAD_ACTUAL,CANTIDAD_MINIMA,PRECIO_VENTA) VALUES (4,710,12,0,1.000000);

INSERT INTO PROVEEDOR_PRODUCTO(PROVEEDOR_ID,PRODUCTO_ID,PRECIO_COMPRA) VALUES(26,710, 1.000000);

-- ===========PRODUCTO [711]
INSERT INTO PRODUCTO(ID,MARCA_ID,NOMBRE,PRESENTACION,CONTENIDO,UNIDADES_POR_CAJA,COSTO,COSTO_VENTA,PRECIO_BASE,UNIDAD_MEDIDA,CODIGO_BARRAS) VALUES(711,54,'Real Shampoo','Herbal',900,12.0,1.000000,1.000000,1.000000,'ML',7.50103970114E12);

INSERT INTO MOVIMIENTO_HISTORICO_PRODUCTO (ALMACEN_ID,PRODUCTO_ID,FECHA,TIPO_MOVIMIENTO_ID,CANTIDAD,COSTO,PRECIO,USUARIO_ID) VALUES(1,711,now(),30,12,1.000000,1.000000,'root');
INSERT INTO ALMACEN_PRODUCTO(ALMACEN_ID,PRODUCTO_ID,CANTIDAD_ACTUAL,CANTIDAD_MINIMA,PRECIO_VENTA) VALUES (1,711,12,0,1.000000);

INSERT INTO ALMACEN_PRODUCTO(ALMACEN_ID,PRODUCTO_ID,CANTIDAD_ACTUAL,CANTIDAD_MINIMA,PRECIO_VENTA) VALUES (2,711,3,0,1.000000);

INSERT INTO ALMACEN_PRODUCTO(ALMACEN_ID,PRODUCTO_ID,CANTIDAD_ACTUAL,CANTIDAD_MINIMA,PRECIO_VENTA) VALUES (3,711,12,0,1.000000);

INSERT INTO ALMACEN_PRODUCTO(ALMACEN_ID,PRODUCTO_ID,CANTIDAD_ACTUAL,CANTIDAD_MINIMA,PRECIO_VENTA) VALUES (4,711,12,0,1.000000);

INSERT INTO PROVEEDOR_PRODUCTO(PROVEEDOR_ID,PRODUCTO_ID,PRECIO_COMPRA) VALUES(26,711, 1.000000);

-- ===========PRODUCTO [712]
INSERT INTO PRODUCTO(ID,MARCA_ID,NOMBRE,PRESENTACION,CONTENIDO,UNIDADES_POR_CAJA,COSTO,COSTO_VENTA,PRECIO_BASE,UNIDAD_MEDIDA,CODIGO_BARRAS) VALUES(712,69,'Axion Detergente Polvo','Limon',250,48.0,1.000000,1.000000,1.000000,'G',7.509546018911E12);

INSERT INTO MOVIMIENTO_HISTORICO_PRODUCTO (ALMACEN_ID,PRODUCTO_ID,FECHA,TIPO_MOVIMIENTO_ID,CANTIDAD,COSTO,PRECIO,USUARIO_ID) VALUES(1,712,now(),30,50,1.000000,1.000000,'root');
INSERT INTO ALMACEN_PRODUCTO(ALMACEN_ID,PRODUCTO_ID,CANTIDAD_ACTUAL,CANTIDAD_MINIMA,PRECIO_VENTA) VALUES (1,712,50,0,1.000000);

INSERT INTO ALMACEN_PRODUCTO(ALMACEN_ID,PRODUCTO_ID,CANTIDAD_ACTUAL,CANTIDAD_MINIMA,PRECIO_VENTA) VALUES (2,712,0,0,1.000000);

INSERT INTO ALMACEN_PRODUCTO(ALMACEN_ID,PRODUCTO_ID,CANTIDAD_ACTUAL,CANTIDAD_MINIMA,PRECIO_VENTA) VALUES (3,712,50,0,1.000000);

INSERT INTO ALMACEN_PRODUCTO(ALMACEN_ID,PRODUCTO_ID,CANTIDAD_ACTUAL,CANTIDAD_MINIMA,PRECIO_VENTA) VALUES (4,712,50,0,1.000000);

INSERT INTO PROVEEDOR_PRODUCTO(PROVEEDOR_ID,PRODUCTO_ID,PRECIO_COMPRA) VALUES(6,712, 1.000000);

-- ===========PRODUCTO [713]
INSERT INTO PRODUCTO(ID,MARCA_ID,NOMBRE,PRESENTACION,CONTENIDO,UNIDADES_POR_CAJA,COSTO,COSTO_VENTA,PRECIO_BASE,UNIDAD_MEDIDA,CODIGO_BARRAS) VALUES(713,69,'Axion Detergente en Polvo','Limon Arrancagrasa',500,24.0,1.000000,1.000000,1.000000,'G',7.509546018928E12);

INSERT INTO MOVIMIENTO_HISTORICO_PRODUCTO (ALMACEN_ID,PRODUCTO_ID,FECHA,TIPO_MOVIMIENTO_ID,CANTIDAD,COSTO,PRECIO,USUARIO_ID) VALUES(1,713,now(),30,30,1.000000,1.000000,'root');
INSERT INTO ALMACEN_PRODUCTO(ALMACEN_ID,PRODUCTO_ID,CANTIDAD_ACTUAL,CANTIDAD_MINIMA,PRECIO_VENTA) VALUES (1,713,30,0,1.000000);

INSERT INTO ALMACEN_PRODUCTO(ALMACEN_ID,PRODUCTO_ID,CANTIDAD_ACTUAL,CANTIDAD_MINIMA,PRECIO_VENTA) VALUES (2,713,0,0,1.000000);

INSERT INTO ALMACEN_PRODUCTO(ALMACEN_ID,PRODUCTO_ID,CANTIDAD_ACTUAL,CANTIDAD_MINIMA,PRECIO_VENTA) VALUES (3,713,30,0,1.000000);

INSERT INTO ALMACEN_PRODUCTO(ALMACEN_ID,PRODUCTO_ID,CANTIDAD_ACTUAL,CANTIDAD_MINIMA,PRECIO_VENTA) VALUES (4,713,30,0,1.000000);

INSERT INTO PROVEEDOR_PRODUCTO(PROVEEDOR_ID,PRODUCTO_ID,PRECIO_COMPRA) VALUES(6,713, 1.000000);

-- ===========PRODUCTO [714]
INSERT INTO PRODUCTO(ID,MARCA_ID,NOMBRE,PRESENTACION,CONTENIDO,UNIDADES_POR_CAJA,COSTO,COSTO_VENTA,PRECIO_BASE,UNIDAD_MEDIDA,CODIGO_BARRAS) VALUES(714,69,'Axion Detergente Polvo','Lima Limon',500,24.0,1.000000,1.000000,1.000000,'G',7.509546018966E12);

INSERT INTO MOVIMIENTO_HISTORICO_PRODUCTO (ALMACEN_ID,PRODUCTO_ID,FECHA,TIPO_MOVIMIENTO_ID,CANTIDAD,COSTO,PRECIO,USUARIO_ID) VALUES(1,714,now(),30,30,1.000000,1.000000,'root');
INSERT INTO ALMACEN_PRODUCTO(ALMACEN_ID,PRODUCTO_ID,CANTIDAD_ACTUAL,CANTIDAD_MINIMA,PRECIO_VENTA) VALUES (1,714,30,0,1.000000);

INSERT INTO ALMACEN_PRODUCTO(ALMACEN_ID,PRODUCTO_ID,CANTIDAD_ACTUAL,CANTIDAD_MINIMA,PRECIO_VENTA) VALUES (2,714,0,0,1.000000);

INSERT INTO ALMACEN_PRODUCTO(ALMACEN_ID,PRODUCTO_ID,CANTIDAD_ACTUAL,CANTIDAD_MINIMA,PRECIO_VENTA) VALUES (3,714,30,0,1.000000);

INSERT INTO ALMACEN_PRODUCTO(ALMACEN_ID,PRODUCTO_ID,CANTIDAD_ACTUAL,CANTIDAD_MINIMA,PRECIO_VENTA) VALUES (4,714,30,0,1.000000);

INSERT INTO PROVEEDOR_PRODUCTO(PROVEEDOR_ID,PRODUCTO_ID,PRECIO_COMPRA) VALUES(6,714, 1.000000);

-- ===========PRODUCTO [715]
INSERT INTO PRODUCTO(ID,MARCA_ID,NOMBRE,PRESENTACION,CONTENIDO,UNIDADES_POR_CAJA,COSTO,COSTO_VENTA,PRECIO_BASE,UNIDAD_MEDIDA,CODIGO_BARRAS) VALUES(715,69,'Axion Detergente Polvo','Limon',900,14.0,1.000000,1.000000,1.000000,'G',7.509546018935E12);

INSERT INTO MOVIMIENTO_HISTORICO_PRODUCTO (ALMACEN_ID,PRODUCTO_ID,FECHA,TIPO_MOVIMIENTO_ID,CANTIDAD,COSTO,PRECIO,USUARIO_ID) VALUES(1,715,now(),30,18,1.000000,1.000000,'root');
INSERT INTO ALMACEN_PRODUCTO(ALMACEN_ID,PRODUCTO_ID,CANTIDAD_ACTUAL,CANTIDAD_MINIMA,PRECIO_VENTA) VALUES (1,715,18,0,1.000000);

INSERT INTO ALMACEN_PRODUCTO(ALMACEN_ID,PRODUCTO_ID,CANTIDAD_ACTUAL,CANTIDAD_MINIMA,PRECIO_VENTA) VALUES (2,715,0,0,1.000000);

INSERT INTO ALMACEN_PRODUCTO(ALMACEN_ID,PRODUCTO_ID,CANTIDAD_ACTUAL,CANTIDAD_MINIMA,PRECIO_VENTA) VALUES (3,715,18,0,1.000000);

INSERT INTO ALMACEN_PRODUCTO(ALMACEN_ID,PRODUCTO_ID,CANTIDAD_ACTUAL,CANTIDAD_MINIMA,PRECIO_VENTA) VALUES (4,715,18,0,1.000000);

INSERT INTO PROVEEDOR_PRODUCTO(PROVEEDOR_ID,PRODUCTO_ID,PRECIO_COMPRA) VALUES(6,715, 1.000000);

-- ===========PRODUCTO [716]
INSERT INTO PRODUCTO(ID,MARCA_ID,NOMBRE,PRESENTACION,CONTENIDO,UNIDADES_POR_CAJA,COSTO,COSTO_VENTA,PRECIO_BASE,UNIDAD_MEDIDA,CODIGO_BARRAS) VALUES(716,69,'Axion Detergente Polvo','Lima Limon',900,14.0,1.000000,1.000000,1.000000,'G',7.509546018973E12);

INSERT INTO MOVIMIENTO_HISTORICO_PRODUCTO (ALMACEN_ID,PRODUCTO_ID,FECHA,TIPO_MOVIMIENTO_ID,CANTIDAD,COSTO,PRECIO,USUARIO_ID) VALUES(1,716,now(),30,18,1.000000,1.000000,'root');
INSERT INTO ALMACEN_PRODUCTO(ALMACEN_ID,PRODUCTO_ID,CANTIDAD_ACTUAL,CANTIDAD_MINIMA,PRECIO_VENTA) VALUES (1,716,18,0,1.000000);

INSERT INTO ALMACEN_PRODUCTO(ALMACEN_ID,PRODUCTO_ID,CANTIDAD_ACTUAL,CANTIDAD_MINIMA,PRECIO_VENTA) VALUES (2,716,0,0,1.000000);

INSERT INTO ALMACEN_PRODUCTO(ALMACEN_ID,PRODUCTO_ID,CANTIDAD_ACTUAL,CANTIDAD_MINIMA,PRECIO_VENTA) VALUES (3,716,18,0,1.000000);

INSERT INTO ALMACEN_PRODUCTO(ALMACEN_ID,PRODUCTO_ID,CANTIDAD_ACTUAL,CANTIDAD_MINIMA,PRECIO_VENTA) VALUES (4,716,18,0,1.000000);

INSERT INTO PROVEEDOR_PRODUCTO(PROVEEDOR_ID,PRODUCTO_ID,PRECIO_COMPRA) VALUES(6,716, 1.000000);

-- ===========PRODUCTO [717]
INSERT INTO PRODUCTO(ID,MARCA_ID,NOMBRE,PRESENTACION,CONTENIDO,UNIDADES_POR_CAJA,COSTO,COSTO_VENTA,PRECIO_BASE,UNIDAD_MEDIDA,CODIGO_BARRAS) VALUES(717,69,'Axion Detergente Polvo','Tricloro',900,14.0,1.000000,1.000000,1.000000,'G',7.509546018522E12);

INSERT INTO MOVIMIENTO_HISTORICO_PRODUCTO (ALMACEN_ID,PRODUCTO_ID,FECHA,TIPO_MOVIMIENTO_ID,CANTIDAD,COSTO,PRECIO,USUARIO_ID) VALUES(1,717,now(),30,18,1.000000,1.000000,'root');
INSERT INTO ALMACEN_PRODUCTO(ALMACEN_ID,PRODUCTO_ID,CANTIDAD_ACTUAL,CANTIDAD_MINIMA,PRECIO_VENTA) VALUES (1,717,18,0,1.000000);

INSERT INTO ALMACEN_PRODUCTO(ALMACEN_ID,PRODUCTO_ID,CANTIDAD_ACTUAL,CANTIDAD_MINIMA,PRECIO_VENTA) VALUES (2,717,0,0,1.000000);

INSERT INTO ALMACEN_PRODUCTO(ALMACEN_ID,PRODUCTO_ID,CANTIDAD_ACTUAL,CANTIDAD_MINIMA,PRECIO_VENTA) VALUES (3,717,18,0,1.000000);

INSERT INTO ALMACEN_PRODUCTO(ALMACEN_ID,PRODUCTO_ID,CANTIDAD_ACTUAL,CANTIDAD_MINIMA,PRECIO_VENTA) VALUES (4,717,18,0,1.000000);

INSERT INTO PROVEEDOR_PRODUCTO(PROVEEDOR_ID,PRODUCTO_ID,PRECIO_COMPRA) VALUES(6,717, 1.000000);

-- ===========PRODUCTO [718]
INSERT INTO PRODUCTO(ID,MARCA_ID,NOMBRE,PRESENTACION,CONTENIDO,UNIDADES_POR_CAJA,COSTO,COSTO_VENTA,PRECIO_BASE,UNIDAD_MEDIDA,CODIGO_BARRAS) VALUES(718,69,'Axion Detergente Polvo','Limon',1,12.0,1.000000,1.000000,1.000000,'KG',7.509546018478E12);

INSERT INTO MOVIMIENTO_HISTORICO_PRODUCTO (ALMACEN_ID,PRODUCTO_ID,FECHA,TIPO_MOVIMIENTO_ID,CANTIDAD,COSTO,PRECIO,USUARIO_ID) VALUES(1,718,now(),30,18,1.000000,1.000000,'root');
INSERT INTO ALMACEN_PRODUCTO(ALMACEN_ID,PRODUCTO_ID,CANTIDAD_ACTUAL,CANTIDAD_MINIMA,PRECIO_VENTA) VALUES (1,718,18,0,1.000000);

INSERT INTO ALMACEN_PRODUCTO(ALMACEN_ID,PRODUCTO_ID,CANTIDAD_ACTUAL,CANTIDAD_MINIMA,PRECIO_VENTA) VALUES (2,718,0,0,1.000000);

INSERT INTO ALMACEN_PRODUCTO(ALMACEN_ID,PRODUCTO_ID,CANTIDAD_ACTUAL,CANTIDAD_MINIMA,PRECIO_VENTA) VALUES (3,718,18,0,1.000000);

INSERT INTO ALMACEN_PRODUCTO(ALMACEN_ID,PRODUCTO_ID,CANTIDAD_ACTUAL,CANTIDAD_MINIMA,PRECIO_VENTA) VALUES (4,718,18,0,1.000000);

INSERT INTO PROVEEDOR_PRODUCTO(PROVEEDOR_ID,PRODUCTO_ID,PRECIO_COMPRA) VALUES(6,718, 1.000000);

-- ===========PRODUCTO [719]
INSERT INTO PRODUCTO(ID,MARCA_ID,NOMBRE,PRESENTACION,CONTENIDO,UNIDADES_POR_CAJA,COSTO,COSTO_VENTA,PRECIO_BASE,UNIDAD_MEDIDA,CODIGO_BARRAS) VALUES(719,69,'Axion Detergente Polvo','Limon',2,6.0,1.000000,1.000000,1.000000,'KG',7.509546018942E12);

INSERT INTO MOVIMIENTO_HISTORICO_PRODUCTO (ALMACEN_ID,PRODUCTO_ID,FECHA,TIPO_MOVIMIENTO_ID,CANTIDAD,COSTO,PRECIO,USUARIO_ID) VALUES(1,719,now(),30,10,1.000000,1.000000,'root');
INSERT INTO ALMACEN_PRODUCTO(ALMACEN_ID,PRODUCTO_ID,CANTIDAD_ACTUAL,CANTIDAD_MINIMA,PRECIO_VENTA) VALUES (1,719,10,0,1.000000);

INSERT INTO ALMACEN_PRODUCTO(ALMACEN_ID,PRODUCTO_ID,CANTIDAD_ACTUAL,CANTIDAD_MINIMA,PRECIO_VENTA) VALUES (2,719,0,0,1.000000);

INSERT INTO ALMACEN_PRODUCTO(ALMACEN_ID,PRODUCTO_ID,CANTIDAD_ACTUAL,CANTIDAD_MINIMA,PRECIO_VENTA) VALUES (3,719,10,0,1.000000);

INSERT INTO ALMACEN_PRODUCTO(ALMACEN_ID,PRODUCTO_ID,CANTIDAD_ACTUAL,CANTIDAD_MINIMA,PRECIO_VENTA) VALUES (4,719,10,0,1.000000);

INSERT INTO PROVEEDOR_PRODUCTO(PROVEEDOR_ID,PRODUCTO_ID,PRECIO_COMPRA) VALUES(6,719, 1.000000);

-- ===========PRODUCTO [720]
INSERT INTO PRODUCTO(ID,MARCA_ID,NOMBRE,PRESENTACION,CONTENIDO,UNIDADES_POR_CAJA,COSTO,COSTO_VENTA,PRECIO_BASE,UNIDAD_MEDIDA,CODIGO_BARRAS) VALUES(720,73,'Blumen Jabon Antibacterial Refill','Ocean Beauty',900,12.0,1.000000,1.000000,1.000000,'ML',7.503007859532E12);

INSERT INTO MOVIMIENTO_HISTORICO_PRODUCTO (ALMACEN_ID,PRODUCTO_ID,FECHA,TIPO_MOVIMIENTO_ID,CANTIDAD,COSTO,PRECIO,USUARIO_ID) VALUES(1,720,now(),30,12,1.000000,1.000000,'root');
INSERT INTO ALMACEN_PRODUCTO(ALMACEN_ID,PRODUCTO_ID,CANTIDAD_ACTUAL,CANTIDAD_MINIMA,PRECIO_VENTA) VALUES (1,720,12,0,1.000000);

INSERT INTO ALMACEN_PRODUCTO(ALMACEN_ID,PRODUCTO_ID,CANTIDAD_ACTUAL,CANTIDAD_MINIMA,PRECIO_VENTA) VALUES (2,720,0,0,1.000000);

INSERT INTO ALMACEN_PRODUCTO(ALMACEN_ID,PRODUCTO_ID,CANTIDAD_ACTUAL,CANTIDAD_MINIMA,PRECIO_VENTA) VALUES (3,720,12,0,1.000000);

INSERT INTO ALMACEN_PRODUCTO(ALMACEN_ID,PRODUCTO_ID,CANTIDAD_ACTUAL,CANTIDAD_MINIMA,PRECIO_VENTA) VALUES (4,720,12,0,1.000000);

INSERT INTO PROVEEDOR_PRODUCTO(PROVEEDOR_ID,PRODUCTO_ID,PRECIO_COMPRA) VALUES(1,720, 1.000000);

-- ===========PRODUCTO [721]
INSERT INTO PRODUCTO(ID,MARCA_ID,NOMBRE,PRESENTACION,CONTENIDO,UNIDADES_POR_CAJA,COSTO,COSTO_VENTA,PRECIO_BASE,UNIDAD_MEDIDA,CODIGO_BARRAS) VALUES(721,73,'Blumen Jabon Antibacterial Refill','Kiwi',900,12.0,1.000000,1.000000,1.000000,'ML',7.503007859525E12);

INSERT INTO MOVIMIENTO_HISTORICO_PRODUCTO (ALMACEN_ID,PRODUCTO_ID,FECHA,TIPO_MOVIMIENTO_ID,CANTIDAD,COSTO,PRECIO,USUARIO_ID) VALUES(1,721,now(),30,12,1.000000,1.000000,'root');
INSERT INTO ALMACEN_PRODUCTO(ALMACEN_ID,PRODUCTO_ID,CANTIDAD_ACTUAL,CANTIDAD_MINIMA,PRECIO_VENTA) VALUES (1,721,12,0,1.000000);

INSERT INTO ALMACEN_PRODUCTO(ALMACEN_ID,PRODUCTO_ID,CANTIDAD_ACTUAL,CANTIDAD_MINIMA,PRECIO_VENTA) VALUES (2,721,0,0,1.000000);

INSERT INTO ALMACEN_PRODUCTO(ALMACEN_ID,PRODUCTO_ID,CANTIDAD_ACTUAL,CANTIDAD_MINIMA,PRECIO_VENTA) VALUES (3,721,12,0,1.000000);

INSERT INTO ALMACEN_PRODUCTO(ALMACEN_ID,PRODUCTO_ID,CANTIDAD_ACTUAL,CANTIDAD_MINIMA,PRECIO_VENTA) VALUES (4,721,12,0,1.000000);

INSERT INTO PROVEEDOR_PRODUCTO(PROVEEDOR_ID,PRODUCTO_ID,PRECIO_COMPRA) VALUES(1,721, 1.000000);

-- ===========PRODUCTO [722]
INSERT INTO PRODUCTO(ID,MARCA_ID,NOMBRE,PRESENTACION,CONTENIDO,UNIDADES_POR_CAJA,COSTO,COSTO_VENTA,PRECIO_BASE,UNIDAD_MEDIDA,CODIGO_BARRAS) VALUES(722,73,'Blumen Jabon Antibacterial Refill','Cherry',900,12.0,1.000000,1.000000,1.000000,'ML',7.503007859587E12);

INSERT INTO MOVIMIENTO_HISTORICO_PRODUCTO (ALMACEN_ID,PRODUCTO_ID,FECHA,TIPO_MOVIMIENTO_ID,CANTIDAD,COSTO,PRECIO,USUARIO_ID) VALUES(1,722,now(),30,12,1.000000,1.000000,'root');
INSERT INTO ALMACEN_PRODUCTO(ALMACEN_ID,PRODUCTO_ID,CANTIDAD_ACTUAL,CANTIDAD_MINIMA,PRECIO_VENTA) VALUES (1,722,12,0,1.000000);

INSERT INTO ALMACEN_PRODUCTO(ALMACEN_ID,PRODUCTO_ID,CANTIDAD_ACTUAL,CANTIDAD_MINIMA,PRECIO_VENTA) VALUES (2,722,0,0,1.000000);

INSERT INTO ALMACEN_PRODUCTO(ALMACEN_ID,PRODUCTO_ID,CANTIDAD_ACTUAL,CANTIDAD_MINIMA,PRECIO_VENTA) VALUES (3,722,12,0,1.000000);

INSERT INTO ALMACEN_PRODUCTO(ALMACEN_ID,PRODUCTO_ID,CANTIDAD_ACTUAL,CANTIDAD_MINIMA,PRECIO_VENTA) VALUES (4,722,12,0,1.000000);

INSERT INTO PROVEEDOR_PRODUCTO(PROVEEDOR_ID,PRODUCTO_ID,PRECIO_COMPRA) VALUES(1,722, 1.000000);

-- ===========PRODUCTO [723]
INSERT INTO PRODUCTO(ID,MARCA_ID,NOMBRE,PRESENTACION,CONTENIDO,UNIDADES_POR_CAJA,COSTO,COSTO_VENTA,PRECIO_BASE,UNIDAD_MEDIDA,CODIGO_BARRAS) VALUES(723,73,'Blumen Jabon Antibacterial Refill','Coco',900,12.0,1.000000,1.000000,1.000000,'ML',7.503007859594E12);

INSERT INTO MOVIMIENTO_HISTORICO_PRODUCTO (ALMACEN_ID,PRODUCTO_ID,FECHA,TIPO_MOVIMIENTO_ID,CANTIDAD,COSTO,PRECIO,USUARIO_ID) VALUES(1,723,now(),30,6,1.000000,1.000000,'root');
INSERT INTO ALMACEN_PRODUCTO(ALMACEN_ID,PRODUCTO_ID,CANTIDAD_ACTUAL,CANTIDAD_MINIMA,PRECIO_VENTA) VALUES (1,723,6,0,1.000000);

INSERT INTO ALMACEN_PRODUCTO(ALMACEN_ID,PRODUCTO_ID,CANTIDAD_ACTUAL,CANTIDAD_MINIMA,PRECIO_VENTA) VALUES (2,723,0,0,1.000000);

INSERT INTO ALMACEN_PRODUCTO(ALMACEN_ID,PRODUCTO_ID,CANTIDAD_ACTUAL,CANTIDAD_MINIMA,PRECIO_VENTA) VALUES (3,723,6,0,1.000000);

INSERT INTO ALMACEN_PRODUCTO(ALMACEN_ID,PRODUCTO_ID,CANTIDAD_ACTUAL,CANTIDAD_MINIMA,PRECIO_VENTA) VALUES (4,723,6,0,1.000000);

INSERT INTO PROVEEDOR_PRODUCTO(PROVEEDOR_ID,PRODUCTO_ID,PRECIO_COMPRA) VALUES(1,723, 1.000000);

-- ===========PRODUCTO [724]
INSERT INTO PRODUCTO(ID,MARCA_ID,NOMBRE,PRESENTACION,CONTENIDO,UNIDADES_POR_CAJA,COSTO,COSTO_VENTA,PRECIO_BASE,UNIDAD_MEDIDA,CODIGO_BARRAS) VALUES(724,73,'Blumen Jabon Antibacterial Refill','Neutro',900,12.0,1.000000,1.000000,1.000000,'ML',7.503007859815E12);

INSERT INTO MOVIMIENTO_HISTORICO_PRODUCTO (ALMACEN_ID,PRODUCTO_ID,FECHA,TIPO_MOVIMIENTO_ID,CANTIDAD,COSTO,PRECIO,USUARIO_ID) VALUES(1,724,now(),30,3,1.000000,1.000000,'root');
INSERT INTO ALMACEN_PRODUCTO(ALMACEN_ID,PRODUCTO_ID,CANTIDAD_ACTUAL,CANTIDAD_MINIMA,PRECIO_VENTA) VALUES (1,724,3,0,1.000000);

INSERT INTO ALMACEN_PRODUCTO(ALMACEN_ID,PRODUCTO_ID,CANTIDAD_ACTUAL,CANTIDAD_MINIMA,PRECIO_VENTA) VALUES (2,724,0,0,1.000000);

INSERT INTO ALMACEN_PRODUCTO(ALMACEN_ID,PRODUCTO_ID,CANTIDAD_ACTUAL,CANTIDAD_MINIMA,PRECIO_VENTA) VALUES (3,724,3,0,1.000000);

INSERT INTO ALMACEN_PRODUCTO(ALMACEN_ID,PRODUCTO_ID,CANTIDAD_ACTUAL,CANTIDAD_MINIMA,PRECIO_VENTA) VALUES (4,724,3,0,1.000000);

INSERT INTO PROVEEDOR_PRODUCTO(PROVEEDOR_ID,PRODUCTO_ID,PRECIO_COMPRA) VALUES(1,724, 1.000000);

-- ===========PRODUCTO [725]
INSERT INTO PRODUCTO(ID,MARCA_ID,NOMBRE,PRESENTACION,CONTENIDO,UNIDADES_POR_CAJA,COSTO,COSTO_VENTA,PRECIO_BASE,UNIDAD_MEDIDA,CODIGO_BARRAS) VALUES(725,73,'Blumen Jabon Antibacterial','Neutro',525,6.0,1.000000,1.000000,1.000000,'ML',7.503007859723E12);

INSERT INTO MOVIMIENTO_HISTORICO_PRODUCTO (ALMACEN_ID,PRODUCTO_ID,FECHA,TIPO_MOVIMIENTO_ID,CANTIDAD,COSTO,PRECIO,USUARIO_ID) VALUES(1,725,now(),30,30,1.000000,1.000000,'root');
INSERT INTO ALMACEN_PRODUCTO(ALMACEN_ID,PRODUCTO_ID,CANTIDAD_ACTUAL,CANTIDAD_MINIMA,PRECIO_VENTA) VALUES (1,725,30,0,1.000000);

INSERT INTO ALMACEN_PRODUCTO(ALMACEN_ID,PRODUCTO_ID,CANTIDAD_ACTUAL,CANTIDAD_MINIMA,PRECIO_VENTA) VALUES (2,725,2,0,1.000000);

INSERT INTO ALMACEN_PRODUCTO(ALMACEN_ID,PRODUCTO_ID,CANTIDAD_ACTUAL,CANTIDAD_MINIMA,PRECIO_VENTA) VALUES (3,725,30,0,21.900000);

INSERT INTO ALMACEN_PRODUCTO(ALMACEN_ID,PRODUCTO_ID,CANTIDAD_ACTUAL,CANTIDAD_MINIMA,PRECIO_VENTA) VALUES (4,725,30,0,1.000000);

INSERT INTO PROVEEDOR_PRODUCTO(PROVEEDOR_ID,PRODUCTO_ID,PRECIO_COMPRA) VALUES(1,725, 1.000000);

-- ===========PRODUCTO [726]
INSERT INTO PRODUCTO(ID,MARCA_ID,NOMBRE,PRESENTACION,CONTENIDO,UNIDADES_POR_CAJA,COSTO,COSTO_VENTA,PRECIO_BASE,UNIDAD_MEDIDA,CODIGO_BARRAS) VALUES(726,74,'Vide Gel Antibacterial','Cantaro Azul',250,24.0,1.000000,1.000000,1.000000,'ML',7.503007859686E12);

INSERT INTO MOVIMIENTO_HISTORICO_PRODUCTO (ALMACEN_ID,PRODUCTO_ID,FECHA,TIPO_MOVIMIENTO_ID,CANTIDAD,COSTO,PRECIO,USUARIO_ID) VALUES(1,726,now(),30,24,1.000000,1.000000,'root');
INSERT INTO ALMACEN_PRODUCTO(ALMACEN_ID,PRODUCTO_ID,CANTIDAD_ACTUAL,CANTIDAD_MINIMA,PRECIO_VENTA) VALUES (1,726,24,0,1.000000);

INSERT INTO ALMACEN_PRODUCTO(ALMACEN_ID,PRODUCTO_ID,CANTIDAD_ACTUAL,CANTIDAD_MINIMA,PRECIO_VENTA) VALUES (2,726,1,0,1.000000);

INSERT INTO ALMACEN_PRODUCTO(ALMACEN_ID,PRODUCTO_ID,CANTIDAD_ACTUAL,CANTIDAD_MINIMA,PRECIO_VENTA) VALUES (3,726,24,0,1.000000);

INSERT INTO ALMACEN_PRODUCTO(ALMACEN_ID,PRODUCTO_ID,CANTIDAD_ACTUAL,CANTIDAD_MINIMA,PRECIO_VENTA) VALUES (4,726,24,0,1.000000);

INSERT INTO PROVEEDOR_PRODUCTO(PROVEEDOR_ID,PRODUCTO_ID,PRECIO_COMPRA) VALUES(1,726, 1.000000);

-- ===========PRODUCTO [727]
INSERT INTO PRODUCTO(ID,MARCA_ID,NOMBRE,PRESENTACION,CONTENIDO,UNIDADES_POR_CAJA,COSTO,COSTO_VENTA,PRECIO_BASE,UNIDAD_MEDIDA,CODIGO_BARRAS) VALUES(727,73,'Blumen Jabon Antibacterial','Pera y Manzana',200,12.0,1.000000,1.000000,1.000000,'ML',7.502244761806E12);

INSERT INTO MOVIMIENTO_HISTORICO_PRODUCTO (ALMACEN_ID,PRODUCTO_ID,FECHA,TIPO_MOVIMIENTO_ID,CANTIDAD,COSTO,PRECIO,USUARIO_ID) VALUES(1,727,now(),30,24,1.000000,1.000000,'root');
INSERT INTO ALMACEN_PRODUCTO(ALMACEN_ID,PRODUCTO_ID,CANTIDAD_ACTUAL,CANTIDAD_MINIMA,PRECIO_VENTA) VALUES (1,727,24,0,1.000000);

INSERT INTO ALMACEN_PRODUCTO(ALMACEN_ID,PRODUCTO_ID,CANTIDAD_ACTUAL,CANTIDAD_MINIMA,PRECIO_VENTA) VALUES (2,727,0,0,1.000000);

INSERT INTO ALMACEN_PRODUCTO(ALMACEN_ID,PRODUCTO_ID,CANTIDAD_ACTUAL,CANTIDAD_MINIMA,PRECIO_VENTA) VALUES (3,727,24,0,1.000000);

INSERT INTO ALMACEN_PRODUCTO(ALMACEN_ID,PRODUCTO_ID,CANTIDAD_ACTUAL,CANTIDAD_MINIMA,PRECIO_VENTA) VALUES (4,727,24,0,1.000000);

INSERT INTO PROVEEDOR_PRODUCTO(PROVEEDOR_ID,PRODUCTO_ID,PRECIO_COMPRA) VALUES(1,727, 1.000000);

-- ===========PRODUCTO [728]
INSERT INTO PRODUCTO(ID,MARCA_ID,NOMBRE,PRESENTACION,CONTENIDO,UNIDADES_POR_CAJA,COSTO,COSTO_VENTA,PRECIO_BASE,UNIDAD_MEDIDA,CODIGO_BARRAS) VALUES(728,73,'Blumen Jabon Antibacterial','Mango',200,12.0,1.000000,1.000000,1.000000,'ML',7.50224476179E12);

INSERT INTO MOVIMIENTO_HISTORICO_PRODUCTO (ALMACEN_ID,PRODUCTO_ID,FECHA,TIPO_MOVIMIENTO_ID,CANTIDAD,COSTO,PRECIO,USUARIO_ID) VALUES(1,728,now(),30,24,1.000000,1.000000,'root');
INSERT INTO ALMACEN_PRODUCTO(ALMACEN_ID,PRODUCTO_ID,CANTIDAD_ACTUAL,CANTIDAD_MINIMA,PRECIO_VENTA) VALUES (1,728,24,0,1.000000);

INSERT INTO ALMACEN_PRODUCTO(ALMACEN_ID,PRODUCTO_ID,CANTIDAD_ACTUAL,CANTIDAD_MINIMA,PRECIO_VENTA) VALUES (2,728,0,0,1.000000);

INSERT INTO ALMACEN_PRODUCTO(ALMACEN_ID,PRODUCTO_ID,CANTIDAD_ACTUAL,CANTIDAD_MINIMA,PRECIO_VENTA) VALUES (3,728,24,0,1.000000);

INSERT INTO ALMACEN_PRODUCTO(ALMACEN_ID,PRODUCTO_ID,CANTIDAD_ACTUAL,CANTIDAD_MINIMA,PRECIO_VENTA) VALUES (4,728,24,0,1.000000);

INSERT INTO PROVEEDOR_PRODUCTO(PROVEEDOR_ID,PRODUCTO_ID,PRECIO_COMPRA) VALUES(1,728, 1.000000);

-- ===========PRODUCTO [729]
INSERT INTO PRODUCTO(ID,MARCA_ID,NOMBRE,PRESENTACION,CONTENIDO,UNIDADES_POR_CAJA,COSTO,COSTO_VENTA,PRECIO_BASE,UNIDAD_MEDIDA,CODIGO_BARRAS) VALUES(729,73,'Blumen Jabon Antibacterial','Cherry',200,12.0,1.000000,1.000000,1.000000,'ML',7.503016269728E12);

INSERT INTO MOVIMIENTO_HISTORICO_PRODUCTO (ALMACEN_ID,PRODUCTO_ID,FECHA,TIPO_MOVIMIENTO_ID,CANTIDAD,COSTO,PRECIO,USUARIO_ID) VALUES(1,729,now(),30,24,1.000000,1.000000,'root');
INSERT INTO ALMACEN_PRODUCTO(ALMACEN_ID,PRODUCTO_ID,CANTIDAD_ACTUAL,CANTIDAD_MINIMA,PRECIO_VENTA) VALUES (1,729,24,0,1.000000);

INSERT INTO ALMACEN_PRODUCTO(ALMACEN_ID,PRODUCTO_ID,CANTIDAD_ACTUAL,CANTIDAD_MINIMA,PRECIO_VENTA) VALUES (2,729,0,0,1.000000);

INSERT INTO ALMACEN_PRODUCTO(ALMACEN_ID,PRODUCTO_ID,CANTIDAD_ACTUAL,CANTIDAD_MINIMA,PRECIO_VENTA) VALUES (3,729,24,0,1.000000);

INSERT INTO ALMACEN_PRODUCTO(ALMACEN_ID,PRODUCTO_ID,CANTIDAD_ACTUAL,CANTIDAD_MINIMA,PRECIO_VENTA) VALUES (4,729,24,0,1.000000);

INSERT INTO PROVEEDOR_PRODUCTO(PROVEEDOR_ID,PRODUCTO_ID,PRECIO_COMPRA) VALUES(1,729, 1.000000);

-- ===========PRODUCTO [730]
INSERT INTO PRODUCTO(ID,MARCA_ID,NOMBRE,PRESENTACION,CONTENIDO,UNIDADES_POR_CAJA,COSTO,COSTO_VENTA,PRECIO_BASE,UNIDAD_MEDIDA,CODIGO_BARRAS) VALUES(730,73,'Blumen Jabon Antibacterial','Muñeco Nieve',200,12.0,1.000000,1.000000,1.000000,'ML',7.503016269797E12);

INSERT INTO MOVIMIENTO_HISTORICO_PRODUCTO (ALMACEN_ID,PRODUCTO_ID,FECHA,TIPO_MOVIMIENTO_ID,CANTIDAD,COSTO,PRECIO,USUARIO_ID) VALUES(1,730,now(),30,36,1.000000,1.000000,'root');
INSERT INTO ALMACEN_PRODUCTO(ALMACEN_ID,PRODUCTO_ID,CANTIDAD_ACTUAL,CANTIDAD_MINIMA,PRECIO_VENTA) VALUES (1,730,36,0,1.000000);

INSERT INTO ALMACEN_PRODUCTO(ALMACEN_ID,PRODUCTO_ID,CANTIDAD_ACTUAL,CANTIDAD_MINIMA,PRECIO_VENTA) VALUES (2,730,0,0,1.000000);

INSERT INTO ALMACEN_PRODUCTO(ALMACEN_ID,PRODUCTO_ID,CANTIDAD_ACTUAL,CANTIDAD_MINIMA,PRECIO_VENTA) VALUES (3,730,36,0,1.000000);

INSERT INTO ALMACEN_PRODUCTO(ALMACEN_ID,PRODUCTO_ID,CANTIDAD_ACTUAL,CANTIDAD_MINIMA,PRECIO_VENTA) VALUES (4,730,36,0,1.000000);

INSERT INTO PROVEEDOR_PRODUCTO(PROVEEDOR_ID,PRODUCTO_ID,PRECIO_COMPRA) VALUES(1,730, 1.000000);

-- ===========PRODUCTO [731]
INSERT INTO PRODUCTO(ID,MARCA_ID,NOMBRE,PRESENTACION,CONTENIDO,UNIDADES_POR_CAJA,COSTO,COSTO_VENTA,PRECIO_BASE,UNIDAD_MEDIDA,CODIGO_BARRAS) VALUES(731,73,'Blumen Jabon Antibacterial','Santa Claus',200,12.0,1.000000,1.000000,1.000000,'ML',7.503016269803E12);

INSERT INTO MOVIMIENTO_HISTORICO_PRODUCTO (ALMACEN_ID,PRODUCTO_ID,FECHA,TIPO_MOVIMIENTO_ID,CANTIDAD,COSTO,PRECIO,USUARIO_ID) VALUES(1,731,now(),30,36,1.000000,1.000000,'root');
INSERT INTO ALMACEN_PRODUCTO(ALMACEN_ID,PRODUCTO_ID,CANTIDAD_ACTUAL,CANTIDAD_MINIMA,PRECIO_VENTA) VALUES (1,731,36,0,1.000000);

INSERT INTO ALMACEN_PRODUCTO(ALMACEN_ID,PRODUCTO_ID,CANTIDAD_ACTUAL,CANTIDAD_MINIMA,PRECIO_VENTA) VALUES (2,731,0,0,1.000000);

INSERT INTO ALMACEN_PRODUCTO(ALMACEN_ID,PRODUCTO_ID,CANTIDAD_ACTUAL,CANTIDAD_MINIMA,PRECIO_VENTA) VALUES (3,731,36,0,1.000000);

INSERT INTO ALMACEN_PRODUCTO(ALMACEN_ID,PRODUCTO_ID,CANTIDAD_ACTUAL,CANTIDAD_MINIMA,PRECIO_VENTA) VALUES (4,731,36,0,1.000000);

INSERT INTO PROVEEDOR_PRODUCTO(PROVEEDOR_ID,PRODUCTO_ID,PRECIO_COMPRA) VALUES(1,731, 1.000000);

-- ===========PRODUCTO [732]
INSERT INTO PRODUCTO(ID,MARCA_ID,NOMBRE,PRESENTACION,CONTENIDO,UNIDADES_POR_CAJA,COSTO,COSTO_VENTA,PRECIO_BASE,UNIDAD_MEDIDA,CODIGO_BARRAS) VALUES(732,73,'Blumen Jabon Antibacterial','Granada',200,12.0,1.000000,1.000000,1.000000,'ML',7.502244761783E12);

INSERT INTO MOVIMIENTO_HISTORICO_PRODUCTO (ALMACEN_ID,PRODUCTO_ID,FECHA,TIPO_MOVIMIENTO_ID,CANTIDAD,COSTO,PRECIO,USUARIO_ID) VALUES(1,732,now(),30,24,1.000000,1.000000,'root');
INSERT INTO ALMACEN_PRODUCTO(ALMACEN_ID,PRODUCTO_ID,CANTIDAD_ACTUAL,CANTIDAD_MINIMA,PRECIO_VENTA) VALUES (1,732,24,0,1.000000);

INSERT INTO ALMACEN_PRODUCTO(ALMACEN_ID,PRODUCTO_ID,CANTIDAD_ACTUAL,CANTIDAD_MINIMA,PRECIO_VENTA) VALUES (2,732,0,0,1.000000);

INSERT INTO ALMACEN_PRODUCTO(ALMACEN_ID,PRODUCTO_ID,CANTIDAD_ACTUAL,CANTIDAD_MINIMA,PRECIO_VENTA) VALUES (3,732,24,0,1.000000);

INSERT INTO ALMACEN_PRODUCTO(ALMACEN_ID,PRODUCTO_ID,CANTIDAD_ACTUAL,CANTIDAD_MINIMA,PRECIO_VENTA) VALUES (4,732,24,0,1.000000);

INSERT INTO PROVEEDOR_PRODUCTO(PROVEEDOR_ID,PRODUCTO_ID,PRECIO_COMPRA) VALUES(1,732, 1.000000);

-- ===========PRODUCTO [733]
INSERT INTO PRODUCTO(ID,MARCA_ID,NOMBRE,PRESENTACION,CONTENIDO,UNIDADES_POR_CAJA,COSTO,COSTO_VENTA,PRECIO_BASE,UNIDAD_MEDIDA,CODIGO_BARRAS) VALUES(733,73,'Blumen Jabon Antibacterial','Coconut',200,12.0,1.000000,1.000000,1.000000,'ML',7.503016269735E12);

INSERT INTO MOVIMIENTO_HISTORICO_PRODUCTO (ALMACEN_ID,PRODUCTO_ID,FECHA,TIPO_MOVIMIENTO_ID,CANTIDAD,COSTO,PRECIO,USUARIO_ID) VALUES(1,733,now(),30,24,1.000000,1.000000,'root');
INSERT INTO ALMACEN_PRODUCTO(ALMACEN_ID,PRODUCTO_ID,CANTIDAD_ACTUAL,CANTIDAD_MINIMA,PRECIO_VENTA) VALUES (1,733,24,0,1.000000);

INSERT INTO ALMACEN_PRODUCTO(ALMACEN_ID,PRODUCTO_ID,CANTIDAD_ACTUAL,CANTIDAD_MINIMA,PRECIO_VENTA) VALUES (2,733,0,0,1.000000);

INSERT INTO ALMACEN_PRODUCTO(ALMACEN_ID,PRODUCTO_ID,CANTIDAD_ACTUAL,CANTIDAD_MINIMA,PRECIO_VENTA) VALUES (3,733,24,0,1.000000);

INSERT INTO ALMACEN_PRODUCTO(ALMACEN_ID,PRODUCTO_ID,CANTIDAD_ACTUAL,CANTIDAD_MINIMA,PRECIO_VENTA) VALUES (4,733,24,0,1.000000);

INSERT INTO PROVEEDOR_PRODUCTO(PROVEEDOR_ID,PRODUCTO_ID,PRECIO_COMPRA) VALUES(1,733, 1.000000);

-- ===========PRODUCTO [734]
INSERT INTO PRODUCTO(ID,MARCA_ID,NOMBRE,PRESENTACION,CONTENIDO,UNIDADES_POR_CAJA,COSTO,COSTO_VENTA,PRECIO_BASE,UNIDAD_MEDIDA,CODIGO_BARRAS) VALUES(734,54,'Vaselina Real Bebe','Rosa',100,12.0,1.000000,1.000000,1.000000,'G',7.50103970101E12);

INSERT INTO MOVIMIENTO_HISTORICO_PRODUCTO (ALMACEN_ID,PRODUCTO_ID,FECHA,TIPO_MOVIMIENTO_ID,CANTIDAD,COSTO,PRECIO,USUARIO_ID) VALUES(1,734,now(),30,56,1.000000,1.000000,'root');
INSERT INTO ALMACEN_PRODUCTO(ALMACEN_ID,PRODUCTO_ID,CANTIDAD_ACTUAL,CANTIDAD_MINIMA,PRECIO_VENTA) VALUES (1,734,56,0,1.000000);

INSERT INTO ALMACEN_PRODUCTO(ALMACEN_ID,PRODUCTO_ID,CANTIDAD_ACTUAL,CANTIDAD_MINIMA,PRECIO_VENTA) VALUES (2,734,0,0,1.000000);

INSERT INTO ALMACEN_PRODUCTO(ALMACEN_ID,PRODUCTO_ID,CANTIDAD_ACTUAL,CANTIDAD_MINIMA,PRECIO_VENTA) VALUES (3,734,56,0,1.000000);

INSERT INTO ALMACEN_PRODUCTO(ALMACEN_ID,PRODUCTO_ID,CANTIDAD_ACTUAL,CANTIDAD_MINIMA,PRECIO_VENTA) VALUES (4,734,56,0,1.000000);

INSERT INTO PROVEEDOR_PRODUCTO(PROVEEDOR_ID,PRODUCTO_ID,PRECIO_COMPRA) VALUES(26,734, 1.000000);

-- ===========PRODUCTO [735]
INSERT INTO PRODUCTO(ID,MARCA_ID,NOMBRE,PRESENTACION,CONTENIDO,UNIDADES_POR_CAJA,COSTO,COSTO_VENTA,PRECIO_BASE,UNIDAD_MEDIDA,CODIGO_BARRAS) VALUES(735,73,'Blumen Jabon Antibacterial','Cocodrillo',525,6.0,1.000000,1.000000,1.000000,'ML',7.5030078596E12);

INSERT INTO MOVIMIENTO_HISTORICO_PRODUCTO (ALMACEN_ID,PRODUCTO_ID,FECHA,TIPO_MOVIMIENTO_ID,CANTIDAD,COSTO,PRECIO,USUARIO_ID) VALUES(1,735,now(),30,21,1.000000,1.000000,'root');
INSERT INTO ALMACEN_PRODUCTO(ALMACEN_ID,PRODUCTO_ID,CANTIDAD_ACTUAL,CANTIDAD_MINIMA,PRECIO_VENTA) VALUES (1,735,21,0,1.000000);

INSERT INTO ALMACEN_PRODUCTO(ALMACEN_ID,PRODUCTO_ID,CANTIDAD_ACTUAL,CANTIDAD_MINIMA,PRECIO_VENTA) VALUES (2,735,0,0,1.000000);

INSERT INTO ALMACEN_PRODUCTO(ALMACEN_ID,PRODUCTO_ID,CANTIDAD_ACTUAL,CANTIDAD_MINIMA,PRECIO_VENTA) VALUES (3,735,21,0,21.900000);

INSERT INTO ALMACEN_PRODUCTO(ALMACEN_ID,PRODUCTO_ID,CANTIDAD_ACTUAL,CANTIDAD_MINIMA,PRECIO_VENTA) VALUES (4,735,21,0,1.000000);

INSERT INTO PROVEEDOR_PRODUCTO(PROVEEDOR_ID,PRODUCTO_ID,PRECIO_COMPRA) VALUES(1,735, 1.000000);

-- ===========PRODUCTO [736]
INSERT INTO PRODUCTO(ID,MARCA_ID,NOMBRE,PRESENTACION,CONTENIDO,UNIDADES_POR_CAJA,COSTO,COSTO_VENTA,PRECIO_BASE,UNIDAD_MEDIDA,CODIGO_BARRAS) VALUES(736,73,'Blumen Jabon Antibacterial','Berry Mix',525,6.0,1.000000,1.000000,1.000000,'ML',7.50300785973E12);

INSERT INTO MOVIMIENTO_HISTORICO_PRODUCTO (ALMACEN_ID,PRODUCTO_ID,FECHA,TIPO_MOVIMIENTO_ID,CANTIDAD,COSTO,PRECIO,USUARIO_ID) VALUES(1,736,now(),30,28,1.000000,1.000000,'root');
INSERT INTO ALMACEN_PRODUCTO(ALMACEN_ID,PRODUCTO_ID,CANTIDAD_ACTUAL,CANTIDAD_MINIMA,PRECIO_VENTA) VALUES (1,736,28,0,1.000000);

INSERT INTO ALMACEN_PRODUCTO(ALMACEN_ID,PRODUCTO_ID,CANTIDAD_ACTUAL,CANTIDAD_MINIMA,PRECIO_VENTA) VALUES (2,736,0,0,1.000000);

INSERT INTO ALMACEN_PRODUCTO(ALMACEN_ID,PRODUCTO_ID,CANTIDAD_ACTUAL,CANTIDAD_MINIMA,PRECIO_VENTA) VALUES (3,736,28,0,21.900000);

INSERT INTO ALMACEN_PRODUCTO(ALMACEN_ID,PRODUCTO_ID,CANTIDAD_ACTUAL,CANTIDAD_MINIMA,PRECIO_VENTA) VALUES (4,736,28,0,1.000000);

INSERT INTO PROVEEDOR_PRODUCTO(PROVEEDOR_ID,PRODUCTO_ID,PRECIO_COMPRA) VALUES(1,736, 1.000000);

-- ===========PRODUCTO [737]
INSERT INTO PRODUCTO(ID,MARCA_ID,NOMBRE,PRESENTACION,CONTENIDO,UNIDADES_POR_CAJA,COSTO,COSTO_VENTA,PRECIO_BASE,UNIDAD_MEDIDA,CODIGO_BARRAS) VALUES(737,73,'Blumen Jabon Antibacterial','Cherry',525,6.0,1.000000,1.000000,1.000000,'ML',7.503007859648E12);

INSERT INTO MOVIMIENTO_HISTORICO_PRODUCTO (ALMACEN_ID,PRODUCTO_ID,FECHA,TIPO_MOVIMIENTO_ID,CANTIDAD,COSTO,PRECIO,USUARIO_ID) VALUES(1,737,now(),30,28,1.000000,1.000000,'root');
INSERT INTO ALMACEN_PRODUCTO(ALMACEN_ID,PRODUCTO_ID,CANTIDAD_ACTUAL,CANTIDAD_MINIMA,PRECIO_VENTA) VALUES (1,737,28,0,1.000000);

INSERT INTO ALMACEN_PRODUCTO(ALMACEN_ID,PRODUCTO_ID,CANTIDAD_ACTUAL,CANTIDAD_MINIMA,PRECIO_VENTA) VALUES (2,737,0,0,1.000000);

INSERT INTO ALMACEN_PRODUCTO(ALMACEN_ID,PRODUCTO_ID,CANTIDAD_ACTUAL,CANTIDAD_MINIMA,PRECIO_VENTA) VALUES (3,737,28,0,21.900000);

INSERT INTO ALMACEN_PRODUCTO(ALMACEN_ID,PRODUCTO_ID,CANTIDAD_ACTUAL,CANTIDAD_MINIMA,PRECIO_VENTA) VALUES (4,737,28,0,1.000000);

INSERT INTO PROVEEDOR_PRODUCTO(PROVEEDOR_ID,PRODUCTO_ID,PRECIO_COMPRA) VALUES(1,737, 1.000000);

-- ===========PRODUCTO [738]
INSERT INTO PRODUCTO(ID,MARCA_ID,NOMBRE,PRESENTACION,CONTENIDO,UNIDADES_POR_CAJA,COSTO,COSTO_VENTA,PRECIO_BASE,UNIDAD_MEDIDA,CODIGO_BARRAS) VALUES(738,73,'Blumen Jabon Antibacterial','Chabacano',525,6.0,1.000000,1.000000,1.000000,'ML',7.50300785957E12);

INSERT INTO MOVIMIENTO_HISTORICO_PRODUCTO (ALMACEN_ID,PRODUCTO_ID,FECHA,TIPO_MOVIMIENTO_ID,CANTIDAD,COSTO,PRECIO,USUARIO_ID) VALUES(1,738,now(),30,28,1.000000,1.000000,'root');
INSERT INTO ALMACEN_PRODUCTO(ALMACEN_ID,PRODUCTO_ID,CANTIDAD_ACTUAL,CANTIDAD_MINIMA,PRECIO_VENTA) VALUES (1,738,28,0,1.000000);

INSERT INTO ALMACEN_PRODUCTO(ALMACEN_ID,PRODUCTO_ID,CANTIDAD_ACTUAL,CANTIDAD_MINIMA,PRECIO_VENTA) VALUES (2,738,4,0,1.000000);

INSERT INTO ALMACEN_PRODUCTO(ALMACEN_ID,PRODUCTO_ID,CANTIDAD_ACTUAL,CANTIDAD_MINIMA,PRECIO_VENTA) VALUES (3,738,28,0,21.900000);

INSERT INTO ALMACEN_PRODUCTO(ALMACEN_ID,PRODUCTO_ID,CANTIDAD_ACTUAL,CANTIDAD_MINIMA,PRECIO_VENTA) VALUES (4,738,28,0,1.000000);

INSERT INTO PROVEEDOR_PRODUCTO(PROVEEDOR_ID,PRODUCTO_ID,PRECIO_COMPRA) VALUES(1,738, 1.000000);

-- ===========PRODUCTO [739]
INSERT INTO PRODUCTO(ID,MARCA_ID,NOMBRE,PRESENTACION,CONTENIDO,UNIDADES_POR_CAJA,COSTO,COSTO_VENTA,PRECIO_BASE,UNIDAD_MEDIDA,CODIGO_BARRAS) VALUES(739,73,'Blumen Jabon Antibacterial','Ballena',525,6.0,1.000000,1.000000,1.000000,'ML',7.50300785902E12);

INSERT INTO MOVIMIENTO_HISTORICO_PRODUCTO (ALMACEN_ID,PRODUCTO_ID,FECHA,TIPO_MOVIMIENTO_ID,CANTIDAD,COSTO,PRECIO,USUARIO_ID) VALUES(1,739,now(),30,21,1.000000,1.000000,'root');
INSERT INTO ALMACEN_PRODUCTO(ALMACEN_ID,PRODUCTO_ID,CANTIDAD_ACTUAL,CANTIDAD_MINIMA,PRECIO_VENTA) VALUES (1,739,21,0,1.000000);

INSERT INTO ALMACEN_PRODUCTO(ALMACEN_ID,PRODUCTO_ID,CANTIDAD_ACTUAL,CANTIDAD_MINIMA,PRECIO_VENTA) VALUES (2,739,1,0,1.000000);

INSERT INTO ALMACEN_PRODUCTO(ALMACEN_ID,PRODUCTO_ID,CANTIDAD_ACTUAL,CANTIDAD_MINIMA,PRECIO_VENTA) VALUES (3,739,21,0,21.900000);

INSERT INTO ALMACEN_PRODUCTO(ALMACEN_ID,PRODUCTO_ID,CANTIDAD_ACTUAL,CANTIDAD_MINIMA,PRECIO_VENTA) VALUES (4,739,21,0,1.000000);

INSERT INTO PROVEEDOR_PRODUCTO(PROVEEDOR_ID,PRODUCTO_ID,PRECIO_COMPRA) VALUES(1,739, 1.000000);

-- ===========PRODUCTO [740]
INSERT INTO PRODUCTO(ID,MARCA_ID,NOMBRE,PRESENTACION,CONTENIDO,UNIDADES_POR_CAJA,COSTO,COSTO_VENTA,PRECIO_BASE,UNIDAD_MEDIDA,CODIGO_BARRAS) VALUES(740,73,'Blumen Jabon Antibacterial','Coco',525,6.0,1.000000,1.000000,1.000000,'ML',7.503007859624E12);

INSERT INTO MOVIMIENTO_HISTORICO_PRODUCTO (ALMACEN_ID,PRODUCTO_ID,FECHA,TIPO_MOVIMIENTO_ID,CANTIDAD,COSTO,PRECIO,USUARIO_ID) VALUES(1,740,now(),30,28,1.000000,1.000000,'root');
INSERT INTO ALMACEN_PRODUCTO(ALMACEN_ID,PRODUCTO_ID,CANTIDAD_ACTUAL,CANTIDAD_MINIMA,PRECIO_VENTA) VALUES (1,740,28,0,1.000000);

INSERT INTO ALMACEN_PRODUCTO(ALMACEN_ID,PRODUCTO_ID,CANTIDAD_ACTUAL,CANTIDAD_MINIMA,PRECIO_VENTA) VALUES (2,740,0,0,1.000000);

INSERT INTO ALMACEN_PRODUCTO(ALMACEN_ID,PRODUCTO_ID,CANTIDAD_ACTUAL,CANTIDAD_MINIMA,PRECIO_VENTA) VALUES (3,740,28,0,21.900000);

INSERT INTO ALMACEN_PRODUCTO(ALMACEN_ID,PRODUCTO_ID,CANTIDAD_ACTUAL,CANTIDAD_MINIMA,PRECIO_VENTA) VALUES (4,740,28,0,1.000000);

INSERT INTO PROVEEDOR_PRODUCTO(PROVEEDOR_ID,PRODUCTO_ID,PRECIO_COMPRA) VALUES(1,740, 1.000000);

-- ===========PRODUCTO [741]
INSERT INTO PRODUCTO(ID,MARCA_ID,NOMBRE,PRESENTACION,CONTENIDO,UNIDADES_POR_CAJA,COSTO,COSTO_VENTA,PRECIO_BASE,UNIDAD_MEDIDA,CODIGO_BARRAS) VALUES(741,73,'Blumen Jabon Antibacterial','Ocean Beauty',525,6.0,1.000000,1.000000,1.000000,'ML',7.503007859563E12);

INSERT INTO MOVIMIENTO_HISTORICO_PRODUCTO (ALMACEN_ID,PRODUCTO_ID,FECHA,TIPO_MOVIMIENTO_ID,CANTIDAD,COSTO,PRECIO,USUARIO_ID) VALUES(1,741,now(),30,28,1.000000,1.000000,'root');
INSERT INTO ALMACEN_PRODUCTO(ALMACEN_ID,PRODUCTO_ID,CANTIDAD_ACTUAL,CANTIDAD_MINIMA,PRECIO_VENTA) VALUES (1,741,28,0,1.000000);

INSERT INTO ALMACEN_PRODUCTO(ALMACEN_ID,PRODUCTO_ID,CANTIDAD_ACTUAL,CANTIDAD_MINIMA,PRECIO_VENTA) VALUES (2,741,0,0,1.000000);

INSERT INTO ALMACEN_PRODUCTO(ALMACEN_ID,PRODUCTO_ID,CANTIDAD_ACTUAL,CANTIDAD_MINIMA,PRECIO_VENTA) VALUES (3,741,28,0,21.900000);

INSERT INTO ALMACEN_PRODUCTO(ALMACEN_ID,PRODUCTO_ID,CANTIDAD_ACTUAL,CANTIDAD_MINIMA,PRECIO_VENTA) VALUES (4,741,28,0,1.000000);

INSERT INTO PROVEEDOR_PRODUCTO(PROVEEDOR_ID,PRODUCTO_ID,PRECIO_COMPRA) VALUES(1,741, 1.000000);

-- ===========PRODUCTO [742]
INSERT INTO PRODUCTO(ID,MARCA_ID,NOMBRE,PRESENTACION,CONTENIDO,UNIDADES_POR_CAJA,COSTO,COSTO_VENTA,PRECIO_BASE,UNIDAD_MEDIDA,CODIGO_BARRAS) VALUES(742,73,'Blumen Jabon Antibacterial','Kiwi',525,6.0,1.000000,1.000000,1.000000,'ML',7.503007859617E12);

INSERT INTO MOVIMIENTO_HISTORICO_PRODUCTO (ALMACEN_ID,PRODUCTO_ID,FECHA,TIPO_MOVIMIENTO_ID,CANTIDAD,COSTO,PRECIO,USUARIO_ID) VALUES(1,742,now(),30,28,1.000000,1.000000,'root');
INSERT INTO ALMACEN_PRODUCTO(ALMACEN_ID,PRODUCTO_ID,CANTIDAD_ACTUAL,CANTIDAD_MINIMA,PRECIO_VENTA) VALUES (1,742,28,0,1.000000);

INSERT INTO ALMACEN_PRODUCTO(ALMACEN_ID,PRODUCTO_ID,CANTIDAD_ACTUAL,CANTIDAD_MINIMA,PRECIO_VENTA) VALUES (2,742,0,0,1.000000);

INSERT INTO ALMACEN_PRODUCTO(ALMACEN_ID,PRODUCTO_ID,CANTIDAD_ACTUAL,CANTIDAD_MINIMA,PRECIO_VENTA) VALUES (3,742,28,0,21.900000);

INSERT INTO ALMACEN_PRODUCTO(ALMACEN_ID,PRODUCTO_ID,CANTIDAD_ACTUAL,CANTIDAD_MINIMA,PRECIO_VENTA) VALUES (4,742,28,0,1.000000);

INSERT INTO PROVEEDOR_PRODUCTO(PROVEEDOR_ID,PRODUCTO_ID,PRECIO_COMPRA) VALUES(1,742, 1.000000);

-- ===========PRODUCTO [743]
INSERT INTO PRODUCTO(ID,MARCA_ID,NOMBRE,PRESENTACION,CONTENIDO,UNIDADES_POR_CAJA,COSTO,COSTO_VENTA,PRECIO_BASE,UNIDAD_MEDIDA,CODIGO_BARRAS) VALUES(743,73,'Blumen Jabon Antibacterial','Naranja',525,6.0,1.000000,1.000000,1.000000,'ML',7.503007859655E12);

INSERT INTO MOVIMIENTO_HISTORICO_PRODUCTO (ALMACEN_ID,PRODUCTO_ID,FECHA,TIPO_MOVIMIENTO_ID,CANTIDAD,COSTO,PRECIO,USUARIO_ID) VALUES(1,743,now(),30,28,1.000000,1.000000,'root');
INSERT INTO ALMACEN_PRODUCTO(ALMACEN_ID,PRODUCTO_ID,CANTIDAD_ACTUAL,CANTIDAD_MINIMA,PRECIO_VENTA) VALUES (1,743,28,0,1.000000);

INSERT INTO ALMACEN_PRODUCTO(ALMACEN_ID,PRODUCTO_ID,CANTIDAD_ACTUAL,CANTIDAD_MINIMA,PRECIO_VENTA) VALUES (2,743,0,0,1.000000);

INSERT INTO ALMACEN_PRODUCTO(ALMACEN_ID,PRODUCTO_ID,CANTIDAD_ACTUAL,CANTIDAD_MINIMA,PRECIO_VENTA) VALUES (3,743,28,0,21.900000);

INSERT INTO ALMACEN_PRODUCTO(ALMACEN_ID,PRODUCTO_ID,CANTIDAD_ACTUAL,CANTIDAD_MINIMA,PRECIO_VENTA) VALUES (4,743,28,0,1.000000);

INSERT INTO PROVEEDOR_PRODUCTO(PROVEEDOR_ID,PRODUCTO_ID,PRECIO_COMPRA) VALUES(1,743, 1.000000);

-- ===========PRODUCTO [744]
INSERT INTO PRODUCTO(ID,MARCA_ID,NOMBRE,PRESENTACION,CONTENIDO,UNIDADES_POR_CAJA,COSTO,COSTO_VENTA,PRECIO_BASE,UNIDAD_MEDIDA,CODIGO_BARRAS) VALUES(744,73,'Blumen Jabon Antibacterial','Orquidea',525,6.0,1.000000,1.000000,1.000000,'ML',7.503007859631E12);

INSERT INTO MOVIMIENTO_HISTORICO_PRODUCTO (ALMACEN_ID,PRODUCTO_ID,FECHA,TIPO_MOVIMIENTO_ID,CANTIDAD,COSTO,PRECIO,USUARIO_ID) VALUES(1,744,now(),30,28,1.000000,1.000000,'root');
INSERT INTO ALMACEN_PRODUCTO(ALMACEN_ID,PRODUCTO_ID,CANTIDAD_ACTUAL,CANTIDAD_MINIMA,PRECIO_VENTA) VALUES (1,744,28,0,1.000000);

INSERT INTO ALMACEN_PRODUCTO(ALMACEN_ID,PRODUCTO_ID,CANTIDAD_ACTUAL,CANTIDAD_MINIMA,PRECIO_VENTA) VALUES (2,744,0,0,1.000000);

INSERT INTO ALMACEN_PRODUCTO(ALMACEN_ID,PRODUCTO_ID,CANTIDAD_ACTUAL,CANTIDAD_MINIMA,PRECIO_VENTA) VALUES (3,744,28,0,21.900000);

INSERT INTO ALMACEN_PRODUCTO(ALMACEN_ID,PRODUCTO_ID,CANTIDAD_ACTUAL,CANTIDAD_MINIMA,PRECIO_VENTA) VALUES (4,744,28,0,1.000000);

INSERT INTO PROVEEDOR_PRODUCTO(PROVEEDOR_ID,PRODUCTO_ID,PRECIO_COMPRA) VALUES(1,744, 1.000000);

-- ===========PRODUCTO [745]
INSERT INTO PRODUCTO(ID,MARCA_ID,NOMBRE,PRESENTACION,CONTENIDO,UNIDADES_POR_CAJA,COSTO,COSTO_VENTA,PRECIO_BASE,UNIDAD_MEDIDA,CODIGO_BARRAS) VALUES(745,73,'Blumen Gel Antibacterial','Fresh Citrus',235,12.0,1.000000,1.000000,1.000000,'ML',7.503007859198E12);

INSERT INTO MOVIMIENTO_HISTORICO_PRODUCTO (ALMACEN_ID,PRODUCTO_ID,FECHA,TIPO_MOVIMIENTO_ID,CANTIDAD,COSTO,PRECIO,USUARIO_ID) VALUES(1,745,now(),30,24,1.000000,1.000000,'root');
INSERT INTO ALMACEN_PRODUCTO(ALMACEN_ID,PRODUCTO_ID,CANTIDAD_ACTUAL,CANTIDAD_MINIMA,PRECIO_VENTA) VALUES (1,745,24,0,1.000000);

INSERT INTO ALMACEN_PRODUCTO(ALMACEN_ID,PRODUCTO_ID,CANTIDAD_ACTUAL,CANTIDAD_MINIMA,PRECIO_VENTA) VALUES (2,745,1,0,1.000000);

INSERT INTO ALMACEN_PRODUCTO(ALMACEN_ID,PRODUCTO_ID,CANTIDAD_ACTUAL,CANTIDAD_MINIMA,PRECIO_VENTA) VALUES (3,745,24,0,1.000000);

INSERT INTO ALMACEN_PRODUCTO(ALMACEN_ID,PRODUCTO_ID,CANTIDAD_ACTUAL,CANTIDAD_MINIMA,PRECIO_VENTA) VALUES (4,745,24,0,1.000000);

INSERT INTO PROVEEDOR_PRODUCTO(PROVEEDOR_ID,PRODUCTO_ID,PRECIO_COMPRA) VALUES(1,745, 1.000000);

-- ===========PRODUCTO [746]
INSERT INTO PRODUCTO(ID,MARCA_ID,NOMBRE,PRESENTACION,CONTENIDO,UNIDADES_POR_CAJA,COSTO,COSTO_VENTA,PRECIO_BASE,UNIDAD_MEDIDA,CODIGO_BARRAS) VALUES(746,73,'Blumen Gel Antibacterial','Fresh Citrus',525,6.0,1.000000,1.000000,1.000000,'ML',7.503007859099E12);

INSERT INTO MOVIMIENTO_HISTORICO_PRODUCTO (ALMACEN_ID,PRODUCTO_ID,FECHA,TIPO_MOVIMIENTO_ID,CANTIDAD,COSTO,PRECIO,USUARIO_ID) VALUES(1,746,now(),30,14,1.000000,1.000000,'root');
INSERT INTO ALMACEN_PRODUCTO(ALMACEN_ID,PRODUCTO_ID,CANTIDAD_ACTUAL,CANTIDAD_MINIMA,PRECIO_VENTA) VALUES (1,746,14,0,1.000000);

INSERT INTO ALMACEN_PRODUCTO(ALMACEN_ID,PRODUCTO_ID,CANTIDAD_ACTUAL,CANTIDAD_MINIMA,PRECIO_VENTA) VALUES (2,746,0,0,1.000000);

INSERT INTO ALMACEN_PRODUCTO(ALMACEN_ID,PRODUCTO_ID,CANTIDAD_ACTUAL,CANTIDAD_MINIMA,PRECIO_VENTA) VALUES (3,746,14,0,1.000000);

INSERT INTO ALMACEN_PRODUCTO(ALMACEN_ID,PRODUCTO_ID,CANTIDAD_ACTUAL,CANTIDAD_MINIMA,PRECIO_VENTA) VALUES (4,746,14,0,1.000000);

INSERT INTO PROVEEDOR_PRODUCTO(PROVEEDOR_ID,PRODUCTO_ID,PRECIO_COMPRA) VALUES(1,746, 1.000000);

-- ===========PRODUCTO [747]
INSERT INTO PRODUCTO(ID,MARCA_ID,NOMBRE,PRESENTACION,CONTENIDO,UNIDADES_POR_CAJA,COSTO,COSTO_VENTA,PRECIO_BASE,UNIDAD_MEDIDA,CODIGO_BARRAS) VALUES(747,75,'Chiles Shampoo','Romero & Espinocilla',500,16.0,1.000000,1.000000,1.000000,'G',7.501438302009E12);

INSERT INTO MOVIMIENTO_HISTORICO_PRODUCTO (ALMACEN_ID,PRODUCTO_ID,FECHA,TIPO_MOVIMIENTO_ID,CANTIDAD,COSTO,PRECIO,USUARIO_ID) VALUES(1,747,now(),30,16,1.000000,1.000000,'root');
INSERT INTO ALMACEN_PRODUCTO(ALMACEN_ID,PRODUCTO_ID,CANTIDAD_ACTUAL,CANTIDAD_MINIMA,PRECIO_VENTA) VALUES (1,747,16,0,1.000000);

INSERT INTO ALMACEN_PRODUCTO(ALMACEN_ID,PRODUCTO_ID,CANTIDAD_ACTUAL,CANTIDAD_MINIMA,PRECIO_VENTA) VALUES (2,747,0,0,1.000000);

INSERT INTO ALMACEN_PRODUCTO(ALMACEN_ID,PRODUCTO_ID,CANTIDAD_ACTUAL,CANTIDAD_MINIMA,PRECIO_VENTA) VALUES (3,747,16,0,1.000000);

INSERT INTO ALMACEN_PRODUCTO(ALMACEN_ID,PRODUCTO_ID,CANTIDAD_ACTUAL,CANTIDAD_MINIMA,PRECIO_VENTA) VALUES (4,747,16,0,1.000000);

INSERT INTO PROVEEDOR_PRODUCTO(PROVEEDOR_ID,PRODUCTO_ID,PRECIO_COMPRA) VALUES(22,747, 1.000000);

-- ===========PRODUCTO [748]
INSERT INTO PRODUCTO(ID,MARCA_ID,NOMBRE,PRESENTACION,CONTENIDO,UNIDADES_POR_CAJA,COSTO,COSTO_VENTA,PRECIO_BASE,UNIDAD_MEDIDA,CODIGO_BARRAS) VALUES(748,75,'Chiles Shampoo','Romero & Espinocilla',1000,12.0,1.000000,1.000000,1.000000,'ML',7.501438303402E12);

INSERT INTO MOVIMIENTO_HISTORICO_PRODUCTO (ALMACEN_ID,PRODUCTO_ID,FECHA,TIPO_MOVIMIENTO_ID,CANTIDAD,COSTO,PRECIO,USUARIO_ID) VALUES(1,748,now(),30,12,1.000000,1.000000,'root');
INSERT INTO ALMACEN_PRODUCTO(ALMACEN_ID,PRODUCTO_ID,CANTIDAD_ACTUAL,CANTIDAD_MINIMA,PRECIO_VENTA) VALUES (1,748,12,0,1.000000);

INSERT INTO ALMACEN_PRODUCTO(ALMACEN_ID,PRODUCTO_ID,CANTIDAD_ACTUAL,CANTIDAD_MINIMA,PRECIO_VENTA) VALUES (2,748,0,0,1.000000);

INSERT INTO ALMACEN_PRODUCTO(ALMACEN_ID,PRODUCTO_ID,CANTIDAD_ACTUAL,CANTIDAD_MINIMA,PRECIO_VENTA) VALUES (3,748,12,0,1.000000);

INSERT INTO ALMACEN_PRODUCTO(ALMACEN_ID,PRODUCTO_ID,CANTIDAD_ACTUAL,CANTIDAD_MINIMA,PRECIO_VENTA) VALUES (4,748,12,0,1.000000);

INSERT INTO PROVEEDOR_PRODUCTO(PROVEEDOR_ID,PRODUCTO_ID,PRECIO_COMPRA) VALUES(22,748, 1.000000);

-- ===========PRODUCTO [749]
INSERT INTO PRODUCTO(ID,MARCA_ID,NOMBRE,PRESENTACION,CONTENIDO,UNIDADES_POR_CAJA,COSTO,COSTO_VENTA,PRECIO_BASE,UNIDAD_MEDIDA,CODIGO_BARRAS) VALUES(749,54,'Real Solida','Piel Normal',95,72.0,1.000000,1.000000,1.000000,'G',7.501039700952E12);

INSERT INTO MOVIMIENTO_HISTORICO_PRODUCTO (ALMACEN_ID,PRODUCTO_ID,FECHA,TIPO_MOVIMIENTO_ID,CANTIDAD,COSTO,PRECIO,USUARIO_ID) VALUES(1,749,now(),30,224,1.000000,1.000000,'root');
INSERT INTO ALMACEN_PRODUCTO(ALMACEN_ID,PRODUCTO_ID,CANTIDAD_ACTUAL,CANTIDAD_MINIMA,PRECIO_VENTA) VALUES (1,749,224,0,1.000000);

INSERT INTO ALMACEN_PRODUCTO(ALMACEN_ID,PRODUCTO_ID,CANTIDAD_ACTUAL,CANTIDAD_MINIMA,PRECIO_VENTA) VALUES (2,749,0,0,1.000000);

INSERT INTO ALMACEN_PRODUCTO(ALMACEN_ID,PRODUCTO_ID,CANTIDAD_ACTUAL,CANTIDAD_MINIMA,PRECIO_VENTA) VALUES (3,749,224,0,1.000000);

INSERT INTO ALMACEN_PRODUCTO(ALMACEN_ID,PRODUCTO_ID,CANTIDAD_ACTUAL,CANTIDAD_MINIMA,PRECIO_VENTA) VALUES (4,749,224,0,1.000000);

INSERT INTO PROVEEDOR_PRODUCTO(PROVEEDOR_ID,PRODUCTO_ID,PRECIO_COMPRA) VALUES(26,749, 1.000000);

-- ===========PRODUCTO [750]
INSERT INTO PRODUCTO(ID,MARCA_ID,NOMBRE,PRESENTACION,CONTENIDO,UNIDADES_POR_CAJA,COSTO,COSTO_VENTA,PRECIO_BASE,UNIDAD_MEDIDA,CODIGO_BARRAS) VALUES(750,54,'Real Solida','Piel Extra Seca',95,72.0,1.000000,1.000000,1.000000,'G',7.501039702956E12);

INSERT INTO MOVIMIENTO_HISTORICO_PRODUCTO (ALMACEN_ID,PRODUCTO_ID,FECHA,TIPO_MOVIMIENTO_ID,CANTIDAD,COSTO,PRECIO,USUARIO_ID) VALUES(1,750,now(),30,154,1.000000,1.000000,'root');
INSERT INTO ALMACEN_PRODUCTO(ALMACEN_ID,PRODUCTO_ID,CANTIDAD_ACTUAL,CANTIDAD_MINIMA,PRECIO_VENTA) VALUES (1,750,154,0,1.000000);

INSERT INTO ALMACEN_PRODUCTO(ALMACEN_ID,PRODUCTO_ID,CANTIDAD_ACTUAL,CANTIDAD_MINIMA,PRECIO_VENTA) VALUES (2,750,0,0,1.000000);

INSERT INTO ALMACEN_PRODUCTO(ALMACEN_ID,PRODUCTO_ID,CANTIDAD_ACTUAL,CANTIDAD_MINIMA,PRECIO_VENTA) VALUES (3,750,154,0,1.000000);

INSERT INTO ALMACEN_PRODUCTO(ALMACEN_ID,PRODUCTO_ID,CANTIDAD_ACTUAL,CANTIDAD_MINIMA,PRECIO_VENTA) VALUES (4,750,154,0,1.000000);

INSERT INTO PROVEEDOR_PRODUCTO(PROVEEDOR_ID,PRODUCTO_ID,PRECIO_COMPRA) VALUES(26,750, 1.000000);

-- ===========PRODUCTO [751]
INSERT INTO PRODUCTO(ID,MARCA_ID,NOMBRE,PRESENTACION,CONTENIDO,UNIDADES_POR_CAJA,COSTO,COSTO_VENTA,PRECIO_BASE,UNIDAD_MEDIDA,CODIGO_BARRAS) VALUES(751,54,'Real Solida','Piel Seca',95,72.0,1.000000,1.000000,1.000000,'G',7.501039701959E12);

INSERT INTO MOVIMIENTO_HISTORICO_PRODUCTO (ALMACEN_ID,PRODUCTO_ID,FECHA,TIPO_MOVIMIENTO_ID,CANTIDAD,COSTO,PRECIO,USUARIO_ID) VALUES(1,751,now(),30,154,1.000000,1.000000,'root');
INSERT INTO ALMACEN_PRODUCTO(ALMACEN_ID,PRODUCTO_ID,CANTIDAD_ACTUAL,CANTIDAD_MINIMA,PRECIO_VENTA) VALUES (1,751,154,0,1.000000);

INSERT INTO ALMACEN_PRODUCTO(ALMACEN_ID,PRODUCTO_ID,CANTIDAD_ACTUAL,CANTIDAD_MINIMA,PRECIO_VENTA) VALUES (2,751,0,0,1.000000);

INSERT INTO ALMACEN_PRODUCTO(ALMACEN_ID,PRODUCTO_ID,CANTIDAD_ACTUAL,CANTIDAD_MINIMA,PRECIO_VENTA) VALUES (3,751,154,0,1.000000);

INSERT INTO ALMACEN_PRODUCTO(ALMACEN_ID,PRODUCTO_ID,CANTIDAD_ACTUAL,CANTIDAD_MINIMA,PRECIO_VENTA) VALUES (4,751,154,0,1.000000);

INSERT INTO PROVEEDOR_PRODUCTO(PROVEEDOR_ID,PRODUCTO_ID,PRECIO_COMPRA) VALUES(26,751, 1.000000);

-- ===========PRODUCTO [752]
INSERT INTO PRODUCTO(ID,MARCA_ID,NOMBRE,PRESENTACION,CONTENIDO,UNIDADES_POR_CAJA,COSTO,COSTO_VENTA,PRECIO_BASE,UNIDAD_MEDIDA,CODIGO_BARRAS) VALUES(752,76,'Terssura Crema Hidratante','Piel Reseca',95,72.0,1.000000,1.000000,1.000000,'G',7.503004523085E12);

INSERT INTO MOVIMIENTO_HISTORICO_PRODUCTO (ALMACEN_ID,PRODUCTO_ID,FECHA,TIPO_MOVIMIENTO_ID,CANTIDAD,COSTO,PRECIO,USUARIO_ID) VALUES(1,752,now(),30,72,1.000000,1.000000,'root');
INSERT INTO ALMACEN_PRODUCTO(ALMACEN_ID,PRODUCTO_ID,CANTIDAD_ACTUAL,CANTIDAD_MINIMA,PRECIO_VENTA) VALUES (1,752,72,0,1.000000);

INSERT INTO ALMACEN_PRODUCTO(ALMACEN_ID,PRODUCTO_ID,CANTIDAD_ACTUAL,CANTIDAD_MINIMA,PRECIO_VENTA) VALUES (2,752,0,0,1.000000);

INSERT INTO ALMACEN_PRODUCTO(ALMACEN_ID,PRODUCTO_ID,CANTIDAD_ACTUAL,CANTIDAD_MINIMA,PRECIO_VENTA) VALUES (3,752,72,0,1.000000);

INSERT INTO ALMACEN_PRODUCTO(ALMACEN_ID,PRODUCTO_ID,CANTIDAD_ACTUAL,CANTIDAD_MINIMA,PRECIO_VENTA) VALUES (4,752,72,0,1.000000);

INSERT INTO PROVEEDOR_PRODUCTO(PROVEEDOR_ID,PRODUCTO_ID,PRECIO_COMPRA) VALUES(16,752, 1.000000);

-- ===========PRODUCTO [753]
INSERT INTO PRODUCTO(ID,MARCA_ID,NOMBRE,PRESENTACION,CONTENIDO,UNIDADES_POR_CAJA,COSTO,COSTO_VENTA,PRECIO_BASE,UNIDAD_MEDIDA,CODIGO_BARRAS) VALUES(753,61,'Moco de Gorila Squizz','Punk',340,12.0,1.000000,1.000000,1.000000,'G',7.501438326081E12);

INSERT INTO MOVIMIENTO_HISTORICO_PRODUCTO (ALMACEN_ID,PRODUCTO_ID,FECHA,TIPO_MOVIMIENTO_ID,CANTIDAD,COSTO,PRECIO,USUARIO_ID) VALUES(1,753,now(),30,12,1.000000,1.000000,'root');
INSERT INTO ALMACEN_PRODUCTO(ALMACEN_ID,PRODUCTO_ID,CANTIDAD_ACTUAL,CANTIDAD_MINIMA,PRECIO_VENTA) VALUES (1,753,12,0,1.000000);

INSERT INTO ALMACEN_PRODUCTO(ALMACEN_ID,PRODUCTO_ID,CANTIDAD_ACTUAL,CANTIDAD_MINIMA,PRECIO_VENTA) VALUES (2,753,0,0,1.000000);

INSERT INTO ALMACEN_PRODUCTO(ALMACEN_ID,PRODUCTO_ID,CANTIDAD_ACTUAL,CANTIDAD_MINIMA,PRECIO_VENTA) VALUES (3,753,12,0,21.900000);

INSERT INTO ALMACEN_PRODUCTO(ALMACEN_ID,PRODUCTO_ID,CANTIDAD_ACTUAL,CANTIDAD_MINIMA,PRECIO_VENTA) VALUES (4,753,12,0,1.000000);

INSERT INTO PROVEEDOR_PRODUCTO(PROVEEDOR_ID,PRODUCTO_ID,PRECIO_COMPRA) VALUES(12,753, 1.000000);

-- ===========PRODUCTO [754]
INSERT INTO PRODUCTO(ID,MARCA_ID,NOMBRE,PRESENTACION,CONTENIDO,UNIDADES_POR_CAJA,COSTO,COSTO_VENTA,PRECIO_BASE,UNIDAD_MEDIDA,CODIGO_BARRAS) VALUES(754,73,'Blumen Jabon Antibacterial','Hallowen',300,12.0,1.000000,1.000000,1.000000,'ML',7.502244762292E12);

INSERT INTO MOVIMIENTO_HISTORICO_PRODUCTO (ALMACEN_ID,PRODUCTO_ID,FECHA,TIPO_MOVIMIENTO_ID,CANTIDAD,COSTO,PRECIO,USUARIO_ID) VALUES(1,754,now(),30,0,1.000000,1.000000,'root');
INSERT INTO ALMACEN_PRODUCTO(ALMACEN_ID,PRODUCTO_ID,CANTIDAD_ACTUAL,CANTIDAD_MINIMA,PRECIO_VENTA) VALUES (1,754,0,0,1.000000);

INSERT INTO ALMACEN_PRODUCTO(ALMACEN_ID,PRODUCTO_ID,CANTIDAD_ACTUAL,CANTIDAD_MINIMA,PRECIO_VENTA) VALUES (2,754,0,0,1.000000);

INSERT INTO PROVEEDOR_PRODUCTO(PROVEEDOR_ID,PRODUCTO_ID,PRECIO_COMPRA) VALUES(1,754, 1.000000);

-- ===========PRODUCTO [755]
INSERT INTO PRODUCTO(ID,MARCA_ID,NOMBRE,PRESENTACION,CONTENIDO,UNIDADES_POR_CAJA,COSTO,COSTO_VENTA,PRECIO_BASE,UNIDAD_MEDIDA,CODIGO_BARRAS) VALUES(755,77,'Microdyn Crema Gel','Sanitizante',60,100.0,1.000000,1.000000,1.000000,'ML',7.501119500472E12);

INSERT INTO MOVIMIENTO_HISTORICO_PRODUCTO (ALMACEN_ID,PRODUCTO_ID,FECHA,TIPO_MOVIMIENTO_ID,CANTIDAD,COSTO,PRECIO,USUARIO_ID) VALUES(1,755,now(),30,12,1.000000,1.000000,'root');
INSERT INTO ALMACEN_PRODUCTO(ALMACEN_ID,PRODUCTO_ID,CANTIDAD_ACTUAL,CANTIDAD_MINIMA,PRECIO_VENTA) VALUES (1,755,12,0,1.000000);

INSERT INTO ALMACEN_PRODUCTO(ALMACEN_ID,PRODUCTO_ID,CANTIDAD_ACTUAL,CANTIDAD_MINIMA,PRECIO_VENTA) VALUES (2,755,10,0,1.000000);

INSERT INTO ALMACEN_PRODUCTO(ALMACEN_ID,PRODUCTO_ID,CANTIDAD_ACTUAL,CANTIDAD_MINIMA,PRECIO_VENTA) VALUES (3,755,12,0,1.000000);

INSERT INTO ALMACEN_PRODUCTO(ALMACEN_ID,PRODUCTO_ID,CANTIDAD_ACTUAL,CANTIDAD_MINIMA,PRECIO_VENTA) VALUES (4,755,12,0,1.000000);

INSERT INTO PROVEEDOR_PRODUCTO(PROVEEDOR_ID,PRODUCTO_ID,PRECIO_COMPRA) VALUES(23,755, 1.000000);

-- ===========PRODUCTO [756]
INSERT INTO PRODUCTO(ID,MARCA_ID,NOMBRE,PRESENTACION,CONTENIDO,UNIDADES_POR_CAJA,COSTO,COSTO_VENTA,PRECIO_BASE,UNIDAD_MEDIDA,CODIGO_BARRAS) VALUES(756,11,'Brut Aerosol','Code',160,12.0,1.000000,1.000000,1.000000,'ML',7.502221185304E12);

INSERT INTO MOVIMIENTO_HISTORICO_PRODUCTO (ALMACEN_ID,PRODUCTO_ID,FECHA,TIPO_MOVIMIENTO_ID,CANTIDAD,COSTO,PRECIO,USUARIO_ID) VALUES(1,756,now(),30,12,1.000000,1.000000,'root');
INSERT INTO ALMACEN_PRODUCTO(ALMACEN_ID,PRODUCTO_ID,CANTIDAD_ACTUAL,CANTIDAD_MINIMA,PRECIO_VENTA) VALUES (1,756,12,0,1.000000);

INSERT INTO ALMACEN_PRODUCTO(ALMACEN_ID,PRODUCTO_ID,CANTIDAD_ACTUAL,CANTIDAD_MINIMA,PRECIO_VENTA) VALUES (2,756,2,0,1.000000);

INSERT INTO ALMACEN_PRODUCTO(ALMACEN_ID,PRODUCTO_ID,CANTIDAD_ACTUAL,CANTIDAD_MINIMA,PRECIO_VENTA) VALUES (3,756,12,0,34.900000);

INSERT INTO ALMACEN_PRODUCTO(ALMACEN_ID,PRODUCTO_ID,CANTIDAD_ACTUAL,CANTIDAD_MINIMA,PRECIO_VENTA) VALUES (4,756,12,0,1.000000);

INSERT INTO PROVEEDOR_PRODUCTO(PROVEEDOR_ID,PRODUCTO_ID,PRECIO_COMPRA) VALUES(18,756, 1.000000);

-- ===========PRODUCTO [757]
INSERT INTO PRODUCTO(ID,MARCA_ID,NOMBRE,PRESENTACION,CONTENIDO,UNIDADES_POR_CAJA,COSTO,COSTO_VENTA,PRECIO_BASE,UNIDAD_MEDIDA,CODIGO_BARRAS) VALUES(757,11,'Brut Aerosol','Excess',160,12.0,1.000000,1.000000,1.000000,'ML',7.502221185328E12);

INSERT INTO MOVIMIENTO_HISTORICO_PRODUCTO (ALMACEN_ID,PRODUCTO_ID,FECHA,TIPO_MOVIMIENTO_ID,CANTIDAD,COSTO,PRECIO,USUARIO_ID) VALUES(1,757,now(),30,3,1.000000,1.000000,'root');
INSERT INTO ALMACEN_PRODUCTO(ALMACEN_ID,PRODUCTO_ID,CANTIDAD_ACTUAL,CANTIDAD_MINIMA,PRECIO_VENTA) VALUES (1,757,3,0,1.000000);

INSERT INTO ALMACEN_PRODUCTO(ALMACEN_ID,PRODUCTO_ID,CANTIDAD_ACTUAL,CANTIDAD_MINIMA,PRECIO_VENTA) VALUES (2,757,0,0,1.000000);

INSERT INTO ALMACEN_PRODUCTO(ALMACEN_ID,PRODUCTO_ID,CANTIDAD_ACTUAL,CANTIDAD_MINIMA,PRECIO_VENTA) VALUES (3,757,3,0,34.900000);

INSERT INTO ALMACEN_PRODUCTO(ALMACEN_ID,PRODUCTO_ID,CANTIDAD_ACTUAL,CANTIDAD_MINIMA,PRECIO_VENTA) VALUES (4,757,3,0,1.000000);

INSERT INTO PROVEEDOR_PRODUCTO(PROVEEDOR_ID,PRODUCTO_ID,PRECIO_COMPRA) VALUES(18,757, 1.000000);

-- ===========PRODUCTO [758]
INSERT INTO PRODUCTO(ID,MARCA_ID,NOMBRE,PRESENTACION,CONTENIDO,UNIDADES_POR_CAJA,COSTO,COSTO_VENTA,PRECIO_BASE,UNIDAD_MEDIDA,CODIGO_BARRAS) VALUES(758,11,'Brut Rollon','Excess',50,12.0,1.000000,1.000000,1.000000,'G',7.502221182471E12);

INSERT INTO MOVIMIENTO_HISTORICO_PRODUCTO (ALMACEN_ID,PRODUCTO_ID,FECHA,TIPO_MOVIMIENTO_ID,CANTIDAD,COSTO,PRECIO,USUARIO_ID) VALUES(1,758,now(),30,4,1.000000,1.000000,'root');
INSERT INTO ALMACEN_PRODUCTO(ALMACEN_ID,PRODUCTO_ID,CANTIDAD_ACTUAL,CANTIDAD_MINIMA,PRECIO_VENTA) VALUES (1,758,4,0,1.000000);

INSERT INTO ALMACEN_PRODUCTO(ALMACEN_ID,PRODUCTO_ID,CANTIDAD_ACTUAL,CANTIDAD_MINIMA,PRECIO_VENTA) VALUES (2,758,7,0,1.000000);

INSERT INTO ALMACEN_PRODUCTO(ALMACEN_ID,PRODUCTO_ID,CANTIDAD_ACTUAL,CANTIDAD_MINIMA,PRECIO_VENTA) VALUES (3,758,4,0,19.900000);

INSERT INTO ALMACEN_PRODUCTO(ALMACEN_ID,PRODUCTO_ID,CANTIDAD_ACTUAL,CANTIDAD_MINIMA,PRECIO_VENTA) VALUES (4,758,4,0,1.000000);

INSERT INTO PROVEEDOR_PRODUCTO(PROVEEDOR_ID,PRODUCTO_ID,PRECIO_COMPRA) VALUES(18,758, 1.000000);

-- ===========PRODUCTO [759]
INSERT INTO PRODUCTO(ID,MARCA_ID,NOMBRE,PRESENTACION,CONTENIDO,UNIDADES_POR_CAJA,COSTO,COSTO_VENTA,PRECIO_BASE,UNIDAD_MEDIDA,CODIGO_BARRAS) VALUES(759,11,'Brut Rollon','Code',50,12.0,1.000000,1.000000,1.000000,'G',7.502221182457E12);

INSERT INTO MOVIMIENTO_HISTORICO_PRODUCTO (ALMACEN_ID,PRODUCTO_ID,FECHA,TIPO_MOVIMIENTO_ID,CANTIDAD,COSTO,PRECIO,USUARIO_ID) VALUES(1,759,now(),30,12,1.000000,1.000000,'root');
INSERT INTO ALMACEN_PRODUCTO(ALMACEN_ID,PRODUCTO_ID,CANTIDAD_ACTUAL,CANTIDAD_MINIMA,PRECIO_VENTA) VALUES (1,759,12,0,1.000000);

INSERT INTO ALMACEN_PRODUCTO(ALMACEN_ID,PRODUCTO_ID,CANTIDAD_ACTUAL,CANTIDAD_MINIMA,PRECIO_VENTA) VALUES (2,759,10,0,1.000000);

INSERT INTO ALMACEN_PRODUCTO(ALMACEN_ID,PRODUCTO_ID,CANTIDAD_ACTUAL,CANTIDAD_MINIMA,PRECIO_VENTA) VALUES (3,759,12,0,19.900000);

INSERT INTO ALMACEN_PRODUCTO(ALMACEN_ID,PRODUCTO_ID,CANTIDAD_ACTUAL,CANTIDAD_MINIMA,PRECIO_VENTA) VALUES (4,759,12,0,1.000000);

INSERT INTO PROVEEDOR_PRODUCTO(PROVEEDOR_ID,PRODUCTO_ID,PRECIO_COMPRA) VALUES(18,759, 1.000000);

-- ===========PRODUCTO [760]
INSERT INTO PRODUCTO(ID,MARCA_ID,NOMBRE,PRESENTACION,CONTENIDO,UNIDADES_POR_CAJA,COSTO,COSTO_VENTA,PRECIO_BASE,UNIDAD_MEDIDA,CODIGO_BARRAS) VALUES(760,11,'Brut Rollon','Urban',50,12.0,1.000000,1.000000,1.000000,'G',7.502221182488E12);

INSERT INTO MOVIMIENTO_HISTORICO_PRODUCTO (ALMACEN_ID,PRODUCTO_ID,FECHA,TIPO_MOVIMIENTO_ID,CANTIDAD,COSTO,PRECIO,USUARIO_ID) VALUES(1,760,now(),30,11,1.000000,1.000000,'root');
INSERT INTO ALMACEN_PRODUCTO(ALMACEN_ID,PRODUCTO_ID,CANTIDAD_ACTUAL,CANTIDAD_MINIMA,PRECIO_VENTA) VALUES (1,760,11,0,1.000000);

INSERT INTO ALMACEN_PRODUCTO(ALMACEN_ID,PRODUCTO_ID,CANTIDAD_ACTUAL,CANTIDAD_MINIMA,PRECIO_VENTA) VALUES (2,760,10,0,1.000000);

INSERT INTO ALMACEN_PRODUCTO(ALMACEN_ID,PRODUCTO_ID,CANTIDAD_ACTUAL,CANTIDAD_MINIMA,PRECIO_VENTA) VALUES (3,760,11,0,19.900000);

INSERT INTO ALMACEN_PRODUCTO(ALMACEN_ID,PRODUCTO_ID,CANTIDAD_ACTUAL,CANTIDAD_MINIMA,PRECIO_VENTA) VALUES (4,760,11,0,1.000000);

INSERT INTO PROVEEDOR_PRODUCTO(PROVEEDOR_ID,PRODUCTO_ID,PRECIO_COMPRA) VALUES(18,760, 1.000000);

-- ===========PRODUCTO [761]
INSERT INTO PRODUCTO(ID,MARCA_ID,NOMBRE,PRESENTACION,CONTENIDO,UNIDADES_POR_CAJA,COSTO,COSTO_VENTA,PRECIO_BASE,UNIDAD_MEDIDA,CODIGO_BARRAS) VALUES(761,11,'Brut Stick Caballero','Urban',65,12.0,1.000000,1.000000,1.000000,'G',7.502221182525E12);

INSERT INTO MOVIMIENTO_HISTORICO_PRODUCTO (ALMACEN_ID,PRODUCTO_ID,FECHA,TIPO_MOVIMIENTO_ID,CANTIDAD,COSTO,PRECIO,USUARIO_ID) VALUES(1,761,now(),30,12,1.000000,1.000000,'root');
INSERT INTO ALMACEN_PRODUCTO(ALMACEN_ID,PRODUCTO_ID,CANTIDAD_ACTUAL,CANTIDAD_MINIMA,PRECIO_VENTA) VALUES (1,761,12,0,1.000000);

INSERT INTO ALMACEN_PRODUCTO(ALMACEN_ID,PRODUCTO_ID,CANTIDAD_ACTUAL,CANTIDAD_MINIMA,PRECIO_VENTA) VALUES (2,761,2,0,1.000000);

INSERT INTO ALMACEN_PRODUCTO(ALMACEN_ID,PRODUCTO_ID,CANTIDAD_ACTUAL,CANTIDAD_MINIMA,PRECIO_VENTA) VALUES (3,761,12,0,24.900000);

INSERT INTO ALMACEN_PRODUCTO(ALMACEN_ID,PRODUCTO_ID,CANTIDAD_ACTUAL,CANTIDAD_MINIMA,PRECIO_VENTA) VALUES (4,761,12,0,1.000000);

INSERT INTO PROVEEDOR_PRODUCTO(PROVEEDOR_ID,PRODUCTO_ID,PRECIO_COMPRA) VALUES(18,761, 1.000000);

-- ===========PRODUCTO [762]
INSERT INTO PRODUCTO(ID,MARCA_ID,NOMBRE,PRESENTACION,CONTENIDO,UNIDADES_POR_CAJA,COSTO,COSTO_VENTA,PRECIO_BASE,UNIDAD_MEDIDA,CODIGO_BARRAS) VALUES(762,11,'Brut Stick Caballero','Code',65,12.0,1.000000,1.000000,1.000000,'G',7.502221182495E12);

INSERT INTO MOVIMIENTO_HISTORICO_PRODUCTO (ALMACEN_ID,PRODUCTO_ID,FECHA,TIPO_MOVIMIENTO_ID,CANTIDAD,COSTO,PRECIO,USUARIO_ID) VALUES(1,762,now(),30,12,1.000000,1.000000,'root');
INSERT INTO ALMACEN_PRODUCTO(ALMACEN_ID,PRODUCTO_ID,CANTIDAD_ACTUAL,CANTIDAD_MINIMA,PRECIO_VENTA) VALUES (1,762,12,0,1.000000);

INSERT INTO ALMACEN_PRODUCTO(ALMACEN_ID,PRODUCTO_ID,CANTIDAD_ACTUAL,CANTIDAD_MINIMA,PRECIO_VENTA) VALUES (2,762,2,0,1.000000);

INSERT INTO ALMACEN_PRODUCTO(ALMACEN_ID,PRODUCTO_ID,CANTIDAD_ACTUAL,CANTIDAD_MINIMA,PRECIO_VENTA) VALUES (3,762,12,0,24.900000);

INSERT INTO ALMACEN_PRODUCTO(ALMACEN_ID,PRODUCTO_ID,CANTIDAD_ACTUAL,CANTIDAD_MINIMA,PRECIO_VENTA) VALUES (4,762,12,0,1.000000);

INSERT INTO PROVEEDOR_PRODUCTO(PROVEEDOR_ID,PRODUCTO_ID,PRECIO_COMPRA) VALUES(18,762, 1.000000);

-- ===========PRODUCTO [763]
INSERT INTO PRODUCTO(ID,MARCA_ID,NOMBRE,PRESENTACION,CONTENIDO,UNIDADES_POR_CAJA,COSTO,COSTO_VENTA,PRECIO_BASE,UNIDAD_MEDIDA,CODIGO_BARRAS) VALUES(763,11,'Brut Stick Caballero','Excess',65,12.0,1.000000,1.000000,1.000000,'G',7.502221182518E12);

INSERT INTO MOVIMIENTO_HISTORICO_PRODUCTO (ALMACEN_ID,PRODUCTO_ID,FECHA,TIPO_MOVIMIENTO_ID,CANTIDAD,COSTO,PRECIO,USUARIO_ID) VALUES(1,763,now(),30,1,1.000000,1.000000,'root');
INSERT INTO ALMACEN_PRODUCTO(ALMACEN_ID,PRODUCTO_ID,CANTIDAD_ACTUAL,CANTIDAD_MINIMA,PRECIO_VENTA) VALUES (1,763,1,0,1.000000);

INSERT INTO ALMACEN_PRODUCTO(ALMACEN_ID,PRODUCTO_ID,CANTIDAD_ACTUAL,CANTIDAD_MINIMA,PRECIO_VENTA) VALUES (2,763,33,0,1.000000);

INSERT INTO ALMACEN_PRODUCTO(ALMACEN_ID,PRODUCTO_ID,CANTIDAD_ACTUAL,CANTIDAD_MINIMA,PRECIO_VENTA) VALUES (3,763,1,0,24.900000);

INSERT INTO ALMACEN_PRODUCTO(ALMACEN_ID,PRODUCTO_ID,CANTIDAD_ACTUAL,CANTIDAD_MINIMA,PRECIO_VENTA) VALUES (4,763,1,0,1.000000);

INSERT INTO PROVEEDOR_PRODUCTO(PROVEEDOR_ID,PRODUCTO_ID,PRECIO_COMPRA) VALUES(18,763, 1.000000);

-- ===========PRODUCTO [764]
INSERT INTO PRODUCTO(ID,MARCA_ID,NOMBRE,PRESENTACION,CONTENIDO,UNIDADES_POR_CAJA,COSTO,COSTO_VENTA,PRECIO_BASE,UNIDAD_MEDIDA,CODIGO_BARRAS) VALUES(764,11,'Brut Stick Caballero','Ego',65,12.0,1.000000,1.000000,1.000000,'G',7.502221182501E12);

INSERT INTO MOVIMIENTO_HISTORICO_PRODUCTO (ALMACEN_ID,PRODUCTO_ID,FECHA,TIPO_MOVIMIENTO_ID,CANTIDAD,COSTO,PRECIO,USUARIO_ID) VALUES(1,764,now(),30,2,1.000000,1.000000,'root');
INSERT INTO ALMACEN_PRODUCTO(ALMACEN_ID,PRODUCTO_ID,CANTIDAD_ACTUAL,CANTIDAD_MINIMA,PRECIO_VENTA) VALUES (1,764,2,0,1.000000);

INSERT INTO ALMACEN_PRODUCTO(ALMACEN_ID,PRODUCTO_ID,CANTIDAD_ACTUAL,CANTIDAD_MINIMA,PRECIO_VENTA) VALUES (2,764,12,0,1.000000);

INSERT INTO ALMACEN_PRODUCTO(ALMACEN_ID,PRODUCTO_ID,CANTIDAD_ACTUAL,CANTIDAD_MINIMA,PRECIO_VENTA) VALUES (3,764,2,0,24.900000);

INSERT INTO ALMACEN_PRODUCTO(ALMACEN_ID,PRODUCTO_ID,CANTIDAD_ACTUAL,CANTIDAD_MINIMA,PRECIO_VENTA) VALUES (4,764,2,0,1.000000);

INSERT INTO PROVEEDOR_PRODUCTO(PROVEEDOR_ID,PRODUCTO_ID,PRECIO_COMPRA) VALUES(18,764, 1.000000);

-- ===========PRODUCTO [765]
INSERT INTO PRODUCTO(ID,MARCA_ID,NOMBRE,PRESENTACION,CONTENIDO,UNIDADES_POR_CAJA,COSTO,COSTO_VENTA,PRECIO_BASE,UNIDAD_MEDIDA,CODIGO_BARRAS) VALUES(765,32,'Protex Jabon Solido','Propoleo',180,24.0,1.000000,1.000000,1.000000,'G',7.509546046754E12);

INSERT INTO MOVIMIENTO_HISTORICO_PRODUCTO (ALMACEN_ID,PRODUCTO_ID,FECHA,TIPO_MOVIMIENTO_ID,CANTIDAD,COSTO,PRECIO,USUARIO_ID) VALUES(1,765,now(),30,90,1.000000,1.000000,'root');
INSERT INTO ALMACEN_PRODUCTO(ALMACEN_ID,PRODUCTO_ID,CANTIDAD_ACTUAL,CANTIDAD_MINIMA,PRECIO_VENTA) VALUES (1,765,90,0,1.000000);

INSERT INTO ALMACEN_PRODUCTO(ALMACEN_ID,PRODUCTO_ID,CANTIDAD_ACTUAL,CANTIDAD_MINIMA,PRECIO_VENTA) VALUES (2,765,0,0,1.000000);

INSERT INTO ALMACEN_PRODUCTO(ALMACEN_ID,PRODUCTO_ID,CANTIDAD_ACTUAL,CANTIDAD_MINIMA,PRECIO_VENTA) VALUES (3,765,90,0,1.000000);

INSERT INTO ALMACEN_PRODUCTO(ALMACEN_ID,PRODUCTO_ID,CANTIDAD_ACTUAL,CANTIDAD_MINIMA,PRECIO_VENTA) VALUES (4,765,90,0,1.000000);

INSERT INTO PROVEEDOR_PRODUCTO(PROVEEDOR_ID,PRODUCTO_ID,PRECIO_COMPRA) VALUES(6,765, 1.000000);

-- ===========PRODUCTO [766]
INSERT INTO PRODUCTO(ID,MARCA_ID,NOMBRE,PRESENTACION,CONTENIDO,UNIDADES_POR_CAJA,COSTO,COSTO_VENTA,PRECIO_BASE,UNIDAD_MEDIDA,CODIGO_BARRAS) VALUES(766,32,'Protex Jabon Solido','Balance',180,72.0,1.000000,1.000000,1.000000,'G',7.509546044965E12);

INSERT INTO MOVIMIENTO_HISTORICO_PRODUCTO (ALMACEN_ID,PRODUCTO_ID,FECHA,TIPO_MOVIMIENTO_ID,CANTIDAD,COSTO,PRECIO,USUARIO_ID) VALUES(1,766,now(),30,72,1.000000,1.000000,'root');
INSERT INTO ALMACEN_PRODUCTO(ALMACEN_ID,PRODUCTO_ID,CANTIDAD_ACTUAL,CANTIDAD_MINIMA,PRECIO_VENTA) VALUES (1,766,72,0,1.000000);

INSERT INTO ALMACEN_PRODUCTO(ALMACEN_ID,PRODUCTO_ID,CANTIDAD_ACTUAL,CANTIDAD_MINIMA,PRECIO_VENTA) VALUES (2,766,0,0,1.000000);

INSERT INTO ALMACEN_PRODUCTO(ALMACEN_ID,PRODUCTO_ID,CANTIDAD_ACTUAL,CANTIDAD_MINIMA,PRECIO_VENTA) VALUES (3,766,72,0,1.000000);

INSERT INTO ALMACEN_PRODUCTO(ALMACEN_ID,PRODUCTO_ID,CANTIDAD_ACTUAL,CANTIDAD_MINIMA,PRECIO_VENTA) VALUES (4,766,72,0,1.000000);

INSERT INTO PROVEEDOR_PRODUCTO(PROVEEDOR_ID,PRODUCTO_ID,PRECIO_COMPRA) VALUES(6,766, 1.000000);

-- ===========PRODUCTO [767]
INSERT INTO PRODUCTO(ID,MARCA_ID,NOMBRE,PRESENTACION,CONTENIDO,UNIDADES_POR_CAJA,COSTO,COSTO_VENTA,PRECIO_BASE,UNIDAD_MEDIDA,CODIGO_BARRAS) VALUES(767,27,'Vel Rosita Barra Limpiadora','Clasico',350,40.0,1.000000,1.000000,1.000000,'G',7.501035912793E12);

INSERT INTO MOVIMIENTO_HISTORICO_PRODUCTO (ALMACEN_ID,PRODUCTO_ID,FECHA,TIPO_MOVIMIENTO_ID,CANTIDAD,COSTO,PRECIO,USUARIO_ID) VALUES(1,767,now(),30,40,1.000000,1.000000,'root');
INSERT INTO ALMACEN_PRODUCTO(ALMACEN_ID,PRODUCTO_ID,CANTIDAD_ACTUAL,CANTIDAD_MINIMA,PRECIO_VENTA) VALUES (1,767,40,0,1.000000);

INSERT INTO ALMACEN_PRODUCTO(ALMACEN_ID,PRODUCTO_ID,CANTIDAD_ACTUAL,CANTIDAD_MINIMA,PRECIO_VENTA) VALUES (2,767,0,0,1.000000);

INSERT INTO ALMACEN_PRODUCTO(ALMACEN_ID,PRODUCTO_ID,CANTIDAD_ACTUAL,CANTIDAD_MINIMA,PRECIO_VENTA) VALUES (3,767,40,0,10.900000);

INSERT INTO ALMACEN_PRODUCTO(ALMACEN_ID,PRODUCTO_ID,CANTIDAD_ACTUAL,CANTIDAD_MINIMA,PRECIO_VENTA) VALUES (4,767,40,0,1.000000);

INSERT INTO PROVEEDOR_PRODUCTO(PROVEEDOR_ID,PRODUCTO_ID,PRECIO_COMPRA) VALUES(6,767, 1.000000);

-- ===========PRODUCTO [768]
INSERT INTO PRODUCTO(ID,MARCA_ID,NOMBRE,PRESENTACION,CONTENIDO,UNIDADES_POR_CAJA,COSTO,COSTO_VENTA,PRECIO_BASE,UNIDAD_MEDIDA,CODIGO_BARRAS) VALUES(768,78,'Fija Max','Surtido',1000,6.0,1.000000,1.000000,1.000000,'G',7.501822400717E12);

INSERT INTO MOVIMIENTO_HISTORICO_PRODUCTO (ALMACEN_ID,PRODUCTO_ID,FECHA,TIPO_MOVIMIENTO_ID,CANTIDAD,COSTO,PRECIO,USUARIO_ID) VALUES(1,768,now(),30,18,1.000000,1.000000,'root');
INSERT INTO ALMACEN_PRODUCTO(ALMACEN_ID,PRODUCTO_ID,CANTIDAD_ACTUAL,CANTIDAD_MINIMA,PRECIO_VENTA) VALUES (1,768,18,0,1.000000);

INSERT INTO ALMACEN_PRODUCTO(ALMACEN_ID,PRODUCTO_ID,CANTIDAD_ACTUAL,CANTIDAD_MINIMA,PRECIO_VENTA) VALUES (2,768,0,0,1.000000);

INSERT INTO ALMACEN_PRODUCTO(ALMACEN_ID,PRODUCTO_ID,CANTIDAD_ACTUAL,CANTIDAD_MINIMA,PRECIO_VENTA) VALUES (3,768,18,0,1.000000);

INSERT INTO ALMACEN_PRODUCTO(ALMACEN_ID,PRODUCTO_ID,CANTIDAD_ACTUAL,CANTIDAD_MINIMA,PRECIO_VENTA) VALUES (4,768,18,0,1.000000);

INSERT INTO PROVEEDOR_PRODUCTO(PROVEEDOR_ID,PRODUCTO_ID,PRECIO_COMPRA) VALUES(8,768, 1.000000);

-- ===========PRODUCTO [769]
INSERT INTO PRODUCTO(ID,MARCA_ID,NOMBRE,PRESENTACION,CONTENIDO,UNIDADES_POR_CAJA,COSTO,COSTO_VENTA,PRECIO_BASE,UNIDAD_MEDIDA,CODIGO_BARRAS) VALUES(769,78,'Fija Max','Extremo',250,24.0,1.000000,1.000000,1.000000,'G',7.501822402117E12);

INSERT INTO MOVIMIENTO_HISTORICO_PRODUCTO (ALMACEN_ID,PRODUCTO_ID,FECHA,TIPO_MOVIMIENTO_ID,CANTIDAD,COSTO,PRECIO,USUARIO_ID) VALUES(1,769,now(),30,48,1.000000,1.000000,'root');
INSERT INTO ALMACEN_PRODUCTO(ALMACEN_ID,PRODUCTO_ID,CANTIDAD_ACTUAL,CANTIDAD_MINIMA,PRECIO_VENTA) VALUES (1,769,48,0,1.000000);

INSERT INTO ALMACEN_PRODUCTO(ALMACEN_ID,PRODUCTO_ID,CANTIDAD_ACTUAL,CANTIDAD_MINIMA,PRECIO_VENTA) VALUES (2,769,0,0,1.000000);

INSERT INTO ALMACEN_PRODUCTO(ALMACEN_ID,PRODUCTO_ID,CANTIDAD_ACTUAL,CANTIDAD_MINIMA,PRECIO_VENTA) VALUES (3,769,48,0,1.000000);

INSERT INTO ALMACEN_PRODUCTO(ALMACEN_ID,PRODUCTO_ID,CANTIDAD_ACTUAL,CANTIDAD_MINIMA,PRECIO_VENTA) VALUES (4,769,48,0,1.000000);

INSERT INTO PROVEEDOR_PRODUCTO(PROVEEDOR_ID,PRODUCTO_ID,PRECIO_COMPRA) VALUES(8,769, 1.000000);

-- ===========PRODUCTO [770]
INSERT INTO PRODUCTO(ID,MARCA_ID,NOMBRE,PRESENTACION,CONTENIDO,UNIDADES_POR_CAJA,COSTO,COSTO_VENTA,PRECIO_BASE,UNIDAD_MEDIDA,CODIGO_BARRAS) VALUES(770,78,'Fija Max','Surtido',250,24.0,1.000000,1.000000,1.000000,'G',7.501822400519E12);

INSERT INTO MOVIMIENTO_HISTORICO_PRODUCTO (ALMACEN_ID,PRODUCTO_ID,FECHA,TIPO_MOVIMIENTO_ID,CANTIDAD,COSTO,PRECIO,USUARIO_ID) VALUES(1,770,now(),30,72,1.000000,1.000000,'root');
INSERT INTO ALMACEN_PRODUCTO(ALMACEN_ID,PRODUCTO_ID,CANTIDAD_ACTUAL,CANTIDAD_MINIMA,PRECIO_VENTA) VALUES (1,770,72,0,1.000000);

INSERT INTO ALMACEN_PRODUCTO(ALMACEN_ID,PRODUCTO_ID,CANTIDAD_ACTUAL,CANTIDAD_MINIMA,PRECIO_VENTA) VALUES (2,770,0,0,1.000000);

INSERT INTO ALMACEN_PRODUCTO(ALMACEN_ID,PRODUCTO_ID,CANTIDAD_ACTUAL,CANTIDAD_MINIMA,PRECIO_VENTA) VALUES (3,770,72,0,1.000000);

INSERT INTO ALMACEN_PRODUCTO(ALMACEN_ID,PRODUCTO_ID,CANTIDAD_ACTUAL,CANTIDAD_MINIMA,PRECIO_VENTA) VALUES (4,770,72,0,1.000000);

INSERT INTO PROVEEDOR_PRODUCTO(PROVEEDOR_ID,PRODUCTO_ID,PRECIO_COMPRA) VALUES(8,770, 1.000000);

-- ===========PRODUCTO [771]
INSERT INTO PRODUCTO(ID,MARCA_ID,NOMBRE,PRESENTACION,CONTENIDO,UNIDADES_POR_CAJA,COSTO,COSTO_VENTA,PRECIO_BASE,UNIDAD_MEDIDA,CODIGO_BARRAS) VALUES(771,35,'Colgate Crema Dental Pack 125ml','Maxima Proteccion Anticaries',2,36.0,1.000000,1.000000,1.000000,'Pz',7.509546048E12);

INSERT INTO MOVIMIENTO_HISTORICO_PRODUCTO (ALMACEN_ID,PRODUCTO_ID,FECHA,TIPO_MOVIMIENTO_ID,CANTIDAD,COSTO,PRECIO,USUARIO_ID) VALUES(1,771,now(),30,36,1.000000,1.000000,'root');
INSERT INTO ALMACEN_PRODUCTO(ALMACEN_ID,PRODUCTO_ID,CANTIDAD_ACTUAL,CANTIDAD_MINIMA,PRECIO_VENTA) VALUES (1,771,36,0,1.000000);

INSERT INTO ALMACEN_PRODUCTO(ALMACEN_ID,PRODUCTO_ID,CANTIDAD_ACTUAL,CANTIDAD_MINIMA,PRECIO_VENTA) VALUES (2,771,5,0,1.000000);

INSERT INTO ALMACEN_PRODUCTO(ALMACEN_ID,PRODUCTO_ID,CANTIDAD_ACTUAL,CANTIDAD_MINIMA,PRECIO_VENTA) VALUES (3,771,36,0,1.000000);

INSERT INTO ALMACEN_PRODUCTO(ALMACEN_ID,PRODUCTO_ID,CANTIDAD_ACTUAL,CANTIDAD_MINIMA,PRECIO_VENTA) VALUES (4,771,36,0,1.000000);

INSERT INTO PROVEEDOR_PRODUCTO(PROVEEDOR_ID,PRODUCTO_ID,PRECIO_COMPRA) VALUES(6,771, 1.000000);

-- ===========PRODUCTO [772]
INSERT INTO PRODUCTO(ID,MARCA_ID,NOMBRE,PRESENTACION,CONTENIDO,UNIDADES_POR_CAJA,COSTO,COSTO_VENTA,PRECIO_BASE,UNIDAD_MEDIDA,CODIGO_BARRAS) VALUES(772,17,'Palmolive Naturals','Suavidad Exfoliante',180,72.0,1.000000,1.000000,1.000000,'G',7.509546052915E12);

INSERT INTO MOVIMIENTO_HISTORICO_PRODUCTO (ALMACEN_ID,PRODUCTO_ID,FECHA,TIPO_MOVIMIENTO_ID,CANTIDAD,COSTO,PRECIO,USUARIO_ID) VALUES(1,772,now(),30,72,1.000000,1.000000,'root');
INSERT INTO ALMACEN_PRODUCTO(ALMACEN_ID,PRODUCTO_ID,CANTIDAD_ACTUAL,CANTIDAD_MINIMA,PRECIO_VENTA) VALUES (1,772,72,0,1.000000);

INSERT INTO ALMACEN_PRODUCTO(ALMACEN_ID,PRODUCTO_ID,CANTIDAD_ACTUAL,CANTIDAD_MINIMA,PRECIO_VENTA) VALUES (2,772,0,0,1.000000);

INSERT INTO ALMACEN_PRODUCTO(ALMACEN_ID,PRODUCTO_ID,CANTIDAD_ACTUAL,CANTIDAD_MINIMA,PRECIO_VENTA) VALUES (3,772,72,0,1.000000);

INSERT INTO ALMACEN_PRODUCTO(ALMACEN_ID,PRODUCTO_ID,CANTIDAD_ACTUAL,CANTIDAD_MINIMA,PRECIO_VENTA) VALUES (4,772,72,0,1.000000);

INSERT INTO PROVEEDOR_PRODUCTO(PROVEEDOR_ID,PRODUCTO_ID,PRECIO_COMPRA) VALUES(6,772, 1.000000);

-- ===========PRODUCTO [773]
INSERT INTO PRODUCTO(ID,MARCA_ID,NOMBRE,PRESENTACION,CONTENIDO,UNIDADES_POR_CAJA,COSTO,COSTO_VENTA,PRECIO_BASE,UNIDAD_MEDIDA,CODIGO_BARRAS) VALUES(773,17,'Palmolive Naturals','Refrescante',180,72.0,1.000000,1.000000,1.000000,'G',7.509546032238E12);

INSERT INTO MOVIMIENTO_HISTORICO_PRODUCTO (ALMACEN_ID,PRODUCTO_ID,FECHA,TIPO_MOVIMIENTO_ID,CANTIDAD,COSTO,PRECIO,USUARIO_ID) VALUES(1,773,now(),30,72,1.000000,1.000000,'root');
INSERT INTO ALMACEN_PRODUCTO(ALMACEN_ID,PRODUCTO_ID,CANTIDAD_ACTUAL,CANTIDAD_MINIMA,PRECIO_VENTA) VALUES (1,773,72,0,1.000000);

INSERT INTO ALMACEN_PRODUCTO(ALMACEN_ID,PRODUCTO_ID,CANTIDAD_ACTUAL,CANTIDAD_MINIMA,PRECIO_VENTA) VALUES (2,773,0,0,1.000000);

INSERT INTO ALMACEN_PRODUCTO(ALMACEN_ID,PRODUCTO_ID,CANTIDAD_ACTUAL,CANTIDAD_MINIMA,PRECIO_VENTA) VALUES (3,773,72,0,1.000000);

INSERT INTO ALMACEN_PRODUCTO(ALMACEN_ID,PRODUCTO_ID,CANTIDAD_ACTUAL,CANTIDAD_MINIMA,PRECIO_VENTA) VALUES (4,773,72,0,1.000000);

INSERT INTO PROVEEDOR_PRODUCTO(PROVEEDOR_ID,PRODUCTO_ID,PRECIO_COMPRA) VALUES(6,773, 1.000000);

-- ===========PRODUCTO [774]
INSERT INTO PRODUCTO(ID,MARCA_ID,NOMBRE,PRESENTACION,CONTENIDO,UNIDADES_POR_CAJA,COSTO,COSTO_VENTA,PRECIO_BASE,UNIDAD_MEDIDA,CODIGO_BARRAS) VALUES(774,17,'Palmolive Naturals','Exfoliacion Diaria',180,72.0,1.000000,1.000000,1.000000,'G',7.509546032276E12);

INSERT INTO MOVIMIENTO_HISTORICO_PRODUCTO (ALMACEN_ID,PRODUCTO_ID,FECHA,TIPO_MOVIMIENTO_ID,CANTIDAD,COSTO,PRECIO,USUARIO_ID) VALUES(1,774,now(),30,72,1.000000,1.000000,'root');
INSERT INTO ALMACEN_PRODUCTO(ALMACEN_ID,PRODUCTO_ID,CANTIDAD_ACTUAL,CANTIDAD_MINIMA,PRECIO_VENTA) VALUES (1,774,72,0,1.000000);

INSERT INTO ALMACEN_PRODUCTO(ALMACEN_ID,PRODUCTO_ID,CANTIDAD_ACTUAL,CANTIDAD_MINIMA,PRECIO_VENTA) VALUES (2,774,0,0,1.000000);

INSERT INTO ALMACEN_PRODUCTO(ALMACEN_ID,PRODUCTO_ID,CANTIDAD_ACTUAL,CANTIDAD_MINIMA,PRECIO_VENTA) VALUES (3,774,72,0,1.000000);

INSERT INTO ALMACEN_PRODUCTO(ALMACEN_ID,PRODUCTO_ID,CANTIDAD_ACTUAL,CANTIDAD_MINIMA,PRECIO_VENTA) VALUES (4,774,72,0,1.000000);

INSERT INTO PROVEEDOR_PRODUCTO(PROVEEDOR_ID,PRODUCTO_ID,PRECIO_COMPRA) VALUES(6,774, 1.000000);

-- ===========PRODUCTO [775]
INSERT INTO PRODUCTO(ID,MARCA_ID,NOMBRE,PRESENTACION,CONTENIDO,UNIDADES_POR_CAJA,COSTO,COSTO_VENTA,PRECIO_BASE,UNIDAD_MEDIDA,CODIGO_BARRAS) VALUES(775,17,'Palmolive Naturals','Suavidad Relajante',180,72.0,1.000000,1.000000,1.000000,'G',7.509546049564E12);

INSERT INTO MOVIMIENTO_HISTORICO_PRODUCTO (ALMACEN_ID,PRODUCTO_ID,FECHA,TIPO_MOVIMIENTO_ID,CANTIDAD,COSTO,PRECIO,USUARIO_ID) VALUES(1,775,now(),30,72,1.000000,1.000000,'root');
INSERT INTO ALMACEN_PRODUCTO(ALMACEN_ID,PRODUCTO_ID,CANTIDAD_ACTUAL,CANTIDAD_MINIMA,PRECIO_VENTA) VALUES (1,775,72,0,1.000000);

INSERT INTO ALMACEN_PRODUCTO(ALMACEN_ID,PRODUCTO_ID,CANTIDAD_ACTUAL,CANTIDAD_MINIMA,PRECIO_VENTA) VALUES (2,775,0,0,1.000000);

INSERT INTO ALMACEN_PRODUCTO(ALMACEN_ID,PRODUCTO_ID,CANTIDAD_ACTUAL,CANTIDAD_MINIMA,PRECIO_VENTA) VALUES (3,775,72,0,1.000000);

INSERT INTO ALMACEN_PRODUCTO(ALMACEN_ID,PRODUCTO_ID,CANTIDAD_ACTUAL,CANTIDAD_MINIMA,PRECIO_VENTA) VALUES (4,775,72,0,1.000000);

INSERT INTO PROVEEDOR_PRODUCTO(PROVEEDOR_ID,PRODUCTO_ID,PRECIO_COMPRA) VALUES(6,775, 1.000000);

-- ===========PRODUCTO [776]
INSERT INTO PRODUCTO(ID,MARCA_ID,NOMBRE,PRESENTACION,CONTENIDO,UNIDADES_POR_CAJA,COSTO,COSTO_VENTA,PRECIO_BASE,UNIDAD_MEDIDA,CODIGO_BARRAS) VALUES(776,61,'Moco de Gorila Tarro','Punk',270,12.0,1.000000,1.000000,1.000000,'G',7.501438311124E12);

INSERT INTO MOVIMIENTO_HISTORICO_PRODUCTO (ALMACEN_ID,PRODUCTO_ID,FECHA,TIPO_MOVIMIENTO_ID,CANTIDAD,COSTO,PRECIO,USUARIO_ID) VALUES(1,776,now(),30,12,1.000000,1.000000,'root');
INSERT INTO ALMACEN_PRODUCTO(ALMACEN_ID,PRODUCTO_ID,CANTIDAD_ACTUAL,CANTIDAD_MINIMA,PRECIO_VENTA) VALUES (1,776,12,0,1.000000);

INSERT INTO ALMACEN_PRODUCTO(ALMACEN_ID,PRODUCTO_ID,CANTIDAD_ACTUAL,CANTIDAD_MINIMA,PRECIO_VENTA) VALUES (2,776,0,0,1.000000);

INSERT INTO ALMACEN_PRODUCTO(ALMACEN_ID,PRODUCTO_ID,CANTIDAD_ACTUAL,CANTIDAD_MINIMA,PRECIO_VENTA) VALUES (3,776,12,0,18.900000);

INSERT INTO ALMACEN_PRODUCTO(ALMACEN_ID,PRODUCTO_ID,CANTIDAD_ACTUAL,CANTIDAD_MINIMA,PRECIO_VENTA) VALUES (4,776,12,0,1.000000);

INSERT INTO PROVEEDOR_PRODUCTO(PROVEEDOR_ID,PRODUCTO_ID,PRECIO_COMPRA) VALUES(22,776, 1.000000);

-- ===========PRODUCTO [777]
INSERT INTO PRODUCTO(ID,MARCA_ID,NOMBRE,PRESENTACION,CONTENIDO,UNIDADES_POR_CAJA,COSTO,COSTO_VENTA,PRECIO_BASE,UNIDAD_MEDIDA,CODIGO_BARRAS) VALUES(777,61,'Moco de Gorila Tarro','Rockero',270,12.0,1.000000,1.000000,1.000000,'G',7.501438311117E12);

INSERT INTO MOVIMIENTO_HISTORICO_PRODUCTO (ALMACEN_ID,PRODUCTO_ID,FECHA,TIPO_MOVIMIENTO_ID,CANTIDAD,COSTO,PRECIO,USUARIO_ID) VALUES(1,777,now(),30,12,1.000000,1.000000,'root');
INSERT INTO ALMACEN_PRODUCTO(ALMACEN_ID,PRODUCTO_ID,CANTIDAD_ACTUAL,CANTIDAD_MINIMA,PRECIO_VENTA) VALUES (1,777,12,0,1.000000);

INSERT INTO ALMACEN_PRODUCTO(ALMACEN_ID,PRODUCTO_ID,CANTIDAD_ACTUAL,CANTIDAD_MINIMA,PRECIO_VENTA) VALUES (2,777,0,0,1.000000);

INSERT INTO ALMACEN_PRODUCTO(ALMACEN_ID,PRODUCTO_ID,CANTIDAD_ACTUAL,CANTIDAD_MINIMA,PRECIO_VENTA) VALUES (3,777,12,0,18.900000);

INSERT INTO ALMACEN_PRODUCTO(ALMACEN_ID,PRODUCTO_ID,CANTIDAD_ACTUAL,CANTIDAD_MINIMA,PRECIO_VENTA) VALUES (4,777,12,0,1.000000);

INSERT INTO PROVEEDOR_PRODUCTO(PROVEEDOR_ID,PRODUCTO_ID,PRECIO_COMPRA) VALUES(22,777, 1.000000);

-- ===========PRODUCTO [778]
INSERT INTO PRODUCTO(ID,MARCA_ID,NOMBRE,PRESENTACION,CONTENIDO,UNIDADES_POR_CAJA,COSTO,COSTO_VENTA,PRECIO_BASE,UNIDAD_MEDIDA,CODIGO_BARRAS) VALUES(778,61,'Moco de Gorila Tarro','Galan',270,12.0,1.000000,1.000000,1.000000,'G',7.5014383111E12);

INSERT INTO MOVIMIENTO_HISTORICO_PRODUCTO (ALMACEN_ID,PRODUCTO_ID,FECHA,TIPO_MOVIMIENTO_ID,CANTIDAD,COSTO,PRECIO,USUARIO_ID) VALUES(1,778,now(),30,12,1.000000,1.000000,'root');
INSERT INTO ALMACEN_PRODUCTO(ALMACEN_ID,PRODUCTO_ID,CANTIDAD_ACTUAL,CANTIDAD_MINIMA,PRECIO_VENTA) VALUES (1,778,12,0,1.000000);

INSERT INTO ALMACEN_PRODUCTO(ALMACEN_ID,PRODUCTO_ID,CANTIDAD_ACTUAL,CANTIDAD_MINIMA,PRECIO_VENTA) VALUES (2,778,0,0,1.000000);

INSERT INTO ALMACEN_PRODUCTO(ALMACEN_ID,PRODUCTO_ID,CANTIDAD_ACTUAL,CANTIDAD_MINIMA,PRECIO_VENTA) VALUES (3,778,12,0,18.900000);

INSERT INTO ALMACEN_PRODUCTO(ALMACEN_ID,PRODUCTO_ID,CANTIDAD_ACTUAL,CANTIDAD_MINIMA,PRECIO_VENTA) VALUES (4,778,12,0,1.000000);

INSERT INTO PROVEEDOR_PRODUCTO(PROVEEDOR_ID,PRODUCTO_ID,PRECIO_COMPRA) VALUES(22,778, 1.000000);

-- ===========PRODUCTO [779]
INSERT INTO PRODUCTO(ID,MARCA_ID,NOMBRE,PRESENTACION,CONTENIDO,UNIDADES_POR_CAJA,COSTO,COSTO_VENTA,PRECIO_BASE,UNIDAD_MEDIDA,CODIGO_BARRAS) VALUES(779,17,'Palmolive Optims Shampoo','Caida Resist',700,12.0,1.000000,1.000000,1.000000,'ML',7.50954604558E12);

INSERT INTO MOVIMIENTO_HISTORICO_PRODUCTO (ALMACEN_ID,PRODUCTO_ID,FECHA,TIPO_MOVIMIENTO_ID,CANTIDAD,COSTO,PRECIO,USUARIO_ID) VALUES(1,779,now(),30,12,1.000000,1.000000,'root');
INSERT INTO ALMACEN_PRODUCTO(ALMACEN_ID,PRODUCTO_ID,CANTIDAD_ACTUAL,CANTIDAD_MINIMA,PRECIO_VENTA) VALUES (1,779,12,0,1.000000);

INSERT INTO ALMACEN_PRODUCTO(ALMACEN_ID,PRODUCTO_ID,CANTIDAD_ACTUAL,CANTIDAD_MINIMA,PRECIO_VENTA) VALUES (2,779,1,0,1.000000);

INSERT INTO ALMACEN_PRODUCTO(ALMACEN_ID,PRODUCTO_ID,CANTIDAD_ACTUAL,CANTIDAD_MINIMA,PRECIO_VENTA) VALUES (3,779,12,0,1.000000);

INSERT INTO ALMACEN_PRODUCTO(ALMACEN_ID,PRODUCTO_ID,CANTIDAD_ACTUAL,CANTIDAD_MINIMA,PRECIO_VENTA) VALUES (4,779,12,0,1.000000);

INSERT INTO PROVEEDOR_PRODUCTO(PROVEEDOR_ID,PRODUCTO_ID,PRECIO_COMPRA) VALUES(6,779, 1.000000);

-- ===========PRODUCTO [780]
INSERT INTO PRODUCTO(ID,MARCA_ID,NOMBRE,PRESENTACION,CONTENIDO,UNIDADES_POR_CAJA,COSTO,COSTO_VENTA,PRECIO_BASE,UNIDAD_MEDIDA,CODIGO_BARRAS) VALUES(780,35,'Colgate Cepillo Dental','zigzag',1,12.0,1.000000,1.000000,1.000000,'Pz',7.891024181706E12);

INSERT INTO MOVIMIENTO_HISTORICO_PRODUCTO (ALMACEN_ID,PRODUCTO_ID,FECHA,TIPO_MOVIMIENTO_ID,CANTIDAD,COSTO,PRECIO,USUARIO_ID) VALUES(1,780,now(),30,29,1.000000,1.000000,'root');
INSERT INTO ALMACEN_PRODUCTO(ALMACEN_ID,PRODUCTO_ID,CANTIDAD_ACTUAL,CANTIDAD_MINIMA,PRECIO_VENTA) VALUES (1,780,29,0,1.000000);

INSERT INTO ALMACEN_PRODUCTO(ALMACEN_ID,PRODUCTO_ID,CANTIDAD_ACTUAL,CANTIDAD_MINIMA,PRECIO_VENTA) VALUES (2,780,0,0,1.000000);

INSERT INTO ALMACEN_PRODUCTO(ALMACEN_ID,PRODUCTO_ID,CANTIDAD_ACTUAL,CANTIDAD_MINIMA,PRECIO_VENTA) VALUES (3,780,29,0,1.000000);

INSERT INTO ALMACEN_PRODUCTO(ALMACEN_ID,PRODUCTO_ID,CANTIDAD_ACTUAL,CANTIDAD_MINIMA,PRECIO_VENTA) VALUES (4,780,29,0,1.000000);

INSERT INTO PROVEEDOR_PRODUCTO(PROVEEDOR_ID,PRODUCTO_ID,PRECIO_COMPRA) VALUES(6,780, 1.000000);

-- ===========PRODUCTO [781]
INSERT INTO PRODUCTO(ID,MARCA_ID,NOMBRE,PRESENTACION,CONTENIDO,UNIDADES_POR_CAJA,COSTO,COSTO_VENTA,PRECIO_BASE,UNIDAD_MEDIDA,CODIGO_BARRAS) VALUES(781,69,'Axion Detergente Liqudo','Con Ajax ',750,12.0,1.000000,1.000000,1.000000,'G',7.509546052045E12);

INSERT INTO MOVIMIENTO_HISTORICO_PRODUCTO (ALMACEN_ID,PRODUCTO_ID,FECHA,TIPO_MOVIMIENTO_ID,CANTIDAD,COSTO,PRECIO,USUARIO_ID) VALUES(1,781,now(),30,12,1.000000,1.000000,'root');
INSERT INTO ALMACEN_PRODUCTO(ALMACEN_ID,PRODUCTO_ID,CANTIDAD_ACTUAL,CANTIDAD_MINIMA,PRECIO_VENTA) VALUES (1,781,12,0,1.000000);

INSERT INTO ALMACEN_PRODUCTO(ALMACEN_ID,PRODUCTO_ID,CANTIDAD_ACTUAL,CANTIDAD_MINIMA,PRECIO_VENTA) VALUES (2,781,0,0,1.000000);

INSERT INTO ALMACEN_PRODUCTO(ALMACEN_ID,PRODUCTO_ID,CANTIDAD_ACTUAL,CANTIDAD_MINIMA,PRECIO_VENTA) VALUES (3,781,12,0,1.000000);

INSERT INTO ALMACEN_PRODUCTO(ALMACEN_ID,PRODUCTO_ID,CANTIDAD_ACTUAL,CANTIDAD_MINIMA,PRECIO_VENTA) VALUES (4,781,12,0,1.000000);

INSERT INTO PROVEEDOR_PRODUCTO(PROVEEDOR_ID,PRODUCTO_ID,PRECIO_COMPRA) VALUES(6,781, 1.000000);

-- ===========PRODUCTO [782]
INSERT INTO PRODUCTO(ID,MARCA_ID,NOMBRE,PRESENTACION,CONTENIDO,UNIDADES_POR_CAJA,COSTO,COSTO_VENTA,PRECIO_BASE,UNIDAD_MEDIDA,CODIGO_BARRAS) VALUES(782,17,'Palmolive Jabon de Tocador','Neutro Balance Antibacterial',180,72.0,1.000000,1.000000,1.000000,'G',7.509546054414E12);

INSERT INTO MOVIMIENTO_HISTORICO_PRODUCTO (ALMACEN_ID,PRODUCTO_ID,FECHA,TIPO_MOVIMIENTO_ID,CANTIDAD,COSTO,PRECIO,USUARIO_ID) VALUES(1,782,now(),30,72,1.000000,1.000000,'root');
INSERT INTO ALMACEN_PRODUCTO(ALMACEN_ID,PRODUCTO_ID,CANTIDAD_ACTUAL,CANTIDAD_MINIMA,PRECIO_VENTA) VALUES (1,782,72,0,1.000000);

INSERT INTO ALMACEN_PRODUCTO(ALMACEN_ID,PRODUCTO_ID,CANTIDAD_ACTUAL,CANTIDAD_MINIMA,PRECIO_VENTA) VALUES (2,782,0,0,1.000000);

INSERT INTO ALMACEN_PRODUCTO(ALMACEN_ID,PRODUCTO_ID,CANTIDAD_ACTUAL,CANTIDAD_MINIMA,PRECIO_VENTA) VALUES (3,782,72,0,1.000000);

INSERT INTO ALMACEN_PRODUCTO(ALMACEN_ID,PRODUCTO_ID,CANTIDAD_ACTUAL,CANTIDAD_MINIMA,PRECIO_VENTA) VALUES (4,782,72,0,1.000000);

INSERT INTO PROVEEDOR_PRODUCTO(PROVEEDOR_ID,PRODUCTO_ID,PRECIO_COMPRA) VALUES(6,782, 1.000000);

-- ===========PRODUCTO [783]
INSERT INTO PRODUCTO(ID,MARCA_ID,NOMBRE,PRESENTACION,CONTENIDO,UNIDADES_POR_CAJA,COSTO,COSTO_VENTA,PRECIO_BASE,UNIDAD_MEDIDA,CODIGO_BARRAS) VALUES(783,17,'Palmolive Optims Shampoo','4Extra Intenso ',180,12.0,1.000000,1.000000,1.000000,'Ml',7.509546050263E12);

INSERT INTO MOVIMIENTO_HISTORICO_PRODUCTO (ALMACEN_ID,PRODUCTO_ID,FECHA,TIPO_MOVIMIENTO_ID,CANTIDAD,COSTO,PRECIO,USUARIO_ID) VALUES(1,783,now(),30,12,1.000000,1.000000,'root');
INSERT INTO ALMACEN_PRODUCTO(ALMACEN_ID,PRODUCTO_ID,CANTIDAD_ACTUAL,CANTIDAD_MINIMA,PRECIO_VENTA) VALUES (1,783,12,0,1.000000);

INSERT INTO ALMACEN_PRODUCTO(ALMACEN_ID,PRODUCTO_ID,CANTIDAD_ACTUAL,CANTIDAD_MINIMA,PRECIO_VENTA) VALUES (2,783,0,0,1.000000);

INSERT INTO ALMACEN_PRODUCTO(ALMACEN_ID,PRODUCTO_ID,CANTIDAD_ACTUAL,CANTIDAD_MINIMA,PRECIO_VENTA) VALUES (3,783,12,0,1.000000);

INSERT INTO ALMACEN_PRODUCTO(ALMACEN_ID,PRODUCTO_ID,CANTIDAD_ACTUAL,CANTIDAD_MINIMA,PRECIO_VENTA) VALUES (4,783,12,0,1.000000);

INSERT INTO PROVEEDOR_PRODUCTO(PROVEEDOR_ID,PRODUCTO_ID,PRECIO_COMPRA) VALUES(6,783, 1.000000);

-- ===========PRODUCTO [784]
INSERT INTO PRODUCTO(ID,MARCA_ID,NOMBRE,PRESENTACION,CONTENIDO,UNIDADES_POR_CAJA,COSTO,COSTO_VENTA,PRECIO_BASE,UNIDAD_MEDIDA,CODIGO_BARRAS) VALUES(784,35,'Colgate Gel Dental Niños','Spiderman',75,12.0,1.000000,1.000000,1.000000,'ML',7.509546048338E12);

INSERT INTO MOVIMIENTO_HISTORICO_PRODUCTO (ALMACEN_ID,PRODUCTO_ID,FECHA,TIPO_MOVIMIENTO_ID,CANTIDAD,COSTO,PRECIO,USUARIO_ID) VALUES(1,784,now(),30,12,1.000000,1.000000,'root');
INSERT INTO ALMACEN_PRODUCTO(ALMACEN_ID,PRODUCTO_ID,CANTIDAD_ACTUAL,CANTIDAD_MINIMA,PRECIO_VENTA) VALUES (1,784,12,0,1.000000);

INSERT INTO ALMACEN_PRODUCTO(ALMACEN_ID,PRODUCTO_ID,CANTIDAD_ACTUAL,CANTIDAD_MINIMA,PRECIO_VENTA) VALUES (2,784,0,0,1.000000);

INSERT INTO ALMACEN_PRODUCTO(ALMACEN_ID,PRODUCTO_ID,CANTIDAD_ACTUAL,CANTIDAD_MINIMA,PRECIO_VENTA) VALUES (3,784,12,0,1.000000);

INSERT INTO ALMACEN_PRODUCTO(ALMACEN_ID,PRODUCTO_ID,CANTIDAD_ACTUAL,CANTIDAD_MINIMA,PRECIO_VENTA) VALUES (4,784,12,0,1.000000);

INSERT INTO PROVEEDOR_PRODUCTO(PROVEEDOR_ID,PRODUCTO_ID,PRECIO_COMPRA) VALUES(6,784, 1.000000);

-- ===========PRODUCTO [785]
INSERT INTO PRODUCTO(ID,MARCA_ID,NOMBRE,PRESENTACION,CONTENIDO,UNIDADES_POR_CAJA,COSTO,COSTO_VENTA,PRECIO_BASE,UNIDAD_MEDIDA,CODIGO_BARRAS) VALUES(785,68,'Suavitel Suavizante','Fresco Aroma de Sol',1700,8.0,1.000000,1.000000,1.000000,'ML',7.50954604446E12);

INSERT INTO MOVIMIENTO_HISTORICO_PRODUCTO (ALMACEN_ID,PRODUCTO_ID,FECHA,TIPO_MOVIMIENTO_ID,CANTIDAD,COSTO,PRECIO,USUARIO_ID) VALUES(1,785,now(),30,6,1.000000,1.000000,'root');
INSERT INTO ALMACEN_PRODUCTO(ALMACEN_ID,PRODUCTO_ID,CANTIDAD_ACTUAL,CANTIDAD_MINIMA,PRECIO_VENTA) VALUES (1,785,6,0,1.000000);

INSERT INTO ALMACEN_PRODUCTO(ALMACEN_ID,PRODUCTO_ID,CANTIDAD_ACTUAL,CANTIDAD_MINIMA,PRECIO_VENTA) VALUES (2,785,0,0,1.000000);

INSERT INTO ALMACEN_PRODUCTO(ALMACEN_ID,PRODUCTO_ID,CANTIDAD_ACTUAL,CANTIDAD_MINIMA,PRECIO_VENTA) VALUES (3,785,6,0,1.000000);

INSERT INTO ALMACEN_PRODUCTO(ALMACEN_ID,PRODUCTO_ID,CANTIDAD_ACTUAL,CANTIDAD_MINIMA,PRECIO_VENTA) VALUES (4,785,6,0,1.000000);

INSERT INTO PROVEEDOR_PRODUCTO(PROVEEDOR_ID,PRODUCTO_ID,PRECIO_COMPRA) VALUES(6,785, 1.000000);

-- ===========PRODUCTO [786]
INSERT INTO PRODUCTO(ID,MARCA_ID,NOMBRE,PRESENTACION,CONTENIDO,UNIDADES_POR_CAJA,COSTO,COSTO_VENTA,PRECIO_BASE,UNIDAD_MEDIDA,CODIGO_BARRAS) VALUES(786,16,'Ajax Limpiador Liquido','Amonia',2,6.0,1.000000,1.000000,1.000000,'Lt',7.501035905047E12);

INSERT INTO MOVIMIENTO_HISTORICO_PRODUCTO (ALMACEN_ID,PRODUCTO_ID,FECHA,TIPO_MOVIMIENTO_ID,CANTIDAD,COSTO,PRECIO,USUARIO_ID) VALUES(1,786,now(),30,6,1.000000,1.000000,'root');
INSERT INTO ALMACEN_PRODUCTO(ALMACEN_ID,PRODUCTO_ID,CANTIDAD_ACTUAL,CANTIDAD_MINIMA,PRECIO_VENTA) VALUES (1,786,6,0,1.000000);

INSERT INTO ALMACEN_PRODUCTO(ALMACEN_ID,PRODUCTO_ID,CANTIDAD_ACTUAL,CANTIDAD_MINIMA,PRECIO_VENTA) VALUES (2,786,0,0,1.000000);

INSERT INTO ALMACEN_PRODUCTO(ALMACEN_ID,PRODUCTO_ID,CANTIDAD_ACTUAL,CANTIDAD_MINIMA,PRECIO_VENTA) VALUES (3,786,6,0,1.000000);

INSERT INTO ALMACEN_PRODUCTO(ALMACEN_ID,PRODUCTO_ID,CANTIDAD_ACTUAL,CANTIDAD_MINIMA,PRECIO_VENTA) VALUES (4,786,6,0,1.000000);

INSERT INTO PROVEEDOR_PRODUCTO(PROVEEDOR_ID,PRODUCTO_ID,PRECIO_COMPRA) VALUES(6,786, 1.000000);

-- ===========PRODUCTO [787]
INSERT INTO PRODUCTO(ID,MARCA_ID,NOMBRE,PRESENTACION,CONTENIDO,UNIDADES_POR_CAJA,COSTO,COSTO_VENTA,PRECIO_BASE,UNIDAD_MEDIDA,CODIGO_BARRAS) VALUES(787,36,'Caprice Shampoo','Proteina',400,12.0,1.000000,1.000000,1.000000,'ML',7.509546027043E12);

INSERT INTO MOVIMIENTO_HISTORICO_PRODUCTO (ALMACEN_ID,PRODUCTO_ID,FECHA,TIPO_MOVIMIENTO_ID,CANTIDAD,COSTO,PRECIO,USUARIO_ID) VALUES(1,787,now(),30,12,1.000000,1.000000,'root');
INSERT INTO ALMACEN_PRODUCTO(ALMACEN_ID,PRODUCTO_ID,CANTIDAD_ACTUAL,CANTIDAD_MINIMA,PRECIO_VENTA) VALUES (1,787,12,0,1.000000);

INSERT INTO ALMACEN_PRODUCTO(ALMACEN_ID,PRODUCTO_ID,CANTIDAD_ACTUAL,CANTIDAD_MINIMA,PRECIO_VENTA) VALUES (2,787,0,0,1.000000);

INSERT INTO ALMACEN_PRODUCTO(ALMACEN_ID,PRODUCTO_ID,CANTIDAD_ACTUAL,CANTIDAD_MINIMA,PRECIO_VENTA) VALUES (3,787,12,0,1.000000);

INSERT INTO ALMACEN_PRODUCTO(ALMACEN_ID,PRODUCTO_ID,CANTIDAD_ACTUAL,CANTIDAD_MINIMA,PRECIO_VENTA) VALUES (4,787,12,0,1.000000);

INSERT INTO PROVEEDOR_PRODUCTO(PROVEEDOR_ID,PRODUCTO_ID,PRECIO_COMPRA) VALUES(6,787, 1.000000);

-- ===========PRODUCTO [788]
INSERT INTO PRODUCTO(ID,MARCA_ID,NOMBRE,PRESENTACION,CONTENIDO,UNIDADES_POR_CAJA,COSTO,COSTO_VENTA,PRECIO_BASE,UNIDAD_MEDIDA,CODIGO_BARRAS) VALUES(788,36,'Caprice Shampoo','Extracto de Mamey y silicona',400,12.0,1.000000,1.000000,1.000000,'ML',7.509546026817E12);

INSERT INTO MOVIMIENTO_HISTORICO_PRODUCTO (ALMACEN_ID,PRODUCTO_ID,FECHA,TIPO_MOVIMIENTO_ID,CANTIDAD,COSTO,PRECIO,USUARIO_ID) VALUES(1,788,now(),30,24,1.000000,1.000000,'root');
INSERT INTO ALMACEN_PRODUCTO(ALMACEN_ID,PRODUCTO_ID,CANTIDAD_ACTUAL,CANTIDAD_MINIMA,PRECIO_VENTA) VALUES (1,788,24,0,1.000000);

INSERT INTO ALMACEN_PRODUCTO(ALMACEN_ID,PRODUCTO_ID,CANTIDAD_ACTUAL,CANTIDAD_MINIMA,PRECIO_VENTA) VALUES (2,788,0,0,1.000000);

INSERT INTO ALMACEN_PRODUCTO(ALMACEN_ID,PRODUCTO_ID,CANTIDAD_ACTUAL,CANTIDAD_MINIMA,PRECIO_VENTA) VALUES (3,788,24,0,1.000000);

INSERT INTO ALMACEN_PRODUCTO(ALMACEN_ID,PRODUCTO_ID,CANTIDAD_ACTUAL,CANTIDAD_MINIMA,PRECIO_VENTA) VALUES (4,788,24,0,1.000000);

INSERT INTO PROVEEDOR_PRODUCTO(PROVEEDOR_ID,PRODUCTO_ID,PRECIO_COMPRA) VALUES(6,788, 1.000000);

-- ===========PRODUCTO [789]
INSERT INTO PRODUCTO(ID,MARCA_ID,NOMBRE,PRESENTACION,CONTENIDO,UNIDADES_POR_CAJA,COSTO,COSTO_VENTA,PRECIO_BASE,UNIDAD_MEDIDA,CODIGO_BARRAS) VALUES(789,36,'Caprice Shampoo','Extracto de Perla',400,12.0,1.000000,1.000000,1.000000,'ML',7.50954602677E12);

INSERT INTO MOVIMIENTO_HISTORICO_PRODUCTO (ALMACEN_ID,PRODUCTO_ID,FECHA,TIPO_MOVIMIENTO_ID,CANTIDAD,COSTO,PRECIO,USUARIO_ID) VALUES(1,789,now(),30,12,1.000000,1.000000,'root');
INSERT INTO ALMACEN_PRODUCTO(ALMACEN_ID,PRODUCTO_ID,CANTIDAD_ACTUAL,CANTIDAD_MINIMA,PRECIO_VENTA) VALUES (1,789,12,0,1.000000);

INSERT INTO ALMACEN_PRODUCTO(ALMACEN_ID,PRODUCTO_ID,CANTIDAD_ACTUAL,CANTIDAD_MINIMA,PRECIO_VENTA) VALUES (2,789,10,0,1.000000);

INSERT INTO ALMACEN_PRODUCTO(ALMACEN_ID,PRODUCTO_ID,CANTIDAD_ACTUAL,CANTIDAD_MINIMA,PRECIO_VENTA) VALUES (3,789,12,0,1.000000);

INSERT INTO ALMACEN_PRODUCTO(ALMACEN_ID,PRODUCTO_ID,CANTIDAD_ACTUAL,CANTIDAD_MINIMA,PRECIO_VENTA) VALUES (4,789,12,0,1.000000);

INSERT INTO PROVEEDOR_PRODUCTO(PROVEEDOR_ID,PRODUCTO_ID,PRECIO_COMPRA) VALUES(6,789, 1.000000);

-- ===========PRODUCTO [790]
INSERT INTO PRODUCTO(ID,MARCA_ID,NOMBRE,PRESENTACION,CONTENIDO,UNIDADES_POR_CAJA,COSTO,COSTO_VENTA,PRECIO_BASE,UNIDAD_MEDIDA,CODIGO_BARRAS) VALUES(790,36,'Caprice Shampoo','Herbal',400,12.0,1.000000,1.000000,1.000000,'ML',7.509546027012E12);

INSERT INTO MOVIMIENTO_HISTORICO_PRODUCTO (ALMACEN_ID,PRODUCTO_ID,FECHA,TIPO_MOVIMIENTO_ID,CANTIDAD,COSTO,PRECIO,USUARIO_ID) VALUES(1,790,now(),30,12,1.000000,1.000000,'root');
INSERT INTO ALMACEN_PRODUCTO(ALMACEN_ID,PRODUCTO_ID,CANTIDAD_ACTUAL,CANTIDAD_MINIMA,PRECIO_VENTA) VALUES (1,790,12,0,1.000000);

INSERT INTO ALMACEN_PRODUCTO(ALMACEN_ID,PRODUCTO_ID,CANTIDAD_ACTUAL,CANTIDAD_MINIMA,PRECIO_VENTA) VALUES (2,790,2,0,1.000000);

INSERT INTO ALMACEN_PRODUCTO(ALMACEN_ID,PRODUCTO_ID,CANTIDAD_ACTUAL,CANTIDAD_MINIMA,PRECIO_VENTA) VALUES (3,790,12,0,1.000000);

INSERT INTO ALMACEN_PRODUCTO(ALMACEN_ID,PRODUCTO_ID,CANTIDAD_ACTUAL,CANTIDAD_MINIMA,PRECIO_VENTA) VALUES (4,790,12,0,1.000000);

INSERT INTO PROVEEDOR_PRODUCTO(PROVEEDOR_ID,PRODUCTO_ID,PRECIO_COMPRA) VALUES(6,790, 1.000000);

-- ===========PRODUCTO [791]
INSERT INTO PRODUCTO(ID,MARCA_ID,NOMBRE,PRESENTACION,CONTENIDO,UNIDADES_POR_CAJA,COSTO,COSTO_VENTA,PRECIO_BASE,UNIDAD_MEDIDA,CODIGO_BARRAS) VALUES(791,36,'Caprice Shampoo','Extracto de Manzana',400,12.0,1.000000,1.000000,1.000000,'ML',7.509546027005E12);

INSERT INTO MOVIMIENTO_HISTORICO_PRODUCTO (ALMACEN_ID,PRODUCTO_ID,FECHA,TIPO_MOVIMIENTO_ID,CANTIDAD,COSTO,PRECIO,USUARIO_ID) VALUES(1,791,now(),30,12,1.000000,1.000000,'root');
INSERT INTO ALMACEN_PRODUCTO(ALMACEN_ID,PRODUCTO_ID,CANTIDAD_ACTUAL,CANTIDAD_MINIMA,PRECIO_VENTA) VALUES (1,791,12,0,1.000000);

INSERT INTO ALMACEN_PRODUCTO(ALMACEN_ID,PRODUCTO_ID,CANTIDAD_ACTUAL,CANTIDAD_MINIMA,PRECIO_VENTA) VALUES (2,791,3,0,1.000000);

INSERT INTO ALMACEN_PRODUCTO(ALMACEN_ID,PRODUCTO_ID,CANTIDAD_ACTUAL,CANTIDAD_MINIMA,PRECIO_VENTA) VALUES (3,791,12,0,1.000000);

INSERT INTO ALMACEN_PRODUCTO(ALMACEN_ID,PRODUCTO_ID,CANTIDAD_ACTUAL,CANTIDAD_MINIMA,PRECIO_VENTA) VALUES (4,791,12,0,1.000000);

INSERT INTO PROVEEDOR_PRODUCTO(PROVEEDOR_ID,PRODUCTO_ID,PRECIO_COMPRA) VALUES(6,791, 1.000000);

-- ===========PRODUCTO [792]
INSERT INTO PRODUCTO(ID,MARCA_ID,NOMBRE,PRESENTACION,CONTENIDO,UNIDADES_POR_CAJA,COSTO,COSTO_VENTA,PRECIO_BASE,UNIDAD_MEDIDA,CODIGO_BARRAS) VALUES(792,36,'Caprice Shampoo','Extracto de Citricos y Zing',400,12.0,1.000000,1.000000,1.000000,'ML',7.509546036052E12);

INSERT INTO MOVIMIENTO_HISTORICO_PRODUCTO (ALMACEN_ID,PRODUCTO_ID,FECHA,TIPO_MOVIMIENTO_ID,CANTIDAD,COSTO,PRECIO,USUARIO_ID) VALUES(1,792,now(),30,12,1.000000,1.000000,'root');
INSERT INTO ALMACEN_PRODUCTO(ALMACEN_ID,PRODUCTO_ID,CANTIDAD_ACTUAL,CANTIDAD_MINIMA,PRECIO_VENTA) VALUES (1,792,12,0,1.000000);

INSERT INTO ALMACEN_PRODUCTO(ALMACEN_ID,PRODUCTO_ID,CANTIDAD_ACTUAL,CANTIDAD_MINIMA,PRECIO_VENTA) VALUES (2,792,2,0,1.000000);

INSERT INTO ALMACEN_PRODUCTO(ALMACEN_ID,PRODUCTO_ID,CANTIDAD_ACTUAL,CANTIDAD_MINIMA,PRECIO_VENTA) VALUES (3,792,12,0,1.000000);

INSERT INTO ALMACEN_PRODUCTO(ALMACEN_ID,PRODUCTO_ID,CANTIDAD_ACTUAL,CANTIDAD_MINIMA,PRECIO_VENTA) VALUES (4,792,12,0,1.000000);

INSERT INTO PROVEEDOR_PRODUCTO(PROVEEDOR_ID,PRODUCTO_ID,PRECIO_COMPRA) VALUES(6,792, 1.000000);

-- ===========PRODUCTO [793]
INSERT INTO PRODUCTO(ID,MARCA_ID,NOMBRE,PRESENTACION,CONTENIDO,UNIDADES_POR_CAJA,COSTO,COSTO_VENTA,PRECIO_BASE,UNIDAD_MEDIDA,CODIGO_BARRAS) VALUES(793,36,'Caprice Shampoo','Acti Ceramidas',400,12.0,1.000000,1.000000,1.000000,'ML',7.509546026909E12);

INSERT INTO MOVIMIENTO_HISTORICO_PRODUCTO (ALMACEN_ID,PRODUCTO_ID,FECHA,TIPO_MOVIMIENTO_ID,CANTIDAD,COSTO,PRECIO,USUARIO_ID) VALUES(1,793,now(),30,12,1.000000,1.000000,'root');
INSERT INTO ALMACEN_PRODUCTO(ALMACEN_ID,PRODUCTO_ID,CANTIDAD_ACTUAL,CANTIDAD_MINIMA,PRECIO_VENTA) VALUES (1,793,12,0,1.000000);

INSERT INTO ALMACEN_PRODUCTO(ALMACEN_ID,PRODUCTO_ID,CANTIDAD_ACTUAL,CANTIDAD_MINIMA,PRECIO_VENTA) VALUES (2,793,5,0,1.000000);

INSERT INTO ALMACEN_PRODUCTO(ALMACEN_ID,PRODUCTO_ID,CANTIDAD_ACTUAL,CANTIDAD_MINIMA,PRECIO_VENTA) VALUES (3,793,12,0,1.000000);

INSERT INTO ALMACEN_PRODUCTO(ALMACEN_ID,PRODUCTO_ID,CANTIDAD_ACTUAL,CANTIDAD_MINIMA,PRECIO_VENTA) VALUES (4,793,12,0,1.000000);

INSERT INTO PROVEEDOR_PRODUCTO(PROVEEDOR_ID,PRODUCTO_ID,PRECIO_COMPRA) VALUES(6,793, 1.000000);

-- ===========PRODUCTO [794]
INSERT INTO PRODUCTO(ID,MARCA_ID,NOMBRE,PRESENTACION,CONTENIDO,UNIDADES_POR_CAJA,COSTO,COSTO_VENTA,PRECIO_BASE,UNIDAD_MEDIDA,CODIGO_BARRAS) VALUES(794,68,'Suavitel Momentos Magicos','Caricias de Rosas',750,12.0,1.000000,1.000000,1.000000,'ML',7.509546040608E12);

INSERT INTO MOVIMIENTO_HISTORICO_PRODUCTO (ALMACEN_ID,PRODUCTO_ID,FECHA,TIPO_MOVIMIENTO_ID,CANTIDAD,COSTO,PRECIO,USUARIO_ID) VALUES(1,794,now(),30,12,1.000000,1.000000,'root');
INSERT INTO ALMACEN_PRODUCTO(ALMACEN_ID,PRODUCTO_ID,CANTIDAD_ACTUAL,CANTIDAD_MINIMA,PRECIO_VENTA) VALUES (1,794,12,0,1.000000);

INSERT INTO ALMACEN_PRODUCTO(ALMACEN_ID,PRODUCTO_ID,CANTIDAD_ACTUAL,CANTIDAD_MINIMA,PRECIO_VENTA) VALUES (2,794,0,0,1.000000);

INSERT INTO ALMACEN_PRODUCTO(ALMACEN_ID,PRODUCTO_ID,CANTIDAD_ACTUAL,CANTIDAD_MINIMA,PRECIO_VENTA) VALUES (3,794,12,0,1.000000);

INSERT INTO ALMACEN_PRODUCTO(ALMACEN_ID,PRODUCTO_ID,CANTIDAD_ACTUAL,CANTIDAD_MINIMA,PRECIO_VENTA) VALUES (4,794,12,0,1.000000);

INSERT INTO PROVEEDOR_PRODUCTO(PROVEEDOR_ID,PRODUCTO_ID,PRECIO_COMPRA) VALUES(6,794, 1.000000);

-- ===========PRODUCTO [795]
INSERT INTO PRODUCTO(ID,MARCA_ID,NOMBRE,PRESENTACION,CONTENIDO,UNIDADES_POR_CAJA,COSTO,COSTO_VENTA,PRECIO_BASE,UNIDAD_MEDIDA,CODIGO_BARRAS) VALUES(795,68,'Suavitel Momentos Magicos','Abrazo de sol',750,12.0,1.000000,1.000000,1.000000,'ML',7.509546032863E12);

INSERT INTO MOVIMIENTO_HISTORICO_PRODUCTO (ALMACEN_ID,PRODUCTO_ID,FECHA,TIPO_MOVIMIENTO_ID,CANTIDAD,COSTO,PRECIO,USUARIO_ID) VALUES(1,795,now(),30,12,1.000000,1.000000,'root');
INSERT INTO ALMACEN_PRODUCTO(ALMACEN_ID,PRODUCTO_ID,CANTIDAD_ACTUAL,CANTIDAD_MINIMA,PRECIO_VENTA) VALUES (1,795,12,0,1.000000);

INSERT INTO ALMACEN_PRODUCTO(ALMACEN_ID,PRODUCTO_ID,CANTIDAD_ACTUAL,CANTIDAD_MINIMA,PRECIO_VENTA) VALUES (2,795,0,0,1.000000);

INSERT INTO ALMACEN_PRODUCTO(ALMACEN_ID,PRODUCTO_ID,CANTIDAD_ACTUAL,CANTIDAD_MINIMA,PRECIO_VENTA) VALUES (3,795,12,0,1.000000);

INSERT INTO ALMACEN_PRODUCTO(ALMACEN_ID,PRODUCTO_ID,CANTIDAD_ACTUAL,CANTIDAD_MINIMA,PRECIO_VENTA) VALUES (4,795,12,0,1.000000);

INSERT INTO PROVEEDOR_PRODUCTO(PROVEEDOR_ID,PRODUCTO_ID,PRECIO_COMPRA) VALUES(6,795, 1.000000);

-- ===========PRODUCTO [796]
INSERT INTO PRODUCTO(ID,MARCA_ID,NOMBRE,PRESENTACION,CONTENIDO,UNIDADES_POR_CAJA,COSTO,COSTO_VENTA,PRECIO_BASE,UNIDAD_MEDIDA,CODIGO_BARRAS) VALUES(796,68,'Suavitel Suavizante','Fresca Primavera',1000,12.0,1.000000,1.000000,1.000000,'ML',7.501035903029E12);

INSERT INTO MOVIMIENTO_HISTORICO_PRODUCTO (ALMACEN_ID,PRODUCTO_ID,FECHA,TIPO_MOVIMIENTO_ID,CANTIDAD,COSTO,PRECIO,USUARIO_ID) VALUES(1,796,now(),30,18,1.000000,1.000000,'root');
INSERT INTO ALMACEN_PRODUCTO(ALMACEN_ID,PRODUCTO_ID,CANTIDAD_ACTUAL,CANTIDAD_MINIMA,PRECIO_VENTA) VALUES (1,796,18,0,1.000000);

INSERT INTO ALMACEN_PRODUCTO(ALMACEN_ID,PRODUCTO_ID,CANTIDAD_ACTUAL,CANTIDAD_MINIMA,PRECIO_VENTA) VALUES (2,796,0,0,1.000000);

INSERT INTO ALMACEN_PRODUCTO(ALMACEN_ID,PRODUCTO_ID,CANTIDAD_ACTUAL,CANTIDAD_MINIMA,PRECIO_VENTA) VALUES (3,796,18,0,1.000000);

INSERT INTO ALMACEN_PRODUCTO(ALMACEN_ID,PRODUCTO_ID,CANTIDAD_ACTUAL,CANTIDAD_MINIMA,PRECIO_VENTA) VALUES (4,796,18,0,1.000000);

INSERT INTO PROVEEDOR_PRODUCTO(PROVEEDOR_ID,PRODUCTO_ID,PRECIO_COMPRA) VALUES(6,796, 1.000000);

-- ===========PRODUCTO [797]
INSERT INTO PRODUCTO(ID,MARCA_ID,NOMBRE,PRESENTACION,CONTENIDO,UNIDADES_POR_CAJA,COSTO,COSTO_VENTA,PRECIO_BASE,UNIDAD_MEDIDA,CODIGO_BARRAS) VALUES(797,68,'Suavitel','Fresco Aroma de Sol',1,8.0,1.000000,1.000000,1.000000,'Lt',7.509546015347E12);

INSERT INTO MOVIMIENTO_HISTORICO_PRODUCTO (ALMACEN_ID,PRODUCTO_ID,FECHA,TIPO_MOVIMIENTO_ID,CANTIDAD,COSTO,PRECIO,USUARIO_ID) VALUES(1,797,now(),30,8,1.000000,1.000000,'root');
INSERT INTO ALMACEN_PRODUCTO(ALMACEN_ID,PRODUCTO_ID,CANTIDAD_ACTUAL,CANTIDAD_MINIMA,PRECIO_VENTA) VALUES (1,797,8,0,1.000000);

INSERT INTO ALMACEN_PRODUCTO(ALMACEN_ID,PRODUCTO_ID,CANTIDAD_ACTUAL,CANTIDAD_MINIMA,PRECIO_VENTA) VALUES (2,797,0,0,1.000000);

INSERT INTO ALMACEN_PRODUCTO(ALMACEN_ID,PRODUCTO_ID,CANTIDAD_ACTUAL,CANTIDAD_MINIMA,PRECIO_VENTA) VALUES (3,797,8,0,1.000000);

INSERT INTO ALMACEN_PRODUCTO(ALMACEN_ID,PRODUCTO_ID,CANTIDAD_ACTUAL,CANTIDAD_MINIMA,PRECIO_VENTA) VALUES (4,797,8,0,1.000000);

INSERT INTO PROVEEDOR_PRODUCTO(PROVEEDOR_ID,PRODUCTO_ID,PRECIO_COMPRA) VALUES(6,797, 1.000000);

-- ===========PRODUCTO [798]
INSERT INTO PRODUCTO(ID,MARCA_ID,NOMBRE,PRESENTACION,CONTENIDO,UNIDADES_POR_CAJA,COSTO,COSTO_VENTA,PRECIO_BASE,UNIDAD_MEDIDA,CODIGO_BARRAS) VALUES(798,68,'Suavitel Adios al Planchado','Anochecer',1,8.0,1.000000,1.000000,1.000000,'L',7.509546050133E12);

INSERT INTO MOVIMIENTO_HISTORICO_PRODUCTO (ALMACEN_ID,PRODUCTO_ID,FECHA,TIPO_MOVIMIENTO_ID,CANTIDAD,COSTO,PRECIO,USUARIO_ID) VALUES(1,798,now(),30,8,1.000000,1.000000,'root');
INSERT INTO ALMACEN_PRODUCTO(ALMACEN_ID,PRODUCTO_ID,CANTIDAD_ACTUAL,CANTIDAD_MINIMA,PRECIO_VENTA) VALUES (1,798,8,0,1.000000);

INSERT INTO ALMACEN_PRODUCTO(ALMACEN_ID,PRODUCTO_ID,CANTIDAD_ACTUAL,CANTIDAD_MINIMA,PRECIO_VENTA) VALUES (2,798,0,0,1.000000);

INSERT INTO ALMACEN_PRODUCTO(ALMACEN_ID,PRODUCTO_ID,CANTIDAD_ACTUAL,CANTIDAD_MINIMA,PRECIO_VENTA) VALUES (3,798,8,0,1.000000);

INSERT INTO ALMACEN_PRODUCTO(ALMACEN_ID,PRODUCTO_ID,CANTIDAD_ACTUAL,CANTIDAD_MINIMA,PRECIO_VENTA) VALUES (4,798,8,0,1.000000);

INSERT INTO PROVEEDOR_PRODUCTO(PROVEEDOR_ID,PRODUCTO_ID,PRECIO_COMPRA) VALUES(6,798, 1.000000);

-- ===========PRODUCTO [799]
INSERT INTO PRODUCTO(ID,MARCA_ID,NOMBRE,PRESENTACION,CONTENIDO,UNIDADES_POR_CAJA,COSTO,COSTO_VENTA,PRECIO_BASE,UNIDAD_MEDIDA,CODIGO_BARRAS) VALUES(799,68,'Suavitel','Acqua',1,8.0,1.000000,1.000000,1.000000,'Lt',7.509546044354E12);

INSERT INTO MOVIMIENTO_HISTORICO_PRODUCTO (ALMACEN_ID,PRODUCTO_ID,FECHA,TIPO_MOVIMIENTO_ID,CANTIDAD,COSTO,PRECIO,USUARIO_ID) VALUES(1,799,now(),30,8,1.000000,1.000000,'root');
INSERT INTO ALMACEN_PRODUCTO(ALMACEN_ID,PRODUCTO_ID,CANTIDAD_ACTUAL,CANTIDAD_MINIMA,PRECIO_VENTA) VALUES (1,799,8,0,1.000000);

INSERT INTO ALMACEN_PRODUCTO(ALMACEN_ID,PRODUCTO_ID,CANTIDAD_ACTUAL,CANTIDAD_MINIMA,PRECIO_VENTA) VALUES (2,799,0,0,1.000000);

INSERT INTO ALMACEN_PRODUCTO(ALMACEN_ID,PRODUCTO_ID,CANTIDAD_ACTUAL,CANTIDAD_MINIMA,PRECIO_VENTA) VALUES (3,799,8,0,1.000000);

INSERT INTO ALMACEN_PRODUCTO(ALMACEN_ID,PRODUCTO_ID,CANTIDAD_ACTUAL,CANTIDAD_MINIMA,PRECIO_VENTA) VALUES (4,799,8,0,1.000000);

INSERT INTO PROVEEDOR_PRODUCTO(PROVEEDOR_ID,PRODUCTO_ID,PRECIO_COMPRA) VALUES(6,799, 1.000000);

-- ===========PRODUCTO [801]
INSERT INTO PRODUCTO(ID,MARCA_ID,NOMBRE,PRESENTACION,CONTENIDO,UNIDADES_POR_CAJA,COSTO,COSTO_VENTA,PRECIO_BASE,UNIDAD_MEDIDA,CODIGO_BARRAS) VALUES(801,35,'Colgate Pasta Dental','Maxima Protección Anticaries',100,72.0,1.000000,1.000000,1.000000,'ML',7.501035911031E12);

INSERT INTO MOVIMIENTO_HISTORICO_PRODUCTO (ALMACEN_ID,PRODUCTO_ID,FECHA,TIPO_MOVIMIENTO_ID,CANTIDAD,COSTO,PRECIO,USUARIO_ID) VALUES(1,801,now(),30,72,1.000000,1.000000,'root');
INSERT INTO ALMACEN_PRODUCTO(ALMACEN_ID,PRODUCTO_ID,CANTIDAD_ACTUAL,CANTIDAD_MINIMA,PRECIO_VENTA) VALUES (1,801,72,0,1.000000);

INSERT INTO ALMACEN_PRODUCTO(ALMACEN_ID,PRODUCTO_ID,CANTIDAD_ACTUAL,CANTIDAD_MINIMA,PRECIO_VENTA) VALUES (2,801,148,0,1.000000);

INSERT INTO ALMACEN_PRODUCTO(ALMACEN_ID,PRODUCTO_ID,CANTIDAD_ACTUAL,CANTIDAD_MINIMA,PRECIO_VENTA) VALUES (3,801,72,0,1.000000);

INSERT INTO ALMACEN_PRODUCTO(ALMACEN_ID,PRODUCTO_ID,CANTIDAD_ACTUAL,CANTIDAD_MINIMA,PRECIO_VENTA) VALUES (4,801,72,0,1.000000);

INSERT INTO PROVEEDOR_PRODUCTO(PROVEEDOR_ID,PRODUCTO_ID,PRECIO_COMPRA) VALUES(6,801, 1.000000);

-- ===========PRODUCTO [802]
INSERT INTO PRODUCTO(ID,MARCA_ID,NOMBRE,PRESENTACION,CONTENIDO,UNIDADES_POR_CAJA,COSTO,COSTO_VENTA,PRECIO_BASE,UNIDAD_MEDIDA,CODIGO_BARRAS) VALUES(802,35,'Colgate Pasta Dental','Maxima Protección Anticaries',50,144.0,1.000000,1.000000,1.000000,'ML',7.501035911567E12);

INSERT INTO MOVIMIENTO_HISTORICO_PRODUCTO (ALMACEN_ID,PRODUCTO_ID,FECHA,TIPO_MOVIMIENTO_ID,CANTIDAD,COSTO,PRECIO,USUARIO_ID) VALUES(1,802,now(),30,144,1.000000,1.000000,'root');
INSERT INTO ALMACEN_PRODUCTO(ALMACEN_ID,PRODUCTO_ID,CANTIDAD_ACTUAL,CANTIDAD_MINIMA,PRECIO_VENTA) VALUES (1,802,144,0,1.000000);

INSERT INTO ALMACEN_PRODUCTO(ALMACEN_ID,PRODUCTO_ID,CANTIDAD_ACTUAL,CANTIDAD_MINIMA,PRECIO_VENTA) VALUES (2,802,140,0,1.000000);

INSERT INTO ALMACEN_PRODUCTO(ALMACEN_ID,PRODUCTO_ID,CANTIDAD_ACTUAL,CANTIDAD_MINIMA,PRECIO_VENTA) VALUES (3,802,144,0,1.000000);

INSERT INTO ALMACEN_PRODUCTO(ALMACEN_ID,PRODUCTO_ID,CANTIDAD_ACTUAL,CANTIDAD_MINIMA,PRECIO_VENTA) VALUES (4,802,144,0,1.000000);

INSERT INTO PROVEEDOR_PRODUCTO(PROVEEDOR_ID,PRODUCTO_ID,PRECIO_COMPRA) VALUES(6,802, 1.000000);

-- ===========PRODUCTO [803]
INSERT INTO PRODUCTO(ID,MARCA_ID,NOMBRE,PRESENTACION,CONTENIDO,UNIDADES_POR_CAJA,COSTO,COSTO_VENTA,PRECIO_BASE,UNIDAD_MEDIDA,CODIGO_BARRAS) VALUES(803,35,'Colgate Pasta Dental','Triple Acción',50,144.0,1.000000,1.000000,1.000000,'ML',7.509546003108E12);

INSERT INTO MOVIMIENTO_HISTORICO_PRODUCTO (ALMACEN_ID,PRODUCTO_ID,FECHA,TIPO_MOVIMIENTO_ID,CANTIDAD,COSTO,PRECIO,USUARIO_ID) VALUES(1,803,now(),30,144,1.000000,1.000000,'root');
INSERT INTO ALMACEN_PRODUCTO(ALMACEN_ID,PRODUCTO_ID,CANTIDAD_ACTUAL,CANTIDAD_MINIMA,PRECIO_VENTA) VALUES (1,803,144,0,1.000000);

INSERT INTO ALMACEN_PRODUCTO(ALMACEN_ID,PRODUCTO_ID,CANTIDAD_ACTUAL,CANTIDAD_MINIMA,PRECIO_VENTA) VALUES (2,803,23,0,1.000000);

INSERT INTO ALMACEN_PRODUCTO(ALMACEN_ID,PRODUCTO_ID,CANTIDAD_ACTUAL,CANTIDAD_MINIMA,PRECIO_VENTA) VALUES (3,803,144,0,1.000000);

INSERT INTO ALMACEN_PRODUCTO(ALMACEN_ID,PRODUCTO_ID,CANTIDAD_ACTUAL,CANTIDAD_MINIMA,PRECIO_VENTA) VALUES (4,803,144,0,1.000000);

INSERT INTO PROVEEDOR_PRODUCTO(PROVEEDOR_ID,PRODUCTO_ID,PRECIO_COMPRA) VALUES(6,803, 1.000000);

-- ===========PRODUCTO [804]
INSERT INTO PRODUCTO(ID,MARCA_ID,NOMBRE,PRESENTACION,CONTENIDO,UNIDADES_POR_CAJA,COSTO,COSTO_VENTA,PRECIO_BASE,UNIDAD_MEDIDA,CODIGO_BARRAS) VALUES(804,79,'Fruitt Gel Super Hold','Azul',750,12.0,1.000000,1.000000,1.000000,'G',7.501438300067E12);

INSERT INTO MOVIMIENTO_HISTORICO_PRODUCTO (ALMACEN_ID,PRODUCTO_ID,FECHA,TIPO_MOVIMIENTO_ID,CANTIDAD,COSTO,PRECIO,USUARIO_ID) VALUES(1,804,now(),30,12,1.000000,1.000000,'root');
INSERT INTO ALMACEN_PRODUCTO(ALMACEN_ID,PRODUCTO_ID,CANTIDAD_ACTUAL,CANTIDAD_MINIMA,PRECIO_VENTA) VALUES (1,804,12,0,1.000000);

INSERT INTO ALMACEN_PRODUCTO(ALMACEN_ID,PRODUCTO_ID,CANTIDAD_ACTUAL,CANTIDAD_MINIMA,PRECIO_VENTA) VALUES (2,804,0,0,1.000000);

INSERT INTO ALMACEN_PRODUCTO(ALMACEN_ID,PRODUCTO_ID,CANTIDAD_ACTUAL,CANTIDAD_MINIMA,PRECIO_VENTA) VALUES (3,804,12,0,1.000000);

INSERT INTO ALMACEN_PRODUCTO(ALMACEN_ID,PRODUCTO_ID,CANTIDAD_ACTUAL,CANTIDAD_MINIMA,PRECIO_VENTA) VALUES (4,804,12,0,1.000000);

INSERT INTO PROVEEDOR_PRODUCTO(PROVEEDOR_ID,PRODUCTO_ID,PRECIO_COMPRA) VALUES(22,804, 1.000000);

-- ===========PRODUCTO [805]
INSERT INTO PRODUCTO(ID,MARCA_ID,NOMBRE,PRESENTACION,CONTENIDO,UNIDADES_POR_CAJA,COSTO,COSTO_VENTA,PRECIO_BASE,UNIDAD_MEDIDA,CODIGO_BARRAS) VALUES(805,79,'Fruitt Gel Super Hold','Verde',750,12.0,1.000000,1.000000,1.000000,'G',7.501438300012E12);

INSERT INTO MOVIMIENTO_HISTORICO_PRODUCTO (ALMACEN_ID,PRODUCTO_ID,FECHA,TIPO_MOVIMIENTO_ID,CANTIDAD,COSTO,PRECIO,USUARIO_ID) VALUES(1,805,now(),30,12,1.000000,1.000000,'root');
INSERT INTO ALMACEN_PRODUCTO(ALMACEN_ID,PRODUCTO_ID,CANTIDAD_ACTUAL,CANTIDAD_MINIMA,PRECIO_VENTA) VALUES (1,805,12,0,1.000000);

INSERT INTO ALMACEN_PRODUCTO(ALMACEN_ID,PRODUCTO_ID,CANTIDAD_ACTUAL,CANTIDAD_MINIMA,PRECIO_VENTA) VALUES (2,805,0,0,1.000000);

INSERT INTO ALMACEN_PRODUCTO(ALMACEN_ID,PRODUCTO_ID,CANTIDAD_ACTUAL,CANTIDAD_MINIMA,PRECIO_VENTA) VALUES (3,805,12,0,1.000000);

INSERT INTO ALMACEN_PRODUCTO(ALMACEN_ID,PRODUCTO_ID,CANTIDAD_ACTUAL,CANTIDAD_MINIMA,PRECIO_VENTA) VALUES (4,805,12,0,1.000000);

INSERT INTO PROVEEDOR_PRODUCTO(PROVEEDOR_ID,PRODUCTO_ID,PRECIO_COMPRA) VALUES(22,805, 1.000000);

-- ===========PRODUCTO [806]
INSERT INTO PRODUCTO(ID,MARCA_ID,NOMBRE,PRESENTACION,CONTENIDO,UNIDADES_POR_CAJA,COSTO,COSTO_VENTA,PRECIO_BASE,UNIDAD_MEDIDA,CODIGO_BARRAS) VALUES(806,79,'Fruitt Gel Super Hold','Natural',750,12.0,1.000000,1.000000,1.000000,'G',7.501438300043E12);

INSERT INTO MOVIMIENTO_HISTORICO_PRODUCTO (ALMACEN_ID,PRODUCTO_ID,FECHA,TIPO_MOVIMIENTO_ID,CANTIDAD,COSTO,PRECIO,USUARIO_ID) VALUES(1,806,now(),30,12,1.000000,1.000000,'root');
INSERT INTO ALMACEN_PRODUCTO(ALMACEN_ID,PRODUCTO_ID,CANTIDAD_ACTUAL,CANTIDAD_MINIMA,PRECIO_VENTA) VALUES (1,806,12,0,1.000000);

INSERT INTO ALMACEN_PRODUCTO(ALMACEN_ID,PRODUCTO_ID,CANTIDAD_ACTUAL,CANTIDAD_MINIMA,PRECIO_VENTA) VALUES (2,806,0,0,1.000000);

INSERT INTO ALMACEN_PRODUCTO(ALMACEN_ID,PRODUCTO_ID,CANTIDAD_ACTUAL,CANTIDAD_MINIMA,PRECIO_VENTA) VALUES (3,806,12,0,1.000000);

INSERT INTO ALMACEN_PRODUCTO(ALMACEN_ID,PRODUCTO_ID,CANTIDAD_ACTUAL,CANTIDAD_MINIMA,PRECIO_VENTA) VALUES (4,806,12,0,1.000000);

INSERT INTO PROVEEDOR_PRODUCTO(PROVEEDOR_ID,PRODUCTO_ID,PRECIO_COMPRA) VALUES(22,806, 1.000000);

-- ===========PRODUCTO [807]
INSERT INTO PRODUCTO(ID,MARCA_ID,NOMBRE,PRESENTACION,CONTENIDO,UNIDADES_POR_CAJA,COSTO,COSTO_VENTA,PRECIO_BASE,UNIDAD_MEDIDA,CODIGO_BARRAS) VALUES(807,80,'Magitel Tela Extra Grande Limpieza','Extra Absorbente',5,96.0,1.000000,1.000000,1.000000,'Pz',7.501035903623E12);

INSERT INTO MOVIMIENTO_HISTORICO_PRODUCTO (ALMACEN_ID,PRODUCTO_ID,FECHA,TIPO_MOVIMIENTO_ID,CANTIDAD,COSTO,PRECIO,USUARIO_ID) VALUES(1,807,now(),30,24,1.000000,1.000000,'root');
INSERT INTO ALMACEN_PRODUCTO(ALMACEN_ID,PRODUCTO_ID,CANTIDAD_ACTUAL,CANTIDAD_MINIMA,PRECIO_VENTA) VALUES (1,807,24,0,1.000000);

INSERT INTO ALMACEN_PRODUCTO(ALMACEN_ID,PRODUCTO_ID,CANTIDAD_ACTUAL,CANTIDAD_MINIMA,PRECIO_VENTA) VALUES (2,807,0,0,1.000000);

INSERT INTO ALMACEN_PRODUCTO(ALMACEN_ID,PRODUCTO_ID,CANTIDAD_ACTUAL,CANTIDAD_MINIMA,PRECIO_VENTA) VALUES (3,807,24,0,9.900000);

INSERT INTO ALMACEN_PRODUCTO(ALMACEN_ID,PRODUCTO_ID,CANTIDAD_ACTUAL,CANTIDAD_MINIMA,PRECIO_VENTA) VALUES (4,807,24,0,1.000000);

INSERT INTO PROVEEDOR_PRODUCTO(PROVEEDOR_ID,PRODUCTO_ID,PRECIO_COMPRA) VALUES(6,807, 1.000000);

-- ===========PRODUCTO [808]
INSERT INTO PRODUCTO(ID,MARCA_ID,NOMBRE,PRESENTACION,CONTENIDO,UNIDADES_POR_CAJA,COSTO,COSTO_VENTA,PRECIO_BASE,UNIDAD_MEDIDA,CODIGO_BARRAS) VALUES(808,80,'Magitel Telas Limpieza Paquete 5Pz','Extra Absorbente',24,4.0,1.000000,1.000000,1.000000,'Pz',2.75010359121E13);

INSERT INTO MOVIMIENTO_HISTORICO_PRODUCTO (ALMACEN_ID,PRODUCTO_ID,FECHA,TIPO_MOVIMIENTO_ID,CANTIDAD,COSTO,PRECIO,USUARIO_ID) VALUES(1,808,now(),30,3,1.000000,1.000000,'root');
INSERT INTO ALMACEN_PRODUCTO(ALMACEN_ID,PRODUCTO_ID,CANTIDAD_ACTUAL,CANTIDAD_MINIMA,PRECIO_VENTA) VALUES (1,808,3,0,1.000000);

INSERT INTO ALMACEN_PRODUCTO(ALMACEN_ID,PRODUCTO_ID,CANTIDAD_ACTUAL,CANTIDAD_MINIMA,PRECIO_VENTA) VALUES (2,808,0,0,1.000000);

INSERT INTO ALMACEN_PRODUCTO(ALMACEN_ID,PRODUCTO_ID,CANTIDAD_ACTUAL,CANTIDAD_MINIMA,PRECIO_VENTA) VALUES (3,808,3,0,1.000000);

INSERT INTO ALMACEN_PRODUCTO(ALMACEN_ID,PRODUCTO_ID,CANTIDAD_ACTUAL,CANTIDAD_MINIMA,PRECIO_VENTA) VALUES (4,808,3,0,1.000000);

INSERT INTO PROVEEDOR_PRODUCTO(PROVEEDOR_ID,PRODUCTO_ID,PRECIO_COMPRA) VALUES(6,808, 1.000000);

-- ===========PRODUCTO [809]
INSERT INTO PRODUCTO(ID,MARCA_ID,NOMBRE,PRESENTACION,CONTENIDO,UNIDADES_POR_CAJA,COSTO,COSTO_VENTA,PRECIO_BASE,UNIDAD_MEDIDA,CODIGO_BARRAS) VALUES(809,35,'Colgate Pasta Dental','Triple Acción Extra Blancura',75,48.0,1.000000,1.000000,1.000000,'ML',7.509546056098E12);

INSERT INTO MOVIMIENTO_HISTORICO_PRODUCTO (ALMACEN_ID,PRODUCTO_ID,FECHA,TIPO_MOVIMIENTO_ID,CANTIDAD,COSTO,PRECIO,USUARIO_ID) VALUES(1,809,now(),30,48,1.000000,1.000000,'root');
INSERT INTO ALMACEN_PRODUCTO(ALMACEN_ID,PRODUCTO_ID,CANTIDAD_ACTUAL,CANTIDAD_MINIMA,PRECIO_VENTA) VALUES (1,809,48,0,1.000000);

INSERT INTO ALMACEN_PRODUCTO(ALMACEN_ID,PRODUCTO_ID,CANTIDAD_ACTUAL,CANTIDAD_MINIMA,PRECIO_VENTA) VALUES (2,809,0,0,1.000000);

INSERT INTO ALMACEN_PRODUCTO(ALMACEN_ID,PRODUCTO_ID,CANTIDAD_ACTUAL,CANTIDAD_MINIMA,PRECIO_VENTA) VALUES (3,809,48,0,1.000000);

INSERT INTO ALMACEN_PRODUCTO(ALMACEN_ID,PRODUCTO_ID,CANTIDAD_ACTUAL,CANTIDAD_MINIMA,PRECIO_VENTA) VALUES (4,809,48,0,1.000000);

INSERT INTO PROVEEDOR_PRODUCTO(PROVEEDOR_ID,PRODUCTO_ID,PRECIO_COMPRA) VALUES(6,809, 1.000000);

-- ===========PRODUCTO [810]
INSERT INTO PRODUCTO(ID,MARCA_ID,NOMBRE,PRESENTACION,CONTENIDO,UNIDADES_POR_CAJA,COSTO,COSTO_VENTA,PRECIO_BASE,UNIDAD_MEDIDA,CODIGO_BARRAS) VALUES(810,41,'Nivea Rollon Dama','Happy Time',25,24.0,1.000000,1.000000,14.283416,'ML',4.219488E7);

INSERT INTO MOVIMIENTO_HISTORICO_PRODUCTO (ALMACEN_ID,PRODUCTO_ID,FECHA,TIPO_MOVIMIENTO_ID,CANTIDAD,COSTO,PRECIO,USUARIO_ID) VALUES(1,810,now(),30,24,1.000000,14.283416,'root');
INSERT INTO ALMACEN_PRODUCTO(ALMACEN_ID,PRODUCTO_ID,CANTIDAD_ACTUAL,CANTIDAD_MINIMA,PRECIO_VENTA) VALUES (1,810,24,0,14.283416);

INSERT INTO ALMACEN_PRODUCTO(ALMACEN_ID,PRODUCTO_ID,CANTIDAD_ACTUAL,CANTIDAD_MINIMA,PRECIO_VENTA) VALUES (2,810,0,0,1.000000);

INSERT INTO ALMACEN_PRODUCTO(ALMACEN_ID,PRODUCTO_ID,CANTIDAD_ACTUAL,CANTIDAD_MINIMA,PRECIO_VENTA) VALUES (3,810,24,0,13.900000);

INSERT INTO ALMACEN_PRODUCTO(ALMACEN_ID,PRODUCTO_ID,CANTIDAD_ACTUAL,CANTIDAD_MINIMA,PRECIO_VENTA) VALUES (4,810,24,0,1.000000);

INSERT INTO PROVEEDOR_PRODUCTO(PROVEEDOR_ID,PRODUCTO_ID,PRECIO_COMPRA) VALUES(4,810, 1.000000);

-- ===========PRODUCTO [811]
INSERT INTO PRODUCTO(ID,MARCA_ID,NOMBRE,PRESENTACION,CONTENIDO,UNIDADES_POR_CAJA,COSTO,COSTO_VENTA,PRECIO_BASE,UNIDAD_MEDIDA,CODIGO_BARRAS) VALUES(811,41,'Nivea Crema Liquida Caballero','Body Milk',250,12.0,1.000000,1.000000,28.981296,'ML',4.005808802555E12);

INSERT INTO MOVIMIENTO_HISTORICO_PRODUCTO (ALMACEN_ID,PRODUCTO_ID,FECHA,TIPO_MOVIMIENTO_ID,CANTIDAD,COSTO,PRECIO,USUARIO_ID) VALUES(1,811,now(),30,12,1.000000,28.981296,'root');
INSERT INTO ALMACEN_PRODUCTO(ALMACEN_ID,PRODUCTO_ID,CANTIDAD_ACTUAL,CANTIDAD_MINIMA,PRECIO_VENTA) VALUES (1,811,12,0,28.981296);

INSERT INTO ALMACEN_PRODUCTO(ALMACEN_ID,PRODUCTO_ID,CANTIDAD_ACTUAL,CANTIDAD_MINIMA,PRECIO_VENTA) VALUES (2,811,0,0,1.000000);

INSERT INTO ALMACEN_PRODUCTO(ALMACEN_ID,PRODUCTO_ID,CANTIDAD_ACTUAL,CANTIDAD_MINIMA,PRECIO_VENTA) VALUES (3,811,12,0,27.900000);

INSERT INTO ALMACEN_PRODUCTO(ALMACEN_ID,PRODUCTO_ID,CANTIDAD_ACTUAL,CANTIDAD_MINIMA,PRECIO_VENTA) VALUES (4,811,12,0,1.000000);

INSERT INTO PROVEEDOR_PRODUCTO(PROVEEDOR_ID,PRODUCTO_ID,PRECIO_COMPRA) VALUES(4,811, 1.000000);

-- ===========PRODUCTO [812]
INSERT INTO PRODUCTO(ID,MARCA_ID,NOMBRE,PRESENTACION,CONTENIDO,UNIDADES_POR_CAJA,COSTO,COSTO_VENTA,PRECIO_BASE,UNIDAD_MEDIDA,CODIGO_BARRAS) VALUES(812,41,'Nivea Crema Solida','Angel Star Soft Souffle',200,12.0,1.000000,1.000000,36.249768,'ml',4.00590000608E12);

INSERT INTO MOVIMIENTO_HISTORICO_PRODUCTO (ALMACEN_ID,PRODUCTO_ID,FECHA,TIPO_MOVIMIENTO_ID,CANTIDAD,COSTO,PRECIO,USUARIO_ID) VALUES(1,812,now(),30,20,1.000000,36.249768,'root');
INSERT INTO ALMACEN_PRODUCTO(ALMACEN_ID,PRODUCTO_ID,CANTIDAD_ACTUAL,CANTIDAD_MINIMA,PRECIO_VENTA) VALUES (1,812,20,0,36.249768);

INSERT INTO ALMACEN_PRODUCTO(ALMACEN_ID,PRODUCTO_ID,CANTIDAD_ACTUAL,CANTIDAD_MINIMA,PRECIO_VENTA) VALUES (2,812,0,0,1.000000);

INSERT INTO ALMACEN_PRODUCTO(ALMACEN_ID,PRODUCTO_ID,CANTIDAD_ACTUAL,CANTIDAD_MINIMA,PRECIO_VENTA) VALUES (3,812,20,0,39.900000);

INSERT INTO ALMACEN_PRODUCTO(ALMACEN_ID,PRODUCTO_ID,CANTIDAD_ACTUAL,CANTIDAD_MINIMA,PRECIO_VENTA) VALUES (4,812,20,0,1.000000);

INSERT INTO PROVEEDOR_PRODUCTO(PROVEEDOR_ID,PRODUCTO_ID,PRECIO_COMPRA) VALUES(4,812, 1.000000);

-- ===========PRODUCTO [813]
INSERT INTO PRODUCTO(ID,MARCA_ID,NOMBRE,PRESENTACION,CONTENIDO,UNIDADES_POR_CAJA,COSTO,COSTO_VENTA,PRECIO_BASE,UNIDAD_MEDIDA,CODIGO_BARRAS) VALUES(813,41,'Nivea Crema Solida','Aclarado Natural',100,24.0,1.000000,1.000000,26.759360,'ml',4.005808818587E12);

INSERT INTO MOVIMIENTO_HISTORICO_PRODUCTO (ALMACEN_ID,PRODUCTO_ID,FECHA,TIPO_MOVIMIENTO_ID,CANTIDAD,COSTO,PRECIO,USUARIO_ID) VALUES(1,813,now(),30,24,1.000000,26.759360,'root');
INSERT INTO ALMACEN_PRODUCTO(ALMACEN_ID,PRODUCTO_ID,CANTIDAD_ACTUAL,CANTIDAD_MINIMA,PRECIO_VENTA) VALUES (1,813,24,0,26.759360);

INSERT INTO ALMACEN_PRODUCTO(ALMACEN_ID,PRODUCTO_ID,CANTIDAD_ACTUAL,CANTIDAD_MINIMA,PRECIO_VENTA) VALUES (2,813,0,0,1.000000);

INSERT INTO ALMACEN_PRODUCTO(ALMACEN_ID,PRODUCTO_ID,CANTIDAD_ACTUAL,CANTIDAD_MINIMA,PRECIO_VENTA) VALUES (3,813,24,0,24.900000);

INSERT INTO ALMACEN_PRODUCTO(ALMACEN_ID,PRODUCTO_ID,CANTIDAD_ACTUAL,CANTIDAD_MINIMA,PRECIO_VENTA) VALUES (4,813,24,0,1.000000);

INSERT INTO PROVEEDOR_PRODUCTO(PROVEEDOR_ID,PRODUCTO_ID,PRECIO_COMPRA) VALUES(4,813, 1.000000);

-- ===========PRODUCTO [814]
INSERT INTO PRODUCTO(ID,MARCA_ID,NOMBRE,PRESENTACION,CONTENIDO,UNIDADES_POR_CAJA,COSTO,COSTO_VENTA,PRECIO_BASE,UNIDAD_MEDIDA,CODIGO_BARRAS) VALUES(814,41,'Nivea Crema Solida','Clasica',400,12.0,1.000000,1.000000,64.143760,'G',7.501054500216E12);

INSERT INTO MOVIMIENTO_HISTORICO_PRODUCTO (ALMACEN_ID,PRODUCTO_ID,FECHA,TIPO_MOVIMIENTO_ID,CANTIDAD,COSTO,PRECIO,USUARIO_ID) VALUES(1,814,now(),30,12,1.000000,64.143760,'root');
INSERT INTO ALMACEN_PRODUCTO(ALMACEN_ID,PRODUCTO_ID,CANTIDAD_ACTUAL,CANTIDAD_MINIMA,PRECIO_VENTA) VALUES (1,814,12,0,64.143760);

INSERT INTO ALMACEN_PRODUCTO(ALMACEN_ID,PRODUCTO_ID,CANTIDAD_ACTUAL,CANTIDAD_MINIMA,PRECIO_VENTA) VALUES (2,814,0,0,1.000000);

INSERT INTO ALMACEN_PRODUCTO(ALMACEN_ID,PRODUCTO_ID,CANTIDAD_ACTUAL,CANTIDAD_MINIMA,PRECIO_VENTA) VALUES (3,814,12,0,64.900000);

INSERT INTO ALMACEN_PRODUCTO(ALMACEN_ID,PRODUCTO_ID,CANTIDAD_ACTUAL,CANTIDAD_MINIMA,PRECIO_VENTA) VALUES (4,814,12,0,1.000000);

INSERT INTO PROVEEDOR_PRODUCTO(PROVEEDOR_ID,PRODUCTO_ID,PRECIO_COMPRA) VALUES(4,814, 1.000000);

-- ===========PRODUCTO [815]
INSERT INTO PRODUCTO(ID,MARCA_ID,NOMBRE,PRESENTACION,CONTENIDO,UNIDADES_POR_CAJA,COSTO,COSTO_VENTA,PRECIO_BASE,UNIDAD_MEDIDA,CODIGO_BARRAS) VALUES(815,41,'Nivea Visage','Aclarado Natural Ojos',15,12.0,1.000000,1.000000,81.457812,'ML',4.005808569649E12);

INSERT INTO MOVIMIENTO_HISTORICO_PRODUCTO (ALMACEN_ID,PRODUCTO_ID,FECHA,TIPO_MOVIMIENTO_ID,CANTIDAD,COSTO,PRECIO,USUARIO_ID) VALUES(1,815,now(),30,6,1.000000,81.457812,'root');
INSERT INTO ALMACEN_PRODUCTO(ALMACEN_ID,PRODUCTO_ID,CANTIDAD_ACTUAL,CANTIDAD_MINIMA,PRECIO_VENTA) VALUES (1,815,6,0,81.457812);

INSERT INTO ALMACEN_PRODUCTO(ALMACEN_ID,PRODUCTO_ID,CANTIDAD_ACTUAL,CANTIDAD_MINIMA,PRECIO_VENTA) VALUES (2,815,0,0,1.000000);

INSERT INTO ALMACEN_PRODUCTO(ALMACEN_ID,PRODUCTO_ID,CANTIDAD_ACTUAL,CANTIDAD_MINIMA,PRECIO_VENTA) VALUES (3,815,6,0,89.900000);

INSERT INTO ALMACEN_PRODUCTO(ALMACEN_ID,PRODUCTO_ID,CANTIDAD_ACTUAL,CANTIDAD_MINIMA,PRECIO_VENTA) VALUES (4,815,6,0,1.000000);

INSERT INTO PROVEEDOR_PRODUCTO(PROVEEDOR_ID,PRODUCTO_ID,PRECIO_COMPRA) VALUES(4,815, 1.000000);

-- ===========PRODUCTO [816]
INSERT INTO PRODUCTO(ID,MARCA_ID,NOMBRE,PRESENTACION,CONTENIDO,UNIDADES_POR_CAJA,COSTO,COSTO_VENTA,PRECIO_BASE,UNIDAD_MEDIDA,CODIGO_BARRAS) VALUES(816,41,'Nivea Visage','Aclar Natural Esp Limpiadora',100,12.0,1.000000,1.000000,49.032592,'G',4.005808569656E12);

INSERT INTO MOVIMIENTO_HISTORICO_PRODUCTO (ALMACEN_ID,PRODUCTO_ID,FECHA,TIPO_MOVIMIENTO_ID,CANTIDAD,COSTO,PRECIO,USUARIO_ID) VALUES(1,816,now(),30,6,1.000000,49.032592,'root');
INSERT INTO ALMACEN_PRODUCTO(ALMACEN_ID,PRODUCTO_ID,CANTIDAD_ACTUAL,CANTIDAD_MINIMA,PRECIO_VENTA) VALUES (1,816,6,0,49.032592);

INSERT INTO ALMACEN_PRODUCTO(ALMACEN_ID,PRODUCTO_ID,CANTIDAD_ACTUAL,CANTIDAD_MINIMA,PRECIO_VENTA) VALUES (2,816,0,0,1.000000);

INSERT INTO ALMACEN_PRODUCTO(ALMACEN_ID,PRODUCTO_ID,CANTIDAD_ACTUAL,CANTIDAD_MINIMA,PRECIO_VENTA) VALUES (3,816,6,0,44.900000);

INSERT INTO ALMACEN_PRODUCTO(ALMACEN_ID,PRODUCTO_ID,CANTIDAD_ACTUAL,CANTIDAD_MINIMA,PRECIO_VENTA) VALUES (4,816,6,0,1.000000);

INSERT INTO PROVEEDOR_PRODUCTO(PROVEEDOR_ID,PRODUCTO_ID,PRECIO_COMPRA) VALUES(4,816, 1.000000);

-- ===========PRODUCTO [817]
INSERT INTO PRODUCTO(ID,MARCA_ID,NOMBRE,PRESENTACION,CONTENIDO,UNIDADES_POR_CAJA,COSTO,COSTO_VENTA,PRECIO_BASE,UNIDAD_MEDIDA,CODIGO_BARRAS) VALUES(817,41,'Nivea Visage','Aclar Natural Corrector Manchas',30,12.0,1.000000,1.000000,71.805096,'ML',4.005808569663E12);

INSERT INTO MOVIMIENTO_HISTORICO_PRODUCTO (ALMACEN_ID,PRODUCTO_ID,FECHA,TIPO_MOVIMIENTO_ID,CANTIDAD,COSTO,PRECIO,USUARIO_ID) VALUES(1,817,now(),30,6,1.000000,71.805096,'root');
INSERT INTO ALMACEN_PRODUCTO(ALMACEN_ID,PRODUCTO_ID,CANTIDAD_ACTUAL,CANTIDAD_MINIMA,PRECIO_VENTA) VALUES (1,817,6,0,71.805096);

INSERT INTO ALMACEN_PRODUCTO(ALMACEN_ID,PRODUCTO_ID,CANTIDAD_ACTUAL,CANTIDAD_MINIMA,PRECIO_VENTA) VALUES (2,817,0,0,1.000000);

INSERT INTO ALMACEN_PRODUCTO(ALMACEN_ID,PRODUCTO_ID,CANTIDAD_ACTUAL,CANTIDAD_MINIMA,PRECIO_VENTA) VALUES (3,817,6,0,79.900000);

INSERT INTO ALMACEN_PRODUCTO(ALMACEN_ID,PRODUCTO_ID,CANTIDAD_ACTUAL,CANTIDAD_MINIMA,PRECIO_VENTA) VALUES (4,817,6,0,1.000000);

INSERT INTO PROVEEDOR_PRODUCTO(PROVEEDOR_ID,PRODUCTO_ID,PRECIO_COMPRA) VALUES(4,817, 1.000000);

-- ===========PRODUCTO [818]
INSERT INTO PRODUCTO(ID,MARCA_ID,NOMBRE,PRESENTACION,CONTENIDO,UNIDADES_POR_CAJA,COSTO,COSTO_VENTA,PRECIO_BASE,UNIDAD_MEDIDA,CODIGO_BARRAS) VALUES(818,41,'Nivea Visage','Aclar Natural Crema Dia',50,12.0,1.000000,1.000000,107.137542,'ML',4.005808569625E12);

INSERT INTO MOVIMIENTO_HISTORICO_PRODUCTO (ALMACEN_ID,PRODUCTO_ID,FECHA,TIPO_MOVIMIENTO_ID,CANTIDAD,COSTO,PRECIO,USUARIO_ID) VALUES(1,818,now(),30,6,1.000000,107.137542,'root');
INSERT INTO ALMACEN_PRODUCTO(ALMACEN_ID,PRODUCTO_ID,CANTIDAD_ACTUAL,CANTIDAD_MINIMA,PRECIO_VENTA) VALUES (1,818,6,0,107.137542);

INSERT INTO ALMACEN_PRODUCTO(ALMACEN_ID,PRODUCTO_ID,CANTIDAD_ACTUAL,CANTIDAD_MINIMA,PRECIO_VENTA) VALUES (2,818,0,0,1.000000);

INSERT INTO ALMACEN_PRODUCTO(ALMACEN_ID,PRODUCTO_ID,CANTIDAD_ACTUAL,CANTIDAD_MINIMA,PRECIO_VENTA) VALUES (3,818,6,0,98.900000);

INSERT INTO ALMACEN_PRODUCTO(ALMACEN_ID,PRODUCTO_ID,CANTIDAD_ACTUAL,CANTIDAD_MINIMA,PRECIO_VENTA) VALUES (4,818,6,0,1.000000);

INSERT INTO PROVEEDOR_PRODUCTO(PROVEEDOR_ID,PRODUCTO_ID,PRECIO_COMPRA) VALUES(4,818, 1.000000);

-- ===========PRODUCTO [819]
INSERT INTO PRODUCTO(ID,MARCA_ID,NOMBRE,PRESENTACION,CONTENIDO,UNIDADES_POR_CAJA,COSTO,COSTO_VENTA,PRECIO_BASE,UNIDAD_MEDIDA,CODIGO_BARRAS) VALUES(819,41,'Nivea Stick Dama','Aclarado Natural',43,12.0,1.000000,1.000000,27.815538,'G',4.2210191E7);

INSERT INTO MOVIMIENTO_HISTORICO_PRODUCTO (ALMACEN_ID,PRODUCTO_ID,FECHA,TIPO_MOVIMIENTO_ID,CANTIDAD,COSTO,PRECIO,USUARIO_ID) VALUES(1,819,now(),30,12,1.000000,27.815538,'root');
INSERT INTO ALMACEN_PRODUCTO(ALMACEN_ID,PRODUCTO_ID,CANTIDAD_ACTUAL,CANTIDAD_MINIMA,PRECIO_VENTA) VALUES (1,819,12,0,27.815538);

INSERT INTO ALMACEN_PRODUCTO(ALMACEN_ID,PRODUCTO_ID,CANTIDAD_ACTUAL,CANTIDAD_MINIMA,PRECIO_VENTA) VALUES (2,819,0,0,1.000000);

INSERT INTO ALMACEN_PRODUCTO(ALMACEN_ID,PRODUCTO_ID,CANTIDAD_ACTUAL,CANTIDAD_MINIMA,PRECIO_VENTA) VALUES (3,819,12,0,26.900000);

INSERT INTO ALMACEN_PRODUCTO(ALMACEN_ID,PRODUCTO_ID,CANTIDAD_ACTUAL,CANTIDAD_MINIMA,PRECIO_VENTA) VALUES (4,819,12,0,1.000000);

INSERT INTO PROVEEDOR_PRODUCTO(PROVEEDOR_ID,PRODUCTO_ID,PRECIO_COMPRA) VALUES(4,819, 1.000000);

-- ===========PRODUCTO [820]
INSERT INTO PRODUCTO(ID,MARCA_ID,NOMBRE,PRESENTACION,CONTENIDO,UNIDADES_POR_CAJA,COSTO,COSTO_VENTA,PRECIO_BASE,UNIDAD_MEDIDA,CODIGO_BARRAS) VALUES(820,41,'Nivea Pack Crema 400ml + Cr 125ml','Normal / Aclarado Natural',2,12.0,1.000000,1.000000,49.900000,'Pz',7.501054525196E12);

INSERT INTO MOVIMIENTO_HISTORICO_PRODUCTO (ALMACEN_ID,PRODUCTO_ID,FECHA,TIPO_MOVIMIENTO_ID,CANTIDAD,COSTO,PRECIO,USUARIO_ID) VALUES(1,820,now(),30,6,1.000000,49.900000,'root');
INSERT INTO ALMACEN_PRODUCTO(ALMACEN_ID,PRODUCTO_ID,CANTIDAD_ACTUAL,CANTIDAD_MINIMA,PRECIO_VENTA) VALUES (1,820,6,0,49.900000);

INSERT INTO ALMACEN_PRODUCTO(ALMACEN_ID,PRODUCTO_ID,CANTIDAD_ACTUAL,CANTIDAD_MINIMA,PRECIO_VENTA) VALUES (2,820,0,0,1.000000);

INSERT INTO ALMACEN_PRODUCTO(ALMACEN_ID,PRODUCTO_ID,CANTIDAD_ACTUAL,CANTIDAD_MINIMA,PRECIO_VENTA) VALUES (3,820,6,0,49.900000);

INSERT INTO ALMACEN_PRODUCTO(ALMACEN_ID,PRODUCTO_ID,CANTIDAD_ACTUAL,CANTIDAD_MINIMA,PRECIO_VENTA) VALUES (4,820,6,0,1.000000);

INSERT INTO PROVEEDOR_PRODUCTO(PROVEEDOR_ID,PRODUCTO_ID,PRECIO_COMPRA) VALUES(4,820, 1.000000);

-- ===========PRODUCTO [821]
INSERT INTO PRODUCTO(ID,MARCA_ID,NOMBRE,PRESENTACION,CONTENIDO,UNIDADES_POR_CAJA,COSTO,COSTO_VENTA,PRECIO_BASE,UNIDAD_MEDIDA,CODIGO_BARRAS) VALUES(821,41,'Nivea Crema Liquida','Aclarado Natural',125,12.0,1.000000,1.000000,19.890000,'ML',7.501054519973E12);

INSERT INTO MOVIMIENTO_HISTORICO_PRODUCTO (ALMACEN_ID,PRODUCTO_ID,FECHA,TIPO_MOVIMIENTO_ID,CANTIDAD,COSTO,PRECIO,USUARIO_ID) VALUES(1,821,now(),30,12,1.000000,19.890000,'root');
INSERT INTO ALMACEN_PRODUCTO(ALMACEN_ID,PRODUCTO_ID,CANTIDAD_ACTUAL,CANTIDAD_MINIMA,PRECIO_VENTA) VALUES (1,821,12,0,19.890000);

INSERT INTO ALMACEN_PRODUCTO(ALMACEN_ID,PRODUCTO_ID,CANTIDAD_ACTUAL,CANTIDAD_MINIMA,PRECIO_VENTA) VALUES (2,821,0,0,1.000000);

INSERT INTO ALMACEN_PRODUCTO(ALMACEN_ID,PRODUCTO_ID,CANTIDAD_ACTUAL,CANTIDAD_MINIMA,PRECIO_VENTA) VALUES (3,821,12,0,19.900000);

INSERT INTO ALMACEN_PRODUCTO(ALMACEN_ID,PRODUCTO_ID,CANTIDAD_ACTUAL,CANTIDAD_MINIMA,PRECIO_VENTA) VALUES (4,821,12,0,1.000000);

INSERT INTO PROVEEDOR_PRODUCTO(PROVEEDOR_ID,PRODUCTO_ID,PRECIO_COMPRA) VALUES(4,821, 1.000000);

-- ===========PRODUCTO [822]
INSERT INTO PRODUCTO(ID,MARCA_ID,NOMBRE,PRESENTACION,CONTENIDO,UNIDADES_POR_CAJA,COSTO,COSTO_VENTA,PRECIO_BASE,UNIDAD_MEDIDA,CODIGO_BARRAS) VALUES(822,41,'Nivea Crema Liquida','Piel Normal',400,12.0,1.000000,1.000000,33.100000,'ML',4.005808803033E12);

INSERT INTO MOVIMIENTO_HISTORICO_PRODUCTO (ALMACEN_ID,PRODUCTO_ID,FECHA,TIPO_MOVIMIENTO_ID,CANTIDAD,COSTO,PRECIO,USUARIO_ID) VALUES(1,822,now(),30,12,1.000000,33.100000,'root');
INSERT INTO ALMACEN_PRODUCTO(ALMACEN_ID,PRODUCTO_ID,CANTIDAD_ACTUAL,CANTIDAD_MINIMA,PRECIO_VENTA) VALUES (1,822,12,0,33.100000);

INSERT INTO ALMACEN_PRODUCTO(ALMACEN_ID,PRODUCTO_ID,CANTIDAD_ACTUAL,CANTIDAD_MINIMA,PRECIO_VENTA) VALUES (2,822,0,0,1.000000);

INSERT INTO ALMACEN_PRODUCTO(ALMACEN_ID,PRODUCTO_ID,CANTIDAD_ACTUAL,CANTIDAD_MINIMA,PRECIO_VENTA) VALUES (3,822,12,0,34.900000);

INSERT INTO ALMACEN_PRODUCTO(ALMACEN_ID,PRODUCTO_ID,CANTIDAD_ACTUAL,CANTIDAD_MINIMA,PRECIO_VENTA) VALUES (4,822,12,0,1.000000);

INSERT INTO PROVEEDOR_PRODUCTO(PROVEEDOR_ID,PRODUCTO_ID,PRECIO_COMPRA) VALUES(4,822, 1.000000);

-- ===========PRODUCTO [823]
INSERT INTO PRODUCTO(ID,MARCA_ID,NOMBRE,PRESENTACION,CONTENIDO,UNIDADES_POR_CAJA,COSTO,COSTO_VENTA,PRECIO_BASE,UNIDAD_MEDIDA,CODIGO_BARRAS) VALUES(823,41,'Nivea Pack Crema 400ml + Cr 125ml','Happy Time Seca',2,12.0,1.000000,1.000000,49.900000,'Pz',7.501054523932E12);

INSERT INTO MOVIMIENTO_HISTORICO_PRODUCTO (ALMACEN_ID,PRODUCTO_ID,FECHA,TIPO_MOVIMIENTO_ID,CANTIDAD,COSTO,PRECIO,USUARIO_ID) VALUES(1,823,now(),30,6,1.000000,49.900000,'root');
INSERT INTO ALMACEN_PRODUCTO(ALMACEN_ID,PRODUCTO_ID,CANTIDAD_ACTUAL,CANTIDAD_MINIMA,PRECIO_VENTA) VALUES (1,823,6,0,49.900000);

INSERT INTO ALMACEN_PRODUCTO(ALMACEN_ID,PRODUCTO_ID,CANTIDAD_ACTUAL,CANTIDAD_MINIMA,PRECIO_VENTA) VALUES (2,823,0,0,1.000000);

INSERT INTO ALMACEN_PRODUCTO(ALMACEN_ID,PRODUCTO_ID,CANTIDAD_ACTUAL,CANTIDAD_MINIMA,PRECIO_VENTA) VALUES (3,823,6,0,49.900000);

INSERT INTO ALMACEN_PRODUCTO(ALMACEN_ID,PRODUCTO_ID,CANTIDAD_ACTUAL,CANTIDAD_MINIMA,PRECIO_VENTA) VALUES (4,823,6,0,1.000000);

INSERT INTO PROVEEDOR_PRODUCTO(PROVEEDOR_ID,PRODUCTO_ID,PRECIO_COMPRA) VALUES(4,823, 1.000000);

-- ===========PRODUCTO [824]
INSERT INTO PRODUCTO(ID,MARCA_ID,NOMBRE,PRESENTACION,CONTENIDO,UNIDADES_POR_CAJA,COSTO,COSTO_VENTA,PRECIO_BASE,UNIDAD_MEDIDA,CODIGO_BARRAS) VALUES(824,41,'Nivea Crema Liquida','Happy Time Seca',125,12.0,1.000000,1.000000,18.880000,'ML',4.005808309511E12);

INSERT INTO MOVIMIENTO_HISTORICO_PRODUCTO (ALMACEN_ID,PRODUCTO_ID,FECHA,TIPO_MOVIMIENTO_ID,CANTIDAD,COSTO,PRECIO,USUARIO_ID) VALUES(1,824,now(),30,12,1.000000,18.880000,'root');
INSERT INTO ALMACEN_PRODUCTO(ALMACEN_ID,PRODUCTO_ID,CANTIDAD_ACTUAL,CANTIDAD_MINIMA,PRECIO_VENTA) VALUES (1,824,12,0,18.880000);

INSERT INTO ALMACEN_PRODUCTO(ALMACEN_ID,PRODUCTO_ID,CANTIDAD_ACTUAL,CANTIDAD_MINIMA,PRECIO_VENTA) VALUES (2,824,0,0,1.000000);

INSERT INTO ALMACEN_PRODUCTO(ALMACEN_ID,PRODUCTO_ID,CANTIDAD_ACTUAL,CANTIDAD_MINIMA,PRECIO_VENTA) VALUES (3,824,12,0,18.900000);

INSERT INTO ALMACEN_PRODUCTO(ALMACEN_ID,PRODUCTO_ID,CANTIDAD_ACTUAL,CANTIDAD_MINIMA,PRECIO_VENTA) VALUES (4,824,12,0,1.000000);

INSERT INTO PROVEEDOR_PRODUCTO(PROVEEDOR_ID,PRODUCTO_ID,PRECIO_COMPRA) VALUES(4,824, 1.000000);

-- ===========PRODUCTO [825]
INSERT INTO PRODUCTO(ID,MARCA_ID,NOMBRE,PRESENTACION,CONTENIDO,UNIDADES_POR_CAJA,COSTO,COSTO_VENTA,PRECIO_BASE,UNIDAD_MEDIDA,CODIGO_BARRAS) VALUES(825,41,'Nivea Crema Liquida','Happy Time Seca',400,12.0,1.000000,1.000000,33.100000,'ML',4.0058082894E12);

INSERT INTO MOVIMIENTO_HISTORICO_PRODUCTO (ALMACEN_ID,PRODUCTO_ID,FECHA,TIPO_MOVIMIENTO_ID,CANTIDAD,COSTO,PRECIO,USUARIO_ID) VALUES(1,825,now(),30,12,1.000000,33.100000,'root');
INSERT INTO ALMACEN_PRODUCTO(ALMACEN_ID,PRODUCTO_ID,CANTIDAD_ACTUAL,CANTIDAD_MINIMA,PRECIO_VENTA) VALUES (1,825,12,0,33.100000);

INSERT INTO ALMACEN_PRODUCTO(ALMACEN_ID,PRODUCTO_ID,CANTIDAD_ACTUAL,CANTIDAD_MINIMA,PRECIO_VENTA) VALUES (2,825,0,0,1.000000);

INSERT INTO ALMACEN_PRODUCTO(ALMACEN_ID,PRODUCTO_ID,CANTIDAD_ACTUAL,CANTIDAD_MINIMA,PRECIO_VENTA) VALUES (3,825,12,0,37.900000);

INSERT INTO ALMACEN_PRODUCTO(ALMACEN_ID,PRODUCTO_ID,CANTIDAD_ACTUAL,CANTIDAD_MINIMA,PRECIO_VENTA) VALUES (4,825,12,0,1.000000);

INSERT INTO PROVEEDOR_PRODUCTO(PROVEEDOR_ID,PRODUCTO_ID,PRECIO_COMPRA) VALUES(4,825, 1.000000);

-- ===========PRODUCTO [826]
INSERT INTO PRODUCTO(ID,MARCA_ID,NOMBRE,PRESENTACION,CONTENIDO,UNIDADES_POR_CAJA,COSTO,COSTO_VENTA,PRECIO_BASE,UNIDAD_MEDIDA,CODIGO_BARRAS) VALUES(826,41,'Nivea Crema Liquida','Q 10 Reafirmante',250,12.0,1.000000,1.000000,25.400000,'ML',7.501054503484E12);

INSERT INTO MOVIMIENTO_HISTORICO_PRODUCTO (ALMACEN_ID,PRODUCTO_ID,FECHA,TIPO_MOVIMIENTO_ID,CANTIDAD,COSTO,PRECIO,USUARIO_ID) VALUES(1,826,now(),30,12,1.000000,25.400000,'root');
INSERT INTO ALMACEN_PRODUCTO(ALMACEN_ID,PRODUCTO_ID,CANTIDAD_ACTUAL,CANTIDAD_MINIMA,PRECIO_VENTA) VALUES (1,826,12,0,25.400000);

INSERT INTO ALMACEN_PRODUCTO(ALMACEN_ID,PRODUCTO_ID,CANTIDAD_ACTUAL,CANTIDAD_MINIMA,PRECIO_VENTA) VALUES (2,826,0,0,1.000000);

INSERT INTO ALMACEN_PRODUCTO(ALMACEN_ID,PRODUCTO_ID,CANTIDAD_ACTUAL,CANTIDAD_MINIMA,PRECIO_VENTA) VALUES (3,826,12,0,24.900000);

INSERT INTO ALMACEN_PRODUCTO(ALMACEN_ID,PRODUCTO_ID,CANTIDAD_ACTUAL,CANTIDAD_MINIMA,PRECIO_VENTA) VALUES (4,826,12,0,1.000000);

INSERT INTO PROVEEDOR_PRODUCTO(PROVEEDOR_ID,PRODUCTO_ID,PRECIO_COMPRA) VALUES(4,826, 1.000000);

-- ===========PRODUCTO [827]
INSERT INTO PRODUCTO(ID,MARCA_ID,NOMBRE,PRESENTACION,CONTENIDO,UNIDADES_POR_CAJA,COSTO,COSTO_VENTA,PRECIO_BASE,UNIDAD_MEDIDA,CODIGO_BARRAS) VALUES(827,41,'Nivea Crema Liquida','UV Body Milk',400,12.0,1.000000,1.000000,44.320000,'ML',7.501054500841E12);

INSERT INTO MOVIMIENTO_HISTORICO_PRODUCTO (ALMACEN_ID,PRODUCTO_ID,FECHA,TIPO_MOVIMIENTO_ID,CANTIDAD,COSTO,PRECIO,USUARIO_ID) VALUES(1,827,now(),30,12,1.000000,44.320000,'root');
INSERT INTO ALMACEN_PRODUCTO(ALMACEN_ID,PRODUCTO_ID,CANTIDAD_ACTUAL,CANTIDAD_MINIMA,PRECIO_VENTA) VALUES (1,827,12,0,44.320000);

INSERT INTO ALMACEN_PRODUCTO(ALMACEN_ID,PRODUCTO_ID,CANTIDAD_ACTUAL,CANTIDAD_MINIMA,PRECIO_VENTA) VALUES (2,827,0,0,1.000000);

INSERT INTO ALMACEN_PRODUCTO(ALMACEN_ID,PRODUCTO_ID,CANTIDAD_ACTUAL,CANTIDAD_MINIMA,PRECIO_VENTA) VALUES (3,827,12,0,44.900000);

INSERT INTO ALMACEN_PRODUCTO(ALMACEN_ID,PRODUCTO_ID,CANTIDAD_ACTUAL,CANTIDAD_MINIMA,PRECIO_VENTA) VALUES (4,827,12,0,1.000000);

INSERT INTO PROVEEDOR_PRODUCTO(PROVEEDOR_ID,PRODUCTO_ID,PRECIO_COMPRA) VALUES(4,827, 1.000000);

-- ===========PRODUCTO [828]
INSERT INTO PRODUCTO(ID,MARCA_ID,NOMBRE,PRESENTACION,CONTENIDO,UNIDADES_POR_CAJA,COSTO,COSTO_VENTA,PRECIO_BASE,UNIDAD_MEDIDA,CODIGO_BARRAS) VALUES(828,41,'Nivea Crema Liquida','Piel Normal',250,12.0,1.000000,1.000000,22.150000,'ML',4.005808803019E12);

INSERT INTO MOVIMIENTO_HISTORICO_PRODUCTO (ALMACEN_ID,PRODUCTO_ID,FECHA,TIPO_MOVIMIENTO_ID,CANTIDAD,COSTO,PRECIO,USUARIO_ID) VALUES(1,828,now(),30,12,1.000000,22.150000,'root');
INSERT INTO ALMACEN_PRODUCTO(ALMACEN_ID,PRODUCTO_ID,CANTIDAD_ACTUAL,CANTIDAD_MINIMA,PRECIO_VENTA) VALUES (1,828,12,0,22.150000);

INSERT INTO ALMACEN_PRODUCTO(ALMACEN_ID,PRODUCTO_ID,CANTIDAD_ACTUAL,CANTIDAD_MINIMA,PRECIO_VENTA) VALUES (2,828,1,0,1.000000);

INSERT INTO ALMACEN_PRODUCTO(ALMACEN_ID,PRODUCTO_ID,CANTIDAD_ACTUAL,CANTIDAD_MINIMA,PRECIO_VENTA) VALUES (3,828,12,0,23.900000);

INSERT INTO ALMACEN_PRODUCTO(ALMACEN_ID,PRODUCTO_ID,CANTIDAD_ACTUAL,CANTIDAD_MINIMA,PRECIO_VENTA) VALUES (4,828,12,0,1.000000);

INSERT INTO PROVEEDOR_PRODUCTO(PROVEEDOR_ID,PRODUCTO_ID,PRECIO_COMPRA) VALUES(4,828, 1.000000);

-- ===========PRODUCTO [829]
INSERT INTO PRODUCTO(ID,MARCA_ID,NOMBRE,PRESENTACION,CONTENIDO,UNIDADES_POR_CAJA,COSTO,COSTO_VENTA,PRECIO_BASE,UNIDAD_MEDIDA,CODIGO_BARRAS) VALUES(829,41,'Nivea Aerosol Caballero','Silver Protect',150,12.0,1.000000,1.000000,36.653448,'ML',4.005900011428E12);

INSERT INTO MOVIMIENTO_HISTORICO_PRODUCTO (ALMACEN_ID,PRODUCTO_ID,FECHA,TIPO_MOVIMIENTO_ID,CANTIDAD,COSTO,PRECIO,USUARIO_ID) VALUES(1,829,now(),30,12,1.000000,36.653448,'root');
INSERT INTO ALMACEN_PRODUCTO(ALMACEN_ID,PRODUCTO_ID,CANTIDAD_ACTUAL,CANTIDAD_MINIMA,PRECIO_VENTA) VALUES (1,829,12,0,36.653448);

INSERT INTO ALMACEN_PRODUCTO(ALMACEN_ID,PRODUCTO_ID,CANTIDAD_ACTUAL,CANTIDAD_MINIMA,PRECIO_VENTA) VALUES (2,829,0,0,1.000000);

INSERT INTO ALMACEN_PRODUCTO(ALMACEN_ID,PRODUCTO_ID,CANTIDAD_ACTUAL,CANTIDAD_MINIMA,PRECIO_VENTA) VALUES (3,829,12,0,34.900000);

INSERT INTO ALMACEN_PRODUCTO(ALMACEN_ID,PRODUCTO_ID,CANTIDAD_ACTUAL,CANTIDAD_MINIMA,PRECIO_VENTA) VALUES (4,829,12,0,1.000000);

INSERT INTO PROVEEDOR_PRODUCTO(PROVEEDOR_ID,PRODUCTO_ID,PRECIO_COMPRA) VALUES(4,829, 1.000000);

-- ===========PRODUCTO [830]
INSERT INTO PRODUCTO(ID,MARCA_ID,NOMBRE,PRESENTACION,CONTENIDO,UNIDADES_POR_CAJA,COSTO,COSTO_VENTA,PRECIO_BASE,UNIDAD_MEDIDA,CODIGO_BARRAS) VALUES(830,41,'Nivea Rollon Caballero','Silver Protect',50,12.0,1.000000,1.000000,21.944304,'ML',4.005808306053E12);

INSERT INTO MOVIMIENTO_HISTORICO_PRODUCTO (ALMACEN_ID,PRODUCTO_ID,FECHA,TIPO_MOVIMIENTO_ID,CANTIDAD,COSTO,PRECIO,USUARIO_ID) VALUES(1,830,now(),30,12,1.000000,21.944304,'root');
INSERT INTO ALMACEN_PRODUCTO(ALMACEN_ID,PRODUCTO_ID,CANTIDAD_ACTUAL,CANTIDAD_MINIMA,PRECIO_VENTA) VALUES (1,830,12,0,21.944304);

INSERT INTO ALMACEN_PRODUCTO(ALMACEN_ID,PRODUCTO_ID,CANTIDAD_ACTUAL,CANTIDAD_MINIMA,PRECIO_VENTA) VALUES (2,830,0,0,1.000000);

INSERT INTO ALMACEN_PRODUCTO(ALMACEN_ID,PRODUCTO_ID,CANTIDAD_ACTUAL,CANTIDAD_MINIMA,PRECIO_VENTA) VALUES (3,830,12,0,21.940000);

INSERT INTO ALMACEN_PRODUCTO(ALMACEN_ID,PRODUCTO_ID,CANTIDAD_ACTUAL,CANTIDAD_MINIMA,PRECIO_VENTA) VALUES (4,830,12,0,1.000000);

INSERT INTO PROVEEDOR_PRODUCTO(PROVEEDOR_ID,PRODUCTO_ID,PRECIO_COMPRA) VALUES(4,830, 1.000000);

-- ===========PRODUCTO [831]
INSERT INTO PRODUCTO(ID,MARCA_ID,NOMBRE,PRESENTACION,CONTENIDO,UNIDADES_POR_CAJA,COSTO,COSTO_VENTA,PRECIO_BASE,UNIDAD_MEDIDA,CODIGO_BARRAS) VALUES(831,41,'Nivea Rollon Caballero','Energy Wild',50,12.0,1.000000,1.000000,21.944304,'ML',4.005900004932E12);

INSERT INTO MOVIMIENTO_HISTORICO_PRODUCTO (ALMACEN_ID,PRODUCTO_ID,FECHA,TIPO_MOVIMIENTO_ID,CANTIDAD,COSTO,PRECIO,USUARIO_ID) VALUES(1,831,now(),30,12,1.000000,21.944304,'root');
INSERT INTO ALMACEN_PRODUCTO(ALMACEN_ID,PRODUCTO_ID,CANTIDAD_ACTUAL,CANTIDAD_MINIMA,PRECIO_VENTA) VALUES (1,831,12,0,21.944304);

INSERT INTO ALMACEN_PRODUCTO(ALMACEN_ID,PRODUCTO_ID,CANTIDAD_ACTUAL,CANTIDAD_MINIMA,PRECIO_VENTA) VALUES (2,831,0,0,1.000000);

INSERT INTO ALMACEN_PRODUCTO(ALMACEN_ID,PRODUCTO_ID,CANTIDAD_ACTUAL,CANTIDAD_MINIMA,PRECIO_VENTA) VALUES (3,831,12,0,21.940000);

INSERT INTO ALMACEN_PRODUCTO(ALMACEN_ID,PRODUCTO_ID,CANTIDAD_ACTUAL,CANTIDAD_MINIMA,PRECIO_VENTA) VALUES (4,831,12,0,1.000000);

INSERT INTO PROVEEDOR_PRODUCTO(PROVEEDOR_ID,PRODUCTO_ID,PRECIO_COMPRA) VALUES(4,831, 1.000000);

-- ===========PRODUCTO [832]
INSERT INTO PRODUCTO(ID,MARCA_ID,NOMBRE,PRESENTACION,CONTENIDO,UNIDADES_POR_CAJA,COSTO,COSTO_VENTA,PRECIO_BASE,UNIDAD_MEDIDA,CODIGO_BARRAS) VALUES(832,41,'Nivea Rollon Caballero','Energy Rebellious',50,12.0,1.000000,1.000000,21.944304,'ML',4.005900004918E12);

INSERT INTO MOVIMIENTO_HISTORICO_PRODUCTO (ALMACEN_ID,PRODUCTO_ID,FECHA,TIPO_MOVIMIENTO_ID,CANTIDAD,COSTO,PRECIO,USUARIO_ID) VALUES(1,832,now(),30,12,1.000000,21.944304,'root');
INSERT INTO ALMACEN_PRODUCTO(ALMACEN_ID,PRODUCTO_ID,CANTIDAD_ACTUAL,CANTIDAD_MINIMA,PRECIO_VENTA) VALUES (1,832,12,0,21.944304);

INSERT INTO ALMACEN_PRODUCTO(ALMACEN_ID,PRODUCTO_ID,CANTIDAD_ACTUAL,CANTIDAD_MINIMA,PRECIO_VENTA) VALUES (2,832,0,0,1.000000);

INSERT INTO ALMACEN_PRODUCTO(ALMACEN_ID,PRODUCTO_ID,CANTIDAD_ACTUAL,CANTIDAD_MINIMA,PRECIO_VENTA) VALUES (3,832,12,0,21.940000);

INSERT INTO ALMACEN_PRODUCTO(ALMACEN_ID,PRODUCTO_ID,CANTIDAD_ACTUAL,CANTIDAD_MINIMA,PRECIO_VENTA) VALUES (4,832,12,0,1.000000);

INSERT INTO PROVEEDOR_PRODUCTO(PROVEEDOR_ID,PRODUCTO_ID,PRECIO_COMPRA) VALUES(4,832, 1.000000);

-- ===========PRODUCTO [833]
INSERT INTO PRODUCTO(ID,MARCA_ID,NOMBRE,PRESENTACION,CONTENIDO,UNIDADES_POR_CAJA,COSTO,COSTO_VENTA,PRECIO_BASE,UNIDAD_MEDIDA,CODIGO_BARRAS) VALUES(833,81,'Eucerin Protector Labial','Piel Sensible',1,12.0,1.000000,1.000000,15.500000,'Pz',4.005800631702E12);

INSERT INTO MOVIMIENTO_HISTORICO_PRODUCTO (ALMACEN_ID,PRODUCTO_ID,FECHA,TIPO_MOVIMIENTO_ID,CANTIDAD,COSTO,PRECIO,USUARIO_ID) VALUES(1,833,now(),30,12,1.000000,15.500000,'root');
INSERT INTO ALMACEN_PRODUCTO(ALMACEN_ID,PRODUCTO_ID,CANTIDAD_ACTUAL,CANTIDAD_MINIMA,PRECIO_VENTA) VALUES (1,833,12,0,15.500000);

INSERT INTO ALMACEN_PRODUCTO(ALMACEN_ID,PRODUCTO_ID,CANTIDAD_ACTUAL,CANTIDAD_MINIMA,PRECIO_VENTA) VALUES (2,833,0,0,1.000000);

INSERT INTO ALMACEN_PRODUCTO(ALMACEN_ID,PRODUCTO_ID,CANTIDAD_ACTUAL,CANTIDAD_MINIMA,PRECIO_VENTA) VALUES (3,833,12,0,18.900000);

INSERT INTO ALMACEN_PRODUCTO(ALMACEN_ID,PRODUCTO_ID,CANTIDAD_ACTUAL,CANTIDAD_MINIMA,PRECIO_VENTA) VALUES (4,833,12,0,1.000000);

INSERT INTO PROVEEDOR_PRODUCTO(PROVEEDOR_ID,PRODUCTO_ID,PRECIO_COMPRA) VALUES(4,833, 1.000000);

-- ===========PRODUCTO [834]
INSERT INTO PRODUCTO(ID,MARCA_ID,NOMBRE,PRESENTACION,CONTENIDO,UNIDADES_POR_CAJA,COSTO,COSTO_VENTA,PRECIO_BASE,UNIDAD_MEDIDA,CODIGO_BARRAS) VALUES(834,41,'Nivea Rollon Dama','Energy Fresh',50,12.0,1.000000,1.000000,21.944304,'ML',4.00580883754E12);

INSERT INTO MOVIMIENTO_HISTORICO_PRODUCTO (ALMACEN_ID,PRODUCTO_ID,FECHA,TIPO_MOVIMIENTO_ID,CANTIDAD,COSTO,PRECIO,USUARIO_ID) VALUES(1,834,now(),30,12,1.000000,21.944304,'root');
INSERT INTO ALMACEN_PRODUCTO(ALMACEN_ID,PRODUCTO_ID,CANTIDAD_ACTUAL,CANTIDAD_MINIMA,PRECIO_VENTA) VALUES (1,834,12,0,21.944304);

INSERT INTO ALMACEN_PRODUCTO(ALMACEN_ID,PRODUCTO_ID,CANTIDAD_ACTUAL,CANTIDAD_MINIMA,PRECIO_VENTA) VALUES (2,834,0,0,1.000000);

INSERT INTO ALMACEN_PRODUCTO(ALMACEN_ID,PRODUCTO_ID,CANTIDAD_ACTUAL,CANTIDAD_MINIMA,PRECIO_VENTA) VALUES (3,834,12,0,21.940000);

INSERT INTO ALMACEN_PRODUCTO(ALMACEN_ID,PRODUCTO_ID,CANTIDAD_ACTUAL,CANTIDAD_MINIMA,PRECIO_VENTA) VALUES (4,834,12,0,1.000000);

INSERT INTO PROVEEDOR_PRODUCTO(PROVEEDOR_ID,PRODUCTO_ID,PRECIO_COMPRA) VALUES(4,834, 1.000000);

-- ===========PRODUCTO [835]
INSERT INTO PRODUCTO(ID,MARCA_ID,NOMBRE,PRESENTACION,CONTENIDO,UNIDADES_POR_CAJA,COSTO,COSTO_VENTA,PRECIO_BASE,UNIDAD_MEDIDA,CODIGO_BARRAS) VALUES(835,41,'Nivea Rollon Dama','Double Effect',50,12.0,1.000000,1.000000,21.944304,'ML',4.005808231317E12);

INSERT INTO MOVIMIENTO_HISTORICO_PRODUCTO (ALMACEN_ID,PRODUCTO_ID,FECHA,TIPO_MOVIMIENTO_ID,CANTIDAD,COSTO,PRECIO,USUARIO_ID) VALUES(1,835,now(),30,12,1.000000,21.944304,'root');
INSERT INTO ALMACEN_PRODUCTO(ALMACEN_ID,PRODUCTO_ID,CANTIDAD_ACTUAL,CANTIDAD_MINIMA,PRECIO_VENTA) VALUES (1,835,12,0,21.944304);

INSERT INTO ALMACEN_PRODUCTO(ALMACEN_ID,PRODUCTO_ID,CANTIDAD_ACTUAL,CANTIDAD_MINIMA,PRECIO_VENTA) VALUES (2,835,2,0,1.000000);

INSERT INTO ALMACEN_PRODUCTO(ALMACEN_ID,PRODUCTO_ID,CANTIDAD_ACTUAL,CANTIDAD_MINIMA,PRECIO_VENTA) VALUES (3,835,12,0,21.940000);

INSERT INTO ALMACEN_PRODUCTO(ALMACEN_ID,PRODUCTO_ID,CANTIDAD_ACTUAL,CANTIDAD_MINIMA,PRECIO_VENTA) VALUES (4,835,12,0,1.000000);

INSERT INTO PROVEEDOR_PRODUCTO(PROVEEDOR_ID,PRODUCTO_ID,PRECIO_COMPRA) VALUES(4,835, 1.000000);

-- ===========PRODUCTO [836]
INSERT INTO PRODUCTO(ID,MARCA_ID,NOMBRE,PRESENTACION,CONTENIDO,UNIDADES_POR_CAJA,COSTO,COSTO_VENTA,PRECIO_BASE,UNIDAD_MEDIDA,CODIGO_BARRAS) VALUES(836,41,'Nivea Rollon Dama','Pearl & Beauty',50,12.0,1.000000,1.000000,21.944304,'ML',4.005808837359E12);

INSERT INTO MOVIMIENTO_HISTORICO_PRODUCTO (ALMACEN_ID,PRODUCTO_ID,FECHA,TIPO_MOVIMIENTO_ID,CANTIDAD,COSTO,PRECIO,USUARIO_ID) VALUES(1,836,now(),30,10,1.000000,21.944304,'root');
INSERT INTO ALMACEN_PRODUCTO(ALMACEN_ID,PRODUCTO_ID,CANTIDAD_ACTUAL,CANTIDAD_MINIMA,PRECIO_VENTA) VALUES (1,836,10,0,21.944304);

INSERT INTO ALMACEN_PRODUCTO(ALMACEN_ID,PRODUCTO_ID,CANTIDAD_ACTUAL,CANTIDAD_MINIMA,PRECIO_VENTA) VALUES (2,836,0,0,1.000000);

INSERT INTO ALMACEN_PRODUCTO(ALMACEN_ID,PRODUCTO_ID,CANTIDAD_ACTUAL,CANTIDAD_MINIMA,PRECIO_VENTA) VALUES (3,836,10,0,21.940000);

INSERT INTO ALMACEN_PRODUCTO(ALMACEN_ID,PRODUCTO_ID,CANTIDAD_ACTUAL,CANTIDAD_MINIMA,PRECIO_VENTA) VALUES (4,836,10,0,1.000000);

INSERT INTO PROVEEDOR_PRODUCTO(PROVEEDOR_ID,PRODUCTO_ID,PRECIO_COMPRA) VALUES(4,836, 1.000000);

-- ===========PRODUCTO [837]
INSERT INTO PRODUCTO(ID,MARCA_ID,NOMBRE,PRESENTACION,CONTENIDO,UNIDADES_POR_CAJA,COSTO,COSTO_VENTA,PRECIO_BASE,UNIDAD_MEDIDA,CODIGO_BARRAS) VALUES(837,41,'Nivea Aerosol Dama','Angel Star Invisible',100,12.0,1.000000,1.000000,22.170000,'ML',4.005900031334E12);

INSERT INTO MOVIMIENTO_HISTORICO_PRODUCTO (ALMACEN_ID,PRODUCTO_ID,FECHA,TIPO_MOVIMIENTO_ID,CANTIDAD,COSTO,PRECIO,USUARIO_ID) VALUES(1,837,now(),30,12,1.000000,22.170000,'root');
INSERT INTO ALMACEN_PRODUCTO(ALMACEN_ID,PRODUCTO_ID,CANTIDAD_ACTUAL,CANTIDAD_MINIMA,PRECIO_VENTA) VALUES (1,837,12,0,22.170000);

INSERT INTO ALMACEN_PRODUCTO(ALMACEN_ID,PRODUCTO_ID,CANTIDAD_ACTUAL,CANTIDAD_MINIMA,PRECIO_VENTA) VALUES (2,837,0,0,1.000000);

INSERT INTO ALMACEN_PRODUCTO(ALMACEN_ID,PRODUCTO_ID,CANTIDAD_ACTUAL,CANTIDAD_MINIMA,PRECIO_VENTA) VALUES (3,837,12,0,21.900000);

INSERT INTO ALMACEN_PRODUCTO(ALMACEN_ID,PRODUCTO_ID,CANTIDAD_ACTUAL,CANTIDAD_MINIMA,PRECIO_VENTA) VALUES (4,837,12,0,1.000000);

INSERT INTO PROVEEDOR_PRODUCTO(PROVEEDOR_ID,PRODUCTO_ID,PRECIO_COMPRA) VALUES(4,837, 1.000000);

-- ===========PRODUCTO [838]
INSERT INTO PRODUCTO(ID,MARCA_ID,NOMBRE,PRESENTACION,CONTENIDO,UNIDADES_POR_CAJA,COSTO,COSTO_VENTA,PRECIO_BASE,UNIDAD_MEDIDA,CODIGO_BARRAS) VALUES(838,41,'Nivea Aerosol Caballero','Energy Wild',100,12.0,1.000000,1.000000,22.171617,'ML',4.005900004802E12);

INSERT INTO MOVIMIENTO_HISTORICO_PRODUCTO (ALMACEN_ID,PRODUCTO_ID,FECHA,TIPO_MOVIMIENTO_ID,CANTIDAD,COSTO,PRECIO,USUARIO_ID) VALUES(1,838,now(),30,12,1.000000,22.171617,'root');
INSERT INTO ALMACEN_PRODUCTO(ALMACEN_ID,PRODUCTO_ID,CANTIDAD_ACTUAL,CANTIDAD_MINIMA,PRECIO_VENTA) VALUES (1,838,12,0,22.171617);

INSERT INTO ALMACEN_PRODUCTO(ALMACEN_ID,PRODUCTO_ID,CANTIDAD_ACTUAL,CANTIDAD_MINIMA,PRECIO_VENTA) VALUES (2,838,0,0,1.000000);

INSERT INTO ALMACEN_PRODUCTO(ALMACEN_ID,PRODUCTO_ID,CANTIDAD_ACTUAL,CANTIDAD_MINIMA,PRECIO_VENTA) VALUES (3,838,12,0,21.900000);

INSERT INTO ALMACEN_PRODUCTO(ALMACEN_ID,PRODUCTO_ID,CANTIDAD_ACTUAL,CANTIDAD_MINIMA,PRECIO_VENTA) VALUES (4,838,12,0,1.000000);

INSERT INTO PROVEEDOR_PRODUCTO(PROVEEDOR_ID,PRODUCTO_ID,PRECIO_COMPRA) VALUES(4,838, 1.000000);

-- ===========PRODUCTO [839]
INSERT INTO PRODUCTO(ID,MARCA_ID,NOMBRE,PRESENTACION,CONTENIDO,UNIDADES_POR_CAJA,COSTO,COSTO_VENTA,PRECIO_BASE,UNIDAD_MEDIDA,CODIGO_BARRAS) VALUES(839,41,'Nivea Aerosol Dama','Fresh Natural',150,12.0,1.000000,1.000000,36.653448,'ML',4.005808828784E12);

INSERT INTO MOVIMIENTO_HISTORICO_PRODUCTO (ALMACEN_ID,PRODUCTO_ID,FECHA,TIPO_MOVIMIENTO_ID,CANTIDAD,COSTO,PRECIO,USUARIO_ID) VALUES(1,839,now(),30,12,1.000000,36.653448,'root');
INSERT INTO ALMACEN_PRODUCTO(ALMACEN_ID,PRODUCTO_ID,CANTIDAD_ACTUAL,CANTIDAD_MINIMA,PRECIO_VENTA) VALUES (1,839,12,0,36.653448);

INSERT INTO ALMACEN_PRODUCTO(ALMACEN_ID,PRODUCTO_ID,CANTIDAD_ACTUAL,CANTIDAD_MINIMA,PRECIO_VENTA) VALUES (2,839,0,0,1.000000);

INSERT INTO ALMACEN_PRODUCTO(ALMACEN_ID,PRODUCTO_ID,CANTIDAD_ACTUAL,CANTIDAD_MINIMA,PRECIO_VENTA) VALUES (3,839,12,0,34.900000);

INSERT INTO ALMACEN_PRODUCTO(ALMACEN_ID,PRODUCTO_ID,CANTIDAD_ACTUAL,CANTIDAD_MINIMA,PRECIO_VENTA) VALUES (4,839,12,0,1.000000);

INSERT INTO PROVEEDOR_PRODUCTO(PROVEEDOR_ID,PRODUCTO_ID,PRECIO_COMPRA) VALUES(4,839, 1.000000);

-- ===========PRODUCTO [840]
INSERT INTO PRODUCTO(ID,MARCA_ID,NOMBRE,PRESENTACION,CONTENIDO,UNIDADES_POR_CAJA,COSTO,COSTO_VENTA,PRECIO_BASE,UNIDAD_MEDIDA,CODIGO_BARRAS) VALUES(840,41,'Nivea Aerosol Dama','Angel Star Deo',100,12.0,1.000000,1.000000,22.170000,'ML',4.005900004826E12);

INSERT INTO MOVIMIENTO_HISTORICO_PRODUCTO (ALMACEN_ID,PRODUCTO_ID,FECHA,TIPO_MOVIMIENTO_ID,CANTIDAD,COSTO,PRECIO,USUARIO_ID) VALUES(1,840,now(),30,12,1.000000,22.170000,'root');
INSERT INTO ALMACEN_PRODUCTO(ALMACEN_ID,PRODUCTO_ID,CANTIDAD_ACTUAL,CANTIDAD_MINIMA,PRECIO_VENTA) VALUES (1,840,12,0,22.170000);

INSERT INTO ALMACEN_PRODUCTO(ALMACEN_ID,PRODUCTO_ID,CANTIDAD_ACTUAL,CANTIDAD_MINIMA,PRECIO_VENTA) VALUES (2,840,0,0,1.000000);

INSERT INTO ALMACEN_PRODUCTO(ALMACEN_ID,PRODUCTO_ID,CANTIDAD_ACTUAL,CANTIDAD_MINIMA,PRECIO_VENTA) VALUES (3,840,12,0,21.900000);

INSERT INTO ALMACEN_PRODUCTO(ALMACEN_ID,PRODUCTO_ID,CANTIDAD_ACTUAL,CANTIDAD_MINIMA,PRECIO_VENTA) VALUES (4,840,12,0,1.000000);

INSERT INTO PROVEEDOR_PRODUCTO(PROVEEDOR_ID,PRODUCTO_ID,PRECIO_COMPRA) VALUES(4,840, 1.000000);

-- ===========PRODUCTO [841]
INSERT INTO PRODUCTO(ID,MARCA_ID,NOMBRE,PRESENTACION,CONTENIDO,UNIDADES_POR_CAJA,COSTO,COSTO_VENTA,PRECIO_BASE,UNIDAD_MEDIDA,CODIGO_BARRAS) VALUES(841,41,'Nivea Espuma Afeitar','Sensitive',200,12.0,1.000000,1.000000,38.750000,'ML',8.715200817205E12);

INSERT INTO MOVIMIENTO_HISTORICO_PRODUCTO (ALMACEN_ID,PRODUCTO_ID,FECHA,TIPO_MOVIMIENTO_ID,CANTIDAD,COSTO,PRECIO,USUARIO_ID) VALUES(1,841,now(),30,12,1.000000,38.750000,'root');
INSERT INTO ALMACEN_PRODUCTO(ALMACEN_ID,PRODUCTO_ID,CANTIDAD_ACTUAL,CANTIDAD_MINIMA,PRECIO_VENTA) VALUES (1,841,12,0,38.750000);

INSERT INTO ALMACEN_PRODUCTO(ALMACEN_ID,PRODUCTO_ID,CANTIDAD_ACTUAL,CANTIDAD_MINIMA,PRECIO_VENTA) VALUES (2,841,0,0,1.000000);

INSERT INTO ALMACEN_PRODUCTO(ALMACEN_ID,PRODUCTO_ID,CANTIDAD_ACTUAL,CANTIDAD_MINIMA,PRECIO_VENTA) VALUES (3,841,12,0,39.900000);

INSERT INTO ALMACEN_PRODUCTO(ALMACEN_ID,PRODUCTO_ID,CANTIDAD_ACTUAL,CANTIDAD_MINIMA,PRECIO_VENTA) VALUES (4,841,12,0,1.000000);

INSERT INTO PROVEEDOR_PRODUCTO(PROVEEDOR_ID,PRODUCTO_ID,PRECIO_COMPRA) VALUES(4,841, 1.000000);

-- ===========PRODUCTO [842]
INSERT INTO PRODUCTO(ID,MARCA_ID,NOMBRE,PRESENTACION,CONTENIDO,UNIDADES_POR_CAJA,COSTO,COSTO_VENTA,PRECIO_BASE,UNIDAD_MEDIDA,CODIGO_BARRAS) VALUES(842,41,'Nivea Gel Afeitar','Sensitive',200,12.0,1.000000,1.000000,43.500000,'ML',4.005808817405E12);

INSERT INTO MOVIMIENTO_HISTORICO_PRODUCTO (ALMACEN_ID,PRODUCTO_ID,FECHA,TIPO_MOVIMIENTO_ID,CANTIDAD,COSTO,PRECIO,USUARIO_ID) VALUES(1,842,now(),30,12,1.000000,43.500000,'root');
INSERT INTO ALMACEN_PRODUCTO(ALMACEN_ID,PRODUCTO_ID,CANTIDAD_ACTUAL,CANTIDAD_MINIMA,PRECIO_VENTA) VALUES (1,842,12,0,43.500000);

INSERT INTO ALMACEN_PRODUCTO(ALMACEN_ID,PRODUCTO_ID,CANTIDAD_ACTUAL,CANTIDAD_MINIMA,PRECIO_VENTA) VALUES (2,842,0,0,1.000000);

INSERT INTO ALMACEN_PRODUCTO(ALMACEN_ID,PRODUCTO_ID,CANTIDAD_ACTUAL,CANTIDAD_MINIMA,PRECIO_VENTA) VALUES (3,842,12,0,49.900000);

INSERT INTO ALMACEN_PRODUCTO(ALMACEN_ID,PRODUCTO_ID,CANTIDAD_ACTUAL,CANTIDAD_MINIMA,PRECIO_VENTA) VALUES (4,842,12,0,1.000000);

INSERT INTO PROVEEDOR_PRODUCTO(PROVEEDOR_ID,PRODUCTO_ID,PRECIO_COMPRA) VALUES(4,842, 1.000000);

-- ===========PRODUCTO [843]
INSERT INTO PRODUCTO(ID,MARCA_ID,NOMBRE,PRESENTACION,CONTENIDO,UNIDADES_POR_CAJA,COSTO,COSTO_VENTA,PRECIO_BASE,UNIDAD_MEDIDA,CODIGO_BARRAS) VALUES(843,41,'Nivea Espuma Afeitar','Extra Hidratante',200,12.0,1.000000,1.000000,38.750000,'ML',8.412300817028E12);

INSERT INTO MOVIMIENTO_HISTORICO_PRODUCTO (ALMACEN_ID,PRODUCTO_ID,FECHA,TIPO_MOVIMIENTO_ID,CANTIDAD,COSTO,PRECIO,USUARIO_ID) VALUES(1,843,now(),30,12,1.000000,38.750000,'root');
INSERT INTO ALMACEN_PRODUCTO(ALMACEN_ID,PRODUCTO_ID,CANTIDAD_ACTUAL,CANTIDAD_MINIMA,PRECIO_VENTA) VALUES (1,843,12,0,38.750000);

INSERT INTO ALMACEN_PRODUCTO(ALMACEN_ID,PRODUCTO_ID,CANTIDAD_ACTUAL,CANTIDAD_MINIMA,PRECIO_VENTA) VALUES (2,843,0,0,1.000000);

INSERT INTO ALMACEN_PRODUCTO(ALMACEN_ID,PRODUCTO_ID,CANTIDAD_ACTUAL,CANTIDAD_MINIMA,PRECIO_VENTA) VALUES (3,843,12,0,39.900000);

INSERT INTO ALMACEN_PRODUCTO(ALMACEN_ID,PRODUCTO_ID,CANTIDAD_ACTUAL,CANTIDAD_MINIMA,PRECIO_VENTA) VALUES (4,843,12,0,1.000000);

INSERT INTO PROVEEDOR_PRODUCTO(PROVEEDOR_ID,PRODUCTO_ID,PRECIO_COMPRA) VALUES(4,843, 1.000000);

-- ===========PRODUCTO [844]
INSERT INTO PRODUCTO(ID,MARCA_ID,NOMBRE,PRESENTACION,CONTENIDO,UNIDADES_POR_CAJA,COSTO,COSTO_VENTA,PRECIO_BASE,UNIDAD_MEDIDA,CODIGO_BARRAS) VALUES(844,41,'Nivea Crema Solida','Soft Jumbo',500,12.0,1.000000,1.000000,49.900000,'ML',7.501054501558E12);

INSERT INTO MOVIMIENTO_HISTORICO_PRODUCTO (ALMACEN_ID,PRODUCTO_ID,FECHA,TIPO_MOVIMIENTO_ID,CANTIDAD,COSTO,PRECIO,USUARIO_ID) VALUES(1,844,now(),30,1,1.000000,49.900000,'root');
INSERT INTO ALMACEN_PRODUCTO(ALMACEN_ID,PRODUCTO_ID,CANTIDAD_ACTUAL,CANTIDAD_MINIMA,PRECIO_VENTA) VALUES (1,844,1,0,49.900000);

INSERT INTO ALMACEN_PRODUCTO(ALMACEN_ID,PRODUCTO_ID,CANTIDAD_ACTUAL,CANTIDAD_MINIMA,PRECIO_VENTA) VALUES (2,844,0,0,1.000000);

INSERT INTO ALMACEN_PRODUCTO(ALMACEN_ID,PRODUCTO_ID,CANTIDAD_ACTUAL,CANTIDAD_MINIMA,PRECIO_VENTA) VALUES (3,844,1,0,77.900000);

INSERT INTO ALMACEN_PRODUCTO(ALMACEN_ID,PRODUCTO_ID,CANTIDAD_ACTUAL,CANTIDAD_MINIMA,PRECIO_VENTA) VALUES (4,844,1,0,1.000000);

INSERT INTO PROVEEDOR_PRODUCTO(PROVEEDOR_ID,PRODUCTO_ID,PRECIO_COMPRA) VALUES(4,844, 1.000000);

-- ===========PRODUCTO [845]
INSERT INTO PRODUCTO(ID,MARCA_ID,NOMBRE,PRESENTACION,CONTENIDO,UNIDADES_POR_CAJA,COSTO,COSTO_VENTA,PRECIO_BASE,UNIDAD_MEDIDA,CODIGO_BARRAS) VALUES(845,41,'Nivea Aerosol Dama','Invisible Clear',150,12.0,1.000000,1.000000,36.653448,'ML',4.005900036643E12);

INSERT INTO MOVIMIENTO_HISTORICO_PRODUCTO (ALMACEN_ID,PRODUCTO_ID,FECHA,TIPO_MOVIMIENTO_ID,CANTIDAD,COSTO,PRECIO,USUARIO_ID) VALUES(1,845,now(),30,12,1.000000,36.653448,'root');
INSERT INTO ALMACEN_PRODUCTO(ALMACEN_ID,PRODUCTO_ID,CANTIDAD_ACTUAL,CANTIDAD_MINIMA,PRECIO_VENTA) VALUES (1,845,12,0,36.653448);

INSERT INTO ALMACEN_PRODUCTO(ALMACEN_ID,PRODUCTO_ID,CANTIDAD_ACTUAL,CANTIDAD_MINIMA,PRECIO_VENTA) VALUES (2,845,1,0,1.000000);

INSERT INTO ALMACEN_PRODUCTO(ALMACEN_ID,PRODUCTO_ID,CANTIDAD_ACTUAL,CANTIDAD_MINIMA,PRECIO_VENTA) VALUES (3,845,12,0,34.900000);

INSERT INTO ALMACEN_PRODUCTO(ALMACEN_ID,PRODUCTO_ID,CANTIDAD_ACTUAL,CANTIDAD_MINIMA,PRECIO_VENTA) VALUES (4,845,12,0,1.000000);

INSERT INTO PROVEEDOR_PRODUCTO(PROVEEDOR_ID,PRODUCTO_ID,PRECIO_COMPRA) VALUES(4,845, 1.000000);

-- ===========PRODUCTO [846]
INSERT INTO PRODUCTO(ID,MARCA_ID,NOMBRE,PRESENTACION,CONTENIDO,UNIDADES_POR_CAJA,COSTO,COSTO_VENTA,PRECIO_BASE,UNIDAD_MEDIDA,CODIGO_BARRAS) VALUES(846,41,'Nivea Aerosol Dama','Invisible Pure',150,12.0,1.000000,1.000000,36.653448,'ML',4.005900036605E12);

INSERT INTO MOVIMIENTO_HISTORICO_PRODUCTO (ALMACEN_ID,PRODUCTO_ID,FECHA,TIPO_MOVIMIENTO_ID,CANTIDAD,COSTO,PRECIO,USUARIO_ID) VALUES(1,846,now(),30,12,1.000000,36.653448,'root');
INSERT INTO ALMACEN_PRODUCTO(ALMACEN_ID,PRODUCTO_ID,CANTIDAD_ACTUAL,CANTIDAD_MINIMA,PRECIO_VENTA) VALUES (1,846,12,0,36.653448);

INSERT INTO ALMACEN_PRODUCTO(ALMACEN_ID,PRODUCTO_ID,CANTIDAD_ACTUAL,CANTIDAD_MINIMA,PRECIO_VENTA) VALUES (2,846,2,0,1.000000);

INSERT INTO ALMACEN_PRODUCTO(ALMACEN_ID,PRODUCTO_ID,CANTIDAD_ACTUAL,CANTIDAD_MINIMA,PRECIO_VENTA) VALUES (3,846,12,0,34.900000);

INSERT INTO ALMACEN_PRODUCTO(ALMACEN_ID,PRODUCTO_ID,CANTIDAD_ACTUAL,CANTIDAD_MINIMA,PRECIO_VENTA) VALUES (4,846,12,0,1.000000);

INSERT INTO PROVEEDOR_PRODUCTO(PROVEEDOR_ID,PRODUCTO_ID,PRECIO_COMPRA) VALUES(4,846, 1.000000);

-- ===========PRODUCTO [847]
INSERT INTO PRODUCTO(ID,MARCA_ID,NOMBRE,PRESENTACION,CONTENIDO,UNIDADES_POR_CAJA,COSTO,COSTO_VENTA,PRECIO_BASE,UNIDAD_MEDIDA,CODIGO_BARRAS) VALUES(847,41,'Nivea Rollon Dama','Angel Star Invisible',50,12.0,1.000000,1.000000,21.944304,'ML',4.005900031341E12);

INSERT INTO MOVIMIENTO_HISTORICO_PRODUCTO (ALMACEN_ID,PRODUCTO_ID,FECHA,TIPO_MOVIMIENTO_ID,CANTIDAD,COSTO,PRECIO,USUARIO_ID) VALUES(1,847,now(),30,12,1.000000,21.944304,'root');
INSERT INTO ALMACEN_PRODUCTO(ALMACEN_ID,PRODUCTO_ID,CANTIDAD_ACTUAL,CANTIDAD_MINIMA,PRECIO_VENTA) VALUES (1,847,12,0,21.944304);

INSERT INTO ALMACEN_PRODUCTO(ALMACEN_ID,PRODUCTO_ID,CANTIDAD_ACTUAL,CANTIDAD_MINIMA,PRECIO_VENTA) VALUES (2,847,0,0,1.000000);

INSERT INTO ALMACEN_PRODUCTO(ALMACEN_ID,PRODUCTO_ID,CANTIDAD_ACTUAL,CANTIDAD_MINIMA,PRECIO_VENTA) VALUES (3,847,12,0,21.940000);

INSERT INTO ALMACEN_PRODUCTO(ALMACEN_ID,PRODUCTO_ID,CANTIDAD_ACTUAL,CANTIDAD_MINIMA,PRECIO_VENTA) VALUES (4,847,12,0,1.000000);

INSERT INTO PROVEEDOR_PRODUCTO(PROVEEDOR_ID,PRODUCTO_ID,PRECIO_COMPRA) VALUES(4,847, 1.000000);

-- ===========PRODUCTO [848]
INSERT INTO PRODUCTO(ID,MARCA_ID,NOMBRE,PRESENTACION,CONTENIDO,UNIDADES_POR_CAJA,COSTO,COSTO_VENTA,PRECIO_BASE,UNIDAD_MEDIDA,CODIGO_BARRAS) VALUES(848,41,'Nivea Aerosol Dama','Happy Time',150,12.0,1.000000,1.000000,36.653448,'ML',4.005900002228E12);

INSERT INTO MOVIMIENTO_HISTORICO_PRODUCTO (ALMACEN_ID,PRODUCTO_ID,FECHA,TIPO_MOVIMIENTO_ID,CANTIDAD,COSTO,PRECIO,USUARIO_ID) VALUES(1,848,now(),30,12,1.000000,36.653448,'root');
INSERT INTO ALMACEN_PRODUCTO(ALMACEN_ID,PRODUCTO_ID,CANTIDAD_ACTUAL,CANTIDAD_MINIMA,PRECIO_VENTA) VALUES (1,848,12,0,36.653448);

INSERT INTO ALMACEN_PRODUCTO(ALMACEN_ID,PRODUCTO_ID,CANTIDAD_ACTUAL,CANTIDAD_MINIMA,PRECIO_VENTA) VALUES (2,848,0,0,1.000000);

INSERT INTO ALMACEN_PRODUCTO(ALMACEN_ID,PRODUCTO_ID,CANTIDAD_ACTUAL,CANTIDAD_MINIMA,PRECIO_VENTA) VALUES (3,848,12,0,34.900000);

INSERT INTO ALMACEN_PRODUCTO(ALMACEN_ID,PRODUCTO_ID,CANTIDAD_ACTUAL,CANTIDAD_MINIMA,PRECIO_VENTA) VALUES (4,848,12,0,1.000000);

INSERT INTO PROVEEDOR_PRODUCTO(PROVEEDOR_ID,PRODUCTO_ID,PRECIO_COMPRA) VALUES(4,848, 1.000000);

-- ===========PRODUCTO [849]
INSERT INTO PRODUCTO(ID,MARCA_ID,NOMBRE,PRESENTACION,CONTENIDO,UNIDADES_POR_CAJA,COSTO,COSTO_VENTA,PRECIO_BASE,UNIDAD_MEDIDA,CODIGO_BARRAS) VALUES(849,41,'Nivea Aerosol Caballero','Silver Protect Power',150,12.0,1.000000,1.000000,36.653448,'ML',4.005808305766E12);

INSERT INTO MOVIMIENTO_HISTORICO_PRODUCTO (ALMACEN_ID,PRODUCTO_ID,FECHA,TIPO_MOVIMIENTO_ID,CANTIDAD,COSTO,PRECIO,USUARIO_ID) VALUES(1,849,now(),30,12,1.000000,36.653448,'root');
INSERT INTO ALMACEN_PRODUCTO(ALMACEN_ID,PRODUCTO_ID,CANTIDAD_ACTUAL,CANTIDAD_MINIMA,PRECIO_VENTA) VALUES (1,849,12,0,36.653448);

INSERT INTO ALMACEN_PRODUCTO(ALMACEN_ID,PRODUCTO_ID,CANTIDAD_ACTUAL,CANTIDAD_MINIMA,PRECIO_VENTA) VALUES (2,849,0,0,1.000000);

INSERT INTO ALMACEN_PRODUCTO(ALMACEN_ID,PRODUCTO_ID,CANTIDAD_ACTUAL,CANTIDAD_MINIMA,PRECIO_VENTA) VALUES (3,849,12,0,34.900000);

INSERT INTO ALMACEN_PRODUCTO(ALMACEN_ID,PRODUCTO_ID,CANTIDAD_ACTUAL,CANTIDAD_MINIMA,PRECIO_VENTA) VALUES (4,849,12,0,1.000000);

INSERT INTO PROVEEDOR_PRODUCTO(PROVEEDOR_ID,PRODUCTO_ID,PRECIO_COMPRA) VALUES(4,849, 1.000000);

-- ===========PRODUCTO [850]
INSERT INTO PRODUCTO(ID,MARCA_ID,NOMBRE,PRESENTACION,CONTENIDO,UNIDADES_POR_CAJA,COSTO,COSTO_VENTA,PRECIO_BASE,UNIDAD_MEDIDA,CODIGO_BARRAS) VALUES(850,41,'Nivea Aerosol Dama','Dry Comfort',150,12.0,1.000000,1.000000,36.653448,'ML',4.005808816033E12);

INSERT INTO MOVIMIENTO_HISTORICO_PRODUCTO (ALMACEN_ID,PRODUCTO_ID,FECHA,TIPO_MOVIMIENTO_ID,CANTIDAD,COSTO,PRECIO,USUARIO_ID) VALUES(1,850,now(),30,12,1.000000,36.653448,'root');
INSERT INTO ALMACEN_PRODUCTO(ALMACEN_ID,PRODUCTO_ID,CANTIDAD_ACTUAL,CANTIDAD_MINIMA,PRECIO_VENTA) VALUES (1,850,12,0,36.653448);

INSERT INTO ALMACEN_PRODUCTO(ALMACEN_ID,PRODUCTO_ID,CANTIDAD_ACTUAL,CANTIDAD_MINIMA,PRECIO_VENTA) VALUES (2,850,0,0,1.000000);

INSERT INTO ALMACEN_PRODUCTO(ALMACEN_ID,PRODUCTO_ID,CANTIDAD_ACTUAL,CANTIDAD_MINIMA,PRECIO_VENTA) VALUES (3,850,12,0,34.900000);

INSERT INTO ALMACEN_PRODUCTO(ALMACEN_ID,PRODUCTO_ID,CANTIDAD_ACTUAL,CANTIDAD_MINIMA,PRECIO_VENTA) VALUES (4,850,12,0,1.000000);

INSERT INTO PROVEEDOR_PRODUCTO(PROVEEDOR_ID,PRODUCTO_ID,PRECIO_COMPRA) VALUES(4,850, 1.000000);

-- ===========PRODUCTO [851]
INSERT INTO PRODUCTO(ID,MARCA_ID,NOMBRE,PRESENTACION,CONTENIDO,UNIDADES_POR_CAJA,COSTO,COSTO_VENTA,PRECIO_BASE,UNIDAD_MEDIDA,CODIGO_BARRAS) VALUES(851,41,'Nivea Aerosol Dama','Calm & Care',150,12.0,1.000000,1.000000,36.653448,'ML',4.005900010698E12);

INSERT INTO MOVIMIENTO_HISTORICO_PRODUCTO (ALMACEN_ID,PRODUCTO_ID,FECHA,TIPO_MOVIMIENTO_ID,CANTIDAD,COSTO,PRECIO,USUARIO_ID) VALUES(1,851,now(),30,12,1.000000,36.653448,'root');
INSERT INTO ALMACEN_PRODUCTO(ALMACEN_ID,PRODUCTO_ID,CANTIDAD_ACTUAL,CANTIDAD_MINIMA,PRECIO_VENTA) VALUES (1,851,12,0,36.653448);

INSERT INTO ALMACEN_PRODUCTO(ALMACEN_ID,PRODUCTO_ID,CANTIDAD_ACTUAL,CANTIDAD_MINIMA,PRECIO_VENTA) VALUES (2,851,0,0,1.000000);

INSERT INTO ALMACEN_PRODUCTO(ALMACEN_ID,PRODUCTO_ID,CANTIDAD_ACTUAL,CANTIDAD_MINIMA,PRECIO_VENTA) VALUES (3,851,12,0,34.900000);

INSERT INTO ALMACEN_PRODUCTO(ALMACEN_ID,PRODUCTO_ID,CANTIDAD_ACTUAL,CANTIDAD_MINIMA,PRECIO_VENTA) VALUES (4,851,12,0,1.000000);

INSERT INTO PROVEEDOR_PRODUCTO(PROVEEDOR_ID,PRODUCTO_ID,PRECIO_COMPRA) VALUES(4,851, 1.000000);

-- ===========PRODUCTO [852]
INSERT INTO PRODUCTO(ID,MARCA_ID,NOMBRE,PRESENTACION,CONTENIDO,UNIDADES_POR_CAJA,COSTO,COSTO_VENTA,PRECIO_BASE,UNIDAD_MEDIDA,CODIGO_BARRAS) VALUES(852,41,'Nivea Rollon Dama','Angel Star Deo',50,12.0,1.000000,1.000000,21.944304,'ML',4.005900004895E12);

INSERT INTO MOVIMIENTO_HISTORICO_PRODUCTO (ALMACEN_ID,PRODUCTO_ID,FECHA,TIPO_MOVIMIENTO_ID,CANTIDAD,COSTO,PRECIO,USUARIO_ID) VALUES(1,852,now(),30,12,1.000000,21.944304,'root');
INSERT INTO ALMACEN_PRODUCTO(ALMACEN_ID,PRODUCTO_ID,CANTIDAD_ACTUAL,CANTIDAD_MINIMA,PRECIO_VENTA) VALUES (1,852,12,0,21.944304);

INSERT INTO ALMACEN_PRODUCTO(ALMACEN_ID,PRODUCTO_ID,CANTIDAD_ACTUAL,CANTIDAD_MINIMA,PRECIO_VENTA) VALUES (2,852,0,0,1.000000);

INSERT INTO ALMACEN_PRODUCTO(ALMACEN_ID,PRODUCTO_ID,CANTIDAD_ACTUAL,CANTIDAD_MINIMA,PRECIO_VENTA) VALUES (3,852,12,0,21.940000);

INSERT INTO ALMACEN_PRODUCTO(ALMACEN_ID,PRODUCTO_ID,CANTIDAD_ACTUAL,CANTIDAD_MINIMA,PRECIO_VENTA) VALUES (4,852,12,0,1.000000);

INSERT INTO PROVEEDOR_PRODUCTO(PROVEEDOR_ID,PRODUCTO_ID,PRECIO_COMPRA) VALUES(4,852, 1.000000);

-- ===========PRODUCTO [853]
INSERT INTO PRODUCTO(ID,MARCA_ID,NOMBRE,PRESENTACION,CONTENIDO,UNIDADES_POR_CAJA,COSTO,COSTO_VENTA,PRECIO_BASE,UNIDAD_MEDIDA,CODIGO_BARRAS) VALUES(853,41,'Nivea Stick Caballero','Dry Impact',43,12.0,1.000000,1.000000,27.815538,'G',4.2185123E7);

INSERT INTO MOVIMIENTO_HISTORICO_PRODUCTO (ALMACEN_ID,PRODUCTO_ID,FECHA,TIPO_MOVIMIENTO_ID,CANTIDAD,COSTO,PRECIO,USUARIO_ID) VALUES(1,853,now(),30,12,1.000000,27.815538,'root');
INSERT INTO ALMACEN_PRODUCTO(ALMACEN_ID,PRODUCTO_ID,CANTIDAD_ACTUAL,CANTIDAD_MINIMA,PRECIO_VENTA) VALUES (1,853,12,0,27.815538);

INSERT INTO ALMACEN_PRODUCTO(ALMACEN_ID,PRODUCTO_ID,CANTIDAD_ACTUAL,CANTIDAD_MINIMA,PRECIO_VENTA) VALUES (2,853,0,0,1.000000);

INSERT INTO ALMACEN_PRODUCTO(ALMACEN_ID,PRODUCTO_ID,CANTIDAD_ACTUAL,CANTIDAD_MINIMA,PRECIO_VENTA) VALUES (3,853,12,0,26.900000);

INSERT INTO ALMACEN_PRODUCTO(ALMACEN_ID,PRODUCTO_ID,CANTIDAD_ACTUAL,CANTIDAD_MINIMA,PRECIO_VENTA) VALUES (4,853,12,0,1.000000);

INSERT INTO PROVEEDOR_PRODUCTO(PROVEEDOR_ID,PRODUCTO_ID,PRECIO_COMPRA) VALUES(4,853, 1.000000);

-- ===========PRODUCTO [854]
INSERT INTO PRODUCTO(ID,MARCA_ID,NOMBRE,PRESENTACION,CONTENIDO,UNIDADES_POR_CAJA,COSTO,COSTO_VENTA,PRECIO_BASE,UNIDAD_MEDIDA,CODIGO_BARRAS) VALUES(854,41,'Nivea Rollon Dama','Aclarado Natural',50,12.0,1.000000,1.000000,21.944304,'ML',4.005808837472E12);

INSERT INTO MOVIMIENTO_HISTORICO_PRODUCTO (ALMACEN_ID,PRODUCTO_ID,FECHA,TIPO_MOVIMIENTO_ID,CANTIDAD,COSTO,PRECIO,USUARIO_ID) VALUES(1,854,now(),30,12,1.000000,21.944304,'root');
INSERT INTO ALMACEN_PRODUCTO(ALMACEN_ID,PRODUCTO_ID,CANTIDAD_ACTUAL,CANTIDAD_MINIMA,PRECIO_VENTA) VALUES (1,854,12,0,21.944304);

INSERT INTO ALMACEN_PRODUCTO(ALMACEN_ID,PRODUCTO_ID,CANTIDAD_ACTUAL,CANTIDAD_MINIMA,PRECIO_VENTA) VALUES (2,854,1,0,1.000000);

INSERT INTO ALMACEN_PRODUCTO(ALMACEN_ID,PRODUCTO_ID,CANTIDAD_ACTUAL,CANTIDAD_MINIMA,PRECIO_VENTA) VALUES (3,854,12,0,21.940000);

INSERT INTO ALMACEN_PRODUCTO(ALMACEN_ID,PRODUCTO_ID,CANTIDAD_ACTUAL,CANTIDAD_MINIMA,PRECIO_VENTA) VALUES (4,854,12,0,1.000000);

INSERT INTO PROVEEDOR_PRODUCTO(PROVEEDOR_ID,PRODUCTO_ID,PRECIO_COMPRA) VALUES(4,854, 1.000000);

-- ===========PRODUCTO [855]
INSERT INTO PRODUCTO(ID,MARCA_ID,NOMBRE,PRESENTACION,CONTENIDO,UNIDADES_POR_CAJA,COSTO,COSTO_VENTA,PRECIO_BASE,UNIDAD_MEDIDA,CODIGO_BARRAS) VALUES(855,41,'Nivea Rollon Dama','Happy Time',50,12.0,1.000000,1.000000,21.944304,'ML',4.005900002235E12);

INSERT INTO MOVIMIENTO_HISTORICO_PRODUCTO (ALMACEN_ID,PRODUCTO_ID,FECHA,TIPO_MOVIMIENTO_ID,CANTIDAD,COSTO,PRECIO,USUARIO_ID) VALUES(1,855,now(),30,12,1.000000,21.944304,'root');
INSERT INTO ALMACEN_PRODUCTO(ALMACEN_ID,PRODUCTO_ID,CANTIDAD_ACTUAL,CANTIDAD_MINIMA,PRECIO_VENTA) VALUES (1,855,12,0,21.944304);

INSERT INTO ALMACEN_PRODUCTO(ALMACEN_ID,PRODUCTO_ID,CANTIDAD_ACTUAL,CANTIDAD_MINIMA,PRECIO_VENTA) VALUES (2,855,1,0,1.000000);

INSERT INTO ALMACEN_PRODUCTO(ALMACEN_ID,PRODUCTO_ID,CANTIDAD_ACTUAL,CANTIDAD_MINIMA,PRECIO_VENTA) VALUES (3,855,12,0,21.940000);

INSERT INTO ALMACEN_PRODUCTO(ALMACEN_ID,PRODUCTO_ID,CANTIDAD_ACTUAL,CANTIDAD_MINIMA,PRECIO_VENTA) VALUES (4,855,12,0,1.000000);

INSERT INTO PROVEEDOR_PRODUCTO(PROVEEDOR_ID,PRODUCTO_ID,PRECIO_COMPRA) VALUES(4,855, 1.000000);

-- ===========PRODUCTO [856]
INSERT INTO PRODUCTO(ID,MARCA_ID,NOMBRE,PRESENTACION,CONTENIDO,UNIDADES_POR_CAJA,COSTO,COSTO_VENTA,PRECIO_BASE,UNIDAD_MEDIDA,CODIGO_BARRAS) VALUES(856,41,'Nivea Rollon Dama','Invisible Clear',50,12.0,1.000000,1.000000,21.944304,'ML',4.005900036698E12);

INSERT INTO MOVIMIENTO_HISTORICO_PRODUCTO (ALMACEN_ID,PRODUCTO_ID,FECHA,TIPO_MOVIMIENTO_ID,CANTIDAD,COSTO,PRECIO,USUARIO_ID) VALUES(1,856,now(),30,12,1.000000,21.944304,'root');
INSERT INTO ALMACEN_PRODUCTO(ALMACEN_ID,PRODUCTO_ID,CANTIDAD_ACTUAL,CANTIDAD_MINIMA,PRECIO_VENTA) VALUES (1,856,12,0,21.944304);

INSERT INTO ALMACEN_PRODUCTO(ALMACEN_ID,PRODUCTO_ID,CANTIDAD_ACTUAL,CANTIDAD_MINIMA,PRECIO_VENTA) VALUES (2,856,0,0,1.000000);

INSERT INTO ALMACEN_PRODUCTO(ALMACEN_ID,PRODUCTO_ID,CANTIDAD_ACTUAL,CANTIDAD_MINIMA,PRECIO_VENTA) VALUES (3,856,12,0,21.940000);

INSERT INTO ALMACEN_PRODUCTO(ALMACEN_ID,PRODUCTO_ID,CANTIDAD_ACTUAL,CANTIDAD_MINIMA,PRECIO_VENTA) VALUES (4,856,12,0,1.000000);

INSERT INTO PROVEEDOR_PRODUCTO(PROVEEDOR_ID,PRODUCTO_ID,PRECIO_COMPRA) VALUES(4,856, 1.000000);

-- ===========PRODUCTO [857]
INSERT INTO PRODUCTO(ID,MARCA_ID,NOMBRE,PRESENTACION,CONTENIDO,UNIDADES_POR_CAJA,COSTO,COSTO_VENTA,PRECIO_BASE,UNIDAD_MEDIDA,CODIGO_BARRAS) VALUES(857,41,'Nivea Stick Dama','Double Effect',42,12.0,1.000000,1.000000,27.815538,'G',4.2176152E7);

INSERT INTO MOVIMIENTO_HISTORICO_PRODUCTO (ALMACEN_ID,PRODUCTO_ID,FECHA,TIPO_MOVIMIENTO_ID,CANTIDAD,COSTO,PRECIO,USUARIO_ID) VALUES(1,857,now(),30,3,1.000000,27.815538,'root');
INSERT INTO ALMACEN_PRODUCTO(ALMACEN_ID,PRODUCTO_ID,CANTIDAD_ACTUAL,CANTIDAD_MINIMA,PRECIO_VENTA) VALUES (1,857,3,0,27.815538);

INSERT INTO ALMACEN_PRODUCTO(ALMACEN_ID,PRODUCTO_ID,CANTIDAD_ACTUAL,CANTIDAD_MINIMA,PRECIO_VENTA) VALUES (2,857,0,0,1.000000);

INSERT INTO ALMACEN_PRODUCTO(ALMACEN_ID,PRODUCTO_ID,CANTIDAD_ACTUAL,CANTIDAD_MINIMA,PRECIO_VENTA) VALUES (3,857,3,0,26.900000);

INSERT INTO ALMACEN_PRODUCTO(ALMACEN_ID,PRODUCTO_ID,CANTIDAD_ACTUAL,CANTIDAD_MINIMA,PRECIO_VENTA) VALUES (4,857,3,0,1.000000);

INSERT INTO PROVEEDOR_PRODUCTO(PROVEEDOR_ID,PRODUCTO_ID,PRECIO_COMPRA) VALUES(4,857, 1.000000);

-- ===========PRODUCTO [858]
INSERT INTO PRODUCTO(ID,MARCA_ID,NOMBRE,PRESENTACION,CONTENIDO,UNIDADES_POR_CAJA,COSTO,COSTO_VENTA,PRECIO_BASE,UNIDAD_MEDIDA,CODIGO_BARRAS) VALUES(858,41,'Nivea Rollon Dama','Angel Star Icy Kiss',50,12.0,1.000000,1.000000,21.944304,'ML',4.00590000484E12);

INSERT INTO MOVIMIENTO_HISTORICO_PRODUCTO (ALMACEN_ID,PRODUCTO_ID,FECHA,TIPO_MOVIMIENTO_ID,CANTIDAD,COSTO,PRECIO,USUARIO_ID) VALUES(1,858,now(),30,10,1.000000,21.944304,'root');
INSERT INTO ALMACEN_PRODUCTO(ALMACEN_ID,PRODUCTO_ID,CANTIDAD_ACTUAL,CANTIDAD_MINIMA,PRECIO_VENTA) VALUES (1,858,10,0,21.944304);

INSERT INTO ALMACEN_PRODUCTO(ALMACEN_ID,PRODUCTO_ID,CANTIDAD_ACTUAL,CANTIDAD_MINIMA,PRECIO_VENTA) VALUES (2,858,0,0,1.000000);

INSERT INTO ALMACEN_PRODUCTO(ALMACEN_ID,PRODUCTO_ID,CANTIDAD_ACTUAL,CANTIDAD_MINIMA,PRECIO_VENTA) VALUES (3,858,10,0,21.940000);

INSERT INTO ALMACEN_PRODUCTO(ALMACEN_ID,PRODUCTO_ID,CANTIDAD_ACTUAL,CANTIDAD_MINIMA,PRECIO_VENTA) VALUES (4,858,10,0,1.000000);

INSERT INTO PROVEEDOR_PRODUCTO(PROVEEDOR_ID,PRODUCTO_ID,PRECIO_COMPRA) VALUES(4,858, 1.000000);

-- ===========PRODUCTO [859]
INSERT INTO PRODUCTO(ID,MARCA_ID,NOMBRE,PRESENTACION,CONTENIDO,UNIDADES_POR_CAJA,COSTO,COSTO_VENTA,PRECIO_BASE,UNIDAD_MEDIDA,CODIGO_BARRAS) VALUES(859,41,'Nivea Rollon Caballero','Fresh Active',50,12.0,1.000000,1.000000,21.944304,'ML',4.005808307722E12);

INSERT INTO MOVIMIENTO_HISTORICO_PRODUCTO (ALMACEN_ID,PRODUCTO_ID,FECHA,TIPO_MOVIMIENTO_ID,CANTIDAD,COSTO,PRECIO,USUARIO_ID) VALUES(1,859,now(),30,11,1.000000,21.944304,'root');
INSERT INTO ALMACEN_PRODUCTO(ALMACEN_ID,PRODUCTO_ID,CANTIDAD_ACTUAL,CANTIDAD_MINIMA,PRECIO_VENTA) VALUES (1,859,11,0,21.944304);

INSERT INTO ALMACEN_PRODUCTO(ALMACEN_ID,PRODUCTO_ID,CANTIDAD_ACTUAL,CANTIDAD_MINIMA,PRECIO_VENTA) VALUES (2,859,0,0,1.000000);

INSERT INTO ALMACEN_PRODUCTO(ALMACEN_ID,PRODUCTO_ID,CANTIDAD_ACTUAL,CANTIDAD_MINIMA,PRECIO_VENTA) VALUES (3,859,11,0,21.940000);

INSERT INTO ALMACEN_PRODUCTO(ALMACEN_ID,PRODUCTO_ID,CANTIDAD_ACTUAL,CANTIDAD_MINIMA,PRECIO_VENTA) VALUES (4,859,11,0,1.000000);

INSERT INTO PROVEEDOR_PRODUCTO(PROVEEDOR_ID,PRODUCTO_ID,PRECIO_COMPRA) VALUES(4,859, 1.000000);

-- ===========PRODUCTO [860]
INSERT INTO PRODUCTO(ID,MARCA_ID,NOMBRE,PRESENTACION,CONTENIDO,UNIDADES_POR_CAJA,COSTO,COSTO_VENTA,PRECIO_BASE,UNIDAD_MEDIDA,CODIGO_BARRAS) VALUES(860,41,'Nivea Rollon Caballero','Dry Impact',50,12.0,1.000000,1.000000,21.944304,'ML',4.005808293834E12);

INSERT INTO MOVIMIENTO_HISTORICO_PRODUCTO (ALMACEN_ID,PRODUCTO_ID,FECHA,TIPO_MOVIMIENTO_ID,CANTIDAD,COSTO,PRECIO,USUARIO_ID) VALUES(1,860,now(),30,1,1.000000,21.944304,'root');
INSERT INTO ALMACEN_PRODUCTO(ALMACEN_ID,PRODUCTO_ID,CANTIDAD_ACTUAL,CANTIDAD_MINIMA,PRECIO_VENTA) VALUES (1,860,1,0,21.944304);

INSERT INTO ALMACEN_PRODUCTO(ALMACEN_ID,PRODUCTO_ID,CANTIDAD_ACTUAL,CANTIDAD_MINIMA,PRECIO_VENTA) VALUES (2,860,0,0,1.000000);

INSERT INTO ALMACEN_PRODUCTO(ALMACEN_ID,PRODUCTO_ID,CANTIDAD_ACTUAL,CANTIDAD_MINIMA,PRECIO_VENTA) VALUES (3,860,1,0,21.940000);

INSERT INTO ALMACEN_PRODUCTO(ALMACEN_ID,PRODUCTO_ID,CANTIDAD_ACTUAL,CANTIDAD_MINIMA,PRECIO_VENTA) VALUES (4,860,1,0,1.000000);

INSERT INTO PROVEEDOR_PRODUCTO(PROVEEDOR_ID,PRODUCTO_ID,PRECIO_COMPRA) VALUES(4,860, 1.000000);

-- ===========PRODUCTO [861]
INSERT INTO PRODUCTO(ID,MARCA_ID,NOMBRE,PRESENTACION,CONTENIDO,UNIDADES_POR_CAJA,COSTO,COSTO_VENTA,PRECIO_BASE,UNIDAD_MEDIDA,CODIGO_BARRAS) VALUES(861,41,'Nivea Rollon Caballero','Invisible Power',50,12.0,1.000000,1.000000,21.944304,'ML',4.005900036742E12);

INSERT INTO MOVIMIENTO_HISTORICO_PRODUCTO (ALMACEN_ID,PRODUCTO_ID,FECHA,TIPO_MOVIMIENTO_ID,CANTIDAD,COSTO,PRECIO,USUARIO_ID) VALUES(1,861,now(),30,8,1.000000,21.944304,'root');
INSERT INTO ALMACEN_PRODUCTO(ALMACEN_ID,PRODUCTO_ID,CANTIDAD_ACTUAL,CANTIDAD_MINIMA,PRECIO_VENTA) VALUES (1,861,8,0,21.944304);

INSERT INTO ALMACEN_PRODUCTO(ALMACEN_ID,PRODUCTO_ID,CANTIDAD_ACTUAL,CANTIDAD_MINIMA,PRECIO_VENTA) VALUES (2,861,0,0,1.000000);

INSERT INTO ALMACEN_PRODUCTO(ALMACEN_ID,PRODUCTO_ID,CANTIDAD_ACTUAL,CANTIDAD_MINIMA,PRECIO_VENTA) VALUES (3,861,8,0,21.940000);

INSERT INTO ALMACEN_PRODUCTO(ALMACEN_ID,PRODUCTO_ID,CANTIDAD_ACTUAL,CANTIDAD_MINIMA,PRECIO_VENTA) VALUES (4,861,8,0,1.000000);

INSERT INTO PROVEEDOR_PRODUCTO(PROVEEDOR_ID,PRODUCTO_ID,PRECIO_COMPRA) VALUES(4,861, 1.000000);

-- ===========PRODUCTO [862]
INSERT INTO PRODUCTO(ID,MARCA_ID,NOMBRE,PRESENTACION,CONTENIDO,UNIDADES_POR_CAJA,COSTO,COSTO_VENTA,PRECIO_BASE,UNIDAD_MEDIDA,CODIGO_BARRAS) VALUES(862,41,'Nivea Rollon Dama','Invisible Pure',50,12.0,1.000000,1.000000,21.944304,'ML',4.005900036629E12);

INSERT INTO MOVIMIENTO_HISTORICO_PRODUCTO (ALMACEN_ID,PRODUCTO_ID,FECHA,TIPO_MOVIMIENTO_ID,CANTIDAD,COSTO,PRECIO,USUARIO_ID) VALUES(1,862,now(),30,12,1.000000,21.944304,'root');
INSERT INTO ALMACEN_PRODUCTO(ALMACEN_ID,PRODUCTO_ID,CANTIDAD_ACTUAL,CANTIDAD_MINIMA,PRECIO_VENTA) VALUES (1,862,12,0,21.944304);

INSERT INTO ALMACEN_PRODUCTO(ALMACEN_ID,PRODUCTO_ID,CANTIDAD_ACTUAL,CANTIDAD_MINIMA,PRECIO_VENTA) VALUES (2,862,0,0,1.000000);

INSERT INTO ALMACEN_PRODUCTO(ALMACEN_ID,PRODUCTO_ID,CANTIDAD_ACTUAL,CANTIDAD_MINIMA,PRECIO_VENTA) VALUES (3,862,12,0,21.940000);

INSERT INTO ALMACEN_PRODUCTO(ALMACEN_ID,PRODUCTO_ID,CANTIDAD_ACTUAL,CANTIDAD_MINIMA,PRECIO_VENTA) VALUES (4,862,12,0,1.000000);

INSERT INTO PROVEEDOR_PRODUCTO(PROVEEDOR_ID,PRODUCTO_ID,PRECIO_COMPRA) VALUES(4,862, 1.000000);

-- ===========PRODUCTO [863]
INSERT INTO PRODUCTO(ID,MARCA_ID,NOMBRE,PRESENTACION,CONTENIDO,UNIDADES_POR_CAJA,COSTO,COSTO_VENTA,PRECIO_BASE,UNIDAD_MEDIDA,CODIGO_BARRAS) VALUES(863,41,'Nivea Stick Dama','Calm & Care',42,12.0,1.000000,1.000000,27.815538,'G',4.2195474E7);

INSERT INTO MOVIMIENTO_HISTORICO_PRODUCTO (ALMACEN_ID,PRODUCTO_ID,FECHA,TIPO_MOVIMIENTO_ID,CANTIDAD,COSTO,PRECIO,USUARIO_ID) VALUES(1,863,now(),30,12,1.000000,27.815538,'root');
INSERT INTO ALMACEN_PRODUCTO(ALMACEN_ID,PRODUCTO_ID,CANTIDAD_ACTUAL,CANTIDAD_MINIMA,PRECIO_VENTA) VALUES (1,863,12,0,27.815538);

INSERT INTO ALMACEN_PRODUCTO(ALMACEN_ID,PRODUCTO_ID,CANTIDAD_ACTUAL,CANTIDAD_MINIMA,PRECIO_VENTA) VALUES (2,863,4,0,1.000000);

INSERT INTO ALMACEN_PRODUCTO(ALMACEN_ID,PRODUCTO_ID,CANTIDAD_ACTUAL,CANTIDAD_MINIMA,PRECIO_VENTA) VALUES (3,863,12,0,26.900000);

INSERT INTO ALMACEN_PRODUCTO(ALMACEN_ID,PRODUCTO_ID,CANTIDAD_ACTUAL,CANTIDAD_MINIMA,PRECIO_VENTA) VALUES (4,863,12,0,1.000000);

INSERT INTO PROVEEDOR_PRODUCTO(PROVEEDOR_ID,PRODUCTO_ID,PRECIO_COMPRA) VALUES(4,863, 1.000000);

-- ===========PRODUCTO [864]
INSERT INTO PRODUCTO(ID,MARCA_ID,NOMBRE,PRESENTACION,CONTENIDO,UNIDADES_POR_CAJA,COSTO,COSTO_VENTA,PRECIO_BASE,UNIDAD_MEDIDA,CODIGO_BARRAS) VALUES(864,41,'Nivea Rollon Dama','Calm & Care',50,12.0,1.000000,1.000000,21.944304,'ML',4.005900011411E12);

INSERT INTO MOVIMIENTO_HISTORICO_PRODUCTO (ALMACEN_ID,PRODUCTO_ID,FECHA,TIPO_MOVIMIENTO_ID,CANTIDAD,COSTO,PRECIO,USUARIO_ID) VALUES(1,864,now(),30,12,1.000000,21.944304,'root');
INSERT INTO ALMACEN_PRODUCTO(ALMACEN_ID,PRODUCTO_ID,CANTIDAD_ACTUAL,CANTIDAD_MINIMA,PRECIO_VENTA) VALUES (1,864,12,0,21.944304);

INSERT INTO ALMACEN_PRODUCTO(ALMACEN_ID,PRODUCTO_ID,CANTIDAD_ACTUAL,CANTIDAD_MINIMA,PRECIO_VENTA) VALUES (2,864,0,0,1.000000);

INSERT INTO ALMACEN_PRODUCTO(ALMACEN_ID,PRODUCTO_ID,CANTIDAD_ACTUAL,CANTIDAD_MINIMA,PRECIO_VENTA) VALUES (3,864,12,0,21.940000);

INSERT INTO ALMACEN_PRODUCTO(ALMACEN_ID,PRODUCTO_ID,CANTIDAD_ACTUAL,CANTIDAD_MINIMA,PRECIO_VENTA) VALUES (4,864,12,0,1.000000);

INSERT INTO PROVEEDOR_PRODUCTO(PROVEEDOR_ID,PRODUCTO_ID,PRECIO_COMPRA) VALUES(4,864, 1.000000);

-- ===========PRODUCTO [865]
INSERT INTO PRODUCTO(ID,MARCA_ID,NOMBRE,PRESENTACION,CONTENIDO,UNIDADES_POR_CAJA,COSTO,COSTO_VENTA,PRECIO_BASE,UNIDAD_MEDIDA,CODIGO_BARRAS) VALUES(865,41,'Nivea Stick Caballero','Cool Kick',43,12.0,1.000000,1.000000,27.815538,'G',4.217916E7);

INSERT INTO MOVIMIENTO_HISTORICO_PRODUCTO (ALMACEN_ID,PRODUCTO_ID,FECHA,TIPO_MOVIMIENTO_ID,CANTIDAD,COSTO,PRECIO,USUARIO_ID) VALUES(1,865,now(),30,12,1.000000,27.815538,'root');
INSERT INTO ALMACEN_PRODUCTO(ALMACEN_ID,PRODUCTO_ID,CANTIDAD_ACTUAL,CANTIDAD_MINIMA,PRECIO_VENTA) VALUES (1,865,12,0,27.815538);

INSERT INTO ALMACEN_PRODUCTO(ALMACEN_ID,PRODUCTO_ID,CANTIDAD_ACTUAL,CANTIDAD_MINIMA,PRECIO_VENTA) VALUES (2,865,0,0,1.000000);

INSERT INTO ALMACEN_PRODUCTO(ALMACEN_ID,PRODUCTO_ID,CANTIDAD_ACTUAL,CANTIDAD_MINIMA,PRECIO_VENTA) VALUES (3,865,12,0,26.900000);

INSERT INTO ALMACEN_PRODUCTO(ALMACEN_ID,PRODUCTO_ID,CANTIDAD_ACTUAL,CANTIDAD_MINIMA,PRECIO_VENTA) VALUES (4,865,12,0,1.000000);

INSERT INTO PROVEEDOR_PRODUCTO(PROVEEDOR_ID,PRODUCTO_ID,PRECIO_COMPRA) VALUES(4,865, 1.000000);

-- ===========PRODUCTO [866]
INSERT INTO PRODUCTO(ID,MARCA_ID,NOMBRE,PRESENTACION,CONTENIDO,UNIDADES_POR_CAJA,COSTO,COSTO_VENTA,PRECIO_BASE,UNIDAD_MEDIDA,CODIGO_BARRAS) VALUES(866,35,'Colgate Pasta Dental','Triple Acción',170,72.0,1.000000,1.000000,1.000000,'ML',7.50954604178E12);

INSERT INTO MOVIMIENTO_HISTORICO_PRODUCTO (ALMACEN_ID,PRODUCTO_ID,FECHA,TIPO_MOVIMIENTO_ID,CANTIDAD,COSTO,PRECIO,USUARIO_ID) VALUES(1,866,now(),30,72,1.000000,1.000000,'root');
INSERT INTO ALMACEN_PRODUCTO(ALMACEN_ID,PRODUCTO_ID,CANTIDAD_ACTUAL,CANTIDAD_MINIMA,PRECIO_VENTA) VALUES (1,866,72,0,1.000000);

INSERT INTO ALMACEN_PRODUCTO(ALMACEN_ID,PRODUCTO_ID,CANTIDAD_ACTUAL,CANTIDAD_MINIMA,PRECIO_VENTA) VALUES (2,866,1,0,1.000000);

INSERT INTO ALMACEN_PRODUCTO(ALMACEN_ID,PRODUCTO_ID,CANTIDAD_ACTUAL,CANTIDAD_MINIMA,PRECIO_VENTA) VALUES (3,866,72,0,1.000000);

INSERT INTO ALMACEN_PRODUCTO(ALMACEN_ID,PRODUCTO_ID,CANTIDAD_ACTUAL,CANTIDAD_MINIMA,PRECIO_VENTA) VALUES (4,866,72,0,1.000000);

INSERT INTO PROVEEDOR_PRODUCTO(PROVEEDOR_ID,PRODUCTO_ID,PRECIO_COMPRA) VALUES(6,866, 1.000000);

-- ===========PRODUCTO [800]
INSERT INTO PRODUCTO(ID,MARCA_ID,NOMBRE,PRESENTACION,CONTENIDO,UNIDADES_POR_CAJA,COSTO,COSTO_VENTA,PRECIO_BASE,UNIDAD_MEDIDA,CODIGO_BARRAS) VALUES(800,35,'Colgate Pasta Dental','Sensitive Pro Alivio',75,24.0,1.000000,1.000000,1.000000,'ML',7.891024123485E12);

INSERT INTO MOVIMIENTO_HISTORICO_PRODUCTO (ALMACEN_ID,PRODUCTO_ID,FECHA,TIPO_MOVIMIENTO_ID,CANTIDAD,COSTO,PRECIO,USUARIO_ID) VALUES(1,800,now(),30,24,1.000000,1.000000,'root');
INSERT INTO ALMACEN_PRODUCTO(ALMACEN_ID,PRODUCTO_ID,CANTIDAD_ACTUAL,CANTIDAD_MINIMA,PRECIO_VENTA) VALUES (1,800,24,0,1.000000);

INSERT INTO ALMACEN_PRODUCTO(ALMACEN_ID,PRODUCTO_ID,CANTIDAD_ACTUAL,CANTIDAD_MINIMA,PRECIO_VENTA) VALUES (2,800,3,0,1.000000);

INSERT INTO ALMACEN_PRODUCTO(ALMACEN_ID,PRODUCTO_ID,CANTIDAD_ACTUAL,CANTIDAD_MINIMA,PRECIO_VENTA) VALUES (3,800,24,0,1.000000);

INSERT INTO ALMACEN_PRODUCTO(ALMACEN_ID,PRODUCTO_ID,CANTIDAD_ACTUAL,CANTIDAD_MINIMA,PRECIO_VENTA) VALUES (4,800,24,0,1.000000);

INSERT INTO PROVEEDOR_PRODUCTO(PROVEEDOR_ID,PRODUCTO_ID,PRECIO_COMPRA) VALUES(6,800, 1.000000);

-- ===========PRODUCTO [608]
INSERT INTO PRODUCTO(ID,MARCA_ID,NOMBRE,PRESENTACION,CONTENIDO,UNIDADES_POR_CAJA,COSTO,COSTO_VENTA,PRECIO_BASE,UNIDAD_MEDIDA,CODIGO_BARRAS) VALUES(608,35,'Colgate Pasta Dental','Sensitive Multi Proteccion',75,24.0,1.000000,1.000000,1.000000,'ML',7.891024134306E12);

INSERT INTO MOVIMIENTO_HISTORICO_PRODUCTO (ALMACEN_ID,PRODUCTO_ID,FECHA,TIPO_MOVIMIENTO_ID,CANTIDAD,COSTO,PRECIO,USUARIO_ID) VALUES(1,608,now(),30,14,1.000000,1.000000,'root');
INSERT INTO ALMACEN_PRODUCTO(ALMACEN_ID,PRODUCTO_ID,CANTIDAD_ACTUAL,CANTIDAD_MINIMA,PRECIO_VENTA) VALUES (1,608,14,0,1.000000);

INSERT INTO ALMACEN_PRODUCTO(ALMACEN_ID,PRODUCTO_ID,CANTIDAD_ACTUAL,CANTIDAD_MINIMA,PRECIO_VENTA) VALUES (2,608,0,0,1.000000);

INSERT INTO ALMACEN_PRODUCTO(ALMACEN_ID,PRODUCTO_ID,CANTIDAD_ACTUAL,CANTIDAD_MINIMA,PRECIO_VENTA) VALUES (3,608,14,0,1.000000);

INSERT INTO ALMACEN_PRODUCTO(ALMACEN_ID,PRODUCTO_ID,CANTIDAD_ACTUAL,CANTIDAD_MINIMA,PRECIO_VENTA) VALUES (4,608,14,0,1.000000);

INSERT INTO PROVEEDOR_PRODUCTO(PROVEEDOR_ID,PRODUCTO_ID,PRECIO_COMPRA) VALUES(6,608, 1.000000);

-- ===========PRODUCTO [382]
INSERT INTO PRODUCTO(ID,MARCA_ID,NOMBRE,PRESENTACION,CONTENIDO,UNIDADES_POR_CAJA,COSTO,COSTO_VENTA,PRECIO_BASE,UNIDAD_MEDIDA,CODIGO_BARRAS) VALUES(382,35,'Colgate Dental EconoPack 100ml','Max Fresh Cool Mint',2,36.0,1.000000,1.000000,1.000000,'PZ',7.509546051178E12);

INSERT INTO MOVIMIENTO_HISTORICO_PRODUCTO (ALMACEN_ID,PRODUCTO_ID,FECHA,TIPO_MOVIMIENTO_ID,CANTIDAD,COSTO,PRECIO,USUARIO_ID) VALUES(1,382,now(),30,36,1.000000,1.000000,'root');
INSERT INTO ALMACEN_PRODUCTO(ALMACEN_ID,PRODUCTO_ID,CANTIDAD_ACTUAL,CANTIDAD_MINIMA,PRECIO_VENTA) VALUES (1,382,36,0,1.000000);

INSERT INTO ALMACEN_PRODUCTO(ALMACEN_ID,PRODUCTO_ID,CANTIDAD_ACTUAL,CANTIDAD_MINIMA,PRECIO_VENTA) VALUES (2,382,0,0,1.000000);

INSERT INTO ALMACEN_PRODUCTO(ALMACEN_ID,PRODUCTO_ID,CANTIDAD_ACTUAL,CANTIDAD_MINIMA,PRECIO_VENTA) VALUES (3,382,36,0,1.000000);

INSERT INTO ALMACEN_PRODUCTO(ALMACEN_ID,PRODUCTO_ID,CANTIDAD_ACTUAL,CANTIDAD_MINIMA,PRECIO_VENTA) VALUES (4,382,36,0,1.000000);

INSERT INTO PROVEEDOR_PRODUCTO(PROVEEDOR_ID,PRODUCTO_ID,PRECIO_COMPRA) VALUES(6,382, 1.000000);

-- ===========PRODUCTO [85]
INSERT INTO PRODUCTO(ID,MARCA_ID,NOMBRE,PRESENTACION,CONTENIDO,UNIDADES_POR_CAJA,COSTO,COSTO_VENTA,PRECIO_BASE,UNIDAD_MEDIDA,CODIGO_BARRAS) VALUES(85,35,'Colgate Pasta Dental','Barbie Niñas',75,12.0,1.000000,1.000000,1.000000,'ML',7.509546003122E12);

INSERT INTO MOVIMIENTO_HISTORICO_PRODUCTO (ALMACEN_ID,PRODUCTO_ID,FECHA,TIPO_MOVIMIENTO_ID,CANTIDAD,COSTO,PRECIO,USUARIO_ID) VALUES(1,85,now(),30,12,1.000000,1.000000,'root');
INSERT INTO ALMACEN_PRODUCTO(ALMACEN_ID,PRODUCTO_ID,CANTIDAD_ACTUAL,CANTIDAD_MINIMA,PRECIO_VENTA) VALUES (1,85,12,0,1.000000);

INSERT INTO ALMACEN_PRODUCTO(ALMACEN_ID,PRODUCTO_ID,CANTIDAD_ACTUAL,CANTIDAD_MINIMA,PRECIO_VENTA) VALUES (2,85,0,0,1.000000);

INSERT INTO ALMACEN_PRODUCTO(ALMACEN_ID,PRODUCTO_ID,CANTIDAD_ACTUAL,CANTIDAD_MINIMA,PRECIO_VENTA) VALUES (3,85,12,0,1.000000);

INSERT INTO ALMACEN_PRODUCTO(ALMACEN_ID,PRODUCTO_ID,CANTIDAD_ACTUAL,CANTIDAD_MINIMA,PRECIO_VENTA) VALUES (4,85,12,0,1.000000);

INSERT INTO PROVEEDOR_PRODUCTO(PROVEEDOR_ID,PRODUCTO_ID,PRECIO_COMPRA) VALUES(6,85, 1.000000);

-- ===========PRODUCTO [672]
INSERT INTO PRODUCTO(ID,MARCA_ID,NOMBRE,PRESENTACION,CONTENIDO,UNIDADES_POR_CAJA,COSTO,COSTO_VENTA,PRECIO_BASE,UNIDAD_MEDIDA,CODIGO_BARRAS) VALUES(672,35,'Colgate Pasta Dental','Bob Sponja Niños',75,12.0,1.000000,1.000000,1.000000,'ML',7.509546010366E12);

INSERT INTO MOVIMIENTO_HISTORICO_PRODUCTO (ALMACEN_ID,PRODUCTO_ID,FECHA,TIPO_MOVIMIENTO_ID,CANTIDAD,COSTO,PRECIO,USUARIO_ID) VALUES(1,672,now(),30,12,1.000000,1.000000,'root');
INSERT INTO ALMACEN_PRODUCTO(ALMACEN_ID,PRODUCTO_ID,CANTIDAD_ACTUAL,CANTIDAD_MINIMA,PRECIO_VENTA) VALUES (1,672,12,0,1.000000);

INSERT INTO ALMACEN_PRODUCTO(ALMACEN_ID,PRODUCTO_ID,CANTIDAD_ACTUAL,CANTIDAD_MINIMA,PRECIO_VENTA) VALUES (2,672,0,0,1.000000);

INSERT INTO ALMACEN_PRODUCTO(ALMACEN_ID,PRODUCTO_ID,CANTIDAD_ACTUAL,CANTIDAD_MINIMA,PRECIO_VENTA) VALUES (3,672,12,0,1.000000);

INSERT INTO ALMACEN_PRODUCTO(ALMACEN_ID,PRODUCTO_ID,CANTIDAD_ACTUAL,CANTIDAD_MINIMA,PRECIO_VENTA) VALUES (4,672,12,0,1.000000);

INSERT INTO PROVEEDOR_PRODUCTO(PROVEEDOR_ID,PRODUCTO_ID,PRECIO_COMPRA) VALUES(6,672, 1.000000);

-- ===========PRODUCTO [345]
INSERT INTO PRODUCTO(ID,MARCA_ID,NOMBRE,PRESENTACION,CONTENIDO,UNIDADES_POR_CAJA,COSTO,COSTO_VENTA,PRECIO_BASE,UNIDAD_MEDIDA,CODIGO_BARRAS) VALUES(345,35,'Colgate Hilo Dental','Total',25,24.0,1.000000,1.000000,1.000000,'M',7.891024183182E12);

INSERT INTO MOVIMIENTO_HISTORICO_PRODUCTO (ALMACEN_ID,PRODUCTO_ID,FECHA,TIPO_MOVIMIENTO_ID,CANTIDAD,COSTO,PRECIO,USUARIO_ID) VALUES(1,345,now(),30,24,1.000000,1.000000,'root');
INSERT INTO ALMACEN_PRODUCTO(ALMACEN_ID,PRODUCTO_ID,CANTIDAD_ACTUAL,CANTIDAD_MINIMA,PRECIO_VENTA) VALUES (1,345,24,0,1.000000);

INSERT INTO ALMACEN_PRODUCTO(ALMACEN_ID,PRODUCTO_ID,CANTIDAD_ACTUAL,CANTIDAD_MINIMA,PRECIO_VENTA) VALUES (2,345,0,0,1.000000);

INSERT INTO ALMACEN_PRODUCTO(ALMACEN_ID,PRODUCTO_ID,CANTIDAD_ACTUAL,CANTIDAD_MINIMA,PRECIO_VENTA) VALUES (3,345,24,0,1.000000);

INSERT INTO ALMACEN_PRODUCTO(ALMACEN_ID,PRODUCTO_ID,CANTIDAD_ACTUAL,CANTIDAD_MINIMA,PRECIO_VENTA) VALUES (4,345,24,0,1.000000);

INSERT INTO PROVEEDOR_PRODUCTO(PROVEEDOR_ID,PRODUCTO_ID,PRECIO_COMPRA) VALUES(6,345, 1.000000);

-- ===========PRODUCTO [350]
INSERT INTO PRODUCTO(ID,MARCA_ID,NOMBRE,PRESENTACION,CONTENIDO,UNIDADES_POR_CAJA,COSTO,COSTO_VENTA,PRECIO_BASE,UNIDAD_MEDIDA,CODIGO_BARRAS) VALUES(350,35,'Colgate Cepillo Dental','Triple Accion',1,12.0,1.000000,1.000000,1.000000,'PZ',7.702010631191E12);

INSERT INTO MOVIMIENTO_HISTORICO_PRODUCTO (ALMACEN_ID,PRODUCTO_ID,FECHA,TIPO_MOVIMIENTO_ID,CANTIDAD,COSTO,PRECIO,USUARIO_ID) VALUES(1,350,now(),30,5,1.000000,1.000000,'root');
INSERT INTO ALMACEN_PRODUCTO(ALMACEN_ID,PRODUCTO_ID,CANTIDAD_ACTUAL,CANTIDAD_MINIMA,PRECIO_VENTA) VALUES (1,350,5,0,1.000000);

INSERT INTO ALMACEN_PRODUCTO(ALMACEN_ID,PRODUCTO_ID,CANTIDAD_ACTUAL,CANTIDAD_MINIMA,PRECIO_VENTA) VALUES (2,350,0,0,1.000000);

INSERT INTO ALMACEN_PRODUCTO(ALMACEN_ID,PRODUCTO_ID,CANTIDAD_ACTUAL,CANTIDAD_MINIMA,PRECIO_VENTA) VALUES (3,350,5,0,1.000000);

INSERT INTO ALMACEN_PRODUCTO(ALMACEN_ID,PRODUCTO_ID,CANTIDAD_ACTUAL,CANTIDAD_MINIMA,PRECIO_VENTA) VALUES (4,350,5,0,1.000000);

INSERT INTO PROVEEDOR_PRODUCTO(PROVEEDOR_ID,PRODUCTO_ID,PRECIO_COMPRA) VALUES(6,350, 1.000000);

-- ===========PRODUCTO [867]
INSERT INTO PRODUCTO(ID,MARCA_ID,NOMBRE,PRESENTACION,CONTENIDO,UNIDADES_POR_CAJA,COSTO,COSTO_VENTA,PRECIO_BASE,UNIDAD_MEDIDA,CODIGO_BARRAS) VALUES(867,35,'Colgate Cepillo Dental','Twister Suave Soft',1,36.0,1.000000,1.000000,1.000000,'PZ',099176316268);

INSERT INTO MOVIMIENTO_HISTORICO_PRODUCTO (ALMACEN_ID,PRODUCTO_ID,FECHA,TIPO_MOVIMIENTO_ID,CANTIDAD,COSTO,PRECIO,USUARIO_ID) VALUES(1,867,now(),30,34,1.000000,1.000000,'root');
INSERT INTO ALMACEN_PRODUCTO(ALMACEN_ID,PRODUCTO_ID,CANTIDAD_ACTUAL,CANTIDAD_MINIMA,PRECIO_VENTA) VALUES (1,867,34,0,1.000000);

INSERT INTO ALMACEN_PRODUCTO(ALMACEN_ID,PRODUCTO_ID,CANTIDAD_ACTUAL,CANTIDAD_MINIMA,PRECIO_VENTA) VALUES (2,867,0,0,1.000000);

INSERT INTO ALMACEN_PRODUCTO(ALMACEN_ID,PRODUCTO_ID,CANTIDAD_ACTUAL,CANTIDAD_MINIMA,PRECIO_VENTA) VALUES (3,867,34,0,1.000000);

INSERT INTO ALMACEN_PRODUCTO(ALMACEN_ID,PRODUCTO_ID,CANTIDAD_ACTUAL,CANTIDAD_MINIMA,PRECIO_VENTA) VALUES (4,867,34,0,1.000000);

INSERT INTO PROVEEDOR_PRODUCTO(PROVEEDOR_ID,PRODUCTO_ID,PRECIO_COMPRA) VALUES(6,867, 1.000000);

-- ===========PRODUCTO [868]
INSERT INTO PRODUCTO(ID,MARCA_ID,NOMBRE,PRESENTACION,CONTENIDO,UNIDADES_POR_CAJA,COSTO,COSTO_VENTA,PRECIO_BASE,UNIDAD_MEDIDA,CODIGO_BARRAS) VALUES(868,35,'Colgate Cepillo Dental','360 Acti Flex',1,12.0,1.000000,1.000000,1.000000,'Pz',7.509546043432E12);

INSERT INTO MOVIMIENTO_HISTORICO_PRODUCTO (ALMACEN_ID,PRODUCTO_ID,FECHA,TIPO_MOVIMIENTO_ID,CANTIDAD,COSTO,PRECIO,USUARIO_ID) VALUES(1,868,now(),30,12,1.000000,1.000000,'root');
INSERT INTO ALMACEN_PRODUCTO(ALMACEN_ID,PRODUCTO_ID,CANTIDAD_ACTUAL,CANTIDAD_MINIMA,PRECIO_VENTA) VALUES (1,868,12,0,1.000000);

INSERT INTO ALMACEN_PRODUCTO(ALMACEN_ID,PRODUCTO_ID,CANTIDAD_ACTUAL,CANTIDAD_MINIMA,PRECIO_VENTA) VALUES (2,868,0,0,1.000000);

INSERT INTO ALMACEN_PRODUCTO(ALMACEN_ID,PRODUCTO_ID,CANTIDAD_ACTUAL,CANTIDAD_MINIMA,PRECIO_VENTA) VALUES (3,868,12,0,1.000000);

INSERT INTO ALMACEN_PRODUCTO(ALMACEN_ID,PRODUCTO_ID,CANTIDAD_ACTUAL,CANTIDAD_MINIMA,PRECIO_VENTA) VALUES (4,868,12,0,1.000000);

INSERT INTO PROVEEDOR_PRODUCTO(PROVEEDOR_ID,PRODUCTO_ID,PRECIO_COMPRA) VALUES(6,868, 1.000000);

-- ===========PRODUCTO [869]
INSERT INTO PRODUCTO(ID,MARCA_ID,NOMBRE,PRESENTACION,CONTENIDO,UNIDADES_POR_CAJA,COSTO,COSTO_VENTA,PRECIO_BASE,UNIDAD_MEDIDA,CODIGO_BARRAS) VALUES(869,35,'Colgate Cepillo Dental','360 Surround',1,12.0,1.000000,1.000000,1.000000,'Pz',7.702010130489E12);

INSERT INTO MOVIMIENTO_HISTORICO_PRODUCTO (ALMACEN_ID,PRODUCTO_ID,FECHA,TIPO_MOVIMIENTO_ID,CANTIDAD,COSTO,PRECIO,USUARIO_ID) VALUES(1,869,now(),30,23,1.000000,1.000000,'root');
INSERT INTO ALMACEN_PRODUCTO(ALMACEN_ID,PRODUCTO_ID,CANTIDAD_ACTUAL,CANTIDAD_MINIMA,PRECIO_VENTA) VALUES (1,869,23,0,1.000000);

INSERT INTO ALMACEN_PRODUCTO(ALMACEN_ID,PRODUCTO_ID,CANTIDAD_ACTUAL,CANTIDAD_MINIMA,PRECIO_VENTA) VALUES (2,869,1,0,1.000000);

INSERT INTO ALMACEN_PRODUCTO(ALMACEN_ID,PRODUCTO_ID,CANTIDAD_ACTUAL,CANTIDAD_MINIMA,PRECIO_VENTA) VALUES (3,869,23,0,1.000000);

INSERT INTO ALMACEN_PRODUCTO(ALMACEN_ID,PRODUCTO_ID,CANTIDAD_ACTUAL,CANTIDAD_MINIMA,PRECIO_VENTA) VALUES (4,869,23,0,1.000000);

INSERT INTO PROVEEDOR_PRODUCTO(PROVEEDOR_ID,PRODUCTO_ID,PRECIO_COMPRA) VALUES(6,869, 1.000000);

-- ===========PRODUCTO [870]
INSERT INTO PRODUCTO(ID,MARCA_ID,NOMBRE,PRESENTACION,CONTENIDO,UNIDADES_POR_CAJA,COSTO,COSTO_VENTA,PRECIO_BASE,UNIDAD_MEDIDA,CODIGO_BARRAS) VALUES(870,35,'Colgate Cepillo Dental','360 Limp Completa Medio',1,12.0,1.000000,1.000000,1.000000,'Pz',7.89102431616E12);

INSERT INTO MOVIMIENTO_HISTORICO_PRODUCTO (ALMACEN_ID,PRODUCTO_ID,FECHA,TIPO_MOVIMIENTO_ID,CANTIDAD,COSTO,PRECIO,USUARIO_ID) VALUES(1,870,now(),30,24,1.000000,1.000000,'root');
INSERT INTO ALMACEN_PRODUCTO(ALMACEN_ID,PRODUCTO_ID,CANTIDAD_ACTUAL,CANTIDAD_MINIMA,PRECIO_VENTA) VALUES (1,870,24,0,1.000000);

INSERT INTO ALMACEN_PRODUCTO(ALMACEN_ID,PRODUCTO_ID,CANTIDAD_ACTUAL,CANTIDAD_MINIMA,PRECIO_VENTA) VALUES (2,870,0,0,1.000000);

INSERT INTO ALMACEN_PRODUCTO(ALMACEN_ID,PRODUCTO_ID,CANTIDAD_ACTUAL,CANTIDAD_MINIMA,PRECIO_VENTA) VALUES (3,870,24,0,1.000000);

INSERT INTO ALMACEN_PRODUCTO(ALMACEN_ID,PRODUCTO_ID,CANTIDAD_ACTUAL,CANTIDAD_MINIMA,PRECIO_VENTA) VALUES (4,870,24,0,1.000000);

INSERT INTO PROVEEDOR_PRODUCTO(PROVEEDOR_ID,PRODUCTO_ID,PRECIO_COMPRA) VALUES(6,870, 1.000000);

-- ===========PRODUCTO [871]
INSERT INTO PRODUCTO(ID,MARCA_ID,NOMBRE,PRESENTACION,CONTENIDO,UNIDADES_POR_CAJA,COSTO,COSTO_VENTA,PRECIO_BASE,UNIDAD_MEDIDA,CODIGO_BARRAS) VALUES(871,17,'Palmolive Acondicionador','Fuerza Reparadora',200,15.0,1.000000,1.000000,1.000000,'ML',7.50954605027E12);

INSERT INTO MOVIMIENTO_HISTORICO_PRODUCTO (ALMACEN_ID,PRODUCTO_ID,FECHA,TIPO_MOVIMIENTO_ID,CANTIDAD,COSTO,PRECIO,USUARIO_ID) VALUES(1,871,now(),30,12,1.000000,1.000000,'root');
INSERT INTO ALMACEN_PRODUCTO(ALMACEN_ID,PRODUCTO_ID,CANTIDAD_ACTUAL,CANTIDAD_MINIMA,PRECIO_VENTA) VALUES (1,871,12,0,1.000000);

INSERT INTO ALMACEN_PRODUCTO(ALMACEN_ID,PRODUCTO_ID,CANTIDAD_ACTUAL,CANTIDAD_MINIMA,PRECIO_VENTA) VALUES (2,871,0,0,1.000000);

INSERT INTO ALMACEN_PRODUCTO(ALMACEN_ID,PRODUCTO_ID,CANTIDAD_ACTUAL,CANTIDAD_MINIMA,PRECIO_VENTA) VALUES (3,871,12,0,1.000000);

INSERT INTO ALMACEN_PRODUCTO(ALMACEN_ID,PRODUCTO_ID,CANTIDAD_ACTUAL,CANTIDAD_MINIMA,PRECIO_VENTA) VALUES (4,871,12,0,1.000000);

INSERT INTO PROVEEDOR_PRODUCTO(PROVEEDOR_ID,PRODUCTO_ID,PRECIO_COMPRA) VALUES(6,871, 1.000000);

-- ===========PRODUCTO [872]
INSERT INTO PRODUCTO(ID,MARCA_ID,NOMBRE,PRESENTACION,CONTENIDO,UNIDADES_POR_CAJA,COSTO,COSTO_VENTA,PRECIO_BASE,UNIDAD_MEDIDA,CODIGO_BARRAS) VALUES(872,17,'Palmolive Optims Shampoo','4 Extra Intensivo',400,12.0,1.000000,1.000000,1.000000,'Ml',7.501035919129E12);

INSERT INTO MOVIMIENTO_HISTORICO_PRODUCTO (ALMACEN_ID,PRODUCTO_ID,FECHA,TIPO_MOVIMIENTO_ID,CANTIDAD,COSTO,PRECIO,USUARIO_ID) VALUES(1,872,now(),30,2,1.000000,1.000000,'root');
INSERT INTO ALMACEN_PRODUCTO(ALMACEN_ID,PRODUCTO_ID,CANTIDAD_ACTUAL,CANTIDAD_MINIMA,PRECIO_VENTA) VALUES (1,872,2,0,1.000000);

INSERT INTO ALMACEN_PRODUCTO(ALMACEN_ID,PRODUCTO_ID,CANTIDAD_ACTUAL,CANTIDAD_MINIMA,PRECIO_VENTA) VALUES (2,872,0,0,1.000000);

INSERT INTO ALMACEN_PRODUCTO(ALMACEN_ID,PRODUCTO_ID,CANTIDAD_ACTUAL,CANTIDAD_MINIMA,PRECIO_VENTA) VALUES (3,872,2,0,1.000000);

INSERT INTO ALMACEN_PRODUCTO(ALMACEN_ID,PRODUCTO_ID,CANTIDAD_ACTUAL,CANTIDAD_MINIMA,PRECIO_VENTA) VALUES (4,872,2,0,1.000000);

INSERT INTO PROVEEDOR_PRODUCTO(PROVEEDOR_ID,PRODUCTO_ID,PRECIO_COMPRA) VALUES(6,872, 1.000000);

-- ===========PRODUCTO [873]
INSERT INTO PRODUCTO(ID,MARCA_ID,NOMBRE,PRESENTACION,CONTENIDO,UNIDADES_POR_CAJA,COSTO,COSTO_VENTA,PRECIO_BASE,UNIDAD_MEDIDA,CODIGO_BARRAS) VALUES(873,17,'Palmolive Optims Shampoo','Reparacion completa',400,12.0,1.000000,1.000000,1.000000,'Ml',7.509546045283E12);

INSERT INTO MOVIMIENTO_HISTORICO_PRODUCTO (ALMACEN_ID,PRODUCTO_ID,FECHA,TIPO_MOVIMIENTO_ID,CANTIDAD,COSTO,PRECIO,USUARIO_ID) VALUES(1,873,now(),30,24,1.000000,1.000000,'root');
INSERT INTO ALMACEN_PRODUCTO(ALMACEN_ID,PRODUCTO_ID,CANTIDAD_ACTUAL,CANTIDAD_MINIMA,PRECIO_VENTA) VALUES (1,873,24,0,1.000000);

INSERT INTO ALMACEN_PRODUCTO(ALMACEN_ID,PRODUCTO_ID,CANTIDAD_ACTUAL,CANTIDAD_MINIMA,PRECIO_VENTA) VALUES (2,873,0,0,1.000000);

INSERT INTO ALMACEN_PRODUCTO(ALMACEN_ID,PRODUCTO_ID,CANTIDAD_ACTUAL,CANTIDAD_MINIMA,PRECIO_VENTA) VALUES (3,873,24,0,1.000000);

INSERT INTO ALMACEN_PRODUCTO(ALMACEN_ID,PRODUCTO_ID,CANTIDAD_ACTUAL,CANTIDAD_MINIMA,PRECIO_VENTA) VALUES (4,873,24,0,1.000000);

INSERT INTO PROVEEDOR_PRODUCTO(PROVEEDOR_ID,PRODUCTO_ID,PRECIO_COMPRA) VALUES(6,873, 1.000000);

-- ===========PRODUCTO [874]
INSERT INTO PRODUCTO(ID,MARCA_ID,NOMBRE,PRESENTACION,CONTENIDO,UNIDADES_POR_CAJA,COSTO,COSTO_VENTA,PRECIO_BASE,UNIDAD_MEDIDA,CODIGO_BARRAS) VALUES(874,17,'Palmolive Optims Shampoo','Fuerza Reparadora',400,12.0,1.000000,1.000000,1.000000,'Ml',7.509546047669E12);

INSERT INTO MOVIMIENTO_HISTORICO_PRODUCTO (ALMACEN_ID,PRODUCTO_ID,FECHA,TIPO_MOVIMIENTO_ID,CANTIDAD,COSTO,PRECIO,USUARIO_ID) VALUES(1,874,now(),30,0,1.000000,1.000000,'root');
INSERT INTO ALMACEN_PRODUCTO(ALMACEN_ID,PRODUCTO_ID,CANTIDAD_ACTUAL,CANTIDAD_MINIMA,PRECIO_VENTA) VALUES (1,874,0,0,1.000000);

INSERT INTO ALMACEN_PRODUCTO(ALMACEN_ID,PRODUCTO_ID,CANTIDAD_ACTUAL,CANTIDAD_MINIMA,PRECIO_VENTA) VALUES (2,874,0,0,1.000000);

INSERT INTO PROVEEDOR_PRODUCTO(PROVEEDOR_ID,PRODUCTO_ID,PRECIO_COMPRA) VALUES(6,874, 1.000000);

-- ===========PRODUCTO [875]
INSERT INTO PRODUCTO(ID,MARCA_ID,NOMBRE,PRESENTACION,CONTENIDO,UNIDADES_POR_CAJA,COSTO,COSTO_VENTA,PRECIO_BASE,UNIDAD_MEDIDA,CODIGO_BARRAS) VALUES(875,17,'Palmolive Optims Shampoo','4 Extra Intensivo',700,12.0,1.000000,1.000000,1.000000,'ML',7.509546017389E12);

INSERT INTO MOVIMIENTO_HISTORICO_PRODUCTO (ALMACEN_ID,PRODUCTO_ID,FECHA,TIPO_MOVIMIENTO_ID,CANTIDAD,COSTO,PRECIO,USUARIO_ID) VALUES(1,875,now(),30,12,1.000000,1.000000,'root');
INSERT INTO ALMACEN_PRODUCTO(ALMACEN_ID,PRODUCTO_ID,CANTIDAD_ACTUAL,CANTIDAD_MINIMA,PRECIO_VENTA) VALUES (1,875,12,0,1.000000);

INSERT INTO ALMACEN_PRODUCTO(ALMACEN_ID,PRODUCTO_ID,CANTIDAD_ACTUAL,CANTIDAD_MINIMA,PRECIO_VENTA) VALUES (2,875,0,0,1.000000);

INSERT INTO ALMACEN_PRODUCTO(ALMACEN_ID,PRODUCTO_ID,CANTIDAD_ACTUAL,CANTIDAD_MINIMA,PRECIO_VENTA) VALUES (3,875,12,0,1.000000);

INSERT INTO ALMACEN_PRODUCTO(ALMACEN_ID,PRODUCTO_ID,CANTIDAD_ACTUAL,CANTIDAD_MINIMA,PRECIO_VENTA) VALUES (4,875,12,0,1.000000);

INSERT INTO PROVEEDOR_PRODUCTO(PROVEEDOR_ID,PRODUCTO_ID,PRECIO_COMPRA) VALUES(6,875, 1.000000);

-- ===========PRODUCTO [876]
INSERT INTO PRODUCTO(ID,MARCA_ID,NOMBRE,PRESENTACION,CONTENIDO,UNIDADES_POR_CAJA,COSTO,COSTO_VENTA,PRECIO_BASE,UNIDAD_MEDIDA,CODIGO_BARRAS) VALUES(876,17,'Palmolive Optims Shampoo','Reparacion completa',700,12.0,1.000000,1.000000,1.000000,'Ml',7.50954604529E12);

INSERT INTO MOVIMIENTO_HISTORICO_PRODUCTO (ALMACEN_ID,PRODUCTO_ID,FECHA,TIPO_MOVIMIENTO_ID,CANTIDAD,COSTO,PRECIO,USUARIO_ID) VALUES(1,876,now(),30,12,1.000000,1.000000,'root');
INSERT INTO ALMACEN_PRODUCTO(ALMACEN_ID,PRODUCTO_ID,CANTIDAD_ACTUAL,CANTIDAD_MINIMA,PRECIO_VENTA) VALUES (1,876,12,0,1.000000);

INSERT INTO ALMACEN_PRODUCTO(ALMACEN_ID,PRODUCTO_ID,CANTIDAD_ACTUAL,CANTIDAD_MINIMA,PRECIO_VENTA) VALUES (2,876,0,0,1.000000);

INSERT INTO ALMACEN_PRODUCTO(ALMACEN_ID,PRODUCTO_ID,CANTIDAD_ACTUAL,CANTIDAD_MINIMA,PRECIO_VENTA) VALUES (3,876,12,0,1.000000);

INSERT INTO ALMACEN_PRODUCTO(ALMACEN_ID,PRODUCTO_ID,CANTIDAD_ACTUAL,CANTIDAD_MINIMA,PRECIO_VENTA) VALUES (4,876,12,0,1.000000);

INSERT INTO PROVEEDOR_PRODUCTO(PROVEEDOR_ID,PRODUCTO_ID,PRECIO_COMPRA) VALUES(6,876, 1.000000);

-- ===========PRODUCTO [877]
INSERT INTO PRODUCTO(ID,MARCA_ID,NOMBRE,PRESENTACION,CONTENIDO,UNIDADES_POR_CAJA,COSTO,COSTO_VENTA,PRECIO_BASE,UNIDAD_MEDIDA,CODIGO_BARRAS) VALUES(877,17,'Palmolive Optims Shampoo','3 intensivo',700,12.0,1.000000,1.000000,1.000000,'Ml',7.509546045597E12);

INSERT INTO MOVIMIENTO_HISTORICO_PRODUCTO (ALMACEN_ID,PRODUCTO_ID,FECHA,TIPO_MOVIMIENTO_ID,CANTIDAD,COSTO,PRECIO,USUARIO_ID) VALUES(1,877,now(),30,12,1.000000,1.000000,'root');
INSERT INTO ALMACEN_PRODUCTO(ALMACEN_ID,PRODUCTO_ID,CANTIDAD_ACTUAL,CANTIDAD_MINIMA,PRECIO_VENTA) VALUES (1,877,12,0,1.000000);

INSERT INTO ALMACEN_PRODUCTO(ALMACEN_ID,PRODUCTO_ID,CANTIDAD_ACTUAL,CANTIDAD_MINIMA,PRECIO_VENTA) VALUES (2,877,0,0,1.000000);

INSERT INTO ALMACEN_PRODUCTO(ALMACEN_ID,PRODUCTO_ID,CANTIDAD_ACTUAL,CANTIDAD_MINIMA,PRECIO_VENTA) VALUES (3,877,12,0,1.000000);

INSERT INTO ALMACEN_PRODUCTO(ALMACEN_ID,PRODUCTO_ID,CANTIDAD_ACTUAL,CANTIDAD_MINIMA,PRECIO_VENTA) VALUES (4,877,12,0,1.000000);

INSERT INTO PROVEEDOR_PRODUCTO(PROVEEDOR_ID,PRODUCTO_ID,PRECIO_COMPRA) VALUES(6,877, 1.000000);

-- ===========PRODUCTO [878]
INSERT INTO PRODUCTO(ID,MARCA_ID,NOMBRE,PRESENTACION,CONTENIDO,UNIDADES_POR_CAJA,COSTO,COSTO_VENTA,PRECIO_BASE,UNIDAD_MEDIDA,CODIGO_BARRAS) VALUES(878,17,'Palmolive Optims Shampoo','Fuerza Protectora',700,12.0,1.000000,1.000000,1.000000,'Ml',7.509546050652E12);

INSERT INTO MOVIMIENTO_HISTORICO_PRODUCTO (ALMACEN_ID,PRODUCTO_ID,FECHA,TIPO_MOVIMIENTO_ID,CANTIDAD,COSTO,PRECIO,USUARIO_ID) VALUES(1,878,now(),30,12,1.000000,1.000000,'root');
INSERT INTO ALMACEN_PRODUCTO(ALMACEN_ID,PRODUCTO_ID,CANTIDAD_ACTUAL,CANTIDAD_MINIMA,PRECIO_VENTA) VALUES (1,878,12,0,1.000000);

INSERT INTO ALMACEN_PRODUCTO(ALMACEN_ID,PRODUCTO_ID,CANTIDAD_ACTUAL,CANTIDAD_MINIMA,PRECIO_VENTA) VALUES (2,878,0,0,1.000000);

INSERT INTO ALMACEN_PRODUCTO(ALMACEN_ID,PRODUCTO_ID,CANTIDAD_ACTUAL,CANTIDAD_MINIMA,PRECIO_VENTA) VALUES (3,878,12,0,1.000000);

INSERT INTO ALMACEN_PRODUCTO(ALMACEN_ID,PRODUCTO_ID,CANTIDAD_ACTUAL,CANTIDAD_MINIMA,PRECIO_VENTA) VALUES (4,878,12,0,1.000000);

INSERT INTO PROVEEDOR_PRODUCTO(PROVEEDOR_ID,PRODUCTO_ID,PRECIO_COMPRA) VALUES(6,878, 1.000000);

-- ===========PRODUCTO [879]
INSERT INTO PRODUCTO(ID,MARCA_ID,NOMBRE,PRESENTACION,CONTENIDO,UNIDADES_POR_CAJA,COSTO,COSTO_VENTA,PRECIO_BASE,UNIDAD_MEDIDA,CODIGO_BARRAS) VALUES(879,17,'Palmolive Optims Pack Sh 400ml + Acond 200ml','4 Extra Intensivo',2,12.0,1.000000,1.000000,1.000000,'Pz',7.509546051505E12);

INSERT INTO MOVIMIENTO_HISTORICO_PRODUCTO (ALMACEN_ID,PRODUCTO_ID,FECHA,TIPO_MOVIMIENTO_ID,CANTIDAD,COSTO,PRECIO,USUARIO_ID) VALUES(1,879,now(),30,11,1.000000,1.000000,'root');
INSERT INTO ALMACEN_PRODUCTO(ALMACEN_ID,PRODUCTO_ID,CANTIDAD_ACTUAL,CANTIDAD_MINIMA,PRECIO_VENTA) VALUES (1,879,11,0,1.000000);

INSERT INTO ALMACEN_PRODUCTO(ALMACEN_ID,PRODUCTO_ID,CANTIDAD_ACTUAL,CANTIDAD_MINIMA,PRECIO_VENTA) VALUES (2,879,0,0,1.000000);

INSERT INTO ALMACEN_PRODUCTO(ALMACEN_ID,PRODUCTO_ID,CANTIDAD_ACTUAL,CANTIDAD_MINIMA,PRECIO_VENTA) VALUES (3,879,11,0,1.000000);

INSERT INTO ALMACEN_PRODUCTO(ALMACEN_ID,PRODUCTO_ID,CANTIDAD_ACTUAL,CANTIDAD_MINIMA,PRECIO_VENTA) VALUES (4,879,11,0,1.000000);

INSERT INTO PROVEEDOR_PRODUCTO(PROVEEDOR_ID,PRODUCTO_ID,PRECIO_COMPRA) VALUES(6,879, 1.000000);

-- ===========PRODUCTO [880]
INSERT INTO PRODUCTO(ID,MARCA_ID,NOMBRE,PRESENTACION,CONTENIDO,UNIDADES_POR_CAJA,COSTO,COSTO_VENTA,PRECIO_BASE,UNIDAD_MEDIDA,CODIGO_BARRAS) VALUES(880,34,'Alert Shampoo Hidratante','Cabello Normal',700,12.0,1.000000,1.000000,1.000000,'ML',7.509546000923E12);

INSERT INTO MOVIMIENTO_HISTORICO_PRODUCTO (ALMACEN_ID,PRODUCTO_ID,FECHA,TIPO_MOVIMIENTO_ID,CANTIDAD,COSTO,PRECIO,USUARIO_ID) VALUES(1,880,now(),30,12,1.000000,1.000000,'root');
INSERT INTO ALMACEN_PRODUCTO(ALMACEN_ID,PRODUCTO_ID,CANTIDAD_ACTUAL,CANTIDAD_MINIMA,PRECIO_VENTA) VALUES (1,880,12,0,1.000000);

INSERT INTO ALMACEN_PRODUCTO(ALMACEN_ID,PRODUCTO_ID,CANTIDAD_ACTUAL,CANTIDAD_MINIMA,PRECIO_VENTA) VALUES (2,880,0,0,1.000000);

INSERT INTO ALMACEN_PRODUCTO(ALMACEN_ID,PRODUCTO_ID,CANTIDAD_ACTUAL,CANTIDAD_MINIMA,PRECIO_VENTA) VALUES (3,880,12,0,1.000000);

INSERT INTO ALMACEN_PRODUCTO(ALMACEN_ID,PRODUCTO_ID,CANTIDAD_ACTUAL,CANTIDAD_MINIMA,PRECIO_VENTA) VALUES (4,880,12,0,1.000000);

INSERT INTO PROVEEDOR_PRODUCTO(PROVEEDOR_ID,PRODUCTO_ID,PRECIO_COMPRA) VALUES(6,880, 1.000000);

-- ===========PRODUCTO [881]
INSERT INTO PRODUCTO(ID,MARCA_ID,NOMBRE,PRESENTACION,CONTENIDO,UNIDADES_POR_CAJA,COSTO,COSTO_VENTA,PRECIO_BASE,UNIDAD_MEDIDA,CODIGO_BARRAS) VALUES(881,34,'Alert Shampoo Hidratante','Cabello Seco',700,12.0,1.000000,1.000000,1.000000,'ML',7.50954600093E12);

INSERT INTO MOVIMIENTO_HISTORICO_PRODUCTO (ALMACEN_ID,PRODUCTO_ID,FECHA,TIPO_MOVIMIENTO_ID,CANTIDAD,COSTO,PRECIO,USUARIO_ID) VALUES(1,881,now(),30,12,1.000000,1.000000,'root');
INSERT INTO ALMACEN_PRODUCTO(ALMACEN_ID,PRODUCTO_ID,CANTIDAD_ACTUAL,CANTIDAD_MINIMA,PRECIO_VENTA) VALUES (1,881,12,0,1.000000);

INSERT INTO ALMACEN_PRODUCTO(ALMACEN_ID,PRODUCTO_ID,CANTIDAD_ACTUAL,CANTIDAD_MINIMA,PRECIO_VENTA) VALUES (2,881,0,0,1.000000);

INSERT INTO ALMACEN_PRODUCTO(ALMACEN_ID,PRODUCTO_ID,CANTIDAD_ACTUAL,CANTIDAD_MINIMA,PRECIO_VENTA) VALUES (3,881,12,0,1.000000);

INSERT INTO ALMACEN_PRODUCTO(ALMACEN_ID,PRODUCTO_ID,CANTIDAD_ACTUAL,CANTIDAD_MINIMA,PRECIO_VENTA) VALUES (4,881,12,0,1.000000);

INSERT INTO PROVEEDOR_PRODUCTO(PROVEEDOR_ID,PRODUCTO_ID,PRECIO_COMPRA) VALUES(6,881, 1.000000);

-- ===========PRODUCTO [882]
INSERT INTO PRODUCTO(ID,MARCA_ID,NOMBRE,PRESENTACION,CONTENIDO,UNIDADES_POR_CAJA,COSTO,COSTO_VENTA,PRECIO_BASE,UNIDAD_MEDIDA,CODIGO_BARRAS) VALUES(882,34,'Alert Shampoo Hidratante','Anticaspa 2en1 ',400,12.0,1.000000,1.000000,1.000000,'ML',7.509546014555E12);

INSERT INTO MOVIMIENTO_HISTORICO_PRODUCTO (ALMACEN_ID,PRODUCTO_ID,FECHA,TIPO_MOVIMIENTO_ID,CANTIDAD,COSTO,PRECIO,USUARIO_ID) VALUES(1,882,now(),30,12,1.000000,1.000000,'root');
INSERT INTO ALMACEN_PRODUCTO(ALMACEN_ID,PRODUCTO_ID,CANTIDAD_ACTUAL,CANTIDAD_MINIMA,PRECIO_VENTA) VALUES (1,882,12,0,1.000000);

INSERT INTO ALMACEN_PRODUCTO(ALMACEN_ID,PRODUCTO_ID,CANTIDAD_ACTUAL,CANTIDAD_MINIMA,PRECIO_VENTA) VALUES (2,882,0,0,1.000000);

INSERT INTO ALMACEN_PRODUCTO(ALMACEN_ID,PRODUCTO_ID,CANTIDAD_ACTUAL,CANTIDAD_MINIMA,PRECIO_VENTA) VALUES (3,882,12,0,1.000000);

INSERT INTO ALMACEN_PRODUCTO(ALMACEN_ID,PRODUCTO_ID,CANTIDAD_ACTUAL,CANTIDAD_MINIMA,PRECIO_VENTA) VALUES (4,882,12,0,1.000000);

INSERT INTO PROVEEDOR_PRODUCTO(PROVEEDOR_ID,PRODUCTO_ID,PRECIO_COMPRA) VALUES(6,882, 1.000000);

-- ===========PRODUCTO [883]
INSERT INTO PRODUCTO(ID,MARCA_ID,NOMBRE,PRESENTACION,CONTENIDO,UNIDADES_POR_CAJA,COSTO,COSTO_VENTA,PRECIO_BASE,UNIDAD_MEDIDA,CODIGO_BARRAS) VALUES(883,34,'Alert Shampoo Hidratante','Hidratante Normal',400,12.0,1.000000,1.000000,1.000000,'ML',7.509546000954E12);

INSERT INTO MOVIMIENTO_HISTORICO_PRODUCTO (ALMACEN_ID,PRODUCTO_ID,FECHA,TIPO_MOVIMIENTO_ID,CANTIDAD,COSTO,PRECIO,USUARIO_ID) VALUES(1,883,now(),30,12,1.000000,1.000000,'root');
INSERT INTO ALMACEN_PRODUCTO(ALMACEN_ID,PRODUCTO_ID,CANTIDAD_ACTUAL,CANTIDAD_MINIMA,PRECIO_VENTA) VALUES (1,883,12,0,1.000000);

INSERT INTO ALMACEN_PRODUCTO(ALMACEN_ID,PRODUCTO_ID,CANTIDAD_ACTUAL,CANTIDAD_MINIMA,PRECIO_VENTA) VALUES (2,883,0,0,1.000000);

INSERT INTO ALMACEN_PRODUCTO(ALMACEN_ID,PRODUCTO_ID,CANTIDAD_ACTUAL,CANTIDAD_MINIMA,PRECIO_VENTA) VALUES (3,883,12,0,1.000000);

INSERT INTO ALMACEN_PRODUCTO(ALMACEN_ID,PRODUCTO_ID,CANTIDAD_ACTUAL,CANTIDAD_MINIMA,PRECIO_VENTA) VALUES (4,883,12,0,1.000000);

INSERT INTO PROVEEDOR_PRODUCTO(PROVEEDOR_ID,PRODUCTO_ID,PRECIO_COMPRA) VALUES(6,883, 1.000000);

-- ===========PRODUCTO [884]
INSERT INTO PRODUCTO(ID,MARCA_ID,NOMBRE,PRESENTACION,CONTENIDO,UNIDADES_POR_CAJA,COSTO,COSTO_VENTA,PRECIO_BASE,UNIDAD_MEDIDA,CODIGO_BARRAS) VALUES(884,34,'Alert Shampoo Hidratante','Uso Diario',400,12.0,1.000000,1.000000,1.000000,'ML',7.509546000947E12);

INSERT INTO MOVIMIENTO_HISTORICO_PRODUCTO (ALMACEN_ID,PRODUCTO_ID,FECHA,TIPO_MOVIMIENTO_ID,CANTIDAD,COSTO,PRECIO,USUARIO_ID) VALUES(1,884,now(),30,12,1.000000,1.000000,'root');
INSERT INTO ALMACEN_PRODUCTO(ALMACEN_ID,PRODUCTO_ID,CANTIDAD_ACTUAL,CANTIDAD_MINIMA,PRECIO_VENTA) VALUES (1,884,12,0,1.000000);

INSERT INTO ALMACEN_PRODUCTO(ALMACEN_ID,PRODUCTO_ID,CANTIDAD_ACTUAL,CANTIDAD_MINIMA,PRECIO_VENTA) VALUES (2,884,0,0,1.000000);

INSERT INTO ALMACEN_PRODUCTO(ALMACEN_ID,PRODUCTO_ID,CANTIDAD_ACTUAL,CANTIDAD_MINIMA,PRECIO_VENTA) VALUES (3,884,12,0,1.000000);

INSERT INTO ALMACEN_PRODUCTO(ALMACEN_ID,PRODUCTO_ID,CANTIDAD_ACTUAL,CANTIDAD_MINIMA,PRECIO_VENTA) VALUES (4,884,12,0,1.000000);

INSERT INTO PROVEEDOR_PRODUCTO(PROVEEDOR_ID,PRODUCTO_ID,PRECIO_COMPRA) VALUES(6,884, 1.000000);

-- ===========PRODUCTO [885]
INSERT INTO PRODUCTO(ID,MARCA_ID,NOMBRE,PRESENTACION,CONTENIDO,UNIDADES_POR_CAJA,COSTO,COSTO_VENTA,PRECIO_BASE,UNIDAD_MEDIDA,CODIGO_BARRAS) VALUES(885,82,'Fabuloso Limpiador','Fresca Lavanda',5,3.0,1.000000,1.000000,1.000000,'LT',7.501035905382E12);

INSERT INTO MOVIMIENTO_HISTORICO_PRODUCTO (ALMACEN_ID,PRODUCTO_ID,FECHA,TIPO_MOVIMIENTO_ID,CANTIDAD,COSTO,PRECIO,USUARIO_ID) VALUES(1,885,now(),30,8,1.000000,1.000000,'root');
INSERT INTO ALMACEN_PRODUCTO(ALMACEN_ID,PRODUCTO_ID,CANTIDAD_ACTUAL,CANTIDAD_MINIMA,PRECIO_VENTA) VALUES (1,885,8,0,1.000000);

INSERT INTO ALMACEN_PRODUCTO(ALMACEN_ID,PRODUCTO_ID,CANTIDAD_ACTUAL,CANTIDAD_MINIMA,PRECIO_VENTA) VALUES (2,885,0,0,1.000000);

INSERT INTO ALMACEN_PRODUCTO(ALMACEN_ID,PRODUCTO_ID,CANTIDAD_ACTUAL,CANTIDAD_MINIMA,PRECIO_VENTA) VALUES (3,885,8,0,1.000000);

INSERT INTO ALMACEN_PRODUCTO(ALMACEN_ID,PRODUCTO_ID,CANTIDAD_ACTUAL,CANTIDAD_MINIMA,PRECIO_VENTA) VALUES (4,885,8,0,1.000000);

INSERT INTO PROVEEDOR_PRODUCTO(PROVEEDOR_ID,PRODUCTO_ID,PRECIO_COMPRA) VALUES(6,885, 1.000000);

-- ===========PRODUCTO [887]
INSERT INTO PRODUCTO(ID,MARCA_ID,NOMBRE,PRESENTACION,CONTENIDO,UNIDADES_POR_CAJA,COSTO,COSTO_VENTA,PRECIO_BASE,UNIDAD_MEDIDA,CODIGO_BARRAS) VALUES(887,68,'Suavitel Momentos Magicos','Besos de Flores',1,12.0,1.000000,1.000000,1.000000,'LT',7.5095460329E12);

INSERT INTO MOVIMIENTO_HISTORICO_PRODUCTO (ALMACEN_ID,PRODUCTO_ID,FECHA,TIPO_MOVIMIENTO_ID,CANTIDAD,COSTO,PRECIO,USUARIO_ID) VALUES(1,887,now(),30,12,1.000000,1.000000,'root');
INSERT INTO ALMACEN_PRODUCTO(ALMACEN_ID,PRODUCTO_ID,CANTIDAD_ACTUAL,CANTIDAD_MINIMA,PRECIO_VENTA) VALUES (1,887,12,0,1.000000);

INSERT INTO ALMACEN_PRODUCTO(ALMACEN_ID,PRODUCTO_ID,CANTIDAD_ACTUAL,CANTIDAD_MINIMA,PRECIO_VENTA) VALUES (2,887,0,0,1.000000);

INSERT INTO ALMACEN_PRODUCTO(ALMACEN_ID,PRODUCTO_ID,CANTIDAD_ACTUAL,CANTIDAD_MINIMA,PRECIO_VENTA) VALUES (3,887,12,0,1.000000);

INSERT INTO ALMACEN_PRODUCTO(ALMACEN_ID,PRODUCTO_ID,CANTIDAD_ACTUAL,CANTIDAD_MINIMA,PRECIO_VENTA) VALUES (4,887,12,0,1.000000);

INSERT INTO PROVEEDOR_PRODUCTO(PROVEEDOR_ID,PRODUCTO_ID,PRECIO_COMPRA) VALUES(6,887, 1.000000);

-- ===========PRODUCTO [888]
INSERT INTO PRODUCTO(ID,MARCA_ID,NOMBRE,PRESENTACION,CONTENIDO,UNIDADES_POR_CAJA,COSTO,COSTO_VENTA,PRECIO_BASE,UNIDAD_MEDIDA,CODIGO_BARRAS) VALUES(888,68,'Suavitel Momentos Magicos','Abrazo de amor',1,12.0,1.000000,1.000000,1.000000,'LT',7.509546032887E12);

INSERT INTO MOVIMIENTO_HISTORICO_PRODUCTO (ALMACEN_ID,PRODUCTO_ID,FECHA,TIPO_MOVIMIENTO_ID,CANTIDAD,COSTO,PRECIO,USUARIO_ID) VALUES(1,888,now(),30,12,1.000000,1.000000,'root');
INSERT INTO ALMACEN_PRODUCTO(ALMACEN_ID,PRODUCTO_ID,CANTIDAD_ACTUAL,CANTIDAD_MINIMA,PRECIO_VENTA) VALUES (1,888,12,0,1.000000);

INSERT INTO ALMACEN_PRODUCTO(ALMACEN_ID,PRODUCTO_ID,CANTIDAD_ACTUAL,CANTIDAD_MINIMA,PRECIO_VENTA) VALUES (2,888,0,0,1.000000);

INSERT INTO ALMACEN_PRODUCTO(ALMACEN_ID,PRODUCTO_ID,CANTIDAD_ACTUAL,CANTIDAD_MINIMA,PRECIO_VENTA) VALUES (3,888,12,0,1.000000);

INSERT INTO ALMACEN_PRODUCTO(ALMACEN_ID,PRODUCTO_ID,CANTIDAD_ACTUAL,CANTIDAD_MINIMA,PRECIO_VENTA) VALUES (4,888,12,0,1.000000);

INSERT INTO PROVEEDOR_PRODUCTO(PROVEEDOR_ID,PRODUCTO_ID,PRECIO_COMPRA) VALUES(6,888, 1.000000);

-- ===========PRODUCTO [889]
INSERT INTO PRODUCTO(ID,MARCA_ID,NOMBRE,PRESENTACION,CONTENIDO,UNIDADES_POR_CAJA,COSTO,COSTO_VENTA,PRECIO_BASE,UNIDAD_MEDIDA,CODIGO_BARRAS) VALUES(889,68,'Suavitel Momentos Magicos','Abrazo de sol',1,12.0,1.000000,1.000000,1.000000,'LT',7.509546032894E12);

INSERT INTO MOVIMIENTO_HISTORICO_PRODUCTO (ALMACEN_ID,PRODUCTO_ID,FECHA,TIPO_MOVIMIENTO_ID,CANTIDAD,COSTO,PRECIO,USUARIO_ID) VALUES(1,889,now(),30,23,1.000000,1.000000,'root');
INSERT INTO ALMACEN_PRODUCTO(ALMACEN_ID,PRODUCTO_ID,CANTIDAD_ACTUAL,CANTIDAD_MINIMA,PRECIO_VENTA) VALUES (1,889,23,0,1.000000);

INSERT INTO ALMACEN_PRODUCTO(ALMACEN_ID,PRODUCTO_ID,CANTIDAD_ACTUAL,CANTIDAD_MINIMA,PRECIO_VENTA) VALUES (2,889,0,0,1.000000);

INSERT INTO ALMACEN_PRODUCTO(ALMACEN_ID,PRODUCTO_ID,CANTIDAD_ACTUAL,CANTIDAD_MINIMA,PRECIO_VENTA) VALUES (3,889,23,0,1.000000);

INSERT INTO ALMACEN_PRODUCTO(ALMACEN_ID,PRODUCTO_ID,CANTIDAD_ACTUAL,CANTIDAD_MINIMA,PRECIO_VENTA) VALUES (4,889,23,0,1.000000);

INSERT INTO PROVEEDOR_PRODUCTO(PROVEEDOR_ID,PRODUCTO_ID,PRECIO_COMPRA) VALUES(6,889, 1.000000);

-- ===========PRODUCTO [890]
INSERT INTO PRODUCTO(ID,MARCA_ID,NOMBRE,PRESENTACION,CONTENIDO,UNIDADES_POR_CAJA,COSTO,COSTO_VENTA,PRECIO_BASE,UNIDAD_MEDIDA,CODIGO_BARRAS) VALUES(890,68,'Suavitel Momentos Magicos','Caricias de Rosas',1,12.0,1.000000,1.000000,1.000000,'LT',7.509546040615E12);

INSERT INTO MOVIMIENTO_HISTORICO_PRODUCTO (ALMACEN_ID,PRODUCTO_ID,FECHA,TIPO_MOVIMIENTO_ID,CANTIDAD,COSTO,PRECIO,USUARIO_ID) VALUES(1,890,now(),30,12,1.000000,1.000000,'root');
INSERT INTO ALMACEN_PRODUCTO(ALMACEN_ID,PRODUCTO_ID,CANTIDAD_ACTUAL,CANTIDAD_MINIMA,PRECIO_VENTA) VALUES (1,890,12,0,1.000000);

INSERT INTO ALMACEN_PRODUCTO(ALMACEN_ID,PRODUCTO_ID,CANTIDAD_ACTUAL,CANTIDAD_MINIMA,PRECIO_VENTA) VALUES (2,890,0,0,1.000000);

INSERT INTO ALMACEN_PRODUCTO(ALMACEN_ID,PRODUCTO_ID,CANTIDAD_ACTUAL,CANTIDAD_MINIMA,PRECIO_VENTA) VALUES (3,890,12,0,1.000000);

INSERT INTO ALMACEN_PRODUCTO(ALMACEN_ID,PRODUCTO_ID,CANTIDAD_ACTUAL,CANTIDAD_MINIMA,PRECIO_VENTA) VALUES (4,890,12,0,1.000000);

INSERT INTO PROVEEDOR_PRODUCTO(PROVEEDOR_ID,PRODUCTO_ID,PRECIO_COMPRA) VALUES(6,890, 1.000000);

-- ===========PRODUCTO [891]
INSERT INTO PRODUCTO(ID,MARCA_ID,NOMBRE,PRESENTACION,CONTENIDO,UNIDADES_POR_CAJA,COSTO,COSTO_VENTA,PRECIO_BASE,UNIDAD_MEDIDA,CODIGO_BARRAS) VALUES(891,68,'Suavitel Liquido','Planchado Perfecto',500,12.0,1.000000,1.000000,1.000000,'ML',1.4666000014E10);

INSERT INTO MOVIMIENTO_HISTORICO_PRODUCTO (ALMACEN_ID,PRODUCTO_ID,FECHA,TIPO_MOVIMIENTO_ID,CANTIDAD,COSTO,PRECIO,USUARIO_ID) VALUES(1,891,now(),30,10,1.000000,1.000000,'root');
INSERT INTO ALMACEN_PRODUCTO(ALMACEN_ID,PRODUCTO_ID,CANTIDAD_ACTUAL,CANTIDAD_MINIMA,PRECIO_VENTA) VALUES (1,891,10,0,1.000000);

INSERT INTO ALMACEN_PRODUCTO(ALMACEN_ID,PRODUCTO_ID,CANTIDAD_ACTUAL,CANTIDAD_MINIMA,PRECIO_VENTA) VALUES (2,891,0,0,1.000000);

INSERT INTO ALMACEN_PRODUCTO(ALMACEN_ID,PRODUCTO_ID,CANTIDAD_ACTUAL,CANTIDAD_MINIMA,PRECIO_VENTA) VALUES (3,891,10,0,1.000000);

INSERT INTO ALMACEN_PRODUCTO(ALMACEN_ID,PRODUCTO_ID,CANTIDAD_ACTUAL,CANTIDAD_MINIMA,PRECIO_VENTA) VALUES (4,891,10,0,1.000000);

INSERT INTO PROVEEDOR_PRODUCTO(PROVEEDOR_ID,PRODUCTO_ID,PRECIO_COMPRA) VALUES(6,891, 1.000000);

-- ===========PRODUCTO [892]
INSERT INTO PRODUCTO(ID,MARCA_ID,NOMBRE,PRESENTACION,CONTENIDO,UNIDADES_POR_CAJA,COSTO,COSTO_VENTA,PRECIO_BASE,UNIDAD_MEDIDA,CODIGO_BARRAS) VALUES(892,17,'Palmolive Hydra Natura ','Extra Seca Extra Intensiva',250,12.0,1.000000,1.000000,1.000000,'ML',7.509546017945E12);

INSERT INTO MOVIMIENTO_HISTORICO_PRODUCTO (ALMACEN_ID,PRODUCTO_ID,FECHA,TIPO_MOVIMIENTO_ID,CANTIDAD,COSTO,PRECIO,USUARIO_ID) VALUES(1,892,now(),30,8,1.000000,1.000000,'root');
INSERT INTO ALMACEN_PRODUCTO(ALMACEN_ID,PRODUCTO_ID,CANTIDAD_ACTUAL,CANTIDAD_MINIMA,PRECIO_VENTA) VALUES (1,892,8,0,1.000000);

INSERT INTO ALMACEN_PRODUCTO(ALMACEN_ID,PRODUCTO_ID,CANTIDAD_ACTUAL,CANTIDAD_MINIMA,PRECIO_VENTA) VALUES (2,892,0,0,1.000000);

INSERT INTO ALMACEN_PRODUCTO(ALMACEN_ID,PRODUCTO_ID,CANTIDAD_ACTUAL,CANTIDAD_MINIMA,PRECIO_VENTA) VALUES (3,892,8,0,1.000000);

INSERT INTO ALMACEN_PRODUCTO(ALMACEN_ID,PRODUCTO_ID,CANTIDAD_ACTUAL,CANTIDAD_MINIMA,PRECIO_VENTA) VALUES (4,892,8,0,1.000000);

INSERT INTO PROVEEDOR_PRODUCTO(PROVEEDOR_ID,PRODUCTO_ID,PRECIO_COMPRA) VALUES(6,892, 1.000000);

-- ===========PRODUCTO [893]
INSERT INTO PRODUCTO(ID,MARCA_ID,NOMBRE,PRESENTACION,CONTENIDO,UNIDADES_POR_CAJA,COSTO,COSTO_VENTA,PRECIO_BASE,UNIDAD_MEDIDA,CODIGO_BARRAS) VALUES(893,17,'Palmolive Hydra Natura ','Tono Perfecto',250,12.0,1.000000,1.000000,1.000000,'ML',7.509546042084E12);

INSERT INTO MOVIMIENTO_HISTORICO_PRODUCTO (ALMACEN_ID,PRODUCTO_ID,FECHA,TIPO_MOVIMIENTO_ID,CANTIDAD,COSTO,PRECIO,USUARIO_ID) VALUES(1,893,now(),30,12,1.000000,1.000000,'root');
INSERT INTO ALMACEN_PRODUCTO(ALMACEN_ID,PRODUCTO_ID,CANTIDAD_ACTUAL,CANTIDAD_MINIMA,PRECIO_VENTA) VALUES (1,893,12,0,1.000000);

INSERT INTO ALMACEN_PRODUCTO(ALMACEN_ID,PRODUCTO_ID,CANTIDAD_ACTUAL,CANTIDAD_MINIMA,PRECIO_VENTA) VALUES (2,893,0,0,1.000000);

INSERT INTO ALMACEN_PRODUCTO(ALMACEN_ID,PRODUCTO_ID,CANTIDAD_ACTUAL,CANTIDAD_MINIMA,PRECIO_VENTA) VALUES (3,893,12,0,1.000000);

INSERT INTO ALMACEN_PRODUCTO(ALMACEN_ID,PRODUCTO_ID,CANTIDAD_ACTUAL,CANTIDAD_MINIMA,PRECIO_VENTA) VALUES (4,893,12,0,1.000000);

INSERT INTO PROVEEDOR_PRODUCTO(PROVEEDOR_ID,PRODUCTO_ID,PRECIO_COMPRA) VALUES(6,893, 1.000000);

-- ===========PRODUCTO [894]
INSERT INTO PRODUCTO(ID,MARCA_ID,NOMBRE,PRESENTACION,CONTENIDO,UNIDADES_POR_CAJA,COSTO,COSTO_VENTA,PRECIO_BASE,UNIDAD_MEDIDA,CODIGO_BARRAS) VALUES(894,26,'Speed Stick Aerosol ','Waterproof',215,12.0,1.000000,1.000000,1.000000,'ML',7.509546043661E12);

INSERT INTO MOVIMIENTO_HISTORICO_PRODUCTO (ALMACEN_ID,PRODUCTO_ID,FECHA,TIPO_MOVIMIENTO_ID,CANTIDAD,COSTO,PRECIO,USUARIO_ID) VALUES(1,894,now(),30,12,1.000000,1.000000,'root');
INSERT INTO ALMACEN_PRODUCTO(ALMACEN_ID,PRODUCTO_ID,CANTIDAD_ACTUAL,CANTIDAD_MINIMA,PRECIO_VENTA) VALUES (1,894,12,0,1.000000);

INSERT INTO ALMACEN_PRODUCTO(ALMACEN_ID,PRODUCTO_ID,CANTIDAD_ACTUAL,CANTIDAD_MINIMA,PRECIO_VENTA) VALUES (2,894,0,0,1.000000);

INSERT INTO ALMACEN_PRODUCTO(ALMACEN_ID,PRODUCTO_ID,CANTIDAD_ACTUAL,CANTIDAD_MINIMA,PRECIO_VENTA) VALUES (3,894,12,0,1.000000);

INSERT INTO ALMACEN_PRODUCTO(ALMACEN_ID,PRODUCTO_ID,CANTIDAD_ACTUAL,CANTIDAD_MINIMA,PRECIO_VENTA) VALUES (4,894,12,0,1.000000);

INSERT INTO PROVEEDOR_PRODUCTO(PROVEEDOR_ID,PRODUCTO_ID,PRECIO_COMPRA) VALUES(6,894, 1.000000);

-- ===========PRODUCTO [895]
INSERT INTO PRODUCTO(ID,MARCA_ID,NOMBRE,PRESENTACION,CONTENIDO,UNIDADES_POR_CAJA,COSTO,COSTO_VENTA,PRECIO_BASE,UNIDAD_MEDIDA,CODIGO_BARRAS) VALUES(895,26,'Speed Stick Aerosol','Extreme Ultra',165,12.0,1.000000,1.000000,1.000000,'ML',7.509546045337E12);

INSERT INTO MOVIMIENTO_HISTORICO_PRODUCTO (ALMACEN_ID,PRODUCTO_ID,FECHA,TIPO_MOVIMIENTO_ID,CANTIDAD,COSTO,PRECIO,USUARIO_ID) VALUES(1,895,now(),30,12,1.000000,1.000000,'root');
INSERT INTO ALMACEN_PRODUCTO(ALMACEN_ID,PRODUCTO_ID,CANTIDAD_ACTUAL,CANTIDAD_MINIMA,PRECIO_VENTA) VALUES (1,895,12,0,1.000000);

INSERT INTO ALMACEN_PRODUCTO(ALMACEN_ID,PRODUCTO_ID,CANTIDAD_ACTUAL,CANTIDAD_MINIMA,PRECIO_VENTA) VALUES (2,895,0,0,1.000000);

INSERT INTO ALMACEN_PRODUCTO(ALMACEN_ID,PRODUCTO_ID,CANTIDAD_ACTUAL,CANTIDAD_MINIMA,PRECIO_VENTA) VALUES (3,895,12,0,1.000000);

INSERT INTO ALMACEN_PRODUCTO(ALMACEN_ID,PRODUCTO_ID,CANTIDAD_ACTUAL,CANTIDAD_MINIMA,PRECIO_VENTA) VALUES (4,895,12,0,1.000000);

INSERT INTO PROVEEDOR_PRODUCTO(PROVEEDOR_ID,PRODUCTO_ID,PRECIO_COMPRA) VALUES(6,895, 1.000000);

-- ===========PRODUCTO [896]
INSERT INTO PRODUCTO(ID,MARCA_ID,NOMBRE,PRESENTACION,CONTENIDO,UNIDADES_POR_CAJA,COSTO,COSTO_VENTA,PRECIO_BASE,UNIDAD_MEDIDA,CODIGO_BARRAS) VALUES(896,26,'Speed Stick Aerosol ','Icy Surge',165,12.0,1.000000,1.000000,1.000000,'ML',7.509546028804E12);

INSERT INTO MOVIMIENTO_HISTORICO_PRODUCTO (ALMACEN_ID,PRODUCTO_ID,FECHA,TIPO_MOVIMIENTO_ID,CANTIDAD,COSTO,PRECIO,USUARIO_ID) VALUES(1,896,now(),30,12,1.000000,1.000000,'root');
INSERT INTO ALMACEN_PRODUCTO(ALMACEN_ID,PRODUCTO_ID,CANTIDAD_ACTUAL,CANTIDAD_MINIMA,PRECIO_VENTA) VALUES (1,896,12,0,1.000000);

INSERT INTO ALMACEN_PRODUCTO(ALMACEN_ID,PRODUCTO_ID,CANTIDAD_ACTUAL,CANTIDAD_MINIMA,PRECIO_VENTA) VALUES (2,896,0,0,1.000000);

INSERT INTO ALMACEN_PRODUCTO(ALMACEN_ID,PRODUCTO_ID,CANTIDAD_ACTUAL,CANTIDAD_MINIMA,PRECIO_VENTA) VALUES (3,896,12,0,1.000000);

INSERT INTO ALMACEN_PRODUCTO(ALMACEN_ID,PRODUCTO_ID,CANTIDAD_ACTUAL,CANTIDAD_MINIMA,PRECIO_VENTA) VALUES (4,896,12,0,1.000000);

INSERT INTO PROVEEDOR_PRODUCTO(PROVEEDOR_ID,PRODUCTO_ID,PRECIO_COMPRA) VALUES(6,896, 1.000000);

-- ===========PRODUCTO [897]
INSERT INTO PRODUCTO(ID,MARCA_ID,NOMBRE,PRESENTACION,CONTENIDO,UNIDADES_POR_CAJA,COSTO,COSTO_VENTA,PRECIO_BASE,UNIDAD_MEDIDA,CODIGO_BARRAS) VALUES(897,26,'Speed Stick Aerosol ','Cool Nihgt',57,24.0,1.000000,1.000000,1.000000,'ML',7.509546029498E12);

INSERT INTO MOVIMIENTO_HISTORICO_PRODUCTO (ALMACEN_ID,PRODUCTO_ID,FECHA,TIPO_MOVIMIENTO_ID,CANTIDAD,COSTO,PRECIO,USUARIO_ID) VALUES(1,897,now(),30,24,1.000000,1.000000,'root');
INSERT INTO ALMACEN_PRODUCTO(ALMACEN_ID,PRODUCTO_ID,CANTIDAD_ACTUAL,CANTIDAD_MINIMA,PRECIO_VENTA) VALUES (1,897,24,0,1.000000);

INSERT INTO ALMACEN_PRODUCTO(ALMACEN_ID,PRODUCTO_ID,CANTIDAD_ACTUAL,CANTIDAD_MINIMA,PRECIO_VENTA) VALUES (2,897,0,0,1.000000);

INSERT INTO ALMACEN_PRODUCTO(ALMACEN_ID,PRODUCTO_ID,CANTIDAD_ACTUAL,CANTIDAD_MINIMA,PRECIO_VENTA) VALUES (3,897,24,0,1.000000);

INSERT INTO ALMACEN_PRODUCTO(ALMACEN_ID,PRODUCTO_ID,CANTIDAD_ACTUAL,CANTIDAD_MINIMA,PRECIO_VENTA) VALUES (4,897,24,0,1.000000);

INSERT INTO PROVEEDOR_PRODUCTO(PROVEEDOR_ID,PRODUCTO_ID,PRECIO_COMPRA) VALUES(6,897, 1.000000);

-- ===========PRODUCTO [898]
INSERT INTO PRODUCTO(ID,MARCA_ID,NOMBRE,PRESENTACION,CONTENIDO,UNIDADES_POR_CAJA,COSTO,COSTO_VENTA,PRECIO_BASE,UNIDAD_MEDIDA,CODIGO_BARRAS) VALUES(898,26,'speed Stick Barra ','Cool Nihgt',76,12.0,1.000000,1.000000,1.000000,'G',7.50954604488E12);

INSERT INTO MOVIMIENTO_HISTORICO_PRODUCTO (ALMACEN_ID,PRODUCTO_ID,FECHA,TIPO_MOVIMIENTO_ID,CANTIDAD,COSTO,PRECIO,USUARIO_ID) VALUES(1,898,now(),30,12,1.000000,1.000000,'root');
INSERT INTO ALMACEN_PRODUCTO(ALMACEN_ID,PRODUCTO_ID,CANTIDAD_ACTUAL,CANTIDAD_MINIMA,PRECIO_VENTA) VALUES (1,898,12,0,1.000000);

INSERT INTO ALMACEN_PRODUCTO(ALMACEN_ID,PRODUCTO_ID,CANTIDAD_ACTUAL,CANTIDAD_MINIMA,PRECIO_VENTA) VALUES (2,898,0,0,1.000000);

INSERT INTO ALMACEN_PRODUCTO(ALMACEN_ID,PRODUCTO_ID,CANTIDAD_ACTUAL,CANTIDAD_MINIMA,PRECIO_VENTA) VALUES (3,898,12,0,1.000000);

INSERT INTO ALMACEN_PRODUCTO(ALMACEN_ID,PRODUCTO_ID,CANTIDAD_ACTUAL,CANTIDAD_MINIMA,PRECIO_VENTA) VALUES (4,898,12,0,1.000000);

INSERT INTO PROVEEDOR_PRODUCTO(PROVEEDOR_ID,PRODUCTO_ID,PRECIO_COMPRA) VALUES(6,898, 1.000000);

-- ===========PRODUCTO [899]
INSERT INTO PRODUCTO(ID,MARCA_ID,NOMBRE,PRESENTACION,CONTENIDO,UNIDADES_POR_CAJA,COSTO,COSTO_VENTA,PRECIO_BASE,UNIDAD_MEDIDA,CODIGO_BARRAS) VALUES(899,26,'Speed Stick Rollon','Extreme Ultra',50,12.0,1.000000,1.000000,1.000000,'ML',7.509546045344E12);

INSERT INTO MOVIMIENTO_HISTORICO_PRODUCTO (ALMACEN_ID,PRODUCTO_ID,FECHA,TIPO_MOVIMIENTO_ID,CANTIDAD,COSTO,PRECIO,USUARIO_ID) VALUES(1,899,now(),30,12,1.000000,1.000000,'root');
INSERT INTO ALMACEN_PRODUCTO(ALMACEN_ID,PRODUCTO_ID,CANTIDAD_ACTUAL,CANTIDAD_MINIMA,PRECIO_VENTA) VALUES (1,899,12,0,1.000000);

INSERT INTO ALMACEN_PRODUCTO(ALMACEN_ID,PRODUCTO_ID,CANTIDAD_ACTUAL,CANTIDAD_MINIMA,PRECIO_VENTA) VALUES (2,899,0,0,1.000000);

INSERT INTO ALMACEN_PRODUCTO(ALMACEN_ID,PRODUCTO_ID,CANTIDAD_ACTUAL,CANTIDAD_MINIMA,PRECIO_VENTA) VALUES (3,899,12,0,1.000000);

INSERT INTO ALMACEN_PRODUCTO(ALMACEN_ID,PRODUCTO_ID,CANTIDAD_ACTUAL,CANTIDAD_MINIMA,PRECIO_VENTA) VALUES (4,899,12,0,1.000000);

INSERT INTO PROVEEDOR_PRODUCTO(PROVEEDOR_ID,PRODUCTO_ID,PRECIO_COMPRA) VALUES(6,899, 1.000000);

-- ===========PRODUCTO [900]
INSERT INTO PRODUCTO(ID,MARCA_ID,NOMBRE,PRESENTACION,CONTENIDO,UNIDADES_POR_CAJA,COSTO,COSTO_VENTA,PRECIO_BASE,UNIDAD_MEDIDA,CODIGO_BARRAS) VALUES(900,26,'Stefano Stick Caballero','Black',60,12.0,1.000000,1.000000,1.000000,'G',7.501035909007E12);

INSERT INTO MOVIMIENTO_HISTORICO_PRODUCTO (ALMACEN_ID,PRODUCTO_ID,FECHA,TIPO_MOVIMIENTO_ID,CANTIDAD,COSTO,PRECIO,USUARIO_ID) VALUES(1,900,now(),30,12,1.000000,1.000000,'root');
INSERT INTO ALMACEN_PRODUCTO(ALMACEN_ID,PRODUCTO_ID,CANTIDAD_ACTUAL,CANTIDAD_MINIMA,PRECIO_VENTA) VALUES (1,900,12,0,1.000000);

INSERT INTO ALMACEN_PRODUCTO(ALMACEN_ID,PRODUCTO_ID,CANTIDAD_ACTUAL,CANTIDAD_MINIMA,PRECIO_VENTA) VALUES (2,900,0,0,1.000000);

INSERT INTO ALMACEN_PRODUCTO(ALMACEN_ID,PRODUCTO_ID,CANTIDAD_ACTUAL,CANTIDAD_MINIMA,PRECIO_VENTA) VALUES (3,900,12,0,1.000000);

INSERT INTO ALMACEN_PRODUCTO(ALMACEN_ID,PRODUCTO_ID,CANTIDAD_ACTUAL,CANTIDAD_MINIMA,PRECIO_VENTA) VALUES (4,900,12,0,1.000000);

INSERT INTO PROVEEDOR_PRODUCTO(PROVEEDOR_ID,PRODUCTO_ID,PRECIO_COMPRA) VALUES(6,900, 1.000000);

-- ===========PRODUCTO [901]
INSERT INTO PRODUCTO(ID,MARCA_ID,NOMBRE,PRESENTACION,CONTENIDO,UNIDADES_POR_CAJA,COSTO,COSTO_VENTA,PRECIO_BASE,UNIDAD_MEDIDA,CODIGO_BARRAS) VALUES(901,26,'Stefano Stick Caballero','Fire ',60,12.0,1.000000,1.000000,1.000000,'G',7.509546043807E12);

INSERT INTO MOVIMIENTO_HISTORICO_PRODUCTO (ALMACEN_ID,PRODUCTO_ID,FECHA,TIPO_MOVIMIENTO_ID,CANTIDAD,COSTO,PRECIO,USUARIO_ID) VALUES(1,901,now(),30,12,1.000000,1.000000,'root');
INSERT INTO ALMACEN_PRODUCTO(ALMACEN_ID,PRODUCTO_ID,CANTIDAD_ACTUAL,CANTIDAD_MINIMA,PRECIO_VENTA) VALUES (1,901,12,0,1.000000);

INSERT INTO ALMACEN_PRODUCTO(ALMACEN_ID,PRODUCTO_ID,CANTIDAD_ACTUAL,CANTIDAD_MINIMA,PRECIO_VENTA) VALUES (2,901,0,0,1.000000);

INSERT INTO ALMACEN_PRODUCTO(ALMACEN_ID,PRODUCTO_ID,CANTIDAD_ACTUAL,CANTIDAD_MINIMA,PRECIO_VENTA) VALUES (3,901,12,0,1.000000);

INSERT INTO ALMACEN_PRODUCTO(ALMACEN_ID,PRODUCTO_ID,CANTIDAD_ACTUAL,CANTIDAD_MINIMA,PRECIO_VENTA) VALUES (4,901,12,0,1.000000);

INSERT INTO PROVEEDOR_PRODUCTO(PROVEEDOR_ID,PRODUCTO_ID,PRECIO_COMPRA) VALUES(6,901, 1.000000);

-- ===========PRODUCTO [902]
INSERT INTO PRODUCTO(ID,MARCA_ID,NOMBRE,PRESENTACION,CONTENIDO,UNIDADES_POR_CAJA,COSTO,COSTO_VENTA,PRECIO_BASE,UNIDAD_MEDIDA,CODIGO_BARRAS) VALUES(902,26,'Stefano Stick Caballero','Cosmo',60,12.0,1.000000,1.000000,1.000000,'G',7.509546051796E12);

INSERT INTO MOVIMIENTO_HISTORICO_PRODUCTO (ALMACEN_ID,PRODUCTO_ID,FECHA,TIPO_MOVIMIENTO_ID,CANTIDAD,COSTO,PRECIO,USUARIO_ID) VALUES(1,902,now(),30,12,1.000000,1.000000,'root');
INSERT INTO ALMACEN_PRODUCTO(ALMACEN_ID,PRODUCTO_ID,CANTIDAD_ACTUAL,CANTIDAD_MINIMA,PRECIO_VENTA) VALUES (1,902,12,0,1.000000);

INSERT INTO ALMACEN_PRODUCTO(ALMACEN_ID,PRODUCTO_ID,CANTIDAD_ACTUAL,CANTIDAD_MINIMA,PRECIO_VENTA) VALUES (2,902,0,0,1.000000);

INSERT INTO ALMACEN_PRODUCTO(ALMACEN_ID,PRODUCTO_ID,CANTIDAD_ACTUAL,CANTIDAD_MINIMA,PRECIO_VENTA) VALUES (3,902,12,0,1.000000);

INSERT INTO ALMACEN_PRODUCTO(ALMACEN_ID,PRODUCTO_ID,CANTIDAD_ACTUAL,CANTIDAD_MINIMA,PRECIO_VENTA) VALUES (4,902,12,0,1.000000);

INSERT INTO PROVEEDOR_PRODUCTO(PROVEEDOR_ID,PRODUCTO_ID,PRECIO_COMPRA) VALUES(6,902, 1.000000);

-- ===========PRODUCTO [903]
INSERT INTO PRODUCTO(ID,MARCA_ID,NOMBRE,PRESENTACION,CONTENIDO,UNIDADES_POR_CAJA,COSTO,COSTO_VENTA,PRECIO_BASE,UNIDAD_MEDIDA,CODIGO_BARRAS) VALUES(903,26,'Stefano Rollon caballero','Fire ',50,12.0,1.000000,1.000000,1.000000,'ML',7.509546043814E12);

INSERT INTO MOVIMIENTO_HISTORICO_PRODUCTO (ALMACEN_ID,PRODUCTO_ID,FECHA,TIPO_MOVIMIENTO_ID,CANTIDAD,COSTO,PRECIO,USUARIO_ID) VALUES(1,903,now(),30,12,1.000000,1.000000,'root');
INSERT INTO ALMACEN_PRODUCTO(ALMACEN_ID,PRODUCTO_ID,CANTIDAD_ACTUAL,CANTIDAD_MINIMA,PRECIO_VENTA) VALUES (1,903,12,0,1.000000);

INSERT INTO ALMACEN_PRODUCTO(ALMACEN_ID,PRODUCTO_ID,CANTIDAD_ACTUAL,CANTIDAD_MINIMA,PRECIO_VENTA) VALUES (2,903,0,0,1.000000);

INSERT INTO ALMACEN_PRODUCTO(ALMACEN_ID,PRODUCTO_ID,CANTIDAD_ACTUAL,CANTIDAD_MINIMA,PRECIO_VENTA) VALUES (3,903,12,0,1.000000);

INSERT INTO ALMACEN_PRODUCTO(ALMACEN_ID,PRODUCTO_ID,CANTIDAD_ACTUAL,CANTIDAD_MINIMA,PRECIO_VENTA) VALUES (4,903,12,0,1.000000);

INSERT INTO PROVEEDOR_PRODUCTO(PROVEEDOR_ID,PRODUCTO_ID,PRECIO_COMPRA) VALUES(6,903, 1.000000);

-- ===========PRODUCTO [904]
INSERT INTO PRODUCTO(ID,MARCA_ID,NOMBRE,PRESENTACION,CONTENIDO,UNIDADES_POR_CAJA,COSTO,COSTO_VENTA,PRECIO_BASE,UNIDAD_MEDIDA,CODIGO_BARRAS) VALUES(904,15,'Lady Speed Stick Aerosol','Stainguard ',215,12.0,1.000000,1.000000,1.000000,'ML',7.509546050942E12);

INSERT INTO MOVIMIENTO_HISTORICO_PRODUCTO (ALMACEN_ID,PRODUCTO_ID,FECHA,TIPO_MOVIMIENTO_ID,CANTIDAD,COSTO,PRECIO,USUARIO_ID) VALUES(1,904,now(),30,12,1.000000,1.000000,'root');
INSERT INTO ALMACEN_PRODUCTO(ALMACEN_ID,PRODUCTO_ID,CANTIDAD_ACTUAL,CANTIDAD_MINIMA,PRECIO_VENTA) VALUES (1,904,12,0,1.000000);

INSERT INTO ALMACEN_PRODUCTO(ALMACEN_ID,PRODUCTO_ID,CANTIDAD_ACTUAL,CANTIDAD_MINIMA,PRECIO_VENTA) VALUES (2,904,0,0,1.000000);

INSERT INTO ALMACEN_PRODUCTO(ALMACEN_ID,PRODUCTO_ID,CANTIDAD_ACTUAL,CANTIDAD_MINIMA,PRECIO_VENTA) VALUES (3,904,12,0,1.000000);

INSERT INTO ALMACEN_PRODUCTO(ALMACEN_ID,PRODUCTO_ID,CANTIDAD_ACTUAL,CANTIDAD_MINIMA,PRECIO_VENTA) VALUES (4,904,12,0,1.000000);

INSERT INTO PROVEEDOR_PRODUCTO(PROVEEDOR_ID,PRODUCTO_ID,PRECIO_COMPRA) VALUES(6,904, 1.000000);

-- ===========PRODUCTO [905]
INSERT INTO PRODUCTO(ID,MARCA_ID,NOMBRE,PRESENTACION,CONTENIDO,UNIDADES_POR_CAJA,COSTO,COSTO_VENTA,PRECIO_BASE,UNIDAD_MEDIDA,CODIGO_BARRAS) VALUES(905,15,'Lady Speed Stick Aerosol','Perfect tone ',214,12.0,1.000000,1.000000,1.000000,'ML',7.509546049748E12);

INSERT INTO MOVIMIENTO_HISTORICO_PRODUCTO (ALMACEN_ID,PRODUCTO_ID,FECHA,TIPO_MOVIMIENTO_ID,CANTIDAD,COSTO,PRECIO,USUARIO_ID) VALUES(1,905,now(),30,12,1.000000,1.000000,'root');
INSERT INTO ALMACEN_PRODUCTO(ALMACEN_ID,PRODUCTO_ID,CANTIDAD_ACTUAL,CANTIDAD_MINIMA,PRECIO_VENTA) VALUES (1,905,12,0,1.000000);

INSERT INTO ALMACEN_PRODUCTO(ALMACEN_ID,PRODUCTO_ID,CANTIDAD_ACTUAL,CANTIDAD_MINIMA,PRECIO_VENTA) VALUES (2,905,0,0,1.000000);

INSERT INTO ALMACEN_PRODUCTO(ALMACEN_ID,PRODUCTO_ID,CANTIDAD_ACTUAL,CANTIDAD_MINIMA,PRECIO_VENTA) VALUES (3,905,12,0,1.000000);

INSERT INTO ALMACEN_PRODUCTO(ALMACEN_ID,PRODUCTO_ID,CANTIDAD_ACTUAL,CANTIDAD_MINIMA,PRECIO_VENTA) VALUES (4,905,12,0,1.000000);

INSERT INTO PROVEEDOR_PRODUCTO(PROVEEDOR_ID,PRODUCTO_ID,PRECIO_COMPRA) VALUES(6,905, 1.000000);

-- ===========PRODUCTO [906]
INSERT INTO PRODUCTO(ID,MARCA_ID,NOMBRE,PRESENTACION,CONTENIDO,UNIDADES_POR_CAJA,COSTO,COSTO_VENTA,PRECIO_BASE,UNIDAD_MEDIDA,CODIGO_BARRAS) VALUES(906,15,'Lady Speed Stick Aerosol','Ph Active',215,12.0,1.000000,1.000000,1.000000,'ML',7.509546052533E12);

INSERT INTO MOVIMIENTO_HISTORICO_PRODUCTO (ALMACEN_ID,PRODUCTO_ID,FECHA,TIPO_MOVIMIENTO_ID,CANTIDAD,COSTO,PRECIO,USUARIO_ID) VALUES(1,906,now(),30,23,1.000000,1.000000,'root');
INSERT INTO ALMACEN_PRODUCTO(ALMACEN_ID,PRODUCTO_ID,CANTIDAD_ACTUAL,CANTIDAD_MINIMA,PRECIO_VENTA) VALUES (1,906,23,0,1.000000);

INSERT INTO ALMACEN_PRODUCTO(ALMACEN_ID,PRODUCTO_ID,CANTIDAD_ACTUAL,CANTIDAD_MINIMA,PRECIO_VENTA) VALUES (2,906,0,0,1.000000);

INSERT INTO ALMACEN_PRODUCTO(ALMACEN_ID,PRODUCTO_ID,CANTIDAD_ACTUAL,CANTIDAD_MINIMA,PRECIO_VENTA) VALUES (3,906,23,0,1.000000);

INSERT INTO ALMACEN_PRODUCTO(ALMACEN_ID,PRODUCTO_ID,CANTIDAD_ACTUAL,CANTIDAD_MINIMA,PRECIO_VENTA) VALUES (4,906,23,0,1.000000);

INSERT INTO PROVEEDOR_PRODUCTO(PROVEEDOR_ID,PRODUCTO_ID,PRECIO_COMPRA) VALUES(6,906, 1.000000);

-- ===========PRODUCTO [907]
INSERT INTO PRODUCTO(ID,MARCA_ID,NOMBRE,PRESENTACION,CONTENIDO,UNIDADES_POR_CAJA,COSTO,COSTO_VENTA,PRECIO_BASE,UNIDAD_MEDIDA,CODIGO_BARRAS) VALUES(907,15,'Lady Speed Stick Aerosol','Hydra Soft',165,12.0,1.000000,1.000000,1.000000,'ML',7.509546028927E12);

INSERT INTO MOVIMIENTO_HISTORICO_PRODUCTO (ALMACEN_ID,PRODUCTO_ID,FECHA,TIPO_MOVIMIENTO_ID,CANTIDAD,COSTO,PRECIO,USUARIO_ID) VALUES(1,907,now(),30,4,1.000000,1.000000,'root');
INSERT INTO ALMACEN_PRODUCTO(ALMACEN_ID,PRODUCTO_ID,CANTIDAD_ACTUAL,CANTIDAD_MINIMA,PRECIO_VENTA) VALUES (1,907,4,0,1.000000);

INSERT INTO ALMACEN_PRODUCTO(ALMACEN_ID,PRODUCTO_ID,CANTIDAD_ACTUAL,CANTIDAD_MINIMA,PRECIO_VENTA) VALUES (2,907,0,0,1.000000);

INSERT INTO ALMACEN_PRODUCTO(ALMACEN_ID,PRODUCTO_ID,CANTIDAD_ACTUAL,CANTIDAD_MINIMA,PRECIO_VENTA) VALUES (3,907,4,0,1.000000);

INSERT INTO ALMACEN_PRODUCTO(ALMACEN_ID,PRODUCTO_ID,CANTIDAD_ACTUAL,CANTIDAD_MINIMA,PRECIO_VENTA) VALUES (4,907,4,0,1.000000);

INSERT INTO PROVEEDOR_PRODUCTO(PROVEEDOR_ID,PRODUCTO_ID,PRECIO_COMPRA) VALUES(6,907, 1.000000);

-- ===========PRODUCTO [909]
INSERT INTO PRODUCTO(ID,MARCA_ID,NOMBRE,PRESENTACION,CONTENIDO,UNIDADES_POR_CAJA,COSTO,COSTO_VENTA,PRECIO_BASE,UNIDAD_MEDIDA,CODIGO_BARRAS) VALUES(909,15,'Lady Speed Stick Aerosol ','Sexy',100,12.0,1.000000,1.000000,1.000000,'ML',7.509546020464E12);

INSERT INTO MOVIMIENTO_HISTORICO_PRODUCTO (ALMACEN_ID,PRODUCTO_ID,FECHA,TIPO_MOVIMIENTO_ID,CANTIDAD,COSTO,PRECIO,USUARIO_ID) VALUES(1,909,now(),30,12,1.000000,1.000000,'root');
INSERT INTO ALMACEN_PRODUCTO(ALMACEN_ID,PRODUCTO_ID,CANTIDAD_ACTUAL,CANTIDAD_MINIMA,PRECIO_VENTA) VALUES (1,909,12,0,1.000000);

INSERT INTO ALMACEN_PRODUCTO(ALMACEN_ID,PRODUCTO_ID,CANTIDAD_ACTUAL,CANTIDAD_MINIMA,PRECIO_VENTA) VALUES (2,909,0,0,1.000000);

INSERT INTO ALMACEN_PRODUCTO(ALMACEN_ID,PRODUCTO_ID,CANTIDAD_ACTUAL,CANTIDAD_MINIMA,PRECIO_VENTA) VALUES (3,909,12,0,1.000000);

INSERT INTO ALMACEN_PRODUCTO(ALMACEN_ID,PRODUCTO_ID,CANTIDAD_ACTUAL,CANTIDAD_MINIMA,PRECIO_VENTA) VALUES (4,909,12,0,1.000000);

INSERT INTO PROVEEDOR_PRODUCTO(PROVEEDOR_ID,PRODUCTO_ID,PRECIO_COMPRA) VALUES(6,909, 1.000000);

-- ===========PRODUCTO [910]
INSERT INTO PRODUCTO(ID,MARCA_ID,NOMBRE,PRESENTACION,CONTENIDO,UNIDADES_POR_CAJA,COSTO,COSTO_VENTA,PRECIO_BASE,UNIDAD_MEDIDA,CODIGO_BARRAS) VALUES(910,15,'Lady Speed Stick Barra ','Depil Control',45,12.0,1.000000,1.000000,1.000000,'G',7.50954604235E12);

INSERT INTO MOVIMIENTO_HISTORICO_PRODUCTO (ALMACEN_ID,PRODUCTO_ID,FECHA,TIPO_MOVIMIENTO_ID,CANTIDAD,COSTO,PRECIO,USUARIO_ID) VALUES(1,910,now(),30,12,1.000000,1.000000,'root');
INSERT INTO ALMACEN_PRODUCTO(ALMACEN_ID,PRODUCTO_ID,CANTIDAD_ACTUAL,CANTIDAD_MINIMA,PRECIO_VENTA) VALUES (1,910,12,0,1.000000);

INSERT INTO ALMACEN_PRODUCTO(ALMACEN_ID,PRODUCTO_ID,CANTIDAD_ACTUAL,CANTIDAD_MINIMA,PRECIO_VENTA) VALUES (2,910,0,0,1.000000);

INSERT INTO ALMACEN_PRODUCTO(ALMACEN_ID,PRODUCTO_ID,CANTIDAD_ACTUAL,CANTIDAD_MINIMA,PRECIO_VENTA) VALUES (3,910,12,0,1.000000);

INSERT INTO ALMACEN_PRODUCTO(ALMACEN_ID,PRODUCTO_ID,CANTIDAD_ACTUAL,CANTIDAD_MINIMA,PRECIO_VENTA) VALUES (4,910,12,0,1.000000);

INSERT INTO PROVEEDOR_PRODUCTO(PROVEEDOR_ID,PRODUCTO_ID,PRECIO_COMPRA) VALUES(6,910, 1.000000);

-- ===========PRODUCTO [911]
INSERT INTO PRODUCTO(ID,MARCA_ID,NOMBRE,PRESENTACION,CONTENIDO,UNIDADES_POR_CAJA,COSTO,COSTO_VENTA,PRECIO_BASE,UNIDAD_MEDIDA,CODIGO_BARRAS) VALUES(911,15,'Lady Speed Stick Barra ','Fashion',45,12.0,1.000000,1.000000,1.000000,'G',7.509546030319E12);

INSERT INTO MOVIMIENTO_HISTORICO_PRODUCTO (ALMACEN_ID,PRODUCTO_ID,FECHA,TIPO_MOVIMIENTO_ID,CANTIDAD,COSTO,PRECIO,USUARIO_ID) VALUES(1,911,now(),30,12,1.000000,1.000000,'root');
INSERT INTO ALMACEN_PRODUCTO(ALMACEN_ID,PRODUCTO_ID,CANTIDAD_ACTUAL,CANTIDAD_MINIMA,PRECIO_VENTA) VALUES (1,911,12,0,1.000000);

INSERT INTO ALMACEN_PRODUCTO(ALMACEN_ID,PRODUCTO_ID,CANTIDAD_ACTUAL,CANTIDAD_MINIMA,PRECIO_VENTA) VALUES (2,911,0,0,1.000000);

INSERT INTO ALMACEN_PRODUCTO(ALMACEN_ID,PRODUCTO_ID,CANTIDAD_ACTUAL,CANTIDAD_MINIMA,PRECIO_VENTA) VALUES (3,911,12,0,1.000000);

INSERT INTO ALMACEN_PRODUCTO(ALMACEN_ID,PRODUCTO_ID,CANTIDAD_ACTUAL,CANTIDAD_MINIMA,PRECIO_VENTA) VALUES (4,911,12,0,1.000000);

INSERT INTO PROVEEDOR_PRODUCTO(PROVEEDOR_ID,PRODUCTO_ID,PRECIO_COMPRA) VALUES(6,911, 1.000000);

-- ===========PRODUCTO [912]
INSERT INTO PRODUCTO(ID,MARCA_ID,NOMBRE,PRESENTACION,CONTENIDO,UNIDADES_POR_CAJA,COSTO,COSTO_VENTA,PRECIO_BASE,UNIDAD_MEDIDA,CODIGO_BARRAS) VALUES(912,15,'Lady Speed Stick Barra ','Perfect tone ',14,24.0,1.000000,1.000000,1.000000,'G',7.5036218E7);

INSERT INTO MOVIMIENTO_HISTORICO_PRODUCTO (ALMACEN_ID,PRODUCTO_ID,FECHA,TIPO_MOVIMIENTO_ID,CANTIDAD,COSTO,PRECIO,USUARIO_ID) VALUES(1,912,now(),30,24,1.000000,1.000000,'root');
INSERT INTO ALMACEN_PRODUCTO(ALMACEN_ID,PRODUCTO_ID,CANTIDAD_ACTUAL,CANTIDAD_MINIMA,PRECIO_VENTA) VALUES (1,912,24,0,1.000000);

INSERT INTO ALMACEN_PRODUCTO(ALMACEN_ID,PRODUCTO_ID,CANTIDAD_ACTUAL,CANTIDAD_MINIMA,PRECIO_VENTA) VALUES (2,912,0,0,1.000000);

INSERT INTO ALMACEN_PRODUCTO(ALMACEN_ID,PRODUCTO_ID,CANTIDAD_ACTUAL,CANTIDAD_MINIMA,PRECIO_VENTA) VALUES (3,912,24,0,1.000000);

INSERT INTO ALMACEN_PRODUCTO(ALMACEN_ID,PRODUCTO_ID,CANTIDAD_ACTUAL,CANTIDAD_MINIMA,PRECIO_VENTA) VALUES (4,912,24,0,1.000000);

INSERT INTO PROVEEDOR_PRODUCTO(PROVEEDOR_ID,PRODUCTO_ID,PRECIO_COMPRA) VALUES(6,912, 1.000000);

-- ===========PRODUCTO [913]
INSERT INTO PRODUCTO(ID,MARCA_ID,NOMBRE,PRESENTACION,CONTENIDO,UNIDADES_POR_CAJA,COSTO,COSTO_VENTA,PRECIO_BASE,UNIDAD_MEDIDA,CODIGO_BARRAS) VALUES(913,15,'Lady Speed Stick Barra ','Ph active',14,24.0,1.000000,1.000000,1.000000,'G',7.5038076E7);

INSERT INTO MOVIMIENTO_HISTORICO_PRODUCTO (ALMACEN_ID,PRODUCTO_ID,FECHA,TIPO_MOVIMIENTO_ID,CANTIDAD,COSTO,PRECIO,USUARIO_ID) VALUES(1,913,now(),30,24,1.000000,1.000000,'root');
INSERT INTO ALMACEN_PRODUCTO(ALMACEN_ID,PRODUCTO_ID,CANTIDAD_ACTUAL,CANTIDAD_MINIMA,PRECIO_VENTA) VALUES (1,913,24,0,1.000000);

INSERT INTO ALMACEN_PRODUCTO(ALMACEN_ID,PRODUCTO_ID,CANTIDAD_ACTUAL,CANTIDAD_MINIMA,PRECIO_VENTA) VALUES (2,913,0,0,1.000000);

INSERT INTO ALMACEN_PRODUCTO(ALMACEN_ID,PRODUCTO_ID,CANTIDAD_ACTUAL,CANTIDAD_MINIMA,PRECIO_VENTA) VALUES (3,913,24,0,1.000000);

INSERT INTO ALMACEN_PRODUCTO(ALMACEN_ID,PRODUCTO_ID,CANTIDAD_ACTUAL,CANTIDAD_MINIMA,PRECIO_VENTA) VALUES (4,913,24,0,1.000000);

INSERT INTO PROVEEDOR_PRODUCTO(PROVEEDOR_ID,PRODUCTO_ID,PRECIO_COMPRA) VALUES(6,913, 1.000000);

-- ===========PRODUCTO [914]
INSERT INTO PRODUCTO(ID,MARCA_ID,NOMBRE,PRESENTACION,CONTENIDO,UNIDADES_POR_CAJA,COSTO,COSTO_VENTA,PRECIO_BASE,UNIDAD_MEDIDA,CODIGO_BARRAS) VALUES(914,15,'Lady Speed Stick Rollon ','Fantasy Queen',50,12.0,1.000000,1.000000,1.000000,'ML',7.509546048789E12);

INSERT INTO MOVIMIENTO_HISTORICO_PRODUCTO (ALMACEN_ID,PRODUCTO_ID,FECHA,TIPO_MOVIMIENTO_ID,CANTIDAD,COSTO,PRECIO,USUARIO_ID) VALUES(1,914,now(),30,12,1.000000,1.000000,'root');
INSERT INTO ALMACEN_PRODUCTO(ALMACEN_ID,PRODUCTO_ID,CANTIDAD_ACTUAL,CANTIDAD_MINIMA,PRECIO_VENTA) VALUES (1,914,12,0,1.000000);

INSERT INTO ALMACEN_PRODUCTO(ALMACEN_ID,PRODUCTO_ID,CANTIDAD_ACTUAL,CANTIDAD_MINIMA,PRECIO_VENTA) VALUES (2,914,0,0,1.000000);

INSERT INTO ALMACEN_PRODUCTO(ALMACEN_ID,PRODUCTO_ID,CANTIDAD_ACTUAL,CANTIDAD_MINIMA,PRECIO_VENTA) VALUES (3,914,12,0,1.000000);

INSERT INTO ALMACEN_PRODUCTO(ALMACEN_ID,PRODUCTO_ID,CANTIDAD_ACTUAL,CANTIDAD_MINIMA,PRECIO_VENTA) VALUES (4,914,12,0,1.000000);

INSERT INTO PROVEEDOR_PRODUCTO(PROVEEDOR_ID,PRODUCTO_ID,PRECIO_COMPRA) VALUES(6,914, 1.000000);

-- ===========PRODUCTO [915]
INSERT INTO PRODUCTO(ID,MARCA_ID,NOMBRE,PRESENTACION,CONTENIDO,UNIDADES_POR_CAJA,COSTO,COSTO_VENTA,PRECIO_BASE,UNIDAD_MEDIDA,CODIGO_BARRAS) VALUES(915,15,'Lady Speed Stick Rollon ','Waterproof',50,12.0,1.000000,1.000000,1.000000,'ML',7.509546045627E12);

INSERT INTO MOVIMIENTO_HISTORICO_PRODUCTO (ALMACEN_ID,PRODUCTO_ID,FECHA,TIPO_MOVIMIENTO_ID,CANTIDAD,COSTO,PRECIO,USUARIO_ID) VALUES(1,915,now(),30,12,1.000000,1.000000,'root');
INSERT INTO ALMACEN_PRODUCTO(ALMACEN_ID,PRODUCTO_ID,CANTIDAD_ACTUAL,CANTIDAD_MINIMA,PRECIO_VENTA) VALUES (1,915,12,0,1.000000);

INSERT INTO ALMACEN_PRODUCTO(ALMACEN_ID,PRODUCTO_ID,CANTIDAD_ACTUAL,CANTIDAD_MINIMA,PRECIO_VENTA) VALUES (2,915,0,0,1.000000);

INSERT INTO ALMACEN_PRODUCTO(ALMACEN_ID,PRODUCTO_ID,CANTIDAD_ACTUAL,CANTIDAD_MINIMA,PRECIO_VENTA) VALUES (3,915,12,0,1.000000);

INSERT INTO ALMACEN_PRODUCTO(ALMACEN_ID,PRODUCTO_ID,CANTIDAD_ACTUAL,CANTIDAD_MINIMA,PRECIO_VENTA) VALUES (4,915,12,0,1.000000);

INSERT INTO PROVEEDOR_PRODUCTO(PROVEEDOR_ID,PRODUCTO_ID,PRECIO_COMPRA) VALUES(6,915, 1.000000);

-- ===========PRODUCTO [916]
INSERT INTO PRODUCTO(ID,MARCA_ID,NOMBRE,PRESENTACION,CONTENIDO,UNIDADES_POR_CAJA,COSTO,COSTO_VENTA,PRECIO_BASE,UNIDAD_MEDIDA,CODIGO_BARRAS) VALUES(916,15,'Lady Speed Stick rollon ','Shower Fresh',50,12.0,1.000000,1.000000,1.000000,'ML',7.509546015484E12);

INSERT INTO MOVIMIENTO_HISTORICO_PRODUCTO (ALMACEN_ID,PRODUCTO_ID,FECHA,TIPO_MOVIMIENTO_ID,CANTIDAD,COSTO,PRECIO,USUARIO_ID) VALUES(1,916,now(),30,12,1.000000,1.000000,'root');
INSERT INTO ALMACEN_PRODUCTO(ALMACEN_ID,PRODUCTO_ID,CANTIDAD_ACTUAL,CANTIDAD_MINIMA,PRECIO_VENTA) VALUES (1,916,12,0,1.000000);

INSERT INTO ALMACEN_PRODUCTO(ALMACEN_ID,PRODUCTO_ID,CANTIDAD_ACTUAL,CANTIDAD_MINIMA,PRECIO_VENTA) VALUES (2,916,0,0,1.000000);

INSERT INTO ALMACEN_PRODUCTO(ALMACEN_ID,PRODUCTO_ID,CANTIDAD_ACTUAL,CANTIDAD_MINIMA,PRECIO_VENTA) VALUES (3,916,12,0,1.000000);

INSERT INTO ALMACEN_PRODUCTO(ALMACEN_ID,PRODUCTO_ID,CANTIDAD_ACTUAL,CANTIDAD_MINIMA,PRECIO_VENTA) VALUES (4,916,12,0,1.000000);

INSERT INTO PROVEEDOR_PRODUCTO(PROVEEDOR_ID,PRODUCTO_ID,PRECIO_COMPRA) VALUES(6,916, 1.000000);

-- ===========PRODUCTO [917]
INSERT INTO PRODUCTO(ID,MARCA_ID,NOMBRE,PRESENTACION,CONTENIDO,UNIDADES_POR_CAJA,COSTO,COSTO_VENTA,PRECIO_BASE,UNIDAD_MEDIDA,CODIGO_BARRAS) VALUES(917,15,'Lady Speed Stick rollon ','Hipoalergenico',50,12.0,1.000000,1.000000,1.000000,'ML',7.509546038414E12);

INSERT INTO MOVIMIENTO_HISTORICO_PRODUCTO (ALMACEN_ID,PRODUCTO_ID,FECHA,TIPO_MOVIMIENTO_ID,CANTIDAD,COSTO,PRECIO,USUARIO_ID) VALUES(1,917,now(),30,12,1.000000,1.000000,'root');
INSERT INTO ALMACEN_PRODUCTO(ALMACEN_ID,PRODUCTO_ID,CANTIDAD_ACTUAL,CANTIDAD_MINIMA,PRECIO_VENTA) VALUES (1,917,12,0,1.000000);

INSERT INTO ALMACEN_PRODUCTO(ALMACEN_ID,PRODUCTO_ID,CANTIDAD_ACTUAL,CANTIDAD_MINIMA,PRECIO_VENTA) VALUES (2,917,0,0,1.000000);

INSERT INTO ALMACEN_PRODUCTO(ALMACEN_ID,PRODUCTO_ID,CANTIDAD_ACTUAL,CANTIDAD_MINIMA,PRECIO_VENTA) VALUES (3,917,12,0,1.000000);

INSERT INTO ALMACEN_PRODUCTO(ALMACEN_ID,PRODUCTO_ID,CANTIDAD_ACTUAL,CANTIDAD_MINIMA,PRECIO_VENTA) VALUES (4,917,12,0,1.000000);

INSERT INTO PROVEEDOR_PRODUCTO(PROVEEDOR_ID,PRODUCTO_ID,PRECIO_COMPRA) VALUES(6,917, 1.000000);

-- ===========PRODUCTO [918]
INSERT INTO PRODUCTO(ID,MARCA_ID,NOMBRE,PRESENTACION,CONTENIDO,UNIDADES_POR_CAJA,COSTO,COSTO_VENTA,PRECIO_BASE,UNIDAD_MEDIDA,CODIGO_BARRAS) VALUES(918,36,'Caprice Mousse Especialidades','Rizos Definidos',220,12.0,1.000000,1.000000,1.000000,'G',7.509546053783E12);

INSERT INTO MOVIMIENTO_HISTORICO_PRODUCTO (ALMACEN_ID,PRODUCTO_ID,FECHA,TIPO_MOVIMIENTO_ID,CANTIDAD,COSTO,PRECIO,USUARIO_ID) VALUES(1,918,now(),30,12,1.000000,1.000000,'root');
INSERT INTO ALMACEN_PRODUCTO(ALMACEN_ID,PRODUCTO_ID,CANTIDAD_ACTUAL,CANTIDAD_MINIMA,PRECIO_VENTA) VALUES (1,918,12,0,1.000000);

INSERT INTO ALMACEN_PRODUCTO(ALMACEN_ID,PRODUCTO_ID,CANTIDAD_ACTUAL,CANTIDAD_MINIMA,PRECIO_VENTA) VALUES (2,918,0,0,1.000000);

INSERT INTO ALMACEN_PRODUCTO(ALMACEN_ID,PRODUCTO_ID,CANTIDAD_ACTUAL,CANTIDAD_MINIMA,PRECIO_VENTA) VALUES (3,918,12,0,1.000000);

INSERT INTO ALMACEN_PRODUCTO(ALMACEN_ID,PRODUCTO_ID,CANTIDAD_ACTUAL,CANTIDAD_MINIMA,PRECIO_VENTA) VALUES (4,918,12,0,1.000000);

INSERT INTO PROVEEDOR_PRODUCTO(PROVEEDOR_ID,PRODUCTO_ID,PRECIO_COMPRA) VALUES(6,918, 1.000000);

-- ===========PRODUCTO [919]
INSERT INTO PRODUCTO(ID,MARCA_ID,NOMBRE,PRESENTACION,CONTENIDO,UNIDADES_POR_CAJA,COSTO,COSTO_VENTA,PRECIO_BASE,UNIDAD_MEDIDA,CODIGO_BARRAS) VALUES(919,36,'Caprice Mousse Especialidades','Volumen y Control',220,12.0,1.000000,1.000000,1.000000,'G',7.50954605379E12);

INSERT INTO MOVIMIENTO_HISTORICO_PRODUCTO (ALMACEN_ID,PRODUCTO_ID,FECHA,TIPO_MOVIMIENTO_ID,CANTIDAD,COSTO,PRECIO,USUARIO_ID) VALUES(1,919,now(),30,12,1.000000,1.000000,'root');
INSERT INTO ALMACEN_PRODUCTO(ALMACEN_ID,PRODUCTO_ID,CANTIDAD_ACTUAL,CANTIDAD_MINIMA,PRECIO_VENTA) VALUES (1,919,12,0,1.000000);

INSERT INTO ALMACEN_PRODUCTO(ALMACEN_ID,PRODUCTO_ID,CANTIDAD_ACTUAL,CANTIDAD_MINIMA,PRECIO_VENTA) VALUES (2,919,0,0,1.000000);

INSERT INTO ALMACEN_PRODUCTO(ALMACEN_ID,PRODUCTO_ID,CANTIDAD_ACTUAL,CANTIDAD_MINIMA,PRECIO_VENTA) VALUES (3,919,12,0,1.000000);

INSERT INTO ALMACEN_PRODUCTO(ALMACEN_ID,PRODUCTO_ID,CANTIDAD_ACTUAL,CANTIDAD_MINIMA,PRECIO_VENTA) VALUES (4,919,12,0,1.000000);

INSERT INTO PROVEEDOR_PRODUCTO(PROVEEDOR_ID,PRODUCTO_ID,PRECIO_COMPRA) VALUES(6,919, 1.000000);

-- ===========PRODUCTO [920]
INSERT INTO PRODUCTO(ID,MARCA_ID,NOMBRE,PRESENTACION,CONTENIDO,UNIDADES_POR_CAJA,COSTO,COSTO_VENTA,PRECIO_BASE,UNIDAD_MEDIDA,CODIGO_BARRAS) VALUES(920,83,'Wildroot Fijador','Clasico',250,12.0,1.000000,1.000000,1.000000,'ML',7.501035914063E12);

INSERT INTO MOVIMIENTO_HISTORICO_PRODUCTO (ALMACEN_ID,PRODUCTO_ID,FECHA,TIPO_MOVIMIENTO_ID,CANTIDAD,COSTO,PRECIO,USUARIO_ID) VALUES(1,920,now(),30,12,1.000000,1.000000,'root');
INSERT INTO ALMACEN_PRODUCTO(ALMACEN_ID,PRODUCTO_ID,CANTIDAD_ACTUAL,CANTIDAD_MINIMA,PRECIO_VENTA) VALUES (1,920,12,0,1.000000);

INSERT INTO ALMACEN_PRODUCTO(ALMACEN_ID,PRODUCTO_ID,CANTIDAD_ACTUAL,CANTIDAD_MINIMA,PRECIO_VENTA) VALUES (2,920,0,0,1.000000);

INSERT INTO ALMACEN_PRODUCTO(ALMACEN_ID,PRODUCTO_ID,CANTIDAD_ACTUAL,CANTIDAD_MINIMA,PRECIO_VENTA) VALUES (3,920,12,0,1.000000);

INSERT INTO ALMACEN_PRODUCTO(ALMACEN_ID,PRODUCTO_ID,CANTIDAD_ACTUAL,CANTIDAD_MINIMA,PRECIO_VENTA) VALUES (4,920,12,0,1.000000);

INSERT INTO PROVEEDOR_PRODUCTO(PROVEEDOR_ID,PRODUCTO_ID,PRECIO_COMPRA) VALUES(6,920, 1.000000);

-- ===========PRODUCTO [921]
INSERT INTO PRODUCTO(ID,MARCA_ID,NOMBRE,PRESENTACION,CONTENIDO,UNIDADES_POR_CAJA,COSTO,COSTO_VENTA,PRECIO_BASE,UNIDAD_MEDIDA,CODIGO_BARRAS) VALUES(921,83,'Wildroot Fijador','Clasico',600,6.0,1.000000,1.000000,1.000000,'ML',7.501035914056E12);

INSERT INTO MOVIMIENTO_HISTORICO_PRODUCTO (ALMACEN_ID,PRODUCTO_ID,FECHA,TIPO_MOVIMIENTO_ID,CANTIDAD,COSTO,PRECIO,USUARIO_ID) VALUES(1,921,now(),30,6,1.000000,1.000000,'root');
INSERT INTO ALMACEN_PRODUCTO(ALMACEN_ID,PRODUCTO_ID,CANTIDAD_ACTUAL,CANTIDAD_MINIMA,PRECIO_VENTA) VALUES (1,921,6,0,1.000000);

INSERT INTO ALMACEN_PRODUCTO(ALMACEN_ID,PRODUCTO_ID,CANTIDAD_ACTUAL,CANTIDAD_MINIMA,PRECIO_VENTA) VALUES (2,921,0,0,1.000000);

INSERT INTO ALMACEN_PRODUCTO(ALMACEN_ID,PRODUCTO_ID,CANTIDAD_ACTUAL,CANTIDAD_MINIMA,PRECIO_VENTA) VALUES (3,921,6,0,1.000000);

INSERT INTO ALMACEN_PRODUCTO(ALMACEN_ID,PRODUCTO_ID,CANTIDAD_ACTUAL,CANTIDAD_MINIMA,PRECIO_VENTA) VALUES (4,921,6,0,1.000000);

INSERT INTO PROVEEDOR_PRODUCTO(PROVEEDOR_ID,PRODUCTO_ID,PRECIO_COMPRA) VALUES(6,921, 1.000000);

-- ===========PRODUCTO [922]
INSERT INTO PRODUCTO(ID,MARCA_ID,NOMBRE,PRESENTACION,CONTENIDO,UNIDADES_POR_CAJA,COSTO,COSTO_VENTA,PRECIO_BASE,UNIDAD_MEDIDA,CODIGO_BARRAS) VALUES(922,48,'Mum Rollon Dama','Mistic',60,24.0,1.000000,1.000000,1.000000,'G',7.50301E7);

INSERT INTO MOVIMIENTO_HISTORICO_PRODUCTO (ALMACEN_ID,PRODUCTO_ID,FECHA,TIPO_MOVIMIENTO_ID,CANTIDAD,COSTO,PRECIO,USUARIO_ID) VALUES(1,922,now(),30,24,1.000000,1.000000,'root');
INSERT INTO ALMACEN_PRODUCTO(ALMACEN_ID,PRODUCTO_ID,CANTIDAD_ACTUAL,CANTIDAD_MINIMA,PRECIO_VENTA) VALUES (1,922,24,0,1.000000);

INSERT INTO ALMACEN_PRODUCTO(ALMACEN_ID,PRODUCTO_ID,CANTIDAD_ACTUAL,CANTIDAD_MINIMA,PRECIO_VENTA) VALUES (2,922,0,0,1.000000);

INSERT INTO ALMACEN_PRODUCTO(ALMACEN_ID,PRODUCTO_ID,CANTIDAD_ACTUAL,CANTIDAD_MINIMA,PRECIO_VENTA) VALUES (3,922,24,0,1.000000);

INSERT INTO ALMACEN_PRODUCTO(ALMACEN_ID,PRODUCTO_ID,CANTIDAD_ACTUAL,CANTIDAD_MINIMA,PRECIO_VENTA) VALUES (4,922,24,0,1.000000);

INSERT INTO PROVEEDOR_PRODUCTO(PROVEEDOR_ID,PRODUCTO_ID,PRECIO_COMPRA) VALUES(10,922, 1.000000);

-- ===========PRODUCTO [923]
INSERT INTO PRODUCTO(ID,MARCA_ID,NOMBRE,PRESENTACION,CONTENIDO,UNIDADES_POR_CAJA,COSTO,COSTO_VENTA,PRECIO_BASE,UNIDAD_MEDIDA,CODIGO_BARRAS) VALUES(923,48,'Mum Rollon Dama','Dermis Piel Delicada',60,24.0,1.000000,1.000000,1.000000,'G',7.5030094E7);

INSERT INTO MOVIMIENTO_HISTORICO_PRODUCTO (ALMACEN_ID,PRODUCTO_ID,FECHA,TIPO_MOVIMIENTO_ID,CANTIDAD,COSTO,PRECIO,USUARIO_ID) VALUES(1,923,now(),30,1,1.000000,1.000000,'root');
INSERT INTO ALMACEN_PRODUCTO(ALMACEN_ID,PRODUCTO_ID,CANTIDAD_ACTUAL,CANTIDAD_MINIMA,PRECIO_VENTA) VALUES (1,923,1,0,1.000000);

INSERT INTO ALMACEN_PRODUCTO(ALMACEN_ID,PRODUCTO_ID,CANTIDAD_ACTUAL,CANTIDAD_MINIMA,PRECIO_VENTA) VALUES (2,923,0,0,1.000000);

INSERT INTO ALMACEN_PRODUCTO(ALMACEN_ID,PRODUCTO_ID,CANTIDAD_ACTUAL,CANTIDAD_MINIMA,PRECIO_VENTA) VALUES (3,923,1,0,1.000000);

INSERT INTO ALMACEN_PRODUCTO(ALMACEN_ID,PRODUCTO_ID,CANTIDAD_ACTUAL,CANTIDAD_MINIMA,PRECIO_VENTA) VALUES (4,923,1,0,1.000000);

INSERT INTO PROVEEDOR_PRODUCTO(PROVEEDOR_ID,PRODUCTO_ID,PRECIO_COMPRA) VALUES(10,923, 1.000000);

-- ===========PRODUCTO [924]
INSERT INTO PRODUCTO(ID,MARCA_ID,NOMBRE,PRESENTACION,CONTENIDO,UNIDADES_POR_CAJA,COSTO,COSTO_VENTA,PRECIO_BASE,UNIDAD_MEDIDA,CODIGO_BARRAS) VALUES(924,45,'Obao Rollon Caballero','Audaz',65,24.0,1.000000,1.000000,1.000000,'G',7.501027293473E12);

INSERT INTO MOVIMIENTO_HISTORICO_PRODUCTO (ALMACEN_ID,PRODUCTO_ID,FECHA,TIPO_MOVIMIENTO_ID,CANTIDAD,COSTO,PRECIO,USUARIO_ID) VALUES(1,924,now(),30,6,1.000000,1.000000,'root');
INSERT INTO ALMACEN_PRODUCTO(ALMACEN_ID,PRODUCTO_ID,CANTIDAD_ACTUAL,CANTIDAD_MINIMA,PRECIO_VENTA) VALUES (1,924,6,0,1.000000);

INSERT INTO ALMACEN_PRODUCTO(ALMACEN_ID,PRODUCTO_ID,CANTIDAD_ACTUAL,CANTIDAD_MINIMA,PRECIO_VENTA) VALUES (2,924,0,0,1.000000);

INSERT INTO ALMACEN_PRODUCTO(ALMACEN_ID,PRODUCTO_ID,CANTIDAD_ACTUAL,CANTIDAD_MINIMA,PRECIO_VENTA) VALUES (3,924,6,0,1.000000);

INSERT INTO ALMACEN_PRODUCTO(ALMACEN_ID,PRODUCTO_ID,CANTIDAD_ACTUAL,CANTIDAD_MINIMA,PRECIO_VENTA) VALUES (4,924,6,0,1.000000);

INSERT INTO PROVEEDOR_PRODUCTO(PROVEEDOR_ID,PRODUCTO_ID,PRECIO_COMPRA) VALUES(10,924, 1.000000);

-- ===========PRODUCTO [925]
INSERT INTO PRODUCTO(ID,MARCA_ID,NOMBRE,PRESENTACION,CONTENIDO,UNIDADES_POR_CAJA,COSTO,COSTO_VENTA,PRECIO_BASE,UNIDAD_MEDIDA,CODIGO_BARRAS) VALUES(925,45,'Obao Rollon Dama','Piel Delicada',65,24.0,1.000000,1.000000,1.000000,'G',7.501027250612E12);

INSERT INTO MOVIMIENTO_HISTORICO_PRODUCTO (ALMACEN_ID,PRODUCTO_ID,FECHA,TIPO_MOVIMIENTO_ID,CANTIDAD,COSTO,PRECIO,USUARIO_ID) VALUES(1,925,now(),30,23,1.000000,1.000000,'root');
INSERT INTO ALMACEN_PRODUCTO(ALMACEN_ID,PRODUCTO_ID,CANTIDAD_ACTUAL,CANTIDAD_MINIMA,PRECIO_VENTA) VALUES (1,925,23,0,1.000000);

INSERT INTO ALMACEN_PRODUCTO(ALMACEN_ID,PRODUCTO_ID,CANTIDAD_ACTUAL,CANTIDAD_MINIMA,PRECIO_VENTA) VALUES (2,925,0,0,1.000000);

INSERT INTO ALMACEN_PRODUCTO(ALMACEN_ID,PRODUCTO_ID,CANTIDAD_ACTUAL,CANTIDAD_MINIMA,PRECIO_VENTA) VALUES (3,925,23,0,1.000000);

INSERT INTO ALMACEN_PRODUCTO(ALMACEN_ID,PRODUCTO_ID,CANTIDAD_ACTUAL,CANTIDAD_MINIMA,PRECIO_VENTA) VALUES (4,925,23,0,1.000000);

INSERT INTO PROVEEDOR_PRODUCTO(PROVEEDOR_ID,PRODUCTO_ID,PRECIO_COMPRA) VALUES(10,925, 1.000000);

-- ===========PRODUCTO [926]
INSERT INTO PRODUCTO(ID,MARCA_ID,NOMBRE,PRESENTACION,CONTENIDO,UNIDADES_POR_CAJA,COSTO,COSTO_VENTA,PRECIO_BASE,UNIDAD_MEDIDA,CODIGO_BARRAS) VALUES(926,2,'Adidas Aerosol Caballero','Game Spirit',150,12.0,1.000000,1.000000,30.920000,'ML',7.795646471026E12);

INSERT INTO MOVIMIENTO_HISTORICO_PRODUCTO (ALMACEN_ID,PRODUCTO_ID,FECHA,TIPO_MOVIMIENTO_ID,CANTIDAD,COSTO,PRECIO,USUARIO_ID) VALUES(1,926,now(),30,4,1.000000,30.920000,'root');
INSERT INTO ALMACEN_PRODUCTO(ALMACEN_ID,PRODUCTO_ID,CANTIDAD_ACTUAL,CANTIDAD_MINIMA,PRECIO_VENTA) VALUES (1,926,4,0,30.920000);

INSERT INTO ALMACEN_PRODUCTO(ALMACEN_ID,PRODUCTO_ID,CANTIDAD_ACTUAL,CANTIDAD_MINIMA,PRECIO_VENTA) VALUES (2,926,0,0,1.000000);

INSERT INTO ALMACEN_PRODUCTO(ALMACEN_ID,PRODUCTO_ID,CANTIDAD_ACTUAL,CANTIDAD_MINIMA,PRECIO_VENTA) VALUES (3,926,4,0,29.900000);

INSERT INTO ALMACEN_PRODUCTO(ALMACEN_ID,PRODUCTO_ID,CANTIDAD_ACTUAL,CANTIDAD_MINIMA,PRECIO_VENTA) VALUES (4,926,4,0,1.000000);

INSERT INTO PROVEEDOR_PRODUCTO(PROVEEDOR_ID,PRODUCTO_ID,PRECIO_COMPRA) VALUES(13,926, 1.000000);

-- ===========PRODUCTO [927]
INSERT INTO PRODUCTO(ID,MARCA_ID,NOMBRE,PRESENTACION,CONTENIDO,UNIDADES_POR_CAJA,COSTO,COSTO_VENTA,PRECIO_BASE,UNIDAD_MEDIDA,CODIGO_BARRAS) VALUES(927,43,'Old Spice Aerosol Caballero','Endurence',145,12.0,1.000000,1.000000,1.000000,'ML',047400307612);

INSERT INTO MOVIMIENTO_HISTORICO_PRODUCTO (ALMACEN_ID,PRODUCTO_ID,FECHA,TIPO_MOVIMIENTO_ID,CANTIDAD,COSTO,PRECIO,USUARIO_ID) VALUES(1,927,now(),30,12,1.000000,1.000000,'root');
INSERT INTO ALMACEN_PRODUCTO(ALMACEN_ID,PRODUCTO_ID,CANTIDAD_ACTUAL,CANTIDAD_MINIMA,PRECIO_VENTA) VALUES (1,927,12,0,1.000000);

INSERT INTO ALMACEN_PRODUCTO(ALMACEN_ID,PRODUCTO_ID,CANTIDAD_ACTUAL,CANTIDAD_MINIMA,PRECIO_VENTA) VALUES (2,927,0,0,1.000000);

INSERT INTO ALMACEN_PRODUCTO(ALMACEN_ID,PRODUCTO_ID,CANTIDAD_ACTUAL,CANTIDAD_MINIMA,PRECIO_VENTA) VALUES (3,927,12,0,1.000000);

INSERT INTO ALMACEN_PRODUCTO(ALMACEN_ID,PRODUCTO_ID,CANTIDAD_ACTUAL,CANTIDAD_MINIMA,PRECIO_VENTA) VALUES (4,927,12,0,1.000000);

INSERT INTO PROVEEDOR_PRODUCTO(PROVEEDOR_ID,PRODUCTO_ID,PRECIO_COMPRA) VALUES(10,927, 1.000000);

-- ===========PRODUCTO [928]
INSERT INTO PRODUCTO(ID,MARCA_ID,NOMBRE,PRESENTACION,CONTENIDO,UNIDADES_POR_CAJA,COSTO,COSTO_VENTA,PRECIO_BASE,UNIDAD_MEDIDA,CODIGO_BARRAS) VALUES(928,43,'Old Spice Aerosol Caballero','Icerock',145,12.0,1.000000,1.000000,1.000000,'ML',7.702018992164E12);

INSERT INTO MOVIMIENTO_HISTORICO_PRODUCTO (ALMACEN_ID,PRODUCTO_ID,FECHA,TIPO_MOVIMIENTO_ID,CANTIDAD,COSTO,PRECIO,USUARIO_ID) VALUES(1,928,now(),30,10,1.000000,1.000000,'root');
INSERT INTO ALMACEN_PRODUCTO(ALMACEN_ID,PRODUCTO_ID,CANTIDAD_ACTUAL,CANTIDAD_MINIMA,PRECIO_VENTA) VALUES (1,928,10,0,1.000000);

INSERT INTO ALMACEN_PRODUCTO(ALMACEN_ID,PRODUCTO_ID,CANTIDAD_ACTUAL,CANTIDAD_MINIMA,PRECIO_VENTA) VALUES (2,928,0,0,1.000000);

INSERT INTO ALMACEN_PRODUCTO(ALMACEN_ID,PRODUCTO_ID,CANTIDAD_ACTUAL,CANTIDAD_MINIMA,PRECIO_VENTA) VALUES (3,928,10,0,1.000000);

INSERT INTO ALMACEN_PRODUCTO(ALMACEN_ID,PRODUCTO_ID,CANTIDAD_ACTUAL,CANTIDAD_MINIMA,PRECIO_VENTA) VALUES (4,928,10,0,1.000000);

INSERT INTO PROVEEDOR_PRODUCTO(PROVEEDOR_ID,PRODUCTO_ID,PRECIO_COMPRA) VALUES(10,928, 1.000000);

-- ===========PRODUCTO [929]
INSERT INTO PRODUCTO(ID,MARCA_ID,NOMBRE,PRESENTACION,CONTENIDO,UNIDADES_POR_CAJA,COSTO,COSTO_VENTA,PRECIO_BASE,UNIDAD_MEDIDA,CODIGO_BARRAS) VALUES(929,43,'Old Spice Aerosol Caballero','Seazone',145,12.0,1.000000,1.000000,1.000000,'ML',7.702018992133E12);

INSERT INTO MOVIMIENTO_HISTORICO_PRODUCTO (ALMACEN_ID,PRODUCTO_ID,FECHA,TIPO_MOVIMIENTO_ID,CANTIDAD,COSTO,PRECIO,USUARIO_ID) VALUES(1,929,now(),30,12,1.000000,1.000000,'root');
INSERT INTO ALMACEN_PRODUCTO(ALMACEN_ID,PRODUCTO_ID,CANTIDAD_ACTUAL,CANTIDAD_MINIMA,PRECIO_VENTA) VALUES (1,929,12,0,1.000000);

INSERT INTO ALMACEN_PRODUCTO(ALMACEN_ID,PRODUCTO_ID,CANTIDAD_ACTUAL,CANTIDAD_MINIMA,PRECIO_VENTA) VALUES (2,929,0,0,1.000000);

INSERT INTO ALMACEN_PRODUCTO(ALMACEN_ID,PRODUCTO_ID,CANTIDAD_ACTUAL,CANTIDAD_MINIMA,PRECIO_VENTA) VALUES (3,929,12,0,1.000000);

INSERT INTO ALMACEN_PRODUCTO(ALMACEN_ID,PRODUCTO_ID,CANTIDAD_ACTUAL,CANTIDAD_MINIMA,PRECIO_VENTA) VALUES (4,929,12,0,1.000000);

INSERT INTO PROVEEDOR_PRODUCTO(PROVEEDOR_ID,PRODUCTO_ID,PRECIO_COMPRA) VALUES(10,929, 1.000000);

-- ===========PRODUCTO [930]
INSERT INTO PRODUCTO(ID,MARCA_ID,NOMBRE,PRESENTACION,CONTENIDO,UNIDADES_POR_CAJA,COSTO,COSTO_VENTA,PRECIO_BASE,UNIDAD_MEDIDA,CODIGO_BARRAS) VALUES(930,44,'Axe Aerosol Caballero','Music Star',160,12.0,1.000000,1.000000,1.000000,'ML',7.791293005362E12);

INSERT INTO MOVIMIENTO_HISTORICO_PRODUCTO (ALMACEN_ID,PRODUCTO_ID,FECHA,TIPO_MOVIMIENTO_ID,CANTIDAD,COSTO,PRECIO,USUARIO_ID) VALUES(1,930,now(),30,22,1.000000,1.000000,'root');
INSERT INTO ALMACEN_PRODUCTO(ALMACEN_ID,PRODUCTO_ID,CANTIDAD_ACTUAL,CANTIDAD_MINIMA,PRECIO_VENTA) VALUES (1,930,22,0,1.000000);

INSERT INTO ALMACEN_PRODUCTO(ALMACEN_ID,PRODUCTO_ID,CANTIDAD_ACTUAL,CANTIDAD_MINIMA,PRECIO_VENTA) VALUES (2,930,0,0,1.000000);

INSERT INTO ALMACEN_PRODUCTO(ALMACEN_ID,PRODUCTO_ID,CANTIDAD_ACTUAL,CANTIDAD_MINIMA,PRECIO_VENTA) VALUES (3,930,22,0,1.000000);

INSERT INTO ALMACEN_PRODUCTO(ALMACEN_ID,PRODUCTO_ID,CANTIDAD_ACTUAL,CANTIDAD_MINIMA,PRECIO_VENTA) VALUES (4,930,22,0,1.000000);

INSERT INTO PROVEEDOR_PRODUCTO(PROVEEDOR_ID,PRODUCTO_ID,PRECIO_COMPRA) VALUES(19,930, 1.000000);

-- ===========PRODUCTO [931]
INSERT INTO PRODUCTO(ID,MARCA_ID,NOMBRE,PRESENTACION,CONTENIDO,UNIDADES_POR_CAJA,COSTO,COSTO_VENTA,PRECIO_BASE,UNIDAD_MEDIDA,CODIGO_BARRAS) VALUES(931,44,'Axe Aerosol Caballero','Ex Friend',160,12.0,1.000000,1.000000,1.000000,'ML',7.79129331275E12);

INSERT INTO MOVIMIENTO_HISTORICO_PRODUCTO (ALMACEN_ID,PRODUCTO_ID,FECHA,TIPO_MOVIMIENTO_ID,CANTIDAD,COSTO,PRECIO,USUARIO_ID) VALUES(1,931,now(),30,1,1.000000,1.000000,'root');
INSERT INTO ALMACEN_PRODUCTO(ALMACEN_ID,PRODUCTO_ID,CANTIDAD_ACTUAL,CANTIDAD_MINIMA,PRECIO_VENTA) VALUES (1,931,1,0,1.000000);

INSERT INTO ALMACEN_PRODUCTO(ALMACEN_ID,PRODUCTO_ID,CANTIDAD_ACTUAL,CANTIDAD_MINIMA,PRECIO_VENTA) VALUES (2,931,1,0,1.000000);

INSERT INTO ALMACEN_PRODUCTO(ALMACEN_ID,PRODUCTO_ID,CANTIDAD_ACTUAL,CANTIDAD_MINIMA,PRECIO_VENTA) VALUES (3,931,1,0,1.000000);

INSERT INTO ALMACEN_PRODUCTO(ALMACEN_ID,PRODUCTO_ID,CANTIDAD_ACTUAL,CANTIDAD_MINIMA,PRECIO_VENTA) VALUES (4,931,1,0,1.000000);

INSERT INTO PROVEEDOR_PRODUCTO(PROVEEDOR_ID,PRODUCTO_ID,PRECIO_COMPRA) VALUES(19,931, 1.000000);

-- ===========PRODUCTO [932]
INSERT INTO PRODUCTO(ID,MARCA_ID,NOMBRE,PRESENTACION,CONTENIDO,UNIDADES_POR_CAJA,COSTO,COSTO_VENTA,PRECIO_BASE,UNIDAD_MEDIDA,CODIGO_BARRAS) VALUES(932,51,'Secret Aerosol Dama','Oasis Fresh',150,12.0,1.000000,1.000000,1.000000,'ML',7.501007453484E12);

INSERT INTO MOVIMIENTO_HISTORICO_PRODUCTO (ALMACEN_ID,PRODUCTO_ID,FECHA,TIPO_MOVIMIENTO_ID,CANTIDAD,COSTO,PRECIO,USUARIO_ID) VALUES(1,932,now(),30,7,1.000000,1.000000,'root');
INSERT INTO ALMACEN_PRODUCTO(ALMACEN_ID,PRODUCTO_ID,CANTIDAD_ACTUAL,CANTIDAD_MINIMA,PRECIO_VENTA) VALUES (1,932,7,0,1.000000);

INSERT INTO ALMACEN_PRODUCTO(ALMACEN_ID,PRODUCTO_ID,CANTIDAD_ACTUAL,CANTIDAD_MINIMA,PRECIO_VENTA) VALUES (2,932,0,0,1.000000);

INSERT INTO ALMACEN_PRODUCTO(ALMACEN_ID,PRODUCTO_ID,CANTIDAD_ACTUAL,CANTIDAD_MINIMA,PRECIO_VENTA) VALUES (3,932,7,0,1.000000);

INSERT INTO ALMACEN_PRODUCTO(ALMACEN_ID,PRODUCTO_ID,CANTIDAD_ACTUAL,CANTIDAD_MINIMA,PRECIO_VENTA) VALUES (4,932,7,0,1.000000);

INSERT INTO PROVEEDOR_PRODUCTO(PROVEEDOR_ID,PRODUCTO_ID,PRECIO_COMPRA) VALUES(19,932, 1.000000);

-- ===========PRODUCTO [933]
INSERT INTO PRODUCTO(ID,MARCA_ID,NOMBRE,PRESENTACION,CONTENIDO,UNIDADES_POR_CAJA,COSTO,COSTO_VENTA,PRECIO_BASE,UNIDAD_MEDIDA,CODIGO_BARRAS) VALUES(933,14,'Fructis Garnier Gel Style','Stop Caida',200,12.0,1.000000,1.000000,1.000000,'G',7.506078976979E12);

INSERT INTO MOVIMIENTO_HISTORICO_PRODUCTO (ALMACEN_ID,PRODUCTO_ID,FECHA,TIPO_MOVIMIENTO_ID,CANTIDAD,COSTO,PRECIO,USUARIO_ID) VALUES(1,933,now(),30,9,1.000000,1.000000,'root');
INSERT INTO ALMACEN_PRODUCTO(ALMACEN_ID,PRODUCTO_ID,CANTIDAD_ACTUAL,CANTIDAD_MINIMA,PRECIO_VENTA) VALUES (1,933,9,0,1.000000);

INSERT INTO ALMACEN_PRODUCTO(ALMACEN_ID,PRODUCTO_ID,CANTIDAD_ACTUAL,CANTIDAD_MINIMA,PRECIO_VENTA) VALUES (2,933,0,0,1.000000);

INSERT INTO ALMACEN_PRODUCTO(ALMACEN_ID,PRODUCTO_ID,CANTIDAD_ACTUAL,CANTIDAD_MINIMA,PRECIO_VENTA) VALUES (3,933,9,0,1.000000);

INSERT INTO ALMACEN_PRODUCTO(ALMACEN_ID,PRODUCTO_ID,CANTIDAD_ACTUAL,CANTIDAD_MINIMA,PRECIO_VENTA) VALUES (4,933,9,0,1.000000);

INSERT INTO PROVEEDOR_PRODUCTO(PROVEEDOR_ID,PRODUCTO_ID,PRECIO_COMPRA) VALUES(13,933, 1.000000);

-- ===========PRODUCTO [934]
INSERT INTO PRODUCTO(ID,MARCA_ID,NOMBRE,PRESENTACION,CONTENIDO,UNIDADES_POR_CAJA,COSTO,COSTO_VENTA,PRECIO_BASE,UNIDAD_MEDIDA,CODIGO_BARRAS) VALUES(934,84,'Crest Pasta Dental ','Complete Oral B',24,32.0,1.000000,1.000000,1.000000,'ML',7.506195100639E12);

INSERT INTO MOVIMIENTO_HISTORICO_PRODUCTO (ALMACEN_ID,PRODUCTO_ID,FECHA,TIPO_MOVIMIENTO_ID,CANTIDAD,COSTO,PRECIO,USUARIO_ID) VALUES(1,934,now(),30,410,1.000000,1.000000,'root');
INSERT INTO ALMACEN_PRODUCTO(ALMACEN_ID,PRODUCTO_ID,CANTIDAD_ACTUAL,CANTIDAD_MINIMA,PRECIO_VENTA) VALUES (1,934,410,0,1.000000);

INSERT INTO ALMACEN_PRODUCTO(ALMACEN_ID,PRODUCTO_ID,CANTIDAD_ACTUAL,CANTIDAD_MINIMA,PRECIO_VENTA) VALUES (2,934,0,0,1.000000);

INSERT INTO ALMACEN_PRODUCTO(ALMACEN_ID,PRODUCTO_ID,CANTIDAD_ACTUAL,CANTIDAD_MINIMA,PRECIO_VENTA) VALUES (3,934,410,0,1.000000);

INSERT INTO ALMACEN_PRODUCTO(ALMACEN_ID,PRODUCTO_ID,CANTIDAD_ACTUAL,CANTIDAD_MINIMA,PRECIO_VENTA) VALUES (4,934,410,0,1.000000);

INSERT INTO PROVEEDOR_PRODUCTO(PROVEEDOR_ID,PRODUCTO_ID,PRECIO_COMPRA) VALUES(5,934, 1.000000);

-- ===========PRODUCTO [935]
INSERT INTO PRODUCTO(ID,MARCA_ID,NOMBRE,PRESENTACION,CONTENIDO,UNIDADES_POR_CAJA,COSTO,COSTO_VENTA,PRECIO_BASE,UNIDAD_MEDIDA,CODIGO_BARRAS) VALUES(935,45,'Obao Rollon Dama','Frescura Suave',65,24.0,1.000000,1.000000,1.000000,'G',7.501027278487E12);

INSERT INTO MOVIMIENTO_HISTORICO_PRODUCTO (ALMACEN_ID,PRODUCTO_ID,FECHA,TIPO_MOVIMIENTO_ID,CANTIDAD,COSTO,PRECIO,USUARIO_ID) VALUES(1,935,now(),30,26,1.000000,1.000000,'root');
INSERT INTO ALMACEN_PRODUCTO(ALMACEN_ID,PRODUCTO_ID,CANTIDAD_ACTUAL,CANTIDAD_MINIMA,PRECIO_VENTA) VALUES (1,935,26,0,1.000000);

INSERT INTO ALMACEN_PRODUCTO(ALMACEN_ID,PRODUCTO_ID,CANTIDAD_ACTUAL,CANTIDAD_MINIMA,PRECIO_VENTA) VALUES (2,935,0,0,1.000000);

INSERT INTO ALMACEN_PRODUCTO(ALMACEN_ID,PRODUCTO_ID,CANTIDAD_ACTUAL,CANTIDAD_MINIMA,PRECIO_VENTA) VALUES (3,935,26,0,1.000000);

INSERT INTO ALMACEN_PRODUCTO(ALMACEN_ID,PRODUCTO_ID,CANTIDAD_ACTUAL,CANTIDAD_MINIMA,PRECIO_VENTA) VALUES (4,935,26,0,1.000000);

INSERT INTO PROVEEDOR_PRODUCTO(PROVEEDOR_ID,PRODUCTO_ID,PRECIO_COMPRA) VALUES(10,935, 1.000000);

-- ===========PRODUCTO [936]
INSERT INTO PRODUCTO(ID,MARCA_ID,NOMBRE,PRESENTACION,CONTENIDO,UNIDADES_POR_CAJA,COSTO,COSTO_VENTA,PRECIO_BASE,UNIDAD_MEDIDA,CODIGO_BARRAS) VALUES(936,85,'Cutex Quita Esmalte Uñas','Extra Humectante',100,12.0,1.000000,1.000000,1.000000,'ML',7.501015903407E12);

INSERT INTO MOVIMIENTO_HISTORICO_PRODUCTO (ALMACEN_ID,PRODUCTO_ID,FECHA,TIPO_MOVIMIENTO_ID,CANTIDAD,COSTO,PRECIO,USUARIO_ID) VALUES(1,936,now(),30,4,1.000000,1.000000,'root');
INSERT INTO ALMACEN_PRODUCTO(ALMACEN_ID,PRODUCTO_ID,CANTIDAD_ACTUAL,CANTIDAD_MINIMA,PRECIO_VENTA) VALUES (1,936,4,0,1.000000);

INSERT INTO ALMACEN_PRODUCTO(ALMACEN_ID,PRODUCTO_ID,CANTIDAD_ACTUAL,CANTIDAD_MINIMA,PRECIO_VENTA) VALUES (2,936,0,0,1.000000);

INSERT INTO ALMACEN_PRODUCTO(ALMACEN_ID,PRODUCTO_ID,CANTIDAD_ACTUAL,CANTIDAD_MINIMA,PRECIO_VENTA) VALUES (3,936,4,0,1.000000);

INSERT INTO ALMACEN_PRODUCTO(ALMACEN_ID,PRODUCTO_ID,CANTIDAD_ACTUAL,CANTIDAD_MINIMA,PRECIO_VENTA) VALUES (4,936,4,0,1.000000);

INSERT INTO PROVEEDOR_PRODUCTO(PROVEEDOR_ID,PRODUCTO_ID,PRECIO_COMPRA) VALUES(17,936, 1.000000);

-- ===========PRODUCTO [937]
INSERT INTO PRODUCTO(ID,MARCA_ID,NOMBRE,PRESENTACION,CONTENIDO,UNIDADES_POR_CAJA,COSTO,COSTO_VENTA,PRECIO_BASE,UNIDAD_MEDIDA,CODIGO_BARRAS) VALUES(937,19,'Rexona Stick Caballero','Maximus',50,12.0,1.000000,1.000000,1.000000,'G',7.8009356E7);

INSERT INTO MOVIMIENTO_HISTORICO_PRODUCTO (ALMACEN_ID,PRODUCTO_ID,FECHA,TIPO_MOVIMIENTO_ID,CANTIDAD,COSTO,PRECIO,USUARIO_ID) VALUES(1,937,now(),30,12,1.000000,1.000000,'root');
INSERT INTO ALMACEN_PRODUCTO(ALMACEN_ID,PRODUCTO_ID,CANTIDAD_ACTUAL,CANTIDAD_MINIMA,PRECIO_VENTA) VALUES (1,937,12,0,1.000000);

INSERT INTO ALMACEN_PRODUCTO(ALMACEN_ID,PRODUCTO_ID,CANTIDAD_ACTUAL,CANTIDAD_MINIMA,PRECIO_VENTA) VALUES (2,937,0,0,1.000000);

INSERT INTO ALMACEN_PRODUCTO(ALMACEN_ID,PRODUCTO_ID,CANTIDAD_ACTUAL,CANTIDAD_MINIMA,PRECIO_VENTA) VALUES (3,937,12,0,1.000000);

INSERT INTO ALMACEN_PRODUCTO(ALMACEN_ID,PRODUCTO_ID,CANTIDAD_ACTUAL,CANTIDAD_MINIMA,PRECIO_VENTA) VALUES (4,937,12,0,1.000000);

INSERT INTO PROVEEDOR_PRODUCTO(PROVEEDOR_ID,PRODUCTO_ID,PRECIO_COMPRA) VALUES(17,937, 1.000000);

-- ===========PRODUCTO [938]
INSERT INTO PRODUCTO(ID,MARCA_ID,NOMBRE,PRESENTACION,CONTENIDO,UNIDADES_POR_CAJA,COSTO,COSTO_VENTA,PRECIO_BASE,UNIDAD_MEDIDA,CODIGO_BARRAS) VALUES(938,45,'Obao Rollon Dama','Bamboo Breeze',65,12.0,1.000000,1.000000,1.000000,'G',7.501839107852E12);

INSERT INTO MOVIMIENTO_HISTORICO_PRODUCTO (ALMACEN_ID,PRODUCTO_ID,FECHA,TIPO_MOVIMIENTO_ID,CANTIDAD,COSTO,PRECIO,USUARIO_ID) VALUES(1,938,now(),30,12,1.000000,1.000000,'root');
INSERT INTO ALMACEN_PRODUCTO(ALMACEN_ID,PRODUCTO_ID,CANTIDAD_ACTUAL,CANTIDAD_MINIMA,PRECIO_VENTA) VALUES (1,938,12,0,1.000000);

INSERT INTO ALMACEN_PRODUCTO(ALMACEN_ID,PRODUCTO_ID,CANTIDAD_ACTUAL,CANTIDAD_MINIMA,PRECIO_VENTA) VALUES (2,938,0,0,1.000000);

INSERT INTO ALMACEN_PRODUCTO(ALMACEN_ID,PRODUCTO_ID,CANTIDAD_ACTUAL,CANTIDAD_MINIMA,PRECIO_VENTA) VALUES (3,938,12,0,1.000000);

INSERT INTO ALMACEN_PRODUCTO(ALMACEN_ID,PRODUCTO_ID,CANTIDAD_ACTUAL,CANTIDAD_MINIMA,PRECIO_VENTA) VALUES (4,938,12,0,1.000000);

INSERT INTO PROVEEDOR_PRODUCTO(PROVEEDOR_ID,PRODUCTO_ID,PRECIO_COMPRA) VALUES(10,938, 1.000000);

-- ===========PRODUCTO [939]
INSERT INTO PRODUCTO(ID,MARCA_ID,NOMBRE,PRESENTACION,CONTENIDO,UNIDADES_POR_CAJA,COSTO,COSTO_VENTA,PRECIO_BASE,UNIDAD_MEDIDA,CODIGO_BARRAS) VALUES(939,9,'Coty Body Fresh Rollon Dama','Morning Glory',70,12.0,1.000000,1.000000,1.000000,'ML',7.501737403827E12);

INSERT INTO MOVIMIENTO_HISTORICO_PRODUCTO (ALMACEN_ID,PRODUCTO_ID,FECHA,TIPO_MOVIMIENTO_ID,CANTIDAD,COSTO,PRECIO,USUARIO_ID) VALUES(1,939,now(),30,10,1.000000,1.000000,'root');
INSERT INTO ALMACEN_PRODUCTO(ALMACEN_ID,PRODUCTO_ID,CANTIDAD_ACTUAL,CANTIDAD_MINIMA,PRECIO_VENTA) VALUES (1,939,10,0,1.000000);

INSERT INTO ALMACEN_PRODUCTO(ALMACEN_ID,PRODUCTO_ID,CANTIDAD_ACTUAL,CANTIDAD_MINIMA,PRECIO_VENTA) VALUES (2,939,0,0,1.000000);

INSERT INTO ALMACEN_PRODUCTO(ALMACEN_ID,PRODUCTO_ID,CANTIDAD_ACTUAL,CANTIDAD_MINIMA,PRECIO_VENTA) VALUES (3,939,10,0,1.000000);

INSERT INTO ALMACEN_PRODUCTO(ALMACEN_ID,PRODUCTO_ID,CANTIDAD_ACTUAL,CANTIDAD_MINIMA,PRECIO_VENTA) VALUES (4,939,10,0,1.000000);

INSERT INTO PROVEEDOR_PRODUCTO(PROVEEDOR_ID,PRODUCTO_ID,PRECIO_COMPRA) VALUES(13,939, 1.000000);

-- ===========PRODUCTO [940]
INSERT INTO PRODUCTO(ID,MARCA_ID,NOMBRE,PRESENTACION,CONTENIDO,UNIDADES_POR_CAJA,COSTO,COSTO_VENTA,PRECIO_BASE,UNIDAD_MEDIDA,CODIGO_BARRAS) VALUES(940,2,'Adidas Rollon Dama','Fruity Rhythm',50,12.0,1.000000,1.000000,1.000000,'G',7.501737400871E12);

INSERT INTO MOVIMIENTO_HISTORICO_PRODUCTO (ALMACEN_ID,PRODUCTO_ID,FECHA,TIPO_MOVIMIENTO_ID,CANTIDAD,COSTO,PRECIO,USUARIO_ID) VALUES(1,940,now(),30,12,1.000000,1.000000,'root');
INSERT INTO ALMACEN_PRODUCTO(ALMACEN_ID,PRODUCTO_ID,CANTIDAD_ACTUAL,CANTIDAD_MINIMA,PRECIO_VENTA) VALUES (1,940,12,0,1.000000);

INSERT INTO ALMACEN_PRODUCTO(ALMACEN_ID,PRODUCTO_ID,CANTIDAD_ACTUAL,CANTIDAD_MINIMA,PRECIO_VENTA) VALUES (2,940,0,0,1.000000);

INSERT INTO ALMACEN_PRODUCTO(ALMACEN_ID,PRODUCTO_ID,CANTIDAD_ACTUAL,CANTIDAD_MINIMA,PRECIO_VENTA) VALUES (3,940,12,0,1.000000);

INSERT INTO ALMACEN_PRODUCTO(ALMACEN_ID,PRODUCTO_ID,CANTIDAD_ACTUAL,CANTIDAD_MINIMA,PRECIO_VENTA) VALUES (4,940,12,0,1.000000);

INSERT INTO PROVEEDOR_PRODUCTO(PROVEEDOR_ID,PRODUCTO_ID,PRECIO_COMPRA) VALUES(13,940, 1.000000);

-- ===========PRODUCTO [941]
INSERT INTO PRODUCTO(ID,MARCA_ID,NOMBRE,PRESENTACION,CONTENIDO,UNIDADES_POR_CAJA,COSTO,COSTO_VENTA,PRECIO_BASE,UNIDAD_MEDIDA,CODIGO_BARRAS) VALUES(941,45,'Obao Rollon Dama','Sweet Dreams',65,12.0,1.000000,1.000000,1.000000,'G',7.501839114485E12);

INSERT INTO MOVIMIENTO_HISTORICO_PRODUCTO (ALMACEN_ID,PRODUCTO_ID,FECHA,TIPO_MOVIMIENTO_ID,CANTIDAD,COSTO,PRECIO,USUARIO_ID) VALUES(1,941,now(),30,16,1.000000,1.000000,'root');
INSERT INTO ALMACEN_PRODUCTO(ALMACEN_ID,PRODUCTO_ID,CANTIDAD_ACTUAL,CANTIDAD_MINIMA,PRECIO_VENTA) VALUES (1,941,16,0,1.000000);

INSERT INTO ALMACEN_PRODUCTO(ALMACEN_ID,PRODUCTO_ID,CANTIDAD_ACTUAL,CANTIDAD_MINIMA,PRECIO_VENTA) VALUES (2,941,0,0,1.000000);

INSERT INTO ALMACEN_PRODUCTO(ALMACEN_ID,PRODUCTO_ID,CANTIDAD_ACTUAL,CANTIDAD_MINIMA,PRECIO_VENTA) VALUES (3,941,16,0,1.000000);

INSERT INTO ALMACEN_PRODUCTO(ALMACEN_ID,PRODUCTO_ID,CANTIDAD_ACTUAL,CANTIDAD_MINIMA,PRECIO_VENTA) VALUES (4,941,16,0,1.000000);

INSERT INTO PROVEEDOR_PRODUCTO(PROVEEDOR_ID,PRODUCTO_ID,PRECIO_COMPRA) VALUES(13,941, 1.000000);

-- ===========PRODUCTO [942]
INSERT INTO PRODUCTO(ID,MARCA_ID,NOMBRE,PRESENTACION,CONTENIDO,UNIDADES_POR_CAJA,COSTO,COSTO_VENTA,PRECIO_BASE,UNIDAD_MEDIDA,CODIGO_BARRAS) VALUES(942,51,'Secret Rollon Dama','Manzana Radiante',50,12.0,1.000000,1.000000,1.000000,'ML',7.5020484E7);

INSERT INTO MOVIMIENTO_HISTORICO_PRODUCTO (ALMACEN_ID,PRODUCTO_ID,FECHA,TIPO_MOVIMIENTO_ID,CANTIDAD,COSTO,PRECIO,USUARIO_ID) VALUES(1,942,now(),30,7,1.000000,1.000000,'root');
INSERT INTO ALMACEN_PRODUCTO(ALMACEN_ID,PRODUCTO_ID,CANTIDAD_ACTUAL,CANTIDAD_MINIMA,PRECIO_VENTA) VALUES (1,942,7,0,1.000000);

INSERT INTO ALMACEN_PRODUCTO(ALMACEN_ID,PRODUCTO_ID,CANTIDAD_ACTUAL,CANTIDAD_MINIMA,PRECIO_VENTA) VALUES (2,942,0,0,1.000000);

INSERT INTO ALMACEN_PRODUCTO(ALMACEN_ID,PRODUCTO_ID,CANTIDAD_ACTUAL,CANTIDAD_MINIMA,PRECIO_VENTA) VALUES (3,942,7,0,1.000000);

INSERT INTO ALMACEN_PRODUCTO(ALMACEN_ID,PRODUCTO_ID,CANTIDAD_ACTUAL,CANTIDAD_MINIMA,PRECIO_VENTA) VALUES (4,942,7,0,1.000000);

INSERT INTO PROVEEDOR_PRODUCTO(PROVEEDOR_ID,PRODUCTO_ID,PRECIO_COMPRA) VALUES(10,942, 1.000000);

-- ===========PRODUCTO [943]
INSERT INTO PRODUCTO(ID,MARCA_ID,NOMBRE,PRESENTACION,CONTENIDO,UNIDADES_POR_CAJA,COSTO,COSTO_VENTA,PRECIO_BASE,UNIDAD_MEDIDA,CODIGO_BARRAS) VALUES(943,67,'Curity Biberon Silicon','4 Meses',9,24.0,1.000000,1.000000,1.000000,'Oz',7.509546012292E12);

INSERT INTO MOVIMIENTO_HISTORICO_PRODUCTO (ALMACEN_ID,PRODUCTO_ID,FECHA,TIPO_MOVIMIENTO_ID,CANTIDAD,COSTO,PRECIO,USUARIO_ID) VALUES(1,943,now(),30,24,1.000000,1.000000,'root');
INSERT INTO ALMACEN_PRODUCTO(ALMACEN_ID,PRODUCTO_ID,CANTIDAD_ACTUAL,CANTIDAD_MINIMA,PRECIO_VENTA) VALUES (1,943,24,0,1.000000);

INSERT INTO ALMACEN_PRODUCTO(ALMACEN_ID,PRODUCTO_ID,CANTIDAD_ACTUAL,CANTIDAD_MINIMA,PRECIO_VENTA) VALUES (2,943,0,0,1.000000);

INSERT INTO ALMACEN_PRODUCTO(ALMACEN_ID,PRODUCTO_ID,CANTIDAD_ACTUAL,CANTIDAD_MINIMA,PRECIO_VENTA) VALUES (3,943,24,0,1.000000);

INSERT INTO ALMACEN_PRODUCTO(ALMACEN_ID,PRODUCTO_ID,CANTIDAD_ACTUAL,CANTIDAD_MINIMA,PRECIO_VENTA) VALUES (4,943,24,0,1.000000);

INSERT INTO PROVEEDOR_PRODUCTO(PROVEEDOR_ID,PRODUCTO_ID,PRECIO_COMPRA) VALUES(6,943, 1.000000);

-- ===========PRODUCTO [944]
INSERT INTO PRODUCTO(ID,MARCA_ID,NOMBRE,PRESENTACION,CONTENIDO,UNIDADES_POR_CAJA,COSTO,COSTO_VENTA,PRECIO_BASE,UNIDAD_MEDIDA,CODIGO_BARRAS) VALUES(944,67,'Curity Mamila de Silicon','3 Meses',1,24.0,1.000000,1.000000,1.000000,'PZ',7.509546024103E12);

INSERT INTO MOVIMIENTO_HISTORICO_PRODUCTO (ALMACEN_ID,PRODUCTO_ID,FECHA,TIPO_MOVIMIENTO_ID,CANTIDAD,COSTO,PRECIO,USUARIO_ID) VALUES(1,944,now(),30,15,1.000000,1.000000,'root');
INSERT INTO ALMACEN_PRODUCTO(ALMACEN_ID,PRODUCTO_ID,CANTIDAD_ACTUAL,CANTIDAD_MINIMA,PRECIO_VENTA) VALUES (1,944,15,0,1.000000);

INSERT INTO ALMACEN_PRODUCTO(ALMACEN_ID,PRODUCTO_ID,CANTIDAD_ACTUAL,CANTIDAD_MINIMA,PRECIO_VENTA) VALUES (2,944,0,0,1.000000);

INSERT INTO ALMACEN_PRODUCTO(ALMACEN_ID,PRODUCTO_ID,CANTIDAD_ACTUAL,CANTIDAD_MINIMA,PRECIO_VENTA) VALUES (3,944,15,0,1.000000);

INSERT INTO ALMACEN_PRODUCTO(ALMACEN_ID,PRODUCTO_ID,CANTIDAD_ACTUAL,CANTIDAD_MINIMA,PRECIO_VENTA) VALUES (4,944,15,0,1.000000);

INSERT INTO PROVEEDOR_PRODUCTO(PROVEEDOR_ID,PRODUCTO_ID,PRECIO_COMPRA) VALUES(6,944, 1.000000);

-- ===========PRODUCTO [945]
INSERT INTO PRODUCTO(ID,MARCA_ID,NOMBRE,PRESENTACION,CONTENIDO,UNIDADES_POR_CAJA,COSTO,COSTO_VENTA,PRECIO_BASE,UNIDAD_MEDIDA,CODIGO_BARRAS) VALUES(945,57,'Mennen Baby Magic Crema','Sonrisas y Abrazos',200,24.0,1.000000,1.000000,1.000000,'ML',7.509546050379E12);

INSERT INTO MOVIMIENTO_HISTORICO_PRODUCTO (ALMACEN_ID,PRODUCTO_ID,FECHA,TIPO_MOVIMIENTO_ID,CANTIDAD,COSTO,PRECIO,USUARIO_ID) VALUES(1,945,now(),30,22,1.000000,1.000000,'root');
INSERT INTO ALMACEN_PRODUCTO(ALMACEN_ID,PRODUCTO_ID,CANTIDAD_ACTUAL,CANTIDAD_MINIMA,PRECIO_VENTA) VALUES (1,945,22,0,1.000000);

INSERT INTO ALMACEN_PRODUCTO(ALMACEN_ID,PRODUCTO_ID,CANTIDAD_ACTUAL,CANTIDAD_MINIMA,PRECIO_VENTA) VALUES (2,945,1,0,1.000000);

INSERT INTO ALMACEN_PRODUCTO(ALMACEN_ID,PRODUCTO_ID,CANTIDAD_ACTUAL,CANTIDAD_MINIMA,PRECIO_VENTA) VALUES (3,945,22,0,1.000000);

INSERT INTO ALMACEN_PRODUCTO(ALMACEN_ID,PRODUCTO_ID,CANTIDAD_ACTUAL,CANTIDAD_MINIMA,PRECIO_VENTA) VALUES (4,945,22,0,1.000000);

INSERT INTO PROVEEDOR_PRODUCTO(PROVEEDOR_ID,PRODUCTO_ID,PRECIO_COMPRA) VALUES(6,945, 1.000000);

-- ===========PRODUCTO [947]
INSERT INTO PRODUCTO(ID,MARCA_ID,NOMBRE,PRESENTACION,CONTENIDO,UNIDADES_POR_CAJA,COSTO,COSTO_VENTA,PRECIO_BASE,UNIDAD_MEDIDA,CODIGO_BARRAS) VALUES(947,57,'Mennen Baby Magic Crema','Hipoalergenico Niños',200,24.0,1.000000,1.000000,1.000000,'ML',7.501035908192E12);

INSERT INTO MOVIMIENTO_HISTORICO_PRODUCTO (ALMACEN_ID,PRODUCTO_ID,FECHA,TIPO_MOVIMIENTO_ID,CANTIDAD,COSTO,PRECIO,USUARIO_ID) VALUES(1,947,now(),30,14,1.000000,1.000000,'root');
INSERT INTO ALMACEN_PRODUCTO(ALMACEN_ID,PRODUCTO_ID,CANTIDAD_ACTUAL,CANTIDAD_MINIMA,PRECIO_VENTA) VALUES (1,947,14,0,1.000000);

INSERT INTO ALMACEN_PRODUCTO(ALMACEN_ID,PRODUCTO_ID,CANTIDAD_ACTUAL,CANTIDAD_MINIMA,PRECIO_VENTA) VALUES (2,947,0,0,1.000000);

INSERT INTO ALMACEN_PRODUCTO(ALMACEN_ID,PRODUCTO_ID,CANTIDAD_ACTUAL,CANTIDAD_MINIMA,PRECIO_VENTA) VALUES (3,947,14,0,1.000000);

INSERT INTO ALMACEN_PRODUCTO(ALMACEN_ID,PRODUCTO_ID,CANTIDAD_ACTUAL,CANTIDAD_MINIMA,PRECIO_VENTA) VALUES (4,947,14,0,1.000000);

INSERT INTO PROVEEDOR_PRODUCTO(PROVEEDOR_ID,PRODUCTO_ID,PRECIO_COMPRA) VALUES(6,947, 1.000000);

-- ===========PRODUCTO [948]
INSERT INTO PRODUCTO(ID,MARCA_ID,NOMBRE,PRESENTACION,CONTENIDO,UNIDADES_POR_CAJA,COSTO,COSTO_VENTA,PRECIO_BASE,UNIDAD_MEDIDA,CODIGO_BARRAS) VALUES(948,86,'Johnsons Baby Colonia','Antes de Dormir',200,12.0,1.000000,1.000000,1.000000,'ML',7.702031142867E12);

INSERT INTO MOVIMIENTO_HISTORICO_PRODUCTO (ALMACEN_ID,PRODUCTO_ID,FECHA,TIPO_MOVIMIENTO_ID,CANTIDAD,COSTO,PRECIO,USUARIO_ID) VALUES(1,948,now(),30,12,1.000000,1.000000,'root');
INSERT INTO ALMACEN_PRODUCTO(ALMACEN_ID,PRODUCTO_ID,CANTIDAD_ACTUAL,CANTIDAD_MINIMA,PRECIO_VENTA) VALUES (1,948,12,0,1.000000);

INSERT INTO ALMACEN_PRODUCTO(ALMACEN_ID,PRODUCTO_ID,CANTIDAD_ACTUAL,CANTIDAD_MINIMA,PRECIO_VENTA) VALUES (2,948,0,0,1.000000);

INSERT INTO ALMACEN_PRODUCTO(ALMACEN_ID,PRODUCTO_ID,CANTIDAD_ACTUAL,CANTIDAD_MINIMA,PRECIO_VENTA) VALUES (3,948,12,0,1.000000);

INSERT INTO ALMACEN_PRODUCTO(ALMACEN_ID,PRODUCTO_ID,CANTIDAD_ACTUAL,CANTIDAD_MINIMA,PRECIO_VENTA) VALUES (4,948,12,0,1.000000);

INSERT INTO PROVEEDOR_PRODUCTO(PROVEEDOR_ID,PRODUCTO_ID,PRECIO_COMPRA) VALUES(19,948, 1.000000);

-- ===========PRODUCTO [949]
INSERT INTO PRODUCTO(ID,MARCA_ID,NOMBRE,PRESENTACION,CONTENIDO,UNIDADES_POR_CAJA,COSTO,COSTO_VENTA,PRECIO_BASE,UNIDAD_MEDIDA,CODIGO_BARRAS) VALUES(949,57,'Mennen Baby Magic Aceite','Sabila',200,24.0,1.000000,1.000000,1.000000,'ML',7.501035908284E12);

INSERT INTO MOVIMIENTO_HISTORICO_PRODUCTO (ALMACEN_ID,PRODUCTO_ID,FECHA,TIPO_MOVIMIENTO_ID,CANTIDAD,COSTO,PRECIO,USUARIO_ID) VALUES(1,949,now(),30,24,1.000000,1.000000,'root');
INSERT INTO ALMACEN_PRODUCTO(ALMACEN_ID,PRODUCTO_ID,CANTIDAD_ACTUAL,CANTIDAD_MINIMA,PRECIO_VENTA) VALUES (1,949,24,0,1.000000);

INSERT INTO ALMACEN_PRODUCTO(ALMACEN_ID,PRODUCTO_ID,CANTIDAD_ACTUAL,CANTIDAD_MINIMA,PRECIO_VENTA) VALUES (2,949,0,0,1.000000);

INSERT INTO ALMACEN_PRODUCTO(ALMACEN_ID,PRODUCTO_ID,CANTIDAD_ACTUAL,CANTIDAD_MINIMA,PRECIO_VENTA) VALUES (3,949,24,0,1.000000);

INSERT INTO ALMACEN_PRODUCTO(ALMACEN_ID,PRODUCTO_ID,CANTIDAD_ACTUAL,CANTIDAD_MINIMA,PRECIO_VENTA) VALUES (4,949,24,0,1.000000);

INSERT INTO PROVEEDOR_PRODUCTO(PROVEEDOR_ID,PRODUCTO_ID,PRECIO_COMPRA) VALUES(6,949, 1.000000);

-- ===========PRODUCTO [950]
INSERT INTO PRODUCTO(ID,MARCA_ID,NOMBRE,PRESENTACION,CONTENIDO,UNIDADES_POR_CAJA,COSTO,COSTO_VENTA,PRECIO_BASE,UNIDAD_MEDIDA,CODIGO_BARRAS) VALUES(950,57,'Mennen Baby Magic Jabón Solido','Hipoalergenico',90,96.0,1.000000,1.000000,1.000000,'G',7.501035909236E12);

INSERT INTO MOVIMIENTO_HISTORICO_PRODUCTO (ALMACEN_ID,PRODUCTO_ID,FECHA,TIPO_MOVIMIENTO_ID,CANTIDAD,COSTO,PRECIO,USUARIO_ID) VALUES(1,950,now(),30,94,1.000000,1.000000,'root');
INSERT INTO ALMACEN_PRODUCTO(ALMACEN_ID,PRODUCTO_ID,CANTIDAD_ACTUAL,CANTIDAD_MINIMA,PRECIO_VENTA) VALUES (1,950,94,0,1.000000);

INSERT INTO ALMACEN_PRODUCTO(ALMACEN_ID,PRODUCTO_ID,CANTIDAD_ACTUAL,CANTIDAD_MINIMA,PRECIO_VENTA) VALUES (2,950,0,0,1.000000);

INSERT INTO ALMACEN_PRODUCTO(ALMACEN_ID,PRODUCTO_ID,CANTIDAD_ACTUAL,CANTIDAD_MINIMA,PRECIO_VENTA) VALUES (3,950,94,0,1.000000);

INSERT INTO ALMACEN_PRODUCTO(ALMACEN_ID,PRODUCTO_ID,CANTIDAD_ACTUAL,CANTIDAD_MINIMA,PRECIO_VENTA) VALUES (4,950,94,0,1.000000);

INSERT INTO PROVEEDOR_PRODUCTO(PROVEEDOR_ID,PRODUCTO_ID,PRECIO_COMPRA) VALUES(6,950, 1.000000);

-- ===========PRODUCTO [951]
INSERT INTO PRODUCTO(ID,MARCA_ID,NOMBRE,PRESENTACION,CONTENIDO,UNIDADES_POR_CAJA,COSTO,COSTO_VENTA,PRECIO_BASE,UNIDAD_MEDIDA,CODIGO_BARRAS) VALUES(951,12,'Ammens Talco Desodorante','Pies',150,12.0,1.000000,1.000000,1.000000,'G',7.502221182112E12);

INSERT INTO MOVIMIENTO_HISTORICO_PRODUCTO (ALMACEN_ID,PRODUCTO_ID,FECHA,TIPO_MOVIMIENTO_ID,CANTIDAD,COSTO,PRECIO,USUARIO_ID) VALUES(1,951,now(),30,3,1.000000,1.000000,'root');
INSERT INTO ALMACEN_PRODUCTO(ALMACEN_ID,PRODUCTO_ID,CANTIDAD_ACTUAL,CANTIDAD_MINIMA,PRECIO_VENTA) VALUES (1,951,3,0,1.000000);

INSERT INTO ALMACEN_PRODUCTO(ALMACEN_ID,PRODUCTO_ID,CANTIDAD_ACTUAL,CANTIDAD_MINIMA,PRECIO_VENTA) VALUES (2,951,0,0,1.000000);

INSERT INTO ALMACEN_PRODUCTO(ALMACEN_ID,PRODUCTO_ID,CANTIDAD_ACTUAL,CANTIDAD_MINIMA,PRECIO_VENTA) VALUES (3,951,3,0,1.000000);

INSERT INTO ALMACEN_PRODUCTO(ALMACEN_ID,PRODUCTO_ID,CANTIDAD_ACTUAL,CANTIDAD_MINIMA,PRECIO_VENTA) VALUES (4,951,3,0,1.000000);

INSERT INTO PROVEEDOR_PRODUCTO(PROVEEDOR_ID,PRODUCTO_ID,PRECIO_COMPRA) VALUES(18,951, 1.000000);

-- ===========PRODUCTO [952]
INSERT INTO PRODUCTO(ID,MARCA_ID,NOMBRE,PRESENTACION,CONTENIDO,UNIDADES_POR_CAJA,COSTO,COSTO_VENTA,PRECIO_BASE,UNIDAD_MEDIDA,CODIGO_BARRAS) VALUES(952,12,'Ammens Talco Desodorante','Pies',250,12.0,1.000000,1.000000,1.000000,'G',7.502221182198E12);

INSERT INTO MOVIMIENTO_HISTORICO_PRODUCTO (ALMACEN_ID,PRODUCTO_ID,FECHA,TIPO_MOVIMIENTO_ID,CANTIDAD,COSTO,PRECIO,USUARIO_ID) VALUES(1,952,now(),30,6,1.000000,1.000000,'root');
INSERT INTO ALMACEN_PRODUCTO(ALMACEN_ID,PRODUCTO_ID,CANTIDAD_ACTUAL,CANTIDAD_MINIMA,PRECIO_VENTA) VALUES (1,952,6,0,1.000000);

INSERT INTO ALMACEN_PRODUCTO(ALMACEN_ID,PRODUCTO_ID,CANTIDAD_ACTUAL,CANTIDAD_MINIMA,PRECIO_VENTA) VALUES (2,952,2,0,1.000000);

INSERT INTO ALMACEN_PRODUCTO(ALMACEN_ID,PRODUCTO_ID,CANTIDAD_ACTUAL,CANTIDAD_MINIMA,PRECIO_VENTA) VALUES (3,952,6,0,1.000000);

INSERT INTO ALMACEN_PRODUCTO(ALMACEN_ID,PRODUCTO_ID,CANTIDAD_ACTUAL,CANTIDAD_MINIMA,PRECIO_VENTA) VALUES (4,952,6,0,1.000000);

INSERT INTO PROVEEDOR_PRODUCTO(PROVEEDOR_ID,PRODUCTO_ID,PRECIO_COMPRA) VALUES(18,952, 1.000000);

-- ===========PRODUCTO [953]
INSERT INTO PRODUCTO(ID,MARCA_ID,NOMBRE,PRESENTACION,CONTENIDO,UNIDADES_POR_CAJA,COSTO,COSTO_VENTA,PRECIO_BASE,UNIDAD_MEDIDA,CODIGO_BARRAS) VALUES(953,12,'Ammens Talco Desodorante','Original',250,12.0,1.000000,1.000000,1.000000,'G',7.502221182136E12);

INSERT INTO MOVIMIENTO_HISTORICO_PRODUCTO (ALMACEN_ID,PRODUCTO_ID,FECHA,TIPO_MOVIMIENTO_ID,CANTIDAD,COSTO,PRECIO,USUARIO_ID) VALUES(1,953,now(),30,12,1.000000,1.000000,'root');
INSERT INTO ALMACEN_PRODUCTO(ALMACEN_ID,PRODUCTO_ID,CANTIDAD_ACTUAL,CANTIDAD_MINIMA,PRECIO_VENTA) VALUES (1,953,12,0,1.000000);

INSERT INTO ALMACEN_PRODUCTO(ALMACEN_ID,PRODUCTO_ID,CANTIDAD_ACTUAL,CANTIDAD_MINIMA,PRECIO_VENTA) VALUES (2,953,18,0,1.000000);

INSERT INTO ALMACEN_PRODUCTO(ALMACEN_ID,PRODUCTO_ID,CANTIDAD_ACTUAL,CANTIDAD_MINIMA,PRECIO_VENTA) VALUES (3,953,12,0,1.000000);

INSERT INTO ALMACEN_PRODUCTO(ALMACEN_ID,PRODUCTO_ID,CANTIDAD_ACTUAL,CANTIDAD_MINIMA,PRECIO_VENTA) VALUES (4,953,12,0,1.000000);

INSERT INTO PROVEEDOR_PRODUCTO(PROVEEDOR_ID,PRODUCTO_ID,PRECIO_COMPRA) VALUES(18,953, 1.000000);

-- ===========PRODUCTO [954]
INSERT INTO PRODUCTO(ID,MARCA_ID,NOMBRE,PRESENTACION,CONTENIDO,UNIDADES_POR_CAJA,COSTO,COSTO_VENTA,PRECIO_BASE,UNIDAD_MEDIDA,CODIGO_BARRAS) VALUES(954,12,'Ammens Talco Desodorante','Fresco Aroma',250,12.0,1.000000,1.000000,1.000000,'G',7.50222118215E12);

INSERT INTO MOVIMIENTO_HISTORICO_PRODUCTO (ALMACEN_ID,PRODUCTO_ID,FECHA,TIPO_MOVIMIENTO_ID,CANTIDAD,COSTO,PRECIO,USUARIO_ID) VALUES(1,954,now(),30,12,1.000000,1.000000,'root');
INSERT INTO ALMACEN_PRODUCTO(ALMACEN_ID,PRODUCTO_ID,CANTIDAD_ACTUAL,CANTIDAD_MINIMA,PRECIO_VENTA) VALUES (1,954,12,0,1.000000);

INSERT INTO ALMACEN_PRODUCTO(ALMACEN_ID,PRODUCTO_ID,CANTIDAD_ACTUAL,CANTIDAD_MINIMA,PRECIO_VENTA) VALUES (2,954,67,0,1.000000);

INSERT INTO ALMACEN_PRODUCTO(ALMACEN_ID,PRODUCTO_ID,CANTIDAD_ACTUAL,CANTIDAD_MINIMA,PRECIO_VENTA) VALUES (3,954,12,0,1.000000);

INSERT INTO ALMACEN_PRODUCTO(ALMACEN_ID,PRODUCTO_ID,CANTIDAD_ACTUAL,CANTIDAD_MINIMA,PRECIO_VENTA) VALUES (4,954,12,0,1.000000);

INSERT INTO PROVEEDOR_PRODUCTO(PROVEEDOR_ID,PRODUCTO_ID,PRECIO_COMPRA) VALUES(18,954, 1.000000);

-- ===========PRODUCTO [955]
INSERT INTO PRODUCTO(ID,MARCA_ID,NOMBRE,PRESENTACION,CONTENIDO,UNIDADES_POR_CAJA,COSTO,COSTO_VENTA,PRECIO_BASE,UNIDAD_MEDIDA,CODIGO_BARRAS) VALUES(955,58,'Silk Hair Silica','Uva',60,35.0,1.000000,1.000000,1.000000,'ML',7.502245720109E12);

INSERT INTO MOVIMIENTO_HISTORICO_PRODUCTO (ALMACEN_ID,PRODUCTO_ID,FECHA,TIPO_MOVIMIENTO_ID,CANTIDAD,COSTO,PRECIO,USUARIO_ID) VALUES(1,955,now(),30,5,1.000000,1.000000,'root');
INSERT INTO ALMACEN_PRODUCTO(ALMACEN_ID,PRODUCTO_ID,CANTIDAD_ACTUAL,CANTIDAD_MINIMA,PRECIO_VENTA) VALUES (1,955,5,0,1.000000);

INSERT INTO ALMACEN_PRODUCTO(ALMACEN_ID,PRODUCTO_ID,CANTIDAD_ACTUAL,CANTIDAD_MINIMA,PRECIO_VENTA) VALUES (2,955,0,0,1.000000);

INSERT INTO ALMACEN_PRODUCTO(ALMACEN_ID,PRODUCTO_ID,CANTIDAD_ACTUAL,CANTIDAD_MINIMA,PRECIO_VENTA) VALUES (3,955,5,0,1.000000);

INSERT INTO ALMACEN_PRODUCTO(ALMACEN_ID,PRODUCTO_ID,CANTIDAD_ACTUAL,CANTIDAD_MINIMA,PRECIO_VENTA) VALUES (4,955,5,0,1.000000);

INSERT INTO PROVEEDOR_PRODUCTO(PROVEEDOR_ID,PRODUCTO_ID,PRECIO_COMPRA) VALUES(27,955, 1.000000);

-- ===========PRODUCTO [956]
INSERT INTO PRODUCTO(ID,MARCA_ID,NOMBRE,PRESENTACION,CONTENIDO,UNIDADES_POR_CAJA,COSTO,COSTO_VENTA,PRECIO_BASE,UNIDAD_MEDIDA,CODIGO_BARRAS) VALUES(956,87,'Maybelline Desmaquillante Bifásico','Ojos',125,2.0,1.000000,1.000000,1.000000,'ML',8.024417183189E12);

INSERT INTO MOVIMIENTO_HISTORICO_PRODUCTO (ALMACEN_ID,PRODUCTO_ID,FECHA,TIPO_MOVIMIENTO_ID,CANTIDAD,COSTO,PRECIO,USUARIO_ID) VALUES(1,956,now(),30,12,1.000000,1.000000,'root');
INSERT INTO ALMACEN_PRODUCTO(ALMACEN_ID,PRODUCTO_ID,CANTIDAD_ACTUAL,CANTIDAD_MINIMA,PRECIO_VENTA) VALUES (1,956,12,0,1.000000);

INSERT INTO ALMACEN_PRODUCTO(ALMACEN_ID,PRODUCTO_ID,CANTIDAD_ACTUAL,CANTIDAD_MINIMA,PRECIO_VENTA) VALUES (2,956,0,0,1.000000);

INSERT INTO ALMACEN_PRODUCTO(ALMACEN_ID,PRODUCTO_ID,CANTIDAD_ACTUAL,CANTIDAD_MINIMA,PRECIO_VENTA) VALUES (3,956,12,0,1.000000);

INSERT INTO ALMACEN_PRODUCTO(ALMACEN_ID,PRODUCTO_ID,CANTIDAD_ACTUAL,CANTIDAD_MINIMA,PRECIO_VENTA) VALUES (4,956,12,0,1.000000);

INSERT INTO PROVEEDOR_PRODUCTO(PROVEEDOR_ID,PRODUCTO_ID,PRECIO_COMPRA) VALUES(14,956, 1.000000);

-- ===========PRODUCTO [957]
INSERT INTO PRODUCTO(ID,MARCA_ID,NOMBRE,PRESENTACION,CONTENIDO,UNIDADES_POR_CAJA,COSTO,COSTO_VENTA,PRECIO_BASE,UNIDAD_MEDIDA,CODIGO_BARRAS) VALUES(957,14,'Fructis Garnier Shampoo','Sensitive',350,12.0,1.000000,1.000000,1.000000,'Ml',7.501839129427E12);

INSERT INTO MOVIMIENTO_HISTORICO_PRODUCTO (ALMACEN_ID,PRODUCTO_ID,FECHA,TIPO_MOVIMIENTO_ID,CANTIDAD,COSTO,PRECIO,USUARIO_ID) VALUES(1,957,now(),30,12,1.000000,1.000000,'root');
INSERT INTO ALMACEN_PRODUCTO(ALMACEN_ID,PRODUCTO_ID,CANTIDAD_ACTUAL,CANTIDAD_MINIMA,PRECIO_VENTA) VALUES (1,957,12,0,1.000000);

INSERT INTO ALMACEN_PRODUCTO(ALMACEN_ID,PRODUCTO_ID,CANTIDAD_ACTUAL,CANTIDAD_MINIMA,PRECIO_VENTA) VALUES (2,957,0,0,1.000000);

INSERT INTO ALMACEN_PRODUCTO(ALMACEN_ID,PRODUCTO_ID,CANTIDAD_ACTUAL,CANTIDAD_MINIMA,PRECIO_VENTA) VALUES (3,957,12,0,1.000000);

INSERT INTO ALMACEN_PRODUCTO(ALMACEN_ID,PRODUCTO_ID,CANTIDAD_ACTUAL,CANTIDAD_MINIMA,PRECIO_VENTA) VALUES (4,957,12,0,1.000000);

INSERT INTO PROVEEDOR_PRODUCTO(PROVEEDOR_ID,PRODUCTO_ID,PRECIO_COMPRA) VALUES(13,957, 1.000000);

-- ===========PRODUCTO [958]
INSERT INTO PRODUCTO(ID,MARCA_ID,NOMBRE,PRESENTACION,CONTENIDO,UNIDADES_POR_CAJA,COSTO,COSTO_VENTA,PRECIO_BASE,UNIDAD_MEDIDA,CODIGO_BARRAS) VALUES(958,14,'Fructis Garnier Shampoo','Liso absoluto alaciado',350,12.0,1.000000,1.000000,1.000000,'Ml',7.506078965539E12);

INSERT INTO MOVIMIENTO_HISTORICO_PRODUCTO (ALMACEN_ID,PRODUCTO_ID,FECHA,TIPO_MOVIMIENTO_ID,CANTIDAD,COSTO,PRECIO,USUARIO_ID) VALUES(1,958,now(),30,12,1.000000,1.000000,'root');
INSERT INTO ALMACEN_PRODUCTO(ALMACEN_ID,PRODUCTO_ID,CANTIDAD_ACTUAL,CANTIDAD_MINIMA,PRECIO_VENTA) VALUES (1,958,12,0,1.000000);

INSERT INTO ALMACEN_PRODUCTO(ALMACEN_ID,PRODUCTO_ID,CANTIDAD_ACTUAL,CANTIDAD_MINIMA,PRECIO_VENTA) VALUES (2,958,0,0,1.000000);

INSERT INTO ALMACEN_PRODUCTO(ALMACEN_ID,PRODUCTO_ID,CANTIDAD_ACTUAL,CANTIDAD_MINIMA,PRECIO_VENTA) VALUES (3,958,12,0,1.000000);

INSERT INTO ALMACEN_PRODUCTO(ALMACEN_ID,PRODUCTO_ID,CANTIDAD_ACTUAL,CANTIDAD_MINIMA,PRECIO_VENTA) VALUES (4,958,12,0,1.000000);

INSERT INTO PROVEEDOR_PRODUCTO(PROVEEDOR_ID,PRODUCTO_ID,PRECIO_COMPRA) VALUES(13,958, 1.000000);

-- ===========PRODUCTO [959]
INSERT INTO PRODUCTO(ID,MARCA_ID,NOMBRE,PRESENTACION,CONTENIDO,UNIDADES_POR_CAJA,COSTO,COSTO_VENTA,PRECIO_BASE,UNIDAD_MEDIDA,CODIGO_BARRAS) VALUES(959,14,'Fructis Garnier Shampoo','Normal',350,12.0,1.000000,1.000000,1.000000,'Ml',7.501839105216E12);

INSERT INTO MOVIMIENTO_HISTORICO_PRODUCTO (ALMACEN_ID,PRODUCTO_ID,FECHA,TIPO_MOVIMIENTO_ID,CANTIDAD,COSTO,PRECIO,USUARIO_ID) VALUES(1,959,now(),30,12,1.000000,1.000000,'root');
INSERT INTO ALMACEN_PRODUCTO(ALMACEN_ID,PRODUCTO_ID,CANTIDAD_ACTUAL,CANTIDAD_MINIMA,PRECIO_VENTA) VALUES (1,959,12,0,1.000000);

INSERT INTO ALMACEN_PRODUCTO(ALMACEN_ID,PRODUCTO_ID,CANTIDAD_ACTUAL,CANTIDAD_MINIMA,PRECIO_VENTA) VALUES (2,959,0,0,1.000000);

INSERT INTO ALMACEN_PRODUCTO(ALMACEN_ID,PRODUCTO_ID,CANTIDAD_ACTUAL,CANTIDAD_MINIMA,PRECIO_VENTA) VALUES (3,959,12,0,1.000000);

INSERT INTO ALMACEN_PRODUCTO(ALMACEN_ID,PRODUCTO_ID,CANTIDAD_ACTUAL,CANTIDAD_MINIMA,PRECIO_VENTA) VALUES (4,959,12,0,1.000000);

INSERT INTO PROVEEDOR_PRODUCTO(PROVEEDOR_ID,PRODUCTO_ID,PRECIO_COMPRA) VALUES(13,959, 1.000000);

-- ===========PRODUCTO [960]
INSERT INTO PRODUCTO(ID,MARCA_ID,NOMBRE,PRESENTACION,CONTENIDO,UNIDADES_POR_CAJA,COSTO,COSTO_VENTA,PRECIO_BASE,UNIDAD_MEDIDA,CODIGO_BARRAS) VALUES(960,14,'Fructis Garnier Shampoo','Hidra-Rizos',350,12.0,1.000000,1.000000,1.000000,'Ml',7.501839105261E12);

INSERT INTO MOVIMIENTO_HISTORICO_PRODUCTO (ALMACEN_ID,PRODUCTO_ID,FECHA,TIPO_MOVIMIENTO_ID,CANTIDAD,COSTO,PRECIO,USUARIO_ID) VALUES(1,960,now(),30,4,1.000000,1.000000,'root');
INSERT INTO ALMACEN_PRODUCTO(ALMACEN_ID,PRODUCTO_ID,CANTIDAD_ACTUAL,CANTIDAD_MINIMA,PRECIO_VENTA) VALUES (1,960,4,0,1.000000);

INSERT INTO ALMACEN_PRODUCTO(ALMACEN_ID,PRODUCTO_ID,CANTIDAD_ACTUAL,CANTIDAD_MINIMA,PRECIO_VENTA) VALUES (2,960,0,0,1.000000);

INSERT INTO ALMACEN_PRODUCTO(ALMACEN_ID,PRODUCTO_ID,CANTIDAD_ACTUAL,CANTIDAD_MINIMA,PRECIO_VENTA) VALUES (3,960,4,0,1.000000);

INSERT INTO ALMACEN_PRODUCTO(ALMACEN_ID,PRODUCTO_ID,CANTIDAD_ACTUAL,CANTIDAD_MINIMA,PRECIO_VENTA) VALUES (4,960,4,0,1.000000);

INSERT INTO PROVEEDOR_PRODUCTO(PROVEEDOR_ID,PRODUCTO_ID,PRECIO_COMPRA) VALUES(13,960, 1.000000);

-- ===========PRODUCTO [961]
INSERT INTO PRODUCTO(ID,MARCA_ID,NOMBRE,PRESENTACION,CONTENIDO,UNIDADES_POR_CAJA,COSTO,COSTO_VENTA,PRECIO_BASE,UNIDAD_MEDIDA,CODIGO_BARRAS) VALUES(961,14,'Fructis Garnier Shampoo','Oil-Repair 2 en 1',350,12.0,1.000000,1.000000,1.000000,'Ml',7.501839100817E12);

INSERT INTO MOVIMIENTO_HISTORICO_PRODUCTO (ALMACEN_ID,PRODUCTO_ID,FECHA,TIPO_MOVIMIENTO_ID,CANTIDAD,COSTO,PRECIO,USUARIO_ID) VALUES(1,961,now(),30,2,1.000000,1.000000,'root');
INSERT INTO ALMACEN_PRODUCTO(ALMACEN_ID,PRODUCTO_ID,CANTIDAD_ACTUAL,CANTIDAD_MINIMA,PRECIO_VENTA) VALUES (1,961,2,0,1.000000);

INSERT INTO ALMACEN_PRODUCTO(ALMACEN_ID,PRODUCTO_ID,CANTIDAD_ACTUAL,CANTIDAD_MINIMA,PRECIO_VENTA) VALUES (2,961,0,0,1.000000);

INSERT INTO ALMACEN_PRODUCTO(ALMACEN_ID,PRODUCTO_ID,CANTIDAD_ACTUAL,CANTIDAD_MINIMA,PRECIO_VENTA) VALUES (3,961,2,0,1.000000);

INSERT INTO ALMACEN_PRODUCTO(ALMACEN_ID,PRODUCTO_ID,CANTIDAD_ACTUAL,CANTIDAD_MINIMA,PRECIO_VENTA) VALUES (4,961,2,0,1.000000);

INSERT INTO PROVEEDOR_PRODUCTO(PROVEEDOR_ID,PRODUCTO_ID,PRECIO_COMPRA) VALUES(13,961, 1.000000);

-- ===========PRODUCTO [962]
INSERT INTO PRODUCTO(ID,MARCA_ID,NOMBRE,PRESENTACION,CONTENIDO,UNIDADES_POR_CAJA,COSTO,COSTO_VENTA,PRECIO_BASE,UNIDAD_MEDIDA,CODIGO_BARRAS) VALUES(962,14,'Fructis Garnier Shampoo','Seco 2 en 1',350,12.0,1.000000,1.000000,1.000000,'Ml',7.50183911399E12);

INSERT INTO MOVIMIENTO_HISTORICO_PRODUCTO (ALMACEN_ID,PRODUCTO_ID,FECHA,TIPO_MOVIMIENTO_ID,CANTIDAD,COSTO,PRECIO,USUARIO_ID) VALUES(1,962,now(),30,8,1.000000,1.000000,'root');
INSERT INTO ALMACEN_PRODUCTO(ALMACEN_ID,PRODUCTO_ID,CANTIDAD_ACTUAL,CANTIDAD_MINIMA,PRECIO_VENTA) VALUES (1,962,8,0,1.000000);

INSERT INTO ALMACEN_PRODUCTO(ALMACEN_ID,PRODUCTO_ID,CANTIDAD_ACTUAL,CANTIDAD_MINIMA,PRECIO_VENTA) VALUES (2,962,0,0,1.000000);

INSERT INTO ALMACEN_PRODUCTO(ALMACEN_ID,PRODUCTO_ID,CANTIDAD_ACTUAL,CANTIDAD_MINIMA,PRECIO_VENTA) VALUES (3,962,8,0,1.000000);

INSERT INTO ALMACEN_PRODUCTO(ALMACEN_ID,PRODUCTO_ID,CANTIDAD_ACTUAL,CANTIDAD_MINIMA,PRECIO_VENTA) VALUES (4,962,8,0,1.000000);

INSERT INTO PROVEEDOR_PRODUCTO(PROVEEDOR_ID,PRODUCTO_ID,PRECIO_COMPRA) VALUES(13,962, 1.000000);

-- ===========PRODUCTO [963]
INSERT INTO PRODUCTO(ID,MARCA_ID,NOMBRE,PRESENTACION,CONTENIDO,UNIDADES_POR_CAJA,COSTO,COSTO_VENTA,PRECIO_BASE,UNIDAD_MEDIDA,CODIGO_BARRAS) VALUES(963,14,'Fructis Garnier Shampoo','Liso-Absoluto',350,12.0,1.000000,1.000000,1.000000,'Ml',7.501839105162E12);

INSERT INTO MOVIMIENTO_HISTORICO_PRODUCTO (ALMACEN_ID,PRODUCTO_ID,FECHA,TIPO_MOVIMIENTO_ID,CANTIDAD,COSTO,PRECIO,USUARIO_ID) VALUES(1,963,now(),30,15,1.000000,1.000000,'root');
INSERT INTO ALMACEN_PRODUCTO(ALMACEN_ID,PRODUCTO_ID,CANTIDAD_ACTUAL,CANTIDAD_MINIMA,PRECIO_VENTA) VALUES (1,963,15,0,1.000000);

INSERT INTO ALMACEN_PRODUCTO(ALMACEN_ID,PRODUCTO_ID,CANTIDAD_ACTUAL,CANTIDAD_MINIMA,PRECIO_VENTA) VALUES (2,963,0,0,1.000000);

INSERT INTO ALMACEN_PRODUCTO(ALMACEN_ID,PRODUCTO_ID,CANTIDAD_ACTUAL,CANTIDAD_MINIMA,PRECIO_VENTA) VALUES (3,963,15,0,1.000000);

INSERT INTO ALMACEN_PRODUCTO(ALMACEN_ID,PRODUCTO_ID,CANTIDAD_ACTUAL,CANTIDAD_MINIMA,PRECIO_VENTA) VALUES (4,963,15,0,1.000000);

INSERT INTO PROVEEDOR_PRODUCTO(PROVEEDOR_ID,PRODUCTO_ID,PRECIO_COMPRA) VALUES(13,963, 1.000000);

-- ===========PRODUCTO [964]
INSERT INTO PRODUCTO(ID,MARCA_ID,NOMBRE,PRESENTACION,CONTENIDO,UNIDADES_POR_CAJA,COSTO,COSTO_VENTA,PRECIO_BASE,UNIDAD_MEDIDA,CODIGO_BARRAS) VALUES(964,14,'Fructis Garnier Shampoo','Oil-repair 3 Aceites',350,12.0,1.000000,1.000000,1.000000,'Ml',7.501839105247E12);

INSERT INTO MOVIMIENTO_HISTORICO_PRODUCTO (ALMACEN_ID,PRODUCTO_ID,FECHA,TIPO_MOVIMIENTO_ID,CANTIDAD,COSTO,PRECIO,USUARIO_ID) VALUES(1,964,now(),30,1,1.000000,1.000000,'root');
INSERT INTO ALMACEN_PRODUCTO(ALMACEN_ID,PRODUCTO_ID,CANTIDAD_ACTUAL,CANTIDAD_MINIMA,PRECIO_VENTA) VALUES (1,964,1,0,1.000000);

INSERT INTO ALMACEN_PRODUCTO(ALMACEN_ID,PRODUCTO_ID,CANTIDAD_ACTUAL,CANTIDAD_MINIMA,PRECIO_VENTA) VALUES (2,964,0,0,1.000000);

INSERT INTO ALMACEN_PRODUCTO(ALMACEN_ID,PRODUCTO_ID,CANTIDAD_ACTUAL,CANTIDAD_MINIMA,PRECIO_VENTA) VALUES (3,964,1,0,1.000000);

INSERT INTO ALMACEN_PRODUCTO(ALMACEN_ID,PRODUCTO_ID,CANTIDAD_ACTUAL,CANTIDAD_MINIMA,PRECIO_VENTA) VALUES (4,964,1,0,1.000000);

INSERT INTO PROVEEDOR_PRODUCTO(PROVEEDOR_ID,PRODUCTO_ID,PRECIO_COMPRA) VALUES(13,964, 1.000000);

-- ===========PRODUCTO [967]
INSERT INTO PRODUCTO(ID,MARCA_ID,NOMBRE,PRESENTACION,CONTENIDO,UNIDADES_POR_CAJA,COSTO,COSTO_VENTA,PRECIO_BASE,UNIDAD_MEDIDA,CODIGO_BARRAS) VALUES(967,14,'Fructis Garnier Shampoo','Ondas Perfectas',350,12.0,1.000000,1.000000,1.000000,'Ml',7.501839192254E12);

INSERT INTO MOVIMIENTO_HISTORICO_PRODUCTO (ALMACEN_ID,PRODUCTO_ID,FECHA,TIPO_MOVIMIENTO_ID,CANTIDAD,COSTO,PRECIO,USUARIO_ID) VALUES(1,967,now(),30,11,1.000000,1.000000,'root');
INSERT INTO ALMACEN_PRODUCTO(ALMACEN_ID,PRODUCTO_ID,CANTIDAD_ACTUAL,CANTIDAD_MINIMA,PRECIO_VENTA) VALUES (1,967,11,0,1.000000);

INSERT INTO ALMACEN_PRODUCTO(ALMACEN_ID,PRODUCTO_ID,CANTIDAD_ACTUAL,CANTIDAD_MINIMA,PRECIO_VENTA) VALUES (2,967,0,0,1.000000);

INSERT INTO ALMACEN_PRODUCTO(ALMACEN_ID,PRODUCTO_ID,CANTIDAD_ACTUAL,CANTIDAD_MINIMA,PRECIO_VENTA) VALUES (3,967,11,0,1.000000);

INSERT INTO ALMACEN_PRODUCTO(ALMACEN_ID,PRODUCTO_ID,CANTIDAD_ACTUAL,CANTIDAD_MINIMA,PRECIO_VENTA) VALUES (4,967,11,0,1.000000);

INSERT INTO PROVEEDOR_PRODUCTO(PROVEEDOR_ID,PRODUCTO_ID,PRECIO_COMPRA) VALUES(13,967, 1.000000);

-- ===========PRODUCTO [968]
INSERT INTO PRODUCTO(ID,MARCA_ID,NOMBRE,PRESENTACION,CONTENIDO,UNIDADES_POR_CAJA,COSTO,COSTO_VENTA,PRECIO_BASE,UNIDAD_MEDIDA,CODIGO_BARRAS) VALUES(968,14,'Fructis Garnier Shampoo','Hidra-Liso Extremo',750,6.0,1.000000,1.000000,1.000000,'Ml',7.506078948709E12);

INSERT INTO MOVIMIENTO_HISTORICO_PRODUCTO (ALMACEN_ID,PRODUCTO_ID,FECHA,TIPO_MOVIMIENTO_ID,CANTIDAD,COSTO,PRECIO,USUARIO_ID) VALUES(1,968,now(),30,3,1.000000,1.000000,'root');
INSERT INTO ALMACEN_PRODUCTO(ALMACEN_ID,PRODUCTO_ID,CANTIDAD_ACTUAL,CANTIDAD_MINIMA,PRECIO_VENTA) VALUES (1,968,3,0,1.000000);

INSERT INTO ALMACEN_PRODUCTO(ALMACEN_ID,PRODUCTO_ID,CANTIDAD_ACTUAL,CANTIDAD_MINIMA,PRECIO_VENTA) VALUES (2,968,0,0,1.000000);

INSERT INTO ALMACEN_PRODUCTO(ALMACEN_ID,PRODUCTO_ID,CANTIDAD_ACTUAL,CANTIDAD_MINIMA,PRECIO_VENTA) VALUES (3,968,3,0,1.000000);

INSERT INTO ALMACEN_PRODUCTO(ALMACEN_ID,PRODUCTO_ID,CANTIDAD_ACTUAL,CANTIDAD_MINIMA,PRECIO_VENTA) VALUES (4,968,3,0,1.000000);

INSERT INTO PROVEEDOR_PRODUCTO(PROVEEDOR_ID,PRODUCTO_ID,PRECIO_COMPRA) VALUES(13,968, 1.000000);

-- ===========PRODUCTO [969]
INSERT INTO PRODUCTO(ID,MARCA_ID,NOMBRE,PRESENTACION,CONTENIDO,UNIDADES_POR_CAJA,COSTO,COSTO_VENTA,PRECIO_BASE,UNIDAD_MEDIDA,CODIGO_BARRAS) VALUES(969,14,'Fructis Garnier Shampoo','Hidra-Rizos',750,12.0,1.000000,1.000000,1.000000,'Ml',7.506078948716E12);

INSERT INTO MOVIMIENTO_HISTORICO_PRODUCTO (ALMACEN_ID,PRODUCTO_ID,FECHA,TIPO_MOVIMIENTO_ID,CANTIDAD,COSTO,PRECIO,USUARIO_ID) VALUES(1,969,now(),30,1,1.000000,1.000000,'root');
INSERT INTO ALMACEN_PRODUCTO(ALMACEN_ID,PRODUCTO_ID,CANTIDAD_ACTUAL,CANTIDAD_MINIMA,PRECIO_VENTA) VALUES (1,969,1,0,1.000000);

INSERT INTO ALMACEN_PRODUCTO(ALMACEN_ID,PRODUCTO_ID,CANTIDAD_ACTUAL,CANTIDAD_MINIMA,PRECIO_VENTA) VALUES (2,969,0,0,1.000000);

INSERT INTO ALMACEN_PRODUCTO(ALMACEN_ID,PRODUCTO_ID,CANTIDAD_ACTUAL,CANTIDAD_MINIMA,PRECIO_VENTA) VALUES (3,969,1,0,1.000000);

INSERT INTO ALMACEN_PRODUCTO(ALMACEN_ID,PRODUCTO_ID,CANTIDAD_ACTUAL,CANTIDAD_MINIMA,PRECIO_VENTA) VALUES (4,969,1,0,1.000000);

INSERT INTO PROVEEDOR_PRODUCTO(PROVEEDOR_ID,PRODUCTO_ID,PRECIO_COMPRA) VALUES(13,969, 1.000000);

-- ===========PRODUCTO [970]
INSERT INTO PRODUCTO(ID,MARCA_ID,NOMBRE,PRESENTACION,CONTENIDO,UNIDADES_POR_CAJA,COSTO,COSTO_VENTA,PRECIO_BASE,UNIDAD_MEDIDA,CODIGO_BARRAS) VALUES(970,14,'Fructis Garnier','Stop Caida 2 en 1',750,6.0,1.000000,1.000000,1.000000,'ML',7.506078968301E12);

INSERT INTO MOVIMIENTO_HISTORICO_PRODUCTO (ALMACEN_ID,PRODUCTO_ID,FECHA,TIPO_MOVIMIENTO_ID,CANTIDAD,COSTO,PRECIO,USUARIO_ID) VALUES(1,970,now(),30,6,1.000000,1.000000,'root');
INSERT INTO ALMACEN_PRODUCTO(ALMACEN_ID,PRODUCTO_ID,CANTIDAD_ACTUAL,CANTIDAD_MINIMA,PRECIO_VENTA) VALUES (1,970,6,0,1.000000);

INSERT INTO ALMACEN_PRODUCTO(ALMACEN_ID,PRODUCTO_ID,CANTIDAD_ACTUAL,CANTIDAD_MINIMA,PRECIO_VENTA) VALUES (2,970,0,0,1.000000);

INSERT INTO ALMACEN_PRODUCTO(ALMACEN_ID,PRODUCTO_ID,CANTIDAD_ACTUAL,CANTIDAD_MINIMA,PRECIO_VENTA) VALUES (3,970,6,0,1.000000);

INSERT INTO ALMACEN_PRODUCTO(ALMACEN_ID,PRODUCTO_ID,CANTIDAD_ACTUAL,CANTIDAD_MINIMA,PRECIO_VENTA) VALUES (4,970,6,0,1.000000);

INSERT INTO PROVEEDOR_PRODUCTO(PROVEEDOR_ID,PRODUCTO_ID,PRECIO_COMPRA) VALUES(13,970, 1.000000);

-- ===========PRODUCTO [971]
INSERT INTO PRODUCTO(ID,MARCA_ID,NOMBRE,PRESENTACION,CONTENIDO,UNIDADES_POR_CAJA,COSTO,COSTO_VENTA,PRECIO_BASE,UNIDAD_MEDIDA,CODIGO_BARRAS) VALUES(971,14,'Fructis Garnier','Liso Absoluto Alaciado',750,6.0,1.000000,1.000000,1.000000,'ML',7.506078965546E12);

INSERT INTO MOVIMIENTO_HISTORICO_PRODUCTO (ALMACEN_ID,PRODUCTO_ID,FECHA,TIPO_MOVIMIENTO_ID,CANTIDAD,COSTO,PRECIO,USUARIO_ID) VALUES(1,971,now(),30,6,1.000000,1.000000,'root');
INSERT INTO ALMACEN_PRODUCTO(ALMACEN_ID,PRODUCTO_ID,CANTIDAD_ACTUAL,CANTIDAD_MINIMA,PRECIO_VENTA) VALUES (1,971,6,0,1.000000);

INSERT INTO ALMACEN_PRODUCTO(ALMACEN_ID,PRODUCTO_ID,CANTIDAD_ACTUAL,CANTIDAD_MINIMA,PRECIO_VENTA) VALUES (2,971,0,0,1.000000);

INSERT INTO ALMACEN_PRODUCTO(ALMACEN_ID,PRODUCTO_ID,CANTIDAD_ACTUAL,CANTIDAD_MINIMA,PRECIO_VENTA) VALUES (3,971,6,0,1.000000);

INSERT INTO ALMACEN_PRODUCTO(ALMACEN_ID,PRODUCTO_ID,CANTIDAD_ACTUAL,CANTIDAD_MINIMA,PRECIO_VENTA) VALUES (4,971,6,0,1.000000);

INSERT INTO PROVEEDOR_PRODUCTO(PROVEEDOR_ID,PRODUCTO_ID,PRECIO_COMPRA) VALUES(13,971, 1.000000);

-- ===========PRODUCTO [972]
INSERT INTO PRODUCTO(ID,MARCA_ID,NOMBRE,PRESENTACION,CONTENIDO,UNIDADES_POR_CAJA,COSTO,COSTO_VENTA,PRECIO_BASE,UNIDAD_MEDIDA,CODIGO_BARRAS) VALUES(972,59,'Barbie Jabón Niñas','Frutas',3,72.0,1.000000,1.000000,1.000000,'Pz',8.410225003397E12);

INSERT INTO MOVIMIENTO_HISTORICO_PRODUCTO (ALMACEN_ID,PRODUCTO_ID,FECHA,TIPO_MOVIMIENTO_ID,CANTIDAD,COSTO,PRECIO,USUARIO_ID) VALUES(1,972,now(),30,36,1.000000,1.000000,'root');
INSERT INTO ALMACEN_PRODUCTO(ALMACEN_ID,PRODUCTO_ID,CANTIDAD_ACTUAL,CANTIDAD_MINIMA,PRECIO_VENTA) VALUES (1,972,36,0,1.000000);

INSERT INTO ALMACEN_PRODUCTO(ALMACEN_ID,PRODUCTO_ID,CANTIDAD_ACTUAL,CANTIDAD_MINIMA,PRECIO_VENTA) VALUES (2,972,0,0,1.000000);

INSERT INTO ALMACEN_PRODUCTO(ALMACEN_ID,PRODUCTO_ID,CANTIDAD_ACTUAL,CANTIDAD_MINIMA,PRECIO_VENTA) VALUES (3,972,36,0,1.000000);

INSERT INTO ALMACEN_PRODUCTO(ALMACEN_ID,PRODUCTO_ID,CANTIDAD_ACTUAL,CANTIDAD_MINIMA,PRECIO_VENTA) VALUES (4,972,36,0,1.000000);

INSERT INTO PROVEEDOR_PRODUCTO(PROVEEDOR_ID,PRODUCTO_ID,PRECIO_COMPRA) VALUES(13,972, 1.000000);

-- ===========PRODUCTO [973]
INSERT INTO PRODUCTO(ID,MARCA_ID,NOMBRE,PRESENTACION,CONTENIDO,UNIDADES_POR_CAJA,COSTO,COSTO_VENTA,PRECIO_BASE,UNIDAD_MEDIDA,CODIGO_BARRAS) VALUES(973,68,'Suavitel Suavizante','Baby',850,12.0,1.000000,1.000000,1.000000,'ML',7.509546043579E12);

INSERT INTO MOVIMIENTO_HISTORICO_PRODUCTO (ALMACEN_ID,PRODUCTO_ID,FECHA,TIPO_MOVIMIENTO_ID,CANTIDAD,COSTO,PRECIO,USUARIO_ID) VALUES(1,973,now(),30,12,1.000000,1.000000,'root');
INSERT INTO ALMACEN_PRODUCTO(ALMACEN_ID,PRODUCTO_ID,CANTIDAD_ACTUAL,CANTIDAD_MINIMA,PRECIO_VENTA) VALUES (1,973,12,0,1.000000);

INSERT INTO ALMACEN_PRODUCTO(ALMACEN_ID,PRODUCTO_ID,CANTIDAD_ACTUAL,CANTIDAD_MINIMA,PRECIO_VENTA) VALUES (2,973,0,0,1.000000);

INSERT INTO ALMACEN_PRODUCTO(ALMACEN_ID,PRODUCTO_ID,CANTIDAD_ACTUAL,CANTIDAD_MINIMA,PRECIO_VENTA) VALUES (3,973,12,0,1.000000);

INSERT INTO ALMACEN_PRODUCTO(ALMACEN_ID,PRODUCTO_ID,CANTIDAD_ACTUAL,CANTIDAD_MINIMA,PRECIO_VENTA) VALUES (4,973,12,0,1.000000);

INSERT INTO PROVEEDOR_PRODUCTO(PROVEEDOR_ID,PRODUCTO_ID,PRECIO_COMPRA) VALUES(6,973, 1.000000);

-- ===========PRODUCTO [974]
INSERT INTO PRODUCTO(ID,MARCA_ID,NOMBRE,PRESENTACION,CONTENIDO,UNIDADES_POR_CAJA,COSTO,COSTO_VENTA,PRECIO_BASE,UNIDAD_MEDIDA,CODIGO_BARRAS) VALUES(974,68,'Suavitel Suavizante','Fresca Primavera Sin Enjugue',850,12.0,1.000000,1.000000,1.000000,'ML',7.509546044415E12);

INSERT INTO MOVIMIENTO_HISTORICO_PRODUCTO (ALMACEN_ID,PRODUCTO_ID,FECHA,TIPO_MOVIMIENTO_ID,CANTIDAD,COSTO,PRECIO,USUARIO_ID) VALUES(1,974,now(),30,24,1.000000,1.000000,'root');
INSERT INTO ALMACEN_PRODUCTO(ALMACEN_ID,PRODUCTO_ID,CANTIDAD_ACTUAL,CANTIDAD_MINIMA,PRECIO_VENTA) VALUES (1,974,24,0,1.000000);

INSERT INTO ALMACEN_PRODUCTO(ALMACEN_ID,PRODUCTO_ID,CANTIDAD_ACTUAL,CANTIDAD_MINIMA,PRECIO_VENTA) VALUES (2,974,0,0,1.000000);

INSERT INTO ALMACEN_PRODUCTO(ALMACEN_ID,PRODUCTO_ID,CANTIDAD_ACTUAL,CANTIDAD_MINIMA,PRECIO_VENTA) VALUES (3,974,24,0,1.000000);

INSERT INTO ALMACEN_PRODUCTO(ALMACEN_ID,PRODUCTO_ID,CANTIDAD_ACTUAL,CANTIDAD_MINIMA,PRECIO_VENTA) VALUES (4,974,24,0,1.000000);

INSERT INTO PROVEEDOR_PRODUCTO(PROVEEDOR_ID,PRODUCTO_ID,PRECIO_COMPRA) VALUES(6,974, 1.000000);

-- ===========PRODUCTO [975]
INSERT INTO PRODUCTO(ID,MARCA_ID,NOMBRE,PRESENTACION,CONTENIDO,UNIDADES_POR_CAJA,COSTO,COSTO_VENTA,PRECIO_BASE,UNIDAD_MEDIDA,CODIGO_BARRAS) VALUES(975,68,'Suavitel Suavizante','Acqua Sin Enjuague',850,12.0,1.000000,1.000000,1.000000,'ML',7.509546044347E12);

INSERT INTO MOVIMIENTO_HISTORICO_PRODUCTO (ALMACEN_ID,PRODUCTO_ID,FECHA,TIPO_MOVIMIENTO_ID,CANTIDAD,COSTO,PRECIO,USUARIO_ID) VALUES(1,975,now(),30,24,1.000000,1.000000,'root');
INSERT INTO ALMACEN_PRODUCTO(ALMACEN_ID,PRODUCTO_ID,CANTIDAD_ACTUAL,CANTIDAD_MINIMA,PRECIO_VENTA) VALUES (1,975,24,0,1.000000);

INSERT INTO ALMACEN_PRODUCTO(ALMACEN_ID,PRODUCTO_ID,CANTIDAD_ACTUAL,CANTIDAD_MINIMA,PRECIO_VENTA) VALUES (2,975,0,0,1.000000);

INSERT INTO ALMACEN_PRODUCTO(ALMACEN_ID,PRODUCTO_ID,CANTIDAD_ACTUAL,CANTIDAD_MINIMA,PRECIO_VENTA) VALUES (3,975,24,0,1.000000);

INSERT INTO ALMACEN_PRODUCTO(ALMACEN_ID,PRODUCTO_ID,CANTIDAD_ACTUAL,CANTIDAD_MINIMA,PRECIO_VENTA) VALUES (4,975,24,0,1.000000);

INSERT INTO PROVEEDOR_PRODUCTO(PROVEEDOR_ID,PRODUCTO_ID,PRECIO_COMPRA) VALUES(6,975, 1.000000);

-- ===========PRODUCTO [976]
INSERT INTO PRODUCTO(ID,MARCA_ID,NOMBRE,PRESENTACION,CONTENIDO,UNIDADES_POR_CAJA,COSTO,COSTO_VENTA,PRECIO_BASE,UNIDAD_MEDIDA,CODIGO_BARRAS) VALUES(976,68,'Suavitel Suavizante','Bouquet',850,12.0,1.000000,1.000000,1.000000,'ML',7.509546044507E12);

INSERT INTO MOVIMIENTO_HISTORICO_PRODUCTO (ALMACEN_ID,PRODUCTO_ID,FECHA,TIPO_MOVIMIENTO_ID,CANTIDAD,COSTO,PRECIO,USUARIO_ID) VALUES(1,976,now(),30,12,1.000000,1.000000,'root');
INSERT INTO ALMACEN_PRODUCTO(ALMACEN_ID,PRODUCTO_ID,CANTIDAD_ACTUAL,CANTIDAD_MINIMA,PRECIO_VENTA) VALUES (1,976,12,0,1.000000);

INSERT INTO ALMACEN_PRODUCTO(ALMACEN_ID,PRODUCTO_ID,CANTIDAD_ACTUAL,CANTIDAD_MINIMA,PRECIO_VENTA) VALUES (2,976,0,0,1.000000);

INSERT INTO ALMACEN_PRODUCTO(ALMACEN_ID,PRODUCTO_ID,CANTIDAD_ACTUAL,CANTIDAD_MINIMA,PRECIO_VENTA) VALUES (3,976,12,0,1.000000);

INSERT INTO ALMACEN_PRODUCTO(ALMACEN_ID,PRODUCTO_ID,CANTIDAD_ACTUAL,CANTIDAD_MINIMA,PRECIO_VENTA) VALUES (4,976,12,0,1.000000);

INSERT INTO PROVEEDOR_PRODUCTO(PROVEEDOR_ID,PRODUCTO_ID,PRECIO_COMPRA) VALUES(6,976, 1.000000);

-- ===========PRODUCTO [977]
INSERT INTO PRODUCTO(ID,MARCA_ID,NOMBRE,PRESENTACION,CONTENIDO,UNIDADES_POR_CAJA,COSTO,COSTO_VENTA,PRECIO_BASE,UNIDAD_MEDIDA,CODIGO_BARRAS) VALUES(977,68,'Suavitel Suavizante','Fresco Aroma de Sol Sin Enjuague',850,12.0,1.000000,1.000000,1.000000,'ML',7.509546044453E12);

INSERT INTO MOVIMIENTO_HISTORICO_PRODUCTO (ALMACEN_ID,PRODUCTO_ID,FECHA,TIPO_MOVIMIENTO_ID,CANTIDAD,COSTO,PRECIO,USUARIO_ID) VALUES(1,977,now(),30,24,1.000000,1.000000,'root');
INSERT INTO ALMACEN_PRODUCTO(ALMACEN_ID,PRODUCTO_ID,CANTIDAD_ACTUAL,CANTIDAD_MINIMA,PRECIO_VENTA) VALUES (1,977,24,0,1.000000);

INSERT INTO ALMACEN_PRODUCTO(ALMACEN_ID,PRODUCTO_ID,CANTIDAD_ACTUAL,CANTIDAD_MINIMA,PRECIO_VENTA) VALUES (2,977,0,0,1.000000);

INSERT INTO ALMACEN_PRODUCTO(ALMACEN_ID,PRODUCTO_ID,CANTIDAD_ACTUAL,CANTIDAD_MINIMA,PRECIO_VENTA) VALUES (3,977,24,0,1.000000);

INSERT INTO ALMACEN_PRODUCTO(ALMACEN_ID,PRODUCTO_ID,CANTIDAD_ACTUAL,CANTIDAD_MINIMA,PRECIO_VENTA) VALUES (4,977,24,0,1.000000);

INSERT INTO PROVEEDOR_PRODUCTO(PROVEEDOR_ID,PRODUCTO_ID,PRECIO_COMPRA) VALUES(6,977, 1.000000);

-- ===========PRODUCTO [978]
INSERT INTO PRODUCTO(ID,MARCA_ID,NOMBRE,PRESENTACION,CONTENIDO,UNIDADES_POR_CAJA,COSTO,COSTO_VENTA,PRECIO_BASE,UNIDAD_MEDIDA,CODIGO_BARRAS) VALUES(978,68,'Suavitel Suavizante','Fresca Primavera',850,12.0,1.000000,1.000000,1.000000,'ML',7.509546016306E12);

INSERT INTO MOVIMIENTO_HISTORICO_PRODUCTO (ALMACEN_ID,PRODUCTO_ID,FECHA,TIPO_MOVIMIENTO_ID,CANTIDAD,COSTO,PRECIO,USUARIO_ID) VALUES(1,978,now(),30,12,1.000000,1.000000,'root');
INSERT INTO ALMACEN_PRODUCTO(ALMACEN_ID,PRODUCTO_ID,CANTIDAD_ACTUAL,CANTIDAD_MINIMA,PRECIO_VENTA) VALUES (1,978,12,0,1.000000);

INSERT INTO ALMACEN_PRODUCTO(ALMACEN_ID,PRODUCTO_ID,CANTIDAD_ACTUAL,CANTIDAD_MINIMA,PRECIO_VENTA) VALUES (2,978,0,0,1.000000);

INSERT INTO ALMACEN_PRODUCTO(ALMACEN_ID,PRODUCTO_ID,CANTIDAD_ACTUAL,CANTIDAD_MINIMA,PRECIO_VENTA) VALUES (3,978,12,0,1.000000);

INSERT INTO ALMACEN_PRODUCTO(ALMACEN_ID,PRODUCTO_ID,CANTIDAD_ACTUAL,CANTIDAD_MINIMA,PRECIO_VENTA) VALUES (4,978,12,0,1.000000);

INSERT INTO PROVEEDOR_PRODUCTO(PROVEEDOR_ID,PRODUCTO_ID,PRECIO_COMPRA) VALUES(6,978, 1.000000);

-- ===========PRODUCTO [979]
INSERT INTO PRODUCTO(ID,MARCA_ID,NOMBRE,PRESENTACION,CONTENIDO,UNIDADES_POR_CAJA,COSTO,COSTO_VENTA,PRECIO_BASE,UNIDAD_MEDIDA,CODIGO_BARRAS) VALUES(979,68,'Suavitel Suavizante','Fresco Aroma de Sol',850,12.0,1.000000,1.000000,1.000000,'ML',7.509546016313E12);

INSERT INTO MOVIMIENTO_HISTORICO_PRODUCTO (ALMACEN_ID,PRODUCTO_ID,FECHA,TIPO_MOVIMIENTO_ID,CANTIDAD,COSTO,PRECIO,USUARIO_ID) VALUES(1,979,now(),30,12,1.000000,1.000000,'root');
INSERT INTO ALMACEN_PRODUCTO(ALMACEN_ID,PRODUCTO_ID,CANTIDAD_ACTUAL,CANTIDAD_MINIMA,PRECIO_VENTA) VALUES (1,979,12,0,1.000000);

INSERT INTO ALMACEN_PRODUCTO(ALMACEN_ID,PRODUCTO_ID,CANTIDAD_ACTUAL,CANTIDAD_MINIMA,PRECIO_VENTA) VALUES (2,979,0,0,1.000000);

INSERT INTO ALMACEN_PRODUCTO(ALMACEN_ID,PRODUCTO_ID,CANTIDAD_ACTUAL,CANTIDAD_MINIMA,PRECIO_VENTA) VALUES (3,979,12,0,1.000000);

INSERT INTO ALMACEN_PRODUCTO(ALMACEN_ID,PRODUCTO_ID,CANTIDAD_ACTUAL,CANTIDAD_MINIMA,PRECIO_VENTA) VALUES (4,979,12,0,1.000000);

INSERT INTO PROVEEDOR_PRODUCTO(PROVEEDOR_ID,PRODUCTO_ID,PRECIO_COMPRA) VALUES(6,979, 1.000000);

-- ===========PRODUCTO [980]
INSERT INTO PRODUCTO(ID,MARCA_ID,NOMBRE,PRESENTACION,CONTENIDO,UNIDADES_POR_CAJA,COSTO,COSTO_VENTA,PRECIO_BASE,UNIDAD_MEDIDA,CODIGO_BARRAS) VALUES(980,68,'Suavitel Suavizante','Anochecer',850,12.0,1.000000,1.000000,1.000000,'ML',7.509546050102E12);

INSERT INTO MOVIMIENTO_HISTORICO_PRODUCTO (ALMACEN_ID,PRODUCTO_ID,FECHA,TIPO_MOVIMIENTO_ID,CANTIDAD,COSTO,PRECIO,USUARIO_ID) VALUES(1,980,now(),30,12,1.000000,1.000000,'root');
INSERT INTO ALMACEN_PRODUCTO(ALMACEN_ID,PRODUCTO_ID,CANTIDAD_ACTUAL,CANTIDAD_MINIMA,PRECIO_VENTA) VALUES (1,980,12,0,1.000000);

INSERT INTO ALMACEN_PRODUCTO(ALMACEN_ID,PRODUCTO_ID,CANTIDAD_ACTUAL,CANTIDAD_MINIMA,PRECIO_VENTA) VALUES (2,980,0,0,1.000000);

INSERT INTO ALMACEN_PRODUCTO(ALMACEN_ID,PRODUCTO_ID,CANTIDAD_ACTUAL,CANTIDAD_MINIMA,PRECIO_VENTA) VALUES (3,980,12,0,1.000000);

INSERT INTO ALMACEN_PRODUCTO(ALMACEN_ID,PRODUCTO_ID,CANTIDAD_ACTUAL,CANTIDAD_MINIMA,PRECIO_VENTA) VALUES (4,980,12,0,1.000000);

INSERT INTO PROVEEDOR_PRODUCTO(PROVEEDOR_ID,PRODUCTO_ID,PRECIO_COMPRA) VALUES(6,980, 1.000000);

-- ===========PRODUCTO [981]
INSERT INTO PRODUCTO(ID,MARCA_ID,NOMBRE,PRESENTACION,CONTENIDO,UNIDADES_POR_CAJA,COSTO,COSTO_VENTA,PRECIO_BASE,UNIDAD_MEDIDA,CODIGO_BARRAS) VALUES(981,68,'Suavitel Suavizante','Acqua Sin Enjuague',3,4.0,1.000000,1.000000,1.000000,'L',7.509546044361E12);

INSERT INTO MOVIMIENTO_HISTORICO_PRODUCTO (ALMACEN_ID,PRODUCTO_ID,FECHA,TIPO_MOVIMIENTO_ID,CANTIDAD,COSTO,PRECIO,USUARIO_ID) VALUES(1,981,now(),30,4,1.000000,1.000000,'root');
INSERT INTO ALMACEN_PRODUCTO(ALMACEN_ID,PRODUCTO_ID,CANTIDAD_ACTUAL,CANTIDAD_MINIMA,PRECIO_VENTA) VALUES (1,981,4,0,1.000000);

INSERT INTO ALMACEN_PRODUCTO(ALMACEN_ID,PRODUCTO_ID,CANTIDAD_ACTUAL,CANTIDAD_MINIMA,PRECIO_VENTA) VALUES (2,981,0,0,1.000000);

INSERT INTO ALMACEN_PRODUCTO(ALMACEN_ID,PRODUCTO_ID,CANTIDAD_ACTUAL,CANTIDAD_MINIMA,PRECIO_VENTA) VALUES (3,981,4,0,1.000000);

INSERT INTO ALMACEN_PRODUCTO(ALMACEN_ID,PRODUCTO_ID,CANTIDAD_ACTUAL,CANTIDAD_MINIMA,PRECIO_VENTA) VALUES (4,981,4,0,1.000000);

INSERT INTO PROVEEDOR_PRODUCTO(PROVEEDOR_ID,PRODUCTO_ID,PRECIO_COMPRA) VALUES(6,981, 1.000000);

-- ===========PRODUCTO [982]
INSERT INTO PRODUCTO(ID,MARCA_ID,NOMBRE,PRESENTACION,CONTENIDO,UNIDADES_POR_CAJA,COSTO,COSTO_VENTA,PRECIO_BASE,UNIDAD_MEDIDA,CODIGO_BARRAS) VALUES(982,68,'Suavitel Suavizante','Fresca Primavera Sin Enjugue',3,4.0,1.000000,1.000000,1.000000,'L',7.509546044439E12);

INSERT INTO MOVIMIENTO_HISTORICO_PRODUCTO (ALMACEN_ID,PRODUCTO_ID,FECHA,TIPO_MOVIMIENTO_ID,CANTIDAD,COSTO,PRECIO,USUARIO_ID) VALUES(1,982,now(),30,6,1.000000,1.000000,'root');
INSERT INTO ALMACEN_PRODUCTO(ALMACEN_ID,PRODUCTO_ID,CANTIDAD_ACTUAL,CANTIDAD_MINIMA,PRECIO_VENTA) VALUES (1,982,6,0,1.000000);

INSERT INTO ALMACEN_PRODUCTO(ALMACEN_ID,PRODUCTO_ID,CANTIDAD_ACTUAL,CANTIDAD_MINIMA,PRECIO_VENTA) VALUES (2,982,0,0,1.000000);

INSERT INTO ALMACEN_PRODUCTO(ALMACEN_ID,PRODUCTO_ID,CANTIDAD_ACTUAL,CANTIDAD_MINIMA,PRECIO_VENTA) VALUES (3,982,6,0,1.000000);

INSERT INTO ALMACEN_PRODUCTO(ALMACEN_ID,PRODUCTO_ID,CANTIDAD_ACTUAL,CANTIDAD_MINIMA,PRECIO_VENTA) VALUES (4,982,6,0,1.000000);

INSERT INTO PROVEEDOR_PRODUCTO(PROVEEDOR_ID,PRODUCTO_ID,PRECIO_COMPRA) VALUES(6,982, 1.000000);

-- ===========PRODUCTO [983]
INSERT INTO PRODUCTO(ID,MARCA_ID,NOMBRE,PRESENTACION,CONTENIDO,UNIDADES_POR_CAJA,COSTO,COSTO_VENTA,PRECIO_BASE,UNIDAD_MEDIDA,CODIGO_BARRAS) VALUES(983,68,'Suavitel Suavizante','Fresca Primavera',450,12.0,1.000000,1.000000,1.000000,'ML',7.509546017808E12);

INSERT INTO MOVIMIENTO_HISTORICO_PRODUCTO (ALMACEN_ID,PRODUCTO_ID,FECHA,TIPO_MOVIMIENTO_ID,CANTIDAD,COSTO,PRECIO,USUARIO_ID) VALUES(1,983,now(),30,12,1.000000,1.000000,'root');
INSERT INTO ALMACEN_PRODUCTO(ALMACEN_ID,PRODUCTO_ID,CANTIDAD_ACTUAL,CANTIDAD_MINIMA,PRECIO_VENTA) VALUES (1,983,12,0,1.000000);

INSERT INTO ALMACEN_PRODUCTO(ALMACEN_ID,PRODUCTO_ID,CANTIDAD_ACTUAL,CANTIDAD_MINIMA,PRECIO_VENTA) VALUES (2,983,0,0,1.000000);

INSERT INTO ALMACEN_PRODUCTO(ALMACEN_ID,PRODUCTO_ID,CANTIDAD_ACTUAL,CANTIDAD_MINIMA,PRECIO_VENTA) VALUES (3,983,12,0,1.000000);

INSERT INTO ALMACEN_PRODUCTO(ALMACEN_ID,PRODUCTO_ID,CANTIDAD_ACTUAL,CANTIDAD_MINIMA,PRECIO_VENTA) VALUES (4,983,12,0,1.000000);

INSERT INTO PROVEEDOR_PRODUCTO(PROVEEDOR_ID,PRODUCTO_ID,PRECIO_COMPRA) VALUES(6,983, 1.000000);

-- ===========PRODUCTO [984]
INSERT INTO PRODUCTO(ID,MARCA_ID,NOMBRE,PRESENTACION,CONTENIDO,UNIDADES_POR_CAJA,COSTO,COSTO_VENTA,PRECIO_BASE,UNIDAD_MEDIDA,CODIGO_BARRAS) VALUES(984,17,'Palmolive Spray','Fijacion, movimiento y Brillo',200,12.0,1.000000,1.000000,1.000000,'G',7.501035907928E12);

INSERT INTO MOVIMIENTO_HISTORICO_PRODUCTO (ALMACEN_ID,PRODUCTO_ID,FECHA,TIPO_MOVIMIENTO_ID,CANTIDAD,COSTO,PRECIO,USUARIO_ID) VALUES(1,984,now(),30,12,1.000000,1.000000,'root');
INSERT INTO ALMACEN_PRODUCTO(ALMACEN_ID,PRODUCTO_ID,CANTIDAD_ACTUAL,CANTIDAD_MINIMA,PRECIO_VENTA) VALUES (1,984,12,0,1.000000);

INSERT INTO ALMACEN_PRODUCTO(ALMACEN_ID,PRODUCTO_ID,CANTIDAD_ACTUAL,CANTIDAD_MINIMA,PRECIO_VENTA) VALUES (2,984,1,0,1.000000);

INSERT INTO ALMACEN_PRODUCTO(ALMACEN_ID,PRODUCTO_ID,CANTIDAD_ACTUAL,CANTIDAD_MINIMA,PRECIO_VENTA) VALUES (3,984,12,0,1.000000);

INSERT INTO ALMACEN_PRODUCTO(ALMACEN_ID,PRODUCTO_ID,CANTIDAD_ACTUAL,CANTIDAD_MINIMA,PRECIO_VENTA) VALUES (4,984,12,0,1.000000);

INSERT INTO PROVEEDOR_PRODUCTO(PROVEEDOR_ID,PRODUCTO_ID,PRECIO_COMPRA) VALUES(6,984, 1.000000);

-- ===========PRODUCTO [985]
INSERT INTO PRODUCTO(ID,MARCA_ID,NOMBRE,PRESENTACION,CONTENIDO,UNIDADES_POR_CAJA,COSTO,COSTO_VENTA,PRECIO_BASE,UNIDAD_MEDIDA,CODIGO_BARRAS) VALUES(985,49,'Stefano Colonia Caballero','Spazio',100,12.0,1.000000,1.000000,1.000000,'ML',7.501035916579E12);

INSERT INTO MOVIMIENTO_HISTORICO_PRODUCTO (ALMACEN_ID,PRODUCTO_ID,FECHA,TIPO_MOVIMIENTO_ID,CANTIDAD,COSTO,PRECIO,USUARIO_ID) VALUES(1,985,now(),30,3,1.000000,1.000000,'root');
INSERT INTO ALMACEN_PRODUCTO(ALMACEN_ID,PRODUCTO_ID,CANTIDAD_ACTUAL,CANTIDAD_MINIMA,PRECIO_VENTA) VALUES (1,985,3,0,1.000000);

INSERT INTO ALMACEN_PRODUCTO(ALMACEN_ID,PRODUCTO_ID,CANTIDAD_ACTUAL,CANTIDAD_MINIMA,PRECIO_VENTA) VALUES (2,985,0,0,1.000000);

INSERT INTO ALMACEN_PRODUCTO(ALMACEN_ID,PRODUCTO_ID,CANTIDAD_ACTUAL,CANTIDAD_MINIMA,PRECIO_VENTA) VALUES (3,985,3,0,1.000000);

INSERT INTO ALMACEN_PRODUCTO(ALMACEN_ID,PRODUCTO_ID,CANTIDAD_ACTUAL,CANTIDAD_MINIMA,PRECIO_VENTA) VALUES (4,985,3,0,1.000000);

INSERT INTO PROVEEDOR_PRODUCTO(PROVEEDOR_ID,PRODUCTO_ID,PRECIO_COMPRA) VALUES(6,985, 1.000000);

-- ===========PRODUCTO [986]
INSERT INTO PRODUCTO(ID,MARCA_ID,NOMBRE,PRESENTACION,CONTENIDO,UNIDADES_POR_CAJA,COSTO,COSTO_VENTA,PRECIO_BASE,UNIDAD_MEDIDA,CODIGO_BARRAS) VALUES(986,49,'Stefano Colonia Caballero','Black',100,12.0,1.000000,1.000000,1.000000,'ML',7.501035916159E12);

INSERT INTO MOVIMIENTO_HISTORICO_PRODUCTO (ALMACEN_ID,PRODUCTO_ID,FECHA,TIPO_MOVIMIENTO_ID,CANTIDAD,COSTO,PRECIO,USUARIO_ID) VALUES(1,986,now(),30,5,1.000000,1.000000,'root');
INSERT INTO ALMACEN_PRODUCTO(ALMACEN_ID,PRODUCTO_ID,CANTIDAD_ACTUAL,CANTIDAD_MINIMA,PRECIO_VENTA) VALUES (1,986,5,0,1.000000);

INSERT INTO ALMACEN_PRODUCTO(ALMACEN_ID,PRODUCTO_ID,CANTIDAD_ACTUAL,CANTIDAD_MINIMA,PRECIO_VENTA) VALUES (2,986,0,0,1.000000);

INSERT INTO ALMACEN_PRODUCTO(ALMACEN_ID,PRODUCTO_ID,CANTIDAD_ACTUAL,CANTIDAD_MINIMA,PRECIO_VENTA) VALUES (3,986,5,0,1.000000);

INSERT INTO ALMACEN_PRODUCTO(ALMACEN_ID,PRODUCTO_ID,CANTIDAD_ACTUAL,CANTIDAD_MINIMA,PRECIO_VENTA) VALUES (4,986,5,0,1.000000);

INSERT INTO PROVEEDOR_PRODUCTO(PROVEEDOR_ID,PRODUCTO_ID,PRECIO_COMPRA) VALUES(6,986, 1.000000);

-- ===========PRODUCTO [990]
INSERT INTO PRODUCTO(ID,MARCA_ID,NOMBRE,PRESENTACION,CONTENIDO,UNIDADES_POR_CAJA,COSTO,COSTO_VENTA,PRECIO_BASE,UNIDAD_MEDIDA,CODIGO_BARRAS) VALUES(990,83,'Wildroot Gel Fijador','Fijacion Extrema',400,12.0,1.000000,1.000000,1.000000,'G',7.509546012957E12);

INSERT INTO MOVIMIENTO_HISTORICO_PRODUCTO (ALMACEN_ID,PRODUCTO_ID,FECHA,TIPO_MOVIMIENTO_ID,CANTIDAD,COSTO,PRECIO,USUARIO_ID) VALUES(1,990,now(),30,10,1.000000,1.000000,'root');
INSERT INTO ALMACEN_PRODUCTO(ALMACEN_ID,PRODUCTO_ID,CANTIDAD_ACTUAL,CANTIDAD_MINIMA,PRECIO_VENTA) VALUES (1,990,10,0,1.000000);

INSERT INTO ALMACEN_PRODUCTO(ALMACEN_ID,PRODUCTO_ID,CANTIDAD_ACTUAL,CANTIDAD_MINIMA,PRECIO_VENTA) VALUES (2,990,0,0,1.000000);

INSERT INTO ALMACEN_PRODUCTO(ALMACEN_ID,PRODUCTO_ID,CANTIDAD_ACTUAL,CANTIDAD_MINIMA,PRECIO_VENTA) VALUES (3,990,10,0,1.000000);

INSERT INTO ALMACEN_PRODUCTO(ALMACEN_ID,PRODUCTO_ID,CANTIDAD_ACTUAL,CANTIDAD_MINIMA,PRECIO_VENTA) VALUES (4,990,10,0,1.000000);

INSERT INTO PROVEEDOR_PRODUCTO(PROVEEDOR_ID,PRODUCTO_ID,PRECIO_COMPRA) VALUES(6,990, 1.000000);

-- ===========PRODUCTO [991]
INSERT INTO PRODUCTO(ID,MARCA_ID,NOMBRE,PRESENTACION,CONTENIDO,UNIDADES_POR_CAJA,COSTO,COSTO_VENTA,PRECIO_BASE,UNIDAD_MEDIDA,CODIGO_BARRAS) VALUES(991,57,'Menen Shampoo Bebe','Proteina',500,12.0,1.000000,1.000000,1.000000,'ML',7.501035906839E12);

INSERT INTO MOVIMIENTO_HISTORICO_PRODUCTO (ALMACEN_ID,PRODUCTO_ID,FECHA,TIPO_MOVIMIENTO_ID,CANTIDAD,COSTO,PRECIO,USUARIO_ID) VALUES(1,991,now(),30,13,1.000000,1.000000,'root');
INSERT INTO ALMACEN_PRODUCTO(ALMACEN_ID,PRODUCTO_ID,CANTIDAD_ACTUAL,CANTIDAD_MINIMA,PRECIO_VENTA) VALUES (1,991,13,0,1.000000);

INSERT INTO ALMACEN_PRODUCTO(ALMACEN_ID,PRODUCTO_ID,CANTIDAD_ACTUAL,CANTIDAD_MINIMA,PRECIO_VENTA) VALUES (2,991,0,0,1.000000);

INSERT INTO ALMACEN_PRODUCTO(ALMACEN_ID,PRODUCTO_ID,CANTIDAD_ACTUAL,CANTIDAD_MINIMA,PRECIO_VENTA) VALUES (3,991,13,0,1.000000);

INSERT INTO ALMACEN_PRODUCTO(ALMACEN_ID,PRODUCTO_ID,CANTIDAD_ACTUAL,CANTIDAD_MINIMA,PRECIO_VENTA) VALUES (4,991,13,0,1.000000);

INSERT INTO PROVEEDOR_PRODUCTO(PROVEEDOR_ID,PRODUCTO_ID,PRECIO_COMPRA) VALUES(6,991, 1.000000);

-- ===========PRODUCTO [993]
INSERT INTO PRODUCTO(ID,MARCA_ID,NOMBRE,PRESENTACION,CONTENIDO,UNIDADES_POR_CAJA,COSTO,COSTO_VENTA,PRECIO_BASE,UNIDAD_MEDIDA,CODIGO_BARRAS) VALUES(993,36,'Caprice Shampoo','Herbal',800,12.0,1.000000,1.000000,1.000000,'ML',7.509546026961E12);

INSERT INTO MOVIMIENTO_HISTORICO_PRODUCTO (ALMACEN_ID,PRODUCTO_ID,FECHA,TIPO_MOVIMIENTO_ID,CANTIDAD,COSTO,PRECIO,USUARIO_ID) VALUES(1,993,now(),30,11,1.000000,1.000000,'root');
INSERT INTO ALMACEN_PRODUCTO(ALMACEN_ID,PRODUCTO_ID,CANTIDAD_ACTUAL,CANTIDAD_MINIMA,PRECIO_VENTA) VALUES (1,993,11,0,1.000000);

INSERT INTO ALMACEN_PRODUCTO(ALMACEN_ID,PRODUCTO_ID,CANTIDAD_ACTUAL,CANTIDAD_MINIMA,PRECIO_VENTA) VALUES (2,993,0,0,1.000000);

INSERT INTO ALMACEN_PRODUCTO(ALMACEN_ID,PRODUCTO_ID,CANTIDAD_ACTUAL,CANTIDAD_MINIMA,PRECIO_VENTA) VALUES (3,993,11,0,1.000000);

INSERT INTO ALMACEN_PRODUCTO(ALMACEN_ID,PRODUCTO_ID,CANTIDAD_ACTUAL,CANTIDAD_MINIMA,PRECIO_VENTA) VALUES (4,993,11,0,1.000000);

INSERT INTO PROVEEDOR_PRODUCTO(PROVEEDOR_ID,PRODUCTO_ID,PRECIO_COMPRA) VALUES(6,993, 1.000000);

-- ===========PRODUCTO [994]
INSERT INTO PRODUCTO(ID,MARCA_ID,NOMBRE,PRESENTACION,CONTENIDO,UNIDADES_POR_CAJA,COSTO,COSTO_VENTA,PRECIO_BASE,UNIDAD_MEDIDA,CODIGO_BARRAS) VALUES(994,20,'Colgate Plax Enjuague Bucal','Whitening',60,72.0,1.000000,1.000000,1.000000,'ML',7.891024136461E12);

INSERT INTO MOVIMIENTO_HISTORICO_PRODUCTO (ALMACEN_ID,PRODUCTO_ID,FECHA,TIPO_MOVIMIENTO_ID,CANTIDAD,COSTO,PRECIO,USUARIO_ID) VALUES(1,994,now(),30,18,1.000000,1.000000,'root');
INSERT INTO ALMACEN_PRODUCTO(ALMACEN_ID,PRODUCTO_ID,CANTIDAD_ACTUAL,CANTIDAD_MINIMA,PRECIO_VENTA) VALUES (1,994,18,0,1.000000);

INSERT INTO ALMACEN_PRODUCTO(ALMACEN_ID,PRODUCTO_ID,CANTIDAD_ACTUAL,CANTIDAD_MINIMA,PRECIO_VENTA) VALUES (2,994,3,0,1.000000);

INSERT INTO ALMACEN_PRODUCTO(ALMACEN_ID,PRODUCTO_ID,CANTIDAD_ACTUAL,CANTIDAD_MINIMA,PRECIO_VENTA) VALUES (3,994,18,0,1.000000);

INSERT INTO ALMACEN_PRODUCTO(ALMACEN_ID,PRODUCTO_ID,CANTIDAD_ACTUAL,CANTIDAD_MINIMA,PRECIO_VENTA) VALUES (4,994,18,0,1.000000);

INSERT INTO PROVEEDOR_PRODUCTO(PROVEEDOR_ID,PRODUCTO_ID,PRECIO_COMPRA) VALUES(6,994, 1.000000);

-- ===========PRODUCTO [995]
INSERT INTO PRODUCTO(ID,MARCA_ID,NOMBRE,PRESENTACION,CONTENIDO,UNIDADES_POR_CAJA,COSTO,COSTO_VENTA,PRECIO_BASE,UNIDAD_MEDIDA,CODIGO_BARRAS) VALUES(995,20,'Colgate Plax Enjuague Bucal','Whitening Sarro',60,72.0,1.000000,1.000000,1.000000,'ML',7.891024179642E12);

INSERT INTO MOVIMIENTO_HISTORICO_PRODUCTO (ALMACEN_ID,PRODUCTO_ID,FECHA,TIPO_MOVIMIENTO_ID,CANTIDAD,COSTO,PRECIO,USUARIO_ID) VALUES(1,995,now(),30,18,1.000000,1.000000,'root');
INSERT INTO ALMACEN_PRODUCTO(ALMACEN_ID,PRODUCTO_ID,CANTIDAD_ACTUAL,CANTIDAD_MINIMA,PRECIO_VENTA) VALUES (1,995,18,0,1.000000);

INSERT INTO ALMACEN_PRODUCTO(ALMACEN_ID,PRODUCTO_ID,CANTIDAD_ACTUAL,CANTIDAD_MINIMA,PRECIO_VENTA) VALUES (2,995,0,0,1.000000);

INSERT INTO ALMACEN_PRODUCTO(ALMACEN_ID,PRODUCTO_ID,CANTIDAD_ACTUAL,CANTIDAD_MINIMA,PRECIO_VENTA) VALUES (3,995,18,0,1.000000);

INSERT INTO ALMACEN_PRODUCTO(ALMACEN_ID,PRODUCTO_ID,CANTIDAD_ACTUAL,CANTIDAD_MINIMA,PRECIO_VENTA) VALUES (4,995,18,0,1.000000);

INSERT INTO PROVEEDOR_PRODUCTO(PROVEEDOR_ID,PRODUCTO_ID,PRECIO_COMPRA) VALUES(6,995, 1.000000);

-- ===========PRODUCTO [996]
INSERT INTO PRODUCTO(ID,MARCA_ID,NOMBRE,PRESENTACION,CONTENIDO,UNIDADES_POR_CAJA,COSTO,COSTO_VENTA,PRECIO_BASE,UNIDAD_MEDIDA,CODIGO_BARRAS) VALUES(996,17,'Palmolive Naturals','Balanceado y Suave',130,96.0,1.000000,1.000000,1.000000,'G',7.509546032245E12);

INSERT INTO MOVIMIENTO_HISTORICO_PRODUCTO (ALMACEN_ID,PRODUCTO_ID,FECHA,TIPO_MOVIMIENTO_ID,CANTIDAD,COSTO,PRECIO,USUARIO_ID) VALUES(1,996,now(),30,96,1.000000,1.000000,'root');
INSERT INTO ALMACEN_PRODUCTO(ALMACEN_ID,PRODUCTO_ID,CANTIDAD_ACTUAL,CANTIDAD_MINIMA,PRECIO_VENTA) VALUES (1,996,96,0,1.000000);

INSERT INTO ALMACEN_PRODUCTO(ALMACEN_ID,PRODUCTO_ID,CANTIDAD_ACTUAL,CANTIDAD_MINIMA,PRECIO_VENTA) VALUES (2,996,0,0,1.000000);

INSERT INTO ALMACEN_PRODUCTO(ALMACEN_ID,PRODUCTO_ID,CANTIDAD_ACTUAL,CANTIDAD_MINIMA,PRECIO_VENTA) VALUES (3,996,96,0,1.000000);

INSERT INTO ALMACEN_PRODUCTO(ALMACEN_ID,PRODUCTO_ID,CANTIDAD_ACTUAL,CANTIDAD_MINIMA,PRECIO_VENTA) VALUES (4,996,96,0,1.000000);

INSERT INTO PROVEEDOR_PRODUCTO(PROVEEDOR_ID,PRODUCTO_ID,PRECIO_COMPRA) VALUES(6,996, 1.000000);

-- ===========PRODUCTO [997]
INSERT INTO PRODUCTO(ID,MARCA_ID,NOMBRE,PRESENTACION,CONTENIDO,UNIDADES_POR_CAJA,COSTO,COSTO_VENTA,PRECIO_BASE,UNIDAD_MEDIDA,CODIGO_BARRAS) VALUES(997,36,'Caprice Fijador Spray Profesional','Colageno y Aloe Vera',372,12.0,1.000000,1.000000,1.000000,'ML',7.509546051307E12);

INSERT INTO MOVIMIENTO_HISTORICO_PRODUCTO (ALMACEN_ID,PRODUCTO_ID,FECHA,TIPO_MOVIMIENTO_ID,CANTIDAD,COSTO,PRECIO,USUARIO_ID) VALUES(1,997,now(),30,24,1.000000,1.000000,'root');
INSERT INTO ALMACEN_PRODUCTO(ALMACEN_ID,PRODUCTO_ID,CANTIDAD_ACTUAL,CANTIDAD_MINIMA,PRECIO_VENTA) VALUES (1,997,24,0,1.000000);

INSERT INTO ALMACEN_PRODUCTO(ALMACEN_ID,PRODUCTO_ID,CANTIDAD_ACTUAL,CANTIDAD_MINIMA,PRECIO_VENTA) VALUES (2,997,3,0,1.000000);

INSERT INTO ALMACEN_PRODUCTO(ALMACEN_ID,PRODUCTO_ID,CANTIDAD_ACTUAL,CANTIDAD_MINIMA,PRECIO_VENTA) VALUES (3,997,24,0,1.000000);

INSERT INTO ALMACEN_PRODUCTO(ALMACEN_ID,PRODUCTO_ID,CANTIDAD_ACTUAL,CANTIDAD_MINIMA,PRECIO_VENTA) VALUES (4,997,24,0,1.000000);

INSERT INTO PROVEEDOR_PRODUCTO(PROVEEDOR_ID,PRODUCTO_ID,PRECIO_COMPRA) VALUES(6,997, 1.000000);

-- ===========PRODUCTO [999]
INSERT INTO PRODUCTO(ID,MARCA_ID,NOMBRE,PRESENTACION,CONTENIDO,UNIDADES_POR_CAJA,COSTO,COSTO_VENTA,PRECIO_BASE,UNIDAD_MEDIDA,CODIGO_BARRAS) VALUES(999,82,'Fabuloso Limpiador','Bebé',1,12.0,1.000000,1.000000,1.000000,'L',7.509546006437E12);

INSERT INTO MOVIMIENTO_HISTORICO_PRODUCTO (ALMACEN_ID,PRODUCTO_ID,FECHA,TIPO_MOVIMIENTO_ID,CANTIDAD,COSTO,PRECIO,USUARIO_ID) VALUES(1,999,now(),30,12,1.000000,1.000000,'root');
INSERT INTO ALMACEN_PRODUCTO(ALMACEN_ID,PRODUCTO_ID,CANTIDAD_ACTUAL,CANTIDAD_MINIMA,PRECIO_VENTA) VALUES (1,999,12,0,1.000000);

INSERT INTO ALMACEN_PRODUCTO(ALMACEN_ID,PRODUCTO_ID,CANTIDAD_ACTUAL,CANTIDAD_MINIMA,PRECIO_VENTA) VALUES (2,999,0,0,1.000000);

INSERT INTO ALMACEN_PRODUCTO(ALMACEN_ID,PRODUCTO_ID,CANTIDAD_ACTUAL,CANTIDAD_MINIMA,PRECIO_VENTA) VALUES (3,999,12,0,1.000000);

INSERT INTO ALMACEN_PRODUCTO(ALMACEN_ID,PRODUCTO_ID,CANTIDAD_ACTUAL,CANTIDAD_MINIMA,PRECIO_VENTA) VALUES (4,999,12,0,1.000000);

INSERT INTO PROVEEDOR_PRODUCTO(PROVEEDOR_ID,PRODUCTO_ID,PRECIO_COMPRA) VALUES(6,999, 1.000000);

-- ===========PRODUCTO [1000]
INSERT INTO PRODUCTO(ID,MARCA_ID,NOMBRE,PRESENTACION,CONTENIDO,UNIDADES_POR_CAJA,COSTO,COSTO_VENTA,PRECIO_BASE,UNIDAD_MEDIDA,CODIGO_BARRAS) VALUES(1000,36,'Caprice Shampoo','Pro Vitamina',800,12.0,1.000000,1.000000,1.000000,'ML',7.509546026886E12);

INSERT INTO MOVIMIENTO_HISTORICO_PRODUCTO (ALMACEN_ID,PRODUCTO_ID,FECHA,TIPO_MOVIMIENTO_ID,CANTIDAD,COSTO,PRECIO,USUARIO_ID) VALUES(1,1000,now(),30,18,1.000000,1.000000,'root');
INSERT INTO ALMACEN_PRODUCTO(ALMACEN_ID,PRODUCTO_ID,CANTIDAD_ACTUAL,CANTIDAD_MINIMA,PRECIO_VENTA) VALUES (1,1000,18,0,1.000000);

INSERT INTO ALMACEN_PRODUCTO(ALMACEN_ID,PRODUCTO_ID,CANTIDAD_ACTUAL,CANTIDAD_MINIMA,PRECIO_VENTA) VALUES (2,1000,0,0,1.000000);

INSERT INTO ALMACEN_PRODUCTO(ALMACEN_ID,PRODUCTO_ID,CANTIDAD_ACTUAL,CANTIDAD_MINIMA,PRECIO_VENTA) VALUES (3,1000,18,0,1.000000);

INSERT INTO ALMACEN_PRODUCTO(ALMACEN_ID,PRODUCTO_ID,CANTIDAD_ACTUAL,CANTIDAD_MINIMA,PRECIO_VENTA) VALUES (4,1000,18,0,1.000000);

INSERT INTO PROVEEDOR_PRODUCTO(PROVEEDOR_ID,PRODUCTO_ID,PRECIO_COMPRA) VALUES(6,1000, 1.000000);

-- ===========PRODUCTO [1002]
INSERT INTO PRODUCTO(ID,MARCA_ID,NOMBRE,PRESENTACION,CONTENIDO,UNIDADES_POR_CAJA,COSTO,COSTO_VENTA,PRECIO_BASE,UNIDAD_MEDIDA,CODIGO_BARRAS) VALUES(1002,36,'Caprice Shampoo','Extracto de Mamey y Zing',800,12.0,1.000000,1.000000,1.000000,'ML',7.509546043197E12);

INSERT INTO MOVIMIENTO_HISTORICO_PRODUCTO (ALMACEN_ID,PRODUCTO_ID,FECHA,TIPO_MOVIMIENTO_ID,CANTIDAD,COSTO,PRECIO,USUARIO_ID) VALUES(1,1002,now(),30,13,1.000000,1.000000,'root');
INSERT INTO ALMACEN_PRODUCTO(ALMACEN_ID,PRODUCTO_ID,CANTIDAD_ACTUAL,CANTIDAD_MINIMA,PRECIO_VENTA) VALUES (1,1002,13,0,1.000000);

INSERT INTO ALMACEN_PRODUCTO(ALMACEN_ID,PRODUCTO_ID,CANTIDAD_ACTUAL,CANTIDAD_MINIMA,PRECIO_VENTA) VALUES (2,1002,0,0,1.000000);

INSERT INTO ALMACEN_PRODUCTO(ALMACEN_ID,PRODUCTO_ID,CANTIDAD_ACTUAL,CANTIDAD_MINIMA,PRECIO_VENTA) VALUES (3,1002,13,0,1.000000);

INSERT INTO ALMACEN_PRODUCTO(ALMACEN_ID,PRODUCTO_ID,CANTIDAD_ACTUAL,CANTIDAD_MINIMA,PRECIO_VENTA) VALUES (4,1002,13,0,1.000000);

INSERT INTO PROVEEDOR_PRODUCTO(PROVEEDOR_ID,PRODUCTO_ID,PRECIO_COMPRA) VALUES(6,1002, 1.000000);

-- ===========PRODUCTO [1004]
INSERT INTO PRODUCTO(ID,MARCA_ID,NOMBRE,PRESENTACION,CONTENIDO,UNIDADES_POR_CAJA,COSTO,COSTO_VENTA,PRECIO_BASE,UNIDAD_MEDIDA,CODIGO_BARRAS) VALUES(1004,36,'Caprice Shampoo','Colageno y Aloe Vera',800,12.0,1.000000,1.000000,1.000000,'ML',7.50954602693E12);

INSERT INTO MOVIMIENTO_HISTORICO_PRODUCTO (ALMACEN_ID,PRODUCTO_ID,FECHA,TIPO_MOVIMIENTO_ID,CANTIDAD,COSTO,PRECIO,USUARIO_ID) VALUES(1,1004,now(),30,12,1.000000,1.000000,'root');
INSERT INTO ALMACEN_PRODUCTO(ALMACEN_ID,PRODUCTO_ID,CANTIDAD_ACTUAL,CANTIDAD_MINIMA,PRECIO_VENTA) VALUES (1,1004,12,0,1.000000);

INSERT INTO ALMACEN_PRODUCTO(ALMACEN_ID,PRODUCTO_ID,CANTIDAD_ACTUAL,CANTIDAD_MINIMA,PRECIO_VENTA) VALUES (2,1004,0,0,1.000000);

INSERT INTO ALMACEN_PRODUCTO(ALMACEN_ID,PRODUCTO_ID,CANTIDAD_ACTUAL,CANTIDAD_MINIMA,PRECIO_VENTA) VALUES (3,1004,12,0,1.000000);

INSERT INTO ALMACEN_PRODUCTO(ALMACEN_ID,PRODUCTO_ID,CANTIDAD_ACTUAL,CANTIDAD_MINIMA,PRECIO_VENTA) VALUES (4,1004,12,0,1.000000);

INSERT INTO PROVEEDOR_PRODUCTO(PROVEEDOR_ID,PRODUCTO_ID,PRECIO_COMPRA) VALUES(6,1004, 1.000000);

-- ===========PRODUCTO [1005]
INSERT INTO PRODUCTO(ID,MARCA_ID,NOMBRE,PRESENTACION,CONTENIDO,UNIDADES_POR_CAJA,COSTO,COSTO_VENTA,PRECIO_BASE,UNIDAD_MEDIDA,CODIGO_BARRAS) VALUES(1005,36,'Caprice Shampoo','Eucalipto y Zing',800,12.0,1.000000,1.000000,1.000000,'ML',7.509546026893E12);

INSERT INTO MOVIMIENTO_HISTORICO_PRODUCTO (ALMACEN_ID,PRODUCTO_ID,FECHA,TIPO_MOVIMIENTO_ID,CANTIDAD,COSTO,PRECIO,USUARIO_ID) VALUES(1,1005,now(),30,12,1.000000,1.000000,'root');
INSERT INTO ALMACEN_PRODUCTO(ALMACEN_ID,PRODUCTO_ID,CANTIDAD_ACTUAL,CANTIDAD_MINIMA,PRECIO_VENTA) VALUES (1,1005,12,0,1.000000);

INSERT INTO ALMACEN_PRODUCTO(ALMACEN_ID,PRODUCTO_ID,CANTIDAD_ACTUAL,CANTIDAD_MINIMA,PRECIO_VENTA) VALUES (2,1005,1,0,1.000000);

INSERT INTO ALMACEN_PRODUCTO(ALMACEN_ID,PRODUCTO_ID,CANTIDAD_ACTUAL,CANTIDAD_MINIMA,PRECIO_VENTA) VALUES (3,1005,12,0,1.000000);

INSERT INTO ALMACEN_PRODUCTO(ALMACEN_ID,PRODUCTO_ID,CANTIDAD_ACTUAL,CANTIDAD_MINIMA,PRECIO_VENTA) VALUES (4,1005,12,0,1.000000);

INSERT INTO PROVEEDOR_PRODUCTO(PROVEEDOR_ID,PRODUCTO_ID,PRECIO_COMPRA) VALUES(6,1005, 1.000000);

-- ===========PRODUCTO [1006]
INSERT INTO PRODUCTO(ID,MARCA_ID,NOMBRE,PRESENTACION,CONTENIDO,UNIDADES_POR_CAJA,COSTO,COSTO_VENTA,PRECIO_BASE,UNIDAD_MEDIDA,CODIGO_BARRAS) VALUES(1006,36,'Caprice Acondicionador','Extracto de Rosas',800,12.0,1.000000,1.000000,1.000000,'ML',7.509546026695E12);

INSERT INTO MOVIMIENTO_HISTORICO_PRODUCTO (ALMACEN_ID,PRODUCTO_ID,FECHA,TIPO_MOVIMIENTO_ID,CANTIDAD,COSTO,PRECIO,USUARIO_ID) VALUES(1,1006,now(),30,5,1.000000,1.000000,'root');
INSERT INTO ALMACEN_PRODUCTO(ALMACEN_ID,PRODUCTO_ID,CANTIDAD_ACTUAL,CANTIDAD_MINIMA,PRECIO_VENTA) VALUES (1,1006,5,0,1.000000);

INSERT INTO ALMACEN_PRODUCTO(ALMACEN_ID,PRODUCTO_ID,CANTIDAD_ACTUAL,CANTIDAD_MINIMA,PRECIO_VENTA) VALUES (2,1006,0,0,1.000000);

INSERT INTO ALMACEN_PRODUCTO(ALMACEN_ID,PRODUCTO_ID,CANTIDAD_ACTUAL,CANTIDAD_MINIMA,PRECIO_VENTA) VALUES (3,1006,5,0,1.000000);

INSERT INTO ALMACEN_PRODUCTO(ALMACEN_ID,PRODUCTO_ID,CANTIDAD_ACTUAL,CANTIDAD_MINIMA,PRECIO_VENTA) VALUES (4,1006,5,0,1.000000);

INSERT INTO PROVEEDOR_PRODUCTO(PROVEEDOR_ID,PRODUCTO_ID,PRECIO_COMPRA) VALUES(6,1006, 1.000000);

-- ===========PRODUCTO [1007]
INSERT INTO PRODUCTO(ID,MARCA_ID,NOMBRE,PRESENTACION,CONTENIDO,UNIDADES_POR_CAJA,COSTO,COSTO_VENTA,PRECIO_BASE,UNIDAD_MEDIDA,CODIGO_BARRAS) VALUES(1007,36,'Caprice Acondicionador','Extracto de Mamey y Silicona',800,12.0,1.000000,1.000000,1.000000,'ML',7.509546026541E12);

INSERT INTO MOVIMIENTO_HISTORICO_PRODUCTO (ALMACEN_ID,PRODUCTO_ID,FECHA,TIPO_MOVIMIENTO_ID,CANTIDAD,COSTO,PRECIO,USUARIO_ID) VALUES(1,1007,now(),30,5,1.000000,1.000000,'root');
INSERT INTO ALMACEN_PRODUCTO(ALMACEN_ID,PRODUCTO_ID,CANTIDAD_ACTUAL,CANTIDAD_MINIMA,PRECIO_VENTA) VALUES (1,1007,5,0,1.000000);

INSERT INTO ALMACEN_PRODUCTO(ALMACEN_ID,PRODUCTO_ID,CANTIDAD_ACTUAL,CANTIDAD_MINIMA,PRECIO_VENTA) VALUES (2,1007,0,0,1.000000);

INSERT INTO ALMACEN_PRODUCTO(ALMACEN_ID,PRODUCTO_ID,CANTIDAD_ACTUAL,CANTIDAD_MINIMA,PRECIO_VENTA) VALUES (3,1007,5,0,1.000000);

INSERT INTO ALMACEN_PRODUCTO(ALMACEN_ID,PRODUCTO_ID,CANTIDAD_ACTUAL,CANTIDAD_MINIMA,PRECIO_VENTA) VALUES (4,1007,5,0,1.000000);

INSERT INTO PROVEEDOR_PRODUCTO(PROVEEDOR_ID,PRODUCTO_ID,PRECIO_COMPRA) VALUES(6,1007, 1.000000);

-- ===========PRODUCTO [1010]
INSERT INTO PRODUCTO(ID,MARCA_ID,NOMBRE,PRESENTACION,CONTENIDO,UNIDADES_POR_CAJA,COSTO,COSTO_VENTA,PRECIO_BASE,UNIDAD_MEDIDA,CODIGO_BARRAS) VALUES(1010,36,'Caprice Shampoo','Proteina',800,12.0,1.000000,1.000000,1.000000,'ML',7.509546026978E12);

INSERT INTO MOVIMIENTO_HISTORICO_PRODUCTO (ALMACEN_ID,PRODUCTO_ID,FECHA,TIPO_MOVIMIENTO_ID,CANTIDAD,COSTO,PRECIO,USUARIO_ID) VALUES(1,1010,now(),30,12,1.000000,1.000000,'root');
INSERT INTO ALMACEN_PRODUCTO(ALMACEN_ID,PRODUCTO_ID,CANTIDAD_ACTUAL,CANTIDAD_MINIMA,PRECIO_VENTA) VALUES (1,1010,12,0,1.000000);

INSERT INTO ALMACEN_PRODUCTO(ALMACEN_ID,PRODUCTO_ID,CANTIDAD_ACTUAL,CANTIDAD_MINIMA,PRECIO_VENTA) VALUES (2,1010,0,0,1.000000);

INSERT INTO ALMACEN_PRODUCTO(ALMACEN_ID,PRODUCTO_ID,CANTIDAD_ACTUAL,CANTIDAD_MINIMA,PRECIO_VENTA) VALUES (3,1010,12,0,1.000000);

INSERT INTO ALMACEN_PRODUCTO(ALMACEN_ID,PRODUCTO_ID,CANTIDAD_ACTUAL,CANTIDAD_MINIMA,PRECIO_VENTA) VALUES (4,1010,12,0,1.000000);

INSERT INTO PROVEEDOR_PRODUCTO(PROVEEDOR_ID,PRODUCTO_ID,PRECIO_COMPRA) VALUES(6,1010, 1.000000);

-- ===========PRODUCTO [1011]
INSERT INTO PRODUCTO(ID,MARCA_ID,NOMBRE,PRESENTACION,CONTENIDO,UNIDADES_POR_CAJA,COSTO,COSTO_VENTA,PRECIO_BASE,UNIDAD_MEDIDA,CODIGO_BARRAS) VALUES(1011,36,'Caprice Shampoo','Extracto de Mamey y Silicona',1000,12.0,1.000000,1.000000,1.000000,'ML',7.509546042305E12);

INSERT INTO MOVIMIENTO_HISTORICO_PRODUCTO (ALMACEN_ID,PRODUCTO_ID,FECHA,TIPO_MOVIMIENTO_ID,CANTIDAD,COSTO,PRECIO,USUARIO_ID) VALUES(1,1011,now(),30,12,1.000000,1.000000,'root');
INSERT INTO ALMACEN_PRODUCTO(ALMACEN_ID,PRODUCTO_ID,CANTIDAD_ACTUAL,CANTIDAD_MINIMA,PRECIO_VENTA) VALUES (1,1011,12,0,1.000000);

INSERT INTO ALMACEN_PRODUCTO(ALMACEN_ID,PRODUCTO_ID,CANTIDAD_ACTUAL,CANTIDAD_MINIMA,PRECIO_VENTA) VALUES (2,1011,0,0,1.000000);

INSERT INTO ALMACEN_PRODUCTO(ALMACEN_ID,PRODUCTO_ID,CANTIDAD_ACTUAL,CANTIDAD_MINIMA,PRECIO_VENTA) VALUES (3,1011,12,0,1.000000);

INSERT INTO ALMACEN_PRODUCTO(ALMACEN_ID,PRODUCTO_ID,CANTIDAD_ACTUAL,CANTIDAD_MINIMA,PRECIO_VENTA) VALUES (4,1011,12,0,1.000000);

INSERT INTO PROVEEDOR_PRODUCTO(PROVEEDOR_ID,PRODUCTO_ID,PRECIO_COMPRA) VALUES(6,1011, 1.000000);

-- ===========PRODUCTO [1012]
INSERT INTO PRODUCTO(ID,MARCA_ID,NOMBRE,PRESENTACION,CONTENIDO,UNIDADES_POR_CAJA,COSTO,COSTO_VENTA,PRECIO_BASE,UNIDAD_MEDIDA,CODIGO_BARRAS) VALUES(1012,36,'Caprice Shampoo','Miel y Germen de Trigo',800,24.0,1.000000,1.000000,1.000000,'ML',7.509546026916E12);

INSERT INTO MOVIMIENTO_HISTORICO_PRODUCTO (ALMACEN_ID,PRODUCTO_ID,FECHA,TIPO_MOVIMIENTO_ID,CANTIDAD,COSTO,PRECIO,USUARIO_ID) VALUES(1,1012,now(),30,12,1.000000,1.000000,'root');
INSERT INTO ALMACEN_PRODUCTO(ALMACEN_ID,PRODUCTO_ID,CANTIDAD_ACTUAL,CANTIDAD_MINIMA,PRECIO_VENTA) VALUES (1,1012,12,0,1.000000);

INSERT INTO ALMACEN_PRODUCTO(ALMACEN_ID,PRODUCTO_ID,CANTIDAD_ACTUAL,CANTIDAD_MINIMA,PRECIO_VENTA) VALUES (2,1012,0,0,1.000000);

INSERT INTO ALMACEN_PRODUCTO(ALMACEN_ID,PRODUCTO_ID,CANTIDAD_ACTUAL,CANTIDAD_MINIMA,PRECIO_VENTA) VALUES (3,1012,12,0,1.000000);

INSERT INTO ALMACEN_PRODUCTO(ALMACEN_ID,PRODUCTO_ID,CANTIDAD_ACTUAL,CANTIDAD_MINIMA,PRECIO_VENTA) VALUES (4,1012,12,0,1.000000);

INSERT INTO PROVEEDOR_PRODUCTO(PROVEEDOR_ID,PRODUCTO_ID,PRECIO_COMPRA) VALUES(6,1012, 1.000000);

-- ===========PRODUCTO [1013]
INSERT INTO PRODUCTO(ID,MARCA_ID,NOMBRE,PRESENTACION,CONTENIDO,UNIDADES_POR_CAJA,COSTO,COSTO_VENTA,PRECIO_BASE,UNIDAD_MEDIDA,CODIGO_BARRAS) VALUES(1013,68,'Suavitel Suavizante','Acqua Sin Enjuague',450,12.0,1.000000,1.000000,1.000000,'ML',7.50954604433E12);

INSERT INTO MOVIMIENTO_HISTORICO_PRODUCTO (ALMACEN_ID,PRODUCTO_ID,FECHA,TIPO_MOVIMIENTO_ID,CANTIDAD,COSTO,PRECIO,USUARIO_ID) VALUES(1,1013,now(),30,12,1.000000,1.000000,'root');
INSERT INTO ALMACEN_PRODUCTO(ALMACEN_ID,PRODUCTO_ID,CANTIDAD_ACTUAL,CANTIDAD_MINIMA,PRECIO_VENTA) VALUES (1,1013,12,0,1.000000);

INSERT INTO ALMACEN_PRODUCTO(ALMACEN_ID,PRODUCTO_ID,CANTIDAD_ACTUAL,CANTIDAD_MINIMA,PRECIO_VENTA) VALUES (2,1013,0,0,1.000000);

INSERT INTO ALMACEN_PRODUCTO(ALMACEN_ID,PRODUCTO_ID,CANTIDAD_ACTUAL,CANTIDAD_MINIMA,PRECIO_VENTA) VALUES (3,1013,12,0,1.000000);

INSERT INTO ALMACEN_PRODUCTO(ALMACEN_ID,PRODUCTO_ID,CANTIDAD_ACTUAL,CANTIDAD_MINIMA,PRECIO_VENTA) VALUES (4,1013,12,0,1.000000);

INSERT INTO PROVEEDOR_PRODUCTO(PROVEEDOR_ID,PRODUCTO_ID,PRECIO_COMPRA) VALUES(6,1013, 1.000000);

-- ===========PRODUCTO [1014]
INSERT INTO PRODUCTO(ID,MARCA_ID,NOMBRE,PRESENTACION,CONTENIDO,UNIDADES_POR_CAJA,COSTO,COSTO_VENTA,PRECIO_BASE,UNIDAD_MEDIDA,CODIGO_BARRAS) VALUES(1014,69,'Axion Detergente Liquido','Limon',900,12.0,1.000000,1.000000,1.000000,'ML',7.509546052977E12);

INSERT INTO MOVIMIENTO_HISTORICO_PRODUCTO (ALMACEN_ID,PRODUCTO_ID,FECHA,TIPO_MOVIMIENTO_ID,CANTIDAD,COSTO,PRECIO,USUARIO_ID) VALUES(1,1014,now(),30,12,1.000000,1.000000,'root');
INSERT INTO ALMACEN_PRODUCTO(ALMACEN_ID,PRODUCTO_ID,CANTIDAD_ACTUAL,CANTIDAD_MINIMA,PRECIO_VENTA) VALUES (1,1014,12,0,1.000000);

INSERT INTO ALMACEN_PRODUCTO(ALMACEN_ID,PRODUCTO_ID,CANTIDAD_ACTUAL,CANTIDAD_MINIMA,PRECIO_VENTA) VALUES (2,1014,0,0,1.000000);

INSERT INTO ALMACEN_PRODUCTO(ALMACEN_ID,PRODUCTO_ID,CANTIDAD_ACTUAL,CANTIDAD_MINIMA,PRECIO_VENTA) VALUES (3,1014,12,0,1.000000);

INSERT INTO ALMACEN_PRODUCTO(ALMACEN_ID,PRODUCTO_ID,CANTIDAD_ACTUAL,CANTIDAD_MINIMA,PRECIO_VENTA) VALUES (4,1014,12,0,1.000000);

INSERT INTO PROVEEDOR_PRODUCTO(PROVEEDOR_ID,PRODUCTO_ID,PRECIO_COMPRA) VALUES(6,1014, 1.000000);

-- ===========PRODUCTO [1016]
INSERT INTO PRODUCTO(ID,MARCA_ID,NOMBRE,PRESENTACION,CONTENIDO,UNIDADES_POR_CAJA,COSTO,COSTO_VENTA,PRECIO_BASE,UNIDAD_MEDIDA,CODIGO_BARRAS) VALUES(1016,82,'Fabuloso Limpiador','Mar Fresco',2000,6.0,1.000000,1.000000,1.000000,'ML',7.501035905368E12);

INSERT INTO MOVIMIENTO_HISTORICO_PRODUCTO (ALMACEN_ID,PRODUCTO_ID,FECHA,TIPO_MOVIMIENTO_ID,CANTIDAD,COSTO,PRECIO,USUARIO_ID) VALUES(1,1016,now(),30,6,1.000000,1.000000,'root');
INSERT INTO ALMACEN_PRODUCTO(ALMACEN_ID,PRODUCTO_ID,CANTIDAD_ACTUAL,CANTIDAD_MINIMA,PRECIO_VENTA) VALUES (1,1016,6,0,1.000000);

INSERT INTO ALMACEN_PRODUCTO(ALMACEN_ID,PRODUCTO_ID,CANTIDAD_ACTUAL,CANTIDAD_MINIMA,PRECIO_VENTA) VALUES (2,1016,0,0,1.000000);

INSERT INTO ALMACEN_PRODUCTO(ALMACEN_ID,PRODUCTO_ID,CANTIDAD_ACTUAL,CANTIDAD_MINIMA,PRECIO_VENTA) VALUES (3,1016,6,0,1.000000);

INSERT INTO ALMACEN_PRODUCTO(ALMACEN_ID,PRODUCTO_ID,CANTIDAD_ACTUAL,CANTIDAD_MINIMA,PRECIO_VENTA) VALUES (4,1016,6,0,1.000000);

INSERT INTO PROVEEDOR_PRODUCTO(PROVEEDOR_ID,PRODUCTO_ID,PRECIO_COMPRA) VALUES(6,1016, 1.000000);

-- ===========PRODUCTO [1017]
INSERT INTO PRODUCTO(ID,MARCA_ID,NOMBRE,PRESENTACION,CONTENIDO,UNIDADES_POR_CAJA,COSTO,COSTO_VENTA,PRECIO_BASE,UNIDAD_MEDIDA,CODIGO_BARRAS) VALUES(1017,69,'Axion Detergente Liquido','Aloe',400,12.0,1.000000,1.000000,1.000000,'ML',7.509546038889E12);

INSERT INTO MOVIMIENTO_HISTORICO_PRODUCTO (ALMACEN_ID,PRODUCTO_ID,FECHA,TIPO_MOVIMIENTO_ID,CANTIDAD,COSTO,PRECIO,USUARIO_ID) VALUES(1,1017,now(),30,12,1.000000,1.000000,'root');
INSERT INTO ALMACEN_PRODUCTO(ALMACEN_ID,PRODUCTO_ID,CANTIDAD_ACTUAL,CANTIDAD_MINIMA,PRECIO_VENTA) VALUES (1,1017,12,0,1.000000);

INSERT INTO ALMACEN_PRODUCTO(ALMACEN_ID,PRODUCTO_ID,CANTIDAD_ACTUAL,CANTIDAD_MINIMA,PRECIO_VENTA) VALUES (2,1017,0,0,1.000000);

INSERT INTO ALMACEN_PRODUCTO(ALMACEN_ID,PRODUCTO_ID,CANTIDAD_ACTUAL,CANTIDAD_MINIMA,PRECIO_VENTA) VALUES (3,1017,12,0,1.000000);

INSERT INTO ALMACEN_PRODUCTO(ALMACEN_ID,PRODUCTO_ID,CANTIDAD_ACTUAL,CANTIDAD_MINIMA,PRECIO_VENTA) VALUES (4,1017,12,0,1.000000);

INSERT INTO PROVEEDOR_PRODUCTO(PROVEEDOR_ID,PRODUCTO_ID,PRECIO_COMPRA) VALUES(6,1017, 1.000000);

-- ===========PRODUCTO [1018]
INSERT INTO PRODUCTO(ID,MARCA_ID,NOMBRE,PRESENTACION,CONTENIDO,UNIDADES_POR_CAJA,COSTO,COSTO_VENTA,PRECIO_BASE,UNIDAD_MEDIDA,CODIGO_BARRAS) VALUES(1018,27,'Vel Rosita Shampoo Ropa','Delicada',1,12.0,1.000000,1.000000,1.000000,'L',7.501035904071E12);

INSERT INTO MOVIMIENTO_HISTORICO_PRODUCTO (ALMACEN_ID,PRODUCTO_ID,FECHA,TIPO_MOVIMIENTO_ID,CANTIDAD,COSTO,PRECIO,USUARIO_ID) VALUES(1,1018,now(),30,12,1.000000,1.000000,'root');
INSERT INTO ALMACEN_PRODUCTO(ALMACEN_ID,PRODUCTO_ID,CANTIDAD_ACTUAL,CANTIDAD_MINIMA,PRECIO_VENTA) VALUES (1,1018,12,0,1.000000);

INSERT INTO ALMACEN_PRODUCTO(ALMACEN_ID,PRODUCTO_ID,CANTIDAD_ACTUAL,CANTIDAD_MINIMA,PRECIO_VENTA) VALUES (2,1018,0,0,1.000000);

INSERT INTO ALMACEN_PRODUCTO(ALMACEN_ID,PRODUCTO_ID,CANTIDAD_ACTUAL,CANTIDAD_MINIMA,PRECIO_VENTA) VALUES (3,1018,12,0,1.000000);

INSERT INTO ALMACEN_PRODUCTO(ALMACEN_ID,PRODUCTO_ID,CANTIDAD_ACTUAL,CANTIDAD_MINIMA,PRECIO_VENTA) VALUES (4,1018,12,0,1.000000);

INSERT INTO PROVEEDOR_PRODUCTO(PROVEEDOR_ID,PRODUCTO_ID,PRECIO_COMPRA) VALUES(6,1018, 1.000000);

-- ===========PRODUCTO [1019]
INSERT INTO PRODUCTO(ID,MARCA_ID,NOMBRE,PRESENTACION,CONTENIDO,UNIDADES_POR_CAJA,COSTO,COSTO_VENTA,PRECIO_BASE,UNIDAD_MEDIDA,CODIGO_BARRAS) VALUES(1019,82,'Fabuloso Limpiador','Fresco Amanecer',1,12.0,1.000000,1.000000,1.000000,'L',7.501035910096E12);

INSERT INTO MOVIMIENTO_HISTORICO_PRODUCTO (ALMACEN_ID,PRODUCTO_ID,FECHA,TIPO_MOVIMIENTO_ID,CANTIDAD,COSTO,PRECIO,USUARIO_ID) VALUES(1,1019,now(),30,12,1.000000,1.000000,'root');
INSERT INTO ALMACEN_PRODUCTO(ALMACEN_ID,PRODUCTO_ID,CANTIDAD_ACTUAL,CANTIDAD_MINIMA,PRECIO_VENTA) VALUES (1,1019,12,0,1.000000);

INSERT INTO ALMACEN_PRODUCTO(ALMACEN_ID,PRODUCTO_ID,CANTIDAD_ACTUAL,CANTIDAD_MINIMA,PRECIO_VENTA) VALUES (2,1019,0,0,1.000000);

INSERT INTO ALMACEN_PRODUCTO(ALMACEN_ID,PRODUCTO_ID,CANTIDAD_ACTUAL,CANTIDAD_MINIMA,PRECIO_VENTA) VALUES (3,1019,12,0,1.000000);

INSERT INTO ALMACEN_PRODUCTO(ALMACEN_ID,PRODUCTO_ID,CANTIDAD_ACTUAL,CANTIDAD_MINIMA,PRECIO_VENTA) VALUES (4,1019,12,0,1.000000);

INSERT INTO PROVEEDOR_PRODUCTO(PROVEEDOR_ID,PRODUCTO_ID,PRECIO_COMPRA) VALUES(6,1019, 1.000000);

-- ===========PRODUCTO [1020]
INSERT INTO PRODUCTO(ID,MARCA_ID,NOMBRE,PRESENTACION,CONTENIDO,UNIDADES_POR_CAJA,COSTO,COSTO_VENTA,PRECIO_BASE,UNIDAD_MEDIDA,CODIGO_BARRAS) VALUES(1020,82,'Fabuloso Limpiador','Mar Fresco',1,12.0,1.000000,1.000000,1.000000,'L',7.509546009889E12);

INSERT INTO MOVIMIENTO_HISTORICO_PRODUCTO (ALMACEN_ID,PRODUCTO_ID,FECHA,TIPO_MOVIMIENTO_ID,CANTIDAD,COSTO,PRECIO,USUARIO_ID) VALUES(1,1020,now(),30,24,1.000000,1.000000,'root');
INSERT INTO ALMACEN_PRODUCTO(ALMACEN_ID,PRODUCTO_ID,CANTIDAD_ACTUAL,CANTIDAD_MINIMA,PRECIO_VENTA) VALUES (1,1020,24,0,1.000000);

INSERT INTO ALMACEN_PRODUCTO(ALMACEN_ID,PRODUCTO_ID,CANTIDAD_ACTUAL,CANTIDAD_MINIMA,PRECIO_VENTA) VALUES (2,1020,0,0,1.000000);

INSERT INTO ALMACEN_PRODUCTO(ALMACEN_ID,PRODUCTO_ID,CANTIDAD_ACTUAL,CANTIDAD_MINIMA,PRECIO_VENTA) VALUES (3,1020,24,0,1.000000);

INSERT INTO ALMACEN_PRODUCTO(ALMACEN_ID,PRODUCTO_ID,CANTIDAD_ACTUAL,CANTIDAD_MINIMA,PRECIO_VENTA) VALUES (4,1020,24,0,1.000000);

INSERT INTO PROVEEDOR_PRODUCTO(PROVEEDOR_ID,PRODUCTO_ID,PRECIO_COMPRA) VALUES(6,1020, 1.000000);

-- ===========PRODUCTO [1021]
INSERT INTO PRODUCTO(ID,MARCA_ID,NOMBRE,PRESENTACION,CONTENIDO,UNIDADES_POR_CAJA,COSTO,COSTO_VENTA,PRECIO_BASE,UNIDAD_MEDIDA,CODIGO_BARRAS) VALUES(1021,82,'Fabuloso Limpiador','Fresca Lavanda',1,12.0,1.000000,1.000000,1.000000,'L',7.509546009872E12);

INSERT INTO MOVIMIENTO_HISTORICO_PRODUCTO (ALMACEN_ID,PRODUCTO_ID,FECHA,TIPO_MOVIMIENTO_ID,CANTIDAD,COSTO,PRECIO,USUARIO_ID) VALUES(1,1021,now(),30,12,1.000000,1.000000,'root');
INSERT INTO ALMACEN_PRODUCTO(ALMACEN_ID,PRODUCTO_ID,CANTIDAD_ACTUAL,CANTIDAD_MINIMA,PRECIO_VENTA) VALUES (1,1021,12,0,1.000000);

INSERT INTO ALMACEN_PRODUCTO(ALMACEN_ID,PRODUCTO_ID,CANTIDAD_ACTUAL,CANTIDAD_MINIMA,PRECIO_VENTA) VALUES (2,1021,0,0,1.000000);

INSERT INTO ALMACEN_PRODUCTO(ALMACEN_ID,PRODUCTO_ID,CANTIDAD_ACTUAL,CANTIDAD_MINIMA,PRECIO_VENTA) VALUES (3,1021,12,0,1.000000);

INSERT INTO ALMACEN_PRODUCTO(ALMACEN_ID,PRODUCTO_ID,CANTIDAD_ACTUAL,CANTIDAD_MINIMA,PRECIO_VENTA) VALUES (4,1021,12,0,1.000000);

INSERT INTO PROVEEDOR_PRODUCTO(PROVEEDOR_ID,PRODUCTO_ID,PRECIO_COMPRA) VALUES(6,1021, 1.000000);

-- ===========PRODUCTO [1022]
INSERT INTO PRODUCTO(ID,MARCA_ID,NOMBRE,PRESENTACION,CONTENIDO,UNIDADES_POR_CAJA,COSTO,COSTO_VENTA,PRECIO_BASE,UNIDAD_MEDIDA,CODIGO_BARRAS) VALUES(1022,82,'Fabuloso Limpiador','Oxy Pino',828,12.0,1.000000,1.000000,1.000000,'ML',7.509546032658E12);

INSERT INTO MOVIMIENTO_HISTORICO_PRODUCTO (ALMACEN_ID,PRODUCTO_ID,FECHA,TIPO_MOVIMIENTO_ID,CANTIDAD,COSTO,PRECIO,USUARIO_ID) VALUES(1,1022,now(),30,12,1.000000,1.000000,'root');
INSERT INTO ALMACEN_PRODUCTO(ALMACEN_ID,PRODUCTO_ID,CANTIDAD_ACTUAL,CANTIDAD_MINIMA,PRECIO_VENTA) VALUES (1,1022,12,0,1.000000);

INSERT INTO ALMACEN_PRODUCTO(ALMACEN_ID,PRODUCTO_ID,CANTIDAD_ACTUAL,CANTIDAD_MINIMA,PRECIO_VENTA) VALUES (2,1022,0,0,1.000000);

INSERT INTO ALMACEN_PRODUCTO(ALMACEN_ID,PRODUCTO_ID,CANTIDAD_ACTUAL,CANTIDAD_MINIMA,PRECIO_VENTA) VALUES (3,1022,12,0,1.000000);

INSERT INTO ALMACEN_PRODUCTO(ALMACEN_ID,PRODUCTO_ID,CANTIDAD_ACTUAL,CANTIDAD_MINIMA,PRECIO_VENTA) VALUES (4,1022,12,0,1.000000);

INSERT INTO PROVEEDOR_PRODUCTO(PROVEEDOR_ID,PRODUCTO_ID,PRECIO_COMPRA) VALUES(6,1022, 1.000000);

-- ===========PRODUCTO [1023]
INSERT INTO PRODUCTO(ID,MARCA_ID,NOMBRE,PRESENTACION,CONTENIDO,UNIDADES_POR_CAJA,COSTO,COSTO_VENTA,PRECIO_BASE,UNIDAD_MEDIDA,CODIGO_BARRAS) VALUES(1023,82,'Fabuloso Limpiador','Fresca Lavanda',500,24.0,1.000000,1.000000,1.000000,'ML',7.5001162E7);

INSERT INTO MOVIMIENTO_HISTORICO_PRODUCTO (ALMACEN_ID,PRODUCTO_ID,FECHA,TIPO_MOVIMIENTO_ID,CANTIDAD,COSTO,PRECIO,USUARIO_ID) VALUES(1,1023,now(),30,31,1.000000,1.000000,'root');
INSERT INTO ALMACEN_PRODUCTO(ALMACEN_ID,PRODUCTO_ID,CANTIDAD_ACTUAL,CANTIDAD_MINIMA,PRECIO_VENTA) VALUES (1,1023,31,0,1.000000);

INSERT INTO ALMACEN_PRODUCTO(ALMACEN_ID,PRODUCTO_ID,CANTIDAD_ACTUAL,CANTIDAD_MINIMA,PRECIO_VENTA) VALUES (2,1023,0,0,1.000000);

INSERT INTO ALMACEN_PRODUCTO(ALMACEN_ID,PRODUCTO_ID,CANTIDAD_ACTUAL,CANTIDAD_MINIMA,PRECIO_VENTA) VALUES (3,1023,31,0,1.000000);

INSERT INTO ALMACEN_PRODUCTO(ALMACEN_ID,PRODUCTO_ID,CANTIDAD_ACTUAL,CANTIDAD_MINIMA,PRECIO_VENTA) VALUES (4,1023,31,0,1.000000);

INSERT INTO PROVEEDOR_PRODUCTO(PROVEEDOR_ID,PRODUCTO_ID,PRECIO_COMPRA) VALUES(6,1023, 1.000000);

-- ===========PRODUCTO [1024]
INSERT INTO PRODUCTO(ID,MARCA_ID,NOMBRE,PRESENTACION,CONTENIDO,UNIDADES_POR_CAJA,COSTO,COSTO_VENTA,PRECIO_BASE,UNIDAD_MEDIDA,CODIGO_BARRAS) VALUES(1024,82,'Fabuloso Limpiador','Mar Fresco',500,24.0,1.000000,1.000000,1.000000,'ML',7.5001186E7);

INSERT INTO MOVIMIENTO_HISTORICO_PRODUCTO (ALMACEN_ID,PRODUCTO_ID,FECHA,TIPO_MOVIMIENTO_ID,CANTIDAD,COSTO,PRECIO,USUARIO_ID) VALUES(1,1024,now(),30,31,1.000000,1.000000,'root');
INSERT INTO ALMACEN_PRODUCTO(ALMACEN_ID,PRODUCTO_ID,CANTIDAD_ACTUAL,CANTIDAD_MINIMA,PRECIO_VENTA) VALUES (1,1024,31,0,1.000000);

INSERT INTO ALMACEN_PRODUCTO(ALMACEN_ID,PRODUCTO_ID,CANTIDAD_ACTUAL,CANTIDAD_MINIMA,PRECIO_VENTA) VALUES (2,1024,0,0,1.000000);

INSERT INTO ALMACEN_PRODUCTO(ALMACEN_ID,PRODUCTO_ID,CANTIDAD_ACTUAL,CANTIDAD_MINIMA,PRECIO_VENTA) VALUES (3,1024,31,0,1.000000);

INSERT INTO ALMACEN_PRODUCTO(ALMACEN_ID,PRODUCTO_ID,CANTIDAD_ACTUAL,CANTIDAD_MINIMA,PRECIO_VENTA) VALUES (4,1024,31,0,1.000000);

INSERT INTO PROVEEDOR_PRODUCTO(PROVEEDOR_ID,PRODUCTO_ID,PRECIO_COMPRA) VALUES(6,1024, 1.000000);

-- ===========PRODUCTO [1025]
INSERT INTO PRODUCTO(ID,MARCA_ID,NOMBRE,PRESENTACION,CONTENIDO,UNIDADES_POR_CAJA,COSTO,COSTO_VENTA,PRECIO_BASE,UNIDAD_MEDIDA,CODIGO_BARRAS) VALUES(1025,82,'Fabuloso Limpiador','Fresco Amanecer',500,24.0,1.000000,1.000000,1.000000,'ML',7.501035906464E12);

INSERT INTO MOVIMIENTO_HISTORICO_PRODUCTO (ALMACEN_ID,PRODUCTO_ID,FECHA,TIPO_MOVIMIENTO_ID,CANTIDAD,COSTO,PRECIO,USUARIO_ID) VALUES(1,1025,now(),30,24,1.000000,1.000000,'root');
INSERT INTO ALMACEN_PRODUCTO(ALMACEN_ID,PRODUCTO_ID,CANTIDAD_ACTUAL,CANTIDAD_MINIMA,PRECIO_VENTA) VALUES (1,1025,24,0,1.000000);

INSERT INTO ALMACEN_PRODUCTO(ALMACEN_ID,PRODUCTO_ID,CANTIDAD_ACTUAL,CANTIDAD_MINIMA,PRECIO_VENTA) VALUES (2,1025,0,0,1.000000);

INSERT INTO ALMACEN_PRODUCTO(ALMACEN_ID,PRODUCTO_ID,CANTIDAD_ACTUAL,CANTIDAD_MINIMA,PRECIO_VENTA) VALUES (3,1025,24,0,1.000000);

INSERT INTO ALMACEN_PRODUCTO(ALMACEN_ID,PRODUCTO_ID,CANTIDAD_ACTUAL,CANTIDAD_MINIMA,PRECIO_VENTA) VALUES (4,1025,24,0,1.000000);

INSERT INTO PROVEEDOR_PRODUCTO(PROVEEDOR_ID,PRODUCTO_ID,PRECIO_COMPRA) VALUES(6,1025, 1.000000);

-- ===========PRODUCTO [1026]
INSERT INTO PRODUCTO(ID,MARCA_ID,NOMBRE,PRESENTACION,CONTENIDO,UNIDADES_POR_CAJA,COSTO,COSTO_VENTA,PRECIO_BASE,UNIDAD_MEDIDA,CODIGO_BARRAS) VALUES(1026,82,'Fabuloso Limpiador','Alt Cloro Fresca Primavera',1,12.0,1.000000,1.000000,1.000000,'L',7.509546051956E12);

INSERT INTO MOVIMIENTO_HISTORICO_PRODUCTO (ALMACEN_ID,PRODUCTO_ID,FECHA,TIPO_MOVIMIENTO_ID,CANTIDAD,COSTO,PRECIO,USUARIO_ID) VALUES(1,1026,now(),30,12,1.000000,1.000000,'root');
INSERT INTO ALMACEN_PRODUCTO(ALMACEN_ID,PRODUCTO_ID,CANTIDAD_ACTUAL,CANTIDAD_MINIMA,PRECIO_VENTA) VALUES (1,1026,12,0,1.000000);

INSERT INTO ALMACEN_PRODUCTO(ALMACEN_ID,PRODUCTO_ID,CANTIDAD_ACTUAL,CANTIDAD_MINIMA,PRECIO_VENTA) VALUES (2,1026,0,0,1.000000);

INSERT INTO ALMACEN_PRODUCTO(ALMACEN_ID,PRODUCTO_ID,CANTIDAD_ACTUAL,CANTIDAD_MINIMA,PRECIO_VENTA) VALUES (3,1026,12,0,1.000000);

INSERT INTO ALMACEN_PRODUCTO(ALMACEN_ID,PRODUCTO_ID,CANTIDAD_ACTUAL,CANTIDAD_MINIMA,PRECIO_VENTA) VALUES (4,1026,12,0,1.000000);

INSERT INTO PROVEEDOR_PRODUCTO(PROVEEDOR_ID,PRODUCTO_ID,PRECIO_COMPRA) VALUES(6,1026, 1.000000);

-- ===========PRODUCTO [1027]
INSERT INTO PRODUCTO(ID,MARCA_ID,NOMBRE,PRESENTACION,CONTENIDO,UNIDADES_POR_CAJA,COSTO,COSTO_VENTA,PRECIO_BASE,UNIDAD_MEDIDA,CODIGO_BARRAS) VALUES(1027,82,'Fabuloso Limpiador','Floral',1,12.0,1.000000,1.000000,1.000000,'L',7.509546048208E12);

INSERT INTO MOVIMIENTO_HISTORICO_PRODUCTO (ALMACEN_ID,PRODUCTO_ID,FECHA,TIPO_MOVIMIENTO_ID,CANTIDAD,COSTO,PRECIO,USUARIO_ID) VALUES(1,1027,now(),30,12,1.000000,1.000000,'root');
INSERT INTO ALMACEN_PRODUCTO(ALMACEN_ID,PRODUCTO_ID,CANTIDAD_ACTUAL,CANTIDAD_MINIMA,PRECIO_VENTA) VALUES (1,1027,12,0,1.000000);

INSERT INTO ALMACEN_PRODUCTO(ALMACEN_ID,PRODUCTO_ID,CANTIDAD_ACTUAL,CANTIDAD_MINIMA,PRECIO_VENTA) VALUES (2,1027,0,0,1.000000);

INSERT INTO ALMACEN_PRODUCTO(ALMACEN_ID,PRODUCTO_ID,CANTIDAD_ACTUAL,CANTIDAD_MINIMA,PRECIO_VENTA) VALUES (3,1027,12,0,1.000000);

INSERT INTO ALMACEN_PRODUCTO(ALMACEN_ID,PRODUCTO_ID,CANTIDAD_ACTUAL,CANTIDAD_MINIMA,PRECIO_VENTA) VALUES (4,1027,12,0,1.000000);

INSERT INTO PROVEEDOR_PRODUCTO(PROVEEDOR_ID,PRODUCTO_ID,PRECIO_COMPRA) VALUES(6,1027, 1.000000);

-- ===========PRODUCTO [1028]
INSERT INTO PRODUCTO(ID,MARCA_ID,NOMBRE,PRESENTACION,CONTENIDO,UNIDADES_POR_CAJA,COSTO,COSTO_VENTA,PRECIO_BASE,UNIDAD_MEDIDA,CODIGO_BARRAS) VALUES(1028,82,'Fabuloso Limpiador','Energia Naranja',1,12.0,1.000000,1.000000,1.000000,'L',7.509546008202E12);

INSERT INTO MOVIMIENTO_HISTORICO_PRODUCTO (ALMACEN_ID,PRODUCTO_ID,FECHA,TIPO_MOVIMIENTO_ID,CANTIDAD,COSTO,PRECIO,USUARIO_ID) VALUES(1,1028,now(),30,12,1.000000,1.000000,'root');
INSERT INTO ALMACEN_PRODUCTO(ALMACEN_ID,PRODUCTO_ID,CANTIDAD_ACTUAL,CANTIDAD_MINIMA,PRECIO_VENTA) VALUES (1,1028,12,0,1.000000);

INSERT INTO ALMACEN_PRODUCTO(ALMACEN_ID,PRODUCTO_ID,CANTIDAD_ACTUAL,CANTIDAD_MINIMA,PRECIO_VENTA) VALUES (2,1028,0,0,1.000000);

INSERT INTO ALMACEN_PRODUCTO(ALMACEN_ID,PRODUCTO_ID,CANTIDAD_ACTUAL,CANTIDAD_MINIMA,PRECIO_VENTA) VALUES (3,1028,12,0,1.000000);

INSERT INTO ALMACEN_PRODUCTO(ALMACEN_ID,PRODUCTO_ID,CANTIDAD_ACTUAL,CANTIDAD_MINIMA,PRECIO_VENTA) VALUES (4,1028,12,0,1.000000);

INSERT INTO PROVEEDOR_PRODUCTO(PROVEEDOR_ID,PRODUCTO_ID,PRECIO_COMPRA) VALUES(6,1028, 1.000000);

-- ===========PRODUCTO [1029]
INSERT INTO PRODUCTO(ID,MARCA_ID,NOMBRE,PRESENTACION,CONTENIDO,UNIDADES_POR_CAJA,COSTO,COSTO_VENTA,PRECIO_BASE,UNIDAD_MEDIDA,CODIGO_BARRAS) VALUES(1029,82,'Fabuloso Limpiador','Pasion de Frutas',1,12.0,1.000000,1.000000,1.000000,'L',7.509546008295E12);

INSERT INTO MOVIMIENTO_HISTORICO_PRODUCTO (ALMACEN_ID,PRODUCTO_ID,FECHA,TIPO_MOVIMIENTO_ID,CANTIDAD,COSTO,PRECIO,USUARIO_ID) VALUES(1,1029,now(),30,3,1.000000,1.000000,'root');
INSERT INTO ALMACEN_PRODUCTO(ALMACEN_ID,PRODUCTO_ID,CANTIDAD_ACTUAL,CANTIDAD_MINIMA,PRECIO_VENTA) VALUES (1,1029,3,0,1.000000);

INSERT INTO ALMACEN_PRODUCTO(ALMACEN_ID,PRODUCTO_ID,CANTIDAD_ACTUAL,CANTIDAD_MINIMA,PRECIO_VENTA) VALUES (2,1029,0,0,1.000000);

INSERT INTO ALMACEN_PRODUCTO(ALMACEN_ID,PRODUCTO_ID,CANTIDAD_ACTUAL,CANTIDAD_MINIMA,PRECIO_VENTA) VALUES (3,1029,3,0,1.000000);

INSERT INTO ALMACEN_PRODUCTO(ALMACEN_ID,PRODUCTO_ID,CANTIDAD_ACTUAL,CANTIDAD_MINIMA,PRECIO_VENTA) VALUES (4,1029,3,0,1.000000);

INSERT INTO PROVEEDOR_PRODUCTO(PROVEEDOR_ID,PRODUCTO_ID,PRECIO_COMPRA) VALUES(6,1029, 1.000000);

-- ===========PRODUCTO [1030]
INSERT INTO PRODUCTO(ID,MARCA_ID,NOMBRE,PRESENTACION,CONTENIDO,UNIDADES_POR_CAJA,COSTO,COSTO_VENTA,PRECIO_BASE,UNIDAD_MEDIDA,CODIGO_BARRAS) VALUES(1030,82,'Fabuloso Limpiador','Pasion de Frutas',1,12.0,1.000000,1.000000,1.000000,'L',7.509546041001E12);

INSERT INTO MOVIMIENTO_HISTORICO_PRODUCTO (ALMACEN_ID,PRODUCTO_ID,FECHA,TIPO_MOVIMIENTO_ID,CANTIDAD,COSTO,PRECIO,USUARIO_ID) VALUES(1,1030,now(),30,9,1.000000,1.000000,'root');
INSERT INTO ALMACEN_PRODUCTO(ALMACEN_ID,PRODUCTO_ID,CANTIDAD_ACTUAL,CANTIDAD_MINIMA,PRECIO_VENTA) VALUES (1,1030,9,0,1.000000);

INSERT INTO ALMACEN_PRODUCTO(ALMACEN_ID,PRODUCTO_ID,CANTIDAD_ACTUAL,CANTIDAD_MINIMA,PRECIO_VENTA) VALUES (2,1030,0,0,1.000000);

INSERT INTO ALMACEN_PRODUCTO(ALMACEN_ID,PRODUCTO_ID,CANTIDAD_ACTUAL,CANTIDAD_MINIMA,PRECIO_VENTA) VALUES (3,1030,9,0,1.000000);

INSERT INTO ALMACEN_PRODUCTO(ALMACEN_ID,PRODUCTO_ID,CANTIDAD_ACTUAL,CANTIDAD_MINIMA,PRECIO_VENTA) VALUES (4,1030,9,0,1.000000);

INSERT INTO PROVEEDOR_PRODUCTO(PROVEEDOR_ID,PRODUCTO_ID,PRECIO_COMPRA) VALUES(6,1030, 1.000000);

-- ===========PRODUCTO [1031]
INSERT INTO PRODUCTO(ID,MARCA_ID,NOMBRE,PRESENTACION,CONTENIDO,UNIDADES_POR_CAJA,COSTO,COSTO_VENTA,PRECIO_BASE,UNIDAD_MEDIDA,CODIGO_BARRAS) VALUES(1031,86,'Johnsons Baby Toallitas Humedas','Skin Care',72,12.0,1.000000,1.000000,1.000000,'Pz',7.891010047313E12);

INSERT INTO MOVIMIENTO_HISTORICO_PRODUCTO (ALMACEN_ID,PRODUCTO_ID,FECHA,TIPO_MOVIMIENTO_ID,CANTIDAD,COSTO,PRECIO,USUARIO_ID) VALUES(1,1031,now(),30,24,1.000000,1.000000,'root');
INSERT INTO ALMACEN_PRODUCTO(ALMACEN_ID,PRODUCTO_ID,CANTIDAD_ACTUAL,CANTIDAD_MINIMA,PRECIO_VENTA) VALUES (1,1031,24,0,1.000000);

INSERT INTO ALMACEN_PRODUCTO(ALMACEN_ID,PRODUCTO_ID,CANTIDAD_ACTUAL,CANTIDAD_MINIMA,PRECIO_VENTA) VALUES (2,1031,0,0,1.000000);

INSERT INTO ALMACEN_PRODUCTO(ALMACEN_ID,PRODUCTO_ID,CANTIDAD_ACTUAL,CANTIDAD_MINIMA,PRECIO_VENTA) VALUES (3,1031,24,0,1.000000);

INSERT INTO ALMACEN_PRODUCTO(ALMACEN_ID,PRODUCTO_ID,CANTIDAD_ACTUAL,CANTIDAD_MINIMA,PRECIO_VENTA) VALUES (4,1031,24,0,1.000000);

INSERT INTO PROVEEDOR_PRODUCTO(PROVEEDOR_ID,PRODUCTO_ID,PRECIO_COMPRA) VALUES(19,1031, 1.000000);

-- ===========PRODUCTO [1032]
INSERT INTO PRODUCTO(ID,MARCA_ID,NOMBRE,PRESENTACION,CONTENIDO,UNIDADES_POR_CAJA,COSTO,COSTO_VENTA,PRECIO_BASE,UNIDAD_MEDIDA,CODIGO_BARRAS) VALUES(1032,11,'Brut Aerosol Caballero','Original Fragance',140,12.0,1.000000,1.000000,1.000000,'G',7.502221183904E12);

INSERT INTO MOVIMIENTO_HISTORICO_PRODUCTO (ALMACEN_ID,PRODUCTO_ID,FECHA,TIPO_MOVIMIENTO_ID,CANTIDAD,COSTO,PRECIO,USUARIO_ID) VALUES(1,1032,now(),30,5,1.000000,1.000000,'root');
INSERT INTO ALMACEN_PRODUCTO(ALMACEN_ID,PRODUCTO_ID,CANTIDAD_ACTUAL,CANTIDAD_MINIMA,PRECIO_VENTA) VALUES (1,1032,5,0,1.000000);

INSERT INTO ALMACEN_PRODUCTO(ALMACEN_ID,PRODUCTO_ID,CANTIDAD_ACTUAL,CANTIDAD_MINIMA,PRECIO_VENTA) VALUES (2,1032,0,0,1.000000);

INSERT INTO ALMACEN_PRODUCTO(ALMACEN_ID,PRODUCTO_ID,CANTIDAD_ACTUAL,CANTIDAD_MINIMA,PRECIO_VENTA) VALUES (3,1032,5,0,1.000000);

INSERT INTO ALMACEN_PRODUCTO(ALMACEN_ID,PRODUCTO_ID,CANTIDAD_ACTUAL,CANTIDAD_MINIMA,PRECIO_VENTA) VALUES (4,1032,5,0,1.000000);

INSERT INTO PROVEEDOR_PRODUCTO(PROVEEDOR_ID,PRODUCTO_ID,PRECIO_COMPRA) VALUES(18,1032, 1.000000);

-- ===========PRODUCTO [1033]
INSERT INTO PRODUCTO(ID,MARCA_ID,NOMBRE,PRESENTACION,CONTENIDO,UNIDADES_POR_CAJA,COSTO,COSTO_VENTA,PRECIO_BASE,UNIDAD_MEDIDA,CODIGO_BARRAS) VALUES(1033,2,'Adidas Aerosol Caballero','Game Spirit',150,12.0,1.000000,1.000000,30.920000,'ML',7.501737408761E12);

INSERT INTO MOVIMIENTO_HISTORICO_PRODUCTO (ALMACEN_ID,PRODUCTO_ID,FECHA,TIPO_MOVIMIENTO_ID,CANTIDAD,COSTO,PRECIO,USUARIO_ID) VALUES(1,1033,now(),30,1,1.000000,30.920000,'root');
INSERT INTO ALMACEN_PRODUCTO(ALMACEN_ID,PRODUCTO_ID,CANTIDAD_ACTUAL,CANTIDAD_MINIMA,PRECIO_VENTA) VALUES (1,1033,1,0,30.920000);

INSERT INTO ALMACEN_PRODUCTO(ALMACEN_ID,PRODUCTO_ID,CANTIDAD_ACTUAL,CANTIDAD_MINIMA,PRECIO_VENTA) VALUES (2,1033,0,0,1.000000);

INSERT INTO ALMACEN_PRODUCTO(ALMACEN_ID,PRODUCTO_ID,CANTIDAD_ACTUAL,CANTIDAD_MINIMA,PRECIO_VENTA) VALUES (3,1033,1,0,29.900000);

INSERT INTO ALMACEN_PRODUCTO(ALMACEN_ID,PRODUCTO_ID,CANTIDAD_ACTUAL,CANTIDAD_MINIMA,PRECIO_VENTA) VALUES (4,1033,1,0,1.000000);

INSERT INTO PROVEEDOR_PRODUCTO(PROVEEDOR_ID,PRODUCTO_ID,PRECIO_COMPRA) VALUES(13,1033, 1.000000);

-- ===========PRODUCTO [1034]
INSERT INTO PRODUCTO(ID,MARCA_ID,NOMBRE,PRESENTACION,CONTENIDO,UNIDADES_POR_CAJA,COSTO,COSTO_VENTA,PRECIO_BASE,UNIDAD_MEDIDA,CODIGO_BARRAS) VALUES(1034,88,'Maxy Gel Brillos','Rosa',250,12.0,1.000000,1.000000,1.000000,'G',7.501822402933E12);

INSERT INTO MOVIMIENTO_HISTORICO_PRODUCTO (ALMACEN_ID,PRODUCTO_ID,FECHA,TIPO_MOVIMIENTO_ID,CANTIDAD,COSTO,PRECIO,USUARIO_ID) VALUES(1,1034,now(),30,10,1.000000,1.000000,'root');
INSERT INTO ALMACEN_PRODUCTO(ALMACEN_ID,PRODUCTO_ID,CANTIDAD_ACTUAL,CANTIDAD_MINIMA,PRECIO_VENTA) VALUES (1,1034,10,0,1.000000);

INSERT INTO ALMACEN_PRODUCTO(ALMACEN_ID,PRODUCTO_ID,CANTIDAD_ACTUAL,CANTIDAD_MINIMA,PRECIO_VENTA) VALUES (2,1034,0,0,1.000000);

INSERT INTO ALMACEN_PRODUCTO(ALMACEN_ID,PRODUCTO_ID,CANTIDAD_ACTUAL,CANTIDAD_MINIMA,PRECIO_VENTA) VALUES (3,1034,10,0,1.000000);

INSERT INTO ALMACEN_PRODUCTO(ALMACEN_ID,PRODUCTO_ID,CANTIDAD_ACTUAL,CANTIDAD_MINIMA,PRECIO_VENTA) VALUES (4,1034,10,0,1.000000);

INSERT INTO PROVEEDOR_PRODUCTO(PROVEEDOR_ID,PRODUCTO_ID,PRECIO_COMPRA) VALUES(8,1034, 1.000000);

-- ===========PRODUCTO [1036]
INSERT INTO PRODUCTO(ID,MARCA_ID,NOMBRE,PRESENTACION,CONTENIDO,UNIDADES_POR_CAJA,COSTO,COSTO_VENTA,PRECIO_BASE,UNIDAD_MEDIDA,CODIGO_BARRAS) VALUES(1036,28,'Garnier Crema Liquida','Body Clarify',250,12.0,1.000000,1.000000,1.000000,'ML',7.501839129335E12);

INSERT INTO MOVIMIENTO_HISTORICO_PRODUCTO (ALMACEN_ID,PRODUCTO_ID,FECHA,TIPO_MOVIMIENTO_ID,CANTIDAD,COSTO,PRECIO,USUARIO_ID) VALUES(1,1036,now(),30,12,1.000000,1.000000,'root');
INSERT INTO ALMACEN_PRODUCTO(ALMACEN_ID,PRODUCTO_ID,CANTIDAD_ACTUAL,CANTIDAD_MINIMA,PRECIO_VENTA) VALUES (1,1036,12,0,1.000000);

INSERT INTO ALMACEN_PRODUCTO(ALMACEN_ID,PRODUCTO_ID,CANTIDAD_ACTUAL,CANTIDAD_MINIMA,PRECIO_VENTA) VALUES (2,1036,0,0,1.000000);

INSERT INTO ALMACEN_PRODUCTO(ALMACEN_ID,PRODUCTO_ID,CANTIDAD_ACTUAL,CANTIDAD_MINIMA,PRECIO_VENTA) VALUES (3,1036,12,0,1.000000);

INSERT INTO ALMACEN_PRODUCTO(ALMACEN_ID,PRODUCTO_ID,CANTIDAD_ACTUAL,CANTIDAD_MINIMA,PRECIO_VENTA) VALUES (4,1036,12,0,1.000000);

INSERT INTO PROVEEDOR_PRODUCTO(PROVEEDOR_ID,PRODUCTO_ID,PRECIO_COMPRA) VALUES(10,1036, 1.000000);

-- ===========PRODUCTO [1037]
INSERT INTO PRODUCTO(ID,MARCA_ID,NOMBRE,PRESENTACION,CONTENIDO,UNIDADES_POR_CAJA,COSTO,COSTO_VENTA,PRECIO_BASE,UNIDAD_MEDIDA,CODIGO_BARRAS) VALUES(1037,28,'Garnier Desmaquillante Liquido','Agua de Uva',200,12.0,1.000000,1.000000,1.000000,'ML',7.506078965508E12);

INSERT INTO MOVIMIENTO_HISTORICO_PRODUCTO (ALMACEN_ID,PRODUCTO_ID,FECHA,TIPO_MOVIMIENTO_ID,CANTIDAD,COSTO,PRECIO,USUARIO_ID) VALUES(1,1037,now(),30,10,1.000000,1.000000,'root');
INSERT INTO ALMACEN_PRODUCTO(ALMACEN_ID,PRODUCTO_ID,CANTIDAD_ACTUAL,CANTIDAD_MINIMA,PRECIO_VENTA) VALUES (1,1037,10,0,1.000000);

INSERT INTO ALMACEN_PRODUCTO(ALMACEN_ID,PRODUCTO_ID,CANTIDAD_ACTUAL,CANTIDAD_MINIMA,PRECIO_VENTA) VALUES (2,1037,0,0,1.000000);

INSERT INTO ALMACEN_PRODUCTO(ALMACEN_ID,PRODUCTO_ID,CANTIDAD_ACTUAL,CANTIDAD_MINIMA,PRECIO_VENTA) VALUES (3,1037,10,0,1.000000);

INSERT INTO ALMACEN_PRODUCTO(ALMACEN_ID,PRODUCTO_ID,CANTIDAD_ACTUAL,CANTIDAD_MINIMA,PRECIO_VENTA) VALUES (4,1037,10,0,1.000000);

INSERT INTO PROVEEDOR_PRODUCTO(PROVEEDOR_ID,PRODUCTO_ID,PRECIO_COMPRA) VALUES(10,1037, 1.000000);

-- ===========PRODUCTO [1038]
INSERT INTO PRODUCTO(ID,MARCA_ID,NOMBRE,PRESENTACION,CONTENIDO,UNIDADES_POR_CAJA,COSTO,COSTO_VENTA,PRECIO_BASE,UNIDAD_MEDIDA,CODIGO_BARRAS) VALUES(1038,89,'Dalux Aplicador','Caja',200,24.0,1.000000,1.000000,1.000000,'PZ',7.501192600953E12);

INSERT INTO MOVIMIENTO_HISTORICO_PRODUCTO (ALMACEN_ID,PRODUCTO_ID,FECHA,TIPO_MOVIMIENTO_ID,CANTIDAD,COSTO,PRECIO,USUARIO_ID) VALUES(1,1038,now(),30,48,1.000000,1.000000,'root');
INSERT INTO ALMACEN_PRODUCTO(ALMACEN_ID,PRODUCTO_ID,CANTIDAD_ACTUAL,CANTIDAD_MINIMA,PRECIO_VENTA) VALUES (1,1038,48,0,1.000000);

INSERT INTO ALMACEN_PRODUCTO(ALMACEN_ID,PRODUCTO_ID,CANTIDAD_ACTUAL,CANTIDAD_MINIMA,PRECIO_VENTA) VALUES (2,1038,0,0,1.000000);

INSERT INTO ALMACEN_PRODUCTO(ALMACEN_ID,PRODUCTO_ID,CANTIDAD_ACTUAL,CANTIDAD_MINIMA,PRECIO_VENTA) VALUES (3,1038,48,0,1.000000);

INSERT INTO ALMACEN_PRODUCTO(ALMACEN_ID,PRODUCTO_ID,CANTIDAD_ACTUAL,CANTIDAD_MINIMA,PRECIO_VENTA) VALUES (4,1038,48,0,1.000000);

INSERT INTO PROVEEDOR_PRODUCTO(PROVEEDOR_ID,PRODUCTO_ID,PRECIO_COMPRA) VALUES(9,1038, 1.000000);

-- ===========PRODUCTO [1039]
INSERT INTO PRODUCTO(ID,MARCA_ID,NOMBRE,PRESENTACION,CONTENIDO,UNIDADES_POR_CAJA,COSTO,COSTO_VENTA,PRECIO_BASE,UNIDAD_MEDIDA,CODIGO_BARRAS) VALUES(1039,90,'Fresh Care Toallitas Bebé','Extra Suaves',80,24.0,1.000000,1.000000,1.000000,'PZ',7.501192600908E12);

INSERT INTO MOVIMIENTO_HISTORICO_PRODUCTO (ALMACEN_ID,PRODUCTO_ID,FECHA,TIPO_MOVIMIENTO_ID,CANTIDAD,COSTO,PRECIO,USUARIO_ID) VALUES(1,1039,now(),30,24,1.000000,1.000000,'root');
INSERT INTO ALMACEN_PRODUCTO(ALMACEN_ID,PRODUCTO_ID,CANTIDAD_ACTUAL,CANTIDAD_MINIMA,PRECIO_VENTA) VALUES (1,1039,24,0,1.000000);

INSERT INTO ALMACEN_PRODUCTO(ALMACEN_ID,PRODUCTO_ID,CANTIDAD_ACTUAL,CANTIDAD_MINIMA,PRECIO_VENTA) VALUES (2,1039,0,0,1.000000);

INSERT INTO ALMACEN_PRODUCTO(ALMACEN_ID,PRODUCTO_ID,CANTIDAD_ACTUAL,CANTIDAD_MINIMA,PRECIO_VENTA) VALUES (3,1039,24,0,1.000000);

INSERT INTO ALMACEN_PRODUCTO(ALMACEN_ID,PRODUCTO_ID,CANTIDAD_ACTUAL,CANTIDAD_MINIMA,PRECIO_VENTA) VALUES (4,1039,24,0,1.000000);

INSERT INTO PROVEEDOR_PRODUCTO(PROVEEDOR_ID,PRODUCTO_ID,PRECIO_COMPRA) VALUES(9,1039, 1.000000);

-- ===========PRODUCTO [1040]
INSERT INTO PRODUCTO(ID,MARCA_ID,NOMBRE,PRESENTACION,CONTENIDO,UNIDADES_POR_CAJA,COSTO,COSTO_VENTA,PRECIO_BASE,UNIDAD_MEDIDA,CODIGO_BARRAS) VALUES(1040,89,'Dalux Toallitas Desmaquillantes','Manzanilla',25,24.0,1.000000,1.000000,1.000000,'pz',7.501192601806E12);

INSERT INTO MOVIMIENTO_HISTORICO_PRODUCTO (ALMACEN_ID,PRODUCTO_ID,FECHA,TIPO_MOVIMIENTO_ID,CANTIDAD,COSTO,PRECIO,USUARIO_ID) VALUES(1,1040,now(),30,24,1.000000,1.000000,'root');
INSERT INTO ALMACEN_PRODUCTO(ALMACEN_ID,PRODUCTO_ID,CANTIDAD_ACTUAL,CANTIDAD_MINIMA,PRECIO_VENTA) VALUES (1,1040,24,0,1.000000);

INSERT INTO ALMACEN_PRODUCTO(ALMACEN_ID,PRODUCTO_ID,CANTIDAD_ACTUAL,CANTIDAD_MINIMA,PRECIO_VENTA) VALUES (2,1040,0,0,1.000000);

INSERT INTO ALMACEN_PRODUCTO(ALMACEN_ID,PRODUCTO_ID,CANTIDAD_ACTUAL,CANTIDAD_MINIMA,PRECIO_VENTA) VALUES (3,1040,24,0,1.000000);

INSERT INTO ALMACEN_PRODUCTO(ALMACEN_ID,PRODUCTO_ID,CANTIDAD_ACTUAL,CANTIDAD_MINIMA,PRECIO_VENTA) VALUES (4,1040,24,0,1.000000);

INSERT INTO PROVEEDOR_PRODUCTO(PROVEEDOR_ID,PRODUCTO_ID,PRECIO_COMPRA) VALUES(9,1040, 1.000000);

-- ===========PRODUCTO [1041]
INSERT INTO PRODUCTO(ID,MARCA_ID,NOMBRE,PRESENTACION,CONTENIDO,UNIDADES_POR_CAJA,COSTO,COSTO_VENTA,PRECIO_BASE,UNIDAD_MEDIDA,CODIGO_BARRAS) VALUES(1041,91,'Cometa Almohadilla Facial','Redonda',100,48.0,1.000000,1.000000,1.000000,'G',7.501192601394E12);

INSERT INTO MOVIMIENTO_HISTORICO_PRODUCTO (ALMACEN_ID,PRODUCTO_ID,FECHA,TIPO_MOVIMIENTO_ID,CANTIDAD,COSTO,PRECIO,USUARIO_ID) VALUES(1,1041,now(),30,48,1.000000,1.000000,'root');
INSERT INTO ALMACEN_PRODUCTO(ALMACEN_ID,PRODUCTO_ID,CANTIDAD_ACTUAL,CANTIDAD_MINIMA,PRECIO_VENTA) VALUES (1,1041,48,0,1.000000);

INSERT INTO ALMACEN_PRODUCTO(ALMACEN_ID,PRODUCTO_ID,CANTIDAD_ACTUAL,CANTIDAD_MINIMA,PRECIO_VENTA) VALUES (2,1041,0,0,1.000000);

INSERT INTO ALMACEN_PRODUCTO(ALMACEN_ID,PRODUCTO_ID,CANTIDAD_ACTUAL,CANTIDAD_MINIMA,PRECIO_VENTA) VALUES (3,1041,48,0,1.000000);

INSERT INTO ALMACEN_PRODUCTO(ALMACEN_ID,PRODUCTO_ID,CANTIDAD_ACTUAL,CANTIDAD_MINIMA,PRECIO_VENTA) VALUES (4,1041,48,0,1.000000);

INSERT INTO PROVEEDOR_PRODUCTO(PROVEEDOR_ID,PRODUCTO_ID,PRECIO_COMPRA) VALUES(9,1041, 1.000000);

-- ===========PRODUCTO [1042]
INSERT INTO PRODUCTO(ID,MARCA_ID,NOMBRE,PRESENTACION,CONTENIDO,UNIDADES_POR_CAJA,COSTO,COSTO_VENTA,PRECIO_BASE,UNIDAD_MEDIDA,CODIGO_BARRAS) VALUES(1042,89,'Dalux Aplicador','Ziploc',525,24.0,1.000000,1.000000,1.000000,'PZ',7.501192601233E12);

INSERT INTO MOVIMIENTO_HISTORICO_PRODUCTO (ALMACEN_ID,PRODUCTO_ID,FECHA,TIPO_MOVIMIENTO_ID,CANTIDAD,COSTO,PRECIO,USUARIO_ID) VALUES(1,1042,now(),30,10,1.000000,1.000000,'root');
INSERT INTO ALMACEN_PRODUCTO(ALMACEN_ID,PRODUCTO_ID,CANTIDAD_ACTUAL,CANTIDAD_MINIMA,PRECIO_VENTA) VALUES (1,1042,10,0,1.000000);

INSERT INTO ALMACEN_PRODUCTO(ALMACEN_ID,PRODUCTO_ID,CANTIDAD_ACTUAL,CANTIDAD_MINIMA,PRECIO_VENTA) VALUES (2,1042,0,0,1.000000);

INSERT INTO ALMACEN_PRODUCTO(ALMACEN_ID,PRODUCTO_ID,CANTIDAD_ACTUAL,CANTIDAD_MINIMA,PRECIO_VENTA) VALUES (3,1042,10,0,1.000000);

INSERT INTO ALMACEN_PRODUCTO(ALMACEN_ID,PRODUCTO_ID,CANTIDAD_ACTUAL,CANTIDAD_MINIMA,PRECIO_VENTA) VALUES (4,1042,10,0,1.000000);

INSERT INTO PROVEEDOR_PRODUCTO(PROVEEDOR_ID,PRODUCTO_ID,PRECIO_COMPRA) VALUES(9,1042, 1.000000);

-- ===========PRODUCTO [1043]
INSERT INTO PRODUCTO(ID,MARCA_ID,NOMBRE,PRESENTACION,CONTENIDO,UNIDADES_POR_CAJA,COSTO,COSTO_VENTA,PRECIO_BASE,UNIDAD_MEDIDA,CODIGO_BARRAS) VALUES(1043,89,'Dalux Almohadilla Facial','Redonda',100,48.0,1.000000,1.000000,1.000000,'G',7.501192600366E12);

INSERT INTO MOVIMIENTO_HISTORICO_PRODUCTO (ALMACEN_ID,PRODUCTO_ID,FECHA,TIPO_MOVIMIENTO_ID,CANTIDAD,COSTO,PRECIO,USUARIO_ID) VALUES(1,1043,now(),30,25,1.000000,1.000000,'root');
INSERT INTO ALMACEN_PRODUCTO(ALMACEN_ID,PRODUCTO_ID,CANTIDAD_ACTUAL,CANTIDAD_MINIMA,PRECIO_VENTA) VALUES (1,1043,25,0,1.000000);

INSERT INTO ALMACEN_PRODUCTO(ALMACEN_ID,PRODUCTO_ID,CANTIDAD_ACTUAL,CANTIDAD_MINIMA,PRECIO_VENTA) VALUES (2,1043,0,0,1.000000);

INSERT INTO ALMACEN_PRODUCTO(ALMACEN_ID,PRODUCTO_ID,CANTIDAD_ACTUAL,CANTIDAD_MINIMA,PRECIO_VENTA) VALUES (3,1043,25,0,1.000000);

INSERT INTO ALMACEN_PRODUCTO(ALMACEN_ID,PRODUCTO_ID,CANTIDAD_ACTUAL,CANTIDAD_MINIMA,PRECIO_VENTA) VALUES (4,1043,25,0,1.000000);

INSERT INTO PROVEEDOR_PRODUCTO(PROVEEDOR_ID,PRODUCTO_ID,PRECIO_COMPRA) VALUES(9,1043, 1.000000);

-- ===========PRODUCTO [1044]
INSERT INTO PRODUCTO(ID,MARCA_ID,NOMBRE,PRESENTACION,CONTENIDO,UNIDADES_POR_CAJA,COSTO,COSTO_VENTA,PRECIO_BASE,UNIDAD_MEDIDA,CODIGO_BARRAS) VALUES(1044,21,'Elvive Loreal','Anticaspa Normal a Graso',400,12.0,1.000000,1.000000,1.000000,'ML',7.506078932869E12);

INSERT INTO MOVIMIENTO_HISTORICO_PRODUCTO (ALMACEN_ID,PRODUCTO_ID,FECHA,TIPO_MOVIMIENTO_ID,CANTIDAD,COSTO,PRECIO,USUARIO_ID) VALUES(1,1044,now(),30,11,1.000000,1.000000,'root');
INSERT INTO ALMACEN_PRODUCTO(ALMACEN_ID,PRODUCTO_ID,CANTIDAD_ACTUAL,CANTIDAD_MINIMA,PRECIO_VENTA) VALUES (1,1044,11,0,1.000000);

INSERT INTO ALMACEN_PRODUCTO(ALMACEN_ID,PRODUCTO_ID,CANTIDAD_ACTUAL,CANTIDAD_MINIMA,PRECIO_VENTA) VALUES (2,1044,0,0,1.000000);

INSERT INTO ALMACEN_PRODUCTO(ALMACEN_ID,PRODUCTO_ID,CANTIDAD_ACTUAL,CANTIDAD_MINIMA,PRECIO_VENTA) VALUES (3,1044,11,0,1.000000);

INSERT INTO ALMACEN_PRODUCTO(ALMACEN_ID,PRODUCTO_ID,CANTIDAD_ACTUAL,CANTIDAD_MINIMA,PRECIO_VENTA) VALUES (4,1044,11,0,1.000000);

INSERT INTO PROVEEDOR_PRODUCTO(PROVEEDOR_ID,PRODUCTO_ID,PRECIO_COMPRA) VALUES(13,1044, 1.000000);

-- ===========PRODUCTO [1045]
INSERT INTO PRODUCTO(ID,MARCA_ID,NOMBRE,PRESENTACION,CONTENIDO,UNIDADES_POR_CAJA,COSTO,COSTO_VENTA,PRECIO_BASE,UNIDAD_MEDIDA,CODIGO_BARRAS) VALUES(1045,21,'Elvive Loreal','Volume Control',400,12.0,1.000000,1.000000,1.000000,'ML',7.506078927995E12);

INSERT INTO MOVIMIENTO_HISTORICO_PRODUCTO (ALMACEN_ID,PRODUCTO_ID,FECHA,TIPO_MOVIMIENTO_ID,CANTIDAD,COSTO,PRECIO,USUARIO_ID) VALUES(1,1045,now(),30,9,1.000000,1.000000,'root');
INSERT INTO ALMACEN_PRODUCTO(ALMACEN_ID,PRODUCTO_ID,CANTIDAD_ACTUAL,CANTIDAD_MINIMA,PRECIO_VENTA) VALUES (1,1045,9,0,1.000000);

INSERT INTO ALMACEN_PRODUCTO(ALMACEN_ID,PRODUCTO_ID,CANTIDAD_ACTUAL,CANTIDAD_MINIMA,PRECIO_VENTA) VALUES (2,1045,0,0,1.000000);

INSERT INTO ALMACEN_PRODUCTO(ALMACEN_ID,PRODUCTO_ID,CANTIDAD_ACTUAL,CANTIDAD_MINIMA,PRECIO_VENTA) VALUES (3,1045,9,0,1.000000);

INSERT INTO ALMACEN_PRODUCTO(ALMACEN_ID,PRODUCTO_ID,CANTIDAD_ACTUAL,CANTIDAD_MINIMA,PRECIO_VENTA) VALUES (4,1045,9,0,1.000000);

INSERT INTO PROVEEDOR_PRODUCTO(PROVEEDOR_ID,PRODUCTO_ID,PRECIO_COMPRA) VALUES(13,1045, 1.000000);

-- ===========PRODUCTO [1046]
INSERT INTO PRODUCTO(ID,MARCA_ID,NOMBRE,PRESENTACION,CONTENIDO,UNIDADES_POR_CAJA,COSTO,COSTO_VENTA,PRECIO_BASE,UNIDAD_MEDIDA,CODIGO_BARRAS) VALUES(1046,21,'Elvive Loreal','Anticaspa Graso',400,12.0,1.000000,1.000000,1.000000,'ML',7.50607891142E12);

INSERT INTO MOVIMIENTO_HISTORICO_PRODUCTO (ALMACEN_ID,PRODUCTO_ID,FECHA,TIPO_MOVIMIENTO_ID,CANTIDAD,COSTO,PRECIO,USUARIO_ID) VALUES(1,1046,now(),30,13,1.000000,1.000000,'root');
INSERT INTO ALMACEN_PRODUCTO(ALMACEN_ID,PRODUCTO_ID,CANTIDAD_ACTUAL,CANTIDAD_MINIMA,PRECIO_VENTA) VALUES (1,1046,13,0,1.000000);

INSERT INTO ALMACEN_PRODUCTO(ALMACEN_ID,PRODUCTO_ID,CANTIDAD_ACTUAL,CANTIDAD_MINIMA,PRECIO_VENTA) VALUES (2,1046,0,0,1.000000);

INSERT INTO ALMACEN_PRODUCTO(ALMACEN_ID,PRODUCTO_ID,CANTIDAD_ACTUAL,CANTIDAD_MINIMA,PRECIO_VENTA) VALUES (3,1046,13,0,1.000000);

INSERT INTO ALMACEN_PRODUCTO(ALMACEN_ID,PRODUCTO_ID,CANTIDAD_ACTUAL,CANTIDAD_MINIMA,PRECIO_VENTA) VALUES (4,1046,13,0,1.000000);

INSERT INTO PROVEEDOR_PRODUCTO(PROVEEDOR_ID,PRODUCTO_ID,PRECIO_COMPRA) VALUES(13,1046, 1.000000);

-- ===========PRODUCTO [1047]
INSERT INTO PRODUCTO(ID,MARCA_ID,NOMBRE,PRESENTACION,CONTENIDO,UNIDADES_POR_CAJA,COSTO,COSTO_VENTA,PRECIO_BASE,UNIDAD_MEDIDA,CODIGO_BARRAS) VALUES(1047,21,'Elvive Loreal','Color Vive',400,12.0,1.000000,1.000000,1.000000,'ML',7.506078926912E12);

INSERT INTO MOVIMIENTO_HISTORICO_PRODUCTO (ALMACEN_ID,PRODUCTO_ID,FECHA,TIPO_MOVIMIENTO_ID,CANTIDAD,COSTO,PRECIO,USUARIO_ID) VALUES(1,1047,now(),30,12,1.000000,1.000000,'root');
INSERT INTO ALMACEN_PRODUCTO(ALMACEN_ID,PRODUCTO_ID,CANTIDAD_ACTUAL,CANTIDAD_MINIMA,PRECIO_VENTA) VALUES (1,1047,12,0,1.000000);

INSERT INTO ALMACEN_PRODUCTO(ALMACEN_ID,PRODUCTO_ID,CANTIDAD_ACTUAL,CANTIDAD_MINIMA,PRECIO_VENTA) VALUES (2,1047,0,0,1.000000);

INSERT INTO ALMACEN_PRODUCTO(ALMACEN_ID,PRODUCTO_ID,CANTIDAD_ACTUAL,CANTIDAD_MINIMA,PRECIO_VENTA) VALUES (3,1047,12,0,1.000000);

INSERT INTO ALMACEN_PRODUCTO(ALMACEN_ID,PRODUCTO_ID,CANTIDAD_ACTUAL,CANTIDAD_MINIMA,PRECIO_VENTA) VALUES (4,1047,12,0,1.000000);

INSERT INTO PROVEEDOR_PRODUCTO(PROVEEDOR_ID,PRODUCTO_ID,PRECIO_COMPRA) VALUES(13,1047, 1.000000);

-- ===========PRODUCTO [1048]
INSERT INTO PRODUCTO(ID,MARCA_ID,NOMBRE,PRESENTACION,CONTENIDO,UNIDADES_POR_CAJA,COSTO,COSTO_VENTA,PRECIO_BASE,UNIDAD_MEDIDA,CODIGO_BARRAS) VALUES(1048,21,'Elvive Loreal','Renutricion',400,12.0,1.000000,1.000000,1.000000,'ML',7.506078934603E12);

INSERT INTO MOVIMIENTO_HISTORICO_PRODUCTO (ALMACEN_ID,PRODUCTO_ID,FECHA,TIPO_MOVIMIENTO_ID,CANTIDAD,COSTO,PRECIO,USUARIO_ID) VALUES(1,1048,now(),30,4,1.000000,1.000000,'root');
INSERT INTO ALMACEN_PRODUCTO(ALMACEN_ID,PRODUCTO_ID,CANTIDAD_ACTUAL,CANTIDAD_MINIMA,PRECIO_VENTA) VALUES (1,1048,4,0,1.000000);

INSERT INTO ALMACEN_PRODUCTO(ALMACEN_ID,PRODUCTO_ID,CANTIDAD_ACTUAL,CANTIDAD_MINIMA,PRECIO_VENTA) VALUES (2,1048,0,0,1.000000);

INSERT INTO ALMACEN_PRODUCTO(ALMACEN_ID,PRODUCTO_ID,CANTIDAD_ACTUAL,CANTIDAD_MINIMA,PRECIO_VENTA) VALUES (3,1048,4,0,1.000000);

INSERT INTO ALMACEN_PRODUCTO(ALMACEN_ID,PRODUCTO_ID,CANTIDAD_ACTUAL,CANTIDAD_MINIMA,PRECIO_VENTA) VALUES (4,1048,4,0,1.000000);

INSERT INTO PROVEEDOR_PRODUCTO(PROVEEDOR_ID,PRODUCTO_ID,PRECIO_COMPRA) VALUES(13,1048, 1.000000);

-- ===========PRODUCTO [1049]
INSERT INTO PRODUCTO(ID,MARCA_ID,NOMBRE,PRESENTACION,CONTENIDO,UNIDADES_POR_CAJA,COSTO,COSTO_VENTA,PRECIO_BASE,UNIDAD_MEDIDA,CODIGO_BARRAS) VALUES(1049,21,'Elvive Paq Sh 750ml + Trat 350g + Spray 150ml','Rizos Hidratados colageno',3,6.0,1.000000,1.000000,1.000000,'PZ',7.506078997233E12);

INSERT INTO MOVIMIENTO_HISTORICO_PRODUCTO (ALMACEN_ID,PRODUCTO_ID,FECHA,TIPO_MOVIMIENTO_ID,CANTIDAD,COSTO,PRECIO,USUARIO_ID) VALUES(1,1049,now(),30,6,1.000000,1.000000,'root');
INSERT INTO ALMACEN_PRODUCTO(ALMACEN_ID,PRODUCTO_ID,CANTIDAD_ACTUAL,CANTIDAD_MINIMA,PRECIO_VENTA) VALUES (1,1049,6,0,1.000000);

INSERT INTO ALMACEN_PRODUCTO(ALMACEN_ID,PRODUCTO_ID,CANTIDAD_ACTUAL,CANTIDAD_MINIMA,PRECIO_VENTA) VALUES (2,1049,0,0,1.000000);

INSERT INTO ALMACEN_PRODUCTO(ALMACEN_ID,PRODUCTO_ID,CANTIDAD_ACTUAL,CANTIDAD_MINIMA,PRECIO_VENTA) VALUES (3,1049,6,0,1.000000);

INSERT INTO ALMACEN_PRODUCTO(ALMACEN_ID,PRODUCTO_ID,CANTIDAD_ACTUAL,CANTIDAD_MINIMA,PRECIO_VENTA) VALUES (4,1049,6,0,1.000000);

INSERT INTO PROVEEDOR_PRODUCTO(PROVEEDOR_ID,PRODUCTO_ID,PRECIO_COMPRA) VALUES(13,1049, 1.000000);

-- ===========PRODUCTO [1050]
INSERT INTO PRODUCTO(ID,MARCA_ID,NOMBRE,PRESENTACION,CONTENIDO,UNIDADES_POR_CAJA,COSTO,COSTO_VENTA,PRECIO_BASE,UNIDAD_MEDIDA,CODIGO_BARRAS) VALUES(1050,46,'Dove Aerosol Dama','Fresh Touch',169,12.0,1.000000,1.000000,1.000000,'ML',7.791293008134E12);

INSERT INTO MOVIMIENTO_HISTORICO_PRODUCTO (ALMACEN_ID,PRODUCTO_ID,FECHA,TIPO_MOVIMIENTO_ID,CANTIDAD,COSTO,PRECIO,USUARIO_ID) VALUES(1,1050,now(),30,12,1.000000,1.000000,'root');
INSERT INTO ALMACEN_PRODUCTO(ALMACEN_ID,PRODUCTO_ID,CANTIDAD_ACTUAL,CANTIDAD_MINIMA,PRECIO_VENTA) VALUES (1,1050,12,0,1.000000);

INSERT INTO ALMACEN_PRODUCTO(ALMACEN_ID,PRODUCTO_ID,CANTIDAD_ACTUAL,CANTIDAD_MINIMA,PRECIO_VENTA) VALUES (2,1050,0,0,1.000000);

INSERT INTO ALMACEN_PRODUCTO(ALMACEN_ID,PRODUCTO_ID,CANTIDAD_ACTUAL,CANTIDAD_MINIMA,PRECIO_VENTA) VALUES (3,1050,12,0,1.000000);

INSERT INTO ALMACEN_PRODUCTO(ALMACEN_ID,PRODUCTO_ID,CANTIDAD_ACTUAL,CANTIDAD_MINIMA,PRECIO_VENTA) VALUES (4,1050,12,0,1.000000);

INSERT INTO PROVEEDOR_PRODUCTO(PROVEEDOR_ID,PRODUCTO_ID,PRECIO_COMPRA) VALUES(19,1050, 1.000000);

-- ===========PRODUCTO [1051]
INSERT INTO PRODUCTO(ID,MARCA_ID,NOMBRE,PRESENTACION,CONTENIDO,UNIDADES_POR_CAJA,COSTO,COSTO_VENTA,PRECIO_BASE,UNIDAD_MEDIDA,CODIGO_BARRAS) VALUES(1051,46,'Dove Aerosol Dama','Dermo Aclarant',169,12.0,1.000000,1.000000,1.000000,'ML',7.791293998619E12);

INSERT INTO MOVIMIENTO_HISTORICO_PRODUCTO (ALMACEN_ID,PRODUCTO_ID,FECHA,TIPO_MOVIMIENTO_ID,CANTIDAD,COSTO,PRECIO,USUARIO_ID) VALUES(1,1051,now(),30,13,1.000000,1.000000,'root');
INSERT INTO ALMACEN_PRODUCTO(ALMACEN_ID,PRODUCTO_ID,CANTIDAD_ACTUAL,CANTIDAD_MINIMA,PRECIO_VENTA) VALUES (1,1051,13,0,1.000000);

INSERT INTO ALMACEN_PRODUCTO(ALMACEN_ID,PRODUCTO_ID,CANTIDAD_ACTUAL,CANTIDAD_MINIMA,PRECIO_VENTA) VALUES (2,1051,0,0,1.000000);

INSERT INTO ALMACEN_PRODUCTO(ALMACEN_ID,PRODUCTO_ID,CANTIDAD_ACTUAL,CANTIDAD_MINIMA,PRECIO_VENTA) VALUES (3,1051,13,0,1.000000);

INSERT INTO ALMACEN_PRODUCTO(ALMACEN_ID,PRODUCTO_ID,CANTIDAD_ACTUAL,CANTIDAD_MINIMA,PRECIO_VENTA) VALUES (4,1051,13,0,1.000000);

INSERT INTO PROVEEDOR_PRODUCTO(PROVEEDOR_ID,PRODUCTO_ID,PRECIO_COMPRA) VALUES(19,1051, 1.000000);

-- ===========PRODUCTO [1052]
INSERT INTO PRODUCTO(ID,MARCA_ID,NOMBRE,PRESENTACION,CONTENIDO,UNIDADES_POR_CAJA,COSTO,COSTO_VENTA,PRECIO_BASE,UNIDAD_MEDIDA,CODIGO_BARRAS) VALUES(1052,19,'Rexona Aerosol Dama','Bamboo',175,12.0,1.000000,1.000000,1.000000,'ML',7.791293884592E12);

INSERT INTO MOVIMIENTO_HISTORICO_PRODUCTO (ALMACEN_ID,PRODUCTO_ID,FECHA,TIPO_MOVIMIENTO_ID,CANTIDAD,COSTO,PRECIO,USUARIO_ID) VALUES(1,1052,now(),30,14,1.000000,1.000000,'root');
INSERT INTO ALMACEN_PRODUCTO(ALMACEN_ID,PRODUCTO_ID,CANTIDAD_ACTUAL,CANTIDAD_MINIMA,PRECIO_VENTA) VALUES (1,1052,14,0,1.000000);

INSERT INTO ALMACEN_PRODUCTO(ALMACEN_ID,PRODUCTO_ID,CANTIDAD_ACTUAL,CANTIDAD_MINIMA,PRECIO_VENTA) VALUES (2,1052,0,0,1.000000);

INSERT INTO ALMACEN_PRODUCTO(ALMACEN_ID,PRODUCTO_ID,CANTIDAD_ACTUAL,CANTIDAD_MINIMA,PRECIO_VENTA) VALUES (3,1052,14,0,1.000000);

INSERT INTO ALMACEN_PRODUCTO(ALMACEN_ID,PRODUCTO_ID,CANTIDAD_ACTUAL,CANTIDAD_MINIMA,PRECIO_VENTA) VALUES (4,1052,14,0,1.000000);

INSERT INTO PROVEEDOR_PRODUCTO(PROVEEDOR_ID,PRODUCTO_ID,PRECIO_COMPRA) VALUES(19,1052, 1.000000);

-- ===========PRODUCTO [1053]
INSERT INTO PRODUCTO(ID,MARCA_ID,NOMBRE,PRESENTACION,CONTENIDO,UNIDADES_POR_CAJA,COSTO,COSTO_VENTA,PRECIO_BASE,UNIDAD_MEDIDA,CODIGO_BARRAS) VALUES(1053,19,'Rexona Aerosol Dama','Organics',175,12.0,1.000000,1.000000,1.000000,'ML',7.791293005348E12);

INSERT INTO MOVIMIENTO_HISTORICO_PRODUCTO (ALMACEN_ID,PRODUCTO_ID,FECHA,TIPO_MOVIMIENTO_ID,CANTIDAD,COSTO,PRECIO,USUARIO_ID) VALUES(1,1053,now(),30,5,1.000000,1.000000,'root');
INSERT INTO ALMACEN_PRODUCTO(ALMACEN_ID,PRODUCTO_ID,CANTIDAD_ACTUAL,CANTIDAD_MINIMA,PRECIO_VENTA) VALUES (1,1053,5,0,1.000000);

INSERT INTO ALMACEN_PRODUCTO(ALMACEN_ID,PRODUCTO_ID,CANTIDAD_ACTUAL,CANTIDAD_MINIMA,PRECIO_VENTA) VALUES (2,1053,0,0,1.000000);

INSERT INTO ALMACEN_PRODUCTO(ALMACEN_ID,PRODUCTO_ID,CANTIDAD_ACTUAL,CANTIDAD_MINIMA,PRECIO_VENTA) VALUES (3,1053,5,0,1.000000);

INSERT INTO ALMACEN_PRODUCTO(ALMACEN_ID,PRODUCTO_ID,CANTIDAD_ACTUAL,CANTIDAD_MINIMA,PRECIO_VENTA) VALUES (4,1053,5,0,1.000000);

INSERT INTO PROVEEDOR_PRODUCTO(PROVEEDOR_ID,PRODUCTO_ID,PRECIO_COMPRA) VALUES(19,1053, 1.000000);

-- ===========PRODUCTO [1054]
INSERT INTO PRODUCTO(ID,MARCA_ID,NOMBRE,PRESENTACION,CONTENIDO,UNIDADES_POR_CAJA,COSTO,COSTO_VENTA,PRECIO_BASE,UNIDAD_MEDIDA,CODIGO_BARRAS) VALUES(1054,19,'Rexona Aerosol Caballero','Tuning V8',175,12.0,1.000000,1.000000,1.000000,'ML',7.791293990637E12);

INSERT INTO MOVIMIENTO_HISTORICO_PRODUCTO (ALMACEN_ID,PRODUCTO_ID,FECHA,TIPO_MOVIMIENTO_ID,CANTIDAD,COSTO,PRECIO,USUARIO_ID) VALUES(1,1054,now(),30,12,1.000000,1.000000,'root');
INSERT INTO ALMACEN_PRODUCTO(ALMACEN_ID,PRODUCTO_ID,CANTIDAD_ACTUAL,CANTIDAD_MINIMA,PRECIO_VENTA) VALUES (1,1054,12,0,1.000000);

INSERT INTO ALMACEN_PRODUCTO(ALMACEN_ID,PRODUCTO_ID,CANTIDAD_ACTUAL,CANTIDAD_MINIMA,PRECIO_VENTA) VALUES (2,1054,0,0,1.000000);

INSERT INTO ALMACEN_PRODUCTO(ALMACEN_ID,PRODUCTO_ID,CANTIDAD_ACTUAL,CANTIDAD_MINIMA,PRECIO_VENTA) VALUES (3,1054,12,0,1.000000);

INSERT INTO ALMACEN_PRODUCTO(ALMACEN_ID,PRODUCTO_ID,CANTIDAD_ACTUAL,CANTIDAD_MINIMA,PRECIO_VENTA) VALUES (4,1054,12,0,1.000000);

INSERT INTO PROVEEDOR_PRODUCTO(PROVEEDOR_ID,PRODUCTO_ID,PRECIO_COMPRA) VALUES(19,1054, 1.000000);

-- ===========PRODUCTO [1055]
INSERT INTO PRODUCTO(ID,MARCA_ID,NOMBRE,PRESENTACION,CONTENIDO,UNIDADES_POR_CAJA,COSTO,COSTO_VENTA,PRECIO_BASE,UNIDAD_MEDIDA,CODIGO_BARRAS) VALUES(1055,19,'Rexona Aerosol Caballero','Active',175,12.0,1.000000,1.000000,1.000000,'ML',7.791293990569E12);

INSERT INTO MOVIMIENTO_HISTORICO_PRODUCTO (ALMACEN_ID,PRODUCTO_ID,FECHA,TIPO_MOVIMIENTO_ID,CANTIDAD,COSTO,PRECIO,USUARIO_ID) VALUES(1,1055,now(),30,12,1.000000,1.000000,'root');
INSERT INTO ALMACEN_PRODUCTO(ALMACEN_ID,PRODUCTO_ID,CANTIDAD_ACTUAL,CANTIDAD_MINIMA,PRECIO_VENTA) VALUES (1,1055,12,0,1.000000);

INSERT INTO ALMACEN_PRODUCTO(ALMACEN_ID,PRODUCTO_ID,CANTIDAD_ACTUAL,CANTIDAD_MINIMA,PRECIO_VENTA) VALUES (2,1055,0,0,1.000000);

INSERT INTO ALMACEN_PRODUCTO(ALMACEN_ID,PRODUCTO_ID,CANTIDAD_ACTUAL,CANTIDAD_MINIMA,PRECIO_VENTA) VALUES (3,1055,12,0,1.000000);

INSERT INTO ALMACEN_PRODUCTO(ALMACEN_ID,PRODUCTO_ID,CANTIDAD_ACTUAL,CANTIDAD_MINIMA,PRECIO_VENTA) VALUES (4,1055,12,0,1.000000);

INSERT INTO PROVEEDOR_PRODUCTO(PROVEEDOR_ID,PRODUCTO_ID,PRECIO_COMPRA) VALUES(19,1055, 1.000000);

-- ===========PRODUCTO [1056]
INSERT INTO PRODUCTO(ID,MARCA_ID,NOMBRE,PRESENTACION,CONTENIDO,UNIDADES_POR_CAJA,COSTO,COSTO_VENTA,PRECIO_BASE,UNIDAD_MEDIDA,CODIGO_BARRAS) VALUES(1056,19,'Rexona Aerosol Caballero','Extreme',175,12.0,1.000000,1.000000,1.000000,'ML',7.791293990583E12);

INSERT INTO MOVIMIENTO_HISTORICO_PRODUCTO (ALMACEN_ID,PRODUCTO_ID,FECHA,TIPO_MOVIMIENTO_ID,CANTIDAD,COSTO,PRECIO,USUARIO_ID) VALUES(1,1056,now(),30,12,1.000000,1.000000,'root');
INSERT INTO ALMACEN_PRODUCTO(ALMACEN_ID,PRODUCTO_ID,CANTIDAD_ACTUAL,CANTIDAD_MINIMA,PRECIO_VENTA) VALUES (1,1056,12,0,1.000000);

INSERT INTO ALMACEN_PRODUCTO(ALMACEN_ID,PRODUCTO_ID,CANTIDAD_ACTUAL,CANTIDAD_MINIMA,PRECIO_VENTA) VALUES (2,1056,0,0,1.000000);

INSERT INTO ALMACEN_PRODUCTO(ALMACEN_ID,PRODUCTO_ID,CANTIDAD_ACTUAL,CANTIDAD_MINIMA,PRECIO_VENTA) VALUES (3,1056,12,0,1.000000);

INSERT INTO ALMACEN_PRODUCTO(ALMACEN_ID,PRODUCTO_ID,CANTIDAD_ACTUAL,CANTIDAD_MINIMA,PRECIO_VENTA) VALUES (4,1056,12,0,1.000000);

INSERT INTO PROVEEDOR_PRODUCTO(PROVEEDOR_ID,PRODUCTO_ID,PRECIO_COMPRA) VALUES(19,1056, 1.000000);

-- ===========PRODUCTO [1057]
INSERT INTO PRODUCTO(ID,MARCA_ID,NOMBRE,PRESENTACION,CONTENIDO,UNIDADES_POR_CAJA,COSTO,COSTO_VENTA,PRECIO_BASE,UNIDAD_MEDIDA,CODIGO_BARRAS) VALUES(1057,42,'English Leather Aerosol','Clasico',250,12.0,1.000000,1.000000,1.000000,'ML',7.501956509133E12);

INSERT INTO MOVIMIENTO_HISTORICO_PRODUCTO (ALMACEN_ID,PRODUCTO_ID,FECHA,TIPO_MOVIMIENTO_ID,CANTIDAD,COSTO,PRECIO,USUARIO_ID) VALUES(1,1057,now(),30,5,1.000000,1.000000,'root');
INSERT INTO ALMACEN_PRODUCTO(ALMACEN_ID,PRODUCTO_ID,CANTIDAD_ACTUAL,CANTIDAD_MINIMA,PRECIO_VENTA) VALUES (1,1057,5,0,1.000000);

INSERT INTO ALMACEN_PRODUCTO(ALMACEN_ID,PRODUCTO_ID,CANTIDAD_ACTUAL,CANTIDAD_MINIMA,PRECIO_VENTA) VALUES (2,1057,0,0,1.000000);

INSERT INTO ALMACEN_PRODUCTO(ALMACEN_ID,PRODUCTO_ID,CANTIDAD_ACTUAL,CANTIDAD_MINIMA,PRECIO_VENTA) VALUES (3,1057,5,0,1.000000);

INSERT INTO ALMACEN_PRODUCTO(ALMACEN_ID,PRODUCTO_ID,CANTIDAD_ACTUAL,CANTIDAD_MINIMA,PRECIO_VENTA) VALUES (4,1057,5,0,1.000000);

INSERT INTO PROVEEDOR_PRODUCTO(PROVEEDOR_ID,PRODUCTO_ID,PRECIO_COMPRA) VALUES(13,1057, 1.000000);

-- ===========PRODUCTO [1058]
INSERT INTO PRODUCTO(ID,MARCA_ID,NOMBRE,PRESENTACION,CONTENIDO,UNIDADES_POR_CAJA,COSTO,COSTO_VENTA,PRECIO_BASE,UNIDAD_MEDIDA,CODIGO_BARRAS) VALUES(1058,14,'Fructis Crema Peinar','Hidra Liso',300,12.0,1.000000,1.000000,1.000000,'ML',7.501839108903E12);

INSERT INTO MOVIMIENTO_HISTORICO_PRODUCTO (ALMACEN_ID,PRODUCTO_ID,FECHA,TIPO_MOVIMIENTO_ID,CANTIDAD,COSTO,PRECIO,USUARIO_ID) VALUES(1,1058,now(),30,2,1.000000,1.000000,'root');
INSERT INTO ALMACEN_PRODUCTO(ALMACEN_ID,PRODUCTO_ID,CANTIDAD_ACTUAL,CANTIDAD_MINIMA,PRECIO_VENTA) VALUES (1,1058,2,0,1.000000);

INSERT INTO ALMACEN_PRODUCTO(ALMACEN_ID,PRODUCTO_ID,CANTIDAD_ACTUAL,CANTIDAD_MINIMA,PRECIO_VENTA) VALUES (2,1058,0,0,1.000000);

INSERT INTO ALMACEN_PRODUCTO(ALMACEN_ID,PRODUCTO_ID,CANTIDAD_ACTUAL,CANTIDAD_MINIMA,PRECIO_VENTA) VALUES (3,1058,2,0,1.000000);

INSERT INTO ALMACEN_PRODUCTO(ALMACEN_ID,PRODUCTO_ID,CANTIDAD_ACTUAL,CANTIDAD_MINIMA,PRECIO_VENTA) VALUES (4,1058,2,0,1.000000);

INSERT INTO PROVEEDOR_PRODUCTO(PROVEEDOR_ID,PRODUCTO_ID,PRECIO_COMPRA) VALUES(13,1058, 1.000000);

-- ===========PRODUCTO [1059]
INSERT INTO PRODUCTO(ID,MARCA_ID,NOMBRE,PRESENTACION,CONTENIDO,UNIDADES_POR_CAJA,COSTO,COSTO_VENTA,PRECIO_BASE,UNIDAD_MEDIDA,CODIGO_BARRAS) VALUES(1059,46,'Dove Stick Dama','Original',50,12.0,1.000000,1.000000,1.000000,'G',7.5027513E7);

INSERT INTO MOVIMIENTO_HISTORICO_PRODUCTO (ALMACEN_ID,PRODUCTO_ID,FECHA,TIPO_MOVIMIENTO_ID,CANTIDAD,COSTO,PRECIO,USUARIO_ID) VALUES(1,1059,now(),30,4,1.000000,1.000000,'root');
INSERT INTO ALMACEN_PRODUCTO(ALMACEN_ID,PRODUCTO_ID,CANTIDAD_ACTUAL,CANTIDAD_MINIMA,PRECIO_VENTA) VALUES (1,1059,4,0,1.000000);

INSERT INTO ALMACEN_PRODUCTO(ALMACEN_ID,PRODUCTO_ID,CANTIDAD_ACTUAL,CANTIDAD_MINIMA,PRECIO_VENTA) VALUES (2,1059,0,0,1.000000);

INSERT INTO ALMACEN_PRODUCTO(ALMACEN_ID,PRODUCTO_ID,CANTIDAD_ACTUAL,CANTIDAD_MINIMA,PRECIO_VENTA) VALUES (3,1059,4,0,1.000000);

INSERT INTO ALMACEN_PRODUCTO(ALMACEN_ID,PRODUCTO_ID,CANTIDAD_ACTUAL,CANTIDAD_MINIMA,PRECIO_VENTA) VALUES (4,1059,4,0,1.000000);

INSERT INTO PROVEEDOR_PRODUCTO(PROVEEDOR_ID,PRODUCTO_ID,PRECIO_COMPRA) VALUES(17,1059, 1.000000);

-- ===========PRODUCTO [1060]
INSERT INTO PRODUCTO(ID,MARCA_ID,NOMBRE,PRESENTACION,CONTENIDO,UNIDADES_POR_CAJA,COSTO,COSTO_VENTA,PRECIO_BASE,UNIDAD_MEDIDA,CODIGO_BARRAS) VALUES(1060,78,'Fija Max','Extremo',1000,6.0,1.000000,1.000000,1.000000,'G',7.501822402216E12);

INSERT INTO MOVIMIENTO_HISTORICO_PRODUCTO (ALMACEN_ID,PRODUCTO_ID,FECHA,TIPO_MOVIMIENTO_ID,CANTIDAD,COSTO,PRECIO,USUARIO_ID) VALUES(1,1060,now(),30,12,1.000000,1.000000,'root');
INSERT INTO ALMACEN_PRODUCTO(ALMACEN_ID,PRODUCTO_ID,CANTIDAD_ACTUAL,CANTIDAD_MINIMA,PRECIO_VENTA) VALUES (1,1060,12,0,1.000000);

INSERT INTO ALMACEN_PRODUCTO(ALMACEN_ID,PRODUCTO_ID,CANTIDAD_ACTUAL,CANTIDAD_MINIMA,PRECIO_VENTA) VALUES (2,1060,0,0,1.000000);

INSERT INTO ALMACEN_PRODUCTO(ALMACEN_ID,PRODUCTO_ID,CANTIDAD_ACTUAL,CANTIDAD_MINIMA,PRECIO_VENTA) VALUES (3,1060,12,0,1.000000);

INSERT INTO ALMACEN_PRODUCTO(ALMACEN_ID,PRODUCTO_ID,CANTIDAD_ACTUAL,CANTIDAD_MINIMA,PRECIO_VENTA) VALUES (4,1060,12,0,1.000000);

INSERT INTO PROVEEDOR_PRODUCTO(PROVEEDOR_ID,PRODUCTO_ID,PRECIO_COMPRA) VALUES(8,1060, 1.000000);

-- ===========PRODUCTO [1061]
INSERT INTO PRODUCTO(ID,MARCA_ID,NOMBRE,PRESENTACION,CONTENIDO,UNIDADES_POR_CAJA,COSTO,COSTO_VENTA,PRECIO_BASE,UNIDAD_MEDIDA,CODIGO_BARRAS) VALUES(1061,91,'Cometa Aplicador','Bolsa',1000,30.0,1.000000,1.000000,1.000000,'PZ',7.50119260124E12);

INSERT INTO MOVIMIENTO_HISTORICO_PRODUCTO (ALMACEN_ID,PRODUCTO_ID,FECHA,TIPO_MOVIMIENTO_ID,CANTIDAD,COSTO,PRECIO,USUARIO_ID) VALUES(1,1061,now(),30,21,1.000000,1.000000,'root');
INSERT INTO ALMACEN_PRODUCTO(ALMACEN_ID,PRODUCTO_ID,CANTIDAD_ACTUAL,CANTIDAD_MINIMA,PRECIO_VENTA) VALUES (1,1061,21,0,1.000000);

INSERT INTO ALMACEN_PRODUCTO(ALMACEN_ID,PRODUCTO_ID,CANTIDAD_ACTUAL,CANTIDAD_MINIMA,PRECIO_VENTA) VALUES (2,1061,0,0,1.000000);

INSERT INTO ALMACEN_PRODUCTO(ALMACEN_ID,PRODUCTO_ID,CANTIDAD_ACTUAL,CANTIDAD_MINIMA,PRECIO_VENTA) VALUES (3,1061,21,0,1.000000);

INSERT INTO ALMACEN_PRODUCTO(ALMACEN_ID,PRODUCTO_ID,CANTIDAD_ACTUAL,CANTIDAD_MINIMA,PRECIO_VENTA) VALUES (4,1061,21,0,1.000000);

INSERT INTO PROVEEDOR_PRODUCTO(PROVEEDOR_ID,PRODUCTO_ID,PRECIO_COMPRA) VALUES(9,1061, 1.000000);

-- ===========PRODUCTO [1062]
INSERT INTO PRODUCTO(ID,MARCA_ID,NOMBRE,PRESENTACION,CONTENIDO,UNIDADES_POR_CAJA,COSTO,COSTO_VENTA,PRECIO_BASE,UNIDAD_MEDIDA,CODIGO_BARRAS) VALUES(1062,89,'Dalux Algodón','Plisado y Recortado',50,100.0,1.000000,1.000000,1.000000,'G',7.501192600298E12);

INSERT INTO MOVIMIENTO_HISTORICO_PRODUCTO (ALMACEN_ID,PRODUCTO_ID,FECHA,TIPO_MOVIMIENTO_ID,CANTIDAD,COSTO,PRECIO,USUARIO_ID) VALUES(1,1062,now(),30,36,1.000000,1.000000,'root');
INSERT INTO ALMACEN_PRODUCTO(ALMACEN_ID,PRODUCTO_ID,CANTIDAD_ACTUAL,CANTIDAD_MINIMA,PRECIO_VENTA) VALUES (1,1062,36,0,1.000000);

INSERT INTO ALMACEN_PRODUCTO(ALMACEN_ID,PRODUCTO_ID,CANTIDAD_ACTUAL,CANTIDAD_MINIMA,PRECIO_VENTA) VALUES (2,1062,0,0,1.000000);

INSERT INTO ALMACEN_PRODUCTO(ALMACEN_ID,PRODUCTO_ID,CANTIDAD_ACTUAL,CANTIDAD_MINIMA,PRECIO_VENTA) VALUES (3,1062,36,0,1.000000);

INSERT INTO ALMACEN_PRODUCTO(ALMACEN_ID,PRODUCTO_ID,CANTIDAD_ACTUAL,CANTIDAD_MINIMA,PRECIO_VENTA) VALUES (4,1062,36,0,1.000000);

INSERT INTO PROVEEDOR_PRODUCTO(PROVEEDOR_ID,PRODUCTO_ID,PRECIO_COMPRA) VALUES(9,1062, 1.000000);

-- ===========PRODUCTO [1063]
INSERT INTO PRODUCTO(ID,MARCA_ID,NOMBRE,PRESENTACION,CONTENIDO,UNIDADES_POR_CAJA,COSTO,COSTO_VENTA,PRECIO_BASE,UNIDAD_MEDIDA,CODIGO_BARRAS) VALUES(1063,17,'Palmolive Hydra Natura','Manos Perfectas',100,24.0,1.000000,1.000000,1.000000,'G',7.509546019567E12);

INSERT INTO MOVIMIENTO_HISTORICO_PRODUCTO (ALMACEN_ID,PRODUCTO_ID,FECHA,TIPO_MOVIMIENTO_ID,CANTIDAD,COSTO,PRECIO,USUARIO_ID) VALUES(1,1063,now(),30,24,1.000000,1.000000,'root');
INSERT INTO ALMACEN_PRODUCTO(ALMACEN_ID,PRODUCTO_ID,CANTIDAD_ACTUAL,CANTIDAD_MINIMA,PRECIO_VENTA) VALUES (1,1063,24,0,1.000000);

INSERT INTO ALMACEN_PRODUCTO(ALMACEN_ID,PRODUCTO_ID,CANTIDAD_ACTUAL,CANTIDAD_MINIMA,PRECIO_VENTA) VALUES (2,1063,0,0,1.000000);

INSERT INTO ALMACEN_PRODUCTO(ALMACEN_ID,PRODUCTO_ID,CANTIDAD_ACTUAL,CANTIDAD_MINIMA,PRECIO_VENTA) VALUES (3,1063,24,0,1.000000);

INSERT INTO ALMACEN_PRODUCTO(ALMACEN_ID,PRODUCTO_ID,CANTIDAD_ACTUAL,CANTIDAD_MINIMA,PRECIO_VENTA) VALUES (4,1063,24,0,1.000000);

INSERT INTO PROVEEDOR_PRODUCTO(PROVEEDOR_ID,PRODUCTO_ID,PRECIO_COMPRA) VALUES(6,1063, 1.000000);

-- ===========PRODUCTO [1064]
INSERT INTO PRODUCTO(ID,MARCA_ID,NOMBRE,PRESENTACION,CONTENIDO,UNIDADES_POR_CAJA,COSTO,COSTO_VENTA,PRECIO_BASE,UNIDAD_MEDIDA,CODIGO_BARRAS) VALUES(1064,17,'Palmolive Naturals','Suavidad Radiante',50,150.0,1.000000,1.000000,1.000000,'G',7.509546048284E12);

INSERT INTO MOVIMIENTO_HISTORICO_PRODUCTO (ALMACEN_ID,PRODUCTO_ID,FECHA,TIPO_MOVIMIENTO_ID,CANTIDAD,COSTO,PRECIO,USUARIO_ID) VALUES(1,1064,now(),30,140,1.000000,1.000000,'root');
INSERT INTO ALMACEN_PRODUCTO(ALMACEN_ID,PRODUCTO_ID,CANTIDAD_ACTUAL,CANTIDAD_MINIMA,PRECIO_VENTA) VALUES (1,1064,140,0,1.000000);

INSERT INTO ALMACEN_PRODUCTO(ALMACEN_ID,PRODUCTO_ID,CANTIDAD_ACTUAL,CANTIDAD_MINIMA,PRECIO_VENTA) VALUES (2,1064,0,0,1.000000);

INSERT INTO ALMACEN_PRODUCTO(ALMACEN_ID,PRODUCTO_ID,CANTIDAD_ACTUAL,CANTIDAD_MINIMA,PRECIO_VENTA) VALUES (3,1064,140,0,1.000000);

INSERT INTO ALMACEN_PRODUCTO(ALMACEN_ID,PRODUCTO_ID,CANTIDAD_ACTUAL,CANTIDAD_MINIMA,PRECIO_VENTA) VALUES (4,1064,140,0,1.000000);

INSERT INTO PROVEEDOR_PRODUCTO(PROVEEDOR_ID,PRODUCTO_ID,PRECIO_COMPRA) VALUES(6,1064, 1.000000);

-- ===========PRODUCTO [1065]
INSERT INTO PRODUCTO(ID,MARCA_ID,NOMBRE,PRESENTACION,CONTENIDO,UNIDADES_POR_CAJA,COSTO,COSTO_VENTA,PRECIO_BASE,UNIDAD_MEDIDA,CODIGO_BARRAS) VALUES(1065,17,'Palmolive Naturals','Suavidad Radiante',110,96.0,1.000000,1.000000,1.000000,'G',7.509546052342E12);

INSERT INTO MOVIMIENTO_HISTORICO_PRODUCTO (ALMACEN_ID,PRODUCTO_ID,FECHA,TIPO_MOVIMIENTO_ID,CANTIDAD,COSTO,PRECIO,USUARIO_ID) VALUES(1,1065,now(),30,96,1.000000,1.000000,'root');
INSERT INTO ALMACEN_PRODUCTO(ALMACEN_ID,PRODUCTO_ID,CANTIDAD_ACTUAL,CANTIDAD_MINIMA,PRECIO_VENTA) VALUES (1,1065,96,0,1.000000);

INSERT INTO ALMACEN_PRODUCTO(ALMACEN_ID,PRODUCTO_ID,CANTIDAD_ACTUAL,CANTIDAD_MINIMA,PRECIO_VENTA) VALUES (2,1065,0,0,1.000000);

INSERT INTO ALMACEN_PRODUCTO(ALMACEN_ID,PRODUCTO_ID,CANTIDAD_ACTUAL,CANTIDAD_MINIMA,PRECIO_VENTA) VALUES (3,1065,96,0,1.000000);

INSERT INTO ALMACEN_PRODUCTO(ALMACEN_ID,PRODUCTO_ID,CANTIDAD_ACTUAL,CANTIDAD_MINIMA,PRECIO_VENTA) VALUES (4,1065,96,0,1.000000);

INSERT INTO PROVEEDOR_PRODUCTO(PROVEEDOR_ID,PRODUCTO_ID,PRECIO_COMPRA) VALUES(6,1065, 1.000000);

-- ===========PRODUCTO [1066]
INSERT INTO PRODUCTO(ID,MARCA_ID,NOMBRE,PRESENTACION,CONTENIDO,UNIDADES_POR_CAJA,COSTO,COSTO_VENTA,PRECIO_BASE,UNIDAD_MEDIDA,CODIGO_BARRAS) VALUES(1066,17,'Palmolive Naturals','Balanceado y Suave',180,72.0,1.000000,1.000000,1.000000,'G',7.509546032252E12);

INSERT INTO MOVIMIENTO_HISTORICO_PRODUCTO (ALMACEN_ID,PRODUCTO_ID,FECHA,TIPO_MOVIMIENTO_ID,CANTIDAD,COSTO,PRECIO,USUARIO_ID) VALUES(1,1066,now(),30,72,1.000000,1.000000,'root');
INSERT INTO ALMACEN_PRODUCTO(ALMACEN_ID,PRODUCTO_ID,CANTIDAD_ACTUAL,CANTIDAD_MINIMA,PRECIO_VENTA) VALUES (1,1066,72,0,1.000000);

INSERT INTO ALMACEN_PRODUCTO(ALMACEN_ID,PRODUCTO_ID,CANTIDAD_ACTUAL,CANTIDAD_MINIMA,PRECIO_VENTA) VALUES (2,1066,0,0,1.000000);

INSERT INTO ALMACEN_PRODUCTO(ALMACEN_ID,PRODUCTO_ID,CANTIDAD_ACTUAL,CANTIDAD_MINIMA,PRECIO_VENTA) VALUES (3,1066,72,0,1.000000);

INSERT INTO ALMACEN_PRODUCTO(ALMACEN_ID,PRODUCTO_ID,CANTIDAD_ACTUAL,CANTIDAD_MINIMA,PRECIO_VENTA) VALUES (4,1066,72,0,1.000000);

INSERT INTO PROVEEDOR_PRODUCTO(PROVEEDOR_ID,PRODUCTO_ID,PRECIO_COMPRA) VALUES(6,1066, 1.000000);

-- ===========PRODUCTO [1067]
INSERT INTO PRODUCTO(ID,MARCA_ID,NOMBRE,PRESENTACION,CONTENIDO,UNIDADES_POR_CAJA,COSTO,COSTO_VENTA,PRECIO_BASE,UNIDAD_MEDIDA,CODIGO_BARRAS) VALUES(1067,32,'Protex Jabon Solido','Fresh',180,72.0,1.000000,1.000000,1.000000,'G',7.509546044972E12);

INSERT INTO MOVIMIENTO_HISTORICO_PRODUCTO (ALMACEN_ID,PRODUCTO_ID,FECHA,TIPO_MOVIMIENTO_ID,CANTIDAD,COSTO,PRECIO,USUARIO_ID) VALUES(1,1067,now(),30,72,1.000000,1.000000,'root');
INSERT INTO ALMACEN_PRODUCTO(ALMACEN_ID,PRODUCTO_ID,CANTIDAD_ACTUAL,CANTIDAD_MINIMA,PRECIO_VENTA) VALUES (1,1067,72,0,1.000000);

INSERT INTO ALMACEN_PRODUCTO(ALMACEN_ID,PRODUCTO_ID,CANTIDAD_ACTUAL,CANTIDAD_MINIMA,PRECIO_VENTA) VALUES (2,1067,0,0,1.000000);

INSERT INTO ALMACEN_PRODUCTO(ALMACEN_ID,PRODUCTO_ID,CANTIDAD_ACTUAL,CANTIDAD_MINIMA,PRECIO_VENTA) VALUES (3,1067,72,0,1.000000);

INSERT INTO ALMACEN_PRODUCTO(ALMACEN_ID,PRODUCTO_ID,CANTIDAD_ACTUAL,CANTIDAD_MINIMA,PRECIO_VENTA) VALUES (4,1067,72,0,1.000000);

INSERT INTO PROVEEDOR_PRODUCTO(PROVEEDOR_ID,PRODUCTO_ID,PRECIO_COMPRA) VALUES(6,1067, 1.000000);

-- ===========PRODUCTO [1068]
INSERT INTO PRODUCTO(ID,MARCA_ID,NOMBRE,PRESENTACION,CONTENIDO,UNIDADES_POR_CAJA,COSTO,COSTO_VENTA,PRECIO_BASE,UNIDAD_MEDIDA,CODIGO_BARRAS) VALUES(1068,23,'SoftSoap Crema Liquida','Heavenly Vanilla',443,6.0,1.000000,1.000000,1.000000,'ML',7.509546056487E12);

INSERT INTO MOVIMIENTO_HISTORICO_PRODUCTO (ALMACEN_ID,PRODUCTO_ID,FECHA,TIPO_MOVIMIENTO_ID,CANTIDAD,COSTO,PRECIO,USUARIO_ID) VALUES(1,1068,now(),30,12,1.000000,1.000000,'root');
INSERT INTO ALMACEN_PRODUCTO(ALMACEN_ID,PRODUCTO_ID,CANTIDAD_ACTUAL,CANTIDAD_MINIMA,PRECIO_VENTA) VALUES (1,1068,12,0,1.000000);

INSERT INTO ALMACEN_PRODUCTO(ALMACEN_ID,PRODUCTO_ID,CANTIDAD_ACTUAL,CANTIDAD_MINIMA,PRECIO_VENTA) VALUES (2,1068,0,0,1.000000);

INSERT INTO ALMACEN_PRODUCTO(ALMACEN_ID,PRODUCTO_ID,CANTIDAD_ACTUAL,CANTIDAD_MINIMA,PRECIO_VENTA) VALUES (3,1068,12,0,1.000000);

INSERT INTO ALMACEN_PRODUCTO(ALMACEN_ID,PRODUCTO_ID,CANTIDAD_ACTUAL,CANTIDAD_MINIMA,PRECIO_VENTA) VALUES (4,1068,12,0,1.000000);

INSERT INTO PROVEEDOR_PRODUCTO(PROVEEDOR_ID,PRODUCTO_ID,PRECIO_COMPRA) VALUES(6,1068, 1.000000);

-- ===========PRODUCTO [1069]
INSERT INTO PRODUCTO(ID,MARCA_ID,NOMBRE,PRESENTACION,CONTENIDO,UNIDADES_POR_CAJA,COSTO,COSTO_VENTA,PRECIO_BASE,UNIDAD_MEDIDA,CODIGO_BARRAS) VALUES(1069,92,'Fresh Go Talco Braner','Pies',200,12.0,1.000000,1.000000,1.000000,'G',7.506038316029E12);

INSERT INTO MOVIMIENTO_HISTORICO_PRODUCTO (ALMACEN_ID,PRODUCTO_ID,FECHA,TIPO_MOVIMIENTO_ID,CANTIDAD,COSTO,PRECIO,USUARIO_ID) VALUES(1,1069,now(),30,12,1.000000,1.000000,'root');
INSERT INTO ALMACEN_PRODUCTO(ALMACEN_ID,PRODUCTO_ID,CANTIDAD_ACTUAL,CANTIDAD_MINIMA,PRECIO_VENTA) VALUES (1,1069,12,0,1.000000);

INSERT INTO ALMACEN_PRODUCTO(ALMACEN_ID,PRODUCTO_ID,CANTIDAD_ACTUAL,CANTIDAD_MINIMA,PRECIO_VENTA) VALUES (2,1069,0,0,1.000000);

INSERT INTO ALMACEN_PRODUCTO(ALMACEN_ID,PRODUCTO_ID,CANTIDAD_ACTUAL,CANTIDAD_MINIMA,PRECIO_VENTA) VALUES (3,1069,12,0,1.000000);

INSERT INTO ALMACEN_PRODUCTO(ALMACEN_ID,PRODUCTO_ID,CANTIDAD_ACTUAL,CANTIDAD_MINIMA,PRECIO_VENTA) VALUES (4,1069,12,0,1.000000);

INSERT INTO PROVEEDOR_PRODUCTO(PROVEEDOR_ID,PRODUCTO_ID,PRECIO_COMPRA) VALUES(17,1069, 1.000000);

-- ===========PRODUCTO [1070]
INSERT INTO PRODUCTO(ID,MARCA_ID,NOMBRE,PRESENTACION,CONTENIDO,UNIDADES_POR_CAJA,COSTO,COSTO_VENTA,PRECIO_BASE,UNIDAD_MEDIDA,CODIGO_BARRAS) VALUES(1070,93,'Xtrim Fixx Gel Fijador','Control Maximo',500,12.0,1.000000,1.000000,1.000000,'G',7.501438326579E12);

INSERT INTO MOVIMIENTO_HISTORICO_PRODUCTO (ALMACEN_ID,PRODUCTO_ID,FECHA,TIPO_MOVIMIENTO_ID,CANTIDAD,COSTO,PRECIO,USUARIO_ID) VALUES(1,1070,now(),30,15,1.000000,1.000000,'root');
INSERT INTO ALMACEN_PRODUCTO(ALMACEN_ID,PRODUCTO_ID,CANTIDAD_ACTUAL,CANTIDAD_MINIMA,PRECIO_VENTA) VALUES (1,1070,15,0,1.000000);

INSERT INTO ALMACEN_PRODUCTO(ALMACEN_ID,PRODUCTO_ID,CANTIDAD_ACTUAL,CANTIDAD_MINIMA,PRECIO_VENTA) VALUES (2,1070,0,0,1.000000);

INSERT INTO ALMACEN_PRODUCTO(ALMACEN_ID,PRODUCTO_ID,CANTIDAD_ACTUAL,CANTIDAD_MINIMA,PRECIO_VENTA) VALUES (3,1070,15,0,1.000000);

INSERT INTO ALMACEN_PRODUCTO(ALMACEN_ID,PRODUCTO_ID,CANTIDAD_ACTUAL,CANTIDAD_MINIMA,PRECIO_VENTA) VALUES (4,1070,15,0,1.000000);

INSERT INTO PROVEEDOR_PRODUCTO(PROVEEDOR_ID,PRODUCTO_ID,PRECIO_COMPRA) VALUES(22,1070, 1.000000);

-- ===========PRODUCTO [1071]
INSERT INTO PRODUCTO(ID,MARCA_ID,NOMBRE,PRESENTACION,CONTENIDO,UNIDADES_POR_CAJA,COSTO,COSTO_VENTA,PRECIO_BASE,UNIDAD_MEDIDA,CODIGO_BARRAS) VALUES(1071,60,'Bustillos Jabon','Concha Nacar',100,24.0,1.000000,1.000000,1.000000,'G',7.501185730193E12);

INSERT INTO MOVIMIENTO_HISTORICO_PRODUCTO (ALMACEN_ID,PRODUCTO_ID,FECHA,TIPO_MOVIMIENTO_ID,CANTIDAD,COSTO,PRECIO,USUARIO_ID) VALUES(1,1071,now(),30,1,1.000000,1.000000,'root');
INSERT INTO ALMACEN_PRODUCTO(ALMACEN_ID,PRODUCTO_ID,CANTIDAD_ACTUAL,CANTIDAD_MINIMA,PRECIO_VENTA) VALUES (1,1071,1,0,1.000000);

INSERT INTO ALMACEN_PRODUCTO(ALMACEN_ID,PRODUCTO_ID,CANTIDAD_ACTUAL,CANTIDAD_MINIMA,PRECIO_VENTA) VALUES (2,1071,0,0,1.000000);

INSERT INTO ALMACEN_PRODUCTO(ALMACEN_ID,PRODUCTO_ID,CANTIDAD_ACTUAL,CANTIDAD_MINIMA,PRECIO_VENTA) VALUES (3,1071,1,0,1.000000);

INSERT INTO ALMACEN_PRODUCTO(ALMACEN_ID,PRODUCTO_ID,CANTIDAD_ACTUAL,CANTIDAD_MINIMA,PRECIO_VENTA) VALUES (4,1071,1,0,1.000000);

INSERT INTO PROVEEDOR_PRODUCTO(PROVEEDOR_ID,PRODUCTO_ID,PRECIO_COMPRA) VALUES(20,1071, 1.000000);

-- ===========PRODUCTO [1072]
INSERT INTO PRODUCTO(ID,MARCA_ID,NOMBRE,PRESENTACION,CONTENIDO,UNIDADES_POR_CAJA,COSTO,COSTO_VENTA,PRECIO_BASE,UNIDAD_MEDIDA,CODIGO_BARRAS) VALUES(1072,60,'Bustillos Crema','Concha Nacar',150,24.0,1.000000,1.000000,1.000000,'G',7.501185730551E12);

INSERT INTO MOVIMIENTO_HISTORICO_PRODUCTO (ALMACEN_ID,PRODUCTO_ID,FECHA,TIPO_MOVIMIENTO_ID,CANTIDAD,COSTO,PRECIO,USUARIO_ID) VALUES(1,1072,now(),30,12,1.000000,1.000000,'root');
INSERT INTO ALMACEN_PRODUCTO(ALMACEN_ID,PRODUCTO_ID,CANTIDAD_ACTUAL,CANTIDAD_MINIMA,PRECIO_VENTA) VALUES (1,1072,12,0,1.000000);

INSERT INTO ALMACEN_PRODUCTO(ALMACEN_ID,PRODUCTO_ID,CANTIDAD_ACTUAL,CANTIDAD_MINIMA,PRECIO_VENTA) VALUES (2,1072,0,0,1.000000);

INSERT INTO ALMACEN_PRODUCTO(ALMACEN_ID,PRODUCTO_ID,CANTIDAD_ACTUAL,CANTIDAD_MINIMA,PRECIO_VENTA) VALUES (3,1072,12,0,1.000000);

INSERT INTO ALMACEN_PRODUCTO(ALMACEN_ID,PRODUCTO_ID,CANTIDAD_ACTUAL,CANTIDAD_MINIMA,PRECIO_VENTA) VALUES (4,1072,12,0,1.000000);

INSERT INTO PROVEEDOR_PRODUCTO(PROVEEDOR_ID,PRODUCTO_ID,PRECIO_COMPRA) VALUES(20,1072, 1.000000);

-- ===========PRODUCTO [1073]
INSERT INTO PRODUCTO(ID,MARCA_ID,NOMBRE,PRESENTACION,CONTENIDO,UNIDADES_POR_CAJA,COSTO,COSTO_VENTA,PRECIO_BASE,UNIDAD_MEDIDA,CODIGO_BARRAS) VALUES(1073,70,'Alby Almohadilla Facial','Absorbentes',100,100.0,1.000000,1.000000,1.000000,'Pz',7.50301056906E12);

INSERT INTO MOVIMIENTO_HISTORICO_PRODUCTO (ALMACEN_ID,PRODUCTO_ID,FECHA,TIPO_MOVIMIENTO_ID,CANTIDAD,COSTO,PRECIO,USUARIO_ID) VALUES(1,1073,now(),30,25,1.000000,1.000000,'root');
INSERT INTO ALMACEN_PRODUCTO(ALMACEN_ID,PRODUCTO_ID,CANTIDAD_ACTUAL,CANTIDAD_MINIMA,PRECIO_VENTA) VALUES (1,1073,25,0,1.000000);

INSERT INTO ALMACEN_PRODUCTO(ALMACEN_ID,PRODUCTO_ID,CANTIDAD_ACTUAL,CANTIDAD_MINIMA,PRECIO_VENTA) VALUES (2,1073,0,0,1.000000);

INSERT INTO ALMACEN_PRODUCTO(ALMACEN_ID,PRODUCTO_ID,CANTIDAD_ACTUAL,CANTIDAD_MINIMA,PRECIO_VENTA) VALUES (3,1073,25,0,1.000000);

INSERT INTO ALMACEN_PRODUCTO(ALMACEN_ID,PRODUCTO_ID,CANTIDAD_ACTUAL,CANTIDAD_MINIMA,PRECIO_VENTA) VALUES (4,1073,25,0,1.000000);

INSERT INTO PROVEEDOR_PRODUCTO(PROVEEDOR_ID,PRODUCTO_ID,PRECIO_COMPRA) VALUES(3,1073, 1.000000);

-- ===========PRODUCTO [1074]
INSERT INTO PRODUCTO(ID,MARCA_ID,NOMBRE,PRESENTACION,CONTENIDO,UNIDADES_POR_CAJA,COSTO,COSTO_VENTA,PRECIO_BASE,UNIDAD_MEDIDA,CODIGO_BARRAS) VALUES(1074,54,'Real Shampoo','Acondicionador',900,12.0,1.000000,1.000000,1.000000,'ML',7.501039701102E12);

INSERT INTO MOVIMIENTO_HISTORICO_PRODUCTO (ALMACEN_ID,PRODUCTO_ID,FECHA,TIPO_MOVIMIENTO_ID,CANTIDAD,COSTO,PRECIO,USUARIO_ID) VALUES(1,1074,now(),30,12,1.000000,1.000000,'root');
INSERT INTO ALMACEN_PRODUCTO(ALMACEN_ID,PRODUCTO_ID,CANTIDAD_ACTUAL,CANTIDAD_MINIMA,PRECIO_VENTA) VALUES (1,1074,12,0,1.000000);

INSERT INTO ALMACEN_PRODUCTO(ALMACEN_ID,PRODUCTO_ID,CANTIDAD_ACTUAL,CANTIDAD_MINIMA,PRECIO_VENTA) VALUES (2,1074,1,0,1.000000);

INSERT INTO ALMACEN_PRODUCTO(ALMACEN_ID,PRODUCTO_ID,CANTIDAD_ACTUAL,CANTIDAD_MINIMA,PRECIO_VENTA) VALUES (3,1074,12,0,1.000000);

INSERT INTO ALMACEN_PRODUCTO(ALMACEN_ID,PRODUCTO_ID,CANTIDAD_ACTUAL,CANTIDAD_MINIMA,PRECIO_VENTA) VALUES (4,1074,12,0,1.000000);

INSERT INTO PROVEEDOR_PRODUCTO(PROVEEDOR_ID,PRODUCTO_ID,PRECIO_COMPRA) VALUES(26,1074, 1.000000);

-- ===========PRODUCTO [1075]
INSERT INTO PRODUCTO(ID,MARCA_ID,NOMBRE,PRESENTACION,CONTENIDO,UNIDADES_POR_CAJA,COSTO,COSTO_VENTA,PRECIO_BASE,UNIDAD_MEDIDA,CODIGO_BARRAS) VALUES(1075,61,'Moco de Gorila Squizz Pack','Galan',2,6.0,1.000000,1.000000,1.000000,'Pz',7.501438301668E12);

INSERT INTO MOVIMIENTO_HISTORICO_PRODUCTO (ALMACEN_ID,PRODUCTO_ID,FECHA,TIPO_MOVIMIENTO_ID,CANTIDAD,COSTO,PRECIO,USUARIO_ID) VALUES(1,1075,now(),30,6,1.000000,1.000000,'root');
INSERT INTO ALMACEN_PRODUCTO(ALMACEN_ID,PRODUCTO_ID,CANTIDAD_ACTUAL,CANTIDAD_MINIMA,PRECIO_VENTA) VALUES (1,1075,6,0,1.000000);

INSERT INTO ALMACEN_PRODUCTO(ALMACEN_ID,PRODUCTO_ID,CANTIDAD_ACTUAL,CANTIDAD_MINIMA,PRECIO_VENTA) VALUES (2,1075,0,0,1.000000);

INSERT INTO ALMACEN_PRODUCTO(ALMACEN_ID,PRODUCTO_ID,CANTIDAD_ACTUAL,CANTIDAD_MINIMA,PRECIO_VENTA) VALUES (3,1075,6,0,1.000000);

INSERT INTO ALMACEN_PRODUCTO(ALMACEN_ID,PRODUCTO_ID,CANTIDAD_ACTUAL,CANTIDAD_MINIMA,PRECIO_VENTA) VALUES (4,1075,6,0,1.000000);

INSERT INTO PROVEEDOR_PRODUCTO(PROVEEDOR_ID,PRODUCTO_ID,PRECIO_COMPRA) VALUES(22,1075, 1.000000);

-- ===========PRODUCTO [1076]
INSERT INTO PRODUCTO(ID,MARCA_ID,NOMBRE,PRESENTACION,CONTENIDO,UNIDADES_POR_CAJA,COSTO,COSTO_VENTA,PRECIO_BASE,UNIDAD_MEDIDA,CODIGO_BARRAS) VALUES(1076,61,'Moco de Gorila Squizz Pack','Rockero',2,6.0,1.000000,1.000000,1.000000,'Pz',7.501438301651E12);

INSERT INTO MOVIMIENTO_HISTORICO_PRODUCTO (ALMACEN_ID,PRODUCTO_ID,FECHA,TIPO_MOVIMIENTO_ID,CANTIDAD,COSTO,PRECIO,USUARIO_ID) VALUES(1,1076,now(),30,6,1.000000,1.000000,'root');
INSERT INTO ALMACEN_PRODUCTO(ALMACEN_ID,PRODUCTO_ID,CANTIDAD_ACTUAL,CANTIDAD_MINIMA,PRECIO_VENTA) VALUES (1,1076,6,0,1.000000);

INSERT INTO ALMACEN_PRODUCTO(ALMACEN_ID,PRODUCTO_ID,CANTIDAD_ACTUAL,CANTIDAD_MINIMA,PRECIO_VENTA) VALUES (2,1076,0,0,1.000000);

INSERT INTO ALMACEN_PRODUCTO(ALMACEN_ID,PRODUCTO_ID,CANTIDAD_ACTUAL,CANTIDAD_MINIMA,PRECIO_VENTA) VALUES (3,1076,6,0,1.000000);

INSERT INTO ALMACEN_PRODUCTO(ALMACEN_ID,PRODUCTO_ID,CANTIDAD_ACTUAL,CANTIDAD_MINIMA,PRECIO_VENTA) VALUES (4,1076,6,0,1.000000);

INSERT INTO PROVEEDOR_PRODUCTO(PROVEEDOR_ID,PRODUCTO_ID,PRECIO_COMPRA) VALUES(22,1076, 1.000000);

-- ===========PRODUCTO [1077]
INSERT INTO PRODUCTO(ID,MARCA_ID,NOMBRE,PRESENTACION,CONTENIDO,UNIDADES_POR_CAJA,COSTO,COSTO_VENTA,PRECIO_BASE,UNIDAD_MEDIDA,CODIGO_BARRAS) VALUES(1077,61,'Moco de Gorila Squizz Pack','Punk',2,6.0,1.000000,1.000000,1.000000,'Pz',7.501438301644E12);

INSERT INTO MOVIMIENTO_HISTORICO_PRODUCTO (ALMACEN_ID,PRODUCTO_ID,FECHA,TIPO_MOVIMIENTO_ID,CANTIDAD,COSTO,PRECIO,USUARIO_ID) VALUES(1,1077,now(),30,6,1.000000,1.000000,'root');
INSERT INTO ALMACEN_PRODUCTO(ALMACEN_ID,PRODUCTO_ID,CANTIDAD_ACTUAL,CANTIDAD_MINIMA,PRECIO_VENTA) VALUES (1,1077,6,0,1.000000);

INSERT INTO ALMACEN_PRODUCTO(ALMACEN_ID,PRODUCTO_ID,CANTIDAD_ACTUAL,CANTIDAD_MINIMA,PRECIO_VENTA) VALUES (2,1077,0,0,1.000000);

INSERT INTO ALMACEN_PRODUCTO(ALMACEN_ID,PRODUCTO_ID,CANTIDAD_ACTUAL,CANTIDAD_MINIMA,PRECIO_VENTA) VALUES (3,1077,6,0,1.000000);

INSERT INTO ALMACEN_PRODUCTO(ALMACEN_ID,PRODUCTO_ID,CANTIDAD_ACTUAL,CANTIDAD_MINIMA,PRECIO_VENTA) VALUES (4,1077,6,0,1.000000);

INSERT INTO PROVEEDOR_PRODUCTO(PROVEEDOR_ID,PRODUCTO_ID,PRECIO_COMPRA) VALUES(22,1077, 1.000000);

-- ===========PRODUCTO [1078]
INSERT INTO PRODUCTO(ID,MARCA_ID,NOMBRE,PRESENTACION,CONTENIDO,UNIDADES_POR_CAJA,COSTO,COSTO_VENTA,PRECIO_BASE,UNIDAD_MEDIDA,CODIGO_BARRAS) VALUES(1078,52,'4 Today Cepillo Dental','T 686A',1,12.0,1.000000,1.000000,7.859167,'Pz',6.926360986867E12);

INSERT INTO MOVIMIENTO_HISTORICO_PRODUCTO (ALMACEN_ID,PRODUCTO_ID,FECHA,TIPO_MOVIMIENTO_ID,CANTIDAD,COSTO,PRECIO,USUARIO_ID) VALUES(1,1078,now(),30,12,1.000000,7.859167,'root');
INSERT INTO ALMACEN_PRODUCTO(ALMACEN_ID,PRODUCTO_ID,CANTIDAD_ACTUAL,CANTIDAD_MINIMA,PRECIO_VENTA) VALUES (1,1078,12,0,7.859167);

INSERT INTO ALMACEN_PRODUCTO(ALMACEN_ID,PRODUCTO_ID,CANTIDAD_ACTUAL,CANTIDAD_MINIMA,PRECIO_VENTA) VALUES (2,1078,0,0,1.000000);

INSERT INTO ALMACEN_PRODUCTO(ALMACEN_ID,PRODUCTO_ID,CANTIDAD_ACTUAL,CANTIDAD_MINIMA,PRECIO_VENTA) VALUES (3,1078,12,0,6.500000);

INSERT INTO ALMACEN_PRODUCTO(ALMACEN_ID,PRODUCTO_ID,CANTIDAD_ACTUAL,CANTIDAD_MINIMA,PRECIO_VENTA) VALUES (4,1078,12,0,1.000000);

INSERT INTO PROVEEDOR_PRODUCTO(PROVEEDOR_ID,PRODUCTO_ID,PRECIO_COMPRA) VALUES(7,1078, 1.000000);

-- ===========PRODUCTO [1079]
INSERT INTO PRODUCTO(ID,MARCA_ID,NOMBRE,PRESENTACION,CONTENIDO,UNIDADES_POR_CAJA,COSTO,COSTO_VENTA,PRECIO_BASE,UNIDAD_MEDIDA,CODIGO_BARRAS) VALUES(1079,52,'4 Today Cepillo Dental Exhibidor','T 686A',12,12.0,1.000000,1.000000,94.310000,'Pz',6.926360987031E12);

INSERT INTO MOVIMIENTO_HISTORICO_PRODUCTO (ALMACEN_ID,PRODUCTO_ID,FECHA,TIPO_MOVIMIENTO_ID,CANTIDAD,COSTO,PRECIO,USUARIO_ID) VALUES(1,1079,now(),30,2,1.000000,94.310000,'root');
INSERT INTO ALMACEN_PRODUCTO(ALMACEN_ID,PRODUCTO_ID,CANTIDAD_ACTUAL,CANTIDAD_MINIMA,PRECIO_VENTA) VALUES (1,1079,2,0,94.310000);

INSERT INTO ALMACEN_PRODUCTO(ALMACEN_ID,PRODUCTO_ID,CANTIDAD_ACTUAL,CANTIDAD_MINIMA,PRECIO_VENTA) VALUES (2,1079,0,0,1.000000);

INSERT INTO ALMACEN_PRODUCTO(ALMACEN_ID,PRODUCTO_ID,CANTIDAD_ACTUAL,CANTIDAD_MINIMA,PRECIO_VENTA) VALUES (3,1079,2,0,72.000000);

INSERT INTO ALMACEN_PRODUCTO(ALMACEN_ID,PRODUCTO_ID,CANTIDAD_ACTUAL,CANTIDAD_MINIMA,PRECIO_VENTA) VALUES (4,1079,2,0,1.000000);

INSERT INTO PROVEEDOR_PRODUCTO(PROVEEDOR_ID,PRODUCTO_ID,PRECIO_COMPRA) VALUES(7,1079, 1.000000);

-- ===========PRODUCTO [1080]
INSERT INTO PRODUCTO(ID,MARCA_ID,NOMBRE,PRESENTACION,CONTENIDO,UNIDADES_POR_CAJA,COSTO,COSTO_VENTA,PRECIO_BASE,UNIDAD_MEDIDA,CODIGO_BARRAS) VALUES(1080,67,'Curity Mamila Latex','Evita Colicos',1,36.0,1.000000,1.000000,1.000000,'PZ',7.5001131E7);

INSERT INTO MOVIMIENTO_HISTORICO_PRODUCTO (ALMACEN_ID,PRODUCTO_ID,FECHA,TIPO_MOVIMIENTO_ID,CANTIDAD,COSTO,PRECIO,USUARIO_ID) VALUES(1,1080,now(),30,36,1.000000,1.000000,'root');
INSERT INTO ALMACEN_PRODUCTO(ALMACEN_ID,PRODUCTO_ID,CANTIDAD_ACTUAL,CANTIDAD_MINIMA,PRECIO_VENTA) VALUES (1,1080,36,0,1.000000);

INSERT INTO ALMACEN_PRODUCTO(ALMACEN_ID,PRODUCTO_ID,CANTIDAD_ACTUAL,CANTIDAD_MINIMA,PRECIO_VENTA) VALUES (2,1080,0,0,1.000000);

INSERT INTO ALMACEN_PRODUCTO(ALMACEN_ID,PRODUCTO_ID,CANTIDAD_ACTUAL,CANTIDAD_MINIMA,PRECIO_VENTA) VALUES (3,1080,36,0,1.000000);

INSERT INTO ALMACEN_PRODUCTO(ALMACEN_ID,PRODUCTO_ID,CANTIDAD_ACTUAL,CANTIDAD_MINIMA,PRECIO_VENTA) VALUES (4,1080,36,0,1.000000);

INSERT INTO PROVEEDOR_PRODUCTO(PROVEEDOR_ID,PRODUCTO_ID,PRECIO_COMPRA) VALUES(6,1080, 1.000000);

-- ===========PRODUCTO [1081]
INSERT INTO PRODUCTO(ID,MARCA_ID,NOMBRE,PRESENTACION,CONTENIDO,UNIDADES_POR_CAJA,COSTO,COSTO_VENTA,PRECIO_BASE,UNIDAD_MEDIDA,CODIGO_BARRAS) VALUES(1081,26,'Speed Stick Rollon','Cool Night',30,48.0,1.000000,1.000000,1.000000,'ML',7.5036508E7);

INSERT INTO MOVIMIENTO_HISTORICO_PRODUCTO (ALMACEN_ID,PRODUCTO_ID,FECHA,TIPO_MOVIMIENTO_ID,CANTIDAD,COSTO,PRECIO,USUARIO_ID) VALUES(1,1081,now(),30,46,1.000000,1.000000,'root');
INSERT INTO ALMACEN_PRODUCTO(ALMACEN_ID,PRODUCTO_ID,CANTIDAD_ACTUAL,CANTIDAD_MINIMA,PRECIO_VENTA) VALUES (1,1081,46,0,1.000000);

INSERT INTO ALMACEN_PRODUCTO(ALMACEN_ID,PRODUCTO_ID,CANTIDAD_ACTUAL,CANTIDAD_MINIMA,PRECIO_VENTA) VALUES (2,1081,0,0,1.000000);

INSERT INTO ALMACEN_PRODUCTO(ALMACEN_ID,PRODUCTO_ID,CANTIDAD_ACTUAL,CANTIDAD_MINIMA,PRECIO_VENTA) VALUES (3,1081,46,0,1.000000);

INSERT INTO ALMACEN_PRODUCTO(ALMACEN_ID,PRODUCTO_ID,CANTIDAD_ACTUAL,CANTIDAD_MINIMA,PRECIO_VENTA) VALUES (4,1081,46,0,1.000000);

INSERT INTO PROVEEDOR_PRODUCTO(PROVEEDOR_ID,PRODUCTO_ID,PRECIO_COMPRA) VALUES(6,1081, 1.000000);

-- ===========PRODUCTO [1082]
INSERT INTO PRODUCTO(ID,MARCA_ID,NOMBRE,PRESENTACION,CONTENIDO,UNIDADES_POR_CAJA,COSTO,COSTO_VENTA,PRECIO_BASE,UNIDAD_MEDIDA,CODIGO_BARRAS) VALUES(1082,69,'Axion Detergente en Pasta','Lima Limon',425,60.0,1.000000,1.000000,1.000000,'G',9.9176263982E10);

INSERT INTO MOVIMIENTO_HISTORICO_PRODUCTO (ALMACEN_ID,PRODUCTO_ID,FECHA,TIPO_MOVIMIENTO_ID,CANTIDAD,COSTO,PRECIO,USUARIO_ID) VALUES(1,1082,now(),30,24,1.000000,1.000000,'root');
INSERT INTO ALMACEN_PRODUCTO(ALMACEN_ID,PRODUCTO_ID,CANTIDAD_ACTUAL,CANTIDAD_MINIMA,PRECIO_VENTA) VALUES (1,1082,24,0,1.000000);

INSERT INTO ALMACEN_PRODUCTO(ALMACEN_ID,PRODUCTO_ID,CANTIDAD_ACTUAL,CANTIDAD_MINIMA,PRECIO_VENTA) VALUES (2,1082,0,0,1.000000);

INSERT INTO ALMACEN_PRODUCTO(ALMACEN_ID,PRODUCTO_ID,CANTIDAD_ACTUAL,CANTIDAD_MINIMA,PRECIO_VENTA) VALUES (3,1082,24,0,1.000000);

INSERT INTO ALMACEN_PRODUCTO(ALMACEN_ID,PRODUCTO_ID,CANTIDAD_ACTUAL,CANTIDAD_MINIMA,PRECIO_VENTA) VALUES (4,1082,24,0,1.000000);

INSERT INTO PROVEEDOR_PRODUCTO(PROVEEDOR_ID,PRODUCTO_ID,PRECIO_COMPRA) VALUES(6,1082, 1.000000);

-- ===========PRODUCTO [1083]
INSERT INTO PRODUCTO(ID,MARCA_ID,NOMBRE,PRESENTACION,CONTENIDO,UNIDADES_POR_CAJA,COSTO,COSTO_VENTA,PRECIO_BASE,UNIDAD_MEDIDA,CODIGO_BARRAS) VALUES(1083,82,'Fabuloso Limpiador','Fresca Lavanda',2,6.0,1.000000,1.000000,1.000000,'Lt',7.501035905344E12);

INSERT INTO MOVIMIENTO_HISTORICO_PRODUCTO (ALMACEN_ID,PRODUCTO_ID,FECHA,TIPO_MOVIMIENTO_ID,CANTIDAD,COSTO,PRECIO,USUARIO_ID) VALUES(1,1083,now(),30,6,1.000000,1.000000,'root');
INSERT INTO ALMACEN_PRODUCTO(ALMACEN_ID,PRODUCTO_ID,CANTIDAD_ACTUAL,CANTIDAD_MINIMA,PRECIO_VENTA) VALUES (1,1083,6,0,1.000000);

INSERT INTO ALMACEN_PRODUCTO(ALMACEN_ID,PRODUCTO_ID,CANTIDAD_ACTUAL,CANTIDAD_MINIMA,PRECIO_VENTA) VALUES (2,1083,0,0,1.000000);

INSERT INTO ALMACEN_PRODUCTO(ALMACEN_ID,PRODUCTO_ID,CANTIDAD_ACTUAL,CANTIDAD_MINIMA,PRECIO_VENTA) VALUES (3,1083,6,0,1.000000);

INSERT INTO ALMACEN_PRODUCTO(ALMACEN_ID,PRODUCTO_ID,CANTIDAD_ACTUAL,CANTIDAD_MINIMA,PRECIO_VENTA) VALUES (4,1083,6,0,1.000000);

INSERT INTO PROVEEDOR_PRODUCTO(PROVEEDOR_ID,PRODUCTO_ID,PRECIO_COMPRA) VALUES(6,1083, 1.000000);

-- ===========PRODUCTO [1084]
INSERT INTO PRODUCTO(ID,MARCA_ID,NOMBRE,PRESENTACION,CONTENIDO,UNIDADES_POR_CAJA,COSTO,COSTO_VENTA,PRECIO_BASE,UNIDAD_MEDIDA,CODIGO_BARRAS) VALUES(1084,82,'FABULOSO FRESCURA PROFUNDA ','FRESCA LAVANDA',1,12.0,1.000000,1.000000,1.000000,'L',7.501035910034E12);

INSERT INTO MOVIMIENTO_HISTORICO_PRODUCTO (ALMACEN_ID,PRODUCTO_ID,FECHA,TIPO_MOVIMIENTO_ID,CANTIDAD,COSTO,PRECIO,USUARIO_ID) VALUES(1,1084,now(),30,12,1.000000,1.000000,'root');
INSERT INTO ALMACEN_PRODUCTO(ALMACEN_ID,PRODUCTO_ID,CANTIDAD_ACTUAL,CANTIDAD_MINIMA,PRECIO_VENTA) VALUES (1,1084,12,0,1.000000);

INSERT INTO ALMACEN_PRODUCTO(ALMACEN_ID,PRODUCTO_ID,CANTIDAD_ACTUAL,CANTIDAD_MINIMA,PRECIO_VENTA) VALUES (2,1084,0,0,1.000000);

INSERT INTO ALMACEN_PRODUCTO(ALMACEN_ID,PRODUCTO_ID,CANTIDAD_ACTUAL,CANTIDAD_MINIMA,PRECIO_VENTA) VALUES (3,1084,12,0,1.000000);

INSERT INTO ALMACEN_PRODUCTO(ALMACEN_ID,PRODUCTO_ID,CANTIDAD_ACTUAL,CANTIDAD_MINIMA,PRECIO_VENTA) VALUES (4,1084,12,0,1.000000);

INSERT INTO PROVEEDOR_PRODUCTO(PROVEEDOR_ID,PRODUCTO_ID,PRECIO_COMPRA) VALUES(6,1084, 1.000000);

-- ===========PRODUCTO [1085]
INSERT INTO PRODUCTO(ID,MARCA_ID,NOMBRE,PRESENTACION,CONTENIDO,UNIDADES_POR_CAJA,COSTO,COSTO_VENTA,PRECIO_BASE,UNIDAD_MEDIDA,CODIGO_BARRAS) VALUES(1085,16,'Ajax Bicloro Limpiador en Polvo','Bicloro',582,24.0,1.000000,1.000000,1.000000,'g',7.501035910089E12);

INSERT INTO MOVIMIENTO_HISTORICO_PRODUCTO (ALMACEN_ID,PRODUCTO_ID,FECHA,TIPO_MOVIMIENTO_ID,CANTIDAD,COSTO,PRECIO,USUARIO_ID) VALUES(1,1085,now(),30,24,1.000000,1.000000,'root');
INSERT INTO ALMACEN_PRODUCTO(ALMACEN_ID,PRODUCTO_ID,CANTIDAD_ACTUAL,CANTIDAD_MINIMA,PRECIO_VENTA) VALUES (1,1085,24,0,1.000000);

INSERT INTO ALMACEN_PRODUCTO(ALMACEN_ID,PRODUCTO_ID,CANTIDAD_ACTUAL,CANTIDAD_MINIMA,PRECIO_VENTA) VALUES (2,1085,12,0,1.000000);

INSERT INTO ALMACEN_PRODUCTO(ALMACEN_ID,PRODUCTO_ID,CANTIDAD_ACTUAL,CANTIDAD_MINIMA,PRECIO_VENTA) VALUES (3,1085,24,0,1.000000);

INSERT INTO ALMACEN_PRODUCTO(ALMACEN_ID,PRODUCTO_ID,CANTIDAD_ACTUAL,CANTIDAD_MINIMA,PRECIO_VENTA) VALUES (4,1085,24,0,1.000000);

INSERT INTO PROVEEDOR_PRODUCTO(PROVEEDOR_ID,PRODUCTO_ID,PRECIO_COMPRA) VALUES(6,1085, 1.000000);

-- ===========PRODUCTO [1086]
INSERT INTO PRODUCTO(ID,MARCA_ID,NOMBRE,PRESENTACION,CONTENIDO,UNIDADES_POR_CAJA,COSTO,COSTO_VENTA,PRECIO_BASE,UNIDAD_MEDIDA,CODIGO_BARRAS) VALUES(1086,16,'Ajax Limpiador Liquido','Expel',1,12.0,1.000000,1.000000,1.000000,'Lt',7.509546001371E12);

INSERT INTO MOVIMIENTO_HISTORICO_PRODUCTO (ALMACEN_ID,PRODUCTO_ID,FECHA,TIPO_MOVIMIENTO_ID,CANTIDAD,COSTO,PRECIO,USUARIO_ID) VALUES(1,1086,now(),30,12,1.000000,1.000000,'root');
INSERT INTO ALMACEN_PRODUCTO(ALMACEN_ID,PRODUCTO_ID,CANTIDAD_ACTUAL,CANTIDAD_MINIMA,PRECIO_VENTA) VALUES (1,1086,12,0,1.000000);

INSERT INTO ALMACEN_PRODUCTO(ALMACEN_ID,PRODUCTO_ID,CANTIDAD_ACTUAL,CANTIDAD_MINIMA,PRECIO_VENTA) VALUES (2,1086,2,0,1.000000);

INSERT INTO ALMACEN_PRODUCTO(ALMACEN_ID,PRODUCTO_ID,CANTIDAD_ACTUAL,CANTIDAD_MINIMA,PRECIO_VENTA) VALUES (3,1086,12,0,1.000000);

INSERT INTO ALMACEN_PRODUCTO(ALMACEN_ID,PRODUCTO_ID,CANTIDAD_ACTUAL,CANTIDAD_MINIMA,PRECIO_VENTA) VALUES (4,1086,12,0,1.000000);

INSERT INTO PROVEEDOR_PRODUCTO(PROVEEDOR_ID,PRODUCTO_ID,PRECIO_COMPRA) VALUES(6,1086, 1.000000);

-- ===========PRODUCTO [1087]
INSERT INTO PRODUCTO(ID,MARCA_ID,NOMBRE,PRESENTACION,CONTENIDO,UNIDADES_POR_CAJA,COSTO,COSTO_VENTA,PRECIO_BASE,UNIDAD_MEDIDA,CODIGO_BARRAS) VALUES(1087,16,'Ajax Limpiador Liquido','Expel',2,6.0,1.000000,1.000000,1.000000,'Lt',7.509546007335E12);

INSERT INTO MOVIMIENTO_HISTORICO_PRODUCTO (ALMACEN_ID,PRODUCTO_ID,FECHA,TIPO_MOVIMIENTO_ID,CANTIDAD,COSTO,PRECIO,USUARIO_ID) VALUES(1,1087,now(),30,6,1.000000,1.000000,'root');
INSERT INTO ALMACEN_PRODUCTO(ALMACEN_ID,PRODUCTO_ID,CANTIDAD_ACTUAL,CANTIDAD_MINIMA,PRECIO_VENTA) VALUES (1,1087,6,0,1.000000);

INSERT INTO ALMACEN_PRODUCTO(ALMACEN_ID,PRODUCTO_ID,CANTIDAD_ACTUAL,CANTIDAD_MINIMA,PRECIO_VENTA) VALUES (2,1087,0,0,1.000000);

INSERT INTO ALMACEN_PRODUCTO(ALMACEN_ID,PRODUCTO_ID,CANTIDAD_ACTUAL,CANTIDAD_MINIMA,PRECIO_VENTA) VALUES (3,1087,6,0,1.000000);

INSERT INTO ALMACEN_PRODUCTO(ALMACEN_ID,PRODUCTO_ID,CANTIDAD_ACTUAL,CANTIDAD_MINIMA,PRECIO_VENTA) VALUES (4,1087,6,0,1.000000);

INSERT INTO PROVEEDOR_PRODUCTO(PROVEEDOR_ID,PRODUCTO_ID,PRECIO_COMPRA) VALUES(6,1087, 1.000000);

-- ===========PRODUCTO [1088]
INSERT INTO PRODUCTO(ID,MARCA_ID,NOMBRE,PRESENTACION,CONTENIDO,UNIDADES_POR_CAJA,COSTO,COSTO_VENTA,PRECIO_BASE,UNIDAD_MEDIDA,CODIGO_BARRAS) VALUES(1088,36,'Caprice Acondicionador','Extracto de Perla',400,12.0,1.000000,1.000000,1.000000,'ML',7.509546026527E12);

INSERT INTO MOVIMIENTO_HISTORICO_PRODUCTO (ALMACEN_ID,PRODUCTO_ID,FECHA,TIPO_MOVIMIENTO_ID,CANTIDAD,COSTO,PRECIO,USUARIO_ID) VALUES(1,1088,now(),30,11,1.000000,1.000000,'root');
INSERT INTO ALMACEN_PRODUCTO(ALMACEN_ID,PRODUCTO_ID,CANTIDAD_ACTUAL,CANTIDAD_MINIMA,PRECIO_VENTA) VALUES (1,1088,11,0,1.000000);

INSERT INTO ALMACEN_PRODUCTO(ALMACEN_ID,PRODUCTO_ID,CANTIDAD_ACTUAL,CANTIDAD_MINIMA,PRECIO_VENTA) VALUES (2,1088,0,0,1.000000);

INSERT INTO ALMACEN_PRODUCTO(ALMACEN_ID,PRODUCTO_ID,CANTIDAD_ACTUAL,CANTIDAD_MINIMA,PRECIO_VENTA) VALUES (3,1088,11,0,1.000000);

INSERT INTO ALMACEN_PRODUCTO(ALMACEN_ID,PRODUCTO_ID,CANTIDAD_ACTUAL,CANTIDAD_MINIMA,PRECIO_VENTA) VALUES (4,1088,11,0,1.000000);

INSERT INTO PROVEEDOR_PRODUCTO(PROVEEDOR_ID,PRODUCTO_ID,PRECIO_COMPRA) VALUES(6,1088, 1.000000);

-- ===========PRODUCTO [1089]
INSERT INTO PRODUCTO(ID,MARCA_ID,NOMBRE,PRESENTACION,CONTENIDO,UNIDADES_POR_CAJA,COSTO,COSTO_VENTA,PRECIO_BASE,UNIDAD_MEDIDA,CODIGO_BARRAS) VALUES(1089,36,'Caprice Acondicionador','Mamey y Silicona',400,12.0,1.000000,1.000000,1.000000,'ML',7.509546026558E12);

INSERT INTO MOVIMIENTO_HISTORICO_PRODUCTO (ALMACEN_ID,PRODUCTO_ID,FECHA,TIPO_MOVIMIENTO_ID,CANTIDAD,COSTO,PRECIO,USUARIO_ID) VALUES(1,1089,now(),30,10,1.000000,1.000000,'root');
INSERT INTO ALMACEN_PRODUCTO(ALMACEN_ID,PRODUCTO_ID,CANTIDAD_ACTUAL,CANTIDAD_MINIMA,PRECIO_VENTA) VALUES (1,1089,10,0,1.000000);

INSERT INTO ALMACEN_PRODUCTO(ALMACEN_ID,PRODUCTO_ID,CANTIDAD_ACTUAL,CANTIDAD_MINIMA,PRECIO_VENTA) VALUES (2,1089,0,0,1.000000);

INSERT INTO ALMACEN_PRODUCTO(ALMACEN_ID,PRODUCTO_ID,CANTIDAD_ACTUAL,CANTIDAD_MINIMA,PRECIO_VENTA) VALUES (3,1089,10,0,1.000000);

INSERT INTO ALMACEN_PRODUCTO(ALMACEN_ID,PRODUCTO_ID,CANTIDAD_ACTUAL,CANTIDAD_MINIMA,PRECIO_VENTA) VALUES (4,1089,10,0,1.000000);

INSERT INTO PROVEEDOR_PRODUCTO(PROVEEDOR_ID,PRODUCTO_ID,PRECIO_COMPRA) VALUES(6,1089, 1.000000);

-- ===========PRODUCTO [1090]
INSERT INTO PRODUCTO(ID,MARCA_ID,NOMBRE,PRESENTACION,CONTENIDO,UNIDADES_POR_CAJA,COSTO,COSTO_VENTA,PRECIO_BASE,UNIDAD_MEDIDA,CODIGO_BARRAS) VALUES(1090,36,'Caprice Shampoo','Extracto de Perla',800,12.0,1.000000,1.000000,1.000000,'ML',7.509546026763E12);

INSERT INTO MOVIMIENTO_HISTORICO_PRODUCTO (ALMACEN_ID,PRODUCTO_ID,FECHA,TIPO_MOVIMIENTO_ID,CANTIDAD,COSTO,PRECIO,USUARIO_ID) VALUES(1,1090,now(),30,12,1.000000,1.000000,'root');
INSERT INTO ALMACEN_PRODUCTO(ALMACEN_ID,PRODUCTO_ID,CANTIDAD_ACTUAL,CANTIDAD_MINIMA,PRECIO_VENTA) VALUES (1,1090,12,0,1.000000);

INSERT INTO ALMACEN_PRODUCTO(ALMACEN_ID,PRODUCTO_ID,CANTIDAD_ACTUAL,CANTIDAD_MINIMA,PRECIO_VENTA) VALUES (2,1090,0,0,1.000000);

INSERT INTO ALMACEN_PRODUCTO(ALMACEN_ID,PRODUCTO_ID,CANTIDAD_ACTUAL,CANTIDAD_MINIMA,PRECIO_VENTA) VALUES (3,1090,12,0,1.000000);

INSERT INTO ALMACEN_PRODUCTO(ALMACEN_ID,PRODUCTO_ID,CANTIDAD_ACTUAL,CANTIDAD_MINIMA,PRECIO_VENTA) VALUES (4,1090,12,0,1.000000);

INSERT INTO PROVEEDOR_PRODUCTO(PROVEEDOR_ID,PRODUCTO_ID,PRECIO_COMPRA) VALUES(6,1090, 1.000000);

-- ===========PRODUCTO [1091]
INSERT INTO PRODUCTO(ID,MARCA_ID,NOMBRE,PRESENTACION,CONTENIDO,UNIDADES_POR_CAJA,COSTO,COSTO_VENTA,PRECIO_BASE,UNIDAD_MEDIDA,CODIGO_BARRAS) VALUES(1091,36,'Caprice Shampoo','Mango Tentacion',800,12.0,1.000000,1.000000,1.000000,'ML',7.509546026787E12);

INSERT INTO MOVIMIENTO_HISTORICO_PRODUCTO (ALMACEN_ID,PRODUCTO_ID,FECHA,TIPO_MOVIMIENTO_ID,CANTIDAD,COSTO,PRECIO,USUARIO_ID) VALUES(1,1091,now(),30,12,1.000000,1.000000,'root');
INSERT INTO ALMACEN_PRODUCTO(ALMACEN_ID,PRODUCTO_ID,CANTIDAD_ACTUAL,CANTIDAD_MINIMA,PRECIO_VENTA) VALUES (1,1091,12,0,1.000000);

INSERT INTO ALMACEN_PRODUCTO(ALMACEN_ID,PRODUCTO_ID,CANTIDAD_ACTUAL,CANTIDAD_MINIMA,PRECIO_VENTA) VALUES (2,1091,0,0,1.000000);

INSERT INTO ALMACEN_PRODUCTO(ALMACEN_ID,PRODUCTO_ID,CANTIDAD_ACTUAL,CANTIDAD_MINIMA,PRECIO_VENTA) VALUES (3,1091,12,0,1.000000);

INSERT INTO ALMACEN_PRODUCTO(ALMACEN_ID,PRODUCTO_ID,CANTIDAD_ACTUAL,CANTIDAD_MINIMA,PRECIO_VENTA) VALUES (4,1091,12,0,1.000000);

INSERT INTO PROVEEDOR_PRODUCTO(PROVEEDOR_ID,PRODUCTO_ID,PRECIO_COMPRA) VALUES(6,1091, 1.000000);

-- ===========PRODUCTO [1092]
INSERT INTO PRODUCTO(ID,MARCA_ID,NOMBRE,PRESENTACION,CONTENIDO,UNIDADES_POR_CAJA,COSTO,COSTO_VENTA,PRECIO_BASE,UNIDAD_MEDIDA,CODIGO_BARRAS) VALUES(1092,36,'Caprice Shampoo','Acti Ceramidas',800,12.0,1.000000,1.000000,1.000000,'ML',7.509546026879E12);

INSERT INTO MOVIMIENTO_HISTORICO_PRODUCTO (ALMACEN_ID,PRODUCTO_ID,FECHA,TIPO_MOVIMIENTO_ID,CANTIDAD,COSTO,PRECIO,USUARIO_ID) VALUES(1,1092,now(),30,12,1.000000,1.000000,'root');
INSERT INTO ALMACEN_PRODUCTO(ALMACEN_ID,PRODUCTO_ID,CANTIDAD_ACTUAL,CANTIDAD_MINIMA,PRECIO_VENTA) VALUES (1,1092,12,0,1.000000);

INSERT INTO ALMACEN_PRODUCTO(ALMACEN_ID,PRODUCTO_ID,CANTIDAD_ACTUAL,CANTIDAD_MINIMA,PRECIO_VENTA) VALUES (2,1092,0,0,1.000000);

INSERT INTO ALMACEN_PRODUCTO(ALMACEN_ID,PRODUCTO_ID,CANTIDAD_ACTUAL,CANTIDAD_MINIMA,PRECIO_VENTA) VALUES (3,1092,12,0,1.000000);

INSERT INTO ALMACEN_PRODUCTO(ALMACEN_ID,PRODUCTO_ID,CANTIDAD_ACTUAL,CANTIDAD_MINIMA,PRECIO_VENTA) VALUES (4,1092,12,0,1.000000);

INSERT INTO PROVEEDOR_PRODUCTO(PROVEEDOR_ID,PRODUCTO_ID,PRECIO_COMPRA) VALUES(6,1092, 1.000000);

-- ===========PRODUCTO [1093]
INSERT INTO PRODUCTO(ID,MARCA_ID,NOMBRE,PRESENTACION,CONTENIDO,UNIDADES_POR_CAJA,COSTO,COSTO_VENTA,PRECIO_BASE,UNIDAD_MEDIDA,CODIGO_BARRAS) VALUES(1093,36,'Caprice Shampoo','Extracto de Frutas',800,12.0,1.000000,1.000000,1.000000,'ML',7.509546026985E12);

INSERT INTO MOVIMIENTO_HISTORICO_PRODUCTO (ALMACEN_ID,PRODUCTO_ID,FECHA,TIPO_MOVIMIENTO_ID,CANTIDAD,COSTO,PRECIO,USUARIO_ID) VALUES(1,1093,now(),30,12,1.000000,1.000000,'root');
INSERT INTO ALMACEN_PRODUCTO(ALMACEN_ID,PRODUCTO_ID,CANTIDAD_ACTUAL,CANTIDAD_MINIMA,PRECIO_VENTA) VALUES (1,1093,12,0,1.000000);

INSERT INTO ALMACEN_PRODUCTO(ALMACEN_ID,PRODUCTO_ID,CANTIDAD_ACTUAL,CANTIDAD_MINIMA,PRECIO_VENTA) VALUES (2,1093,0,0,1.000000);

INSERT INTO ALMACEN_PRODUCTO(ALMACEN_ID,PRODUCTO_ID,CANTIDAD_ACTUAL,CANTIDAD_MINIMA,PRECIO_VENTA) VALUES (3,1093,12,0,1.000000);

INSERT INTO ALMACEN_PRODUCTO(ALMACEN_ID,PRODUCTO_ID,CANTIDAD_ACTUAL,CANTIDAD_MINIMA,PRECIO_VENTA) VALUES (4,1093,12,0,1.000000);

INSERT INTO PROVEEDOR_PRODUCTO(PROVEEDOR_ID,PRODUCTO_ID,PRECIO_COMPRA) VALUES(6,1093, 1.000000);

-- ===========PRODUCTO [1094]
INSERT INTO PRODUCTO(ID,MARCA_ID,NOMBRE,PRESENTACION,CONTENIDO,UNIDADES_POR_CAJA,COSTO,COSTO_VENTA,PRECIO_BASE,UNIDAD_MEDIDA,CODIGO_BARRAS) VALUES(1094,82,'Fabuloso Limpiador','Pasion de Frutas',2000,6.0,1.000000,1.000000,1.000000,'ML',7.509546028378E12);

INSERT INTO MOVIMIENTO_HISTORICO_PRODUCTO (ALMACEN_ID,PRODUCTO_ID,FECHA,TIPO_MOVIMIENTO_ID,CANTIDAD,COSTO,PRECIO,USUARIO_ID) VALUES(1,1094,now(),30,6,1.000000,1.000000,'root');
INSERT INTO ALMACEN_PRODUCTO(ALMACEN_ID,PRODUCTO_ID,CANTIDAD_ACTUAL,CANTIDAD_MINIMA,PRECIO_VENTA) VALUES (1,1094,6,0,1.000000);

INSERT INTO ALMACEN_PRODUCTO(ALMACEN_ID,PRODUCTO_ID,CANTIDAD_ACTUAL,CANTIDAD_MINIMA,PRECIO_VENTA) VALUES (2,1094,0,0,1.000000);

INSERT INTO ALMACEN_PRODUCTO(ALMACEN_ID,PRODUCTO_ID,CANTIDAD_ACTUAL,CANTIDAD_MINIMA,PRECIO_VENTA) VALUES (3,1094,6,0,1.000000);

INSERT INTO ALMACEN_PRODUCTO(ALMACEN_ID,PRODUCTO_ID,CANTIDAD_ACTUAL,CANTIDAD_MINIMA,PRECIO_VENTA) VALUES (4,1094,6,0,1.000000);

INSERT INTO PROVEEDOR_PRODUCTO(PROVEEDOR_ID,PRODUCTO_ID,PRECIO_COMPRA) VALUES(6,1094, 1.000000);

-- ===========PRODUCTO [1095]
INSERT INTO PRODUCTO(ID,MARCA_ID,NOMBRE,PRESENTACION,CONTENIDO,UNIDADES_POR_CAJA,COSTO,COSTO_VENTA,PRECIO_BASE,UNIDAD_MEDIDA,CODIGO_BARRAS) VALUES(1095,82,'Fabuloso Limpiador','Oxy Fresco',828,12.0,1.000000,1.000000,1.000000,'ML',7.509546032634E12);

INSERT INTO MOVIMIENTO_HISTORICO_PRODUCTO (ALMACEN_ID,PRODUCTO_ID,FECHA,TIPO_MOVIMIENTO_ID,CANTIDAD,COSTO,PRECIO,USUARIO_ID) VALUES(1,1095,now(),30,12,1.000000,1.000000,'root');
INSERT INTO ALMACEN_PRODUCTO(ALMACEN_ID,PRODUCTO_ID,CANTIDAD_ACTUAL,CANTIDAD_MINIMA,PRECIO_VENTA) VALUES (1,1095,12,0,1.000000);

INSERT INTO ALMACEN_PRODUCTO(ALMACEN_ID,PRODUCTO_ID,CANTIDAD_ACTUAL,CANTIDAD_MINIMA,PRECIO_VENTA) VALUES (2,1095,0,0,1.000000);

INSERT INTO ALMACEN_PRODUCTO(ALMACEN_ID,PRODUCTO_ID,CANTIDAD_ACTUAL,CANTIDAD_MINIMA,PRECIO_VENTA) VALUES (3,1095,12,0,1.000000);

INSERT INTO ALMACEN_PRODUCTO(ALMACEN_ID,PRODUCTO_ID,CANTIDAD_ACTUAL,CANTIDAD_MINIMA,PRECIO_VENTA) VALUES (4,1095,12,0,1.000000);

INSERT INTO PROVEEDOR_PRODUCTO(PROVEEDOR_ID,PRODUCTO_ID,PRECIO_COMPRA) VALUES(6,1095, 1.000000);

-- ===========PRODUCTO [1096]
INSERT INTO PRODUCTO(ID,MARCA_ID,NOMBRE,PRESENTACION,CONTENIDO,UNIDADES_POR_CAJA,COSTO,COSTO_VENTA,PRECIO_BASE,UNIDAD_MEDIDA,CODIGO_BARRAS) VALUES(1096,36,'Caprice Shampoo','Citricos y Zing',800,12.0,1.000000,1.000000,1.000000,'ML',7.509546036045E12);

INSERT INTO MOVIMIENTO_HISTORICO_PRODUCTO (ALMACEN_ID,PRODUCTO_ID,FECHA,TIPO_MOVIMIENTO_ID,CANTIDAD,COSTO,PRECIO,USUARIO_ID) VALUES(1,1096,now(),30,11,1.000000,1.000000,'root');
INSERT INTO ALMACEN_PRODUCTO(ALMACEN_ID,PRODUCTO_ID,CANTIDAD_ACTUAL,CANTIDAD_MINIMA,PRECIO_VENTA) VALUES (1,1096,11,0,1.000000);

INSERT INTO ALMACEN_PRODUCTO(ALMACEN_ID,PRODUCTO_ID,CANTIDAD_ACTUAL,CANTIDAD_MINIMA,PRECIO_VENTA) VALUES (2,1096,0,0,1.000000);

INSERT INTO ALMACEN_PRODUCTO(ALMACEN_ID,PRODUCTO_ID,CANTIDAD_ACTUAL,CANTIDAD_MINIMA,PRECIO_VENTA) VALUES (3,1096,11,0,1.000000);

INSERT INTO ALMACEN_PRODUCTO(ALMACEN_ID,PRODUCTO_ID,CANTIDAD_ACTUAL,CANTIDAD_MINIMA,PRECIO_VENTA) VALUES (4,1096,11,0,1.000000);

INSERT INTO PROVEEDOR_PRODUCTO(PROVEEDOR_ID,PRODUCTO_ID,PRECIO_COMPRA) VALUES(6,1096, 1.000000);

-- ===========PRODUCTO [1097]
INSERT INTO PRODUCTO(ID,MARCA_ID,NOMBRE,PRESENTACION,CONTENIDO,UNIDADES_POR_CAJA,COSTO,COSTO_VENTA,PRECIO_BASE,UNIDAD_MEDIDA,CODIGO_BARRAS) VALUES(1097,82,'Fabuloso Limpiador','Oxy Lavanda',828,12.0,1.000000,1.000000,1.000000,'ML',7.509546041803E12);

INSERT INTO MOVIMIENTO_HISTORICO_PRODUCTO (ALMACEN_ID,PRODUCTO_ID,FECHA,TIPO_MOVIMIENTO_ID,CANTIDAD,COSTO,PRECIO,USUARIO_ID) VALUES(1,1097,now(),30,12,1.000000,1.000000,'root');
INSERT INTO ALMACEN_PRODUCTO(ALMACEN_ID,PRODUCTO_ID,CANTIDAD_ACTUAL,CANTIDAD_MINIMA,PRECIO_VENTA) VALUES (1,1097,12,0,1.000000);

INSERT INTO ALMACEN_PRODUCTO(ALMACEN_ID,PRODUCTO_ID,CANTIDAD_ACTUAL,CANTIDAD_MINIMA,PRECIO_VENTA) VALUES (2,1097,0,0,1.000000);

INSERT INTO ALMACEN_PRODUCTO(ALMACEN_ID,PRODUCTO_ID,CANTIDAD_ACTUAL,CANTIDAD_MINIMA,PRECIO_VENTA) VALUES (3,1097,12,0,1.000000);

INSERT INTO ALMACEN_PRODUCTO(ALMACEN_ID,PRODUCTO_ID,CANTIDAD_ACTUAL,CANTIDAD_MINIMA,PRECIO_VENTA) VALUES (4,1097,12,0,1.000000);

INSERT INTO PROVEEDOR_PRODUCTO(PROVEEDOR_ID,PRODUCTO_ID,PRECIO_COMPRA) VALUES(6,1097, 1.000000);

-- ===========PRODUCTO [1098]
INSERT INTO PRODUCTO(ID,MARCA_ID,NOMBRE,PRESENTACION,CONTENIDO,UNIDADES_POR_CAJA,COSTO,COSTO_VENTA,PRECIO_BASE,UNIDAD_MEDIDA,CODIGO_BARRAS) VALUES(1098,36,'Caprice Shampoo','Acti Ceramidas',1,12.0,1.000000,1.000000,1.000000,'Lt',7.509546042312E12);

INSERT INTO MOVIMIENTO_HISTORICO_PRODUCTO (ALMACEN_ID,PRODUCTO_ID,FECHA,TIPO_MOVIMIENTO_ID,CANTIDAD,COSTO,PRECIO,USUARIO_ID) VALUES(1,1098,now(),30,11,1.000000,1.000000,'root');
INSERT INTO ALMACEN_PRODUCTO(ALMACEN_ID,PRODUCTO_ID,CANTIDAD_ACTUAL,CANTIDAD_MINIMA,PRECIO_VENTA) VALUES (1,1098,11,0,1.000000);

INSERT INTO ALMACEN_PRODUCTO(ALMACEN_ID,PRODUCTO_ID,CANTIDAD_ACTUAL,CANTIDAD_MINIMA,PRECIO_VENTA) VALUES (2,1098,0,0,1.000000);

INSERT INTO ALMACEN_PRODUCTO(ALMACEN_ID,PRODUCTO_ID,CANTIDAD_ACTUAL,CANTIDAD_MINIMA,PRECIO_VENTA) VALUES (3,1098,11,0,1.000000);

INSERT INTO ALMACEN_PRODUCTO(ALMACEN_ID,PRODUCTO_ID,CANTIDAD_ACTUAL,CANTIDAD_MINIMA,PRECIO_VENTA) VALUES (4,1098,11,0,1.000000);

INSERT INTO PROVEEDOR_PRODUCTO(PROVEEDOR_ID,PRODUCTO_ID,PRECIO_COMPRA) VALUES(6,1098, 1.000000);

-- ===========PRODUCTO [1099]
INSERT INTO PRODUCTO(ID,MARCA_ID,NOMBRE,PRESENTACION,CONTENIDO,UNIDADES_POR_CAJA,COSTO,COSTO_VENTA,PRECIO_BASE,UNIDAD_MEDIDA,CODIGO_BARRAS) VALUES(1099,36,'Caprice Shampoo','Complejo Proteinas',800,12.0,1.000000,1.000000,1.000000,'ML',7.509546043159E12);

INSERT INTO MOVIMIENTO_HISTORICO_PRODUCTO (ALMACEN_ID,PRODUCTO_ID,FECHA,TIPO_MOVIMIENTO_ID,CANTIDAD,COSTO,PRECIO,USUARIO_ID) VALUES(1,1099,now(),30,11,1.000000,1.000000,'root');
INSERT INTO ALMACEN_PRODUCTO(ALMACEN_ID,PRODUCTO_ID,CANTIDAD_ACTUAL,CANTIDAD_MINIMA,PRECIO_VENTA) VALUES (1,1099,11,0,1.000000);

INSERT INTO ALMACEN_PRODUCTO(ALMACEN_ID,PRODUCTO_ID,CANTIDAD_ACTUAL,CANTIDAD_MINIMA,PRECIO_VENTA) VALUES (2,1099,0,0,1.000000);

INSERT INTO ALMACEN_PRODUCTO(ALMACEN_ID,PRODUCTO_ID,CANTIDAD_ACTUAL,CANTIDAD_MINIMA,PRECIO_VENTA) VALUES (3,1099,11,0,1.000000);

INSERT INTO ALMACEN_PRODUCTO(ALMACEN_ID,PRODUCTO_ID,CANTIDAD_ACTUAL,CANTIDAD_MINIMA,PRECIO_VENTA) VALUES (4,1099,11,0,1.000000);

INSERT INTO PROVEEDOR_PRODUCTO(PROVEEDOR_ID,PRODUCTO_ID,PRECIO_COMPRA) VALUES(6,1099, 1.000000);

-- ===========PRODUCTO [1100]
INSERT INTO PRODUCTO(ID,MARCA_ID,NOMBRE,PRESENTACION,CONTENIDO,UNIDADES_POR_CAJA,COSTO,COSTO_VENTA,PRECIO_BASE,UNIDAD_MEDIDA,CODIGO_BARRAS) VALUES(1100,68,'Suavitel Liquido','Baby',1,8.0,1.000000,1.000000,1.000000,'Lt',7.509546043586E12);

INSERT INTO MOVIMIENTO_HISTORICO_PRODUCTO (ALMACEN_ID,PRODUCTO_ID,FECHA,TIPO_MOVIMIENTO_ID,CANTIDAD,COSTO,PRECIO,USUARIO_ID) VALUES(1,1100,now(),30,8,1.000000,1.000000,'root');
INSERT INTO ALMACEN_PRODUCTO(ALMACEN_ID,PRODUCTO_ID,CANTIDAD_ACTUAL,CANTIDAD_MINIMA,PRECIO_VENTA) VALUES (1,1100,8,0,1.000000);

INSERT INTO ALMACEN_PRODUCTO(ALMACEN_ID,PRODUCTO_ID,CANTIDAD_ACTUAL,CANTIDAD_MINIMA,PRECIO_VENTA) VALUES (2,1100,2,0,1.000000);

INSERT INTO ALMACEN_PRODUCTO(ALMACEN_ID,PRODUCTO_ID,CANTIDAD_ACTUAL,CANTIDAD_MINIMA,PRECIO_VENTA) VALUES (3,1100,8,0,1.000000);

INSERT INTO ALMACEN_PRODUCTO(ALMACEN_ID,PRODUCTO_ID,CANTIDAD_ACTUAL,CANTIDAD_MINIMA,PRECIO_VENTA) VALUES (4,1100,8,0,1.000000);

INSERT INTO PROVEEDOR_PRODUCTO(PROVEEDOR_ID,PRODUCTO_ID,PRECIO_COMPRA) VALUES(6,1100, 1.000000);

-- ===========PRODUCTO [1101]
INSERT INTO PRODUCTO(ID,MARCA_ID,NOMBRE,PRESENTACION,CONTENIDO,UNIDADES_POR_CAJA,COSTO,COSTO_VENTA,PRECIO_BASE,UNIDAD_MEDIDA,CODIGO_BARRAS) VALUES(1101,82,'Fabuloso Limpiador','Fresca Menta',1,12.0,1.000000,1.000000,1.000000,'Lt',7.509546044903E12);

INSERT INTO MOVIMIENTO_HISTORICO_PRODUCTO (ALMACEN_ID,PRODUCTO_ID,FECHA,TIPO_MOVIMIENTO_ID,CANTIDAD,COSTO,PRECIO,USUARIO_ID) VALUES(1,1101,now(),30,12,1.000000,1.000000,'root');
INSERT INTO ALMACEN_PRODUCTO(ALMACEN_ID,PRODUCTO_ID,CANTIDAD_ACTUAL,CANTIDAD_MINIMA,PRECIO_VENTA) VALUES (1,1101,12,0,1.000000);

INSERT INTO ALMACEN_PRODUCTO(ALMACEN_ID,PRODUCTO_ID,CANTIDAD_ACTUAL,CANTIDAD_MINIMA,PRECIO_VENTA) VALUES (2,1101,0,0,1.000000);

INSERT INTO ALMACEN_PRODUCTO(ALMACEN_ID,PRODUCTO_ID,CANTIDAD_ACTUAL,CANTIDAD_MINIMA,PRECIO_VENTA) VALUES (3,1101,12,0,1.000000);

INSERT INTO ALMACEN_PRODUCTO(ALMACEN_ID,PRODUCTO_ID,CANTIDAD_ACTUAL,CANTIDAD_MINIMA,PRECIO_VENTA) VALUES (4,1101,12,0,1.000000);

INSERT INTO PROVEEDOR_PRODUCTO(PROVEEDOR_ID,PRODUCTO_ID,PRECIO_COMPRA) VALUES(6,1101, 1.000000);

-- ===========PRODUCTO [1102]
INSERT INTO PRODUCTO(ID,MARCA_ID,NOMBRE,PRESENTACION,CONTENIDO,UNIDADES_POR_CAJA,COSTO,COSTO_VENTA,PRECIO_BASE,UNIDAD_MEDIDA,CODIGO_BARRAS) VALUES(1102,36,'Caprice Shampoo','Nectar de Miel',800,12.0,1.000000,1.000000,1.000000,'ML',7.509546045139E12);

INSERT INTO MOVIMIENTO_HISTORICO_PRODUCTO (ALMACEN_ID,PRODUCTO_ID,FECHA,TIPO_MOVIMIENTO_ID,CANTIDAD,COSTO,PRECIO,USUARIO_ID) VALUES(1,1102,now(),30,12,1.000000,1.000000,'root');
INSERT INTO ALMACEN_PRODUCTO(ALMACEN_ID,PRODUCTO_ID,CANTIDAD_ACTUAL,CANTIDAD_MINIMA,PRECIO_VENTA) VALUES (1,1102,12,0,1.000000);

INSERT INTO ALMACEN_PRODUCTO(ALMACEN_ID,PRODUCTO_ID,CANTIDAD_ACTUAL,CANTIDAD_MINIMA,PRECIO_VENTA) VALUES (2,1102,0,0,1.000000);

INSERT INTO ALMACEN_PRODUCTO(ALMACEN_ID,PRODUCTO_ID,CANTIDAD_ACTUAL,CANTIDAD_MINIMA,PRECIO_VENTA) VALUES (3,1102,12,0,1.000000);

INSERT INTO ALMACEN_PRODUCTO(ALMACEN_ID,PRODUCTO_ID,CANTIDAD_ACTUAL,CANTIDAD_MINIMA,PRECIO_VENTA) VALUES (4,1102,12,0,1.000000);

INSERT INTO PROVEEDOR_PRODUCTO(PROVEEDOR_ID,PRODUCTO_ID,PRECIO_COMPRA) VALUES(6,1102, 1.000000);

-- ===========PRODUCTO [1103]
INSERT INTO PRODUCTO(ID,MARCA_ID,NOMBRE,PRESENTACION,CONTENIDO,UNIDADES_POR_CAJA,COSTO,COSTO_VENTA,PRECIO_BASE,UNIDAD_MEDIDA,CODIGO_BARRAS) VALUES(1103,36,'Caprice Shampoo','Granada + Filtro UV',800,12.0,1.000000,1.000000,1.000000,'ML',7.509546045801E12);

INSERT INTO MOVIMIENTO_HISTORICO_PRODUCTO (ALMACEN_ID,PRODUCTO_ID,FECHA,TIPO_MOVIMIENTO_ID,CANTIDAD,COSTO,PRECIO,USUARIO_ID) VALUES(1,1103,now(),30,12,1.000000,1.000000,'root');
INSERT INTO ALMACEN_PRODUCTO(ALMACEN_ID,PRODUCTO_ID,CANTIDAD_ACTUAL,CANTIDAD_MINIMA,PRECIO_VENTA) VALUES (1,1103,12,0,1.000000);

INSERT INTO ALMACEN_PRODUCTO(ALMACEN_ID,PRODUCTO_ID,CANTIDAD_ACTUAL,CANTIDAD_MINIMA,PRECIO_VENTA) VALUES (2,1103,0,0,1.000000);

INSERT INTO ALMACEN_PRODUCTO(ALMACEN_ID,PRODUCTO_ID,CANTIDAD_ACTUAL,CANTIDAD_MINIMA,PRECIO_VENTA) VALUES (3,1103,12,0,1.000000);

INSERT INTO ALMACEN_PRODUCTO(ALMACEN_ID,PRODUCTO_ID,CANTIDAD_ACTUAL,CANTIDAD_MINIMA,PRECIO_VENTA) VALUES (4,1103,12,0,1.000000);

INSERT INTO PROVEEDOR_PRODUCTO(PROVEEDOR_ID,PRODUCTO_ID,PRECIO_COMPRA) VALUES(6,1103, 1.000000);

-- ===========PRODUCTO [1104]
INSERT INTO PRODUCTO(ID,MARCA_ID,NOMBRE,PRESENTACION,CONTENIDO,UNIDADES_POR_CAJA,COSTO,COSTO_VENTA,PRECIO_BASE,UNIDAD_MEDIDA,CODIGO_BARRAS) VALUES(1104,69,'Axion Liquido','Oxy Plus',750,12.0,1.000000,1.000000,1.000000,'ML',7.509546048123E12);

INSERT INTO MOVIMIENTO_HISTORICO_PRODUCTO (ALMACEN_ID,PRODUCTO_ID,FECHA,TIPO_MOVIMIENTO_ID,CANTIDAD,COSTO,PRECIO,USUARIO_ID) VALUES(1,1104,now(),30,11,1.000000,1.000000,'root');
INSERT INTO ALMACEN_PRODUCTO(ALMACEN_ID,PRODUCTO_ID,CANTIDAD_ACTUAL,CANTIDAD_MINIMA,PRECIO_VENTA) VALUES (1,1104,11,0,1.000000);

INSERT INTO ALMACEN_PRODUCTO(ALMACEN_ID,PRODUCTO_ID,CANTIDAD_ACTUAL,CANTIDAD_MINIMA,PRECIO_VENTA) VALUES (2,1104,0,0,1.000000);

INSERT INTO ALMACEN_PRODUCTO(ALMACEN_ID,PRODUCTO_ID,CANTIDAD_ACTUAL,CANTIDAD_MINIMA,PRECIO_VENTA) VALUES (3,1104,11,0,1.000000);

INSERT INTO ALMACEN_PRODUCTO(ALMACEN_ID,PRODUCTO_ID,CANTIDAD_ACTUAL,CANTIDAD_MINIMA,PRECIO_VENTA) VALUES (4,1104,11,0,1.000000);

INSERT INTO PROVEEDOR_PRODUCTO(PROVEEDOR_ID,PRODUCTO_ID,PRECIO_COMPRA) VALUES(6,1104, 1.000000);

-- ===========PRODUCTO [1105]
INSERT INTO PRODUCTO(ID,MARCA_ID,NOMBRE,PRESENTACION,CONTENIDO,UNIDADES_POR_CAJA,COSTO,COSTO_VENTA,PRECIO_BASE,UNIDAD_MEDIDA,CODIGO_BARRAS) VALUES(1105,35,'Colgate Cepillo Dental','zigzag Antibacterial',1,12.0,1.000000,1.000000,1.000000,'PZ',7.509546048475E12);

INSERT INTO MOVIMIENTO_HISTORICO_PRODUCTO (ALMACEN_ID,PRODUCTO_ID,FECHA,TIPO_MOVIMIENTO_ID,CANTIDAD,COSTO,PRECIO,USUARIO_ID) VALUES(1,1105,now(),30,11,1.000000,1.000000,'root');
INSERT INTO ALMACEN_PRODUCTO(ALMACEN_ID,PRODUCTO_ID,CANTIDAD_ACTUAL,CANTIDAD_MINIMA,PRECIO_VENTA) VALUES (1,1105,11,0,1.000000);

INSERT INTO ALMACEN_PRODUCTO(ALMACEN_ID,PRODUCTO_ID,CANTIDAD_ACTUAL,CANTIDAD_MINIMA,PRECIO_VENTA) VALUES (2,1105,0,0,1.000000);

INSERT INTO ALMACEN_PRODUCTO(ALMACEN_ID,PRODUCTO_ID,CANTIDAD_ACTUAL,CANTIDAD_MINIMA,PRECIO_VENTA) VALUES (3,1105,11,0,1.000000);

INSERT INTO ALMACEN_PRODUCTO(ALMACEN_ID,PRODUCTO_ID,CANTIDAD_ACTUAL,CANTIDAD_MINIMA,PRECIO_VENTA) VALUES (4,1105,11,0,1.000000);

INSERT INTO PROVEEDOR_PRODUCTO(PROVEEDOR_ID,PRODUCTO_ID,PRECIO_COMPRA) VALUES(6,1105, 1.000000);

-- ===========PRODUCTO [1106]
INSERT INTO PRODUCTO(ID,MARCA_ID,NOMBRE,PRESENTACION,CONTENIDO,UNIDADES_POR_CAJA,COSTO,COSTO_VENTA,PRECIO_BASE,UNIDAD_MEDIDA,CODIGO_BARRAS) VALUES(1106,68,'Suavitel','Fresco Aroma de Sol',1,12.0,1.000000,1.000000,1.000000,'Lt',7.509546049083E12);

INSERT INTO MOVIMIENTO_HISTORICO_PRODUCTO (ALMACEN_ID,PRODUCTO_ID,FECHA,TIPO_MOVIMIENTO_ID,CANTIDAD,COSTO,PRECIO,USUARIO_ID) VALUES(1,1106,now(),30,12,1.000000,1.000000,'root');
INSERT INTO ALMACEN_PRODUCTO(ALMACEN_ID,PRODUCTO_ID,CANTIDAD_ACTUAL,CANTIDAD_MINIMA,PRECIO_VENTA) VALUES (1,1106,12,0,1.000000);

INSERT INTO ALMACEN_PRODUCTO(ALMACEN_ID,PRODUCTO_ID,CANTIDAD_ACTUAL,CANTIDAD_MINIMA,PRECIO_VENTA) VALUES (2,1106,0,0,1.000000);

INSERT INTO ALMACEN_PRODUCTO(ALMACEN_ID,PRODUCTO_ID,CANTIDAD_ACTUAL,CANTIDAD_MINIMA,PRECIO_VENTA) VALUES (3,1106,12,0,1.000000);

INSERT INTO ALMACEN_PRODUCTO(ALMACEN_ID,PRODUCTO_ID,CANTIDAD_ACTUAL,CANTIDAD_MINIMA,PRECIO_VENTA) VALUES (4,1106,12,0,1.000000);

INSERT INTO PROVEEDOR_PRODUCTO(PROVEEDOR_ID,PRODUCTO_ID,PRECIO_COMPRA) VALUES(6,1106, 1.000000);

-- ===========PRODUCTO [1107]
INSERT INTO PRODUCTO(ID,MARCA_ID,NOMBRE,PRESENTACION,CONTENIDO,UNIDADES_POR_CAJA,COSTO,COSTO_VENTA,PRECIO_BASE,UNIDAD_MEDIDA,CODIGO_BARRAS) VALUES(1107,36,'Caprice Shampoo','Nectar de Miel',1,12.0,1.000000,1.000000,1.000000,'Lt',7.509546049519E12);

INSERT INTO MOVIMIENTO_HISTORICO_PRODUCTO (ALMACEN_ID,PRODUCTO_ID,FECHA,TIPO_MOVIMIENTO_ID,CANTIDAD,COSTO,PRECIO,USUARIO_ID) VALUES(1,1107,now(),30,11,1.000000,1.000000,'root');
INSERT INTO ALMACEN_PRODUCTO(ALMACEN_ID,PRODUCTO_ID,CANTIDAD_ACTUAL,CANTIDAD_MINIMA,PRECIO_VENTA) VALUES (1,1107,11,0,1.000000);

INSERT INTO ALMACEN_PRODUCTO(ALMACEN_ID,PRODUCTO_ID,CANTIDAD_ACTUAL,CANTIDAD_MINIMA,PRECIO_VENTA) VALUES (2,1107,0,0,1.000000);

INSERT INTO ALMACEN_PRODUCTO(ALMACEN_ID,PRODUCTO_ID,CANTIDAD_ACTUAL,CANTIDAD_MINIMA,PRECIO_VENTA) VALUES (3,1107,11,0,1.000000);

INSERT INTO ALMACEN_PRODUCTO(ALMACEN_ID,PRODUCTO_ID,CANTIDAD_ACTUAL,CANTIDAD_MINIMA,PRECIO_VENTA) VALUES (4,1107,11,0,1.000000);

INSERT INTO PROVEEDOR_PRODUCTO(PROVEEDOR_ID,PRODUCTO_ID,PRECIO_COMPRA) VALUES(6,1107, 1.000000);

-- ===========PRODUCTO [1108]
INSERT INTO PRODUCTO(ID,MARCA_ID,NOMBRE,PRESENTACION,CONTENIDO,UNIDADES_POR_CAJA,COSTO,COSTO_VENTA,PRECIO_BASE,UNIDAD_MEDIDA,CODIGO_BARRAS) VALUES(1108,68,'Suavitel Liquido','Anochecer',1,8.0,1.000000,1.000000,1.000000,'Lt',7.509546050126E12);

INSERT INTO MOVIMIENTO_HISTORICO_PRODUCTO (ALMACEN_ID,PRODUCTO_ID,FECHA,TIPO_MOVIMIENTO_ID,CANTIDAD,COSTO,PRECIO,USUARIO_ID) VALUES(1,1108,now(),30,7,1.000000,1.000000,'root');
INSERT INTO ALMACEN_PRODUCTO(ALMACEN_ID,PRODUCTO_ID,CANTIDAD_ACTUAL,CANTIDAD_MINIMA,PRECIO_VENTA) VALUES (1,1108,7,0,1.000000);

INSERT INTO ALMACEN_PRODUCTO(ALMACEN_ID,PRODUCTO_ID,CANTIDAD_ACTUAL,CANTIDAD_MINIMA,PRECIO_VENTA) VALUES (2,1108,0,0,1.000000);

INSERT INTO ALMACEN_PRODUCTO(ALMACEN_ID,PRODUCTO_ID,CANTIDAD_ACTUAL,CANTIDAD_MINIMA,PRECIO_VENTA) VALUES (3,1108,7,0,1.000000);

INSERT INTO ALMACEN_PRODUCTO(ALMACEN_ID,PRODUCTO_ID,CANTIDAD_ACTUAL,CANTIDAD_MINIMA,PRECIO_VENTA) VALUES (4,1108,7,0,1.000000);

INSERT INTO PROVEEDOR_PRODUCTO(PROVEEDOR_ID,PRODUCTO_ID,PRECIO_COMPRA) VALUES(6,1108, 1.000000);

-- ===========PRODUCTO [1109]
INSERT INTO PRODUCTO(ID,MARCA_ID,NOMBRE,PRESENTACION,CONTENIDO,UNIDADES_POR_CAJA,COSTO,COSTO_VENTA,PRECIO_BASE,UNIDAD_MEDIDA,CODIGO_BARRAS) VALUES(1109,27,'Vel Rosita Shampoo Ropa','Color',1,12.0,1.000000,1.000000,1.000000,'Lt',7.509546051482E12);

INSERT INTO MOVIMIENTO_HISTORICO_PRODUCTO (ALMACEN_ID,PRODUCTO_ID,FECHA,TIPO_MOVIMIENTO_ID,CANTIDAD,COSTO,PRECIO,USUARIO_ID) VALUES(1,1109,now(),30,12,1.000000,1.000000,'root');
INSERT INTO ALMACEN_PRODUCTO(ALMACEN_ID,PRODUCTO_ID,CANTIDAD_ACTUAL,CANTIDAD_MINIMA,PRECIO_VENTA) VALUES (1,1109,12,0,1.000000);

INSERT INTO ALMACEN_PRODUCTO(ALMACEN_ID,PRODUCTO_ID,CANTIDAD_ACTUAL,CANTIDAD_MINIMA,PRECIO_VENTA) VALUES (2,1109,1,0,1.000000);

INSERT INTO ALMACEN_PRODUCTO(ALMACEN_ID,PRODUCTO_ID,CANTIDAD_ACTUAL,CANTIDAD_MINIMA,PRECIO_VENTA) VALUES (3,1109,12,0,1.000000);

INSERT INTO ALMACEN_PRODUCTO(ALMACEN_ID,PRODUCTO_ID,CANTIDAD_ACTUAL,CANTIDAD_MINIMA,PRECIO_VENTA) VALUES (4,1109,12,0,1.000000);

INSERT INTO PROVEEDOR_PRODUCTO(PROVEEDOR_ID,PRODUCTO_ID,PRECIO_COMPRA) VALUES(6,1109, 1.000000);

-- ===========PRODUCTO [1110]
INSERT INTO PRODUCTO(ID,MARCA_ID,NOMBRE,PRESENTACION,CONTENIDO,UNIDADES_POR_CAJA,COSTO,COSTO_VENTA,PRECIO_BASE,UNIDAD_MEDIDA,CODIGO_BARRAS) VALUES(1110,82,'Fabuloso Limpiador','Fresco Amanecer',1,12.0,1.000000,1.000000,1.000000,'L',7.509546051611E12);

INSERT INTO MOVIMIENTO_HISTORICO_PRODUCTO (ALMACEN_ID,PRODUCTO_ID,FECHA,TIPO_MOVIMIENTO_ID,CANTIDAD,COSTO,PRECIO,USUARIO_ID) VALUES(1,1110,now(),30,11,1.000000,1.000000,'root');
INSERT INTO ALMACEN_PRODUCTO(ALMACEN_ID,PRODUCTO_ID,CANTIDAD_ACTUAL,CANTIDAD_MINIMA,PRECIO_VENTA) VALUES (1,1110,11,0,1.000000);

INSERT INTO ALMACEN_PRODUCTO(ALMACEN_ID,PRODUCTO_ID,CANTIDAD_ACTUAL,CANTIDAD_MINIMA,PRECIO_VENTA) VALUES (2,1110,0,0,1.000000);

INSERT INTO ALMACEN_PRODUCTO(ALMACEN_ID,PRODUCTO_ID,CANTIDAD_ACTUAL,CANTIDAD_MINIMA,PRECIO_VENTA) VALUES (3,1110,11,0,1.000000);

INSERT INTO ALMACEN_PRODUCTO(ALMACEN_ID,PRODUCTO_ID,CANTIDAD_ACTUAL,CANTIDAD_MINIMA,PRECIO_VENTA) VALUES (4,1110,11,0,1.000000);

INSERT INTO PROVEEDOR_PRODUCTO(PROVEEDOR_ID,PRODUCTO_ID,PRECIO_COMPRA) VALUES(6,1110, 1.000000);

-- ===========PRODUCTO [1111]
INSERT INTO PRODUCTO(ID,MARCA_ID,NOMBRE,PRESENTACION,CONTENIDO,UNIDADES_POR_CAJA,COSTO,COSTO_VENTA,PRECIO_BASE,UNIDAD_MEDIDA,CODIGO_BARRAS) VALUES(1111,82,'Fabuloso Limpiador','Esencias Citricas',828,12.0,1.000000,1.000000,1.000000,'ML',7.509546055084E12);

INSERT INTO MOVIMIENTO_HISTORICO_PRODUCTO (ALMACEN_ID,PRODUCTO_ID,FECHA,TIPO_MOVIMIENTO_ID,CANTIDAD,COSTO,PRECIO,USUARIO_ID) VALUES(1,1111,now(),30,12,1.000000,1.000000,'root');
INSERT INTO ALMACEN_PRODUCTO(ALMACEN_ID,PRODUCTO_ID,CANTIDAD_ACTUAL,CANTIDAD_MINIMA,PRECIO_VENTA) VALUES (1,1111,12,0,1.000000);

INSERT INTO ALMACEN_PRODUCTO(ALMACEN_ID,PRODUCTO_ID,CANTIDAD_ACTUAL,CANTIDAD_MINIMA,PRECIO_VENTA) VALUES (2,1111,0,0,1.000000);

INSERT INTO ALMACEN_PRODUCTO(ALMACEN_ID,PRODUCTO_ID,CANTIDAD_ACTUAL,CANTIDAD_MINIMA,PRECIO_VENTA) VALUES (3,1111,12,0,1.000000);

INSERT INTO ALMACEN_PRODUCTO(ALMACEN_ID,PRODUCTO_ID,CANTIDAD_ACTUAL,CANTIDAD_MINIMA,PRECIO_VENTA) VALUES (4,1111,12,0,1.000000);

INSERT INTO PROVEEDOR_PRODUCTO(PROVEEDOR_ID,PRODUCTO_ID,PRECIO_COMPRA) VALUES(6,1111, 1.000000);

-- ===========PRODUCTO [1112]
INSERT INTO PRODUCTO(ID,MARCA_ID,NOMBRE,PRESENTACION,CONTENIDO,UNIDADES_POR_CAJA,COSTO,COSTO_VENTA,PRECIO_BASE,UNIDAD_MEDIDA,CODIGO_BARRAS) VALUES(1112,15,'Lady Speed Stick Barra','Naturals & Protect',20,24.0,1.000000,1.000000,1.000000,'g',7.509546055435E12);

INSERT INTO MOVIMIENTO_HISTORICO_PRODUCTO (ALMACEN_ID,PRODUCTO_ID,FECHA,TIPO_MOVIMIENTO_ID,CANTIDAD,COSTO,PRECIO,USUARIO_ID) VALUES(1,1112,now(),30,24,1.000000,1.000000,'root');
INSERT INTO ALMACEN_PRODUCTO(ALMACEN_ID,PRODUCTO_ID,CANTIDAD_ACTUAL,CANTIDAD_MINIMA,PRECIO_VENTA) VALUES (1,1112,24,0,1.000000);

INSERT INTO ALMACEN_PRODUCTO(ALMACEN_ID,PRODUCTO_ID,CANTIDAD_ACTUAL,CANTIDAD_MINIMA,PRECIO_VENTA) VALUES (2,1112,0,0,1.000000);

INSERT INTO ALMACEN_PRODUCTO(ALMACEN_ID,PRODUCTO_ID,CANTIDAD_ACTUAL,CANTIDAD_MINIMA,PRECIO_VENTA) VALUES (3,1112,24,0,1.000000);

INSERT INTO ALMACEN_PRODUCTO(ALMACEN_ID,PRODUCTO_ID,CANTIDAD_ACTUAL,CANTIDAD_MINIMA,PRECIO_VENTA) VALUES (4,1112,24,0,1.000000);

INSERT INTO PROVEEDOR_PRODUCTO(PROVEEDOR_ID,PRODUCTO_ID,PRECIO_COMPRA) VALUES(6,1112, 1.000000);

-- ===========PRODUCTO [1113]
INSERT INTO PRODUCTO(ID,MARCA_ID,NOMBRE,PRESENTACION,CONTENIDO,UNIDADES_POR_CAJA,COSTO,COSTO_VENTA,PRECIO_BASE,UNIDAD_MEDIDA,CODIGO_BARRAS) VALUES(1113,68,'Suavitel Adios al Planchado','Orquideas Blancas',850,12.0,1.000000,1.000000,1.000000,'ML',7.509546056005E12);

INSERT INTO MOVIMIENTO_HISTORICO_PRODUCTO (ALMACEN_ID,PRODUCTO_ID,FECHA,TIPO_MOVIMIENTO_ID,CANTIDAD,COSTO,PRECIO,USUARIO_ID) VALUES(1,1113,now(),30,12,1.000000,1.000000,'root');
INSERT INTO ALMACEN_PRODUCTO(ALMACEN_ID,PRODUCTO_ID,CANTIDAD_ACTUAL,CANTIDAD_MINIMA,PRECIO_VENTA) VALUES (1,1113,12,0,1.000000);

INSERT INTO ALMACEN_PRODUCTO(ALMACEN_ID,PRODUCTO_ID,CANTIDAD_ACTUAL,CANTIDAD_MINIMA,PRECIO_VENTA) VALUES (2,1113,0,0,1.000000);

INSERT INTO ALMACEN_PRODUCTO(ALMACEN_ID,PRODUCTO_ID,CANTIDAD_ACTUAL,CANTIDAD_MINIMA,PRECIO_VENTA) VALUES (3,1113,12,0,1.000000);

INSERT INTO ALMACEN_PRODUCTO(ALMACEN_ID,PRODUCTO_ID,CANTIDAD_ACTUAL,CANTIDAD_MINIMA,PRECIO_VENTA) VALUES (4,1113,12,0,1.000000);

INSERT INTO PROVEEDOR_PRODUCTO(PROVEEDOR_ID,PRODUCTO_ID,PRECIO_COMPRA) VALUES(6,1113, 1.000000);

-- ===========PRODUCTO [1114]
INSERT INTO PRODUCTO(ID,MARCA_ID,NOMBRE,PRESENTACION,CONTENIDO,UNIDADES_POR_CAJA,COSTO,COSTO_VENTA,PRECIO_BASE,UNIDAD_MEDIDA,CODIGO_BARRAS) VALUES(1114,36,'Caprice Shampoo','Mango Seducción',220,15.0,1.000000,1.000000,1.000000,'ML',7.509546056241E12);

INSERT INTO MOVIMIENTO_HISTORICO_PRODUCTO (ALMACEN_ID,PRODUCTO_ID,FECHA,TIPO_MOVIMIENTO_ID,CANTIDAD,COSTO,PRECIO,USUARIO_ID) VALUES(1,1114,now(),30,15,1.000000,1.000000,'root');
INSERT INTO ALMACEN_PRODUCTO(ALMACEN_ID,PRODUCTO_ID,CANTIDAD_ACTUAL,CANTIDAD_MINIMA,PRECIO_VENTA) VALUES (1,1114,15,0,1.000000);

INSERT INTO ALMACEN_PRODUCTO(ALMACEN_ID,PRODUCTO_ID,CANTIDAD_ACTUAL,CANTIDAD_MINIMA,PRECIO_VENTA) VALUES (2,1114,0,0,1.000000);

INSERT INTO ALMACEN_PRODUCTO(ALMACEN_ID,PRODUCTO_ID,CANTIDAD_ACTUAL,CANTIDAD_MINIMA,PRECIO_VENTA) VALUES (3,1114,15,0,1.000000);

INSERT INTO ALMACEN_PRODUCTO(ALMACEN_ID,PRODUCTO_ID,CANTIDAD_ACTUAL,CANTIDAD_MINIMA,PRECIO_VENTA) VALUES (4,1114,15,0,1.000000);

INSERT INTO PROVEEDOR_PRODUCTO(PROVEEDOR_ID,PRODUCTO_ID,PRECIO_COMPRA) VALUES(6,1114, 1.000000);

-- ===========PRODUCTO [1115]
INSERT INTO PRODUCTO(ID,MARCA_ID,NOMBRE,PRESENTACION,CONTENIDO,UNIDADES_POR_CAJA,COSTO,COSTO_VENTA,PRECIO_BASE,UNIDAD_MEDIDA,CODIGO_BARRAS) VALUES(1115,36,'Caprice Shampoo','Passion Berries',220,15.0,1.000000,1.000000,1.000000,'ml',7.509546056265E12);

INSERT INTO MOVIMIENTO_HISTORICO_PRODUCTO (ALMACEN_ID,PRODUCTO_ID,FECHA,TIPO_MOVIMIENTO_ID,CANTIDAD,COSTO,PRECIO,USUARIO_ID) VALUES(1,1115,now(),30,15,1.000000,1.000000,'root');
INSERT INTO ALMACEN_PRODUCTO(ALMACEN_ID,PRODUCTO_ID,CANTIDAD_ACTUAL,CANTIDAD_MINIMA,PRECIO_VENTA) VALUES (1,1115,15,0,1.000000);

INSERT INTO ALMACEN_PRODUCTO(ALMACEN_ID,PRODUCTO_ID,CANTIDAD_ACTUAL,CANTIDAD_MINIMA,PRECIO_VENTA) VALUES (2,1115,0,0,1.000000);

INSERT INTO ALMACEN_PRODUCTO(ALMACEN_ID,PRODUCTO_ID,CANTIDAD_ACTUAL,CANTIDAD_MINIMA,PRECIO_VENTA) VALUES (3,1115,15,0,1.000000);

INSERT INTO ALMACEN_PRODUCTO(ALMACEN_ID,PRODUCTO_ID,CANTIDAD_ACTUAL,CANTIDAD_MINIMA,PRECIO_VENTA) VALUES (4,1115,15,0,1.000000);

INSERT INTO PROVEEDOR_PRODUCTO(PROVEEDOR_ID,PRODUCTO_ID,PRECIO_COMPRA) VALUES(6,1115, 1.000000);

-- ===========PRODUCTO [1116]
INSERT INTO PRODUCTO(ID,MARCA_ID,NOMBRE,PRESENTACION,CONTENIDO,UNIDADES_POR_CAJA,COSTO,COSTO_VENTA,PRECIO_BASE,UNIDAD_MEDIDA,CODIGO_BARRAS) VALUES(1116,69,'Axion Detergente Liquido','Lavanda',750,12.0,1.000000,1.000000,1.000000,'ML',7.509546056289E12);

INSERT INTO MOVIMIENTO_HISTORICO_PRODUCTO (ALMACEN_ID,PRODUCTO_ID,FECHA,TIPO_MOVIMIENTO_ID,CANTIDAD,COSTO,PRECIO,USUARIO_ID) VALUES(1,1116,now(),30,12,1.000000,1.000000,'root');
INSERT INTO ALMACEN_PRODUCTO(ALMACEN_ID,PRODUCTO_ID,CANTIDAD_ACTUAL,CANTIDAD_MINIMA,PRECIO_VENTA) VALUES (1,1116,12,0,1.000000);

INSERT INTO ALMACEN_PRODUCTO(ALMACEN_ID,PRODUCTO_ID,CANTIDAD_ACTUAL,CANTIDAD_MINIMA,PRECIO_VENTA) VALUES (2,1116,0,0,1.000000);

INSERT INTO ALMACEN_PRODUCTO(ALMACEN_ID,PRODUCTO_ID,CANTIDAD_ACTUAL,CANTIDAD_MINIMA,PRECIO_VENTA) VALUES (3,1116,12,0,1.000000);

INSERT INTO ALMACEN_PRODUCTO(ALMACEN_ID,PRODUCTO_ID,CANTIDAD_ACTUAL,CANTIDAD_MINIMA,PRECIO_VENTA) VALUES (4,1116,12,0,1.000000);

INSERT INTO PROVEEDOR_PRODUCTO(PROVEEDOR_ID,PRODUCTO_ID,PRECIO_COMPRA) VALUES(6,1116, 1.000000);

-- ===========PRODUCTO [1117]
INSERT INTO PRODUCTO(ID,MARCA_ID,NOMBRE,PRESENTACION,CONTENIDO,UNIDADES_POR_CAJA,COSTO,COSTO_VENTA,PRECIO_BASE,UNIDAD_MEDIDA,CODIGO_BARRAS) VALUES(1117,49,'Stefano Stick Caballero','Gladius',60,12.0,1.000000,1.000000,1.000000,'G',7.509546056883E12);

INSERT INTO MOVIMIENTO_HISTORICO_PRODUCTO (ALMACEN_ID,PRODUCTO_ID,FECHA,TIPO_MOVIMIENTO_ID,CANTIDAD,COSTO,PRECIO,USUARIO_ID) VALUES(1,1117,now(),30,12,1.000000,1.000000,'root');
INSERT INTO ALMACEN_PRODUCTO(ALMACEN_ID,PRODUCTO_ID,CANTIDAD_ACTUAL,CANTIDAD_MINIMA,PRECIO_VENTA) VALUES (1,1117,12,0,1.000000);

INSERT INTO ALMACEN_PRODUCTO(ALMACEN_ID,PRODUCTO_ID,CANTIDAD_ACTUAL,CANTIDAD_MINIMA,PRECIO_VENTA) VALUES (2,1117,0,0,1.000000);

INSERT INTO ALMACEN_PRODUCTO(ALMACEN_ID,PRODUCTO_ID,CANTIDAD_ACTUAL,CANTIDAD_MINIMA,PRECIO_VENTA) VALUES (3,1117,12,0,1.000000);

INSERT INTO ALMACEN_PRODUCTO(ALMACEN_ID,PRODUCTO_ID,CANTIDAD_ACTUAL,CANTIDAD_MINIMA,PRECIO_VENTA) VALUES (4,1117,12,0,1.000000);

INSERT INTO PROVEEDOR_PRODUCTO(PROVEEDOR_ID,PRODUCTO_ID,PRECIO_COMPRA) VALUES(6,1117, 1.000000);

-- ===========PRODUCTO [1118]
INSERT INTO PRODUCTO(ID,MARCA_ID,NOMBRE,PRESENTACION,CONTENIDO,UNIDADES_POR_CAJA,COSTO,COSTO_VENTA,PRECIO_BASE,UNIDAD_MEDIDA,CODIGO_BARRAS) VALUES(1118,35,'Colgate Cepillo Pack','360 Surround',2,12.0,1.000000,1.000000,1.000000,'PZ',7.702010130496E12);

INSERT INTO MOVIMIENTO_HISTORICO_PRODUCTO (ALMACEN_ID,PRODUCTO_ID,FECHA,TIPO_MOVIMIENTO_ID,CANTIDAD,COSTO,PRECIO,USUARIO_ID) VALUES(1,1118,now(),30,11,1.000000,1.000000,'root');
INSERT INTO ALMACEN_PRODUCTO(ALMACEN_ID,PRODUCTO_ID,CANTIDAD_ACTUAL,CANTIDAD_MINIMA,PRECIO_VENTA) VALUES (1,1118,11,0,1.000000);

INSERT INTO ALMACEN_PRODUCTO(ALMACEN_ID,PRODUCTO_ID,CANTIDAD_ACTUAL,CANTIDAD_MINIMA,PRECIO_VENTA) VALUES (2,1118,0,0,1.000000);

INSERT INTO ALMACEN_PRODUCTO(ALMACEN_ID,PRODUCTO_ID,CANTIDAD_ACTUAL,CANTIDAD_MINIMA,PRECIO_VENTA) VALUES (3,1118,11,0,1.000000);

INSERT INTO ALMACEN_PRODUCTO(ALMACEN_ID,PRODUCTO_ID,CANTIDAD_ACTUAL,CANTIDAD_MINIMA,PRECIO_VENTA) VALUES (4,1118,11,0,1.000000);

INSERT INTO PROVEEDOR_PRODUCTO(PROVEEDOR_ID,PRODUCTO_ID,PRECIO_COMPRA) VALUES(6,1118, 1.000000);

-- ===========PRODUCTO [1119]
INSERT INTO PRODUCTO(ID,MARCA_ID,NOMBRE,PRESENTACION,CONTENIDO,UNIDADES_POR_CAJA,COSTO,COSTO_VENTA,PRECIO_BASE,UNIDAD_MEDIDA,CODIGO_BARRAS) VALUES(1119,35,'Colgate Hilo Dental','Total 12',100,24.0,1.000000,1.000000,1.000000,'M',7.891024183281E12);

INSERT INTO MOVIMIENTO_HISTORICO_PRODUCTO (ALMACEN_ID,PRODUCTO_ID,FECHA,TIPO_MOVIMIENTO_ID,CANTIDAD,COSTO,PRECIO,USUARIO_ID) VALUES(1,1119,now(),30,24,1.000000,1.000000,'root');
INSERT INTO ALMACEN_PRODUCTO(ALMACEN_ID,PRODUCTO_ID,CANTIDAD_ACTUAL,CANTIDAD_MINIMA,PRECIO_VENTA) VALUES (1,1119,24,0,1.000000);

INSERT INTO ALMACEN_PRODUCTO(ALMACEN_ID,PRODUCTO_ID,CANTIDAD_ACTUAL,CANTIDAD_MINIMA,PRECIO_VENTA) VALUES (2,1119,0,0,1.000000);

INSERT INTO ALMACEN_PRODUCTO(ALMACEN_ID,PRODUCTO_ID,CANTIDAD_ACTUAL,CANTIDAD_MINIMA,PRECIO_VENTA) VALUES (3,1119,24,0,1.000000);

INSERT INTO ALMACEN_PRODUCTO(ALMACEN_ID,PRODUCTO_ID,CANTIDAD_ACTUAL,CANTIDAD_MINIMA,PRECIO_VENTA) VALUES (4,1119,24,0,1.000000);

INSERT INTO PROVEEDOR_PRODUCTO(PROVEEDOR_ID,PRODUCTO_ID,PRECIO_COMPRA) VALUES(6,1119, 1.000000);

-- ===========PRODUCTO [1120]
INSERT INTO PRODUCTO(ID,MARCA_ID,NOMBRE,PRESENTACION,CONTENIDO,UNIDADES_POR_CAJA,COSTO,COSTO_VENTA,PRECIO_BASE,UNIDAD_MEDIDA,CODIGO_BARRAS) VALUES(1120,35,'Colgate Cepillo Pack','Limpieza Completa 360',2,12.0,1.000000,1.000000,1.000000,'PZ',7.891024316191E12);

INSERT INTO MOVIMIENTO_HISTORICO_PRODUCTO (ALMACEN_ID,PRODUCTO_ID,FECHA,TIPO_MOVIMIENTO_ID,CANTIDAD,COSTO,PRECIO,USUARIO_ID) VALUES(1,1120,now(),30,12,1.000000,1.000000,'root');
INSERT INTO ALMACEN_PRODUCTO(ALMACEN_ID,PRODUCTO_ID,CANTIDAD_ACTUAL,CANTIDAD_MINIMA,PRECIO_VENTA) VALUES (1,1120,12,0,1.000000);

INSERT INTO ALMACEN_PRODUCTO(ALMACEN_ID,PRODUCTO_ID,CANTIDAD_ACTUAL,CANTIDAD_MINIMA,PRECIO_VENTA) VALUES (2,1120,0,0,1.000000);

INSERT INTO ALMACEN_PRODUCTO(ALMACEN_ID,PRODUCTO_ID,CANTIDAD_ACTUAL,CANTIDAD_MINIMA,PRECIO_VENTA) VALUES (3,1120,12,0,1.000000);

INSERT INTO ALMACEN_PRODUCTO(ALMACEN_ID,PRODUCTO_ID,CANTIDAD_ACTUAL,CANTIDAD_MINIMA,PRECIO_VENTA) VALUES (4,1120,12,0,1.000000);

INSERT INTO PROVEEDOR_PRODUCTO(PROVEEDOR_ID,PRODUCTO_ID,PRECIO_COMPRA) VALUES(6,1120, 1.000000);

-- ===========PRODUCTO [1121]
INSERT INTO PRODUCTO(ID,MARCA_ID,NOMBRE,PRESENTACION,CONTENIDO,UNIDADES_POR_CAJA,COSTO,COSTO_VENTA,PRECIO_BASE,UNIDAD_MEDIDA,CODIGO_BARRAS) VALUES(1121,21,'Elvive Pack Sh + Acond 400ml','Nutri Gloss',2,6.0,1.000000,1.000000,1.000000,'Pz',7.506078934146E12);

INSERT INTO MOVIMIENTO_HISTORICO_PRODUCTO (ALMACEN_ID,PRODUCTO_ID,FECHA,TIPO_MOVIMIENTO_ID,CANTIDAD,COSTO,PRECIO,USUARIO_ID) VALUES(1,1121,now(),30,7,1.000000,1.000000,'root');
INSERT INTO ALMACEN_PRODUCTO(ALMACEN_ID,PRODUCTO_ID,CANTIDAD_ACTUAL,CANTIDAD_MINIMA,PRECIO_VENTA) VALUES (1,1121,7,0,1.000000);

INSERT INTO ALMACEN_PRODUCTO(ALMACEN_ID,PRODUCTO_ID,CANTIDAD_ACTUAL,CANTIDAD_MINIMA,PRECIO_VENTA) VALUES (2,1121,0,0,1.000000);

INSERT INTO ALMACEN_PRODUCTO(ALMACEN_ID,PRODUCTO_ID,CANTIDAD_ACTUAL,CANTIDAD_MINIMA,PRECIO_VENTA) VALUES (3,1121,7,0,1.000000);

INSERT INTO ALMACEN_PRODUCTO(ALMACEN_ID,PRODUCTO_ID,CANTIDAD_ACTUAL,CANTIDAD_MINIMA,PRECIO_VENTA) VALUES (4,1121,7,0,1.000000);

INSERT INTO PROVEEDOR_PRODUCTO(PROVEEDOR_ID,PRODUCTO_ID,PRECIO_COMPRA) VALUES(10,1121, 1.000000);

-- ===========PRODUCTO [1122]
INSERT INTO PRODUCTO(ID,MARCA_ID,NOMBRE,PRESENTACION,CONTENIDO,UNIDADES_POR_CAJA,COSTO,COSTO_VENTA,PRECIO_BASE,UNIDAD_MEDIDA,CODIGO_BARRAS) VALUES(1122,21,'Elvive Pack Sh + Acond 400ml','Nutri Gloss',2,6.0,1.000000,1.000000,1.000000,'Pz',7.506078946439E12);

INSERT INTO MOVIMIENTO_HISTORICO_PRODUCTO (ALMACEN_ID,PRODUCTO_ID,FECHA,TIPO_MOVIMIENTO_ID,CANTIDAD,COSTO,PRECIO,USUARIO_ID) VALUES(1,1122,now(),30,5,1.000000,1.000000,'root');
INSERT INTO ALMACEN_PRODUCTO(ALMACEN_ID,PRODUCTO_ID,CANTIDAD_ACTUAL,CANTIDAD_MINIMA,PRECIO_VENTA) VALUES (1,1122,5,0,1.000000);

INSERT INTO ALMACEN_PRODUCTO(ALMACEN_ID,PRODUCTO_ID,CANTIDAD_ACTUAL,CANTIDAD_MINIMA,PRECIO_VENTA) VALUES (2,1122,0,0,1.000000);

INSERT INTO ALMACEN_PRODUCTO(ALMACEN_ID,PRODUCTO_ID,CANTIDAD_ACTUAL,CANTIDAD_MINIMA,PRECIO_VENTA) VALUES (3,1122,5,0,1.000000);

INSERT INTO ALMACEN_PRODUCTO(ALMACEN_ID,PRODUCTO_ID,CANTIDAD_ACTUAL,CANTIDAD_MINIMA,PRECIO_VENTA) VALUES (4,1122,5,0,1.000000);

INSERT INTO PROVEEDOR_PRODUCTO(PROVEEDOR_ID,PRODUCTO_ID,PRECIO_COMPRA) VALUES(10,1122, 1.000000);

-- ===========PRODUCTO [1123]
INSERT INTO PRODUCTO(ID,MARCA_ID,NOMBRE,PRESENTACION,CONTENIDO,UNIDADES_POR_CAJA,COSTO,COSTO_VENTA,PRECIO_BASE,UNIDAD_MEDIDA,CODIGO_BARRAS) VALUES(1123,86,'Johnsons Baby Aceite','Antes de Dormir',400,12.0,1.000000,1.000000,1.000000,'ML',3.81370033165E11);

INSERT INTO MOVIMIENTO_HISTORICO_PRODUCTO (ALMACEN_ID,PRODUCTO_ID,FECHA,TIPO_MOVIMIENTO_ID,CANTIDAD,COSTO,PRECIO,USUARIO_ID) VALUES(1,1123,now(),30,1,1.000000,1.000000,'root');
INSERT INTO ALMACEN_PRODUCTO(ALMACEN_ID,PRODUCTO_ID,CANTIDAD_ACTUAL,CANTIDAD_MINIMA,PRECIO_VENTA) VALUES (1,1123,1,0,1.000000);

INSERT INTO ALMACEN_PRODUCTO(ALMACEN_ID,PRODUCTO_ID,CANTIDAD_ACTUAL,CANTIDAD_MINIMA,PRECIO_VENTA) VALUES (2,1123,0,0,1.000000);

INSERT INTO ALMACEN_PRODUCTO(ALMACEN_ID,PRODUCTO_ID,CANTIDAD_ACTUAL,CANTIDAD_MINIMA,PRECIO_VENTA) VALUES (3,1123,1,0,1.000000);

INSERT INTO ALMACEN_PRODUCTO(ALMACEN_ID,PRODUCTO_ID,CANTIDAD_ACTUAL,CANTIDAD_MINIMA,PRECIO_VENTA) VALUES (4,1123,1,0,1.000000);

INSERT INTO PROVEEDOR_PRODUCTO(PROVEEDOR_ID,PRODUCTO_ID,PRECIO_COMPRA) VALUES(19,1123, 1.000000);

-- ===========PRODUCTO [1124]
INSERT INTO PRODUCTO(ID,MARCA_ID,NOMBRE,PRESENTACION,CONTENIDO,UNIDADES_POR_CAJA,COSTO,COSTO_VENTA,PRECIO_BASE,UNIDAD_MEDIDA,CODIGO_BARRAS) VALUES(1124,22,'Loreal Color Juice Gloss','850.0',15,12.0,1.000000,1.000000,1.000000,'ML',7.1249054635E10);

INSERT INTO MOVIMIENTO_HISTORICO_PRODUCTO (ALMACEN_ID,PRODUCTO_ID,FECHA,TIPO_MOVIMIENTO_ID,CANTIDAD,COSTO,PRECIO,USUARIO_ID) VALUES(1,1124,now(),30,8,1.000000,1.000000,'root');
INSERT INTO ALMACEN_PRODUCTO(ALMACEN_ID,PRODUCTO_ID,CANTIDAD_ACTUAL,CANTIDAD_MINIMA,PRECIO_VENTA) VALUES (1,1124,8,0,1.000000);

INSERT INTO ALMACEN_PRODUCTO(ALMACEN_ID,PRODUCTO_ID,CANTIDAD_ACTUAL,CANTIDAD_MINIMA,PRECIO_VENTA) VALUES (2,1124,0,0,1.000000);

INSERT INTO ALMACEN_PRODUCTO(ALMACEN_ID,PRODUCTO_ID,CANTIDAD_ACTUAL,CANTIDAD_MINIMA,PRECIO_VENTA) VALUES (3,1124,8,0,1.000000);

INSERT INTO ALMACEN_PRODUCTO(ALMACEN_ID,PRODUCTO_ID,CANTIDAD_ACTUAL,CANTIDAD_MINIMA,PRECIO_VENTA) VALUES (4,1124,8,0,1.000000);

INSERT INTO PROVEEDOR_PRODUCTO(PROVEEDOR_ID,PRODUCTO_ID,PRECIO_COMPRA) VALUES(13,1124, 1.000000);

-- ===========PRODUCTO [1125]
INSERT INTO PRODUCTO(ID,MARCA_ID,NOMBRE,PRESENTACION,CONTENIDO,UNIDADES_POR_CAJA,COSTO,COSTO_VENTA,PRECIO_BASE,UNIDAD_MEDIDA,CODIGO_BARRAS) VALUES(1125,29,'Skin Milk Crema Liquida','Hand Cream',100,12.0,1.000000,1.000000,1.000000,'ML',7.502221182068E12);

INSERT INTO MOVIMIENTO_HISTORICO_PRODUCTO (ALMACEN_ID,PRODUCTO_ID,FECHA,TIPO_MOVIMIENTO_ID,CANTIDAD,COSTO,PRECIO,USUARIO_ID) VALUES(1,1125,now(),30,2,1.000000,1.000000,'root');
INSERT INTO ALMACEN_PRODUCTO(ALMACEN_ID,PRODUCTO_ID,CANTIDAD_ACTUAL,CANTIDAD_MINIMA,PRECIO_VENTA) VALUES (1,1125,2,0,1.000000);

INSERT INTO ALMACEN_PRODUCTO(ALMACEN_ID,PRODUCTO_ID,CANTIDAD_ACTUAL,CANTIDAD_MINIMA,PRECIO_VENTA) VALUES (2,1125,0,0,1.000000);

INSERT INTO ALMACEN_PRODUCTO(ALMACEN_ID,PRODUCTO_ID,CANTIDAD_ACTUAL,CANTIDAD_MINIMA,PRECIO_VENTA) VALUES (3,1125,2,0,1.000000);

INSERT INTO ALMACEN_PRODUCTO(ALMACEN_ID,PRODUCTO_ID,CANTIDAD_ACTUAL,CANTIDAD_MINIMA,PRECIO_VENTA) VALUES (4,1125,2,0,1.000000);

INSERT INTO PROVEEDOR_PRODUCTO(PROVEEDOR_ID,PRODUCTO_ID,PRECIO_COMPRA) VALUES(18,1125, 1.000000);

-- ===========PRODUCTO [1126]
INSERT INTO PRODUCTO(ID,MARCA_ID,NOMBRE,PRESENTACION,CONTENIDO,UNIDADES_POR_CAJA,COSTO,COSTO_VENTA,PRECIO_BASE,UNIDAD_MEDIDA,CODIGO_BARRAS) VALUES(1126,94,'Lubriderm Liquida','Piel Seca',300,12.0,1.000000,1.000000,1.000000,'ML',5.2800322103E10);

INSERT INTO MOVIMIENTO_HISTORICO_PRODUCTO (ALMACEN_ID,PRODUCTO_ID,FECHA,TIPO_MOVIMIENTO_ID,CANTIDAD,COSTO,PRECIO,USUARIO_ID) VALUES(1,1126,now(),30,6,1.000000,1.000000,'root');
INSERT INTO ALMACEN_PRODUCTO(ALMACEN_ID,PRODUCTO_ID,CANTIDAD_ACTUAL,CANTIDAD_MINIMA,PRECIO_VENTA) VALUES (1,1126,6,0,1.000000);

INSERT INTO ALMACEN_PRODUCTO(ALMACEN_ID,PRODUCTO_ID,CANTIDAD_ACTUAL,CANTIDAD_MINIMA,PRECIO_VENTA) VALUES (2,1126,0,0,1.000000);

INSERT INTO ALMACEN_PRODUCTO(ALMACEN_ID,PRODUCTO_ID,CANTIDAD_ACTUAL,CANTIDAD_MINIMA,PRECIO_VENTA) VALUES (3,1126,6,0,1.000000);

INSERT INTO ALMACEN_PRODUCTO(ALMACEN_ID,PRODUCTO_ID,CANTIDAD_ACTUAL,CANTIDAD_MINIMA,PRECIO_VENTA) VALUES (4,1126,6,0,1.000000);

INSERT INTO PROVEEDOR_PRODUCTO(PROVEEDOR_ID,PRODUCTO_ID,PRECIO_COMPRA) VALUES(19,1126, 1.000000);

-- ===========PRODUCTO [1127]
INSERT INTO PRODUCTO(ID,MARCA_ID,NOMBRE,PRESENTACION,CONTENIDO,UNIDADES_POR_CAJA,COSTO,COSTO_VENTA,PRECIO_BASE,UNIDAD_MEDIDA,CODIGO_BARRAS) VALUES(1127,94,'Lubriderm Liquida','Algas Marinas',480,12.0,1.000000,1.000000,1.000000,'ML',7.501057006234E12);

INSERT INTO MOVIMIENTO_HISTORICO_PRODUCTO (ALMACEN_ID,PRODUCTO_ID,FECHA,TIPO_MOVIMIENTO_ID,CANTIDAD,COSTO,PRECIO,USUARIO_ID) VALUES(1,1127,now(),30,2,1.000000,1.000000,'root');
INSERT INTO ALMACEN_PRODUCTO(ALMACEN_ID,PRODUCTO_ID,CANTIDAD_ACTUAL,CANTIDAD_MINIMA,PRECIO_VENTA) VALUES (1,1127,2,0,1.000000);

INSERT INTO ALMACEN_PRODUCTO(ALMACEN_ID,PRODUCTO_ID,CANTIDAD_ACTUAL,CANTIDAD_MINIMA,PRECIO_VENTA) VALUES (2,1127,0,0,1.000000);

INSERT INTO ALMACEN_PRODUCTO(ALMACEN_ID,PRODUCTO_ID,CANTIDAD_ACTUAL,CANTIDAD_MINIMA,PRECIO_VENTA) VALUES (3,1127,2,0,1.000000);

INSERT INTO ALMACEN_PRODUCTO(ALMACEN_ID,PRODUCTO_ID,CANTIDAD_ACTUAL,CANTIDAD_MINIMA,PRECIO_VENTA) VALUES (4,1127,2,0,1.000000);

INSERT INTO PROVEEDOR_PRODUCTO(PROVEEDOR_ID,PRODUCTO_ID,PRECIO_COMPRA) VALUES(19,1127, 1.000000);

-- ===========PRODUCTO [1128]
INSERT INTO PRODUCTO(ID,MARCA_ID,NOMBRE,PRESENTACION,CONTENIDO,UNIDADES_POR_CAJA,COSTO,COSTO_VENTA,PRECIO_BASE,UNIDAD_MEDIDA,CODIGO_BARRAS) VALUES(1128,22,'Loreal Kids Crema Peinar','Fresa Cremosa',300,12.0,1.000000,1.000000,1.000000,'ML',7.506078945227E12);

INSERT INTO MOVIMIENTO_HISTORICO_PRODUCTO (ALMACEN_ID,PRODUCTO_ID,FECHA,TIPO_MOVIMIENTO_ID,CANTIDAD,COSTO,PRECIO,USUARIO_ID) VALUES(1,1128,now(),30,1,1.000000,1.000000,'root');
INSERT INTO ALMACEN_PRODUCTO(ALMACEN_ID,PRODUCTO_ID,CANTIDAD_ACTUAL,CANTIDAD_MINIMA,PRECIO_VENTA) VALUES (1,1128,1,0,1.000000);

INSERT INTO ALMACEN_PRODUCTO(ALMACEN_ID,PRODUCTO_ID,CANTIDAD_ACTUAL,CANTIDAD_MINIMA,PRECIO_VENTA) VALUES (2,1128,0,0,1.000000);

INSERT INTO ALMACEN_PRODUCTO(ALMACEN_ID,PRODUCTO_ID,CANTIDAD_ACTUAL,CANTIDAD_MINIMA,PRECIO_VENTA) VALUES (3,1128,1,0,1.000000);

INSERT INTO ALMACEN_PRODUCTO(ALMACEN_ID,PRODUCTO_ID,CANTIDAD_ACTUAL,CANTIDAD_MINIMA,PRECIO_VENTA) VALUES (4,1128,1,0,1.000000);

INSERT INTO PROVEEDOR_PRODUCTO(PROVEEDOR_ID,PRODUCTO_ID,PRECIO_COMPRA) VALUES(13,1128, 1.000000);

-- ===========PRODUCTO [1129]
INSERT INTO PRODUCTO(ID,MARCA_ID,NOMBRE,PRESENTACION,CONTENIDO,UNIDADES_POR_CAJA,COSTO,COSTO_VENTA,PRECIO_BASE,UNIDAD_MEDIDA,CODIGO_BARRAS) VALUES(1129,22,'Loreal Kids Crema Peinar','Manzanilla',300,12.0,1.000000,1.000000,1.000000,'ML',7.50607894521E12);

INSERT INTO MOVIMIENTO_HISTORICO_PRODUCTO (ALMACEN_ID,PRODUCTO_ID,FECHA,TIPO_MOVIMIENTO_ID,CANTIDAD,COSTO,PRECIO,USUARIO_ID) VALUES(1,1129,now(),30,2,1.000000,1.000000,'root');
INSERT INTO ALMACEN_PRODUCTO(ALMACEN_ID,PRODUCTO_ID,CANTIDAD_ACTUAL,CANTIDAD_MINIMA,PRECIO_VENTA) VALUES (1,1129,2,0,1.000000);

INSERT INTO ALMACEN_PRODUCTO(ALMACEN_ID,PRODUCTO_ID,CANTIDAD_ACTUAL,CANTIDAD_MINIMA,PRECIO_VENTA) VALUES (2,1129,0,0,1.000000);

INSERT INTO ALMACEN_PRODUCTO(ALMACEN_ID,PRODUCTO_ID,CANTIDAD_ACTUAL,CANTIDAD_MINIMA,PRECIO_VENTA) VALUES (3,1129,2,0,1.000000);

INSERT INTO ALMACEN_PRODUCTO(ALMACEN_ID,PRODUCTO_ID,CANTIDAD_ACTUAL,CANTIDAD_MINIMA,PRECIO_VENTA) VALUES (4,1129,2,0,1.000000);

INSERT INTO PROVEEDOR_PRODUCTO(PROVEEDOR_ID,PRODUCTO_ID,PRECIO_COMPRA) VALUES(13,1129, 1.000000);

-- ===========PRODUCTO [1130]
INSERT INTO PRODUCTO(ID,MARCA_ID,NOMBRE,PRESENTACION,CONTENIDO,UNIDADES_POR_CAJA,COSTO,COSTO_VENTA,PRECIO_BASE,UNIDAD_MEDIDA,CODIGO_BARRAS) VALUES(1130,89,'Dalux Alcohol ','96° G.L.',1000,12.0,1.000000,1.000000,1.000000,'ML',7.501192600649E12);

INSERT INTO MOVIMIENTO_HISTORICO_PRODUCTO (ALMACEN_ID,PRODUCTO_ID,FECHA,TIPO_MOVIMIENTO_ID,CANTIDAD,COSTO,PRECIO,USUARIO_ID) VALUES(1,1130,now(),30,1,1.000000,1.000000,'root');
INSERT INTO ALMACEN_PRODUCTO(ALMACEN_ID,PRODUCTO_ID,CANTIDAD_ACTUAL,CANTIDAD_MINIMA,PRECIO_VENTA) VALUES (1,1130,1,0,1.000000);

INSERT INTO ALMACEN_PRODUCTO(ALMACEN_ID,PRODUCTO_ID,CANTIDAD_ACTUAL,CANTIDAD_MINIMA,PRECIO_VENTA) VALUES (2,1130,0,0,1.000000);

INSERT INTO ALMACEN_PRODUCTO(ALMACEN_ID,PRODUCTO_ID,CANTIDAD_ACTUAL,CANTIDAD_MINIMA,PRECIO_VENTA) VALUES (3,1130,1,0,1.000000);

INSERT INTO ALMACEN_PRODUCTO(ALMACEN_ID,PRODUCTO_ID,CANTIDAD_ACTUAL,CANTIDAD_MINIMA,PRECIO_VENTA) VALUES (4,1130,1,0,1.000000);

INSERT INTO PROVEEDOR_PRODUCTO(PROVEEDOR_ID,PRODUCTO_ID,PRECIO_COMPRA) VALUES(9,1130, 1.000000);

-- ===========PRODUCTO [1131]
INSERT INTO PRODUCTO(ID,MARCA_ID,NOMBRE,PRESENTACION,CONTENIDO,UNIDADES_POR_CAJA,COSTO,COSTO_VENTA,PRECIO_BASE,UNIDAD_MEDIDA,CODIGO_BARRAS) VALUES(1131,30,'Ponds Solida','Rejuveness',165,24.0,1.000000,1.000000,1.000000,'G',7.50105632605E12);

INSERT INTO MOVIMIENTO_HISTORICO_PRODUCTO (ALMACEN_ID,PRODUCTO_ID,FECHA,TIPO_MOVIMIENTO_ID,CANTIDAD,COSTO,PRECIO,USUARIO_ID) VALUES(1,1131,now(),30,5,1.000000,1.000000,'root');
INSERT INTO ALMACEN_PRODUCTO(ALMACEN_ID,PRODUCTO_ID,CANTIDAD_ACTUAL,CANTIDAD_MINIMA,PRECIO_VENTA) VALUES (1,1131,5,0,1.000000);

INSERT INTO ALMACEN_PRODUCTO(ALMACEN_ID,PRODUCTO_ID,CANTIDAD_ACTUAL,CANTIDAD_MINIMA,PRECIO_VENTA) VALUES (2,1131,0,0,1.000000);

INSERT INTO ALMACEN_PRODUCTO(ALMACEN_ID,PRODUCTO_ID,CANTIDAD_ACTUAL,CANTIDAD_MINIMA,PRECIO_VENTA) VALUES (3,1131,5,0,1.000000);

INSERT INTO ALMACEN_PRODUCTO(ALMACEN_ID,PRODUCTO_ID,CANTIDAD_ACTUAL,CANTIDAD_MINIMA,PRECIO_VENTA) VALUES (4,1131,5,0,1.000000);

INSERT INTO PROVEEDOR_PRODUCTO(PROVEEDOR_ID,PRODUCTO_ID,PRECIO_COMPRA) VALUES(17,1131, 1.000000);

-- ===========PRODUCTO [1132]
INSERT INTO PRODUCTO(ID,MARCA_ID,NOMBRE,PRESENTACION,CONTENIDO,UNIDADES_POR_CAJA,COSTO,COSTO_VENTA,PRECIO_BASE,UNIDAD_MEDIDA,CODIGO_BARRAS) VALUES(1132,30,'Ponds Solida','Rejuveness',300,12.0,1.000000,1.000000,1.000000,'G',7.501056326067E12);

INSERT INTO MOVIMIENTO_HISTORICO_PRODUCTO (ALMACEN_ID,PRODUCTO_ID,FECHA,TIPO_MOVIMIENTO_ID,CANTIDAD,COSTO,PRECIO,USUARIO_ID) VALUES(1,1132,now(),30,1,1.000000,1.000000,'root');
INSERT INTO ALMACEN_PRODUCTO(ALMACEN_ID,PRODUCTO_ID,CANTIDAD_ACTUAL,CANTIDAD_MINIMA,PRECIO_VENTA) VALUES (1,1132,1,0,1.000000);

INSERT INTO ALMACEN_PRODUCTO(ALMACEN_ID,PRODUCTO_ID,CANTIDAD_ACTUAL,CANTIDAD_MINIMA,PRECIO_VENTA) VALUES (2,1132,0,0,1.000000);

INSERT INTO ALMACEN_PRODUCTO(ALMACEN_ID,PRODUCTO_ID,CANTIDAD_ACTUAL,CANTIDAD_MINIMA,PRECIO_VENTA) VALUES (3,1132,1,0,1.000000);

INSERT INTO ALMACEN_PRODUCTO(ALMACEN_ID,PRODUCTO_ID,CANTIDAD_ACTUAL,CANTIDAD_MINIMA,PRECIO_VENTA) VALUES (4,1132,1,0,1.000000);

INSERT INTO PROVEEDOR_PRODUCTO(PROVEEDOR_ID,PRODUCTO_ID,PRECIO_COMPRA) VALUES(17,1132, 1.000000);

-- ===========PRODUCTO [1133]
INSERT INTO PRODUCTO(ID,MARCA_ID,NOMBRE,PRESENTACION,CONTENIDO,UNIDADES_POR_CAJA,COSTO,COSTO_VENTA,PRECIO_BASE,UNIDAD_MEDIDA,CODIGO_BARRAS) VALUES(1133,30,'Ponds Liquida','Byo Hydratante SPF 15',120,12.0,1.000000,1.000000,1.000000,'ML',7.501056325657E12);

INSERT INTO MOVIMIENTO_HISTORICO_PRODUCTO (ALMACEN_ID,PRODUCTO_ID,FECHA,TIPO_MOVIMIENTO_ID,CANTIDAD,COSTO,PRECIO,USUARIO_ID) VALUES(1,1133,now(),30,1,1.000000,1.000000,'root');
INSERT INTO ALMACEN_PRODUCTO(ALMACEN_ID,PRODUCTO_ID,CANTIDAD_ACTUAL,CANTIDAD_MINIMA,PRECIO_VENTA) VALUES (1,1133,1,0,1.000000);

INSERT INTO ALMACEN_PRODUCTO(ALMACEN_ID,PRODUCTO_ID,CANTIDAD_ACTUAL,CANTIDAD_MINIMA,PRECIO_VENTA) VALUES (2,1133,0,0,1.000000);

INSERT INTO ALMACEN_PRODUCTO(ALMACEN_ID,PRODUCTO_ID,CANTIDAD_ACTUAL,CANTIDAD_MINIMA,PRECIO_VENTA) VALUES (3,1133,1,0,1.000000);

INSERT INTO ALMACEN_PRODUCTO(ALMACEN_ID,PRODUCTO_ID,CANTIDAD_ACTUAL,CANTIDAD_MINIMA,PRECIO_VENTA) VALUES (4,1133,1,0,1.000000);

INSERT INTO PROVEEDOR_PRODUCTO(PROVEEDOR_ID,PRODUCTO_ID,PRECIO_COMPRA) VALUES(17,1133, 1.000000);

-- ===========PRODUCTO [1134]
INSERT INTO PRODUCTO(ID,MARCA_ID,NOMBRE,PRESENTACION,CONTENIDO,UNIDADES_POR_CAJA,COSTO,COSTO_VENTA,PRECIO_BASE,UNIDAD_MEDIDA,CODIGO_BARRAS) VALUES(1134,35,'Colgate Pasta Dental','Max Fresh Cool Mint',22,144.0,1.000000,1.000000,1.000000,'ML',7.509546013527E12);

INSERT INTO MOVIMIENTO_HISTORICO_PRODUCTO (ALMACEN_ID,PRODUCTO_ID,FECHA,TIPO_MOVIMIENTO_ID,CANTIDAD,COSTO,PRECIO,USUARIO_ID) VALUES(1,1134,now(),30,1,1.000000,1.000000,'root');
INSERT INTO ALMACEN_PRODUCTO(ALMACEN_ID,PRODUCTO_ID,CANTIDAD_ACTUAL,CANTIDAD_MINIMA,PRECIO_VENTA) VALUES (1,1134,1,0,1.000000);

INSERT INTO ALMACEN_PRODUCTO(ALMACEN_ID,PRODUCTO_ID,CANTIDAD_ACTUAL,CANTIDAD_MINIMA,PRECIO_VENTA) VALUES (2,1134,0,0,1.000000);

INSERT INTO ALMACEN_PRODUCTO(ALMACEN_ID,PRODUCTO_ID,CANTIDAD_ACTUAL,CANTIDAD_MINIMA,PRECIO_VENTA) VALUES (3,1134,1,0,1.000000);

INSERT INTO ALMACEN_PRODUCTO(ALMACEN_ID,PRODUCTO_ID,CANTIDAD_ACTUAL,CANTIDAD_MINIMA,PRECIO_VENTA) VALUES (4,1134,1,0,1.000000);

INSERT INTO PROVEEDOR_PRODUCTO(PROVEEDOR_ID,PRODUCTO_ID,PRECIO_COMPRA) VALUES(6,1134, 1.000000);

-- ===========PRODUCTO [1135]
INSERT INTO PRODUCTO(ID,MARCA_ID,NOMBRE,PRESENTACION,CONTENIDO,UNIDADES_POR_CAJA,COSTO,COSTO_VENTA,PRECIO_BASE,UNIDAD_MEDIDA,CODIGO_BARRAS) VALUES(1135,21,'Elvive Shampoo','Color Vive',200,12.0,1.000000,1.000000,1.000000,'ML',7.506078959033E12);

INSERT INTO MOVIMIENTO_HISTORICO_PRODUCTO (ALMACEN_ID,PRODUCTO_ID,FECHA,TIPO_MOVIMIENTO_ID,CANTIDAD,COSTO,PRECIO,USUARIO_ID) VALUES(1,1135,now(),30,8,1.000000,1.000000,'root');
INSERT INTO ALMACEN_PRODUCTO(ALMACEN_ID,PRODUCTO_ID,CANTIDAD_ACTUAL,CANTIDAD_MINIMA,PRECIO_VENTA) VALUES (1,1135,8,0,1.000000);

INSERT INTO ALMACEN_PRODUCTO(ALMACEN_ID,PRODUCTO_ID,CANTIDAD_ACTUAL,CANTIDAD_MINIMA,PRECIO_VENTA) VALUES (2,1135,0,0,1.000000);

INSERT INTO ALMACEN_PRODUCTO(ALMACEN_ID,PRODUCTO_ID,CANTIDAD_ACTUAL,CANTIDAD_MINIMA,PRECIO_VENTA) VALUES (3,1135,8,0,1.000000);

INSERT INTO ALMACEN_PRODUCTO(ALMACEN_ID,PRODUCTO_ID,CANTIDAD_ACTUAL,CANTIDAD_MINIMA,PRECIO_VENTA) VALUES (4,1135,8,0,1.000000);

INSERT INTO PROVEEDOR_PRODUCTO(PROVEEDOR_ID,PRODUCTO_ID,PRECIO_COMPRA) VALUES(10,1135, 1.000000);

-- ===========PRODUCTO [1136]
INSERT INTO PRODUCTO(ID,MARCA_ID,NOMBRE,PRESENTACION,CONTENIDO,UNIDADES_POR_CAJA,COSTO,COSTO_VENTA,PRECIO_BASE,UNIDAD_MEDIDA,CODIGO_BARRAS) VALUES(1136,21,'Elvive Shampoo','Reparacion Total 5',200,12.0,1.000000,1.000000,1.000000,'ML',7.506078959057E12);

INSERT INTO MOVIMIENTO_HISTORICO_PRODUCTO (ALMACEN_ID,PRODUCTO_ID,FECHA,TIPO_MOVIMIENTO_ID,CANTIDAD,COSTO,PRECIO,USUARIO_ID) VALUES(1,1136,now(),30,11,1.000000,1.000000,'root');
INSERT INTO ALMACEN_PRODUCTO(ALMACEN_ID,PRODUCTO_ID,CANTIDAD_ACTUAL,CANTIDAD_MINIMA,PRECIO_VENTA) VALUES (1,1136,11,0,1.000000);

INSERT INTO ALMACEN_PRODUCTO(ALMACEN_ID,PRODUCTO_ID,CANTIDAD_ACTUAL,CANTIDAD_MINIMA,PRECIO_VENTA) VALUES (2,1136,0,0,1.000000);

INSERT INTO ALMACEN_PRODUCTO(ALMACEN_ID,PRODUCTO_ID,CANTIDAD_ACTUAL,CANTIDAD_MINIMA,PRECIO_VENTA) VALUES (3,1136,11,0,1.000000);

INSERT INTO ALMACEN_PRODUCTO(ALMACEN_ID,PRODUCTO_ID,CANTIDAD_ACTUAL,CANTIDAD_MINIMA,PRECIO_VENTA) VALUES (4,1136,11,0,1.000000);

INSERT INTO PROVEEDOR_PRODUCTO(PROVEEDOR_ID,PRODUCTO_ID,PRECIO_COMPRA) VALUES(10,1136, 1.000000);

-- ===========PRODUCTO [1139]
INSERT INTO PRODUCTO(ID,MARCA_ID,NOMBRE,PRESENTACION,CONTENIDO,UNIDADES_POR_CAJA,COSTO,COSTO_VENTA,PRECIO_BASE,UNIDAD_MEDIDA,CODIGO_BARRAS) VALUES(1139,9,'Coty Body Fresh Locion','Sexy',236,12.0,1.000000,1.000000,1.000000,'ML',7.501737404374E12);

INSERT INTO MOVIMIENTO_HISTORICO_PRODUCTO (ALMACEN_ID,PRODUCTO_ID,FECHA,TIPO_MOVIMIENTO_ID,CANTIDAD,COSTO,PRECIO,USUARIO_ID) VALUES(1,1139,now(),30,1,1.000000,1.000000,'root');
INSERT INTO ALMACEN_PRODUCTO(ALMACEN_ID,PRODUCTO_ID,CANTIDAD_ACTUAL,CANTIDAD_MINIMA,PRECIO_VENTA) VALUES (1,1139,1,0,1.000000);

INSERT INTO ALMACEN_PRODUCTO(ALMACEN_ID,PRODUCTO_ID,CANTIDAD_ACTUAL,CANTIDAD_MINIMA,PRECIO_VENTA) VALUES (2,1139,0,0,1.000000);

INSERT INTO ALMACEN_PRODUCTO(ALMACEN_ID,PRODUCTO_ID,CANTIDAD_ACTUAL,CANTIDAD_MINIMA,PRECIO_VENTA) VALUES (3,1139,1,0,1.000000);

INSERT INTO ALMACEN_PRODUCTO(ALMACEN_ID,PRODUCTO_ID,CANTIDAD_ACTUAL,CANTIDAD_MINIMA,PRECIO_VENTA) VALUES (4,1139,1,0,1.000000);

INSERT INTO PROVEEDOR_PRODUCTO(PROVEEDOR_ID,PRODUCTO_ID,PRECIO_COMPRA) VALUES(13,1139, 1.000000);

-- ===========PRODUCTO [1140]
INSERT INTO PRODUCTO(ID,MARCA_ID,NOMBRE,PRESENTACION,CONTENIDO,UNIDADES_POR_CAJA,COSTO,COSTO_VENTA,PRECIO_BASE,UNIDAD_MEDIDA,CODIGO_BARRAS) VALUES(1140,14,'Fructis Garnier Shampoo','Liso Absoluto Alaciado',975,6.0,1.000000,1.000000,1.000000,'ML',7.506078994966E12);

INSERT INTO MOVIMIENTO_HISTORICO_PRODUCTO (ALMACEN_ID,PRODUCTO_ID,FECHA,TIPO_MOVIMIENTO_ID,CANTIDAD,COSTO,PRECIO,USUARIO_ID) VALUES(1,1140,now(),30,3,1.000000,1.000000,'root');
INSERT INTO ALMACEN_PRODUCTO(ALMACEN_ID,PRODUCTO_ID,CANTIDAD_ACTUAL,CANTIDAD_MINIMA,PRECIO_VENTA) VALUES (1,1140,3,0,1.000000);

INSERT INTO ALMACEN_PRODUCTO(ALMACEN_ID,PRODUCTO_ID,CANTIDAD_ACTUAL,CANTIDAD_MINIMA,PRECIO_VENTA) VALUES (2,1140,0,0,1.000000);

INSERT INTO ALMACEN_PRODUCTO(ALMACEN_ID,PRODUCTO_ID,CANTIDAD_ACTUAL,CANTIDAD_MINIMA,PRECIO_VENTA) VALUES (3,1140,3,0,1.000000);

INSERT INTO ALMACEN_PRODUCTO(ALMACEN_ID,PRODUCTO_ID,CANTIDAD_ACTUAL,CANTIDAD_MINIMA,PRECIO_VENTA) VALUES (4,1140,3,0,1.000000);

INSERT INTO PROVEEDOR_PRODUCTO(PROVEEDOR_ID,PRODUCTO_ID,PRECIO_COMPRA) VALUES(13,1140, 1.000000);

-- ===========PRODUCTO [1141]
INSERT INTO PRODUCTO(ID,MARCA_ID,NOMBRE,PRESENTACION,CONTENIDO,UNIDADES_POR_CAJA,COSTO,COSTO_VENTA,PRECIO_BASE,UNIDAD_MEDIDA,CODIGO_BARRAS) VALUES(1141,21,'Elvive Shampoo','Nutri Gloss',400,12.0,1.000000,1.000000,1.000000,'ML',7.50607890954E12);

INSERT INTO MOVIMIENTO_HISTORICO_PRODUCTO (ALMACEN_ID,PRODUCTO_ID,FECHA,TIPO_MOVIMIENTO_ID,CANTIDAD,COSTO,PRECIO,USUARIO_ID) VALUES(1,1141,now(),30,2,1.000000,1.000000,'root');
INSERT INTO ALMACEN_PRODUCTO(ALMACEN_ID,PRODUCTO_ID,CANTIDAD_ACTUAL,CANTIDAD_MINIMA,PRECIO_VENTA) VALUES (1,1141,2,0,1.000000);

INSERT INTO ALMACEN_PRODUCTO(ALMACEN_ID,PRODUCTO_ID,CANTIDAD_ACTUAL,CANTIDAD_MINIMA,PRECIO_VENTA) VALUES (2,1141,2,0,1.000000);

INSERT INTO ALMACEN_PRODUCTO(ALMACEN_ID,PRODUCTO_ID,CANTIDAD_ACTUAL,CANTIDAD_MINIMA,PRECIO_VENTA) VALUES (3,1141,2,0,1.000000);

INSERT INTO ALMACEN_PRODUCTO(ALMACEN_ID,PRODUCTO_ID,CANTIDAD_ACTUAL,CANTIDAD_MINIMA,PRECIO_VENTA) VALUES (4,1141,2,0,1.000000);

INSERT INTO PROVEEDOR_PRODUCTO(PROVEEDOR_ID,PRODUCTO_ID,PRECIO_COMPRA) VALUES(10,1141, 1.000000);

-- ===========PRODUCTO [1142]
INSERT INTO PRODUCTO(ID,MARCA_ID,NOMBRE,PRESENTACION,CONTENIDO,UNIDADES_POR_CAJA,COSTO,COSTO_VENTA,PRECIO_BASE,UNIDAD_MEDIDA,CODIGO_BARRAS) VALUES(1142,21,'Elvive Acondicionador','Nutri Gloss',400,12.0,1.000000,1.000000,1.000000,'ML',7.506078909557E12);

INSERT INTO MOVIMIENTO_HISTORICO_PRODUCTO (ALMACEN_ID,PRODUCTO_ID,FECHA,TIPO_MOVIMIENTO_ID,CANTIDAD,COSTO,PRECIO,USUARIO_ID) VALUES(1,1142,now(),30,11,1.000000,1.000000,'root');
INSERT INTO ALMACEN_PRODUCTO(ALMACEN_ID,PRODUCTO_ID,CANTIDAD_ACTUAL,CANTIDAD_MINIMA,PRECIO_VENTA) VALUES (1,1142,11,0,1.000000);

INSERT INTO ALMACEN_PRODUCTO(ALMACEN_ID,PRODUCTO_ID,CANTIDAD_ACTUAL,CANTIDAD_MINIMA,PRECIO_VENTA) VALUES (2,1142,1,0,1.000000);

INSERT INTO ALMACEN_PRODUCTO(ALMACEN_ID,PRODUCTO_ID,CANTIDAD_ACTUAL,CANTIDAD_MINIMA,PRECIO_VENTA) VALUES (3,1142,11,0,1.000000);

INSERT INTO ALMACEN_PRODUCTO(ALMACEN_ID,PRODUCTO_ID,CANTIDAD_ACTUAL,CANTIDAD_MINIMA,PRECIO_VENTA) VALUES (4,1142,11,0,1.000000);

INSERT INTO PROVEEDOR_PRODUCTO(PROVEEDOR_ID,PRODUCTO_ID,PRECIO_COMPRA) VALUES(10,1142, 1.000000);

-- ===========PRODUCTO [1143]
INSERT INTO PRODUCTO(ID,MARCA_ID,NOMBRE,PRESENTACION,CONTENIDO,UNIDADES_POR_CAJA,COSTO,COSTO_VENTA,PRECIO_BASE,UNIDAD_MEDIDA,CODIGO_BARRAS) VALUES(1143,22,'Loreal Kids Crema Shampoo','Explosión de Coco',265,12.0,1.000000,1.000000,1.000000,'ML',7.506078941762E12);

INSERT INTO MOVIMIENTO_HISTORICO_PRODUCTO (ALMACEN_ID,PRODUCTO_ID,FECHA,TIPO_MOVIMIENTO_ID,CANTIDAD,COSTO,PRECIO,USUARIO_ID) VALUES(1,1143,now(),30,4,1.000000,1.000000,'root');
INSERT INTO ALMACEN_PRODUCTO(ALMACEN_ID,PRODUCTO_ID,CANTIDAD_ACTUAL,CANTIDAD_MINIMA,PRECIO_VENTA) VALUES (1,1143,4,0,1.000000);

INSERT INTO ALMACEN_PRODUCTO(ALMACEN_ID,PRODUCTO_ID,CANTIDAD_ACTUAL,CANTIDAD_MINIMA,PRECIO_VENTA) VALUES (2,1143,0,0,1.000000);

INSERT INTO ALMACEN_PRODUCTO(ALMACEN_ID,PRODUCTO_ID,CANTIDAD_ACTUAL,CANTIDAD_MINIMA,PRECIO_VENTA) VALUES (3,1143,4,0,1.000000);

INSERT INTO ALMACEN_PRODUCTO(ALMACEN_ID,PRODUCTO_ID,CANTIDAD_ACTUAL,CANTIDAD_MINIMA,PRECIO_VENTA) VALUES (4,1143,4,0,1.000000);

INSERT INTO PROVEEDOR_PRODUCTO(PROVEEDOR_ID,PRODUCTO_ID,PRECIO_COMPRA) VALUES(13,1143, 1.000000);

-- ===========PRODUCTO [1144]
INSERT INTO PRODUCTO(ID,MARCA_ID,NOMBRE,PRESENTACION,CONTENIDO,UNIDADES_POR_CAJA,COSTO,COSTO_VENTA,PRECIO_BASE,UNIDAD_MEDIDA,CODIGO_BARRAS) VALUES(1144,74,'Vide Gel Antibacterial','Fresh Citrus',250,24.0,1.000000,1.000000,1.000000,'ML',7.50300785931E12);

INSERT INTO MOVIMIENTO_HISTORICO_PRODUCTO (ALMACEN_ID,PRODUCTO_ID,FECHA,TIPO_MOVIMIENTO_ID,CANTIDAD,COSTO,PRECIO,USUARIO_ID) VALUES(1,1144,now(),30,3,1.000000,1.000000,'root');
INSERT INTO ALMACEN_PRODUCTO(ALMACEN_ID,PRODUCTO_ID,CANTIDAD_ACTUAL,CANTIDAD_MINIMA,PRECIO_VENTA) VALUES (1,1144,3,0,1.000000);

INSERT INTO ALMACEN_PRODUCTO(ALMACEN_ID,PRODUCTO_ID,CANTIDAD_ACTUAL,CANTIDAD_MINIMA,PRECIO_VENTA) VALUES (2,1144,1,0,1.000000);

INSERT INTO ALMACEN_PRODUCTO(ALMACEN_ID,PRODUCTO_ID,CANTIDAD_ACTUAL,CANTIDAD_MINIMA,PRECIO_VENTA) VALUES (3,1144,3,0,1.000000);

INSERT INTO ALMACEN_PRODUCTO(ALMACEN_ID,PRODUCTO_ID,CANTIDAD_ACTUAL,CANTIDAD_MINIMA,PRECIO_VENTA) VALUES (4,1144,3,0,1.000000);

INSERT INTO PROVEEDOR_PRODUCTO(PROVEEDOR_ID,PRODUCTO_ID,PRECIO_COMPRA) VALUES(1,1144, 1.000000);

-- ===========PRODUCTO [1145]
INSERT INTO PRODUCTO(ID,MARCA_ID,NOMBRE,PRESENTACION,CONTENIDO,UNIDADES_POR_CAJA,COSTO,COSTO_VENTA,PRECIO_BASE,UNIDAD_MEDIDA,CODIGO_BARRAS) VALUES(1145,12,'Ammens Gel Antibacterial','Aloe Vera',250,6.0,1.000000,1.000000,1.000000,'ML',7.502221184451E12);

INSERT INTO MOVIMIENTO_HISTORICO_PRODUCTO (ALMACEN_ID,PRODUCTO_ID,FECHA,TIPO_MOVIMIENTO_ID,CANTIDAD,COSTO,PRECIO,USUARIO_ID) VALUES(1,1145,now(),30,2,1.000000,1.000000,'root');
INSERT INTO ALMACEN_PRODUCTO(ALMACEN_ID,PRODUCTO_ID,CANTIDAD_ACTUAL,CANTIDAD_MINIMA,PRECIO_VENTA) VALUES (1,1145,2,0,1.000000);

INSERT INTO ALMACEN_PRODUCTO(ALMACEN_ID,PRODUCTO_ID,CANTIDAD_ACTUAL,CANTIDAD_MINIMA,PRECIO_VENTA) VALUES (2,1145,5,0,1.000000);

INSERT INTO ALMACEN_PRODUCTO(ALMACEN_ID,PRODUCTO_ID,CANTIDAD_ACTUAL,CANTIDAD_MINIMA,PRECIO_VENTA) VALUES (3,1145,2,0,1.000000);

INSERT INTO ALMACEN_PRODUCTO(ALMACEN_ID,PRODUCTO_ID,CANTIDAD_ACTUAL,CANTIDAD_MINIMA,PRECIO_VENTA) VALUES (4,1145,2,0,1.000000);

INSERT INTO PROVEEDOR_PRODUCTO(PROVEEDOR_ID,PRODUCTO_ID,PRECIO_COMPRA) VALUES(18,1145, 1.000000);

-- ===========PRODUCTO [1146]
INSERT INTO PRODUCTO(ID,MARCA_ID,NOMBRE,PRESENTACION,CONTENIDO,UNIDADES_POR_CAJA,COSTO,COSTO_VENTA,PRECIO_BASE,UNIDAD_MEDIDA,CODIGO_BARRAS) VALUES(1146,25,'Baby Braner Aceite','Vitamina E',400,12.0,1.000000,1.000000,1.000000,'ML',7.506038311062E12);

INSERT INTO MOVIMIENTO_HISTORICO_PRODUCTO (ALMACEN_ID,PRODUCTO_ID,FECHA,TIPO_MOVIMIENTO_ID,CANTIDAD,COSTO,PRECIO,USUARIO_ID) VALUES(1,1146,now(),30,5,1.000000,1.000000,'root');
INSERT INTO ALMACEN_PRODUCTO(ALMACEN_ID,PRODUCTO_ID,CANTIDAD_ACTUAL,CANTIDAD_MINIMA,PRECIO_VENTA) VALUES (1,1146,5,0,1.000000);

INSERT INTO ALMACEN_PRODUCTO(ALMACEN_ID,PRODUCTO_ID,CANTIDAD_ACTUAL,CANTIDAD_MINIMA,PRECIO_VENTA) VALUES (2,1146,0,0,1.000000);

INSERT INTO ALMACEN_PRODUCTO(ALMACEN_ID,PRODUCTO_ID,CANTIDAD_ACTUAL,CANTIDAD_MINIMA,PRECIO_VENTA) VALUES (3,1146,5,0,1.000000);

INSERT INTO ALMACEN_PRODUCTO(ALMACEN_ID,PRODUCTO_ID,CANTIDAD_ACTUAL,CANTIDAD_MINIMA,PRECIO_VENTA) VALUES (4,1146,5,0,1.000000);

INSERT INTO PROVEEDOR_PRODUCTO(PROVEEDOR_ID,PRODUCTO_ID,PRECIO_COMPRA) VALUES(17,1146, 1.000000);

-- ===========PRODUCTO [1147]
INSERT INTO PRODUCTO(ID,MARCA_ID,NOMBRE,PRESENTACION,CONTENIDO,UNIDADES_POR_CAJA,COSTO,COSTO_VENTA,PRECIO_BASE,UNIDAD_MEDIDA,CODIGO_BARRAS) VALUES(1147,25,'Baby Braner Aceite','Aloe Vera',400,12.0,1.000000,1.000000,1.000000,'ML',7.506038311055E12);

INSERT INTO MOVIMIENTO_HISTORICO_PRODUCTO (ALMACEN_ID,PRODUCTO_ID,FECHA,TIPO_MOVIMIENTO_ID,CANTIDAD,COSTO,PRECIO,USUARIO_ID) VALUES(1,1147,now(),30,4,1.000000,1.000000,'root');
INSERT INTO ALMACEN_PRODUCTO(ALMACEN_ID,PRODUCTO_ID,CANTIDAD_ACTUAL,CANTIDAD_MINIMA,PRECIO_VENTA) VALUES (1,1147,4,0,1.000000);

INSERT INTO ALMACEN_PRODUCTO(ALMACEN_ID,PRODUCTO_ID,CANTIDAD_ACTUAL,CANTIDAD_MINIMA,PRECIO_VENTA) VALUES (2,1147,0,0,1.000000);

INSERT INTO ALMACEN_PRODUCTO(ALMACEN_ID,PRODUCTO_ID,CANTIDAD_ACTUAL,CANTIDAD_MINIMA,PRECIO_VENTA) VALUES (3,1147,4,0,1.000000);

INSERT INTO ALMACEN_PRODUCTO(ALMACEN_ID,PRODUCTO_ID,CANTIDAD_ACTUAL,CANTIDAD_MINIMA,PRECIO_VENTA) VALUES (4,1147,4,0,1.000000);

INSERT INTO PROVEEDOR_PRODUCTO(PROVEEDOR_ID,PRODUCTO_ID,PRECIO_COMPRA) VALUES(17,1147, 1.000000);

-- ===========PRODUCTO [1148]
INSERT INTO PRODUCTO(ID,MARCA_ID,NOMBRE,PRESENTACION,CONTENIDO,UNIDADES_POR_CAJA,COSTO,COSTO_VENTA,PRECIO_BASE,UNIDAD_MEDIDA,CODIGO_BARRAS) VALUES(1148,54,'Real Liquida','Diabeskin',380,24.0,1.000000,1.000000,1.000000,'ML',7.501039701256E12);

INSERT INTO MOVIMIENTO_HISTORICO_PRODUCTO (ALMACEN_ID,PRODUCTO_ID,FECHA,TIPO_MOVIMIENTO_ID,CANTIDAD,COSTO,PRECIO,USUARIO_ID) VALUES(1,1148,now(),30,20,1.000000,1.000000,'root');
INSERT INTO ALMACEN_PRODUCTO(ALMACEN_ID,PRODUCTO_ID,CANTIDAD_ACTUAL,CANTIDAD_MINIMA,PRECIO_VENTA) VALUES (1,1148,20,0,1.000000);

INSERT INTO ALMACEN_PRODUCTO(ALMACEN_ID,PRODUCTO_ID,CANTIDAD_ACTUAL,CANTIDAD_MINIMA,PRECIO_VENTA) VALUES (2,1148,0,0,1.000000);

INSERT INTO ALMACEN_PRODUCTO(ALMACEN_ID,PRODUCTO_ID,CANTIDAD_ACTUAL,CANTIDAD_MINIMA,PRECIO_VENTA) VALUES (3,1148,20,0,1.000000);

INSERT INTO ALMACEN_PRODUCTO(ALMACEN_ID,PRODUCTO_ID,CANTIDAD_ACTUAL,CANTIDAD_MINIMA,PRECIO_VENTA) VALUES (4,1148,20,0,1.000000);

INSERT INTO PROVEEDOR_PRODUCTO(PROVEEDOR_ID,PRODUCTO_ID,PRECIO_COMPRA) VALUES(26,1148, 1.000000);

-- ===========PRODUCTO [1150]
INSERT INTO PRODUCTO(ID,MARCA_ID,NOMBRE,PRESENTACION,CONTENIDO,UNIDADES_POR_CAJA,COSTO,COSTO_VENTA,PRECIO_BASE,UNIDAD_MEDIDA,CODIGO_BARRAS) VALUES(1150,36,'Caprice Shampoo','Apple Temptation',220,15.0,1.000000,1.000000,1.000000,'ML',7.509546056258E12);

INSERT INTO MOVIMIENTO_HISTORICO_PRODUCTO (ALMACEN_ID,PRODUCTO_ID,FECHA,TIPO_MOVIMIENTO_ID,CANTIDAD,COSTO,PRECIO,USUARIO_ID) VALUES(1,1150,now(),30,15,1.000000,1.000000,'root');
INSERT INTO ALMACEN_PRODUCTO(ALMACEN_ID,PRODUCTO_ID,CANTIDAD_ACTUAL,CANTIDAD_MINIMA,PRECIO_VENTA) VALUES (1,1150,15,0,1.000000);

INSERT INTO ALMACEN_PRODUCTO(ALMACEN_ID,PRODUCTO_ID,CANTIDAD_ACTUAL,CANTIDAD_MINIMA,PRECIO_VENTA) VALUES (2,1150,0,0,1.000000);

INSERT INTO ALMACEN_PRODUCTO(ALMACEN_ID,PRODUCTO_ID,CANTIDAD_ACTUAL,CANTIDAD_MINIMA,PRECIO_VENTA) VALUES (3,1150,15,0,1.000000);

INSERT INTO ALMACEN_PRODUCTO(ALMACEN_ID,PRODUCTO_ID,CANTIDAD_ACTUAL,CANTIDAD_MINIMA,PRECIO_VENTA) VALUES (4,1150,15,0,1.000000);

INSERT INTO PROVEEDOR_PRODUCTO(PROVEEDOR_ID,PRODUCTO_ID,PRECIO_COMPRA) VALUES(6,1150, 1.000000);

-- ===========PRODUCTO [1151]
INSERT INTO PRODUCTO(ID,MARCA_ID,NOMBRE,PRESENTACION,CONTENIDO,UNIDADES_POR_CAJA,COSTO,COSTO_VENTA,PRECIO_BASE,UNIDAD_MEDIDA,CODIGO_BARRAS) VALUES(1151,15,'Lady Rollon Dama','Floral Fresh',30,48.0,1.000000,1.000000,1.000000,'ML',7.5036492E7);

INSERT INTO MOVIMIENTO_HISTORICO_PRODUCTO (ALMACEN_ID,PRODUCTO_ID,FECHA,TIPO_MOVIMIENTO_ID,CANTIDAD,COSTO,PRECIO,USUARIO_ID) VALUES(1,1151,now(),30,48,1.000000,1.000000,'root');
INSERT INTO ALMACEN_PRODUCTO(ALMACEN_ID,PRODUCTO_ID,CANTIDAD_ACTUAL,CANTIDAD_MINIMA,PRECIO_VENTA) VALUES (1,1151,48,0,1.000000);

INSERT INTO ALMACEN_PRODUCTO(ALMACEN_ID,PRODUCTO_ID,CANTIDAD_ACTUAL,CANTIDAD_MINIMA,PRECIO_VENTA) VALUES (2,1151,0,0,1.000000);

INSERT INTO ALMACEN_PRODUCTO(ALMACEN_ID,PRODUCTO_ID,CANTIDAD_ACTUAL,CANTIDAD_MINIMA,PRECIO_VENTA) VALUES (3,1151,48,0,1.000000);

INSERT INTO ALMACEN_PRODUCTO(ALMACEN_ID,PRODUCTO_ID,CANTIDAD_ACTUAL,CANTIDAD_MINIMA,PRECIO_VENTA) VALUES (4,1151,48,0,1.000000);

INSERT INTO PROVEEDOR_PRODUCTO(PROVEEDOR_ID,PRODUCTO_ID,PRECIO_COMPRA) VALUES(6,1151, 1.000000);

-- ===========PRODUCTO [1152]
INSERT INTO PRODUCTO(ID,MARCA_ID,NOMBRE,PRESENTACION,CONTENIDO,UNIDADES_POR_CAJA,COSTO,COSTO_VENTA,PRECIO_BASE,UNIDAD_MEDIDA,CODIGO_BARRAS) VALUES(1152,35,'Colgate Pasta Dental','Maxima Protección Anticaries',150,72.0,1.000000,1.000000,1.000000,'ML',7.501035911017E12);

INSERT INTO MOVIMIENTO_HISTORICO_PRODUCTO (ALMACEN_ID,PRODUCTO_ID,FECHA,TIPO_MOVIMIENTO_ID,CANTIDAD,COSTO,PRECIO,USUARIO_ID) VALUES(1,1152,now(),30,72,1.000000,1.000000,'root');
INSERT INTO ALMACEN_PRODUCTO(ALMACEN_ID,PRODUCTO_ID,CANTIDAD_ACTUAL,CANTIDAD_MINIMA,PRECIO_VENTA) VALUES (1,1152,72,0,1.000000);

INSERT INTO ALMACEN_PRODUCTO(ALMACEN_ID,PRODUCTO_ID,CANTIDAD_ACTUAL,CANTIDAD_MINIMA,PRECIO_VENTA) VALUES (2,1152,105,0,1.000000);

INSERT INTO ALMACEN_PRODUCTO(ALMACEN_ID,PRODUCTO_ID,CANTIDAD_ACTUAL,CANTIDAD_MINIMA,PRECIO_VENTA) VALUES (3,1152,72,0,1.000000);

INSERT INTO ALMACEN_PRODUCTO(ALMACEN_ID,PRODUCTO_ID,CANTIDAD_ACTUAL,CANTIDAD_MINIMA,PRECIO_VENTA) VALUES (4,1152,72,0,1.000000);

INSERT INTO PROVEEDOR_PRODUCTO(PROVEEDOR_ID,PRODUCTO_ID,PRECIO_COMPRA) VALUES(6,1152, 1.000000);

-- ===========PRODUCTO [1153]
INSERT INTO PRODUCTO(ID,MARCA_ID,NOMBRE,PRESENTACION,CONTENIDO,UNIDADES_POR_CAJA,COSTO,COSTO_VENTA,PRECIO_BASE,UNIDAD_MEDIDA,CODIGO_BARRAS) VALUES(1153,35,'Colgate Pasta Dental','Max Fresh Capsulas Enjuague',100,72.0,1.000000,1.000000,1.000000,'ML',7.509546048963E12);

INSERT INTO MOVIMIENTO_HISTORICO_PRODUCTO (ALMACEN_ID,PRODUCTO_ID,FECHA,TIPO_MOVIMIENTO_ID,CANTIDAD,COSTO,PRECIO,USUARIO_ID) VALUES(1,1153,now(),30,28,1.000000,1.000000,'root');
INSERT INTO ALMACEN_PRODUCTO(ALMACEN_ID,PRODUCTO_ID,CANTIDAD_ACTUAL,CANTIDAD_MINIMA,PRECIO_VENTA) VALUES (1,1153,28,0,1.000000);

INSERT INTO ALMACEN_PRODUCTO(ALMACEN_ID,PRODUCTO_ID,CANTIDAD_ACTUAL,CANTIDAD_MINIMA,PRECIO_VENTA) VALUES (2,1153,15,0,1.000000);

INSERT INTO ALMACEN_PRODUCTO(ALMACEN_ID,PRODUCTO_ID,CANTIDAD_ACTUAL,CANTIDAD_MINIMA,PRECIO_VENTA) VALUES (3,1153,28,0,1.000000);

INSERT INTO ALMACEN_PRODUCTO(ALMACEN_ID,PRODUCTO_ID,CANTIDAD_ACTUAL,CANTIDAD_MINIMA,PRECIO_VENTA) VALUES (4,1153,28,0,1.000000);

INSERT INTO PROVEEDOR_PRODUCTO(PROVEEDOR_ID,PRODUCTO_ID,PRECIO_COMPRA) VALUES(6,1153, 1.000000);

-- ===========PRODUCTO [1154]
INSERT INTO PRODUCTO(ID,MARCA_ID,NOMBRE,PRESENTACION,CONTENIDO,UNIDADES_POR_CAJA,COSTO,COSTO_VENTA,PRECIO_BASE,UNIDAD_MEDIDA,CODIGO_BARRAS) VALUES(1154,22,'Loreal Gel Studio FX','Radical',180,12.0,1.000000,1.000000,1.000000,'G',7.501027234704E12);

INSERT INTO MOVIMIENTO_HISTORICO_PRODUCTO (ALMACEN_ID,PRODUCTO_ID,FECHA,TIPO_MOVIMIENTO_ID,CANTIDAD,COSTO,PRECIO,USUARIO_ID) VALUES(1,1154,now(),30,7,1.000000,1.000000,'root');
INSERT INTO ALMACEN_PRODUCTO(ALMACEN_ID,PRODUCTO_ID,CANTIDAD_ACTUAL,CANTIDAD_MINIMA,PRECIO_VENTA) VALUES (1,1154,7,0,1.000000);

INSERT INTO ALMACEN_PRODUCTO(ALMACEN_ID,PRODUCTO_ID,CANTIDAD_ACTUAL,CANTIDAD_MINIMA,PRECIO_VENTA) VALUES (2,1154,0,0,1.000000);

INSERT INTO ALMACEN_PRODUCTO(ALMACEN_ID,PRODUCTO_ID,CANTIDAD_ACTUAL,CANTIDAD_MINIMA,PRECIO_VENTA) VALUES (3,1154,7,0,1.000000);

INSERT INTO ALMACEN_PRODUCTO(ALMACEN_ID,PRODUCTO_ID,CANTIDAD_ACTUAL,CANTIDAD_MINIMA,PRECIO_VENTA) VALUES (4,1154,7,0,1.000000);

INSERT INTO PROVEEDOR_PRODUCTO(PROVEEDOR_ID,PRODUCTO_ID,PRECIO_COMPRA) VALUES(13,1154, 1.000000);

-- ===========PRODUCTO [1155]
INSERT INTO PRODUCTO(ID,MARCA_ID,NOMBRE,PRESENTACION,CONTENIDO,UNIDADES_POR_CAJA,COSTO,COSTO_VENTA,PRECIO_BASE,UNIDAD_MEDIDA,CODIGO_BARRAS) VALUES(1155,22,'Loreal Gel Studio','Fijacion Maxima',180,12.0,1.000000,1.000000,1.000000,'G',7.5010272808E12);

INSERT INTO MOVIMIENTO_HISTORICO_PRODUCTO (ALMACEN_ID,PRODUCTO_ID,FECHA,TIPO_MOVIMIENTO_ID,CANTIDAD,COSTO,PRECIO,USUARIO_ID) VALUES(1,1155,now(),30,4,1.000000,1.000000,'root');
INSERT INTO ALMACEN_PRODUCTO(ALMACEN_ID,PRODUCTO_ID,CANTIDAD_ACTUAL,CANTIDAD_MINIMA,PRECIO_VENTA) VALUES (1,1155,4,0,1.000000);

INSERT INTO ALMACEN_PRODUCTO(ALMACEN_ID,PRODUCTO_ID,CANTIDAD_ACTUAL,CANTIDAD_MINIMA,PRECIO_VENTA) VALUES (2,1155,0,0,1.000000);

INSERT INTO ALMACEN_PRODUCTO(ALMACEN_ID,PRODUCTO_ID,CANTIDAD_ACTUAL,CANTIDAD_MINIMA,PRECIO_VENTA) VALUES (3,1155,4,0,1.000000);

INSERT INTO ALMACEN_PRODUCTO(ALMACEN_ID,PRODUCTO_ID,CANTIDAD_ACTUAL,CANTIDAD_MINIMA,PRECIO_VENTA) VALUES (4,1155,4,0,1.000000);

INSERT INTO PROVEEDOR_PRODUCTO(PROVEEDOR_ID,PRODUCTO_ID,PRECIO_COMPRA) VALUES(13,1155, 1.000000);

-- ===========PRODUCTO [1156]
INSERT INTO PRODUCTO(ID,MARCA_ID,NOMBRE,PRESENTACION,CONTENIDO,UNIDADES_POR_CAJA,COSTO,COSTO_VENTA,PRECIO_BASE,UNIDAD_MEDIDA,CODIGO_BARRAS) VALUES(1156,22,'Loreal Gel Studio FX','Invisigel Extra Fijacion',180,12.0,1.000000,1.000000,1.000000,'G',7.501027284945E12);

INSERT INTO MOVIMIENTO_HISTORICO_PRODUCTO (ALMACEN_ID,PRODUCTO_ID,FECHA,TIPO_MOVIMIENTO_ID,CANTIDAD,COSTO,PRECIO,USUARIO_ID) VALUES(1,1156,now(),30,14,1.000000,1.000000,'root');
INSERT INTO ALMACEN_PRODUCTO(ALMACEN_ID,PRODUCTO_ID,CANTIDAD_ACTUAL,CANTIDAD_MINIMA,PRECIO_VENTA) VALUES (1,1156,14,0,1.000000);

INSERT INTO ALMACEN_PRODUCTO(ALMACEN_ID,PRODUCTO_ID,CANTIDAD_ACTUAL,CANTIDAD_MINIMA,PRECIO_VENTA) VALUES (2,1156,0,0,1.000000);

INSERT INTO ALMACEN_PRODUCTO(ALMACEN_ID,PRODUCTO_ID,CANTIDAD_ACTUAL,CANTIDAD_MINIMA,PRECIO_VENTA) VALUES (3,1156,14,0,1.000000);

INSERT INTO ALMACEN_PRODUCTO(ALMACEN_ID,PRODUCTO_ID,CANTIDAD_ACTUAL,CANTIDAD_MINIMA,PRECIO_VENTA) VALUES (4,1156,14,0,1.000000);

INSERT INTO PROVEEDOR_PRODUCTO(PROVEEDOR_ID,PRODUCTO_ID,PRECIO_COMPRA) VALUES(13,1156, 1.000000);

-- ===========PRODUCTO [1157]
INSERT INTO PRODUCTO(ID,MARCA_ID,NOMBRE,PRESENTACION,CONTENIDO,UNIDADES_POR_CAJA,COSTO,COSTO_VENTA,PRECIO_BASE,UNIDAD_MEDIDA,CODIGO_BARRAS) VALUES(1157,22,'Loreal Gel Studio FX','Invisigel Ultra Fijacion',180,12.0,1.000000,1.000000,1.000000,'G',7.501027233974E12);

INSERT INTO MOVIMIENTO_HISTORICO_PRODUCTO (ALMACEN_ID,PRODUCTO_ID,FECHA,TIPO_MOVIMIENTO_ID,CANTIDAD,COSTO,PRECIO,USUARIO_ID) VALUES(1,1157,now(),30,12,1.000000,1.000000,'root');
INSERT INTO ALMACEN_PRODUCTO(ALMACEN_ID,PRODUCTO_ID,CANTIDAD_ACTUAL,CANTIDAD_MINIMA,PRECIO_VENTA) VALUES (1,1157,12,0,1.000000);

INSERT INTO ALMACEN_PRODUCTO(ALMACEN_ID,PRODUCTO_ID,CANTIDAD_ACTUAL,CANTIDAD_MINIMA,PRECIO_VENTA) VALUES (2,1157,0,0,1.000000);

INSERT INTO ALMACEN_PRODUCTO(ALMACEN_ID,PRODUCTO_ID,CANTIDAD_ACTUAL,CANTIDAD_MINIMA,PRECIO_VENTA) VALUES (3,1157,12,0,1.000000);

INSERT INTO ALMACEN_PRODUCTO(ALMACEN_ID,PRODUCTO_ID,CANTIDAD_ACTUAL,CANTIDAD_MINIMA,PRECIO_VENTA) VALUES (4,1157,12,0,1.000000);

INSERT INTO PROVEEDOR_PRODUCTO(PROVEEDOR_ID,PRODUCTO_ID,PRECIO_COMPRA) VALUES(13,1157, 1.000000);

-- ===========PRODUCTO [1158]
INSERT INTO PRODUCTO(ID,MARCA_ID,NOMBRE,PRESENTACION,CONTENIDO,UNIDADES_POR_CAJA,COSTO,COSTO_VENTA,PRECIO_BASE,UNIDAD_MEDIDA,CODIGO_BARRAS) VALUES(1158,47,'Bio Garnier Rollon','Cool',50,12.0,1.000000,1.000000,1.000000,'G',7.501839111989E12);

INSERT INTO MOVIMIENTO_HISTORICO_PRODUCTO (ALMACEN_ID,PRODUCTO_ID,FECHA,TIPO_MOVIMIENTO_ID,CANTIDAD,COSTO,PRECIO,USUARIO_ID) VALUES(1,1158,now(),30,10,1.000000,1.000000,'root');
INSERT INTO ALMACEN_PRODUCTO(ALMACEN_ID,PRODUCTO_ID,CANTIDAD_ACTUAL,CANTIDAD_MINIMA,PRECIO_VENTA) VALUES (1,1158,10,0,1.000000);

INSERT INTO ALMACEN_PRODUCTO(ALMACEN_ID,PRODUCTO_ID,CANTIDAD_ACTUAL,CANTIDAD_MINIMA,PRECIO_VENTA) VALUES (2,1158,0,0,1.000000);

INSERT INTO ALMACEN_PRODUCTO(ALMACEN_ID,PRODUCTO_ID,CANTIDAD_ACTUAL,CANTIDAD_MINIMA,PRECIO_VENTA) VALUES (3,1158,10,0,1.000000);

INSERT INTO ALMACEN_PRODUCTO(ALMACEN_ID,PRODUCTO_ID,CANTIDAD_ACTUAL,CANTIDAD_MINIMA,PRECIO_VENTA) VALUES (4,1158,10,0,1.000000);

INSERT INTO PROVEEDOR_PRODUCTO(PROVEEDOR_ID,PRODUCTO_ID,PRECIO_COMPRA) VALUES(13,1158, 1.000000);

-- ===========PRODUCTO [1159]
INSERT INTO PRODUCTO(ID,MARCA_ID,NOMBRE,PRESENTACION,CONTENIDO,UNIDADES_POR_CAJA,COSTO,COSTO_VENTA,PRECIO_BASE,UNIDAD_MEDIDA,CODIGO_BARRAS) VALUES(1159,47,'Bio Garnier Rollon','Ice',50,12.0,1.000000,1.000000,1.000000,'G',7.501839111965E12);

INSERT INTO MOVIMIENTO_HISTORICO_PRODUCTO (ALMACEN_ID,PRODUCTO_ID,FECHA,TIPO_MOVIMIENTO_ID,CANTIDAD,COSTO,PRECIO,USUARIO_ID) VALUES(1,1159,now(),30,13,1.000000,1.000000,'root');
INSERT INTO ALMACEN_PRODUCTO(ALMACEN_ID,PRODUCTO_ID,CANTIDAD_ACTUAL,CANTIDAD_MINIMA,PRECIO_VENTA) VALUES (1,1159,13,0,1.000000);

INSERT INTO ALMACEN_PRODUCTO(ALMACEN_ID,PRODUCTO_ID,CANTIDAD_ACTUAL,CANTIDAD_MINIMA,PRECIO_VENTA) VALUES (2,1159,0,0,1.000000);

INSERT INTO ALMACEN_PRODUCTO(ALMACEN_ID,PRODUCTO_ID,CANTIDAD_ACTUAL,CANTIDAD_MINIMA,PRECIO_VENTA) VALUES (3,1159,13,0,1.000000);

INSERT INTO ALMACEN_PRODUCTO(ALMACEN_ID,PRODUCTO_ID,CANTIDAD_ACTUAL,CANTIDAD_MINIMA,PRECIO_VENTA) VALUES (4,1159,13,0,1.000000);

INSERT INTO PROVEEDOR_PRODUCTO(PROVEEDOR_ID,PRODUCTO_ID,PRECIO_COMPRA) VALUES(13,1159, 1.000000);

-- ===========PRODUCTO [1160]
INSERT INTO PRODUCTO(ID,MARCA_ID,NOMBRE,PRESENTACION,CONTENIDO,UNIDADES_POR_CAJA,COSTO,COSTO_VENTA,PRECIO_BASE,UNIDAD_MEDIDA,CODIGO_BARRAS) VALUES(1160,47,'Bio Garnier Rollon','Mineral Dry Care',50,12.0,1.000000,1.000000,1.000000,'G',7.506078974067E12);

INSERT INTO MOVIMIENTO_HISTORICO_PRODUCTO (ALMACEN_ID,PRODUCTO_ID,FECHA,TIPO_MOVIMIENTO_ID,CANTIDAD,COSTO,PRECIO,USUARIO_ID) VALUES(1,1160,now(),30,12,1.000000,1.000000,'root');
INSERT INTO ALMACEN_PRODUCTO(ALMACEN_ID,PRODUCTO_ID,CANTIDAD_ACTUAL,CANTIDAD_MINIMA,PRECIO_VENTA) VALUES (1,1160,12,0,1.000000);

INSERT INTO ALMACEN_PRODUCTO(ALMACEN_ID,PRODUCTO_ID,CANTIDAD_ACTUAL,CANTIDAD_MINIMA,PRECIO_VENTA) VALUES (2,1160,0,0,1.000000);

INSERT INTO ALMACEN_PRODUCTO(ALMACEN_ID,PRODUCTO_ID,CANTIDAD_ACTUAL,CANTIDAD_MINIMA,PRECIO_VENTA) VALUES (3,1160,12,0,1.000000);

INSERT INTO ALMACEN_PRODUCTO(ALMACEN_ID,PRODUCTO_ID,CANTIDAD_ACTUAL,CANTIDAD_MINIMA,PRECIO_VENTA) VALUES (4,1160,12,0,1.000000);

INSERT INTO PROVEEDOR_PRODUCTO(PROVEEDOR_ID,PRODUCTO_ID,PRECIO_COMPRA) VALUES(13,1160, 1.000000);

-- ===========PRODUCTO [1161]
INSERT INTO PRODUCTO(ID,MARCA_ID,NOMBRE,PRESENTACION,CONTENIDO,UNIDADES_POR_CAJA,COSTO,COSTO_VENTA,PRECIO_BASE,UNIDAD_MEDIDA,CODIGO_BARRAS) VALUES(1161,47,'Bio Garnier Rollon','Natural',50,12.0,1.000000,1.000000,1.000000,'G',7.501839111996E12);

INSERT INTO MOVIMIENTO_HISTORICO_PRODUCTO (ALMACEN_ID,PRODUCTO_ID,FECHA,TIPO_MOVIMIENTO_ID,CANTIDAD,COSTO,PRECIO,USUARIO_ID) VALUES(1,1161,now(),30,12,1.000000,1.000000,'root');
INSERT INTO ALMACEN_PRODUCTO(ALMACEN_ID,PRODUCTO_ID,CANTIDAD_ACTUAL,CANTIDAD_MINIMA,PRECIO_VENTA) VALUES (1,1161,12,0,1.000000);

INSERT INTO ALMACEN_PRODUCTO(ALMACEN_ID,PRODUCTO_ID,CANTIDAD_ACTUAL,CANTIDAD_MINIMA,PRECIO_VENTA) VALUES (2,1161,0,0,1.000000);

INSERT INTO ALMACEN_PRODUCTO(ALMACEN_ID,PRODUCTO_ID,CANTIDAD_ACTUAL,CANTIDAD_MINIMA,PRECIO_VENTA) VALUES (3,1161,12,0,1.000000);

INSERT INTO ALMACEN_PRODUCTO(ALMACEN_ID,PRODUCTO_ID,CANTIDAD_ACTUAL,CANTIDAD_MINIMA,PRECIO_VENTA) VALUES (4,1161,12,0,1.000000);

INSERT INTO PROVEEDOR_PRODUCTO(PROVEEDOR_ID,PRODUCTO_ID,PRECIO_COMPRA) VALUES(13,1161, 1.000000);

-- ===========PRODUCTO [1162]
INSERT INTO PRODUCTO(ID,MARCA_ID,NOMBRE,PRESENTACION,CONTENIDO,UNIDADES_POR_CAJA,COSTO,COSTO_VENTA,PRECIO_BASE,UNIDAD_MEDIDA,CODIGO_BARRAS) VALUES(1162,47,'Bio Garnier Rollon','Mineral Dry Fresh',50,12.0,1.000000,1.000000,1.000000,'G',7.506078974081E12);

INSERT INTO MOVIMIENTO_HISTORICO_PRODUCTO (ALMACEN_ID,PRODUCTO_ID,FECHA,TIPO_MOVIMIENTO_ID,CANTIDAD,COSTO,PRECIO,USUARIO_ID) VALUES(1,1162,now(),30,12,1.000000,1.000000,'root');
INSERT INTO ALMACEN_PRODUCTO(ALMACEN_ID,PRODUCTO_ID,CANTIDAD_ACTUAL,CANTIDAD_MINIMA,PRECIO_VENTA) VALUES (1,1162,12,0,1.000000);

INSERT INTO ALMACEN_PRODUCTO(ALMACEN_ID,PRODUCTO_ID,CANTIDAD_ACTUAL,CANTIDAD_MINIMA,PRECIO_VENTA) VALUES (2,1162,0,0,1.000000);

INSERT INTO ALMACEN_PRODUCTO(ALMACEN_ID,PRODUCTO_ID,CANTIDAD_ACTUAL,CANTIDAD_MINIMA,PRECIO_VENTA) VALUES (3,1162,12,0,1.000000);

INSERT INTO ALMACEN_PRODUCTO(ALMACEN_ID,PRODUCTO_ID,CANTIDAD_ACTUAL,CANTIDAD_MINIMA,PRECIO_VENTA) VALUES (4,1162,12,0,1.000000);

INSERT INTO PROVEEDOR_PRODUCTO(PROVEEDOR_ID,PRODUCTO_ID,PRECIO_COMPRA) VALUES(13,1162, 1.000000);

-- ===========PRODUCTO [1163]
INSERT INTO PRODUCTO(ID,MARCA_ID,NOMBRE,PRESENTACION,CONTENIDO,UNIDADES_POR_CAJA,COSTO,COSTO_VENTA,PRECIO_BASE,UNIDAD_MEDIDA,CODIGO_BARRAS) VALUES(1163,2,'Adidas Rollon Dama','Pro Clear',50,12.0,1.000000,1.000000,1.000000,'G',7.5030063E7);

INSERT INTO MOVIMIENTO_HISTORICO_PRODUCTO (ALMACEN_ID,PRODUCTO_ID,FECHA,TIPO_MOVIMIENTO_ID,CANTIDAD,COSTO,PRECIO,USUARIO_ID) VALUES(1,1163,now(),30,8,1.000000,1.000000,'root');
INSERT INTO ALMACEN_PRODUCTO(ALMACEN_ID,PRODUCTO_ID,CANTIDAD_ACTUAL,CANTIDAD_MINIMA,PRECIO_VENTA) VALUES (1,1163,8,0,1.000000);

INSERT INTO ALMACEN_PRODUCTO(ALMACEN_ID,PRODUCTO_ID,CANTIDAD_ACTUAL,CANTIDAD_MINIMA,PRECIO_VENTA) VALUES (2,1163,0,0,1.000000);

INSERT INTO ALMACEN_PRODUCTO(ALMACEN_ID,PRODUCTO_ID,CANTIDAD_ACTUAL,CANTIDAD_MINIMA,PRECIO_VENTA) VALUES (3,1163,8,0,1.000000);

INSERT INTO ALMACEN_PRODUCTO(ALMACEN_ID,PRODUCTO_ID,CANTIDAD_ACTUAL,CANTIDAD_MINIMA,PRECIO_VENTA) VALUES (4,1163,8,0,1.000000);

INSERT INTO PROVEEDOR_PRODUCTO(PROVEEDOR_ID,PRODUCTO_ID,PRECIO_COMPRA) VALUES(13,1163, 1.000000);

-- ===========PRODUCTO [1164]
INSERT INTO PRODUCTO(ID,MARCA_ID,NOMBRE,PRESENTACION,CONTENIDO,UNIDADES_POR_CAJA,COSTO,COSTO_VENTA,PRECIO_BASE,UNIDAD_MEDIDA,CODIGO_BARRAS) VALUES(1164,2,'Adidas Rollon Dama','Control',50,12.0,1.000000,1.000000,1.000000,'G',7.5030087E7);

INSERT INTO MOVIMIENTO_HISTORICO_PRODUCTO (ALMACEN_ID,PRODUCTO_ID,FECHA,TIPO_MOVIMIENTO_ID,CANTIDAD,COSTO,PRECIO,USUARIO_ID) VALUES(1,1164,now(),30,12,1.000000,1.000000,'root');
INSERT INTO ALMACEN_PRODUCTO(ALMACEN_ID,PRODUCTO_ID,CANTIDAD_ACTUAL,CANTIDAD_MINIMA,PRECIO_VENTA) VALUES (1,1164,12,0,1.000000);

INSERT INTO ALMACEN_PRODUCTO(ALMACEN_ID,PRODUCTO_ID,CANTIDAD_ACTUAL,CANTIDAD_MINIMA,PRECIO_VENTA) VALUES (2,1164,0,0,1.000000);

INSERT INTO ALMACEN_PRODUCTO(ALMACEN_ID,PRODUCTO_ID,CANTIDAD_ACTUAL,CANTIDAD_MINIMA,PRECIO_VENTA) VALUES (3,1164,12,0,1.000000);

INSERT INTO ALMACEN_PRODUCTO(ALMACEN_ID,PRODUCTO_ID,CANTIDAD_ACTUAL,CANTIDAD_MINIMA,PRECIO_VENTA) VALUES (4,1164,12,0,1.000000);

INSERT INTO PROVEEDOR_PRODUCTO(PROVEEDOR_ID,PRODUCTO_ID,PRECIO_COMPRA) VALUES(13,1164, 1.000000);

-- ===========PRODUCTO [1165]
INSERT INTO PRODUCTO(ID,MARCA_ID,NOMBRE,PRESENTACION,CONTENIDO,UNIDADES_POR_CAJA,COSTO,COSTO_VENTA,PRECIO_BASE,UNIDAD_MEDIDA,CODIGO_BARRAS) VALUES(1165,19,'Rexona Rollon Dama','Bamboo',50,12.0,1.000000,1.000000,1.000000,'ML',7.891522E7);

INSERT INTO MOVIMIENTO_HISTORICO_PRODUCTO (ALMACEN_ID,PRODUCTO_ID,FECHA,TIPO_MOVIMIENTO_ID,CANTIDAD,COSTO,PRECIO,USUARIO_ID) VALUES(1,1165,now(),30,2,1.000000,1.000000,'root');
INSERT INTO ALMACEN_PRODUCTO(ALMACEN_ID,PRODUCTO_ID,CANTIDAD_ACTUAL,CANTIDAD_MINIMA,PRECIO_VENTA) VALUES (1,1165,2,0,1.000000);

INSERT INTO ALMACEN_PRODUCTO(ALMACEN_ID,PRODUCTO_ID,CANTIDAD_ACTUAL,CANTIDAD_MINIMA,PRECIO_VENTA) VALUES (2,1165,0,0,1.000000);

INSERT INTO ALMACEN_PRODUCTO(ALMACEN_ID,PRODUCTO_ID,CANTIDAD_ACTUAL,CANTIDAD_MINIMA,PRECIO_VENTA) VALUES (3,1165,2,0,1.000000);

INSERT INTO ALMACEN_PRODUCTO(ALMACEN_ID,PRODUCTO_ID,CANTIDAD_ACTUAL,CANTIDAD_MINIMA,PRECIO_VENTA) VALUES (4,1165,2,0,1.000000);

INSERT INTO PROVEEDOR_PRODUCTO(PROVEEDOR_ID,PRODUCTO_ID,PRECIO_COMPRA) VALUES(17,1165, 1.000000);

-- ===========PRODUCTO [1166]
INSERT INTO PRODUCTO(ID,MARCA_ID,NOMBRE,PRESENTACION,CONTENIDO,UNIDADES_POR_CAJA,COSTO,COSTO_VENTA,PRECIO_BASE,UNIDAD_MEDIDA,CODIGO_BARRAS) VALUES(1166,9,'Coty Body Fresh Locion','Magic Dream',236,12.0,1.000000,1.000000,1.000000,'ML',7.501737405906E12);

INSERT INTO MOVIMIENTO_HISTORICO_PRODUCTO (ALMACEN_ID,PRODUCTO_ID,FECHA,TIPO_MOVIMIENTO_ID,CANTIDAD,COSTO,PRECIO,USUARIO_ID) VALUES(1,1166,now(),30,11,1.000000,1.000000,'root');
INSERT INTO ALMACEN_PRODUCTO(ALMACEN_ID,PRODUCTO_ID,CANTIDAD_ACTUAL,CANTIDAD_MINIMA,PRECIO_VENTA) VALUES (1,1166,11,0,1.000000);

INSERT INTO ALMACEN_PRODUCTO(ALMACEN_ID,PRODUCTO_ID,CANTIDAD_ACTUAL,CANTIDAD_MINIMA,PRECIO_VENTA) VALUES (2,1166,0,0,1.000000);

INSERT INTO ALMACEN_PRODUCTO(ALMACEN_ID,PRODUCTO_ID,CANTIDAD_ACTUAL,CANTIDAD_MINIMA,PRECIO_VENTA) VALUES (3,1166,11,0,1.000000);

INSERT INTO ALMACEN_PRODUCTO(ALMACEN_ID,PRODUCTO_ID,CANTIDAD_ACTUAL,CANTIDAD_MINIMA,PRECIO_VENTA) VALUES (4,1166,11,0,1.000000);

INSERT INTO PROVEEDOR_PRODUCTO(PROVEEDOR_ID,PRODUCTO_ID,PRECIO_COMPRA) VALUES(13,1166, 1.000000);

-- ===========PRODUCTO [1167]
INSERT INTO PRODUCTO(ID,MARCA_ID,NOMBRE,PRESENTACION,CONTENIDO,UNIDADES_POR_CAJA,COSTO,COSTO_VENTA,PRECIO_BASE,UNIDAD_MEDIDA,CODIGO_BARRAS) VALUES(1167,9,'Coty Body Fresh Locion','Tahitian Orchid',236,12.0,1.000000,1.000000,1.000000,'ML',7.501737446756E12);

INSERT INTO MOVIMIENTO_HISTORICO_PRODUCTO (ALMACEN_ID,PRODUCTO_ID,FECHA,TIPO_MOVIMIENTO_ID,CANTIDAD,COSTO,PRECIO,USUARIO_ID) VALUES(1,1167,now(),30,2,1.000000,1.000000,'root');
INSERT INTO ALMACEN_PRODUCTO(ALMACEN_ID,PRODUCTO_ID,CANTIDAD_ACTUAL,CANTIDAD_MINIMA,PRECIO_VENTA) VALUES (1,1167,2,0,1.000000);

INSERT INTO ALMACEN_PRODUCTO(ALMACEN_ID,PRODUCTO_ID,CANTIDAD_ACTUAL,CANTIDAD_MINIMA,PRECIO_VENTA) VALUES (2,1167,0,0,1.000000);

INSERT INTO ALMACEN_PRODUCTO(ALMACEN_ID,PRODUCTO_ID,CANTIDAD_ACTUAL,CANTIDAD_MINIMA,PRECIO_VENTA) VALUES (3,1167,2,0,1.000000);

INSERT INTO ALMACEN_PRODUCTO(ALMACEN_ID,PRODUCTO_ID,CANTIDAD_ACTUAL,CANTIDAD_MINIMA,PRECIO_VENTA) VALUES (4,1167,2,0,1.000000);

INSERT INTO PROVEEDOR_PRODUCTO(PROVEEDOR_ID,PRODUCTO_ID,PRECIO_COMPRA) VALUES(13,1167, 1.000000);

-- ===========PRODUCTO [1168]
INSERT INTO PRODUCTO(ID,MARCA_ID,NOMBRE,PRESENTACION,CONTENIDO,UNIDADES_POR_CAJA,COSTO,COSTO_VENTA,PRECIO_BASE,UNIDAD_MEDIDA,CODIGO_BARRAS) VALUES(1168,9,'Coty Body Fresh Locion','Dias de Rosas',236,12.0,1.000000,1.000000,1.000000,'ML',7.501737420053E12);

INSERT INTO MOVIMIENTO_HISTORICO_PRODUCTO (ALMACEN_ID,PRODUCTO_ID,FECHA,TIPO_MOVIMIENTO_ID,CANTIDAD,COSTO,PRECIO,USUARIO_ID) VALUES(1,1168,now(),30,15,1.000000,1.000000,'root');
INSERT INTO ALMACEN_PRODUCTO(ALMACEN_ID,PRODUCTO_ID,CANTIDAD_ACTUAL,CANTIDAD_MINIMA,PRECIO_VENTA) VALUES (1,1168,15,0,1.000000);

INSERT INTO ALMACEN_PRODUCTO(ALMACEN_ID,PRODUCTO_ID,CANTIDAD_ACTUAL,CANTIDAD_MINIMA,PRECIO_VENTA) VALUES (2,1168,0,0,1.000000);

INSERT INTO ALMACEN_PRODUCTO(ALMACEN_ID,PRODUCTO_ID,CANTIDAD_ACTUAL,CANTIDAD_MINIMA,PRECIO_VENTA) VALUES (3,1168,15,0,1.000000);

INSERT INTO ALMACEN_PRODUCTO(ALMACEN_ID,PRODUCTO_ID,CANTIDAD_ACTUAL,CANTIDAD_MINIMA,PRECIO_VENTA) VALUES (4,1168,15,0,1.000000);

INSERT INTO PROVEEDOR_PRODUCTO(PROVEEDOR_ID,PRODUCTO_ID,PRECIO_COMPRA) VALUES(13,1168, 1.000000);

-- ===========PRODUCTO [1169]
INSERT INTO PRODUCTO(ID,MARCA_ID,NOMBRE,PRESENTACION,CONTENIDO,UNIDADES_POR_CAJA,COSTO,COSTO_VENTA,PRECIO_BASE,UNIDAD_MEDIDA,CODIGO_BARRAS) VALUES(1169,9,'Coty Body Fresh Locion','Turquoise Seas',236,12.0,1.000000,1.000000,1.000000,'ML',7.501737405456E12);

INSERT INTO MOVIMIENTO_HISTORICO_PRODUCTO (ALMACEN_ID,PRODUCTO_ID,FECHA,TIPO_MOVIMIENTO_ID,CANTIDAD,COSTO,PRECIO,USUARIO_ID) VALUES(1,1169,now(),30,12,1.000000,1.000000,'root');
INSERT INTO ALMACEN_PRODUCTO(ALMACEN_ID,PRODUCTO_ID,CANTIDAD_ACTUAL,CANTIDAD_MINIMA,PRECIO_VENTA) VALUES (1,1169,12,0,1.000000);

INSERT INTO ALMACEN_PRODUCTO(ALMACEN_ID,PRODUCTO_ID,CANTIDAD_ACTUAL,CANTIDAD_MINIMA,PRECIO_VENTA) VALUES (2,1169,0,0,1.000000);

INSERT INTO ALMACEN_PRODUCTO(ALMACEN_ID,PRODUCTO_ID,CANTIDAD_ACTUAL,CANTIDAD_MINIMA,PRECIO_VENTA) VALUES (3,1169,12,0,1.000000);

INSERT INTO ALMACEN_PRODUCTO(ALMACEN_ID,PRODUCTO_ID,CANTIDAD_ACTUAL,CANTIDAD_MINIMA,PRECIO_VENTA) VALUES (4,1169,12,0,1.000000);

INSERT INTO PROVEEDOR_PRODUCTO(PROVEEDOR_ID,PRODUCTO_ID,PRECIO_COMPRA) VALUES(13,1169, 1.000000);

-- ===========PRODUCTO [1171]
INSERT INTO PRODUCTO(ID,MARCA_ID,NOMBRE,PRESENTACION,CONTENIDO,UNIDADES_POR_CAJA,COSTO,COSTO_VENTA,PRECIO_BASE,UNIDAD_MEDIDA,CODIGO_BARRAS) VALUES(1171,9,'Coty Body Fresh Locion','Hawaiian Ginger',59,12.0,1.000000,1.000000,1.000000,'ML',7.50173742217E12);

INSERT INTO MOVIMIENTO_HISTORICO_PRODUCTO (ALMACEN_ID,PRODUCTO_ID,FECHA,TIPO_MOVIMIENTO_ID,CANTIDAD,COSTO,PRECIO,USUARIO_ID) VALUES(1,1171,now(),30,1,1.000000,1.000000,'root');
INSERT INTO ALMACEN_PRODUCTO(ALMACEN_ID,PRODUCTO_ID,CANTIDAD_ACTUAL,CANTIDAD_MINIMA,PRECIO_VENTA) VALUES (1,1171,1,0,1.000000);

INSERT INTO ALMACEN_PRODUCTO(ALMACEN_ID,PRODUCTO_ID,CANTIDAD_ACTUAL,CANTIDAD_MINIMA,PRECIO_VENTA) VALUES (2,1171,0,0,1.000000);

INSERT INTO ALMACEN_PRODUCTO(ALMACEN_ID,PRODUCTO_ID,CANTIDAD_ACTUAL,CANTIDAD_MINIMA,PRECIO_VENTA) VALUES (3,1171,1,0,1.000000);

INSERT INTO ALMACEN_PRODUCTO(ALMACEN_ID,PRODUCTO_ID,CANTIDAD_ACTUAL,CANTIDAD_MINIMA,PRECIO_VENTA) VALUES (4,1171,1,0,1.000000);

INSERT INTO PROVEEDOR_PRODUCTO(PROVEEDOR_ID,PRODUCTO_ID,PRECIO_COMPRA) VALUES(13,1171, 1.000000);

-- ===========PRODUCTO [1172]
INSERT INTO PRODUCTO(ID,MARCA_ID,NOMBRE,PRESENTACION,CONTENIDO,UNIDADES_POR_CAJA,COSTO,COSTO_VENTA,PRECIO_BASE,UNIDAD_MEDIDA,CODIGO_BARRAS) VALUES(1172,9,'Coty Body Fresh Locion','Sexy',59,12.0,1.000000,1.000000,1.000000,'ML',7.50173740662E12);

INSERT INTO MOVIMIENTO_HISTORICO_PRODUCTO (ALMACEN_ID,PRODUCTO_ID,FECHA,TIPO_MOVIMIENTO_ID,CANTIDAD,COSTO,PRECIO,USUARIO_ID) VALUES(1,1172,now(),30,1,1.000000,1.000000,'root');
INSERT INTO ALMACEN_PRODUCTO(ALMACEN_ID,PRODUCTO_ID,CANTIDAD_ACTUAL,CANTIDAD_MINIMA,PRECIO_VENTA) VALUES (1,1172,1,0,1.000000);

INSERT INTO ALMACEN_PRODUCTO(ALMACEN_ID,PRODUCTO_ID,CANTIDAD_ACTUAL,CANTIDAD_MINIMA,PRECIO_VENTA) VALUES (2,1172,0,0,1.000000);

INSERT INTO ALMACEN_PRODUCTO(ALMACEN_ID,PRODUCTO_ID,CANTIDAD_ACTUAL,CANTIDAD_MINIMA,PRECIO_VENTA) VALUES (3,1172,1,0,1.000000);

INSERT INTO ALMACEN_PRODUCTO(ALMACEN_ID,PRODUCTO_ID,CANTIDAD_ACTUAL,CANTIDAD_MINIMA,PRECIO_VENTA) VALUES (4,1172,1,0,1.000000);

INSERT INTO PROVEEDOR_PRODUCTO(PROVEEDOR_ID,PRODUCTO_ID,PRECIO_COMPRA) VALUES(13,1172, 1.000000);

-- ===========PRODUCTO [1173]
INSERT INTO PRODUCTO(ID,MARCA_ID,NOMBRE,PRESENTACION,CONTENIDO,UNIDADES_POR_CAJA,COSTO,COSTO_VENTA,PRECIO_BASE,UNIDAD_MEDIDA,CODIGO_BARRAS) VALUES(1173,9,'Coty Body Fresh Locion','Morning Glory',59,12.0,1.000000,1.000000,1.000000,'ML',7.501737422149E12);

INSERT INTO MOVIMIENTO_HISTORICO_PRODUCTO (ALMACEN_ID,PRODUCTO_ID,FECHA,TIPO_MOVIMIENTO_ID,CANTIDAD,COSTO,PRECIO,USUARIO_ID) VALUES(1,1173,now(),30,12,1.000000,1.000000,'root');
INSERT INTO ALMACEN_PRODUCTO(ALMACEN_ID,PRODUCTO_ID,CANTIDAD_ACTUAL,CANTIDAD_MINIMA,PRECIO_VENTA) VALUES (1,1173,12,0,1.000000);

INSERT INTO ALMACEN_PRODUCTO(ALMACEN_ID,PRODUCTO_ID,CANTIDAD_ACTUAL,CANTIDAD_MINIMA,PRECIO_VENTA) VALUES (2,1173,0,0,1.000000);

INSERT INTO ALMACEN_PRODUCTO(ALMACEN_ID,PRODUCTO_ID,CANTIDAD_ACTUAL,CANTIDAD_MINIMA,PRECIO_VENTA) VALUES (3,1173,12,0,1.000000);

INSERT INTO ALMACEN_PRODUCTO(ALMACEN_ID,PRODUCTO_ID,CANTIDAD_ACTUAL,CANTIDAD_MINIMA,PRECIO_VENTA) VALUES (4,1173,12,0,1.000000);

INSERT INTO PROVEEDOR_PRODUCTO(PROVEEDOR_ID,PRODUCTO_ID,PRECIO_COMPRA) VALUES(13,1173, 1.000000);

-- ===========PRODUCTO [1174]
INSERT INTO PRODUCTO(ID,MARCA_ID,NOMBRE,PRESENTACION,CONTENIDO,UNIDADES_POR_CAJA,COSTO,COSTO_VENTA,PRECIO_BASE,UNIDAD_MEDIDA,CODIGO_BARRAS) VALUES(1174,28,'Garnier Clarify','Aclarante Hidratante UV',400,12.0,1.000000,1.000000,1.000000,'ML',7.501839129328E12);

INSERT INTO MOVIMIENTO_HISTORICO_PRODUCTO (ALMACEN_ID,PRODUCTO_ID,FECHA,TIPO_MOVIMIENTO_ID,CANTIDAD,COSTO,PRECIO,USUARIO_ID) VALUES(1,1174,now(),30,12,1.000000,1.000000,'root');
INSERT INTO ALMACEN_PRODUCTO(ALMACEN_ID,PRODUCTO_ID,CANTIDAD_ACTUAL,CANTIDAD_MINIMA,PRECIO_VENTA) VALUES (1,1174,12,0,1.000000);

INSERT INTO ALMACEN_PRODUCTO(ALMACEN_ID,PRODUCTO_ID,CANTIDAD_ACTUAL,CANTIDAD_MINIMA,PRECIO_VENTA) VALUES (2,1174,0,0,1.000000);

INSERT INTO ALMACEN_PRODUCTO(ALMACEN_ID,PRODUCTO_ID,CANTIDAD_ACTUAL,CANTIDAD_MINIMA,PRECIO_VENTA) VALUES (3,1174,12,0,1.000000);

INSERT INTO ALMACEN_PRODUCTO(ALMACEN_ID,PRODUCTO_ID,CANTIDAD_ACTUAL,CANTIDAD_MINIMA,PRECIO_VENTA) VALUES (4,1174,12,0,1.000000);

INSERT INTO PROVEEDOR_PRODUCTO(PROVEEDOR_ID,PRODUCTO_ID,PRECIO_COMPRA) VALUES(13,1174, 1.000000);

-- ===========PRODUCTO [1175]
INSERT INTO PRODUCTO(ID,MARCA_ID,NOMBRE,PRESENTACION,CONTENIDO,UNIDADES_POR_CAJA,COSTO,COSTO_VENTA,PRECIO_BASE,UNIDAD_MEDIDA,CODIGO_BARRAS) VALUES(1175,9,'Coty Body Fresh Locion','Candy Care',118,12.0,1.000000,1.000000,1.000000,'ML',7.501737402462E12);

INSERT INTO MOVIMIENTO_HISTORICO_PRODUCTO (ALMACEN_ID,PRODUCTO_ID,FECHA,TIPO_MOVIMIENTO_ID,CANTIDAD,COSTO,PRECIO,USUARIO_ID) VALUES(1,1175,now(),30,6,1.000000,1.000000,'root');
INSERT INTO ALMACEN_PRODUCTO(ALMACEN_ID,PRODUCTO_ID,CANTIDAD_ACTUAL,CANTIDAD_MINIMA,PRECIO_VENTA) VALUES (1,1175,6,0,1.000000);

INSERT INTO ALMACEN_PRODUCTO(ALMACEN_ID,PRODUCTO_ID,CANTIDAD_ACTUAL,CANTIDAD_MINIMA,PRECIO_VENTA) VALUES (2,1175,0,0,1.000000);

INSERT INTO ALMACEN_PRODUCTO(ALMACEN_ID,PRODUCTO_ID,CANTIDAD_ACTUAL,CANTIDAD_MINIMA,PRECIO_VENTA) VALUES (3,1175,6,0,1.000000);

INSERT INTO ALMACEN_PRODUCTO(ALMACEN_ID,PRODUCTO_ID,CANTIDAD_ACTUAL,CANTIDAD_MINIMA,PRECIO_VENTA) VALUES (4,1175,6,0,1.000000);

INSERT INTO PROVEEDOR_PRODUCTO(PROVEEDOR_ID,PRODUCTO_ID,PRECIO_COMPRA) VALUES(13,1175, 1.000000);

-- ===========PRODUCTO [1176]
INSERT INTO PRODUCTO(ID,MARCA_ID,NOMBRE,PRESENTACION,CONTENIDO,UNIDADES_POR_CAJA,COSTO,COSTO_VENTA,PRECIO_BASE,UNIDAD_MEDIDA,CODIGO_BARRAS) VALUES(1176,9,'Coty Body Fresh Locion','Berry Crazy',118,12.0,1.000000,1.000000,1.000000,'ML',7.501737402479E12);

INSERT INTO MOVIMIENTO_HISTORICO_PRODUCTO (ALMACEN_ID,PRODUCTO_ID,FECHA,TIPO_MOVIMIENTO_ID,CANTIDAD,COSTO,PRECIO,USUARIO_ID) VALUES(1,1176,now(),30,2,1.000000,1.000000,'root');
INSERT INTO ALMACEN_PRODUCTO(ALMACEN_ID,PRODUCTO_ID,CANTIDAD_ACTUAL,CANTIDAD_MINIMA,PRECIO_VENTA) VALUES (1,1176,2,0,1.000000);

INSERT INTO ALMACEN_PRODUCTO(ALMACEN_ID,PRODUCTO_ID,CANTIDAD_ACTUAL,CANTIDAD_MINIMA,PRECIO_VENTA) VALUES (2,1176,0,0,1.000000);

INSERT INTO ALMACEN_PRODUCTO(ALMACEN_ID,PRODUCTO_ID,CANTIDAD_ACTUAL,CANTIDAD_MINIMA,PRECIO_VENTA) VALUES (3,1176,2,0,1.000000);

INSERT INTO ALMACEN_PRODUCTO(ALMACEN_ID,PRODUCTO_ID,CANTIDAD_ACTUAL,CANTIDAD_MINIMA,PRECIO_VENTA) VALUES (4,1176,2,0,1.000000);

INSERT INTO PROVEEDOR_PRODUCTO(PROVEEDOR_ID,PRODUCTO_ID,PRECIO_COMPRA) VALUES(13,1176, 1.000000);

-- ===========PRODUCTO [1177]
INSERT INTO PRODUCTO(ID,MARCA_ID,NOMBRE,PRESENTACION,CONTENIDO,UNIDADES_POR_CAJA,COSTO,COSTO_VENTA,PRECIO_BASE,UNIDAD_MEDIDA,CODIGO_BARRAS) VALUES(1177,95,'Antonio Banderas Aerosol','For Women',150,12.0,1.000000,1.000000,1.000000,'ML',8.411061561263E12);

INSERT INTO MOVIMIENTO_HISTORICO_PRODUCTO (ALMACEN_ID,PRODUCTO_ID,FECHA,TIPO_MOVIMIENTO_ID,CANTIDAD,COSTO,PRECIO,USUARIO_ID) VALUES(1,1177,now(),30,12,1.000000,1.000000,'root');
INSERT INTO ALMACEN_PRODUCTO(ALMACEN_ID,PRODUCTO_ID,CANTIDAD_ACTUAL,CANTIDAD_MINIMA,PRECIO_VENTA) VALUES (1,1177,12,0,1.000000);

INSERT INTO ALMACEN_PRODUCTO(ALMACEN_ID,PRODUCTO_ID,CANTIDAD_ACTUAL,CANTIDAD_MINIMA,PRECIO_VENTA) VALUES (2,1177,0,0,1.000000);

INSERT INTO ALMACEN_PRODUCTO(ALMACEN_ID,PRODUCTO_ID,CANTIDAD_ACTUAL,CANTIDAD_MINIMA,PRECIO_VENTA) VALUES (3,1177,12,0,1.000000);

INSERT INTO ALMACEN_PRODUCTO(ALMACEN_ID,PRODUCTO_ID,CANTIDAD_ACTUAL,CANTIDAD_MINIMA,PRECIO_VENTA) VALUES (4,1177,12,0,1.000000);

INSERT INTO PROVEEDOR_PRODUCTO(PROVEEDOR_ID,PRODUCTO_ID,PRECIO_COMPRA) VALUES(13,1177, 1.000000);

-- ===========PRODUCTO [1178]
INSERT INTO PRODUCTO(ID,MARCA_ID,NOMBRE,PRESENTACION,CONTENIDO,UNIDADES_POR_CAJA,COSTO,COSTO_VENTA,PRECIO_BASE,UNIDAD_MEDIDA,CODIGO_BARRAS) VALUES(1178,3,'Celine Dion Parfums','Shower Gel',200,6.0,1.000000,1.000000,1.000000,'ML',3.41224200301E12);

INSERT INTO MOVIMIENTO_HISTORICO_PRODUCTO (ALMACEN_ID,PRODUCTO_ID,FECHA,TIPO_MOVIMIENTO_ID,CANTIDAD,COSTO,PRECIO,USUARIO_ID) VALUES(1,1178,now(),30,1,1.000000,1.000000,'root');
INSERT INTO ALMACEN_PRODUCTO(ALMACEN_ID,PRODUCTO_ID,CANTIDAD_ACTUAL,CANTIDAD_MINIMA,PRECIO_VENTA) VALUES (1,1178,1,0,1.000000);

INSERT INTO ALMACEN_PRODUCTO(ALMACEN_ID,PRODUCTO_ID,CANTIDAD_ACTUAL,CANTIDAD_MINIMA,PRECIO_VENTA) VALUES (2,1178,0,0,1.000000);

INSERT INTO ALMACEN_PRODUCTO(ALMACEN_ID,PRODUCTO_ID,CANTIDAD_ACTUAL,CANTIDAD_MINIMA,PRECIO_VENTA) VALUES (3,1178,1,0,1.000000);

INSERT INTO ALMACEN_PRODUCTO(ALMACEN_ID,PRODUCTO_ID,CANTIDAD_ACTUAL,CANTIDAD_MINIMA,PRECIO_VENTA) VALUES (4,1178,1,0,1.000000);

INSERT INTO PROVEEDOR_PRODUCTO(PROVEEDOR_ID,PRODUCTO_ID,PRECIO_COMPRA) VALUES(13,1178, 1.000000);

-- ===========PRODUCTO [1179]
INSERT INTO PRODUCTO(ID,MARCA_ID,NOMBRE,PRESENTACION,CONTENIDO,UNIDADES_POR_CAJA,COSTO,COSTO_VENTA,PRECIO_BASE,UNIDAD_MEDIDA,CODIGO_BARRAS) VALUES(1179,3,'Celine Dion Parfums','Crema Corporal',200,12.0,1.000000,1.000000,1.000000,'ML',3.412242002013E12);

INSERT INTO MOVIMIENTO_HISTORICO_PRODUCTO (ALMACEN_ID,PRODUCTO_ID,FECHA,TIPO_MOVIMIENTO_ID,CANTIDAD,COSTO,PRECIO,USUARIO_ID) VALUES(1,1179,now(),30,1,1.000000,1.000000,'root');
INSERT INTO ALMACEN_PRODUCTO(ALMACEN_ID,PRODUCTO_ID,CANTIDAD_ACTUAL,CANTIDAD_MINIMA,PRECIO_VENTA) VALUES (1,1179,1,0,1.000000);

INSERT INTO ALMACEN_PRODUCTO(ALMACEN_ID,PRODUCTO_ID,CANTIDAD_ACTUAL,CANTIDAD_MINIMA,PRECIO_VENTA) VALUES (2,1179,0,0,1.000000);

INSERT INTO ALMACEN_PRODUCTO(ALMACEN_ID,PRODUCTO_ID,CANTIDAD_ACTUAL,CANTIDAD_MINIMA,PRECIO_VENTA) VALUES (3,1179,1,0,1.000000);

INSERT INTO ALMACEN_PRODUCTO(ALMACEN_ID,PRODUCTO_ID,CANTIDAD_ACTUAL,CANTIDAD_MINIMA,PRECIO_VENTA) VALUES (4,1179,1,0,1.000000);

INSERT INTO PROVEEDOR_PRODUCTO(PROVEEDOR_ID,PRODUCTO_ID,PRECIO_COMPRA) VALUES(13,1179, 1.000000);

-- ===========PRODUCTO [886]
INSERT INTO PRODUCTO(ID,MARCA_ID,NOMBRE,PRESENTACION,CONTENIDO,UNIDADES_POR_CAJA,COSTO,COSTO_VENTA,PRECIO_BASE,UNIDAD_MEDIDA,CODIGO_BARRAS) VALUES(886,2,'Adidas Estuche Col + Aerosol + Maletin','Pure Game',3,6.0,1.000000,1.000000,1.000000,'Pz',7.501737409683E12);

INSERT INTO MOVIMIENTO_HISTORICO_PRODUCTO (ALMACEN_ID,PRODUCTO_ID,FECHA,TIPO_MOVIMIENTO_ID,CANTIDAD,COSTO,PRECIO,USUARIO_ID) VALUES(1,886,now(),30,1,1.000000,1.000000,'root');
INSERT INTO ALMACEN_PRODUCTO(ALMACEN_ID,PRODUCTO_ID,CANTIDAD_ACTUAL,CANTIDAD_MINIMA,PRECIO_VENTA) VALUES (1,886,1,0,1.000000);

INSERT INTO ALMACEN_PRODUCTO(ALMACEN_ID,PRODUCTO_ID,CANTIDAD_ACTUAL,CANTIDAD_MINIMA,PRECIO_VENTA) VALUES (2,886,0,0,1.000000);

INSERT INTO ALMACEN_PRODUCTO(ALMACEN_ID,PRODUCTO_ID,CANTIDAD_ACTUAL,CANTIDAD_MINIMA,PRECIO_VENTA) VALUES (3,886,1,0,1.000000);

INSERT INTO ALMACEN_PRODUCTO(ALMACEN_ID,PRODUCTO_ID,CANTIDAD_ACTUAL,CANTIDAD_MINIMA,PRECIO_VENTA) VALUES (4,886,1,0,1.000000);

INSERT INTO PROVEEDOR_PRODUCTO(PROVEEDOR_ID,PRODUCTO_ID,PRECIO_COMPRA) VALUES(13,886, 1.000000);

-- ===========PRODUCTO [992]
INSERT INTO PRODUCTO(ID,MARCA_ID,NOMBRE,PRESENTACION,CONTENIDO,UNIDADES_POR_CAJA,COSTO,COSTO_VENTA,PRECIO_BASE,UNIDAD_MEDIDA,CODIGO_BARRAS) VALUES(992,2,'Adidas Estuche Col + Aerosol + Maletin','Ice Dive',3,6.0,1.000000,1.000000,1.000000,'Pz',3.412242690166E12);

INSERT INTO MOVIMIENTO_HISTORICO_PRODUCTO (ALMACEN_ID,PRODUCTO_ID,FECHA,TIPO_MOVIMIENTO_ID,CANTIDAD,COSTO,PRECIO,USUARIO_ID) VALUES(1,992,now(),30,1,1.000000,1.000000,'root');
INSERT INTO ALMACEN_PRODUCTO(ALMACEN_ID,PRODUCTO_ID,CANTIDAD_ACTUAL,CANTIDAD_MINIMA,PRECIO_VENTA) VALUES (1,992,1,0,1.000000);

INSERT INTO ALMACEN_PRODUCTO(ALMACEN_ID,PRODUCTO_ID,CANTIDAD_ACTUAL,CANTIDAD_MINIMA,PRECIO_VENTA) VALUES (2,992,0,0,1.000000);

INSERT INTO ALMACEN_PRODUCTO(ALMACEN_ID,PRODUCTO_ID,CANTIDAD_ACTUAL,CANTIDAD_MINIMA,PRECIO_VENTA) VALUES (3,992,1,0,1.000000);

INSERT INTO ALMACEN_PRODUCTO(ALMACEN_ID,PRODUCTO_ID,CANTIDAD_ACTUAL,CANTIDAD_MINIMA,PRECIO_VENTA) VALUES (4,992,1,0,1.000000);

INSERT INTO PROVEEDOR_PRODUCTO(PROVEEDOR_ID,PRODUCTO_ID,PRECIO_COMPRA) VALUES(13,992, 1.000000);

-- ===========PRODUCTO [988]
INSERT INTO PRODUCTO(ID,MARCA_ID,NOMBRE,PRESENTACION,CONTENIDO,UNIDADES_POR_CAJA,COSTO,COSTO_VENTA,PRECIO_BASE,UNIDAD_MEDIDA,CODIGO_BARRAS) VALUES(988,2,'Adidas Estuche Colonia + Deo Stick','Victory League',2,4.0,1.000000,1.000000,1.000000,'Pz',7.501737409508E12);

INSERT INTO MOVIMIENTO_HISTORICO_PRODUCTO (ALMACEN_ID,PRODUCTO_ID,FECHA,TIPO_MOVIMIENTO_ID,CANTIDAD,COSTO,PRECIO,USUARIO_ID) VALUES(1,988,now(),30,1,1.000000,1.000000,'root');
INSERT INTO ALMACEN_PRODUCTO(ALMACEN_ID,PRODUCTO_ID,CANTIDAD_ACTUAL,CANTIDAD_MINIMA,PRECIO_VENTA) VALUES (1,988,1,0,1.000000);

INSERT INTO ALMACEN_PRODUCTO(ALMACEN_ID,PRODUCTO_ID,CANTIDAD_ACTUAL,CANTIDAD_MINIMA,PRECIO_VENTA) VALUES (2,988,0,0,1.000000);

INSERT INTO ALMACEN_PRODUCTO(ALMACEN_ID,PRODUCTO_ID,CANTIDAD_ACTUAL,CANTIDAD_MINIMA,PRECIO_VENTA) VALUES (3,988,1,0,1.000000);

INSERT INTO ALMACEN_PRODUCTO(ALMACEN_ID,PRODUCTO_ID,CANTIDAD_ACTUAL,CANTIDAD_MINIMA,PRECIO_VENTA) VALUES (4,988,1,0,1.000000);

INSERT INTO PROVEEDOR_PRODUCTO(PROVEEDOR_ID,PRODUCTO_ID,PRECIO_COMPRA) VALUES(13,988, 1.000000);

-- ===========PRODUCTO [989]
INSERT INTO PRODUCTO(ID,MARCA_ID,NOMBRE,PRESENTACION,CONTENIDO,UNIDADES_POR_CAJA,COSTO,COSTO_VENTA,PRECIO_BASE,UNIDAD_MEDIDA,CODIGO_BARRAS) VALUES(989,96,'Alejandro Sanz Estuche Dama','Colonia + Deo Spray',2,6.0,1.000000,1.000000,1.000000,'Pz',7.501046193792E12);

INSERT INTO MOVIMIENTO_HISTORICO_PRODUCTO (ALMACEN_ID,PRODUCTO_ID,FECHA,TIPO_MOVIMIENTO_ID,CANTIDAD,COSTO,PRECIO,USUARIO_ID) VALUES(1,989,now(),30,1,1.000000,1.000000,'root');
INSERT INTO ALMACEN_PRODUCTO(ALMACEN_ID,PRODUCTO_ID,CANTIDAD_ACTUAL,CANTIDAD_MINIMA,PRECIO_VENTA) VALUES (1,989,1,0,1.000000);

INSERT INTO ALMACEN_PRODUCTO(ALMACEN_ID,PRODUCTO_ID,CANTIDAD_ACTUAL,CANTIDAD_MINIMA,PRECIO_VENTA) VALUES (2,989,0,0,1.000000);

INSERT INTO ALMACEN_PRODUCTO(ALMACEN_ID,PRODUCTO_ID,CANTIDAD_ACTUAL,CANTIDAD_MINIMA,PRECIO_VENTA) VALUES (3,989,1,0,1.000000);

INSERT INTO ALMACEN_PRODUCTO(ALMACEN_ID,PRODUCTO_ID,CANTIDAD_ACTUAL,CANTIDAD_MINIMA,PRECIO_VENTA) VALUES (4,989,1,0,1.000000);

INSERT INTO PROVEEDOR_PRODUCTO(PROVEEDOR_ID,PRODUCTO_ID,PRECIO_COMPRA) VALUES(13,989, 1.000000);

-- ===========PRODUCTO [987]
INSERT INTO PRODUCTO(ID,MARCA_ID,NOMBRE,PRESENTACION,CONTENIDO,UNIDADES_POR_CAJA,COSTO,COSTO_VENTA,PRECIO_BASE,UNIDAD_MEDIDA,CODIGO_BARRAS) VALUES(987,95,'Antonio Banderas Estuche','Colonia + Locion',2,6.0,1.000000,1.000000,1.000000,'Pz',8.411061685457E12);

INSERT INTO MOVIMIENTO_HISTORICO_PRODUCTO (ALMACEN_ID,PRODUCTO_ID,FECHA,TIPO_MOVIMIENTO_ID,CANTIDAD,COSTO,PRECIO,USUARIO_ID) VALUES(1,987,now(),30,2,1.000000,1.000000,'root');
INSERT INTO ALMACEN_PRODUCTO(ALMACEN_ID,PRODUCTO_ID,CANTIDAD_ACTUAL,CANTIDAD_MINIMA,PRECIO_VENTA) VALUES (1,987,2,0,1.000000);

INSERT INTO ALMACEN_PRODUCTO(ALMACEN_ID,PRODUCTO_ID,CANTIDAD_ACTUAL,CANTIDAD_MINIMA,PRECIO_VENTA) VALUES (2,987,0,0,1.000000);

INSERT INTO ALMACEN_PRODUCTO(ALMACEN_ID,PRODUCTO_ID,CANTIDAD_ACTUAL,CANTIDAD_MINIMA,PRECIO_VENTA) VALUES (3,987,2,0,1.000000);

INSERT INTO ALMACEN_PRODUCTO(ALMACEN_ID,PRODUCTO_ID,CANTIDAD_ACTUAL,CANTIDAD_MINIMA,PRECIO_VENTA) VALUES (4,987,2,0,1.000000);

INSERT INTO PROVEEDOR_PRODUCTO(PROVEEDOR_ID,PRODUCTO_ID,PRECIO_COMPRA) VALUES(13,987, 1.000000);

-- ===========PRODUCTO [1149]
INSERT INTO PRODUCTO(ID,MARCA_ID,NOMBRE,PRESENTACION,CONTENIDO,UNIDADES_POR_CAJA,COSTO,COSTO_VENTA,PRECIO_BASE,UNIDAD_MEDIDA,CODIGO_BARRAS) VALUES(1149,95,'Antonio Banderas Estuche','Colonia + Deo Spray',2,6.0,1.000000,1.000000,1.000000,'Pz',8.41106168544E12);

INSERT INTO MOVIMIENTO_HISTORICO_PRODUCTO (ALMACEN_ID,PRODUCTO_ID,FECHA,TIPO_MOVIMIENTO_ID,CANTIDAD,COSTO,PRECIO,USUARIO_ID) VALUES(1,1149,now(),30,3,1.000000,1.000000,'root');
INSERT INTO ALMACEN_PRODUCTO(ALMACEN_ID,PRODUCTO_ID,CANTIDAD_ACTUAL,CANTIDAD_MINIMA,PRECIO_VENTA) VALUES (1,1149,3,0,1.000000);

INSERT INTO ALMACEN_PRODUCTO(ALMACEN_ID,PRODUCTO_ID,CANTIDAD_ACTUAL,CANTIDAD_MINIMA,PRECIO_VENTA) VALUES (2,1149,0,0,1.000000);

INSERT INTO ALMACEN_PRODUCTO(ALMACEN_ID,PRODUCTO_ID,CANTIDAD_ACTUAL,CANTIDAD_MINIMA,PRECIO_VENTA) VALUES (3,1149,3,0,1.000000);

INSERT INTO ALMACEN_PRODUCTO(ALMACEN_ID,PRODUCTO_ID,CANTIDAD_ACTUAL,CANTIDAD_MINIMA,PRECIO_VENTA) VALUES (4,1149,3,0,1.000000);

INSERT INTO PROVEEDOR_PRODUCTO(PROVEEDOR_ID,PRODUCTO_ID,PRECIO_COMPRA) VALUES(13,1149, 1.000000);

-- ===========PRODUCTO [1170]
INSERT INTO PRODUCTO(ID,MARCA_ID,NOMBRE,PRESENTACION,CONTENIDO,UNIDADES_POR_CAJA,COSTO,COSTO_VENTA,PRECIO_BASE,UNIDAD_MEDIDA,CODIGO_BARRAS) VALUES(1170,97,'Maja Estuche Dama','Gel + Crema + Colonia',3,6.0,1.000000,1.000000,1.000000,'Pz',8.410190579026E12);

INSERT INTO MOVIMIENTO_HISTORICO_PRODUCTO (ALMACEN_ID,PRODUCTO_ID,FECHA,TIPO_MOVIMIENTO_ID,CANTIDAD,COSTO,PRECIO,USUARIO_ID) VALUES(1,1170,now(),30,1,1.000000,1.000000,'root');
INSERT INTO ALMACEN_PRODUCTO(ALMACEN_ID,PRODUCTO_ID,CANTIDAD_ACTUAL,CANTIDAD_MINIMA,PRECIO_VENTA) VALUES (1,1170,1,0,1.000000);

INSERT INTO ALMACEN_PRODUCTO(ALMACEN_ID,PRODUCTO_ID,CANTIDAD_ACTUAL,CANTIDAD_MINIMA,PRECIO_VENTA) VALUES (2,1170,0,0,1.000000);

INSERT INTO ALMACEN_PRODUCTO(ALMACEN_ID,PRODUCTO_ID,CANTIDAD_ACTUAL,CANTIDAD_MINIMA,PRECIO_VENTA) VALUES (3,1170,1,0,1.000000);

INSERT INTO ALMACEN_PRODUCTO(ALMACEN_ID,PRODUCTO_ID,CANTIDAD_ACTUAL,CANTIDAD_MINIMA,PRECIO_VENTA) VALUES (4,1170,1,0,1.000000);

INSERT INTO PROVEEDOR_PRODUCTO(PROVEEDOR_ID,PRODUCTO_ID,PRECIO_COMPRA) VALUES(13,1170, 1.000000);

-- ===========PRODUCTO [1035]
INSERT INTO PRODUCTO(ID,MARCA_ID,NOMBRE,PRESENTACION,CONTENIDO,UNIDADES_POR_CAJA,COSTO,COSTO_VENTA,PRECIO_BASE,UNIDAD_MEDIDA,CODIGO_BARRAS) VALUES(1035,1,'Jovan Estuche 2 Colonias','Musk Concentrada',2,6.0,1.000000,1.000000,1.000000,'Pz',7.501737408303E12);

INSERT INTO MOVIMIENTO_HISTORICO_PRODUCTO (ALMACEN_ID,PRODUCTO_ID,FECHA,TIPO_MOVIMIENTO_ID,CANTIDAD,COSTO,PRECIO,USUARIO_ID) VALUES(1,1035,now(),30,3,1.000000,1.000000,'root');
INSERT INTO ALMACEN_PRODUCTO(ALMACEN_ID,PRODUCTO_ID,CANTIDAD_ACTUAL,CANTIDAD_MINIMA,PRECIO_VENTA) VALUES (1,1035,3,0,1.000000);

INSERT INTO ALMACEN_PRODUCTO(ALMACEN_ID,PRODUCTO_ID,CANTIDAD_ACTUAL,CANTIDAD_MINIMA,PRECIO_VENTA) VALUES (2,1035,0,0,1.000000);

INSERT INTO ALMACEN_PRODUCTO(ALMACEN_ID,PRODUCTO_ID,CANTIDAD_ACTUAL,CANTIDAD_MINIMA,PRECIO_VENTA) VALUES (3,1035,3,0,1.000000);

INSERT INTO ALMACEN_PRODUCTO(ALMACEN_ID,PRODUCTO_ID,CANTIDAD_ACTUAL,CANTIDAD_MINIMA,PRECIO_VENTA) VALUES (4,1035,3,0,1.000000);

INSERT INTO PROVEEDOR_PRODUCTO(PROVEEDOR_ID,PRODUCTO_ID,PRECIO_COMPRA) VALUES(13,1035, 1.000000);

-- ===========PRODUCTO [965]
INSERT INTO PRODUCTO(ID,MARCA_ID,NOMBRE,PRESENTACION,CONTENIDO,UNIDADES_POR_CAJA,COSTO,COSTO_VENTA,PRECIO_BASE,UNIDAD_MEDIDA,CODIGO_BARRAS) VALUES(965,98,'Exclamation Estuche 2 Colonias','Exclamation',2,4.0,1.000000,1.000000,1.000000,'Pz',7.501737406767E12);

INSERT INTO MOVIMIENTO_HISTORICO_PRODUCTO (ALMACEN_ID,PRODUCTO_ID,FECHA,TIPO_MOVIMIENTO_ID,CANTIDAD,COSTO,PRECIO,USUARIO_ID) VALUES(1,965,now(),30,3,1.000000,1.000000,'root');
INSERT INTO ALMACEN_PRODUCTO(ALMACEN_ID,PRODUCTO_ID,CANTIDAD_ACTUAL,CANTIDAD_MINIMA,PRECIO_VENTA) VALUES (1,965,3,0,1.000000);

INSERT INTO ALMACEN_PRODUCTO(ALMACEN_ID,PRODUCTO_ID,CANTIDAD_ACTUAL,CANTIDAD_MINIMA,PRECIO_VENTA) VALUES (2,965,0,0,1.000000);

INSERT INTO ALMACEN_PRODUCTO(ALMACEN_ID,PRODUCTO_ID,CANTIDAD_ACTUAL,CANTIDAD_MINIMA,PRECIO_VENTA) VALUES (3,965,3,0,1.000000);

INSERT INTO ALMACEN_PRODUCTO(ALMACEN_ID,PRODUCTO_ID,CANTIDAD_ACTUAL,CANTIDAD_MINIMA,PRECIO_VENTA) VALUES (4,965,3,0,1.000000);

INSERT INTO PROVEEDOR_PRODUCTO(PROVEEDOR_ID,PRODUCTO_ID,PRECIO_COMPRA) VALUES(13,965, 1.000000);

-- ===========PRODUCTO [966]
INSERT INTO PRODUCTO(ID,MARCA_ID,NOMBRE,PRESENTACION,CONTENIDO,UNIDADES_POR_CAJA,COSTO,COSTO_VENTA,PRECIO_BASE,UNIDAD_MEDIDA,CODIGO_BARRAS) VALUES(966,12,'Ammens Talco Desodorante','Fresco Aroma',60,12.0,1.000000,1.000000,1.000000,'G',7.502221184444E12);

INSERT INTO MOVIMIENTO_HISTORICO_PRODUCTO (ALMACEN_ID,PRODUCTO_ID,FECHA,TIPO_MOVIMIENTO_ID,CANTIDAD,COSTO,PRECIO,USUARIO_ID) VALUES(1,966,now(),30,12,1.000000,1.000000,'root');
INSERT INTO ALMACEN_PRODUCTO(ALMACEN_ID,PRODUCTO_ID,CANTIDAD_ACTUAL,CANTIDAD_MINIMA,PRECIO_VENTA) VALUES (1,966,12,0,1.000000);

INSERT INTO ALMACEN_PRODUCTO(ALMACEN_ID,PRODUCTO_ID,CANTIDAD_ACTUAL,CANTIDAD_MINIMA,PRECIO_VENTA) VALUES (2,966,0,0,1.000000);

INSERT INTO ALMACEN_PRODUCTO(ALMACEN_ID,PRODUCTO_ID,CANTIDAD_ACTUAL,CANTIDAD_MINIMA,PRECIO_VENTA) VALUES (3,966,12,0,1.000000);

INSERT INTO ALMACEN_PRODUCTO(ALMACEN_ID,PRODUCTO_ID,CANTIDAD_ACTUAL,CANTIDAD_MINIMA,PRECIO_VENTA) VALUES (4,966,12,0,1.000000);

INSERT INTO PROVEEDOR_PRODUCTO(PROVEEDOR_ID,PRODUCTO_ID,PRECIO_COMPRA) VALUES(18,966, 1.000000);

-- ===========PRODUCTO [1137]
INSERT INTO PRODUCTO(ID,MARCA_ID,NOMBRE,PRESENTACION,CONTENIDO,UNIDADES_POR_CAJA,COSTO,COSTO_VENTA,PRECIO_BASE,UNIDAD_MEDIDA,CODIGO_BARRAS) VALUES(1137,12,'Ammens Talco Desodorante','Pies',60,12.0,1.000000,1.000000,1.000000,'G',7.502221184437E12);

INSERT INTO MOVIMIENTO_HISTORICO_PRODUCTO (ALMACEN_ID,PRODUCTO_ID,FECHA,TIPO_MOVIMIENTO_ID,CANTIDAD,COSTO,PRECIO,USUARIO_ID) VALUES(1,1137,now(),30,9,1.000000,1.000000,'root');
INSERT INTO ALMACEN_PRODUCTO(ALMACEN_ID,PRODUCTO_ID,CANTIDAD_ACTUAL,CANTIDAD_MINIMA,PRECIO_VENTA) VALUES (1,1137,9,0,1.000000);

INSERT INTO ALMACEN_PRODUCTO(ALMACEN_ID,PRODUCTO_ID,CANTIDAD_ACTUAL,CANTIDAD_MINIMA,PRECIO_VENTA) VALUES (2,1137,0,0,1.000000);

INSERT INTO ALMACEN_PRODUCTO(ALMACEN_ID,PRODUCTO_ID,CANTIDAD_ACTUAL,CANTIDAD_MINIMA,PRECIO_VENTA) VALUES (3,1137,9,0,1.000000);

INSERT INTO ALMACEN_PRODUCTO(ALMACEN_ID,PRODUCTO_ID,CANTIDAD_ACTUAL,CANTIDAD_MINIMA,PRECIO_VENTA) VALUES (4,1137,9,0,1.000000);

INSERT INTO PROVEEDOR_PRODUCTO(PROVEEDOR_ID,PRODUCTO_ID,PRECIO_COMPRA) VALUES(18,1137, 1.000000);

-- ===========PRODUCTO [1138]
INSERT INTO PRODUCTO(ID,MARCA_ID,NOMBRE,PRESENTACION,CONTENIDO,UNIDADES_POR_CAJA,COSTO,COSTO_VENTA,PRECIO_BASE,UNIDAD_MEDIDA,CODIGO_BARRAS) VALUES(1138,11,'Brut Colonia Caballero','Classic Edicion Especial',88,12.0,1.000000,1.000000,1.000000,'ML',8.27755071051E11);

INSERT INTO MOVIMIENTO_HISTORICO_PRODUCTO (ALMACEN_ID,PRODUCTO_ID,FECHA,TIPO_MOVIMIENTO_ID,CANTIDAD,COSTO,PRECIO,USUARIO_ID) VALUES(1,1138,now(),30,9,1.000000,1.000000,'root');
INSERT INTO ALMACEN_PRODUCTO(ALMACEN_ID,PRODUCTO_ID,CANTIDAD_ACTUAL,CANTIDAD_MINIMA,PRECIO_VENTA) VALUES (1,1138,9,0,1.000000);

INSERT INTO ALMACEN_PRODUCTO(ALMACEN_ID,PRODUCTO_ID,CANTIDAD_ACTUAL,CANTIDAD_MINIMA,PRECIO_VENTA) VALUES (2,1138,0,0,1.000000);

INSERT INTO ALMACEN_PRODUCTO(ALMACEN_ID,PRODUCTO_ID,CANTIDAD_ACTUAL,CANTIDAD_MINIMA,PRECIO_VENTA) VALUES (3,1138,9,0,1.000000);

INSERT INTO ALMACEN_PRODUCTO(ALMACEN_ID,PRODUCTO_ID,CANTIDAD_ACTUAL,CANTIDAD_MINIMA,PRECIO_VENTA) VALUES (4,1138,9,0,1.000000);

INSERT INTO PROVEEDOR_PRODUCTO(PROVEEDOR_ID,PRODUCTO_ID,PRECIO_COMPRA) VALUES(18,1138, 1.000000);

-- ===========PRODUCTO [1009]
INSERT INTO PRODUCTO(ID,MARCA_ID,NOMBRE,PRESENTACION,CONTENIDO,UNIDADES_POR_CAJA,COSTO,COSTO_VENTA,PRECIO_BASE,UNIDAD_MEDIDA,CODIGO_BARRAS) VALUES(1009,11,'Brut Espuma Afeitar','Normal Skin',210,12.0,1.000000,1.000000,1.000000,'ML',7.502221183881E12);

INSERT INTO MOVIMIENTO_HISTORICO_PRODUCTO (ALMACEN_ID,PRODUCTO_ID,FECHA,TIPO_MOVIMIENTO_ID,CANTIDAD,COSTO,PRECIO,USUARIO_ID) VALUES(1,1009,now(),30,11,1.000000,1.000000,'root');
INSERT INTO ALMACEN_PRODUCTO(ALMACEN_ID,PRODUCTO_ID,CANTIDAD_ACTUAL,CANTIDAD_MINIMA,PRECIO_VENTA) VALUES (1,1009,11,0,1.000000);

INSERT INTO ALMACEN_PRODUCTO(ALMACEN_ID,PRODUCTO_ID,CANTIDAD_ACTUAL,CANTIDAD_MINIMA,PRECIO_VENTA) VALUES (2,1009,1,0,1.000000);

INSERT INTO ALMACEN_PRODUCTO(ALMACEN_ID,PRODUCTO_ID,CANTIDAD_ACTUAL,CANTIDAD_MINIMA,PRECIO_VENTA) VALUES (3,1009,11,0,1.000000);

INSERT INTO ALMACEN_PRODUCTO(ALMACEN_ID,PRODUCTO_ID,CANTIDAD_ACTUAL,CANTIDAD_MINIMA,PRECIO_VENTA) VALUES (4,1009,11,0,1.000000);

INSERT INTO PROVEEDOR_PRODUCTO(PROVEEDOR_ID,PRODUCTO_ID,PRECIO_COMPRA) VALUES(18,1009, 1.000000);

-- ===========PRODUCTO [1008]
INSERT INTO PRODUCTO(ID,MARCA_ID,NOMBRE,PRESENTACION,CONTENIDO,UNIDADES_POR_CAJA,COSTO,COSTO_VENTA,PRECIO_BASE,UNIDAD_MEDIDA,CODIGO_BARRAS) VALUES(1008,11,'Brut Aerosol','Dry Water Deep',208,12.0,1.000000,1.000000,1.000000,'ML',7.502221181467E12);

INSERT INTO MOVIMIENTO_HISTORICO_PRODUCTO (ALMACEN_ID,PRODUCTO_ID,FECHA,TIPO_MOVIMIENTO_ID,CANTIDAD,COSTO,PRECIO,USUARIO_ID) VALUES(1,1008,now(),30,8,1.000000,1.000000,'root');
INSERT INTO ALMACEN_PRODUCTO(ALMACEN_ID,PRODUCTO_ID,CANTIDAD_ACTUAL,CANTIDAD_MINIMA,PRECIO_VENTA) VALUES (1,1008,8,0,1.000000);

INSERT INTO ALMACEN_PRODUCTO(ALMACEN_ID,PRODUCTO_ID,CANTIDAD_ACTUAL,CANTIDAD_MINIMA,PRECIO_VENTA) VALUES (2,1008,0,0,1.000000);

INSERT INTO ALMACEN_PRODUCTO(ALMACEN_ID,PRODUCTO_ID,CANTIDAD_ACTUAL,CANTIDAD_MINIMA,PRECIO_VENTA) VALUES (3,1008,8,0,1.000000);

INSERT INTO ALMACEN_PRODUCTO(ALMACEN_ID,PRODUCTO_ID,CANTIDAD_ACTUAL,CANTIDAD_MINIMA,PRECIO_VENTA) VALUES (4,1008,8,0,1.000000);

INSERT INTO PROVEEDOR_PRODUCTO(PROVEEDOR_ID,PRODUCTO_ID,PRECIO_COMPRA) VALUES(18,1008, 1.000000);

-- ===========PRODUCTO [1001]
INSERT INTO PRODUCTO(ID,MARCA_ID,NOMBRE,PRESENTACION,CONTENIDO,UNIDADES_POR_CAJA,COSTO,COSTO_VENTA,PRECIO_BASE,UNIDAD_MEDIDA,CODIGO_BARRAS) VALUES(1001,11,'Brut Espuma Afeitar','Sensitive Skin',210,12.0,1.000000,1.000000,1.000000,'ML',7.502221183898E12);

INSERT INTO MOVIMIENTO_HISTORICO_PRODUCTO (ALMACEN_ID,PRODUCTO_ID,FECHA,TIPO_MOVIMIENTO_ID,CANTIDAD,COSTO,PRECIO,USUARIO_ID) VALUES(1,1001,now(),30,5,1.000000,1.000000,'root');
INSERT INTO ALMACEN_PRODUCTO(ALMACEN_ID,PRODUCTO_ID,CANTIDAD_ACTUAL,CANTIDAD_MINIMA,PRECIO_VENTA) VALUES (1,1001,5,0,1.000000);

INSERT INTO ALMACEN_PRODUCTO(ALMACEN_ID,PRODUCTO_ID,CANTIDAD_ACTUAL,CANTIDAD_MINIMA,PRECIO_VENTA) VALUES (2,1001,0,0,1.000000);

INSERT INTO ALMACEN_PRODUCTO(ALMACEN_ID,PRODUCTO_ID,CANTIDAD_ACTUAL,CANTIDAD_MINIMA,PRECIO_VENTA) VALUES (3,1001,5,0,1.000000);

INSERT INTO ALMACEN_PRODUCTO(ALMACEN_ID,PRODUCTO_ID,CANTIDAD_ACTUAL,CANTIDAD_MINIMA,PRECIO_VENTA) VALUES (4,1001,5,0,1.000000);

INSERT INTO PROVEEDOR_PRODUCTO(PROVEEDOR_ID,PRODUCTO_ID,PRECIO_COMPRA) VALUES(18,1001, 1.000000);

-- ===========PRODUCTO [1003]
INSERT INTO PRODUCTO(ID,MARCA_ID,NOMBRE,PRESENTACION,CONTENIDO,UNIDADES_POR_CAJA,COSTO,COSTO_VENTA,PRECIO_BASE,UNIDAD_MEDIDA,CODIGO_BARRAS) VALUES(1003,11,'Brut Espuma Afeitar','Sensitive Skin',210,12.0,1.000000,1.000000,1.000000,'ML',7.502221184512E12);

INSERT INTO MOVIMIENTO_HISTORICO_PRODUCTO (ALMACEN_ID,PRODUCTO_ID,FECHA,TIPO_MOVIMIENTO_ID,CANTIDAD,COSTO,PRECIO,USUARIO_ID) VALUES(1,1003,now(),30,4,1.000000,1.000000,'root');
INSERT INTO ALMACEN_PRODUCTO(ALMACEN_ID,PRODUCTO_ID,CANTIDAD_ACTUAL,CANTIDAD_MINIMA,PRECIO_VENTA) VALUES (1,1003,4,0,1.000000);

INSERT INTO ALMACEN_PRODUCTO(ALMACEN_ID,PRODUCTO_ID,CANTIDAD_ACTUAL,CANTIDAD_MINIMA,PRECIO_VENTA) VALUES (2,1003,0,0,1.000000);

INSERT INTO ALMACEN_PRODUCTO(ALMACEN_ID,PRODUCTO_ID,CANTIDAD_ACTUAL,CANTIDAD_MINIMA,PRECIO_VENTA) VALUES (3,1003,4,0,1.000000);

INSERT INTO ALMACEN_PRODUCTO(ALMACEN_ID,PRODUCTO_ID,CANTIDAD_ACTUAL,CANTIDAD_MINIMA,PRECIO_VENTA) VALUES (4,1003,4,0,1.000000);

INSERT INTO PROVEEDOR_PRODUCTO(PROVEEDOR_ID,PRODUCTO_ID,PRECIO_COMPRA) VALUES(18,1003, 1.000000);

-- ===========PRODUCTO [946]
INSERT INTO PRODUCTO(ID,MARCA_ID,NOMBRE,PRESENTACION,CONTENIDO,UNIDADES_POR_CAJA,COSTO,COSTO_VENTA,PRECIO_BASE,UNIDAD_MEDIDA,CODIGO_BARRAS) VALUES(946,11,'Brut Stick','Classic Deo',45,12.0,1.000000,1.000000,1.000000,'G',7.502221184604E12);

INSERT INTO MOVIMIENTO_HISTORICO_PRODUCTO (ALMACEN_ID,PRODUCTO_ID,FECHA,TIPO_MOVIMIENTO_ID,CANTIDAD,COSTO,PRECIO,USUARIO_ID) VALUES(1,946,now(),30,8,1.000000,1.000000,'root');
INSERT INTO ALMACEN_PRODUCTO(ALMACEN_ID,PRODUCTO_ID,CANTIDAD_ACTUAL,CANTIDAD_MINIMA,PRECIO_VENTA) VALUES (1,946,8,0,1.000000);

INSERT INTO ALMACEN_PRODUCTO(ALMACEN_ID,PRODUCTO_ID,CANTIDAD_ACTUAL,CANTIDAD_MINIMA,PRECIO_VENTA) VALUES (2,946,0,0,1.000000);

INSERT INTO ALMACEN_PRODUCTO(ALMACEN_ID,PRODUCTO_ID,CANTIDAD_ACTUAL,CANTIDAD_MINIMA,PRECIO_VENTA) VALUES (3,946,8,0,1.000000);

INSERT INTO ALMACEN_PRODUCTO(ALMACEN_ID,PRODUCTO_ID,CANTIDAD_ACTUAL,CANTIDAD_MINIMA,PRECIO_VENTA) VALUES (4,946,8,0,1.000000);

INSERT INTO PROVEEDOR_PRODUCTO(PROVEEDOR_ID,PRODUCTO_ID,PRECIO_COMPRA) VALUES(18,946, 1.000000);

-- ===========PRODUCTO [998]
INSERT INTO PRODUCTO(ID,MARCA_ID,NOMBRE,PRESENTACION,CONTENIDO,UNIDADES_POR_CAJA,COSTO,COSTO_VENTA,PRECIO_BASE,UNIDAD_MEDIDA,CODIGO_BARRAS) VALUES(998,11,'Brut Rollon Caballero','Classic AP',35,12.0,1.000000,1.000000,1.000000,'G',7.502221184598E12);

INSERT INTO MOVIMIENTO_HISTORICO_PRODUCTO (ALMACEN_ID,PRODUCTO_ID,FECHA,TIPO_MOVIMIENTO_ID,CANTIDAD,COSTO,PRECIO,USUARIO_ID) VALUES(1,998,now(),30,10,1.000000,1.000000,'root');
INSERT INTO ALMACEN_PRODUCTO(ALMACEN_ID,PRODUCTO_ID,CANTIDAD_ACTUAL,CANTIDAD_MINIMA,PRECIO_VENTA) VALUES (1,998,10,0,1.000000);

INSERT INTO ALMACEN_PRODUCTO(ALMACEN_ID,PRODUCTO_ID,CANTIDAD_ACTUAL,CANTIDAD_MINIMA,PRECIO_VENTA) VALUES (2,998,0,0,1.000000);

INSERT INTO ALMACEN_PRODUCTO(ALMACEN_ID,PRODUCTO_ID,CANTIDAD_ACTUAL,CANTIDAD_MINIMA,PRECIO_VENTA) VALUES (3,998,10,0,1.000000);

INSERT INTO ALMACEN_PRODUCTO(ALMACEN_ID,PRODUCTO_ID,CANTIDAD_ACTUAL,CANTIDAD_MINIMA,PRECIO_VENTA) VALUES (4,998,10,0,1.000000);

INSERT INTO PROVEEDOR_PRODUCTO(PROVEEDOR_ID,PRODUCTO_ID,PRECIO_COMPRA) VALUES(18,998, 1.000000);

-- ===========PRODUCTO [908]
INSERT INTO PRODUCTO(ID,MARCA_ID,NOMBRE,PRESENTACION,CONTENIDO,UNIDADES_POR_CAJA,COSTO,COSTO_VENTA,PRECIO_BASE,UNIDAD_MEDIDA,CODIGO_BARRAS) VALUES(908,2,'Adidas Aerosol Dama','Active Start',75,12.0,1.000000,1.000000,19.000000,'ML',3.412240057183E12);

INSERT INTO MOVIMIENTO_HISTORICO_PRODUCTO (ALMACEN_ID,PRODUCTO_ID,FECHA,TIPO_MOVIMIENTO_ID,CANTIDAD,COSTO,PRECIO,USUARIO_ID) VALUES(1,908,now(),30,2,1.000000,19.000000,'root');
INSERT INTO ALMACEN_PRODUCTO(ALMACEN_ID,PRODUCTO_ID,CANTIDAD_ACTUAL,CANTIDAD_MINIMA,PRECIO_VENTA) VALUES (1,908,2,0,19.000000);

INSERT INTO ALMACEN_PRODUCTO(ALMACEN_ID,PRODUCTO_ID,CANTIDAD_ACTUAL,CANTIDAD_MINIMA,PRECIO_VENTA) VALUES (2,908,0,0,1.000000);

INSERT INTO ALMACEN_PRODUCTO(ALMACEN_ID,PRODUCTO_ID,CANTIDAD_ACTUAL,CANTIDAD_MINIMA,PRECIO_VENTA) VALUES (3,908,2,0,19.900000);

INSERT INTO ALMACEN_PRODUCTO(ALMACEN_ID,PRODUCTO_ID,CANTIDAD_ACTUAL,CANTIDAD_MINIMA,PRECIO_VENTA) VALUES (4,908,2,0,1.000000);

INSERT INTO PROVEEDOR_PRODUCTO(PROVEEDOR_ID,PRODUCTO_ID,PRECIO_COMPRA) VALUES(13,908, 1.000000);

-- ===========PRODUCTO [1015]
INSERT INTO PRODUCTO(ID,MARCA_ID,NOMBRE,PRESENTACION,CONTENIDO,UNIDADES_POR_CAJA,COSTO,COSTO_VENTA,PRECIO_BASE,UNIDAD_MEDIDA,CODIGO_BARRAS) VALUES(1015,11,'Brut Aerosol','Attitude',210,12.0,1.000000,1.000000,1.000000,'ML',7.502221181245E12);

INSERT INTO MOVIMIENTO_HISTORICO_PRODUCTO (ALMACEN_ID,PRODUCTO_ID,FECHA,TIPO_MOVIMIENTO_ID,CANTIDAD,COSTO,PRECIO,USUARIO_ID) VALUES(1,1015,now(),30,4,1.000000,1.000000,'root');
INSERT INTO ALMACEN_PRODUCTO(ALMACEN_ID,PRODUCTO_ID,CANTIDAD_ACTUAL,CANTIDAD_MINIMA,PRECIO_VENTA) VALUES (1,1015,4,0,1.000000);

INSERT INTO ALMACEN_PRODUCTO(ALMACEN_ID,PRODUCTO_ID,CANTIDAD_ACTUAL,CANTIDAD_MINIMA,PRECIO_VENTA) VALUES (2,1015,0,0,1.000000);

INSERT INTO ALMACEN_PRODUCTO(ALMACEN_ID,PRODUCTO_ID,CANTIDAD_ACTUAL,CANTIDAD_MINIMA,PRECIO_VENTA) VALUES (3,1015,4,0,1.000000);

INSERT INTO ALMACEN_PRODUCTO(ALMACEN_ID,PRODUCTO_ID,CANTIDAD_ACTUAL,CANTIDAD_MINIMA,PRECIO_VENTA) VALUES (4,1015,4,0,1.000000);

INSERT INTO PROVEEDOR_PRODUCTO(PROVEEDOR_ID,PRODUCTO_ID,PRECIO_COMPRA) VALUES(18,1015, 1.000000);

-- ===========PRODUCTO [1180]
INSERT INTO PRODUCTO(ID,MARCA_ID,NOMBRE,PRESENTACION,CONTENIDO,UNIDADES_POR_CAJA,COSTO,COSTO_VENTA,PRECIO_BASE,UNIDAD_MEDIDA,CODIGO_BARRAS) VALUES(1180,11,'Brut Locion','Motion',100,12.0,1.000000,1.000000,1.000000,'ML',7.502221182341E12);

INSERT INTO MOVIMIENTO_HISTORICO_PRODUCTO (ALMACEN_ID,PRODUCTO_ID,FECHA,TIPO_MOVIMIENTO_ID,CANTIDAD,COSTO,PRECIO,USUARIO_ID) VALUES(1,1180,now(),30,12,1.000000,1.000000,'root');
INSERT INTO ALMACEN_PRODUCTO(ALMACEN_ID,PRODUCTO_ID,CANTIDAD_ACTUAL,CANTIDAD_MINIMA,PRECIO_VENTA) VALUES (1,1180,12,0,1.000000);

INSERT INTO ALMACEN_PRODUCTO(ALMACEN_ID,PRODUCTO_ID,CANTIDAD_ACTUAL,CANTIDAD_MINIMA,PRECIO_VENTA) VALUES (2,1180,0,0,1.000000);

INSERT INTO ALMACEN_PRODUCTO(ALMACEN_ID,PRODUCTO_ID,CANTIDAD_ACTUAL,CANTIDAD_MINIMA,PRECIO_VENTA) VALUES (3,1180,12,0,1.000000);

INSERT INTO ALMACEN_PRODUCTO(ALMACEN_ID,PRODUCTO_ID,CANTIDAD_ACTUAL,CANTIDAD_MINIMA,PRECIO_VENTA) VALUES (4,1180,12,0,1.000000);

INSERT INTO PROVEEDOR_PRODUCTO(PROVEEDOR_ID,PRODUCTO_ID,PRECIO_COMPRA) VALUES(18,1180, 1.000000);

-- ===========PRODUCTO [1181]
INSERT INTO PRODUCTO(ID,MARCA_ID,NOMBRE,PRESENTACION,CONTENIDO,UNIDADES_POR_CAJA,COSTO,COSTO_VENTA,PRECIO_BASE,UNIDAD_MEDIDA,CODIGO_BARRAS) VALUES(1181,45,'Obao Rollon Dama','Delicate Skin',65,24.0,1.000000,1.000000,1.000000,'ML',8.85575000002E11);

INSERT INTO MOVIMIENTO_HISTORICO_PRODUCTO (ALMACEN_ID,PRODUCTO_ID,FECHA,TIPO_MOVIMIENTO_ID,CANTIDAD,COSTO,PRECIO,USUARIO_ID) VALUES(1,1181,now(),30,10,1.000000,1.000000,'root');
INSERT INTO ALMACEN_PRODUCTO(ALMACEN_ID,PRODUCTO_ID,CANTIDAD_ACTUAL,CANTIDAD_MINIMA,PRECIO_VENTA) VALUES (1,1181,10,0,1.000000);

INSERT INTO ALMACEN_PRODUCTO(ALMACEN_ID,PRODUCTO_ID,CANTIDAD_ACTUAL,CANTIDAD_MINIMA,PRECIO_VENTA) VALUES (2,1181,0,0,1.000000);

INSERT INTO ALMACEN_PRODUCTO(ALMACEN_ID,PRODUCTO_ID,CANTIDAD_ACTUAL,CANTIDAD_MINIMA,PRECIO_VENTA) VALUES (3,1181,10,0,1.000000);

INSERT INTO ALMACEN_PRODUCTO(ALMACEN_ID,PRODUCTO_ID,CANTIDAD_ACTUAL,CANTIDAD_MINIMA,PRECIO_VENTA) VALUES (4,1181,10,0,1.000000);

INSERT INTO PROVEEDOR_PRODUCTO(PROVEEDOR_ID,PRODUCTO_ID,PRECIO_COMPRA) VALUES(10,1181, 1.000000);

-- ===========PRODUCTO [1182]
INSERT INTO PRODUCTO(ID,MARCA_ID,NOMBRE,PRESENTACION,CONTENIDO,UNIDADES_POR_CAJA,COSTO,COSTO_VENTA,PRECIO_BASE,UNIDAD_MEDIDA,CODIGO_BARRAS) VALUES(1182,15,'Lady Speed Stick Aerosol','Stainguard',165,12.0,1.000000,1.000000,1.000000,'ML',7.509546050935E12);

INSERT INTO MOVIMIENTO_HISTORICO_PRODUCTO (ALMACEN_ID,PRODUCTO_ID,FECHA,TIPO_MOVIMIENTO_ID,CANTIDAD,COSTO,PRECIO,USUARIO_ID) VALUES(1,1182,now(),30,12,1.000000,1.000000,'root');
INSERT INTO ALMACEN_PRODUCTO(ALMACEN_ID,PRODUCTO_ID,CANTIDAD_ACTUAL,CANTIDAD_MINIMA,PRECIO_VENTA) VALUES (1,1182,12,0,1.000000);

INSERT INTO ALMACEN_PRODUCTO(ALMACEN_ID,PRODUCTO_ID,CANTIDAD_ACTUAL,CANTIDAD_MINIMA,PRECIO_VENTA) VALUES (2,1182,0,0,1.000000);

INSERT INTO ALMACEN_PRODUCTO(ALMACEN_ID,PRODUCTO_ID,CANTIDAD_ACTUAL,CANTIDAD_MINIMA,PRECIO_VENTA) VALUES (3,1182,12,0,1.000000);

INSERT INTO ALMACEN_PRODUCTO(ALMACEN_ID,PRODUCTO_ID,CANTIDAD_ACTUAL,CANTIDAD_MINIMA,PRECIO_VENTA) VALUES (4,1182,12,0,1.000000);

INSERT INTO PROVEEDOR_PRODUCTO(PROVEEDOR_ID,PRODUCTO_ID,PRECIO_COMPRA) VALUES(6,1182, 1.000000);

-- ===========PRODUCTO [1183]
INSERT INTO PRODUCTO(ID,MARCA_ID,NOMBRE,PRESENTACION,CONTENIDO,UNIDADES_POR_CAJA,COSTO,COSTO_VENTA,PRECIO_BASE,UNIDAD_MEDIDA,CODIGO_BARRAS) VALUES(1183,11,'Brut Gel Ducha','Affection',150,12.0,1.000000,1.000000,1.000000,'ML',7.8921717E7);

INSERT INTO MOVIMIENTO_HISTORICO_PRODUCTO (ALMACEN_ID,PRODUCTO_ID,FECHA,TIPO_MOVIMIENTO_ID,CANTIDAD,COSTO,PRECIO,USUARIO_ID) VALUES(1,1183,now(),30,1,1.000000,1.000000,'root');
INSERT INTO ALMACEN_PRODUCTO(ALMACEN_ID,PRODUCTO_ID,CANTIDAD_ACTUAL,CANTIDAD_MINIMA,PRECIO_VENTA) VALUES (1,1183,1,0,1.000000);

INSERT INTO ALMACEN_PRODUCTO(ALMACEN_ID,PRODUCTO_ID,CANTIDAD_ACTUAL,CANTIDAD_MINIMA,PRECIO_VENTA) VALUES (2,1183,0,0,1.000000);

INSERT INTO ALMACEN_PRODUCTO(ALMACEN_ID,PRODUCTO_ID,CANTIDAD_ACTUAL,CANTIDAD_MINIMA,PRECIO_VENTA) VALUES (3,1183,1,0,1.000000);

INSERT INTO ALMACEN_PRODUCTO(ALMACEN_ID,PRODUCTO_ID,CANTIDAD_ACTUAL,CANTIDAD_MINIMA,PRECIO_VENTA) VALUES (4,1183,1,0,1.000000);

INSERT INTO PROVEEDOR_PRODUCTO(PROVEEDOR_ID,PRODUCTO_ID,PRECIO_COMPRA) VALUES(18,1183, 1.000000);

-- ===========PRODUCTO [1184]
INSERT INTO PRODUCTO(ID,MARCA_ID,NOMBRE,PRESENTACION,CONTENIDO,UNIDADES_POR_CAJA,COSTO,COSTO_VENTA,PRECIO_BASE,UNIDAD_MEDIDA,CODIGO_BARRAS) VALUES(1184,11,'Brut Gel Ducha','Dominant',150,12.0,1.000000,1.000000,1.000000,'ML',7.8921818E7);

INSERT INTO MOVIMIENTO_HISTORICO_PRODUCTO (ALMACEN_ID,PRODUCTO_ID,FECHA,TIPO_MOVIMIENTO_ID,CANTIDAD,COSTO,PRECIO,USUARIO_ID) VALUES(1,1184,now(),30,3,1.000000,1.000000,'root');
INSERT INTO ALMACEN_PRODUCTO(ALMACEN_ID,PRODUCTO_ID,CANTIDAD_ACTUAL,CANTIDAD_MINIMA,PRECIO_VENTA) VALUES (1,1184,3,0,1.000000);

INSERT INTO ALMACEN_PRODUCTO(ALMACEN_ID,PRODUCTO_ID,CANTIDAD_ACTUAL,CANTIDAD_MINIMA,PRECIO_VENTA) VALUES (2,1184,0,0,1.000000);

INSERT INTO ALMACEN_PRODUCTO(ALMACEN_ID,PRODUCTO_ID,CANTIDAD_ACTUAL,CANTIDAD_MINIMA,PRECIO_VENTA) VALUES (3,1184,3,0,1.000000);

INSERT INTO ALMACEN_PRODUCTO(ALMACEN_ID,PRODUCTO_ID,CANTIDAD_ACTUAL,CANTIDAD_MINIMA,PRECIO_VENTA) VALUES (4,1184,3,0,1.000000);

INSERT INTO PROVEEDOR_PRODUCTO(PROVEEDOR_ID,PRODUCTO_ID,PRECIO_COMPRA) VALUES(18,1184, 1.000000);

-- ===========PRODUCTO [1185]
INSERT INTO PRODUCTO(ID,MARCA_ID,NOMBRE,PRESENTACION,CONTENIDO,UNIDADES_POR_CAJA,COSTO,COSTO_VENTA,PRECIO_BASE,UNIDAD_MEDIDA,CODIGO_BARRAS) VALUES(1185,11,'Brut Gel Ducha','Euphoria',150,12.0,1.000000,1.000000,1.000000,'ML',7.8921919E7);

INSERT INTO MOVIMIENTO_HISTORICO_PRODUCTO (ALMACEN_ID,PRODUCTO_ID,FECHA,TIPO_MOVIMIENTO_ID,CANTIDAD,COSTO,PRECIO,USUARIO_ID) VALUES(1,1185,now(),30,3,1.000000,1.000000,'root');
INSERT INTO ALMACEN_PRODUCTO(ALMACEN_ID,PRODUCTO_ID,CANTIDAD_ACTUAL,CANTIDAD_MINIMA,PRECIO_VENTA) VALUES (1,1185,3,0,1.000000);

INSERT INTO ALMACEN_PRODUCTO(ALMACEN_ID,PRODUCTO_ID,CANTIDAD_ACTUAL,CANTIDAD_MINIMA,PRECIO_VENTA) VALUES (2,1185,0,0,1.000000);

INSERT INTO ALMACEN_PRODUCTO(ALMACEN_ID,PRODUCTO_ID,CANTIDAD_ACTUAL,CANTIDAD_MINIMA,PRECIO_VENTA) VALUES (3,1185,3,0,1.000000);

INSERT INTO ALMACEN_PRODUCTO(ALMACEN_ID,PRODUCTO_ID,CANTIDAD_ACTUAL,CANTIDAD_MINIMA,PRECIO_VENTA) VALUES (4,1185,3,0,1.000000);

INSERT INTO PROVEEDOR_PRODUCTO(PROVEEDOR_ID,PRODUCTO_ID,PRECIO_COMPRA) VALUES(18,1185, 1.000000);

-- ===========PRODUCTO [661]
INSERT INTO PRODUCTO(ID,MARCA_ID,NOMBRE,PRESENTACION,CONTENIDO,UNIDADES_POR_CAJA,COSTO,COSTO_VENTA,PRECIO_BASE,UNIDAD_MEDIDA,CODIGO_BARRAS) VALUES(661,11,'Brut Rollon','Addicttion',50,12.0,1.000000,1.000000,1.000000,'G',7.502221184789E12);

INSERT INTO MOVIMIENTO_HISTORICO_PRODUCTO (ALMACEN_ID,PRODUCTO_ID,FECHA,TIPO_MOVIMIENTO_ID,CANTIDAD,COSTO,PRECIO,USUARIO_ID) VALUES(1,661,now(),30,0,1.000000,1.000000,'root');
INSERT INTO ALMACEN_PRODUCTO(ALMACEN_ID,PRODUCTO_ID,CANTIDAD_ACTUAL,CANTIDAD_MINIMA,PRECIO_VENTA) VALUES (1,661,0,0,1.000000);

INSERT INTO ALMACEN_PRODUCTO(ALMACEN_ID,PRODUCTO_ID,CANTIDAD_ACTUAL,CANTIDAD_MINIMA,PRECIO_VENTA) VALUES (2,661,1,0,1.000000);

INSERT INTO PROVEEDOR_PRODUCTO(PROVEEDOR_ID,PRODUCTO_ID,PRECIO_COMPRA) VALUES(18,661, 1.000000);

-- ===========PRODUCTO [1186]
INSERT INTO PRODUCTO(ID,MARCA_ID,NOMBRE,PRESENTACION,CONTENIDO,UNIDADES_POR_CAJA,COSTO,COSTO_VENTA,PRECIO_BASE,UNIDAD_MEDIDA,CODIGO_BARRAS) VALUES(1186,11,'Brut Locion','Attitude',100,12.0,1.000000,1.000000,1.000000,'ML',7.502221181306E12);

INSERT INTO MOVIMIENTO_HISTORICO_PRODUCTO (ALMACEN_ID,PRODUCTO_ID,FECHA,TIPO_MOVIMIENTO_ID,CANTIDAD,COSTO,PRECIO,USUARIO_ID) VALUES(1,1186,now(),30,0,1.000000,1.000000,'root');
INSERT INTO ALMACEN_PRODUCTO(ALMACEN_ID,PRODUCTO_ID,CANTIDAD_ACTUAL,CANTIDAD_MINIMA,PRECIO_VENTA) VALUES (1,1186,0,0,1.000000);

INSERT INTO ALMACEN_PRODUCTO(ALMACEN_ID,PRODUCTO_ID,CANTIDAD_ACTUAL,CANTIDAD_MINIMA,PRECIO_VENTA) VALUES (2,1186,1,0,1.000000);

INSERT INTO PROVEEDOR_PRODUCTO(PROVEEDOR_ID,PRODUCTO_ID,PRECIO_COMPRA) VALUES(18,1186, 1.000000);

-- ===========PRODUCTO [1187]
INSERT INTO PRODUCTO(ID,MARCA_ID,NOMBRE,PRESENTACION,CONTENIDO,UNIDADES_POR_CAJA,COSTO,COSTO_VENTA,PRECIO_BASE,UNIDAD_MEDIDA,CODIGO_BARRAS) VALUES(1187,11,'Brut Locion','Success',100,12.0,1.000000,1.000000,1.000000,'ML',7.50222118132E12);

INSERT INTO MOVIMIENTO_HISTORICO_PRODUCTO (ALMACEN_ID,PRODUCTO_ID,FECHA,TIPO_MOVIMIENTO_ID,CANTIDAD,COSTO,PRECIO,USUARIO_ID) VALUES(1,1187,now(),30,0,1.000000,1.000000,'root');
INSERT INTO ALMACEN_PRODUCTO(ALMACEN_ID,PRODUCTO_ID,CANTIDAD_ACTUAL,CANTIDAD_MINIMA,PRECIO_VENTA) VALUES (1,1187,0,0,1.000000);

INSERT INTO ALMACEN_PRODUCTO(ALMACEN_ID,PRODUCTO_ID,CANTIDAD_ACTUAL,CANTIDAD_MINIMA,PRECIO_VENTA) VALUES (2,1187,3,0,1.000000);

INSERT INTO PROVEEDOR_PRODUCTO(PROVEEDOR_ID,PRODUCTO_ID,PRECIO_COMPRA) VALUES(18,1187, 1.000000);

-- ===========PRODUCTO [1188]
INSERT INTO PRODUCTO(ID,MARCA_ID,NOMBRE,PRESENTACION,CONTENIDO,UNIDADES_POR_CAJA,COSTO,COSTO_VENTA,PRECIO_BASE,UNIDAD_MEDIDA,CODIGO_BARRAS) VALUES(1188,12,'Ammens Talco Desodorante','Bebe',250,12.0,1.000000,1.000000,1.000000,'G',7.502221182174E12);

INSERT INTO MOVIMIENTO_HISTORICO_PRODUCTO (ALMACEN_ID,PRODUCTO_ID,FECHA,TIPO_MOVIMIENTO_ID,CANTIDAD,COSTO,PRECIO,USUARIO_ID) VALUES(1,1188,now(),30,0,1.000000,1.000000,'root');
INSERT INTO ALMACEN_PRODUCTO(ALMACEN_ID,PRODUCTO_ID,CANTIDAD_ACTUAL,CANTIDAD_MINIMA,PRECIO_VENTA) VALUES (1,1188,0,0,1.000000);

INSERT INTO ALMACEN_PRODUCTO(ALMACEN_ID,PRODUCTO_ID,CANTIDAD_ACTUAL,CANTIDAD_MINIMA,PRECIO_VENTA) VALUES (2,1188,37,0,1.000000);

INSERT INTO PROVEEDOR_PRODUCTO(PROVEEDOR_ID,PRODUCTO_ID,PRECIO_COMPRA) VALUES(18,1188, 1.000000);

-- ===========PRODUCTO [1189]
INSERT INTO PRODUCTO(ID,MARCA_ID,NOMBRE,PRESENTACION,CONTENIDO,UNIDADES_POR_CAJA,COSTO,COSTO_VENTA,PRECIO_BASE,UNIDAD_MEDIDA,CODIGO_BARRAS) VALUES(1189,36,'Caprice Fijador Spray Profesional','Acti Ceramidas',352,12.0,1.000000,1.000000,1.000000,'ML',7.509546050294E12);

INSERT INTO MOVIMIENTO_HISTORICO_PRODUCTO (ALMACEN_ID,PRODUCTO_ID,FECHA,TIPO_MOVIMIENTO_ID,CANTIDAD,COSTO,PRECIO,USUARIO_ID) VALUES(1,1189,now(),30,0,1.000000,1.000000,'root');
INSERT INTO ALMACEN_PRODUCTO(ALMACEN_ID,PRODUCTO_ID,CANTIDAD_ACTUAL,CANTIDAD_MINIMA,PRECIO_VENTA) VALUES (1,1189,0,0,1.000000);

INSERT INTO ALMACEN_PRODUCTO(ALMACEN_ID,PRODUCTO_ID,CANTIDAD_ACTUAL,CANTIDAD_MINIMA,PRECIO_VENTA) VALUES (2,1189,2,0,1.000000);

INSERT INTO PROVEEDOR_PRODUCTO(PROVEEDOR_ID,PRODUCTO_ID,PRECIO_COMPRA) VALUES(6,1189, 1.000000);

-- ===========PRODUCTO [1190]
INSERT INTO PRODUCTO(ID,MARCA_ID,NOMBRE,PRESENTACION,CONTENIDO,UNIDADES_POR_CAJA,COSTO,COSTO_VENTA,PRECIO_BASE,UNIDAD_MEDIDA,CODIGO_BARRAS) VALUES(1190,82,'Fabuloso Limpiador','Frutos Navideños',1000,12.0,1.000000,1.000000,1.000000,'ML',7.509546057033E12);

INSERT INTO MOVIMIENTO_HISTORICO_PRODUCTO (ALMACEN_ID,PRODUCTO_ID,FECHA,TIPO_MOVIMIENTO_ID,CANTIDAD,COSTO,PRECIO,USUARIO_ID) VALUES(1,1190,now(),30,12,1.000000,1.000000,'root');
INSERT INTO ALMACEN_PRODUCTO(ALMACEN_ID,PRODUCTO_ID,CANTIDAD_ACTUAL,CANTIDAD_MINIMA,PRECIO_VENTA) VALUES (1,1190,12,0,1.000000);

INSERT INTO ALMACEN_PRODUCTO(ALMACEN_ID,PRODUCTO_ID,CANTIDAD_ACTUAL,CANTIDAD_MINIMA,PRECIO_VENTA) VALUES (2,1190,0,0,1.000000);

INSERT INTO ALMACEN_PRODUCTO(ALMACEN_ID,PRODUCTO_ID,CANTIDAD_ACTUAL,CANTIDAD_MINIMA,PRECIO_VENTA) VALUES (3,1190,12,0,1.000000);

INSERT INTO ALMACEN_PRODUCTO(ALMACEN_ID,PRODUCTO_ID,CANTIDAD_ACTUAL,CANTIDAD_MINIMA,PRECIO_VENTA) VALUES (4,1190,12,0,1.000000);

INSERT INTO PROVEEDOR_PRODUCTO(PROVEEDOR_ID,PRODUCTO_ID,PRECIO_COMPRA) VALUES(6,1190, 1.000000);

-- ===========PRODUCTO [1191]
INSERT INTO PRODUCTO(ID,MARCA_ID,NOMBRE,PRESENTACION,CONTENIDO,UNIDADES_POR_CAJA,COSTO,COSTO_VENTA,PRECIO_BASE,UNIDAD_MEDIDA,CODIGO_BARRAS) VALUES(1191,82,'Fabuloso Limpiador','Mar Fresco',1000,12.0,1.000000,1.000000,1.000000,'ML',7.501035910041E12);

INSERT INTO MOVIMIENTO_HISTORICO_PRODUCTO (ALMACEN_ID,PRODUCTO_ID,FECHA,TIPO_MOVIMIENTO_ID,CANTIDAD,COSTO,PRECIO,USUARIO_ID) VALUES(1,1191,now(),30,12,1.000000,1.000000,'root');
INSERT INTO ALMACEN_PRODUCTO(ALMACEN_ID,PRODUCTO_ID,CANTIDAD_ACTUAL,CANTIDAD_MINIMA,PRECIO_VENTA) VALUES (1,1191,12,0,1.000000);

INSERT INTO ALMACEN_PRODUCTO(ALMACEN_ID,PRODUCTO_ID,CANTIDAD_ACTUAL,CANTIDAD_MINIMA,PRECIO_VENTA) VALUES (2,1191,0,0,1.000000);

INSERT INTO ALMACEN_PRODUCTO(ALMACEN_ID,PRODUCTO_ID,CANTIDAD_ACTUAL,CANTIDAD_MINIMA,PRECIO_VENTA) VALUES (3,1191,12,0,1.000000);

INSERT INTO ALMACEN_PRODUCTO(ALMACEN_ID,PRODUCTO_ID,CANTIDAD_ACTUAL,CANTIDAD_MINIMA,PRECIO_VENTA) VALUES (4,1191,12,0,1.000000);

INSERT INTO PROVEEDOR_PRODUCTO(PROVEEDOR_ID,PRODUCTO_ID,PRECIO_COMPRA) VALUES(6,1191, 1.000000);

-- ===========PRODUCTO [1192]
INSERT INTO PRODUCTO(ID,MARCA_ID,NOMBRE,PRESENTACION,CONTENIDO,UNIDADES_POR_CAJA,COSTO,COSTO_VENTA,PRECIO_BASE,UNIDAD_MEDIDA,CODIGO_BARRAS) VALUES(1192,35,'Colgate Cepillo Pack','Twister Medio',2,36.0,1.000000,1.000000,1.000000,'PZ',9.9176316367E10);

INSERT INTO MOVIMIENTO_HISTORICO_PRODUCTO (ALMACEN_ID,PRODUCTO_ID,FECHA,TIPO_MOVIMIENTO_ID,CANTIDAD,COSTO,PRECIO,USUARIO_ID) VALUES(1,1192,now(),30,36,1.000000,1.000000,'root');
INSERT INTO ALMACEN_PRODUCTO(ALMACEN_ID,PRODUCTO_ID,CANTIDAD_ACTUAL,CANTIDAD_MINIMA,PRECIO_VENTA) VALUES (1,1192,36,0,1.000000);

INSERT INTO ALMACEN_PRODUCTO(ALMACEN_ID,PRODUCTO_ID,CANTIDAD_ACTUAL,CANTIDAD_MINIMA,PRECIO_VENTA) VALUES (2,1192,0,0,1.000000);

INSERT INTO ALMACEN_PRODUCTO(ALMACEN_ID,PRODUCTO_ID,CANTIDAD_ACTUAL,CANTIDAD_MINIMA,PRECIO_VENTA) VALUES (3,1192,36,0,1.000000);

INSERT INTO ALMACEN_PRODUCTO(ALMACEN_ID,PRODUCTO_ID,CANTIDAD_ACTUAL,CANTIDAD_MINIMA,PRECIO_VENTA) VALUES (4,1192,36,0,1.000000);

INSERT INTO PROVEEDOR_PRODUCTO(PROVEEDOR_ID,PRODUCTO_ID,PRECIO_COMPRA) VALUES(6,1192, 1.000000);

-- ===========PRODUCTO [1193]
INSERT INTO PRODUCTO(ID,MARCA_ID,NOMBRE,PRESENTACION,CONTENIDO,UNIDADES_POR_CAJA,COSTO,COSTO_VENTA,PRECIO_BASE,UNIDAD_MEDIDA,CODIGO_BARRAS) VALUES(1193,35,'Colgate Cepillo Pack','Max Fresh',2,12.0,1.000000,1.000000,1.000000,'PZ',7.509546042343E12);

INSERT INTO MOVIMIENTO_HISTORICO_PRODUCTO (ALMACEN_ID,PRODUCTO_ID,FECHA,TIPO_MOVIMIENTO_ID,CANTIDAD,COSTO,PRECIO,USUARIO_ID) VALUES(1,1193,now(),30,12,1.000000,1.000000,'root');
INSERT INTO ALMACEN_PRODUCTO(ALMACEN_ID,PRODUCTO_ID,CANTIDAD_ACTUAL,CANTIDAD_MINIMA,PRECIO_VENTA) VALUES (1,1193,12,0,1.000000);

INSERT INTO ALMACEN_PRODUCTO(ALMACEN_ID,PRODUCTO_ID,CANTIDAD_ACTUAL,CANTIDAD_MINIMA,PRECIO_VENTA) VALUES (2,1193,0,0,1.000000);

INSERT INTO ALMACEN_PRODUCTO(ALMACEN_ID,PRODUCTO_ID,CANTIDAD_ACTUAL,CANTIDAD_MINIMA,PRECIO_VENTA) VALUES (3,1193,12,0,1.000000);

INSERT INTO ALMACEN_PRODUCTO(ALMACEN_ID,PRODUCTO_ID,CANTIDAD_ACTUAL,CANTIDAD_MINIMA,PRECIO_VENTA) VALUES (4,1193,12,0,1.000000);

INSERT INTO PROVEEDOR_PRODUCTO(PROVEEDOR_ID,PRODUCTO_ID,PRECIO_COMPRA) VALUES(6,1193, 1.000000);

-- ===========PRODUCTO [1194]
INSERT INTO PRODUCTO(ID,MARCA_ID,NOMBRE,PRESENTACION,CONTENIDO,UNIDADES_POR_CAJA,COSTO,COSTO_VENTA,PRECIO_BASE,UNIDAD_MEDIDA,CODIGO_BARRAS) VALUES(1194,35,'Colgate Cepillo Dental','Classic Clean',1,48.0,1.000000,1.000000,1.000000,'PZ',9.9176369141E10);

INSERT INTO MOVIMIENTO_HISTORICO_PRODUCTO (ALMACEN_ID,PRODUCTO_ID,FECHA,TIPO_MOVIMIENTO_ID,CANTIDAD,COSTO,PRECIO,USUARIO_ID) VALUES(1,1194,now(),30,48,1.000000,1.000000,'root');
INSERT INTO ALMACEN_PRODUCTO(ALMACEN_ID,PRODUCTO_ID,CANTIDAD_ACTUAL,CANTIDAD_MINIMA,PRECIO_VENTA) VALUES (1,1194,48,0,1.000000);

INSERT INTO ALMACEN_PRODUCTO(ALMACEN_ID,PRODUCTO_ID,CANTIDAD_ACTUAL,CANTIDAD_MINIMA,PRECIO_VENTA) VALUES (2,1194,0,0,1.000000);

INSERT INTO ALMACEN_PRODUCTO(ALMACEN_ID,PRODUCTO_ID,CANTIDAD_ACTUAL,CANTIDAD_MINIMA,PRECIO_VENTA) VALUES (3,1194,48,0,1.000000);

INSERT INTO ALMACEN_PRODUCTO(ALMACEN_ID,PRODUCTO_ID,CANTIDAD_ACTUAL,CANTIDAD_MINIMA,PRECIO_VENTA) VALUES (4,1194,48,0,1.000000);

INSERT INTO PROVEEDOR_PRODUCTO(PROVEEDOR_ID,PRODUCTO_ID,PRECIO_COMPRA) VALUES(6,1194, 1.000000);

-- ===========PRODUCTO [1195]
INSERT INTO PRODUCTO(ID,MARCA_ID,NOMBRE,PRESENTACION,CONTENIDO,UNIDADES_POR_CAJA,COSTO,COSTO_VENTA,PRECIO_BASE,UNIDAD_MEDIDA,CODIGO_BARRAS) VALUES(1195,35,'Colgate Cepillo Dental','360 Surround Sonic Power',1,12.0,1.000000,1.000000,1.000000,'PZ',7.509546056159E12);

INSERT INTO MOVIMIENTO_HISTORICO_PRODUCTO (ALMACEN_ID,PRODUCTO_ID,FECHA,TIPO_MOVIMIENTO_ID,CANTIDAD,COSTO,PRECIO,USUARIO_ID) VALUES(1,1195,now(),30,12,1.000000,1.000000,'root');
INSERT INTO ALMACEN_PRODUCTO(ALMACEN_ID,PRODUCTO_ID,CANTIDAD_ACTUAL,CANTIDAD_MINIMA,PRECIO_VENTA) VALUES (1,1195,12,0,1.000000);

INSERT INTO ALMACEN_PRODUCTO(ALMACEN_ID,PRODUCTO_ID,CANTIDAD_ACTUAL,CANTIDAD_MINIMA,PRECIO_VENTA) VALUES (2,1195,0,0,1.000000);

INSERT INTO ALMACEN_PRODUCTO(ALMACEN_ID,PRODUCTO_ID,CANTIDAD_ACTUAL,CANTIDAD_MINIMA,PRECIO_VENTA) VALUES (3,1195,12,0,1.000000);

INSERT INTO ALMACEN_PRODUCTO(ALMACEN_ID,PRODUCTO_ID,CANTIDAD_ACTUAL,CANTIDAD_MINIMA,PRECIO_VENTA) VALUES (4,1195,12,0,1.000000);

INSERT INTO PROVEEDOR_PRODUCTO(PROVEEDOR_ID,PRODUCTO_ID,PRECIO_COMPRA) VALUES(6,1195, 1.000000);

-- ===========PRODUCTO [1196]
INSERT INTO PRODUCTO(ID,MARCA_ID,NOMBRE,PRESENTACION,CONTENIDO,UNIDADES_POR_CAJA,COSTO,COSTO_VENTA,PRECIO_BASE,UNIDAD_MEDIDA,CODIGO_BARRAS) VALUES(1196,35,'Colgate Cepillo Dental Exibidor','Premier Clean',6,24.0,1.000000,1.000000,1.000000,'PZ',7.509546047676E12);

INSERT INTO MOVIMIENTO_HISTORICO_PRODUCTO (ALMACEN_ID,PRODUCTO_ID,FECHA,TIPO_MOVIMIENTO_ID,CANTIDAD,COSTO,PRECIO,USUARIO_ID) VALUES(1,1196,now(),30,6,1.000000,1.000000,'root');
INSERT INTO ALMACEN_PRODUCTO(ALMACEN_ID,PRODUCTO_ID,CANTIDAD_ACTUAL,CANTIDAD_MINIMA,PRECIO_VENTA) VALUES (1,1196,6,0,1.000000);

INSERT INTO ALMACEN_PRODUCTO(ALMACEN_ID,PRODUCTO_ID,CANTIDAD_ACTUAL,CANTIDAD_MINIMA,PRECIO_VENTA) VALUES (2,1196,0,0,1.000000);

INSERT INTO ALMACEN_PRODUCTO(ALMACEN_ID,PRODUCTO_ID,CANTIDAD_ACTUAL,CANTIDAD_MINIMA,PRECIO_VENTA) VALUES (3,1196,6,0,1.000000);

INSERT INTO ALMACEN_PRODUCTO(ALMACEN_ID,PRODUCTO_ID,CANTIDAD_ACTUAL,CANTIDAD_MINIMA,PRECIO_VENTA) VALUES (4,1196,6,0,1.000000);

INSERT INTO PROVEEDOR_PRODUCTO(PROVEEDOR_ID,PRODUCTO_ID,PRECIO_COMPRA) VALUES(6,1196, 1.000000);

-- ===========PRODUCTO [1197]
INSERT INTO PRODUCTO(ID,MARCA_ID,NOMBRE,PRESENTACION,CONTENIDO,UNIDADES_POR_CAJA,COSTO,COSTO_VENTA,PRECIO_BASE,UNIDAD_MEDIDA,CODIGO_BARRAS) VALUES(1197,69,'Axion Liquido','Dulce Navidad',750,12.0,1.000000,1.000000,1.000000,'ML',7.509546057316E12);

INSERT INTO MOVIMIENTO_HISTORICO_PRODUCTO (ALMACEN_ID,PRODUCTO_ID,FECHA,TIPO_MOVIMIENTO_ID,CANTIDAD,COSTO,PRECIO,USUARIO_ID) VALUES(1,1197,now(),30,12,1.000000,1.000000,'root');
INSERT INTO ALMACEN_PRODUCTO(ALMACEN_ID,PRODUCTO_ID,CANTIDAD_ACTUAL,CANTIDAD_MINIMA,PRECIO_VENTA) VALUES (1,1197,12,0,1.000000);

INSERT INTO ALMACEN_PRODUCTO(ALMACEN_ID,PRODUCTO_ID,CANTIDAD_ACTUAL,CANTIDAD_MINIMA,PRECIO_VENTA) VALUES (2,1197,0,0,1.000000);

INSERT INTO ALMACEN_PRODUCTO(ALMACEN_ID,PRODUCTO_ID,CANTIDAD_ACTUAL,CANTIDAD_MINIMA,PRECIO_VENTA) VALUES (3,1197,12,0,1.000000);

INSERT INTO ALMACEN_PRODUCTO(ALMACEN_ID,PRODUCTO_ID,CANTIDAD_ACTUAL,CANTIDAD_MINIMA,PRECIO_VENTA) VALUES (4,1197,12,0,1.000000);

INSERT INTO PROVEEDOR_PRODUCTO(PROVEEDOR_ID,PRODUCTO_ID,PRECIO_COMPRA) VALUES(6,1197, 1.000000);

-- ===========PRODUCTO [1198]
INSERT INTO PRODUCTO(ID,MARCA_ID,NOMBRE,PRESENTACION,CONTENIDO,UNIDADES_POR_CAJA,COSTO,COSTO_VENTA,PRECIO_BASE,UNIDAD_MEDIDA,CODIGO_BARRAS) VALUES(1198,26,'Speed Stick Barra Caballero','ADN Original',50,12.0,1.000000,1.000000,1.000000,'G',7.509546056425E12);

INSERT INTO MOVIMIENTO_HISTORICO_PRODUCTO (ALMACEN_ID,PRODUCTO_ID,FECHA,TIPO_MOVIMIENTO_ID,CANTIDAD,COSTO,PRECIO,USUARIO_ID) VALUES(1,1198,now(),30,12,1.000000,1.000000,'root');
INSERT INTO ALMACEN_PRODUCTO(ALMACEN_ID,PRODUCTO_ID,CANTIDAD_ACTUAL,CANTIDAD_MINIMA,PRECIO_VENTA) VALUES (1,1198,12,0,1.000000);

INSERT INTO ALMACEN_PRODUCTO(ALMACEN_ID,PRODUCTO_ID,CANTIDAD_ACTUAL,CANTIDAD_MINIMA,PRECIO_VENTA) VALUES (2,1198,0,0,1.000000);

INSERT INTO ALMACEN_PRODUCTO(ALMACEN_ID,PRODUCTO_ID,CANTIDAD_ACTUAL,CANTIDAD_MINIMA,PRECIO_VENTA) VALUES (3,1198,12,0,1.000000);

INSERT INTO ALMACEN_PRODUCTO(ALMACEN_ID,PRODUCTO_ID,CANTIDAD_ACTUAL,CANTIDAD_MINIMA,PRECIO_VENTA) VALUES (4,1198,12,0,1.000000);

INSERT INTO PROVEEDOR_PRODUCTO(PROVEEDOR_ID,PRODUCTO_ID,PRECIO_COMPRA) VALUES(6,1198, 1.000000);

-- ===========PRODUCTO [1199]
INSERT INTO PRODUCTO(ID,MARCA_ID,NOMBRE,PRESENTACION,CONTENIDO,UNIDADES_POR_CAJA,COSTO,COSTO_VENTA,PRECIO_BASE,UNIDAD_MEDIDA,CODIGO_BARRAS) VALUES(1199,15,'Lady Speed Stick Barra Dama','Neutro',45,12.0,1.000000,1.000000,1.000000,'G',7.509546056449E12);

INSERT INTO MOVIMIENTO_HISTORICO_PRODUCTO (ALMACEN_ID,PRODUCTO_ID,FECHA,TIPO_MOVIMIENTO_ID,CANTIDAD,COSTO,PRECIO,USUARIO_ID) VALUES(1,1199,now(),30,12,1.000000,1.000000,'root');
INSERT INTO ALMACEN_PRODUCTO(ALMACEN_ID,PRODUCTO_ID,CANTIDAD_ACTUAL,CANTIDAD_MINIMA,PRECIO_VENTA) VALUES (1,1199,12,0,1.000000);

INSERT INTO ALMACEN_PRODUCTO(ALMACEN_ID,PRODUCTO_ID,CANTIDAD_ACTUAL,CANTIDAD_MINIMA,PRECIO_VENTA) VALUES (2,1199,0,0,1.000000);

INSERT INTO ALMACEN_PRODUCTO(ALMACEN_ID,PRODUCTO_ID,CANTIDAD_ACTUAL,CANTIDAD_MINIMA,PRECIO_VENTA) VALUES (3,1199,12,0,1.000000);

INSERT INTO ALMACEN_PRODUCTO(ALMACEN_ID,PRODUCTO_ID,CANTIDAD_ACTUAL,CANTIDAD_MINIMA,PRECIO_VENTA) VALUES (4,1199,12,0,1.000000);

INSERT INTO PROVEEDOR_PRODUCTO(PROVEEDOR_ID,PRODUCTO_ID,PRECIO_COMPRA) VALUES(6,1199, 1.000000);

-- ===========PRODUCTO [1200]
INSERT INTO PRODUCTO(ID,MARCA_ID,NOMBRE,PRESENTACION,CONTENIDO,UNIDADES_POR_CAJA,COSTO,COSTO_VENTA,PRECIO_BASE,UNIDAD_MEDIDA,CODIGO_BARRAS) VALUES(1200,26,'Speed Stick Gel','ADN Original',85,12.0,1.000000,1.000000,1.000000,'G',7.509546056432E12);

INSERT INTO MOVIMIENTO_HISTORICO_PRODUCTO (ALMACEN_ID,PRODUCTO_ID,FECHA,TIPO_MOVIMIENTO_ID,CANTIDAD,COSTO,PRECIO,USUARIO_ID) VALUES(1,1200,now(),30,12,1.000000,1.000000,'root');
INSERT INTO ALMACEN_PRODUCTO(ALMACEN_ID,PRODUCTO_ID,CANTIDAD_ACTUAL,CANTIDAD_MINIMA,PRECIO_VENTA) VALUES (1,1200,12,0,1.000000);

INSERT INTO ALMACEN_PRODUCTO(ALMACEN_ID,PRODUCTO_ID,CANTIDAD_ACTUAL,CANTIDAD_MINIMA,PRECIO_VENTA) VALUES (2,1200,0,0,1.000000);

INSERT INTO ALMACEN_PRODUCTO(ALMACEN_ID,PRODUCTO_ID,CANTIDAD_ACTUAL,CANTIDAD_MINIMA,PRECIO_VENTA) VALUES (3,1200,12,0,1.000000);

INSERT INTO ALMACEN_PRODUCTO(ALMACEN_ID,PRODUCTO_ID,CANTIDAD_ACTUAL,CANTIDAD_MINIMA,PRECIO_VENTA) VALUES (4,1200,12,0,1.000000);

INSERT INTO PROVEEDOR_PRODUCTO(PROVEEDOR_ID,PRODUCTO_ID,PRECIO_COMPRA) VALUES(6,1200, 1.000000);

-- ===========PRODUCTO [1201]
INSERT INTO PRODUCTO(ID,MARCA_ID,NOMBRE,PRESENTACION,CONTENIDO,UNIDADES_POR_CAJA,COSTO,COSTO_VENTA,PRECIO_BASE,UNIDAD_MEDIDA,CODIGO_BARRAS) VALUES(1201,26,'Speed Stick Aerosol Caballero','Multi Protect X5',165,12.0,1.000000,1.000000,1.000000,'ML',7.509546052564E12);

INSERT INTO MOVIMIENTO_HISTORICO_PRODUCTO (ALMACEN_ID,PRODUCTO_ID,FECHA,TIPO_MOVIMIENTO_ID,CANTIDAD,COSTO,PRECIO,USUARIO_ID) VALUES(1,1201,now(),30,11,1.000000,1.000000,'root');
INSERT INTO ALMACEN_PRODUCTO(ALMACEN_ID,PRODUCTO_ID,CANTIDAD_ACTUAL,CANTIDAD_MINIMA,PRECIO_VENTA) VALUES (1,1201,11,0,1.000000);

INSERT INTO ALMACEN_PRODUCTO(ALMACEN_ID,PRODUCTO_ID,CANTIDAD_ACTUAL,CANTIDAD_MINIMA,PRECIO_VENTA) VALUES (2,1201,0,0,1.000000);

INSERT INTO ALMACEN_PRODUCTO(ALMACEN_ID,PRODUCTO_ID,CANTIDAD_ACTUAL,CANTIDAD_MINIMA,PRECIO_VENTA) VALUES (3,1201,11,0,1.000000);

INSERT INTO ALMACEN_PRODUCTO(ALMACEN_ID,PRODUCTO_ID,CANTIDAD_ACTUAL,CANTIDAD_MINIMA,PRECIO_VENTA) VALUES (4,1201,11,0,1.000000);

INSERT INTO PROVEEDOR_PRODUCTO(PROVEEDOR_ID,PRODUCTO_ID,PRECIO_COMPRA) VALUES(6,1201, 1.000000);

-- ===========PRODUCTO [1202]
INSERT INTO PRODUCTO(ID,MARCA_ID,NOMBRE,PRESENTACION,CONTENIDO,UNIDADES_POR_CAJA,COSTO,COSTO_VENTA,PRECIO_BASE,UNIDAD_MEDIDA,CODIGO_BARRAS) VALUES(1202,17,'Palmolive Hydra Natura ','Granada',400,12.0,1.000000,1.000000,1.000000,'ML',7.50954605452E12);

INSERT INTO MOVIMIENTO_HISTORICO_PRODUCTO (ALMACEN_ID,PRODUCTO_ID,FECHA,TIPO_MOVIMIENTO_ID,CANTIDAD,COSTO,PRECIO,USUARIO_ID) VALUES(1,1202,now(),30,12,1.000000,1.000000,'root');
INSERT INTO ALMACEN_PRODUCTO(ALMACEN_ID,PRODUCTO_ID,CANTIDAD_ACTUAL,CANTIDAD_MINIMA,PRECIO_VENTA) VALUES (1,1202,12,0,1.000000);

INSERT INTO ALMACEN_PRODUCTO(ALMACEN_ID,PRODUCTO_ID,CANTIDAD_ACTUAL,CANTIDAD_MINIMA,PRECIO_VENTA) VALUES (2,1202,0,0,1.000000);

INSERT INTO ALMACEN_PRODUCTO(ALMACEN_ID,PRODUCTO_ID,CANTIDAD_ACTUAL,CANTIDAD_MINIMA,PRECIO_VENTA) VALUES (3,1202,12,0,1.000000);

INSERT INTO ALMACEN_PRODUCTO(ALMACEN_ID,PRODUCTO_ID,CANTIDAD_ACTUAL,CANTIDAD_MINIMA,PRECIO_VENTA) VALUES (4,1202,12,0,1.000000);

INSERT INTO PROVEEDOR_PRODUCTO(PROVEEDOR_ID,PRODUCTO_ID,PRECIO_COMPRA) VALUES(6,1202, 1.000000);

-- ===========PRODUCTO [1203]
INSERT INTO PRODUCTO(ID,MARCA_ID,NOMBRE,PRESENTACION,CONTENIDO,UNIDADES_POR_CAJA,COSTO,COSTO_VENTA,PRECIO_BASE,UNIDAD_MEDIDA,CODIGO_BARRAS) VALUES(1203,17,'Palmolive Pack Sh 700ml + Toc 130g','4Extra Intenso ',2,10.0,1.000000,1.000000,1.000000,'PZ',7.509546056692E12);

INSERT INTO MOVIMIENTO_HISTORICO_PRODUCTO (ALMACEN_ID,PRODUCTO_ID,FECHA,TIPO_MOVIMIENTO_ID,CANTIDAD,COSTO,PRECIO,USUARIO_ID) VALUES(1,1203,now(),30,0,1.000000,1.000000,'root');
INSERT INTO ALMACEN_PRODUCTO(ALMACEN_ID,PRODUCTO_ID,CANTIDAD_ACTUAL,CANTIDAD_MINIMA,PRECIO_VENTA) VALUES (1,1203,0,0,1.000000);

INSERT INTO ALMACEN_PRODUCTO(ALMACEN_ID,PRODUCTO_ID,CANTIDAD_ACTUAL,CANTIDAD_MINIMA,PRECIO_VENTA) VALUES (2,1203,0,0,1.000000);

INSERT INTO PROVEEDOR_PRODUCTO(PROVEEDOR_ID,PRODUCTO_ID,PRECIO_COMPRA) VALUES(6,1203, 1.000000);

-- ===========PRODUCTO [1204]
INSERT INTO PRODUCTO(ID,MARCA_ID,NOMBRE,PRESENTACION,CONTENIDO,UNIDADES_POR_CAJA,COSTO,COSTO_VENTA,PRECIO_BASE,UNIDAD_MEDIDA,CODIGO_BARRAS) VALUES(1204,69,'Axion Liquido','Tricloro',900,12.0,1.000000,1.000000,1.000000,'ML',7.509546056418E12);

INSERT INTO MOVIMIENTO_HISTORICO_PRODUCTO (ALMACEN_ID,PRODUCTO_ID,FECHA,TIPO_MOVIMIENTO_ID,CANTIDAD,COSTO,PRECIO,USUARIO_ID) VALUES(1,1204,now(),30,12,1.000000,1.000000,'root');
INSERT INTO ALMACEN_PRODUCTO(ALMACEN_ID,PRODUCTO_ID,CANTIDAD_ACTUAL,CANTIDAD_MINIMA,PRECIO_VENTA) VALUES (1,1204,12,0,1.000000);

INSERT INTO ALMACEN_PRODUCTO(ALMACEN_ID,PRODUCTO_ID,CANTIDAD_ACTUAL,CANTIDAD_MINIMA,PRECIO_VENTA) VALUES (2,1204,0,0,1.000000);

INSERT INTO ALMACEN_PRODUCTO(ALMACEN_ID,PRODUCTO_ID,CANTIDAD_ACTUAL,CANTIDAD_MINIMA,PRECIO_VENTA) VALUES (3,1204,12,0,1.000000);

INSERT INTO ALMACEN_PRODUCTO(ALMACEN_ID,PRODUCTO_ID,CANTIDAD_ACTUAL,CANTIDAD_MINIMA,PRECIO_VENTA) VALUES (4,1204,12,0,1.000000);

INSERT INTO PROVEEDOR_PRODUCTO(PROVEEDOR_ID,PRODUCTO_ID,PRECIO_COMPRA) VALUES(6,1204, 1.000000);

-- ===========PRODUCTO [1205]
INSERT INTO PRODUCTO(ID,MARCA_ID,NOMBRE,PRESENTACION,CONTENIDO,UNIDADES_POR_CAJA,COSTO,COSTO_VENTA,PRECIO_BASE,UNIDAD_MEDIDA,CODIGO_BARRAS) VALUES(1205,35,'Colgate Pack Cep + Pasta + Plax 250ml','Triple Accion',3,24.0,1.000000,1.000000,1.000000,'Pz',7.509546054056E12);

INSERT INTO MOVIMIENTO_HISTORICO_PRODUCTO (ALMACEN_ID,PRODUCTO_ID,FECHA,TIPO_MOVIMIENTO_ID,CANTIDAD,COSTO,PRECIO,USUARIO_ID) VALUES(1,1205,now(),30,6,1.000000,1.000000,'root');
INSERT INTO ALMACEN_PRODUCTO(ALMACEN_ID,PRODUCTO_ID,CANTIDAD_ACTUAL,CANTIDAD_MINIMA,PRECIO_VENTA) VALUES (1,1205,6,0,1.000000);

INSERT INTO ALMACEN_PRODUCTO(ALMACEN_ID,PRODUCTO_ID,CANTIDAD_ACTUAL,CANTIDAD_MINIMA,PRECIO_VENTA) VALUES (2,1205,0,0,1.000000);

INSERT INTO ALMACEN_PRODUCTO(ALMACEN_ID,PRODUCTO_ID,CANTIDAD_ACTUAL,CANTIDAD_MINIMA,PRECIO_VENTA) VALUES (3,1205,6,0,1.000000);

INSERT INTO ALMACEN_PRODUCTO(ALMACEN_ID,PRODUCTO_ID,CANTIDAD_ACTUAL,CANTIDAD_MINIMA,PRECIO_VENTA) VALUES (4,1205,6,0,1.000000);

INSERT INTO PROVEEDOR_PRODUCTO(PROVEEDOR_ID,PRODUCTO_ID,PRECIO_COMPRA) VALUES(6,1205, 1.000000);

-- ===========PRODUCTO [1206]
INSERT INTO PRODUCTO(ID,MARCA_ID,NOMBRE,PRESENTACION,CONTENIDO,UNIDADES_POR_CAJA,COSTO,COSTO_VENTA,PRECIO_BASE,UNIDAD_MEDIDA,CODIGO_BARRAS) VALUES(1206,68,'Suavitel Liquido','Anochecer',1,12.0,1.000000,1.000000,1.000000,'Lt',7.509546057187E12);

INSERT INTO MOVIMIENTO_HISTORICO_PRODUCTO (ALMACEN_ID,PRODUCTO_ID,FECHA,TIPO_MOVIMIENTO_ID,CANTIDAD,COSTO,PRECIO,USUARIO_ID) VALUES(1,1206,now(),30,11,1.000000,1.000000,'root');
INSERT INTO ALMACEN_PRODUCTO(ALMACEN_ID,PRODUCTO_ID,CANTIDAD_ACTUAL,CANTIDAD_MINIMA,PRECIO_VENTA) VALUES (1,1206,11,0,1.000000);

INSERT INTO ALMACEN_PRODUCTO(ALMACEN_ID,PRODUCTO_ID,CANTIDAD_ACTUAL,CANTIDAD_MINIMA,PRECIO_VENTA) VALUES (2,1206,0,0,1.000000);

INSERT INTO ALMACEN_PRODUCTO(ALMACEN_ID,PRODUCTO_ID,CANTIDAD_ACTUAL,CANTIDAD_MINIMA,PRECIO_VENTA) VALUES (3,1206,11,0,1.000000);

INSERT INTO ALMACEN_PRODUCTO(ALMACEN_ID,PRODUCTO_ID,CANTIDAD_ACTUAL,CANTIDAD_MINIMA,PRECIO_VENTA) VALUES (4,1206,11,0,1.000000);

INSERT INTO PROVEEDOR_PRODUCTO(PROVEEDOR_ID,PRODUCTO_ID,PRECIO_COMPRA) VALUES(6,1206, 1.000000);

-- ===========PRODUCTO [1207]
INSERT INTO PRODUCTO(ID,MARCA_ID,NOMBRE,PRESENTACION,CONTENIDO,UNIDADES_POR_CAJA,COSTO,COSTO_VENTA,PRECIO_BASE,UNIDAD_MEDIDA,CODIGO_BARRAS) VALUES(1207,35,'Colgate Crema Dental','Pro Alivio',22,192.0,1.000000,1.000000,1.000000,'ML',12333.0);

INSERT INTO MOVIMIENTO_HISTORICO_PRODUCTO (ALMACEN_ID,PRODUCTO_ID,FECHA,TIPO_MOVIMIENTO_ID,CANTIDAD,COSTO,PRECIO,USUARIO_ID) VALUES(1,1207,now(),30,0,1.000000,1.000000,'root');
INSERT INTO ALMACEN_PRODUCTO(ALMACEN_ID,PRODUCTO_ID,CANTIDAD_ACTUAL,CANTIDAD_MINIMA,PRECIO_VENTA) VALUES (1,1207,0,0,1.000000);

INSERT INTO ALMACEN_PRODUCTO(ALMACEN_ID,PRODUCTO_ID,CANTIDAD_ACTUAL,CANTIDAD_MINIMA,PRECIO_VENTA) VALUES (2,1207,0,0,1.000000);

INSERT INTO PROVEEDOR_PRODUCTO(PROVEEDOR_ID,PRODUCTO_ID,PRECIO_COMPRA) VALUES(6,1207, 1.000000);

-- ===========PRODUCTO [1208]
INSERT INTO PRODUCTO(ID,MARCA_ID,NOMBRE,PRESENTACION,CONTENIDO,UNIDADES_POR_CAJA,COSTO,COSTO_VENTA,PRECIO_BASE,UNIDAD_MEDIDA,CODIGO_BARRAS) VALUES(1208,35,'Colgate Pack Cep + Pasta + Plax 250ml','Total Professional whitening',3,24.0,1.000000,1.000000,1.000000,'Pz',7.509546051246E12);

INSERT INTO MOVIMIENTO_HISTORICO_PRODUCTO (ALMACEN_ID,PRODUCTO_ID,FECHA,TIPO_MOVIMIENTO_ID,CANTIDAD,COSTO,PRECIO,USUARIO_ID) VALUES(1,1208,now(),30,6,1.000000,1.000000,'root');
INSERT INTO ALMACEN_PRODUCTO(ALMACEN_ID,PRODUCTO_ID,CANTIDAD_ACTUAL,CANTIDAD_MINIMA,PRECIO_VENTA) VALUES (1,1208,6,0,1.000000);

INSERT INTO ALMACEN_PRODUCTO(ALMACEN_ID,PRODUCTO_ID,CANTIDAD_ACTUAL,CANTIDAD_MINIMA,PRECIO_VENTA) VALUES (2,1208,0,0,1.000000);

INSERT INTO ALMACEN_PRODUCTO(ALMACEN_ID,PRODUCTO_ID,CANTIDAD_ACTUAL,CANTIDAD_MINIMA,PRECIO_VENTA) VALUES (3,1208,6,0,1.000000);

INSERT INTO ALMACEN_PRODUCTO(ALMACEN_ID,PRODUCTO_ID,CANTIDAD_ACTUAL,CANTIDAD_MINIMA,PRECIO_VENTA) VALUES (4,1208,6,0,1.000000);

INSERT INTO PROVEEDOR_PRODUCTO(PROVEEDOR_ID,PRODUCTO_ID,PRECIO_COMPRA) VALUES(6,1208, 1.000000);

-- ===========PRODUCTO [1209]
INSERT INTO PRODUCTO(ID,MARCA_ID,NOMBRE,PRESENTACION,CONTENIDO,UNIDADES_POR_CAJA,COSTO,COSTO_VENTA,PRECIO_BASE,UNIDAD_MEDIDA,CODIGO_BARRAS) VALUES(1209,35,'Colgate Crema Dental','Luminous White',75,48.0,1.000000,1.000000,1.000000,'ML',7.50954605465E12);

INSERT INTO MOVIMIENTO_HISTORICO_PRODUCTO (ALMACEN_ID,PRODUCTO_ID,FECHA,TIPO_MOVIMIENTO_ID,CANTIDAD,COSTO,PRECIO,USUARIO_ID) VALUES(1,1209,now(),30,48,1.000000,1.000000,'root');
INSERT INTO ALMACEN_PRODUCTO(ALMACEN_ID,PRODUCTO_ID,CANTIDAD_ACTUAL,CANTIDAD_MINIMA,PRECIO_VENTA) VALUES (1,1209,48,0,1.000000);

INSERT INTO ALMACEN_PRODUCTO(ALMACEN_ID,PRODUCTO_ID,CANTIDAD_ACTUAL,CANTIDAD_MINIMA,PRECIO_VENTA) VALUES (2,1209,0,0,1.000000);

INSERT INTO ALMACEN_PRODUCTO(ALMACEN_ID,PRODUCTO_ID,CANTIDAD_ACTUAL,CANTIDAD_MINIMA,PRECIO_VENTA) VALUES (3,1209,48,0,1.000000);

INSERT INTO ALMACEN_PRODUCTO(ALMACEN_ID,PRODUCTO_ID,CANTIDAD_ACTUAL,CANTIDAD_MINIMA,PRECIO_VENTA) VALUES (4,1209,48,0,1.000000);

INSERT INTO PROVEEDOR_PRODUCTO(PROVEEDOR_ID,PRODUCTO_ID,PRECIO_COMPRA) VALUES(6,1209, 1.000000);

-- ===========PRODUCTO [1210]
INSERT INTO PRODUCTO(ID,MARCA_ID,NOMBRE,PRESENTACION,CONTENIDO,UNIDADES_POR_CAJA,COSTO,COSTO_VENTA,PRECIO_BASE,UNIDAD_MEDIDA,CODIGO_BARRAS) VALUES(1210,35,'Colgate Crema Dental','Luminous White',22,144.0,1.000000,1.000000,1.000000,'ML',7.509546054032E12);

INSERT INTO MOVIMIENTO_HISTORICO_PRODUCTO (ALMACEN_ID,PRODUCTO_ID,FECHA,TIPO_MOVIMIENTO_ID,CANTIDAD,COSTO,PRECIO,USUARIO_ID) VALUES(1,1210,now(),30,144,1.000000,1.000000,'root');
INSERT INTO ALMACEN_PRODUCTO(ALMACEN_ID,PRODUCTO_ID,CANTIDAD_ACTUAL,CANTIDAD_MINIMA,PRECIO_VENTA) VALUES (1,1210,144,0,1.000000);

INSERT INTO ALMACEN_PRODUCTO(ALMACEN_ID,PRODUCTO_ID,CANTIDAD_ACTUAL,CANTIDAD_MINIMA,PRECIO_VENTA) VALUES (2,1210,0,0,1.000000);

INSERT INTO ALMACEN_PRODUCTO(ALMACEN_ID,PRODUCTO_ID,CANTIDAD_ACTUAL,CANTIDAD_MINIMA,PRECIO_VENTA) VALUES (3,1210,144,0,1.000000);

INSERT INTO ALMACEN_PRODUCTO(ALMACEN_ID,PRODUCTO_ID,CANTIDAD_ACTUAL,CANTIDAD_MINIMA,PRECIO_VENTA) VALUES (4,1210,144,0,1.000000);

INSERT INTO PROVEEDOR_PRODUCTO(PROVEEDOR_ID,PRODUCTO_ID,PRECIO_COMPRA) VALUES(6,1210, 1.000000);

-- ===========PRODUCTO [1211]
INSERT INTO PRODUCTO(ID,MARCA_ID,NOMBRE,PRESENTACION,CONTENIDO,UNIDADES_POR_CAJA,COSTO,COSTO_VENTA,PRECIO_BASE,UNIDAD_MEDIDA,CODIGO_BARRAS) VALUES(1211,35,'Colgate Cepillo Dental','Extra Clean Firme',1,48.0,1.000000,1.000000,1.000000,'Pz',7.509546031767E12);

INSERT INTO MOVIMIENTO_HISTORICO_PRODUCTO (ALMACEN_ID,PRODUCTO_ID,FECHA,TIPO_MOVIMIENTO_ID,CANTIDAD,COSTO,PRECIO,USUARIO_ID) VALUES(1,1211,now(),30,48,1.000000,1.000000,'root');
INSERT INTO ALMACEN_PRODUCTO(ALMACEN_ID,PRODUCTO_ID,CANTIDAD_ACTUAL,CANTIDAD_MINIMA,PRECIO_VENTA) VALUES (1,1211,48,0,1.000000);

INSERT INTO ALMACEN_PRODUCTO(ALMACEN_ID,PRODUCTO_ID,CANTIDAD_ACTUAL,CANTIDAD_MINIMA,PRECIO_VENTA) VALUES (2,1211,0,0,1.000000);

INSERT INTO ALMACEN_PRODUCTO(ALMACEN_ID,PRODUCTO_ID,CANTIDAD_ACTUAL,CANTIDAD_MINIMA,PRECIO_VENTA) VALUES (3,1211,48,0,1.000000);

INSERT INTO ALMACEN_PRODUCTO(ALMACEN_ID,PRODUCTO_ID,CANTIDAD_ACTUAL,CANTIDAD_MINIMA,PRECIO_VENTA) VALUES (4,1211,48,0,1.000000);

INSERT INTO PROVEEDOR_PRODUCTO(PROVEEDOR_ID,PRODUCTO_ID,PRECIO_COMPRA) VALUES(6,1211, 1.000000);

-- ===========PRODUCTO [1212]
INSERT INTO PRODUCTO(ID,MARCA_ID,NOMBRE,PRESENTACION,CONTENIDO,UNIDADES_POR_CAJA,COSTO,COSTO_VENTA,PRECIO_BASE,UNIDAD_MEDIDA,CODIGO_BARRAS) VALUES(1212,35,'Colgate Cepillo Dental','360 Sensitive Pro Alivio',1,12.0,1.000000,1.000000,1.000000,'Pz',7.702010130342E12);

INSERT INTO MOVIMIENTO_HISTORICO_PRODUCTO (ALMACEN_ID,PRODUCTO_ID,FECHA,TIPO_MOVIMIENTO_ID,CANTIDAD,COSTO,PRECIO,USUARIO_ID) VALUES(1,1212,now(),30,12,1.000000,1.000000,'root');
INSERT INTO ALMACEN_PRODUCTO(ALMACEN_ID,PRODUCTO_ID,CANTIDAD_ACTUAL,CANTIDAD_MINIMA,PRECIO_VENTA) VALUES (1,1212,12,0,1.000000);

INSERT INTO ALMACEN_PRODUCTO(ALMACEN_ID,PRODUCTO_ID,CANTIDAD_ACTUAL,CANTIDAD_MINIMA,PRECIO_VENTA) VALUES (2,1212,0,0,1.000000);

INSERT INTO ALMACEN_PRODUCTO(ALMACEN_ID,PRODUCTO_ID,CANTIDAD_ACTUAL,CANTIDAD_MINIMA,PRECIO_VENTA) VALUES (3,1212,12,0,1.000000);

INSERT INTO ALMACEN_PRODUCTO(ALMACEN_ID,PRODUCTO_ID,CANTIDAD_ACTUAL,CANTIDAD_MINIMA,PRECIO_VENTA) VALUES (4,1212,12,0,1.000000);

INSERT INTO PROVEEDOR_PRODUCTO(PROVEEDOR_ID,PRODUCTO_ID,PRECIO_COMPRA) VALUES(6,1212, 1.000000);

-- ===========PRODUCTO [1213]
INSERT INTO PRODUCTO(ID,MARCA_ID,NOMBRE,PRESENTACION,CONTENIDO,UNIDADES_POR_CAJA,COSTO,COSTO_VENTA,PRECIO_BASE,UNIDAD_MEDIDA,CODIGO_BARRAS) VALUES(1213,82,'Fabuloso Limpiador','Floral',2,6.0,1.000000,1.000000,1.000000,'Lt',7.50954605184E12);

INSERT INTO MOVIMIENTO_HISTORICO_PRODUCTO (ALMACEN_ID,PRODUCTO_ID,FECHA,TIPO_MOVIMIENTO_ID,CANTIDAD,COSTO,PRECIO,USUARIO_ID) VALUES(1,1213,now(),30,6,1.000000,1.000000,'root');
INSERT INTO ALMACEN_PRODUCTO(ALMACEN_ID,PRODUCTO_ID,CANTIDAD_ACTUAL,CANTIDAD_MINIMA,PRECIO_VENTA) VALUES (1,1213,6,0,1.000000);

INSERT INTO ALMACEN_PRODUCTO(ALMACEN_ID,PRODUCTO_ID,CANTIDAD_ACTUAL,CANTIDAD_MINIMA,PRECIO_VENTA) VALUES (2,1213,0,0,1.000000);

INSERT INTO ALMACEN_PRODUCTO(ALMACEN_ID,PRODUCTO_ID,CANTIDAD_ACTUAL,CANTIDAD_MINIMA,PRECIO_VENTA) VALUES (3,1213,6,0,1.000000);

INSERT INTO ALMACEN_PRODUCTO(ALMACEN_ID,PRODUCTO_ID,CANTIDAD_ACTUAL,CANTIDAD_MINIMA,PRECIO_VENTA) VALUES (4,1213,6,0,1.000000);

INSERT INTO PROVEEDOR_PRODUCTO(PROVEEDOR_ID,PRODUCTO_ID,PRECIO_COMPRA) VALUES(6,1213, 1.000000);

-- ===========PRODUCTO [1214]
INSERT INTO PRODUCTO(ID,MARCA_ID,NOMBRE,PRESENTACION,CONTENIDO,UNIDADES_POR_CAJA,COSTO,COSTO_VENTA,PRECIO_BASE,UNIDAD_MEDIDA,CODIGO_BARRAS) VALUES(1214,82,'Fabuloso Limpiador','Lavanda',1,6.0,1.000000,1.000000,1.000000,'Lt',7.509546052021E12);

INSERT INTO MOVIMIENTO_HISTORICO_PRODUCTO (ALMACEN_ID,PRODUCTO_ID,FECHA,TIPO_MOVIMIENTO_ID,CANTIDAD,COSTO,PRECIO,USUARIO_ID) VALUES(1,1214,now(),30,12,1.000000,1.000000,'root');
INSERT INTO ALMACEN_PRODUCTO(ALMACEN_ID,PRODUCTO_ID,CANTIDAD_ACTUAL,CANTIDAD_MINIMA,PRECIO_VENTA) VALUES (1,1214,12,0,1.000000);

INSERT INTO ALMACEN_PRODUCTO(ALMACEN_ID,PRODUCTO_ID,CANTIDAD_ACTUAL,CANTIDAD_MINIMA,PRECIO_VENTA) VALUES (2,1214,0,0,1.000000);

INSERT INTO ALMACEN_PRODUCTO(ALMACEN_ID,PRODUCTO_ID,CANTIDAD_ACTUAL,CANTIDAD_MINIMA,PRECIO_VENTA) VALUES (3,1214,12,0,1.000000);

INSERT INTO ALMACEN_PRODUCTO(ALMACEN_ID,PRODUCTO_ID,CANTIDAD_ACTUAL,CANTIDAD_MINIMA,PRECIO_VENTA) VALUES (4,1214,12,0,1.000000);

INSERT INTO PROVEEDOR_PRODUCTO(PROVEEDOR_ID,PRODUCTO_ID,PRECIO_COMPRA) VALUES(6,1214, 1.000000);

-- ===========PRODUCTO [1215]
INSERT INTO PRODUCTO(ID,MARCA_ID,NOMBRE,PRESENTACION,CONTENIDO,UNIDADES_POR_CAJA,COSTO,COSTO_VENTA,PRECIO_BASE,UNIDAD_MEDIDA,CODIGO_BARRAS) VALUES(1215,82,'Fabuloso Limpiador','Canela Navidad',1,12.0,1.000000,1.000000,1.000000,'Lt',7.509546057071E12);

INSERT INTO MOVIMIENTO_HISTORICO_PRODUCTO (ALMACEN_ID,PRODUCTO_ID,FECHA,TIPO_MOVIMIENTO_ID,CANTIDAD,COSTO,PRECIO,USUARIO_ID) VALUES(1,1215,now(),30,24,1.000000,1.000000,'root');
INSERT INTO ALMACEN_PRODUCTO(ALMACEN_ID,PRODUCTO_ID,CANTIDAD_ACTUAL,CANTIDAD_MINIMA,PRECIO_VENTA) VALUES (1,1215,24,0,1.000000);

INSERT INTO ALMACEN_PRODUCTO(ALMACEN_ID,PRODUCTO_ID,CANTIDAD_ACTUAL,CANTIDAD_MINIMA,PRECIO_VENTA) VALUES (2,1215,0,0,1.000000);

INSERT INTO ALMACEN_PRODUCTO(ALMACEN_ID,PRODUCTO_ID,CANTIDAD_ACTUAL,CANTIDAD_MINIMA,PRECIO_VENTA) VALUES (3,1215,24,0,1.000000);

INSERT INTO ALMACEN_PRODUCTO(ALMACEN_ID,PRODUCTO_ID,CANTIDAD_ACTUAL,CANTIDAD_MINIMA,PRECIO_VENTA) VALUES (4,1215,24,0,1.000000);

INSERT INTO PROVEEDOR_PRODUCTO(PROVEEDOR_ID,PRODUCTO_ID,PRECIO_COMPRA) VALUES(6,1215, 1.000000);

-- ===========PRODUCTO [1216]
INSERT INTO PRODUCTO(ID,MARCA_ID,NOMBRE,PRESENTACION,CONTENIDO,UNIDADES_POR_CAJA,COSTO,COSTO_VENTA,PRECIO_BASE,UNIDAD_MEDIDA,CODIGO_BARRAS) VALUES(1216,35,'Pack Negocio MFP, Total Triple Acc','Surtido',9,9.0,1.000000,1.000000,1.000000,'Pz',7.509546057507E12);

INSERT INTO MOVIMIENTO_HISTORICO_PRODUCTO (ALMACEN_ID,PRODUCTO_ID,FECHA,TIPO_MOVIMIENTO_ID,CANTIDAD,COSTO,PRECIO,USUARIO_ID) VALUES(1,1216,now(),30,0,1.000000,1.000000,'root');
INSERT INTO ALMACEN_PRODUCTO(ALMACEN_ID,PRODUCTO_ID,CANTIDAD_ACTUAL,CANTIDAD_MINIMA,PRECIO_VENTA) VALUES (1,1216,0,0,1.000000);

INSERT INTO ALMACEN_PRODUCTO(ALMACEN_ID,PRODUCTO_ID,CANTIDAD_ACTUAL,CANTIDAD_MINIMA,PRECIO_VENTA) VALUES (2,1216,0,0,1.000000);

INSERT INTO PROVEEDOR_PRODUCTO(PROVEEDOR_ID,PRODUCTO_ID,PRECIO_COMPRA) VALUES(6,1216, 1.000000);

-- ===========PRODUCTO [1224]
INSERT INTO PRODUCTO(ID,MARCA_ID,NOMBRE,PRESENTACION,CONTENIDO,UNIDADES_POR_CAJA,COSTO,COSTO_VENTA,PRECIO_BASE,UNIDAD_MEDIDA,CODIGO_BARRAS) VALUES(1224,17,'Palmolive Sachet Exhibidor 12ml','4 Extra Intensivo',30,24.0,1.000000,1.000000,1.000000,'Pz',7.509546055848E12);

INSERT INTO MOVIMIENTO_HISTORICO_PRODUCTO (ALMACEN_ID,PRODUCTO_ID,FECHA,TIPO_MOVIMIENTO_ID,CANTIDAD,COSTO,PRECIO,USUARIO_ID) VALUES(1,1224,now(),30,0,1.000000,1.000000,'root');
INSERT INTO ALMACEN_PRODUCTO(ALMACEN_ID,PRODUCTO_ID,CANTIDAD_ACTUAL,CANTIDAD_MINIMA,PRECIO_VENTA) VALUES (1,1224,0,0,1.000000);

INSERT INTO ALMACEN_PRODUCTO(ALMACEN_ID,PRODUCTO_ID,CANTIDAD_ACTUAL,CANTIDAD_MINIMA,PRECIO_VENTA) VALUES (2,1224,0,0,1.000000);

INSERT INTO PROVEEDOR_PRODUCTO(PROVEEDOR_ID,PRODUCTO_ID,PRECIO_COMPRA) VALUES(6,1224, 1.000000);

-- ===========PRODUCTO [1217]
INSERT INTO PRODUCTO(ID,MARCA_ID,NOMBRE,PRESENTACION,CONTENIDO,UNIDADES_POR_CAJA,COSTO,COSTO_VENTA,PRECIO_BASE,UNIDAD_MEDIDA,CODIGO_BARRAS) VALUES(1217,17,'Palmolive Sachet','4 Extra Intensivo',12,30.0,1.000000,1.000000,1.000000,'ML',7.509546057125E12);

INSERT INTO MOVIMIENTO_HISTORICO_PRODUCTO (ALMACEN_ID,PRODUCTO_ID,FECHA,TIPO_MOVIMIENTO_ID,CANTIDAD,COSTO,PRECIO,USUARIO_ID) VALUES(1,1217,now(),30,0,1.000000,1.000000,'root');
INSERT INTO ALMACEN_PRODUCTO(ALMACEN_ID,PRODUCTO_ID,CANTIDAD_ACTUAL,CANTIDAD_MINIMA,PRECIO_VENTA) VALUES (1,1217,0,0,1.000000);

INSERT INTO ALMACEN_PRODUCTO(ALMACEN_ID,PRODUCTO_ID,CANTIDAD_ACTUAL,CANTIDAD_MINIMA,PRECIO_VENTA) VALUES (2,1217,0,0,1.000000);

INSERT INTO PROVEEDOR_PRODUCTO(PROVEEDOR_ID,PRODUCTO_ID,PRECIO_COMPRA) VALUES(6,1217, 1.000000);

-- ===========PRODUCTO [1218]
INSERT INTO PRODUCTO(ID,MARCA_ID,NOMBRE,PRESENTACION,CONTENIDO,UNIDADES_POR_CAJA,COSTO,COSTO_VENTA,PRECIO_BASE,UNIDAD_MEDIDA,CODIGO_BARRAS) VALUES(1218,99,'Nordiko Jabon Tocador','Original',130,96.0,1.000000,1.000000,1.000000,'G',7.509546032399E12);

INSERT INTO MOVIMIENTO_HISTORICO_PRODUCTO (ALMACEN_ID,PRODUCTO_ID,FECHA,TIPO_MOVIMIENTO_ID,CANTIDAD,COSTO,PRECIO,USUARIO_ID) VALUES(1,1218,now(),30,0,1.000000,1.000000,'root');
INSERT INTO ALMACEN_PRODUCTO(ALMACEN_ID,PRODUCTO_ID,CANTIDAD_ACTUAL,CANTIDAD_MINIMA,PRECIO_VENTA) VALUES (1,1218,0,0,1.000000);

INSERT INTO ALMACEN_PRODUCTO(ALMACEN_ID,PRODUCTO_ID,CANTIDAD_ACTUAL,CANTIDAD_MINIMA,PRECIO_VENTA) VALUES (2,1218,0,0,1.000000);

INSERT INTO PROVEEDOR_PRODUCTO(PROVEEDOR_ID,PRODUCTO_ID,PRECIO_COMPRA) VALUES(6,1218, 1.000000);

-- ===========PRODUCTO [1219]
INSERT INTO PRODUCTO(ID,MARCA_ID,NOMBRE,PRESENTACION,CONTENIDO,UNIDADES_POR_CAJA,COSTO,COSTO_VENTA,PRECIO_BASE,UNIDAD_MEDIDA,CODIGO_BARRAS) VALUES(1219,35,'Colgate Cepillo Dental','360 Surround 360 Suave',1,12.0,1.000000,1.000000,1.000000,'Pz',7.702010130472E12);

INSERT INTO MOVIMIENTO_HISTORICO_PRODUCTO (ALMACEN_ID,PRODUCTO_ID,FECHA,TIPO_MOVIMIENTO_ID,CANTIDAD,COSTO,PRECIO,USUARIO_ID) VALUES(1,1219,now(),30,11,1.000000,1.000000,'root');
INSERT INTO ALMACEN_PRODUCTO(ALMACEN_ID,PRODUCTO_ID,CANTIDAD_ACTUAL,CANTIDAD_MINIMA,PRECIO_VENTA) VALUES (1,1219,11,0,1.000000);

INSERT INTO ALMACEN_PRODUCTO(ALMACEN_ID,PRODUCTO_ID,CANTIDAD_ACTUAL,CANTIDAD_MINIMA,PRECIO_VENTA) VALUES (2,1219,0,0,1.000000);

INSERT INTO ALMACEN_PRODUCTO(ALMACEN_ID,PRODUCTO_ID,CANTIDAD_ACTUAL,CANTIDAD_MINIMA,PRECIO_VENTA) VALUES (3,1219,11,0,1.000000);

INSERT INTO ALMACEN_PRODUCTO(ALMACEN_ID,PRODUCTO_ID,CANTIDAD_ACTUAL,CANTIDAD_MINIMA,PRECIO_VENTA) VALUES (4,1219,11,0,1.000000);

INSERT INTO PROVEEDOR_PRODUCTO(PROVEEDOR_ID,PRODUCTO_ID,PRECIO_COMPRA) VALUES(6,1219, 1.000000);

-- ===========PRODUCTO [1220]
INSERT INTO PRODUCTO(ID,MARCA_ID,NOMBRE,PRESENTACION,CONTENIDO,UNIDADES_POR_CAJA,COSTO,COSTO_VENTA,PRECIO_BASE,UNIDAD_MEDIDA,CODIGO_BARRAS) VALUES(1220,35,'Colgate Cepillo Dental','360 Medio Sonic Power',1,12.0,1.000000,1.000000,1.000000,'Pz',7.702010130366E12);

INSERT INTO MOVIMIENTO_HISTORICO_PRODUCTO (ALMACEN_ID,PRODUCTO_ID,FECHA,TIPO_MOVIMIENTO_ID,CANTIDAD,COSTO,PRECIO,USUARIO_ID) VALUES(1,1220,now(),30,8,1.000000,1.000000,'root');
INSERT INTO ALMACEN_PRODUCTO(ALMACEN_ID,PRODUCTO_ID,CANTIDAD_ACTUAL,CANTIDAD_MINIMA,PRECIO_VENTA) VALUES (1,1220,8,0,1.000000);

INSERT INTO ALMACEN_PRODUCTO(ALMACEN_ID,PRODUCTO_ID,CANTIDAD_ACTUAL,CANTIDAD_MINIMA,PRECIO_VENTA) VALUES (2,1220,0,0,1.000000);

INSERT INTO ALMACEN_PRODUCTO(ALMACEN_ID,PRODUCTO_ID,CANTIDAD_ACTUAL,CANTIDAD_MINIMA,PRECIO_VENTA) VALUES (3,1220,8,0,1.000000);

INSERT INTO ALMACEN_PRODUCTO(ALMACEN_ID,PRODUCTO_ID,CANTIDAD_ACTUAL,CANTIDAD_MINIMA,PRECIO_VENTA) VALUES (4,1220,8,0,1.000000);

INSERT INTO PROVEEDOR_PRODUCTO(PROVEEDOR_ID,PRODUCTO_ID,PRECIO_COMPRA) VALUES(6,1220, 1.000000);

-- ===========PRODUCTO [1221]
INSERT INTO PRODUCTO(ID,MARCA_ID,NOMBRE,PRESENTACION,CONTENIDO,UNIDADES_POR_CAJA,COSTO,COSTO_VENTA,PRECIO_BASE,UNIDAD_MEDIDA,CODIGO_BARRAS) VALUES(1221,73,'Blumen Jabon Antibacterial','Coco',990,12.0,1.000000,1.000000,1.000000,'ML',7.503016269469E12);

INSERT INTO MOVIMIENTO_HISTORICO_PRODUCTO (ALMACEN_ID,PRODUCTO_ID,FECHA,TIPO_MOVIMIENTO_ID,CANTIDAD,COSTO,PRECIO,USUARIO_ID) VALUES(1,1221,now(),30,12,1.000000,1.000000,'root');
INSERT INTO ALMACEN_PRODUCTO(ALMACEN_ID,PRODUCTO_ID,CANTIDAD_ACTUAL,CANTIDAD_MINIMA,PRECIO_VENTA) VALUES (1,1221,12,0,1.000000);

INSERT INTO ALMACEN_PRODUCTO(ALMACEN_ID,PRODUCTO_ID,CANTIDAD_ACTUAL,CANTIDAD_MINIMA,PRECIO_VENTA) VALUES (2,1221,0,0,1.000000);

INSERT INTO ALMACEN_PRODUCTO(ALMACEN_ID,PRODUCTO_ID,CANTIDAD_ACTUAL,CANTIDAD_MINIMA,PRECIO_VENTA) VALUES (3,1221,12,0,1.000000);

INSERT INTO ALMACEN_PRODUCTO(ALMACEN_ID,PRODUCTO_ID,CANTIDAD_ACTUAL,CANTIDAD_MINIMA,PRECIO_VENTA) VALUES (4,1221,12,0,1.000000);

INSERT INTO PROVEEDOR_PRODUCTO(PROVEEDOR_ID,PRODUCTO_ID,PRECIO_COMPRA) VALUES(1,1221, 1.000000);

-- ===========PRODUCTO [1222]
INSERT INTO PRODUCTO(ID,MARCA_ID,NOMBRE,PRESENTACION,CONTENIDO,UNIDADES_POR_CAJA,COSTO,COSTO_VENTA,PRECIO_BASE,UNIDAD_MEDIDA,CODIGO_BARRAS) VALUES(1222,73,'Blumen Jabon Antibacterial','Kiwi',990,12.0,1.000000,1.000000,1.000000,'ML',7.503016269476E12);

INSERT INTO MOVIMIENTO_HISTORICO_PRODUCTO (ALMACEN_ID,PRODUCTO_ID,FECHA,TIPO_MOVIMIENTO_ID,CANTIDAD,COSTO,PRECIO,USUARIO_ID) VALUES(1,1222,now(),30,12,1.000000,1.000000,'root');
INSERT INTO ALMACEN_PRODUCTO(ALMACEN_ID,PRODUCTO_ID,CANTIDAD_ACTUAL,CANTIDAD_MINIMA,PRECIO_VENTA) VALUES (1,1222,12,0,1.000000);

INSERT INTO ALMACEN_PRODUCTO(ALMACEN_ID,PRODUCTO_ID,CANTIDAD_ACTUAL,CANTIDAD_MINIMA,PRECIO_VENTA) VALUES (2,1222,0,0,1.000000);

INSERT INTO ALMACEN_PRODUCTO(ALMACEN_ID,PRODUCTO_ID,CANTIDAD_ACTUAL,CANTIDAD_MINIMA,PRECIO_VENTA) VALUES (3,1222,12,0,1.000000);

INSERT INTO ALMACEN_PRODUCTO(ALMACEN_ID,PRODUCTO_ID,CANTIDAD_ACTUAL,CANTIDAD_MINIMA,PRECIO_VENTA) VALUES (4,1222,12,0,1.000000);

INSERT INTO PROVEEDOR_PRODUCTO(PROVEEDOR_ID,PRODUCTO_ID,PRECIO_COMPRA) VALUES(1,1222, 1.000000);

-- ===========PRODUCTO [1223]
INSERT INTO PRODUCTO(ID,MARCA_ID,NOMBRE,PRESENTACION,CONTENIDO,UNIDADES_POR_CAJA,COSTO,COSTO_VENTA,PRECIO_BASE,UNIDAD_MEDIDA,CODIGO_BARRAS) VALUES(1223,73,'Blumen Jabon Antibacterial','Cherry',990,12.0,1.000000,1.000000,1.000000,'ML',7.503016269452E12);

INSERT INTO MOVIMIENTO_HISTORICO_PRODUCTO (ALMACEN_ID,PRODUCTO_ID,FECHA,TIPO_MOVIMIENTO_ID,CANTIDAD,COSTO,PRECIO,USUARIO_ID) VALUES(1,1223,now(),30,12,1.000000,1.000000,'root');
INSERT INTO ALMACEN_PRODUCTO(ALMACEN_ID,PRODUCTO_ID,CANTIDAD_ACTUAL,CANTIDAD_MINIMA,PRECIO_VENTA) VALUES (1,1223,12,0,1.000000);

INSERT INTO ALMACEN_PRODUCTO(ALMACEN_ID,PRODUCTO_ID,CANTIDAD_ACTUAL,CANTIDAD_MINIMA,PRECIO_VENTA) VALUES (2,1223,0,0,1.000000);

INSERT INTO ALMACEN_PRODUCTO(ALMACEN_ID,PRODUCTO_ID,CANTIDAD_ACTUAL,CANTIDAD_MINIMA,PRECIO_VENTA) VALUES (3,1223,12,0,1.000000);

INSERT INTO ALMACEN_PRODUCTO(ALMACEN_ID,PRODUCTO_ID,CANTIDAD_ACTUAL,CANTIDAD_MINIMA,PRECIO_VENTA) VALUES (4,1223,12,0,1.000000);

INSERT INTO PROVEEDOR_PRODUCTO(PROVEEDOR_ID,PRODUCTO_ID,PRECIO_COMPRA) VALUES(1,1223, 1.000000);

-- ===========
-- ============================= END EXPORT
