DELETE FROM song_albums;
ALTER TABLE song_albums AUTO_INCREMENT = 1;
DELETE FROM song;
ALTER TABLE song AUTO_INCREMENT = 1;
DELETE FROM album;
ALTER TABLE album AUTO_INCREMENT = 1;
DELETE FROM artist;
ALTER TABLE artist AUTO_INCREMENT = 1;



INSERT INTO `artist` (id, name, picture,started,style) VALUES (1,'Artist 1','https://cdn.pixabay.com/photo/2016/03/28/09/36/music-1285165_960_720.jpg','2021-01-01','Pop'),(2,'Artist 2','https://cdn.pixabay.com/photo/2016/03/28/09/36/music-1285165_960_720.jpg','2021-02-01','Pop'),(3,'Artist 3','https://cdn.pixabay.com/photo/2016/03/28/09/36/music-1285165_960_720.jpg','2021-03-01','Pop'),(4,'Artist 4','https://cdn.pixabay.com/photo/2016/03/28/09/36/music-1285165_960_720.jpg','2021-04-01','Pop'),(5,'Artist 5','https://cdn.pixabay.com/photo/2016/03/28/09/36/music-1285165_960_720.jpg','2021-05-01','Pop'),(6,'Artist 6','https://cdn.pixabay.com/photo/2016/03/28/09/36/music-1285165_960_720.jpg','2021-06-01','Pop'),(7,'Artist 7','https://cdn.pixabay.com/photo/2016/03/28/09/36/music-1285165_960_720.jpg','2021-07-01','Pop'),(8,'Artist 8','https://cdn.pixabay.com/photo/2016/03/28/09/36/music-1285165_960_720.jpg','2021-08-01','Pop'),(9,'Artist 9','https://cdn.pixabay.com/photo/2016/03/28/09/36/music-1285165_960_720.jpg','2021-09-01','Pop'),(10,'Artist 10','https://cdn.pixabay.com/photo/2016/03/28/09/36/music-1285165_960_720.jpg','2021-10-01','Pop');

INSERT INTO `album` (id, cover, name, released, artist_id) VALUES (1,'https://cdn.pixabay.com/photo/2015/06/23/09/13/music-818459_960_720.jpg','Artist 1 Album 1','2021-01-01',1),(2,'https://cdn.pixabay.com/photo/2015/06/23/09/13/music-818459_960_720.jpg','Artist 1 Album 2','2021-01-02',1),(3,'https://cdn.pixabay.com/photo/2015/06/23/09/13/music-818459_960_720.jpg','Artist 1 Album 3','2021-01-03',1),(4,'https://cdn.pixabay.com/photo/2015/06/23/09/13/music-818459_960_720.jpg','Artist 1 Album 4','2021-01-04',1),(5,'https://cdn.pixabay.com/photo/2015/06/23/09/13/music-818459_960_720.jpg','Artist 1 Album 5','2021-01-05',1),(6,'https://cdn.pixabay.com/photo/2015/06/23/09/13/music-818459_960_720.jpg','Artist 2 Album 1','2021-02-01',2),(7,'https://cdn.pixabay.com/photo/2015/06/23/09/13/music-818459_960_720.jpg','Artist 2 Album 2','2021-02-02',2),(8,'https://cdn.pixabay.com/photo/2015/06/23/09/13/music-818459_960_720.jpg','Artist 2 Album 3','2021-02-03',2),(9,'https://cdn.pixabay.com/photo/2015/06/23/09/13/music-818459_960_720.jpg','Artist 2 Album 4','2021-02-04',2),(10,'https://cdn.pixabay.com/photo/2015/06/23/09/13/music-818459_960_720.jpg','Artist 2 Album 5','2021-02-05',2),(11,'https://cdn.pixabay.com/photo/2015/06/23/09/13/music-818459_960_720.jpg','Artist 3 Album 1','2021-03-01',3),(12,'https://cdn.pixabay.com/photo/2015/06/23/09/13/music-818459_960_720.jpg','Artist 3 Album 2','2021-03-02',3),(13,'https://cdn.pixabay.com/photo/2015/06/23/09/13/music-818459_960_720.jpg','Artist 3 Album 3','2021-03-03',3),(14,'https://cdn.pixabay.com/photo/2015/06/23/09/13/music-818459_960_720.jpg','Artist 3 Album 4','2021-03-04',3),(15,'https://cdn.pixabay.com/photo/2015/06/23/09/13/music-818459_960_720.jpg','Artist 3 Album 5','2021-03-05',3),(16,'https://cdn.pixabay.com/photo/2015/06/23/09/13/music-818459_960_720.jpg','Artist 4 Album 1','2021-04-01',4),(17,'https://cdn.pixabay.com/photo/2015/06/23/09/13/music-818459_960_720.jpg','Artist 4 Album 2','2021-04-02',4),(18,'https://cdn.pixabay.com/photo/2015/06/23/09/13/music-818459_960_720.jpg','Artist 4 Album 3','2021-04-03',4),(19,'https://cdn.pixabay.com/photo/2015/06/23/09/13/music-818459_960_720.jpg','Artist 4 Album 4','2021-04-04',4),(20,'https://cdn.pixabay.com/photo/2015/06/23/09/13/music-818459_960_720.jpg','Artist 4 Album 5','2021-04-05',4),(21,'https://cdn.pixabay.com/photo/2015/06/23/09/13/music-818459_960_720.jpg','Artist 5 Album 1','2021-05-01',5),(22,'https://cdn.pixabay.com/photo/2015/06/23/09/13/music-818459_960_720.jpg','Artist 5 Album 2','2021-05-02',5),(23,'https://cdn.pixabay.com/photo/2015/06/23/09/13/music-818459_960_720.jpg','Artist 5 Album 3','2021-05-03',5),(24,'https://cdn.pixabay.com/photo/2015/06/23/09/13/music-818459_960_720.jpg','Artist 5 Album 4','2021-05-04',5),(25,'https://cdn.pixabay.com/photo/2015/06/23/09/13/music-818459_960_720.jpg','Artist 5 Album 5','2021-05-05',5),(26,'https://cdn.pixabay.com/photo/2015/06/23/09/13/music-818459_960_720.jpg','Artist 6 Album 1','2021-06-01',6),(27,'https://cdn.pixabay.com/photo/2015/06/23/09/13/music-818459_960_720.jpg','Artist 6 Album 2','2021-06-02',6),(28,'https://cdn.pixabay.com/photo/2015/06/23/09/13/music-818459_960_720.jpg','Artist 6 Album 3','2021-06-03',6),(29,'https://cdn.pixabay.com/photo/2015/06/23/09/13/music-818459_960_720.jpg','Artist 6 Album 4','2021-06-04',6),(30,'https://cdn.pixabay.com/photo/2015/06/23/09/13/music-818459_960_720.jpg','Artist 6 Album 5','2021-06-05',6),(31,'https://cdn.pixabay.com/photo/2015/06/23/09/13/music-818459_960_720.jpg','Artist 7 Album 1','2021-07-01',7),(32,'https://cdn.pixabay.com/photo/2015/06/23/09/13/music-818459_960_720.jpg','Artist 7 Album 2','2021-07-02',7),(33,'https://cdn.pixabay.com/photo/2015/06/23/09/13/music-818459_960_720.jpg','Artist 7 Album 3','2021-07-03',7),(34,'https://cdn.pixabay.com/photo/2015/06/23/09/13/music-818459_960_720.jpg','Artist 7 Album 4','2021-07-04',7),(35,'https://cdn.pixabay.com/photo/2015/06/23/09/13/music-818459_960_720.jpg','Artist 7 Album 5','2021-07-05',7),(36,'https://cdn.pixabay.com/photo/2015/06/23/09/13/music-818459_960_720.jpg','Artist 8 Album 1','2021-08-01',8),(37,'https://cdn.pixabay.com/photo/2015/06/23/09/13/music-818459_960_720.jpg','Artist 8 Album 2','2021-08-02',8),(38,'https://cdn.pixabay.com/photo/2015/06/23/09/13/music-818459_960_720.jpg','Artist 8 Album 3','2021-08-03',8),(39,'https://cdn.pixabay.com/photo/2015/06/23/09/13/music-818459_960_720.jpg','Artist 8 Album 4','2021-08-04',8),(40,'https://cdn.pixabay.com/photo/2015/06/23/09/13/music-818459_960_720.jpg','Artist 8 Album 5','2021-08-05',8),(41,'https://cdn.pixabay.com/photo/2015/06/23/09/13/music-818459_960_720.jpg','Artist 9 Album 1','2021-09-01',9),(42,'https://cdn.pixabay.com/photo/2015/06/23/09/13/music-818459_960_720.jpg','Artist 9 Album 2','2021-09-02',9),(43,'https://cdn.pixabay.com/photo/2015/06/23/09/13/music-818459_960_720.jpg','Artist 9 Album 3','2021-09-03',9),(44,'https://cdn.pixabay.com/photo/2015/06/23/09/13/music-818459_960_720.jpg','Artist 9 Album 4','2021-09-04',9),(45,'https://cdn.pixabay.com/photo/2015/06/23/09/13/music-818459_960_720.jpg','Artist 9 Album 5','2021-09-05',9),(46,'https://cdn.pixabay.com/photo/2015/06/23/09/13/music-818459_960_720.jpg','Artist 10 Album 1','2021-10-01',10),(47,'https://cdn.pixabay.com/photo/2015/06/23/09/13/music-818459_960_720.jpg','Artist 10 Album 2','2021-10-02',10),(48,'https://cdn.pixabay.com/photo/2015/06/23/09/13/music-818459_960_720.jpg','Artist 10 Album 3','2021-10-03',10),(49,'https://cdn.pixabay.com/photo/2015/06/23/09/13/music-818459_960_720.jpg','Artist 10 Album 4','2021-10-04',10),(50,'https://cdn.pixabay.com/photo/2015/06/23/09/13/music-818459_960_720.jpg','Artist 10 Album 5','2021-10-05',10);

INSERT INTO `song` (id,duration,file,name) VALUES (1,1,'https://www.soundhelix.com/examples/mp3/SoundHelix-Song-1.mp3','Song 1'),(2,2,'https://www.soundhelix.com/examples/mp3/SoundHelix-Song-1.mp3','Song 2'),(3,3,'https://www.soundhelix.com/examples/mp3/SoundHelix-Song-1.mp3','Song 3'),(4,4,'https://www.soundhelix.com/examples/mp3/SoundHelix-Song-1.mp3','Song 4'),(5,5,'https://www.soundhelix.com/examples/mp3/SoundHelix-Song-1.mp3','Song 5'),(6,2,'https://www.soundhelix.com/examples/mp3/SoundHelix-Song-1.mp3','Song 1'),(7,4,'https://www.soundhelix.com/examples/mp3/SoundHelix-Song-1.mp3','Song 2'),(8,6,'https://www.soundhelix.com/examples/mp3/SoundHelix-Song-1.mp3','Song 3'),(9,8,'https://www.soundhelix.com/examples/mp3/SoundHelix-Song-1.mp3','Song 4'),(10,10,'https://www.soundhelix.com/examples/mp3/SoundHelix-Song-1.mp3','Song 5'),(11,3,'https://www.soundhelix.com/examples/mp3/SoundHelix-Song-1.mp3','Song 1'),(12,6,'https://www.soundhelix.com/examples/mp3/SoundHelix-Song-1.mp3','Song 2'),(13,9,'https://www.soundhelix.com/examples/mp3/SoundHelix-Song-1.mp3','Song 3'),(14,12,'https://www.soundhelix.com/examples/mp3/SoundHelix-Song-1.mp3','Song 4'),(15,15,'https://www.soundhelix.com/examples/mp3/SoundHelix-Song-1.mp3','Song 5'),(16,4,'https://www.soundhelix.com/examples/mp3/SoundHelix-Song-1.mp3','Song 1'),(17,8,'https://www.soundhelix.com/examples/mp3/SoundHelix-Song-1.mp3','Song 2'),(18,12,'https://www.soundhelix.com/examples/mp3/SoundHelix-Song-1.mp3','Song 3'),(19,16,'https://www.soundhelix.com/examples/mp3/SoundHelix-Song-1.mp3','Song 4'),(20,20,'https://www.soundhelix.com/examples/mp3/SoundHelix-Song-1.mp3','Song 5'),(21,5,'https://www.soundhelix.com/examples/mp3/SoundHelix-Song-1.mp3','Song 1'),(22,10,'https://www.soundhelix.com/examples/mp3/SoundHelix-Song-1.mp3','Song 2'),(23,15,'https://www.soundhelix.com/examples/mp3/SoundHelix-Song-1.mp3','Song 3'),(24,20,'https://www.soundhelix.com/examples/mp3/SoundHelix-Song-1.mp3','Song 4'),(25,25,'https://www.soundhelix.com/examples/mp3/SoundHelix-Song-1.mp3','Song 5'),(26,2,'https://www.soundhelix.com/examples/mp3/SoundHelix-Song-1.mp3','Song 1'),(27,4,'https://www.soundhelix.com/examples/mp3/SoundHelix-Song-1.mp3','Song 2'),(28,6,'https://www.soundhelix.com/examples/mp3/SoundHelix-Song-1.mp3','Song 3'),(29,8,'https://www.soundhelix.com/examples/mp3/SoundHelix-Song-1.mp3','Song 4'),(30,10,'https://www.soundhelix.com/examples/mp3/SoundHelix-Song-1.mp3','Song 5'),(31,4,'https://www.soundhelix.com/examples/mp3/SoundHelix-Song-1.mp3','Song 1'),(32,8,'https://www.soundhelix.com/examples/mp3/SoundHelix-Song-1.mp3','Song 2'),(33,12,'https://www.soundhelix.com/examples/mp3/SoundHelix-Song-1.mp3','Song 3'),(34,16,'https://www.soundhelix.com/examples/mp3/SoundHelix-Song-1.mp3','Song 4'),(35,20,'https://www.soundhelix.com/examples/mp3/SoundHelix-Song-1.mp3','Song 5'),(36,6,'https://www.soundhelix.com/examples/mp3/SoundHelix-Song-1.mp3','Song 1'),(37,12,'https://www.soundhelix.com/examples/mp3/SoundHelix-Song-1.mp3','Song 2'),(38,18,'https://www.soundhelix.com/examples/mp3/SoundHelix-Song-1.mp3','Song 3'),(39,24,'https://www.soundhelix.com/examples/mp3/SoundHelix-Song-1.mp3','Song 4'),(40,30,'https://www.soundhelix.com/examples/mp3/SoundHelix-Song-1.mp3','Song 5'),(41,8,'https://www.soundhelix.com/examples/mp3/SoundHelix-Song-1.mp3','Song 1'),(42,16,'https://www.soundhelix.com/examples/mp3/SoundHelix-Song-1.mp3','Song 2'),(43,24,'https://www.soundhelix.com/examples/mp3/SoundHelix-Song-1.mp3','Song 3'),(44,32,'https://www.soundhelix.com/examples/mp3/SoundHelix-Song-1.mp3','Song 4'),(45,40,'https://www.soundhelix.com/examples/mp3/SoundHelix-Song-1.mp3','Song 5'),(46,10,'https://www.soundhelix.com/examples/mp3/SoundHelix-Song-1.mp3','Song 1'),(47,20,'https://www.soundhelix.com/examples/mp3/SoundHelix-Song-1.mp3','Song 2'),(48,30,'https://www.soundhelix.com/examples/mp3/SoundHelix-Song-1.mp3','Song 3'),(49,40,'https://www.soundhelix.com/examples/mp3/SoundHelix-Song-1.mp3','Song 4'),(50,50,'https://www.soundhelix.com/examples/mp3/SoundHelix-Song-1.mp3','Song 5'),(51,3,'https://www.soundhelix.com/examples/mp3/SoundHelix-Song-1.mp3','Song 1'),(52,6,'https://www.soundhelix.com/examples/mp3/SoundHelix-Song-1.mp3','Song 2'),(53,9,'https://www.soundhelix.com/examples/mp3/SoundHelix-Song-1.mp3','Song 3'),(54,12,'https://www.soundhelix.com/examples/mp3/SoundHelix-Song-1.mp3','Song 4'),(55,15,'https://www.soundhelix.com/examples/mp3/SoundHelix-Song-1.mp3','Song 5'),(56,6,'https://www.soundhelix.com/examples/mp3/SoundHelix-Song-1.mp3','Song 1'),(57,12,'https://www.soundhelix.com/examples/mp3/SoundHelix-Song-1.mp3','Song 2'),(58,18,'https://www.soundhelix.com/examples/mp3/SoundHelix-Song-1.mp3','Song 3'),(59,24,'https://www.soundhelix.com/examples/mp3/SoundHelix-Song-1.mp3','Song 4'),(60,30,'https://www.soundhelix.com/examples/mp3/SoundHelix-Song-1.mp3','Song 5'),(61,9,'https://www.soundhelix.com/examples/mp3/SoundHelix-Song-1.mp3','Song 1'),(62,18,'https://www.soundhelix.com/examples/mp3/SoundHelix-Song-1.mp3','Song 2'),(63,27,'https://www.soundhelix.com/examples/mp3/SoundHelix-Song-1.mp3','Song 3'),(64,36,'https://www.soundhelix.com/examples/mp3/SoundHelix-Song-1.mp3','Song 4'),(65,45,'https://www.soundhelix.com/examples/mp3/SoundHelix-Song-1.mp3','Song 5'),(66,12,'https://www.soundhelix.com/examples/mp3/SoundHelix-Song-1.mp3','Song 1'),(67,24,'https://www.soundhelix.com/examples/mp3/SoundHelix-Song-1.mp3','Song 2'),(68,36,'https://www.soundhelix.com/examples/mp3/SoundHelix-Song-1.mp3','Song 3'),(69,48,'https://www.soundhelix.com/examples/mp3/SoundHelix-Song-1.mp3','Song 4'),(70,60,'https://www.soundhelix.com/examples/mp3/SoundHelix-Song-1.mp3','Song 5'),(71,15,'https://www.soundhelix.com/examples/mp3/SoundHelix-Song-1.mp3','Song 1'),(72,30,'https://www.soundhelix.com/examples/mp3/SoundHelix-Song-1.mp3','Song 2'),(73,45,'https://www.soundhelix.com/examples/mp3/SoundHelix-Song-1.mp3','Song 3'),(74,60,'https://www.soundhelix.com/examples/mp3/SoundHelix-Song-1.mp3','Song 4'),(75,75,'https://www.soundhelix.com/examples/mp3/SoundHelix-Song-1.mp3','Song 5'),(76,4,'https://www.soundhelix.com/examples/mp3/SoundHelix-Song-1.mp3','Song 1'),(77,8,'https://www.soundhelix.com/examples/mp3/SoundHelix-Song-1.mp3','Song 2'),(78,12,'https://www.soundhelix.com/examples/mp3/SoundHelix-Song-1.mp3','Song 3'),(79,16,'https://www.soundhelix.com/examples/mp3/SoundHelix-Song-1.mp3','Song 4'),(80,20,'https://www.soundhelix.com/examples/mp3/SoundHelix-Song-1.mp3','Song 5'),(81,8,'https://www.soundhelix.com/examples/mp3/SoundHelix-Song-1.mp3','Song 1'),(82,16,'https://www.soundhelix.com/examples/mp3/SoundHelix-Song-1.mp3','Song 2'),(83,24,'https://www.soundhelix.com/examples/mp3/SoundHelix-Song-1.mp3','Song 3'),(84,32,'https://www.soundhelix.com/examples/mp3/SoundHelix-Song-1.mp3','Song 4'),(85,40,'https://www.soundhelix.com/examples/mp3/SoundHelix-Song-1.mp3','Song 5'),(86,12,'https://www.soundhelix.com/examples/mp3/SoundHelix-Song-1.mp3','Song 1'),(87,24,'https://www.soundhelix.com/examples/mp3/SoundHelix-Song-1.mp3','Song 2'),(88,36,'https://www.soundhelix.com/examples/mp3/SoundHelix-Song-1.mp3','Song 3'),(89,48,'https://www.soundhelix.com/examples/mp3/SoundHelix-Song-1.mp3','Song 4'),(90,60,'https://www.soundhelix.com/examples/mp3/SoundHelix-Song-1.mp3','Song 5'),(91,16,'https://www.soundhelix.com/examples/mp3/SoundHelix-Song-1.mp3','Song 1'),(92,32,'https://www.soundhelix.com/examples/mp3/SoundHelix-Song-1.mp3','Song 2'),(93,48,'https://www.soundhelix.com/examples/mp3/SoundHelix-Song-1.mp3','Song 3'),(94,64,'https://www.soundhelix.com/examples/mp3/SoundHelix-Song-1.mp3','Song 4'),(95,80,'https://www.soundhelix.com/examples/mp3/SoundHelix-Song-1.mp3','Song 5'),(96,20,'https://www.soundhelix.com/examples/mp3/SoundHelix-Song-1.mp3','Song 1'),(97,40,'https://www.soundhelix.com/examples/mp3/SoundHelix-Song-1.mp3','Song 2'),(98,60,'https://www.soundhelix.com/examples/mp3/SoundHelix-Song-1.mp3','Song 3'),(99,80,'https://www.soundhelix.com/examples/mp3/SoundHelix-Song-1.mp3','Song 4'),(100,100,'https://www.soundhelix.com/examples/mp3/SoundHelix-Song-1.mp3','Song 5'),(101,5,'https://www.soundhelix.com/examples/mp3/SoundHelix-Song-1.mp3','Song 1'),(102,10,'https://www.soundhelix.com/examples/mp3/SoundHelix-Song-1.mp3','Song 2'),(103,15,'https://www.soundhelix.com/examples/mp3/SoundHelix-Song-1.mp3','Song 3'),(104,20,'https://www.soundhelix.com/examples/mp3/SoundHelix-Song-1.mp3','Song 4'),(105,25,'https://www.soundhelix.com/examples/mp3/SoundHelix-Song-1.mp3','Song 5'),(106,10,'https://www.soundhelix.com/examples/mp3/SoundHelix-Song-1.mp3','Song 1'),(107,20,'https://www.soundhelix.com/examples/mp3/SoundHelix-Song-1.mp3','Song 2'),(108,30,'https://www.soundhelix.com/examples/mp3/SoundHelix-Song-1.mp3','Song 3'),(109,40,'https://www.soundhelix.com/examples/mp3/SoundHelix-Song-1.mp3','Song 4'),(110,50,'https://www.soundhelix.com/examples/mp3/SoundHelix-Song-1.mp3','Song 5'),(111,15,'https://www.soundhelix.com/examples/mp3/SoundHelix-Song-1.mp3','Song 1'),(112,30,'https://www.soundhelix.com/examples/mp3/SoundHelix-Song-1.mp3','Song 2'),(113,45,'https://www.soundhelix.com/examples/mp3/SoundHelix-Song-1.mp3','Song 3'),(114,60,'https://www.soundhelix.com/examples/mp3/SoundHelix-Song-1.mp3','Song 4'),(115,75,'https://www.soundhelix.com/examples/mp3/SoundHelix-Song-1.mp3','Song 5'),(116,20,'https://www.soundhelix.com/examples/mp3/SoundHelix-Song-1.mp3','Song 1'),(117,40,'https://www.soundhelix.com/examples/mp3/SoundHelix-Song-1.mp3','Song 2'),(118,60,'https://www.soundhelix.com/examples/mp3/SoundHelix-Song-1.mp3','Song 3'),(119,80,'https://www.soundhelix.com/examples/mp3/SoundHelix-Song-1.mp3','Song 4'),(120,100,'https://www.soundhelix.com/examples/mp3/SoundHelix-Song-1.mp3','Song 5'),(121,25,'https://www.soundhelix.com/examples/mp3/SoundHelix-Song-1.mp3','Song 1'),(122,50,'https://www.soundhelix.com/examples/mp3/SoundHelix-Song-1.mp3','Song 2'),(123,75,'https://www.soundhelix.com/examples/mp3/SoundHelix-Song-1.mp3','Song 3'),(124,100,'https://www.soundhelix.com/examples/mp3/SoundHelix-Song-1.mp3','Song 4'),(125,125,'https://www.soundhelix.com/examples/mp3/SoundHelix-Song-1.mp3','Song 5'),(126,6,'https://www.soundhelix.com/examples/mp3/SoundHelix-Song-1.mp3','Song 1'),(127,12,'https://www.soundhelix.com/examples/mp3/SoundHelix-Song-1.mp3','Song 2'),(128,18,'https://www.soundhelix.com/examples/mp3/SoundHelix-Song-1.mp3','Song 3'),(129,24,'https://www.soundhelix.com/examples/mp3/SoundHelix-Song-1.mp3','Song 4'),(130,30,'https://www.soundhelix.com/examples/mp3/SoundHelix-Song-1.mp3','Song 5'),(131,12,'https://www.soundhelix.com/examples/mp3/SoundHelix-Song-1.mp3','Song 1'),(132,24,'https://www.soundhelix.com/examples/mp3/SoundHelix-Song-1.mp3','Song 2'),(133,36,'https://www.soundhelix.com/examples/mp3/SoundHelix-Song-1.mp3','Song 3'),(134,48,'https://www.soundhelix.com/examples/mp3/SoundHelix-Song-1.mp3','Song 4'),(135,60,'https://www.soundhelix.com/examples/mp3/SoundHelix-Song-1.mp3','Song 5'),(136,18,'https://www.soundhelix.com/examples/mp3/SoundHelix-Song-1.mp3','Song 1'),(137,36,'https://www.soundhelix.com/examples/mp3/SoundHelix-Song-1.mp3','Song 2'),(138,54,'https://www.soundhelix.com/examples/mp3/SoundHelix-Song-1.mp3','Song 3'),(139,72,'https://www.soundhelix.com/examples/mp3/SoundHelix-Song-1.mp3','Song 4'),(140,90,'https://www.soundhelix.com/examples/mp3/SoundHelix-Song-1.mp3','Song 5'),(141,24,'https://www.soundhelix.com/examples/mp3/SoundHelix-Song-1.mp3','Song 1'),(142,48,'https://www.soundhelix.com/examples/mp3/SoundHelix-Song-1.mp3','Song 2'),(143,72,'https://www.soundhelix.com/examples/mp3/SoundHelix-Song-1.mp3','Song 3'),(144,96,'https://www.soundhelix.com/examples/mp3/SoundHelix-Song-1.mp3','Song 4'),(145,120,'https://www.soundhelix.com/examples/mp3/SoundHelix-Song-1.mp3','Song 5'),(146,30,'https://www.soundhelix.com/examples/mp3/SoundHelix-Song-1.mp3','Song 1'),(147,60,'https://www.soundhelix.com/examples/mp3/SoundHelix-Song-1.mp3','Song 2'),(148,90,'https://www.soundhelix.com/examples/mp3/SoundHelix-Song-1.mp3','Song 3'),(149,120,'https://www.soundhelix.com/examples/mp3/SoundHelix-Song-1.mp3','Song 4'),(150,150,'https://www.soundhelix.com/examples/mp3/SoundHelix-Song-1.mp3','Song 5'),(151,7,'https://www.soundhelix.com/examples/mp3/SoundHelix-Song-1.mp3','Song 1'),(152,14,'https://www.soundhelix.com/examples/mp3/SoundHelix-Song-1.mp3','Song 2'),(153,21,'https://www.soundhelix.com/examples/mp3/SoundHelix-Song-1.mp3','Song 3'),(154,28,'https://www.soundhelix.com/examples/mp3/SoundHelix-Song-1.mp3','Song 4'),(155,35,'https://www.soundhelix.com/examples/mp3/SoundHelix-Song-1.mp3','Song 5'),(156,14,'https://www.soundhelix.com/examples/mp3/SoundHelix-Song-1.mp3','Song 1'),(157,28,'https://www.soundhelix.com/examples/mp3/SoundHelix-Song-1.mp3','Song 2'),(158,42,'https://www.soundhelix.com/examples/mp3/SoundHelix-Song-1.mp3','Song 3'),(159,56,'https://www.soundhelix.com/examples/mp3/SoundHelix-Song-1.mp3','Song 4'),(160,70,'https://www.soundhelix.com/examples/mp3/SoundHelix-Song-1.mp3','Song 5'),(161,21,'https://www.soundhelix.com/examples/mp3/SoundHelix-Song-1.mp3','Song 1'),(162,42,'https://www.soundhelix.com/examples/mp3/SoundHelix-Song-1.mp3','Song 2'),(163,63,'https://www.soundhelix.com/examples/mp3/SoundHelix-Song-1.mp3','Song 3'),(164,84,'https://www.soundhelix.com/examples/mp3/SoundHelix-Song-1.mp3','Song 4'),(165,105,'https://www.soundhelix.com/examples/mp3/SoundHelix-Song-1.mp3','Song 5'),(166,28,'https://www.soundhelix.com/examples/mp3/SoundHelix-Song-1.mp3','Song 1'),(167,56,'https://www.soundhelix.com/examples/mp3/SoundHelix-Song-1.mp3','Song 2'),(168,84,'https://www.soundhelix.com/examples/mp3/SoundHelix-Song-1.mp3','Song 3'),(169,112,'https://www.soundhelix.com/examples/mp3/SoundHelix-Song-1.mp3','Song 4'),(170,140,'https://www.soundhelix.com/examples/mp3/SoundHelix-Song-1.mp3','Song 5'),(171,35,'https://www.soundhelix.com/examples/mp3/SoundHelix-Song-1.mp3','Song 1'),(172,70,'https://www.soundhelix.com/examples/mp3/SoundHelix-Song-1.mp3','Song 2'),(173,105,'https://www.soundhelix.com/examples/mp3/SoundHelix-Song-1.mp3','Song 3'),(174,140,'https://www.soundhelix.com/examples/mp3/SoundHelix-Song-1.mp3','Song 4'),(175,175,'https://www.soundhelix.com/examples/mp3/SoundHelix-Song-1.mp3','Song 5'),(176,8,'https://www.soundhelix.com/examples/mp3/SoundHelix-Song-1.mp3','Song 1'),(177,16,'https://www.soundhelix.com/examples/mp3/SoundHelix-Song-1.mp3','Song 2'),(178,24,'https://www.soundhelix.com/examples/mp3/SoundHelix-Song-1.mp3','Song 3'),(179,32,'https://www.soundhelix.com/examples/mp3/SoundHelix-Song-1.mp3','Song 4'),(180,40,'https://www.soundhelix.com/examples/mp3/SoundHelix-Song-1.mp3','Song 5'),(181,16,'https://www.soundhelix.com/examples/mp3/SoundHelix-Song-1.mp3','Song 1'),(182,32,'https://www.soundhelix.com/examples/mp3/SoundHelix-Song-1.mp3','Song 2'),(183,48,'https://www.soundhelix.com/examples/mp3/SoundHelix-Song-1.mp3','Song 3'),(184,64,'https://www.soundhelix.com/examples/mp3/SoundHelix-Song-1.mp3','Song 4'),(185,80,'https://www.soundhelix.com/examples/mp3/SoundHelix-Song-1.mp3','Song 5'),(186,24,'https://www.soundhelix.com/examples/mp3/SoundHelix-Song-1.mp3','Song 1'),(187,48,'https://www.soundhelix.com/examples/mp3/SoundHelix-Song-1.mp3','Song 2'),(188,72,'https://www.soundhelix.com/examples/mp3/SoundHelix-Song-1.mp3','Song 3'),(189,96,'https://www.soundhelix.com/examples/mp3/SoundHelix-Song-1.mp3','Song 4'),(190,120,'https://www.soundhelix.com/examples/mp3/SoundHelix-Song-1.mp3','Song 5'),(191,32,'https://www.soundhelix.com/examples/mp3/SoundHelix-Song-1.mp3','Song 1'),(192,64,'https://www.soundhelix.com/examples/mp3/SoundHelix-Song-1.mp3','Song 2'),(193,96,'https://www.soundhelix.com/examples/mp3/SoundHelix-Song-1.mp3','Song 3'),(194,128,'https://www.soundhelix.com/examples/mp3/SoundHelix-Song-1.mp3','Song 4'),(195,160,'https://www.soundhelix.com/examples/mp3/SoundHelix-Song-1.mp3','Song 5'),(196,40,'https://www.soundhelix.com/examples/mp3/SoundHelix-Song-1.mp3','Song 1'),(197,80,'https://www.soundhelix.com/examples/mp3/SoundHelix-Song-1.mp3','Song 2'),(198,120,'https://www.soundhelix.com/examples/mp3/SoundHelix-Song-1.mp3','Song 3'),(199,160,'https://www.soundhelix.com/examples/mp3/SoundHelix-Song-1.mp3','Song 4'),(200,200,'https://www.soundhelix.com/examples/mp3/SoundHelix-Song-1.mp3','Song 5'),(201,9,'https://www.soundhelix.com/examples/mp3/SoundHelix-Song-1.mp3','Song 1'),(202,18,'https://www.soundhelix.com/examples/mp3/SoundHelix-Song-1.mp3','Song 2'),(203,27,'https://www.soundhelix.com/examples/mp3/SoundHelix-Song-1.mp3','Song 3'),(204,36,'https://www.soundhelix.com/examples/mp3/SoundHelix-Song-1.mp3','Song 4'),(205,45,'https://www.soundhelix.com/examples/mp3/SoundHelix-Song-1.mp3','Song 5'),(206,18,'https://www.soundhelix.com/examples/mp3/SoundHelix-Song-1.mp3','Song 1'),(207,36,'https://www.soundhelix.com/examples/mp3/SoundHelix-Song-1.mp3','Song 2'),(208,54,'https://www.soundhelix.com/examples/mp3/SoundHelix-Song-1.mp3','Song 3'),(209,72,'https://www.soundhelix.com/examples/mp3/SoundHelix-Song-1.mp3','Song 4'),(210,90,'https://www.soundhelix.com/examples/mp3/SoundHelix-Song-1.mp3','Song 5'),(211,27,'https://www.soundhelix.com/examples/mp3/SoundHelix-Song-1.mp3','Song 1'),(212,54,'https://www.soundhelix.com/examples/mp3/SoundHelix-Song-1.mp3','Song 2'),(213,81,'https://www.soundhelix.com/examples/mp3/SoundHelix-Song-1.mp3','Song 3'),(214,108,'https://www.soundhelix.com/examples/mp3/SoundHelix-Song-1.mp3','Song 4'),(215,135,'https://www.soundhelix.com/examples/mp3/SoundHelix-Song-1.mp3','Song 5'),(216,36,'https://www.soundhelix.com/examples/mp3/SoundHelix-Song-1.mp3','Song 1'),(217,72,'https://www.soundhelix.com/examples/mp3/SoundHelix-Song-1.mp3','Song 2'),(218,108,'https://www.soundhelix.com/examples/mp3/SoundHelix-Song-1.mp3','Song 3'),(219,144,'https://www.soundhelix.com/examples/mp3/SoundHelix-Song-1.mp3','Song 4'),(220,180,'https://www.soundhelix.com/examples/mp3/SoundHelix-Song-1.mp3','Song 5'),(221,45,'https://www.soundhelix.com/examples/mp3/SoundHelix-Song-1.mp3','Song 1'),(222,90,'https://www.soundhelix.com/examples/mp3/SoundHelix-Song-1.mp3','Song 2'),(223,135,'https://www.soundhelix.com/examples/mp3/SoundHelix-Song-1.mp3','Song 3'),(224,180,'https://www.soundhelix.com/examples/mp3/SoundHelix-Song-1.mp3','Song 4'),(225,225,'https://www.soundhelix.com/examples/mp3/SoundHelix-Song-1.mp3','Song 5'),(226,10,'https://www.soundhelix.com/examples/mp3/SoundHelix-Song-1.mp3','Song 1'),(227,20,'https://www.soundhelix.com/examples/mp3/SoundHelix-Song-1.mp3','Song 2'),(228,30,'https://www.soundhelix.com/examples/mp3/SoundHelix-Song-1.mp3','Song 3'),(229,40,'https://www.soundhelix.com/examples/mp3/SoundHelix-Song-1.mp3','Song 4'),(230,50,'https://www.soundhelix.com/examples/mp3/SoundHelix-Song-1.mp3','Song 5'),(231,20,'https://www.soundhelix.com/examples/mp3/SoundHelix-Song-1.mp3','Song 1'),(232,40,'https://www.soundhelix.com/examples/mp3/SoundHelix-Song-1.mp3','Song 2'),(233,60,'https://www.soundhelix.com/examples/mp3/SoundHelix-Song-1.mp3','Song 3'),(234,80,'https://www.soundhelix.com/examples/mp3/SoundHelix-Song-1.mp3','Song 4'),(235,100,'https://www.soundhelix.com/examples/mp3/SoundHelix-Song-1.mp3','Song 5'),(236,30,'https://www.soundhelix.com/examples/mp3/SoundHelix-Song-1.mp3','Song 1'),(237,60,'https://www.soundhelix.com/examples/mp3/SoundHelix-Song-1.mp3','Song 2'),(238,90,'https://www.soundhelix.com/examples/mp3/SoundHelix-Song-1.mp3','Song 3'),(239,120,'https://www.soundhelix.com/examples/mp3/SoundHelix-Song-1.mp3','Song 4'),(240,150,'https://www.soundhelix.com/examples/mp3/SoundHelix-Song-1.mp3','Song 5'),(241,40,'https://www.soundhelix.com/examples/mp3/SoundHelix-Song-1.mp3','Song 1'),(242,80,'https://www.soundhelix.com/examples/mp3/SoundHelix-Song-1.mp3','Song 2'),(243,120,'https://www.soundhelix.com/examples/mp3/SoundHelix-Song-1.mp3','Song 3'),(244,160,'https://www.soundhelix.com/examples/mp3/SoundHelix-Song-1.mp3','Song 4'),(245,200,'https://www.soundhelix.com/examples/mp3/SoundHelix-Song-1.mp3','Song 5'),(246,50,'https://www.soundhelix.com/examples/mp3/SoundHelix-Song-1.mp3','Song 1'),(247,100,'https://www.soundhelix.com/examples/mp3/SoundHelix-Song-1.mp3','Song 2'),(248,150,'https://www.soundhelix.com/examples/mp3/SoundHelix-Song-1.mp3','Song 3'),(249,200,'https://www.soundhelix.com/examples/mp3/SoundHelix-Song-1.mp3','Song 4'),(250,250,'https://www.soundhelix.com/examples/mp3/SoundHelix-Song-1.mp3','Song 5');

INSERT INTO `song_albums` (songs_id, albums_id) VALUES (1,1),(2,1),(3,1),(4,1),(5,1),(6,2),(7,2),(8,2),(9,2),(10,2),(11,3),(12,3),(13,3),(14,3),(15,3),(16,4),(17,4),(18,4),(19,4),(20,4),(21,5),(22,5),(23,5),(24,5),(25,5),(26,6),(27,6),(28,6),(29,6),(30,6),(31,7),(32,7),(33,7),(34,7),(35,7),(36,8),(37,8),(38,8),(39,8),(40,8),(41,9),(42,9),(43,9),(44,9),(45,9),(46,10),(47,10),(48,10),(49,10),(50,10),(51,11),(52,11),(53,11),(54,11),(55,11),(56,12),(57,12),(58,12),(59,12),(60,12),(61,13),(62,13),(63,13),(64,13),(65,13),(66,14),(67,14),(68,14),(69,14),(70,14),(71,15),(72,15),(73,15),(74,15),(75,15),(76,16),(77,16),(78,16),(79,16),(80,16),(81,17),(82,17),(83,17),(84,17),(85,17),(86,18),(87,18),(88,18),(89,18),(90,18),(91,19),(92,19),(93,19),(94,19),(95,19),(96,20),(97,20),(98,20),(99,20),(100,20),(101,21),(102,21),(103,21),(104,21),(105,21),(106,22),(107,22),(108,22),(109,22),(110,22),(111,23),(112,23),(113,23),(114,23),(115,23),(116,24),(117,24),(118,24),(119,24),(120,24),(121,25),(122,25),(123,25),(124,25),(125,25),(126,26),(127,26),(128,26),(129,26),(130,26),(131,27),(132,27),(133,27),(134,27),(135,27),(136,28),(137,28),(138,28),(139,28),(140,28),(141,29),(142,29),(143,29),(144,29),(145,29),(146,30),(147,30),(148,30),(149,30),(150,30),(151,31),(152,31),(153,31),(154,31),(155,31),(156,32),(157,32),(158,32),(159,32),(160,32),(161,33),(162,33),(163,33),(164,33),(165,33),(166,34),(167,34),(168,34),(169,34),(170,34),(171,35),(172,35),(173,35),(174,35),(175,35),(176,36),(177,36),(178,36),(179,36),(180,36),(181,37),(182,37),(183,37),(184,37),(185,37),(186,38),(187,38),(188,38),(189,38),(190,38),(191,39),(192,39),(193,39),(194,39),(195,39),(196,40),(197,40),(198,40),(199,40),(200,40),(201,41),(202,41),(203,41),(204,41),(205,41),(206,42),(207,42),(208,42),(209,42),(210,42),(211,43),(212,43),(213,43),(214,43),(215,43),(216,44),(217,44),(218,44),(219,44),(220,44),(221,45),(222,45),(223,45),(224,45),(225,45),(226,46),(227,46),(228,46),(229,46),(230,46),(231,47),(232,47),(233,47),(234,47),(235,47),(236,48),(237,48),(238,48),(239,48),(240,48),(241,49),(242,49),(243,49),(244,49),(245,49),(246,50),(247,50),(248,50),(249,50),(250,50);
