-- --------------------------------------------------------
-- Host:                         127.0.0.1
-- Versión del servidor:         10.1.19-MariaDB - mariadb.org binary distribution
-- SO del servidor:              Win32
-- HeidiSQL Versión:             9.5.0.5284
-- --------------------------------------------------------

/*!40101 SET @OLD_CHARACTER_SET_CLIENT=@@CHARACTER_SET_CLIENT */;
/*!40101 SET NAMES utf8 */;
/*!50503 SET NAMES utf8mb4 */;
/*!40014 SET @OLD_FOREIGN_KEY_CHECKS=@@FOREIGN_KEY_CHECKS, FOREIGN_KEY_CHECKS=0 */;
/*!40101 SET @OLD_SQL_MODE=@@SQL_MODE, SQL_MODE='NO_AUTO_VALUE_ON_ZERO' */;

-- Volcando estructura para tabla bd_personeros.asignacion_centro_votacion
CREATE TABLE IF NOT EXISTS `asignacion_centro_votacion` (
  `dni` char(8) NOT NULL,
  `id_centro_votacion` int(10) unsigned NOT NULL,
  `estado` char(1) NOT NULL,
  PRIMARY KEY (`dni`,`id_centro_votacion`),
  KEY `idx_asignacion_centro_votacion_dni` (`dni`),
  KEY `idx_asignacion_centro_votacion_id_centro_votacion` (`id_centro_votacion`),
  CONSTRAINT `fk_asignacion_centro_votacion_centro_votacion` FOREIGN KEY (`id_centro_votacion`) REFERENCES `centro_votacion` (`id_centro_votacion`) ON DELETE NO ACTION ON UPDATE NO ACTION,
  CONSTRAINT `fk_asignacion_centro_votacion_personero` FOREIGN KEY (`dni`) REFERENCES `personero` (`dni`) ON DELETE NO ACTION ON UPDATE NO ACTION
) ENGINE=InnoDB DEFAULT CHARSET=latin1;

-- Volcando datos para la tabla bd_personeros.asignacion_centro_votacion: ~0 rows (aproximadamente)
/*!40000 ALTER TABLE `asignacion_centro_votacion` DISABLE KEYS */;
/*!40000 ALTER TABLE `asignacion_centro_votacion` ENABLE KEYS */;

-- Volcando estructura para tabla bd_personeros.asignacion_mesa_sufragio
CREATE TABLE IF NOT EXISTS `asignacion_mesa_sufragio` (
  `dni` char(8) NOT NULL,
  `id_centro_votacion` int(10) unsigned NOT NULL,
  `numero` int(10) unsigned NOT NULL,
  `estado` char(1) NOT NULL,
  PRIMARY KEY (`id_centro_votacion`,`dni`,`numero`),
  KEY `idx_asignacion_mesa_sufragio_dni` (`dni`),
  KEY `idx_asignacion_mesa_sufragio_numero` (`numero`,`id_centro_votacion`),
  CONSTRAINT `fk_asignacion_mesa_sufragio_mesa_sufragio` FOREIGN KEY (`numero`, `id_centro_votacion`) REFERENCES `mesa_sufragio` (`numero`, `id_centro_votacion`) ON DELETE NO ACTION ON UPDATE NO ACTION,
  CONSTRAINT `fk_asignacion_mesa_sufragio_personero` FOREIGN KEY (`dni`) REFERENCES `personero` (`dni`) ON DELETE NO ACTION ON UPDATE NO ACTION
) ENGINE=InnoDB DEFAULT CHARSET=latin1;

-- Volcando datos para la tabla bd_personeros.asignacion_mesa_sufragio: ~0 rows (aproximadamente)
/*!40000 ALTER TABLE `asignacion_mesa_sufragio` DISABLE KEYS */;
/*!40000 ALTER TABLE `asignacion_mesa_sufragio` ENABLE KEYS */;

-- Volcando estructura para tabla bd_personeros.asistencia
CREATE TABLE IF NOT EXISTS `asistencia` (
  `id_asistencia` int(10) unsigned NOT NULL AUTO_INCREMENT,
  `dni` char(8) NOT NULL,
  `fecha` timestamp NOT NULL DEFAULT CURRENT_TIMESTAMP,
  `usuario_dni` char(8) NOT NULL,
  PRIMARY KEY (`id_asistencia`),
  KEY `idx_asistencia_dni` (`dni`),
  KEY `idx_asistencia_usuario_dni` (`usuario_dni`),
  CONSTRAINT `fk_asistencia_personero` FOREIGN KEY (`dni`) REFERENCES `personero` (`dni`) ON DELETE NO ACTION ON UPDATE NO ACTION,
  CONSTRAINT `fk_asistencia_usuario` FOREIGN KEY (`usuario_dni`) REFERENCES `usuario` (`dni`) ON DELETE NO ACTION ON UPDATE NO ACTION
) ENGINE=InnoDB AUTO_INCREMENT=7 DEFAULT CHARSET=latin1;

-- Volcando datos para la tabla bd_personeros.asistencia: ~6 rows (aproximadamente)
/*!40000 ALTER TABLE `asistencia` DISABLE KEYS */;
INSERT INTO `asistencia` (`id_asistencia`, `dni`, `fecha`, `usuario_dni`) VALUES
	(1, '46705014', '2018-08-29 00:00:00', '46705014'),
	(2, '46705014', '2018-08-28 00:00:00', '46705014'),
	(3, '16532958', '2018-08-30 14:46:05', '46705014'),
	(4, '46705014', '2018-08-30 15:02:37', '46705014'),
	(5, '46705014', '2018-08-30 15:19:18', '46705014'),
	(6, '16532958', '2018-08-30 17:07:30', '46705014');
/*!40000 ALTER TABLE `asistencia` ENABLE KEYS */;

-- Volcando estructura para tabla bd_personeros.candidato
CREATE TABLE IF NOT EXISTS `candidato` (
  `id_candidato` int(10) unsigned NOT NULL AUTO_INCREMENT,
  `nombre` varchar(200) NOT NULL,
  PRIMARY KEY (`id_candidato`)
) ENGINE=InnoDB AUTO_INCREMENT=3 DEFAULT CHARSET=latin1;

-- Volcando datos para la tabla bd_personeros.candidato: ~2 rows (aproximadamente)
/*!40000 ALTER TABLE `candidato` DISABLE KEYS */;
INSERT INTO `candidato` (`id_candidato`, `nombre`) VALUES
	(1, 'ANSELMO'),
	(2, 'GASCO');
/*!40000 ALTER TABLE `candidato` ENABLE KEYS */;

-- Volcando estructura para tabla bd_personeros.cedula
CREATE TABLE IF NOT EXISTS `cedula` (
  `id_cedula` int(10) unsigned NOT NULL AUTO_INCREMENT,
  `partido` varchar(200) DEFAULT NULL,
  `estado` char(1) DEFAULT 'H',
  PRIMARY KEY (`id_cedula`)
) ENGINE=InnoDB AUTO_INCREMENT=18 DEFAULT CHARSET=latin1;

-- Volcando datos para la tabla bd_personeros.cedula: ~17 rows (aproximadamente)
/*!40000 ALTER TABLE `cedula` DISABLE KEYS */;
INSERT INTO `cedula` (`id_cedula`, `partido`, `estado`) VALUES
	(1, 'PRIMERO LAMBAYEQUE', 'H'),
	(2, 'PODEMOS POR EL PROGRESO DEL PERU', 'H'),
	(3, 'ALIANZA PARA EL PROGRESO', 'H'),
	(4, 'PARTIDO POPULAR CRISTIANO PPC', 'H'),
	(5, 'SOLIDARIDAD NACIONAL', 'H'),
	(6, 'TODOS POR EL PERU', 'H'),
	(7, 'PARTIDO DEMOCRATICO SOMOS PERU', 'H'),
	(8, 'PERU PATRIA SEGURA', 'H'),
	(9, 'FUERZA POPULAR', 'H'),
	(10, 'PERU NACION', 'H'),
	(11, 'JUNTOS POR EL PERU', 'H'),
	(12, 'PERUANOS POR EL CAMBIO', 'H'),
	(13, 'PERU LIBERTARIO', 'H'),
	(14, 'DEMOCRACIA DIRECTA', 'H'),
	(15, 'VAMOS PERU', 'H'),
	(16, 'ACCION POPULAR', 'H'),
	(17, 'PARTIDO APRISTA PERUANO', 'H');
/*!40000 ALTER TABLE `cedula` ENABLE KEYS */;

-- Volcando estructura para tabla bd_personeros.cedula_ubigeo
CREATE TABLE IF NOT EXISTS `cedula_ubigeo` (
  `id_cedula` int(10) unsigned NOT NULL,
  `id_departamento` char(2) NOT NULL,
  `id_provincia` char(2) NOT NULL,
  `id_distrito` char(2) NOT NULL,
  `cedula_provincial` char(1) NOT NULL DEFAULT 'H',
  `cedula_distrital` char(1) NOT NULL,
  `cedula_regional` char(1) NOT NULL,
  `cedula_consejero` char(1) NOT NULL,
  PRIMARY KEY (`id_cedula`,`id_departamento`,`id_provincia`,`id_distrito`),
  KEY `idx_cedula_ubigeo_id_cedula` (`id_cedula`),
  KEY `idx_cedula_ubigeo_id_distrito` (`id_distrito`,`id_provincia`,`id_departamento`),
  CONSTRAINT `fk_cedula_ubigeo_cedula` FOREIGN KEY (`id_cedula`) REFERENCES `cedula` (`id_cedula`) ON DELETE NO ACTION ON UPDATE NO ACTION,
  CONSTRAINT `fk_cedula_ubigeo_distrito` FOREIGN KEY (`id_distrito`, `id_provincia`, `id_departamento`) REFERENCES `distrito` (`id_distrito`, `id_provincia`, `id_departamento`) ON DELETE NO ACTION ON UPDATE NO ACTION
) ENGINE=InnoDB DEFAULT CHARSET=latin1;

-- Volcando datos para la tabla bd_personeros.cedula_ubigeo: ~34 rows (aproximadamente)
/*!40000 ALTER TABLE `cedula_ubigeo` DISABLE KEYS */;
INSERT INTO `cedula_ubigeo` (`id_cedula`, `id_departamento`, `id_provincia`, `id_distrito`, `cedula_provincial`, `cedula_distrital`, `cedula_regional`, `cedula_consejero`) VALUES
	(1, '13', '01', '01', 'H', 'H', '', ''),
	(1, '13', '03', '09', 'H', 'D', '', ''),
	(2, '13', '01', '01', 'H', 'H', '', ''),
	(2, '13', '03', '09', 'H', 'H', '', ''),
	(3, '13', '01', '01', 'H', 'H', '', ''),
	(3, '13', '03', '09', 'H', 'H', '', ''),
	(4, '13', '01', '01', 'H', 'H', '', ''),
	(4, '13', '03', '09', 'H', 'D', '', ''),
	(5, '13', '01', '01', 'H', 'H', '', ''),
	(5, '13', '03', '09', 'H', 'D', '', ''),
	(6, '13', '01', '01', 'H', 'H', '', ''),
	(6, '13', '03', '09', 'H', 'H', '', ''),
	(7, '13', '01', '01', 'H', 'H', '', ''),
	(7, '13', '03', '09', 'H', 'H', '', ''),
	(8, '13', '01', '01', 'H', 'H', '', ''),
	(8, '13', '03', '09', 'H', 'D', '', ''),
	(9, '13', '01', '01', 'H', 'H', '', ''),
	(9, '13', '03', '09', 'H', 'H', '', ''),
	(10, '13', '01', '01', 'H', 'H', '', ''),
	(10, '13', '03', '09', 'H', 'D', '', ''),
	(11, '13', '01', '01', 'H', 'H', '', ''),
	(11, '13', '03', '09', 'H', 'H', '', ''),
	(12, '13', '01', '01', 'H', 'H', '', ''),
	(12, '13', '03', '09', 'H', 'D', '', ''),
	(13, '13', '01', '01', 'H', 'H', '', ''),
	(13, '13', '03', '09', 'H', 'D', '', ''),
	(14, '13', '01', '01', 'H', 'H', '', ''),
	(14, '13', '03', '09', 'H', 'D', '', ''),
	(15, '13', '01', '01', 'H', 'H', '', ''),
	(15, '13', '03', '09', 'H', 'D', '', ''),
	(16, '13', '01', '01', 'D', 'H', '', ''),
	(16, '13', '03', '09', 'D', 'H', '', ''),
	(17, '13', '01', '01', 'D', 'H', '', ''),
	(17, '13', '03', '09', 'D', 'H', '', '');
/*!40000 ALTER TABLE `cedula_ubigeo` ENABLE KEYS */;

-- Volcando estructura para tabla bd_personeros.centro_votacion
CREATE TABLE IF NOT EXISTS `centro_votacion` (
  `id_centro_votacion` int(10) unsigned NOT NULL AUTO_INCREMENT,
  `nombre` varchar(200) DEFAULT NULL,
  `direccion` varchar(200) DEFAULT NULL,
  `id_departamento` char(2) NOT NULL,
  `id_provincia` char(2) NOT NULL,
  `id_distrito` char(2) NOT NULL,
  PRIMARY KEY (`id_centro_votacion`),
  KEY `idx_centro_votacion_id_distrito` (`id_distrito`,`id_provincia`,`id_departamento`),
  CONSTRAINT `fk_centro_votacion_distrito` FOREIGN KEY (`id_distrito`, `id_provincia`, `id_departamento`) REFERENCES `distrito` (`id_distrito`, `id_provincia`, `id_departamento`) ON DELETE NO ACTION ON UPDATE NO ACTION
) ENGINE=InnoDB AUTO_INCREMENT=7541 DEFAULT CHARSET=latin1;

-- Volcando datos para la tabla bd_personeros.centro_votacion: ~175 rows (aproximadamente)
/*!40000 ALTER TABLE `centro_votacion` DISABLE KEYS */;
INSERT INTO `centro_votacion` (`id_centro_votacion`, `nombre`, `direccion`, `id_departamento`, `id_provincia`, `id_distrito`) VALUES
	(2458, 'IEP SANTA ANGELA', 'AV. GRAU 1290', '13', '01', '01'),
	(2459, 'IE 11124 NUESTRA SEÑORA DE LA PAZ', 'CALLE SOR ANA DE LOS ANGELES Y PEDRO CIEZA DE LEON-LAS BRISAS', '13', '01', '01'),
	(2460, 'IE CONSORCIO EDUCATIVO LA INMACULADA', 'CALLE FRANCISCO CABRERA 773', '13', '01', '01'),
	(2461, 'IEP MANUEL PARDO', 'AV. LUIS GONZALES 1415', '13', '01', '01'),
	(2463, 'IEP ROSA MARIA CHECA', 'AV. JUAN TOMIS 170', '13', '01', '01'),
	(2464, 'IE ROSA FLORES DE OLIVA', 'AV. DEL DEPORTE 333', '13', '01', '01'),
	(2465, 'IE 10002', 'AV. NACIONALISMO 562', '13', '01', '01'),
	(2466, 'IE 10003', 'CALLE ARICA 1790', '13', '01', '01'),
	(2467, 'IE 11017 NICOLAS LA TORRE GARCIA', 'AV. FEDERICO VILLAREAL 150', '13', '01', '01'),
	(2468, 'IE 10022 MIGUEL MURO ZAPATA', 'AV. GARCILAZO DE LA VEGA CUADRA 8', '13', '01', '01'),
	(2469, 'IE 10023 PJ SUAZO', 'CALLE FRANCISCO CABRERA 1486', '13', '01', '01'),
	(2470, 'IE 10026 SAN MARTIN DE PORRES', 'AV. SANTA VICTORIA 199 PUEBLO JOVEN SAN MARTIN', '13', '01', '01'),
	(2472, 'IE 10040 SANTIAGO CASSINELLI CHIAPE', 'AV. ANGAMOS CDRA 11-PASAJE LOS CLAVELES -URB SAN LUIS', '13', '01', '01'),
	(2473, 'IE 10042 MS JUAN TOMIS STACK', 'CALLE TUNGASUCA-PARQUE TUPAC AMARU', '13', '01', '01'),
	(2474, 'IE 10223 RICARDO PALMA', 'CALLE INSURRECCION 300', '13', '01', '01'),
	(2475, 'IE 10824 SAN NICOLAS', 'JR MARAÑON SN', '13', '01', '01'),
	(2476, 'IE 10825 JUAN XXIII', 'CALLE NAPO SN', '13', '01', '01'),
	(2477, 'IE 10828 EX COSOME', 'AV. MANUEL ARTEAGA 351', '13', '01', '01'),
	(2478, 'IE 11001 LEONCIO PRADO', 'CALLE LEONCIO PRADO 1554', '13', '01', '01'),
	(2479, 'IE 11006 RAMON ESPINOZA SIERRA', 'AV. ARICA 371', '13', '01', '01'),
	(2480, 'IE 11014 INMACULADA CONCEPCION', 'CALLE RACARRUMI 399', '13', '01', '01'),
	(2481, 'IE 11015 COMANDANTE ELIAS AGUIRRE', 'AV. BALTA 862', '13', '01', '01'),
	(2482, 'IE 11016 JUAN MEJIA BACA', 'JR. TUMBES 247', '13', '01', '01'),
	(2483, 'IE 11019 SEÑOR DE LA DIVINA MISERICORDIA', 'CALLE SIETE DE ENERO 85', '13', '01', '01'),
	(2484, 'IE 11023 ABRAHAM VALDELOMAR', 'AV. SALAVERRY 241', '13', '01', '01'),
	(2485, 'IE 11024 JOSE QUIÑONES GONZALES', 'CALLE IQUITOS SN', '13', '01', '01'),
	(2486, 'IE 11151 MONSEÑOR AUGUSTO VARGAS ALZAMORA', 'CALLE SINAI SN', '13', '01', '01'),
	(2487, 'IE AUGUSTO SALAZAR BONDY', 'CALLE OASIS SN', '13', '01', '01'),
	(2488, 'IE ELVIRA GARCIA Y GARCIA', 'AV. JORGE CHAVEZ 1004', '13', '01', '01'),
	(2490, 'IE FE Y ALEGRIA 28', 'CALLE HUAMAN POMA 560', '13', '01', '01'),
	(2491, 'IE PEDRO ABEL LABARTHE DURAND', 'CALLE TACNA 400', '13', '01', '01'),
	(2492, 'IE PNP FELIX TELLO ROJAS', 'CALLE BENITO VASQUEZ SN', '13', '01', '01'),
	(2493, 'IE 10925 PSM CESAR VALLEJO', 'CALLE LOS ARRIEROS SN', '13', '01', '01'),
	(2494, 'IE SAN JOSE', 'AV. ELVIRA GARCIA Y GARCIA 285', '13', '01', '01'),
	(2495, 'IE SANTA MAGDALENA SOFIA BARAT', 'AV. SALAVERRY 306', '13', '01', '01'),
	(2496, 'IE 030 VICTORIA SILVA DE DALLORSO', 'AV. ELVIRA GARCIA Y GARCIA 167', '13', '01', '01'),
	(2497, 'IE 10004', 'AV. PEDRO RUIZ 1765', '13', '01', '01'),
	(2499, 'IE 10006 ARTURO SCHUTT Y SACO', 'AV. CHICLAYO 2221', '13', '01', '02'),
	(2502, 'IST CHONGOYAPE', 'CALLE MIGUEL IGLESIAS 380', '13', '01', '02'),
	(2503, 'IE 11027 DIVINO NIÑO DEL MILAGRO', 'CALLE PEDRO RUIZ GALLO 845', '13', '01', '03'),
	(2505, 'IE 10049 VIRGEN MARIA', 'CALLE ELIAS AGUIRRE SN', '13', '01', '04'),
	(2506, 'IE 10029', 'AV. GRAU 510', '13', '01', '05'),
	(2508, 'IE 10046 SAN CARLOS', 'AV. CARLOS CONROY 661', '13', '01', '06'),
	(2509, 'IST CETPRO JESUS NAZARENO CAUTIVO MONSEFU', 'CALLE BERNARDO ALCEDO 210', '13', '01', '06'),
	(2510, 'IE 11029 SANTIAGO BURGA GONZALES', 'CALLE MARISCAL SUCRE 871', '13', '01', '06'),
	(2511, 'IE DIEGO FERRE SOSA', 'AV. MARISCAL RAMON CASTILLA 895', '13', '01', '06'),
	(2512, 'IE ELEODORO VERA PALACIOS', 'CALLE RUPERTO BACA 172', '13', '01', '07'),
	(2513, 'IE 10044 JORGE BASADRE GROHMAN', 'AV. TARAPACA SN', '13', '01', '08'),
	(2514, 'IE 10045 INCA GARCILAZO DE LA VEGA', 'AV. TARAPACA SN', '13', '01', '08'),
	(2515, 'IE 10012 MANUEL AMADOR FORTUNATO GUERRERO TORRES', 'AV. GRAU', '13', '01', '09'),
	(2516, 'IE FELIPE SANTIAGO SALAVERRY', 'CALLE SAN ISIDRO', '13', '01', '09'),
	(2517, 'IE 10014 SAN MARTIN DE PORRES', 'AV. JOSE LEONARDO ORTIZ 300', '13', '01', '10'),
	(2518, 'IE 10016 SANTISIMA VIRGEN DEL CARMEN', 'CALLE LOS GERANIOS SN', '13', '01', '10'),
	(2519, 'IE MANUEL GONZALES PRADA', 'JR. 7 DE JUNIO SN', '13', '01', '10'),
	(2520, 'IE 10005 SANTA ROSA DE LIMA', 'AV. JOSE LEONARDO ORTIZ 400', '13', '01', '10'),
	(2521, 'IE 10050', 'CALLE DIEGO FERRE SN', '13', '01', '11'),
	(2524, 'IE 10011 FRANCISCO BOLOGNESI CERVANTES', 'PSJ. MANUEL SEOANE 115', '13', '01', '12'),
	(2525, 'IE 10797 MICAELA BASTIDAS', 'CALLE CESAR VALLEJO 345', '13', '01', '12'),
	(2526, 'IE CRISTO REY', 'AV. ESPAÑA 1465', '13', '01', '12'),
	(2527, 'IST SAGRADO CORAZON DE JESUS', 'CALLE CAHUIDE 427', '13', '01', '12'),
	(2528, 'IE 001 VIRGEN MARIA AUXILIADORA', 'CALLE GONZALO PIZARRO 100', '13', '01', '12'),
	(2529, 'IE 10008 VIRGEN DEL CARMEN', 'CALLE HUSARES DE JUNIN 400', '13', '01', '12'),
	(2530, 'IE 10826 CARLOS CASTAÑEDA IPARRAGUIRRE', 'CALLE CHILE CUADRA 10', '13', '01', '12'),
	(2531, 'IE 10834 SANTA ANA', 'CALLE SAN SALVADOR 1398', '13', '01', '12'),
	(2532, 'IE 10836 APLICACIÓN', 'CALLE CAHUIDE 420', '13', '01', '12'),
	(2533, 'IE 10878 PEDRO PABLO ATUSPARIAS', 'CALLE FANNY ABANTO', '13', '01', '12'),
	(2534, 'IE 10923 FANNY ABANTO CALLE', 'CALLE SINAMOS 176', '13', '01', '12'),
	(2535, 'IE 10945 HEROINA MARIA PARADO DE BELLIDO', 'CALLE TACNA 150', '13', '01', '12'),
	(2536, 'IE 11009 VIRGEN DE LA MEDALLA MILAGROSA', 'CALLE HUSARES DE JUNIN 520', '13', '01', '12'),
	(2537, 'IE 11010 MARIANO MELGAR VALDIVIESO', 'CALLE CHARLES CONRAD 500', '13', '01', '12'),
	(2538, 'IE 11011 SEÑOR DE LOS MILAGROS', 'PSJ. LATINA 100', '13', '01', '12'),
	(2539, 'IE 11057 SAN LORENZO', 'CALLE PANAMA CDRA 30', '13', '01', '12'),
	(2540, 'IE 11584 RAFAEL MALLOR GOMEZ', 'MZ Q LOTE 41', '13', '01', '12'),
	(2541, 'IE 11010 MARIANO MELGAR VALDIVIESO', 'CALLE ALAN BEAR 610', '13', '01', '12'),
	(2542, 'IE MATER ADMIRABILIS', 'CALLE CAHUIDE 489', '13', '01', '12'),
	(2543, 'IE 10924 UPIS ARTESANOS INDEPENDIENTES', 'AV. SALAS 450', '13', '01', '12'),
	(2544, 'IE JOSE OLAYA BALANDRA', 'PRLG MICAELA BASTIDAS SN', '13', '01', '13'),
	(2545, 'IE 10018 SANTA ROSA DE LIMA', 'AV. LUIS HUAMANCHUMO SN', '13', '01', '13'),
	(2546, 'IE 11527 ANTONIO RAIMONDI', 'AV. POMALCA 94', '13', '01', '14'),
	(2547, 'IE SANTO TORIBIO DE MOGROVEJO', 'AV. MANUEL SEOANE SN', '13', '01', '14'),
	(2548, 'IE 008 NIÑO MENSAJEROS DE LA PAZ', 'CALLE LA COLLA 1497', '13', '01', '15'),
	(2549, 'IE 35 MARAVILLAS DE JESUS', 'AV. CAHUIDE 650', '13', '01', '15'),
	(2550, 'IE 11026 MARISCAL CACERES', 'CALLE YAHUARHUACA 375', '13', '01', '15'),
	(2551, 'IE 11098 JUAN PABLO II', 'CALLE LLOQUE YUPANQUI 1875', '13', '01', '15'),
	(2552, 'IE CARLOS AUGUSTO SALAVERRY', 'AV. CAHUIDE 340', '13', '01', '15'),
	(2553, 'IE ESPECIAL LA VICTORIA', 'AV. LOS INCAS 1302', '13', '01', '15'),
	(2554, 'IE 10717 JOSE MARIA ARGUEDAS', 'AV. LOS TAMBOS SN', '13', '01', '15'),
	(2555, 'IE JUAN PABLO VIZCARDO Y GUZMAN', 'AV. MANUEL SEOANE 1250', '13', '01', '15'),
	(2556, 'IE 10053 JAVIER PEREZ DE CUELLAR', 'AV. TUPAC AMARU SN', '13', '01', '15'),
	(2558, 'IE 11084 SAN JUAN BAUTISTA', 'JR. SAN JUAN SN - SECTOR EL PALMO', '13', '01', '16'),
	(2559, 'IE 11524 GREGORIO RAMIREZ FANNING', 'CALLE ALTO CAYALTI SN', '13', '01', '16'),
	(2560, 'IE 11525 MELCHORA BARRERA DE ASPILLAGA', 'AV. PASEO DE LA REFORMA SN', '13', '01', '16'),
	(2561, 'IE 11532', 'CALLE LA UNION SN', '13', '01', '17'),
	(2562, 'IE JOSE DOMINGO ATOCHE', 'CALLE BILLAR', '13', '01', '17'),
	(2564, 'IE 11501 TACNA', 'AV. APOLINARIO SALCEDO', '13', '01', '18'),
	(2565, 'IE 11521 MARIA DE LOURDES', 'AV. APOLINARIO SALCEDO', '13', '01', '18'),
	(2566, 'IE 11523 LA INMACULADA', 'PRLG AUGUSTO B LEGUIA', '13', '01', '19'),
	(2567, 'IE 11517 ', 'CALLE LIBERTAD', '13', '01', '20'),
	(2568, 'IE 11516', 'PRLG CALLE LIBERTAD', '13', '01', '20'),
	(2569, 'IE TUPAC AMARU', 'CALLE LAS CASUARINAS', '13', '01', '20'),
	(2570, 'IE 10057 JOSE MERCEDES CHICOMA', 'PRLG UNION', '13', '02', '01'),
	(2571, 'IE 10059 JUAN GALO MUÑOZ PALACIOS', 'CALLE TRES MARIAS 830', '13', '02', '01'),
	(2572, 'IE 10056 HECTOR RENE LA NEGRA ROMERO', 'AV. VICTOR MURO 1125', '13', '02', '01'),
	(2574, 'IST ENRIQUE LOPEZ ALBUJAR', 'AV. VICTOR RAUL HAYA DE LA TORRE 214', '13', '02', '01'),
	(2575, 'IE 10082 SAGRADO CORAZON DE JESUS ', 'AV. JUAN MIGUEL BERNILLA QUISPE', '13', '02', '02'),
	(2576, 'IE 10083 INDOAMERICA', 'CCPP JANQUE', '13', '02', '02'),
	(2577, 'IE 10907', 'CCPP KONGACHA', '13', '02', '02'),
	(2578, 'IE 10084 VIRGEN DE LAS MERCEDES - PRIMARIA', 'CALLE 28 DE JULIO', '13', '02', '02'),
	(2579, 'IE 10080 ', 'CALLE MOYAN', '13', '02', '02'),
	(2580, 'IE 10084 VIRGEN DE LAS MERCEDES SECUNDARIA', 'CALLE 24 DE JUNIO', '13', '02', '02'),
	(2581, 'IE 10062', 'AV. MIGUEL GRAU', '13', '02', '03'),
	(2582, 'IE 105', 'AV. MIGUEL GRAU', '13', '02', '03'),
	(2583, 'IE 10068 ', 'CALLE EMILIANO LOPEZ SN', '13', '02', '03'),
	(2584, 'IE 10078 TUPAC AMARU II', 'CALLE SEÑOR DE LOS MILAGROS-CCPP CHIÑAMA', '13', '02', '03'),
	(2585, 'IE 11034', 'CALLE LOS PARQUES', '13', '02', '04'),
	(2586, 'IE AMALIA CAMPOS DE BELEVAN', 'AV. GARCILAZO DE LA VEGA 483', '13', '02', '04'),
	(2587, 'IE JUAN AURICH PASTOR', 'AV. PROLONGACION REAL - BATAN GRANDE', '13', '02', '04'),
	(2588, 'IE 11035 SANTO DOMINGO SAVIO', 'CALLE JUAN MANUEL SENCIE 731', '13', '02', '05'),
	(2589, 'IE PERU BIRF', 'CALLE FRANCISCO GONZALES BURGA 100', '13', '02', '05'),
	(2590, 'IE 10094 ROSA MURO GUEVARA DE BARRAGAN-PRIMARIA', 'CANAL TAYMI 100', '13', '02', '06'),
	(2591, 'IE ROSA MURO GUEVARA DE BARRAGAN-SECUNDARIA', 'CALLE SAN ISIDRO LABRADOR', '13', '02', '06'),
	(2592, 'CENTRO DE APLICACION PRIVADO PEDRO RUIZ GALLO', 'CALLE EMILIANO NIÑO', '13', '03', '01'),
	(2593, 'IE 10104 JUAN FANNING GARCIA', 'CALLE ATAHUALPA 355', '13', '03', '01'),
	(2594, 'IE 10111 NUESTRA SEÑORA DE LA ASUNCION', 'PRLG 8 DE OCTUBRE 170', '13', '03', '01'),
	(2595, 'IE 11037 ANTONIA ZAPATA JORDAN', 'AV. FERNANDO BELAUNDE TERRY', '13', '03', '01'),
	(2596, 'IE 10113 SANTA ROSA DE JESUS', 'AV. RAMON CASTILLA 1281', '13', '03', '01'),
	(2597, 'IE 10112', 'CALLE ELVIRA GARCIA Y GARCIA 500', '13', '03', '01'),
	(2598, 'IE SAN MARTIN', 'AV. ELVIRA GARCIA Y GARCIA 1011', '13', '03', '01'),
	(2600, 'IE 10117 CRUZ DE PUMACIRCA - PRIMARIA', 'CALLE ALAN GARCIA', '13', '03', '02'),
	(2601, 'IE 10119 ', 'CALLE 7 DE ENERO CDRA 6', '13', '03', '03'),
	(2602, 'IE SAN JUAN', 'CARRETERA PANAMERICANA NORTE', '13', '03', '03'),
	(2603, 'IE 10125 CARMELO FELIX MEDRANO', 'CALLE GRAU 416', '13', '03', '04'),
	(2604, 'IE 10127 NUESTRA SEÑORA DE LA ASUNCION', 'CALLE ELIAS AGUIRRE 1002', '13', '03', '04'),
	(2605, 'IE MANUEL FRANCISCO BURGA PUELLES', 'CALLE ELIAS AGUIRRE 725', '13', '03', '04'),
	(2606, 'IE 10132 JESUS DIVINO MAESTRO', 'CALLE FEDERICO VILLAREAL 135', '13', '03', '05'),
	(2608, 'IE 10157 INCA GARCILASO DE LA VEGA SECUNDARIA', 'CALLE SANTA ROSA', '13', '03', '06'),
	(2609, 'IE 10157 INCA GARCILAZO DE LA VEGA PRIMARIA', 'JR. SOLAS', '13', '03', '06'),
	(2610, 'IE 10158 JULIO C TELLO- PRIMARIO', 'CALLE REAL', '13', '03', '06'),
	(2611, 'IE 10164 DIVINO NIÑO JESUS', 'CARRETERA MORROPE - CASERIO ARBOLSOL', '13', '03', '06'),
	(2612, 'IE 212 CARMELITAS', 'JR. SOLA 425', '13', '03', '06'),
	(2613, 'IE 10158 JULIO C TELLO-SECUNDARIO', 'CALLE GRAU', '13', '03', '06'),
	(2614, 'IE 10143 CRISTO REY', 'AV. PRIMAVERA 600', '13', '03', '07'),
	(2615, 'IE 10145 NARCISA LANDAZURI DE CAMPOS', 'CALLE PROGRESO 575', '13', '03', '07'),
	(2616, 'IE CRUZ DE CHALPON', 'AV. MICAELA BASTIDAS 540', '13', '03', '07'),
	(2617, 'IE 10171 MARISCAL RAMON CASTILLA', 'CALLE MAXIMILIANO OYOLA', '13', '03', '08'),
	(2618, 'IE 10172 MARIA ISABEL NUÑEZ DE SILVA', 'CALLE TARATA', '13', '03', '08'),
	(2619, 'IE CAPITAN DEL EJERCITO JULIO PONCE ANTUNEZ DE MAYOLO', 'AV. SANTO DOMINGO 112', '13', '03', '08'),
	(2620, 'IST OLMOS', 'PSJ. SAN AGUSTIN', '13', '03', '08'),
	(2621, 'IE SAN PABLO', 'CALLE SAN PABLO 658', '13', '03', '09'),
	(2622, 'IE COLAYA-10061', 'CALLE ANTONIO BACA-CCPP DE COLAYA', '13', '03', '10'),
	(2623, 'IEP 10060', 'CALLE SAN MARTIN', '13', '03', '10'),
	(2624, 'IE 10063 CRUZ DE YANAHUANCA', 'AV. CRUZ DE YANAHUANCA SN', '13', '03', '10'),
	(2625, 'IE 10207 JOSE JUSTO ARCE GONZALES', 'CALLE EL SUNE', '13', '03', '10'),
	(2626, 'IE 10214 ABEL RAMOS PURIHUAMAN', 'AV. INCA GARCILAZO DE LA VEGA LA RAMADA', '13', '03', '10'),
	(2627, 'IE 10217', 'CCPP TALLAPAMPA', '13', '03', '10'),
	(2628, 'IE 10222 ELVIRA GARCIA Y GARCIA', 'AV. AUGUSTO B LEGUIA', '13', '03', '11'),
	(2629, 'IE SAN PEDRO', 'CARRETERA A SAN JOSE', '13', '03', '11'),
	(2630, 'IE 10225 SAGRADO NIÑO JESUS', 'CALLE UNION 360', '13', '03', '12'),
	(2631, 'IE 10226 NUESTRA SEÑORA DE LA MERCED', 'CALLE AUGUSTO B LEGUIA SN', '13', '03', '12'),
	(2632, 'IE FEDERICO VILLARREAL', 'CALLE UNION SN', '13', '03', '12'),
	(5425, 'IE KARL WEISS', 'AV. MARISCAL NIETO 520', '13', '01', '01'),
	(5804, 'IE CHONGOYAPE', 'AV. CHICLAYO 2526', '13', '01', '02'),
	(5817, 'IE 11185 UCUPE', 'CALLE VICTOR RAMIREZ SN', '13', '01', '05'),
	(5865, 'IST YATRAYWASI', 'CASERIO LA PLAYA', '13', '02', '02'),
	(5870, 'IE 103', 'AV. LUIS HEYSEN 103', '13', '02', '04'),
	(5877, 'IE AUGUSTO B. LEGUÍA', 'CALLE SAN MARTIN SN', '13', '03', '05'),
	(7163, 'IE 10191 HIERBA BUENA', 'CCPP HIERBA BUENA', '13', '02', '03'),
	(7245, 'IE SAN JOSE - NIVEL PRIMARIO', 'AV. ELVIRA GARCIA Y GARCIA CUADRA 2', '13', '01', '01'),
	(7246, 'IE 10051 SAN MARTIN DE THOURS', 'PROLONGACIÓN JOSE BALTA CUADRA 2', '13', '01', '11'),
	(7315, 'IE 11504', 'AV. TUPAC AMARU SN', '13', '01', '02'),
	(7316, '10817 YACAKUNA WASI EDUCACION INTERCULTURAL BILINGÜE EIB', 'CCPP SAN ISIDRO LABRADOR DE MARAYHUACA', '13', '02', '02'),
	(7317, 'IEPSM 10776', 'CCPP HUAYABAMBA', '13', '02', '03'),
	(7318, 'IE 11048 MAMAGPAMPA', 'CCPP MAMAGPAMPA', '13', '02', '03'),
	(7539, 'IE 10626 JOSE CESAR SOLIS CELIS', 'PROLONGACION SUCRE 178', '13', '02', '01'),
	(7540, 'IE 10106 JUAN MANUEL ITURREGUI', 'AV. ANDRES AVELINO CACERES 148', '13', '03', '01');
/*!40000 ALTER TABLE `centro_votacion` ENABLE KEYS */;

-- Volcando estructura para tabla bd_personeros.conteo_ubigeo
CREATE TABLE IF NOT EXISTS `conteo_ubigeo` (
  `dni` char(8) NOT NULL,
  `id_departamento` char(2) NOT NULL,
  `id_provincia` char(2) NOT NULL,
  `id_distrito` char(2) NOT NULL,
  `provincial_distrital` char(1) NOT NULL,
  `votos_blanco` int(10) unsigned NOT NULL DEFAULT '0',
  `votos_nulos` int(10) unsigned NOT NULL DEFAULT '0',
  `votos_impugnados` int(10) unsigned NOT NULL DEFAULT '0',
  `votos_emitidos` int(10) unsigned NOT NULL DEFAULT '0',
  `observaciones` varchar(500) NOT NULL,
  `mesa_sufragio` int(10) unsigned NOT NULL,
  PRIMARY KEY (`dni`,`id_departamento`,`id_provincia`,`id_distrito`,`provincial_distrital`,`mesa_sufragio`),
  UNIQUE KEY `unq_conteo_ubigeo_dni` (`dni`,`id_departamento`,`id_provincia`,`id_distrito`,`mesa_sufragio`,`provincial_distrital`),
  KEY `idx_conteo_ubigeo_dni` (`dni`),
  CONSTRAINT `fk_conteo_ubigeo_usuario` FOREIGN KEY (`dni`) REFERENCES `usuario` (`dni`) ON DELETE NO ACTION ON UPDATE NO ACTION
) ENGINE=InnoDB DEFAULT CHARSET=latin1;

-- Volcando datos para la tabla bd_personeros.conteo_ubigeo: ~2 rows (aproximadamente)
/*!40000 ALTER TABLE `conteo_ubigeo` DISABLE KEYS */;
INSERT INTO `conteo_ubigeo` (`dni`, `id_departamento`, `id_provincia`, `id_distrito`, `provincial_distrital`, `votos_blanco`, `votos_nulos`, `votos_impugnados`, `votos_emitidos`, `observaciones`, `mesa_sufragio`) VALUES
	('46705014', '13', '01', '01', 'D', 2, 1, 1, 3, '', 1),
	('46705014', '13', '01', '01', 'P', 2, 1, 1, 6, '', 1);
/*!40000 ALTER TABLE `conteo_ubigeo` ENABLE KEYS */;

-- Volcando estructura para tabla bd_personeros.departamento
CREATE TABLE IF NOT EXISTS `departamento` (
  `id_departamento` char(2) NOT NULL,
  `nombre` varchar(150) DEFAULT NULL,
  PRIMARY KEY (`id_departamento`)
) ENGINE=InnoDB DEFAULT CHARSET=latin1;

-- Volcando datos para la tabla bd_personeros.departamento: ~25 rows (aproximadamente)
/*!40000 ALTER TABLE `departamento` DISABLE KEYS */;
INSERT INTO `departamento` (`id_departamento`, `nombre`) VALUES
	('01', 'AMAZONAS'),
	('02', 'ANCASH'),
	('03', 'APURIMAC'),
	('04', 'AREQUIPA'),
	('05', 'AYACUCHO'),
	('06', 'CAJAMARCA'),
	('07', 'CUSCO'),
	('08', 'HUANCAVELICA'),
	('09', 'HUANUCO'),
	('10', 'ICA'),
	('11', 'JUNIN'),
	('12', 'LA LIBERTAD'),
	('13', 'LAMBAYEQUE'),
	('14', 'LIMA'),
	('15', 'LORETO'),
	('16', 'MADRE DE DIOS'),
	('17', 'MOQUEGUA'),
	('18', 'PASCO'),
	('19', 'PIURA'),
	('20', 'PUNO'),
	('21', 'SAN MARTIN'),
	('22', 'TACNA'),
	('23', 'TUMBES'),
	('24', 'CALLAO'),
	('25', 'UCAYALI');
/*!40000 ALTER TABLE `departamento` ENABLE KEYS */;

-- Volcando estructura para tabla bd_personeros.detalle_conteo_ubigeo
CREATE TABLE IF NOT EXISTS `detalle_conteo_ubigeo` (
  `dni` char(8) NOT NULL,
  `id_cedula` int(10) unsigned NOT NULL,
  `id_departamento` char(2) NOT NULL,
  `id_provincia` char(2) NOT NULL,
  `id_distrito` char(2) NOT NULL,
  `provincial_distrital` char(1) NOT NULL,
  `conteo` int(10) unsigned NOT NULL DEFAULT '0',
  `mesa_sufragio` int(10) unsigned NOT NULL,
  PRIMARY KEY (`dni`,`id_departamento`,`id_provincia`,`id_distrito`,`mesa_sufragio`,`provincial_distrital`,`id_cedula`),
  KEY `idx_detalle_conteo_ubigeo_id_cedula` (`id_cedula`),
  KEY `idx_detalle_conteo_ubigeo_dni` (`dni`,`id_departamento`,`id_provincia`,`id_distrito`,`mesa_sufragio`,`provincial_distrital`),
  CONSTRAINT `fk_detalle_conteo_ubigeo_cedula` FOREIGN KEY (`id_cedula`) REFERENCES `cedula` (`id_cedula`) ON DELETE NO ACTION ON UPDATE NO ACTION,
  CONSTRAINT `fk_detalle_conteo_ubigeo_conteo_ubigeo` FOREIGN KEY (`dni`, `id_departamento`, `id_provincia`, `id_distrito`, `mesa_sufragio`, `provincial_distrital`) REFERENCES `conteo_ubigeo` (`dni`, `id_departamento`, `id_provincia`, `id_distrito`, `mesa_sufragio`, `provincial_distrital`) ON DELETE NO ACTION ON UPDATE NO ACTION
) ENGINE=InnoDB DEFAULT CHARSET=latin1;

-- Volcando datos para la tabla bd_personeros.detalle_conteo_ubigeo: ~32 rows (aproximadamente)
/*!40000 ALTER TABLE `detalle_conteo_ubigeo` DISABLE KEYS */;
INSERT INTO `detalle_conteo_ubigeo` (`dni`, `id_cedula`, `id_departamento`, `id_provincia`, `id_distrito`, `provincial_distrital`, `conteo`, `mesa_sufragio`) VALUES
	('46705014', 1, '13', '01', '01', 'D', 3, 1),
	('46705014', 2, '13', '01', '01', 'D', 0, 1),
	('46705014', 3, '13', '01', '01', 'D', 0, 1),
	('46705014', 4, '13', '01', '01', 'D', 0, 1),
	('46705014', 5, '13', '01', '01', 'D', 0, 1),
	('46705014', 6, '13', '01', '01', 'D', 0, 1),
	('46705014', 7, '13', '01', '01', 'D', 0, 1),
	('46705014', 8, '13', '01', '01', 'D', 0, 1),
	('46705014', 9, '13', '01', '01', 'D', 0, 1),
	('46705014', 10, '13', '01', '01', 'D', 0, 1),
	('46705014', 11, '13', '01', '01', 'D', 0, 1),
	('46705014', 12, '13', '01', '01', 'D', 0, 1),
	('46705014', 13, '13', '01', '01', 'D', 0, 1),
	('46705014', 14, '13', '01', '01', 'D', 0, 1),
	('46705014', 15, '13', '01', '01', 'D', 0, 1),
	('46705014', 16, '13', '01', '01', 'D', 0, 1),
	('46705014', 17, '13', '01', '01', 'D', 0, 1),
	('46705014', 1, '13', '01', '01', 'P', 0, 1),
	('46705014', 2, '13', '01', '01', 'P', 0, 1),
	('46705014', 3, '13', '01', '01', 'P', 0, 1),
	('46705014', 4, '13', '01', '01', 'P', 3, 1),
	('46705014', 5, '13', '01', '01', 'P', 0, 1),
	('46705014', 6, '13', '01', '01', 'P', 3, 1),
	('46705014', 7, '13', '01', '01', 'P', 0, 1),
	('46705014', 8, '13', '01', '01', 'P', 0, 1),
	('46705014', 9, '13', '01', '01', 'P', 0, 1),
	('46705014', 10, '13', '01', '01', 'P', 0, 1),
	('46705014', 11, '13', '01', '01', 'P', 0, 1),
	('46705014', 12, '13', '01', '01', 'P', 0, 1),
	('46705014', 13, '13', '01', '01', 'P', 0, 1),
	('46705014', 14, '13', '01', '01', 'P', 0, 1),
	('46705014', 15, '13', '01', '01', 'P', 0, 1);
/*!40000 ALTER TABLE `detalle_conteo_ubigeo` ENABLE KEYS */;

-- Volcando estructura para tabla bd_personeros.distrito
CREATE TABLE IF NOT EXISTS `distrito` (
  `nombre` varchar(150) DEFAULT NULL,
  `id_departamento` char(2) NOT NULL,
  `id_provincia` char(2) NOT NULL,
  `id_distrito` char(2) NOT NULL,
  PRIMARY KEY (`id_departamento`,`id_provincia`,`id_distrito`),
  UNIQUE KEY `unq_distrito_id_distrito` (`id_distrito`,`id_provincia`,`id_departamento`),
  KEY `idx_distrito_id_departamento` (`id_departamento`,`id_provincia`),
  CONSTRAINT `fk_distrito_provincia` FOREIGN KEY (`id_departamento`, `id_provincia`) REFERENCES `provincia` (`id_departamento`, `id_provincia`) ON DELETE NO ACTION ON UPDATE NO ACTION
) ENGINE=InnoDB DEFAULT CHARSET=latin1;

-- Volcando datos para la tabla bd_personeros.distrito: ~1,834 rows (aproximadamente)
/*!40000 ALTER TABLE `distrito` DISABLE KEYS */;
INSERT INTO `distrito` (`nombre`, `id_departamento`, `id_provincia`, `id_distrito`) VALUES
	('CHACHAPOYAS', '01', '01', '01'),
	('ASUNCION', '01', '01', '02'),
	('BALSAS', '01', '01', '03'),
	('CHETO', '01', '01', '04'),
	('CHILIQUIN', '01', '01', '05'),
	('CHUQUIBAMBA', '01', '01', '06'),
	('GRANADA', '01', '01', '07'),
	('HUANCAS', '01', '01', '08'),
	('LA JALCA', '01', '01', '09'),
	('LEIMEBAMBA', '01', '01', '10'),
	('LEVANTO', '01', '01', '11'),
	('MAGDALENA', '01', '01', '12'),
	('MARISCAL CASTILLA', '01', '01', '13'),
	('MOLINOPAMPA', '01', '01', '14'),
	('MONTEVIDEO', '01', '01', '15'),
	('OLLEROS', '01', '01', '16'),
	('QUINJALCA', '01', '01', '17'),
	('SAN FRANCISCO DE DAGUAS', '01', '01', '18'),
	('SAN ISIDRO DE MAINO', '01', '01', '19'),
	('SOLOCO', '01', '01', '20'),
	('SONCHE', '01', '01', '21'),
	('LA PECA', '01', '02', '01'),
	('ARAMANGO', '01', '02', '02'),
	('COPALLIN', '01', '02', '03'),
	('EL PARCO', '01', '02', '04'),
	('BAGUA', '01', '02', '05'),
	('IMAZA', '01', '02', '06'),
	('JUMBILLA', '01', '03', '01'),
	('COROSHA', '01', '03', '02'),
	('CUISPES', '01', '03', '03'),
	('CHISQUILLA', '01', '03', '04'),
	('CHURUJA', '01', '03', '05'),
	('FLORIDA', '01', '03', '06'),
	('RECTA', '01', '03', '07'),
	('SAN CARLOS', '01', '03', '08'),
	('SHIPASBAMBA', '01', '03', '09'),
	('VALERA', '01', '03', '10'),
	('YAMBRASBAMBA', '01', '03', '11'),
	('JAZAN', '01', '03', '12'),
	('LAMUD', '01', '04', '01'),
	('CAMPORREDONDO', '01', '04', '02'),
	('COCABAMBA', '01', '04', '03'),
	('COLCAMAR', '01', '04', '04'),
	('CONILA', '01', '04', '05'),
	('INGUILPATA', '01', '04', '06'),
	('LONGUITA', '01', '04', '07'),
	('LONYA CHICO', '01', '04', '08'),
	('LUYA', '01', '04', '09'),
	('LUYA VIEJO', '01', '04', '10'),
	('MARIA', '01', '04', '11'),
	('OCALLI', '01', '04', '12'),
	('OCUMAL', '01', '04', '13'),
	('PISUQUIA', '01', '04', '14'),
	('SAN CRISTOBAL', '01', '04', '15'),
	('SAN FRANCISCO DE YESO', '01', '04', '16'),
	('SAN JERONIMO', '01', '04', '17'),
	('SAN JUAN DE LOPECANCHA', '01', '04', '18'),
	('SANTA CATALINA', '01', '04', '19'),
	('SANTO TOMAS', '01', '04', '20'),
	('TINGO', '01', '04', '21'),
	('TRITA', '01', '04', '22'),
	('PROVIDENCIA', '01', '04', '23'),
	('SAN NICOLAS', '01', '05', '01'),
	('COCHAMAL', '01', '05', '02'),
	('CHIRIMOTO', '01', '05', '03'),
	('HUAMBO', '01', '05', '04'),
	('LIMABAMBA', '01', '05', '05'),
	('LONGAR', '01', '05', '06'),
	('MILPUCC', '01', '05', '07'),
	('MARISCAL BENAVIDES', '01', '05', '08'),
	('OMIA', '01', '05', '09'),
	('SANTA ROSA', '01', '05', '10'),
	('TOTORA', '01', '05', '11'),
	('VISTA ALEGRE', '01', '05', '12'),
	('NIEVA', '01', '06', '01'),
	('RIO SANTIAGO', '01', '06', '02'),
	('EL CENEPA', '01', '06', '03'),
	('BAGUA GRANDE', '01', '07', '01'),
	('CAJARURO', '01', '07', '02'),
	('CUMBA', '01', '07', '03'),
	('EL MILAGRO', '01', '07', '04'),
	('JAMALCA', '01', '07', '05'),
	('LONYA GRANDE', '01', '07', '06'),
	('YAMON', '01', '07', '07'),
	('HUARAZ', '02', '01', '01'),
	('INDEPENDENCIA', '02', '01', '02'),
	('COCHABAMBA', '02', '01', '03'),
	('COLCABAMBA', '02', '01', '04'),
	('HUANCHAY', '02', '01', '05'),
	('JANGAS', '02', '01', '06'),
	('LA LIBERTAD', '02', '01', '07'),
	('OLLEROS', '02', '01', '08'),
	('PAMPAS', '02', '01', '09'),
	('PARIACOTO', '02', '01', '10'),
	('PIRA', '02', '01', '11'),
	('TARICA', '02', '01', '12'),
	('AIJA', '02', '02', '01'),
	('CORIS', '02', '02', '03'),
	('HUACLLAN', '02', '02', '05'),
	('LA MERCED', '02', '02', '06'),
	('SUCCHA', '02', '02', '08'),
	('CHIQUIAN', '02', '03', '01'),
	('ABELARDO PARDO LEZAMETA', '02', '03', '02'),
	('AQUIA', '02', '03', '04'),
	('CAJACAY', '02', '03', '05'),
	('HUAYLLACAYAN', '02', '03', '10'),
	('HUASTA', '02', '03', '11'),
	('MANGAS', '02', '03', '13'),
	('PACLLON', '02', '03', '15'),
	('SAN MIGUEL DE CORPANQUI', '02', '03', '17'),
	('TICLLOS', '02', '03', '20'),
	('ANTONIO RAIMONDI', '02', '03', '21'),
	('CANIS', '02', '03', '22'),
	('COLQUIOC', '02', '03', '23'),
	('LA PRIMAVERA', '02', '03', '24'),
	('HUALLANCA', '02', '03', '25'),
	('CARHUAZ', '02', '04', '01'),
	('ACOPAMPA', '02', '04', '02'),
	('AMASHCA', '02', '04', '03'),
	('ANTA', '02', '04', '04'),
	('ATAQUERO', '02', '04', '05'),
	('MARCARA', '02', '04', '06'),
	('PARIAHUANCA', '02', '04', '07'),
	('SAN MIGUEL DE ACO', '02', '04', '08'),
	('SHILLA', '02', '04', '09'),
	('TINCO', '02', '04', '10'),
	('YUNGAR', '02', '04', '11'),
	('CASMA', '02', '05', '01'),
	('BUENA VISTA ALTA', '02', '05', '02'),
	('COMANDANTE NOEL', '02', '05', '03'),
	('YAUTAN', '02', '05', '05'),
	('CORONGO', '02', '06', '01'),
	('ACO', '02', '06', '02'),
	('BAMBAS', '02', '06', '03'),
	('CUSCA', '02', '06', '04'),
	('LA PAMPA', '02', '06', '05'),
	('YANAC', '02', '06', '06'),
	('YUPAN', '02', '06', '07'),
	('CARAZ', '02', '07', '01'),
	('HUALLANCA', '02', '07', '02'),
	('HUATA', '02', '07', '03'),
	('HUAYLAS', '02', '07', '04'),
	('MATO', '02', '07', '05'),
	('PAMPAROMAS', '02', '07', '06'),
	('PUEBLO LIBRE', '02', '07', '07'),
	('SANTA CRUZ', '02', '07', '08'),
	('YURACMARCA', '02', '07', '09'),
	('SANTO TORIBIO', '02', '07', '10'),
	('HUARI', '02', '08', '01'),
	('CAJAY', '02', '08', '02'),
	('CHAVIN DE HUANTAR', '02', '08', '03'),
	('HUACACHI', '02', '08', '04'),
	('HUACHIS', '02', '08', '05'),
	('HUACCHIS', '02', '08', '06'),
	('HUANTAR', '02', '08', '07'),
	('MASIN', '02', '08', '08'),
	('PAUCAS', '02', '08', '09'),
	('PONTO', '02', '08', '10'),
	('RAHUAPAMPA', '02', '08', '11'),
	('RAPAYAN', '02', '08', '12'),
	('SAN MARCOS', '02', '08', '13'),
	('SAN PEDRO DE CHANA', '02', '08', '14'),
	('UCO', '02', '08', '15'),
	('ANRA', '02', '08', '16'),
	('PISCOBAMBA', '02', '09', '01'),
	('CASCA', '02', '09', '02'),
	('LUCMA', '02', '09', '03'),
	('FIDEL OLIVAS ESCUDERO', '02', '09', '04'),
	('LLAMA', '02', '09', '05'),
	('LLUMPA', '02', '09', '06'),
	('MUSGA', '02', '09', '07'),
	('ELEAZAR GUZMAN BARRON', '02', '09', '08'),
	('CABANA', '02', '10', '01'),
	('BOLOGNESI', '02', '10', '02'),
	('CONCHUCOS', '02', '10', '03'),
	('HUACASCHUQUE', '02', '10', '04'),
	('HUANDOVAL', '02', '10', '05'),
	('LACABAMBA', '02', '10', '06'),
	('LLAPO', '02', '10', '07'),
	('PALLASCA', '02', '10', '08'),
	('PAMPAS', '02', '10', '09'),
	('SANTA ROSA', '02', '10', '10'),
	('TAUCA', '02', '10', '11'),
	('POMABAMBA', '02', '11', '01'),
	('HUAYLLAN', '02', '11', '02'),
	('PAROBAMBA', '02', '11', '03'),
	('QUINUABAMBA', '02', '11', '04'),
	('RECUAY', '02', '12', '01'),
	('COTAPARACO', '02', '12', '02'),
	('HUAYLLAPAMPA', '02', '12', '03'),
	('MARCA', '02', '12', '04'),
	('PAMPAS CHICO', '02', '12', '05'),
	('PARARIN', '02', '12', '06'),
	('TAPACOCHA', '02', '12', '07'),
	('TICAPAMPA', '02', '12', '08'),
	('LLACLLIN', '02', '12', '09'),
	('CATAC', '02', '12', '10'),
	('CHIMBOTE', '02', '13', '01'),
	('CACERES DEL PERU', '02', '13', '02'),
	('MACATE', '02', '13', '03'),
	('MORO', '02', '13', '04'),
	('NEPEÑA', '02', '13', '05'),
	('SAMANCO', '02', '13', '06'),
	('SANTA', '02', '13', '07'),
	('COISHCO', '02', '13', '08'),
	('NUEVO CHIMBOTE', '02', '13', '09'),
	('SIHUAS', '02', '14', '01'),
	('ALFONSO UGARTE', '02', '14', '02'),
	('CHINGALPO', '02', '14', '03'),
	('HUAYLLABAMBA', '02', '14', '04'),
	('QUICHES', '02', '14', '05'),
	('SICSIBAMBA', '02', '14', '06'),
	('ACOBAMBA', '02', '14', '07'),
	('CASHAPAMPA', '02', '14', '08'),
	('RAGASH', '02', '14', '09'),
	('SAN JUAN', '02', '14', '10'),
	('YUNGAY', '02', '15', '01'),
	('CASCAPARA', '02', '15', '02'),
	('MANCOS', '02', '15', '03'),
	('MATACOTO', '02', '15', '04'),
	('QUILLO', '02', '15', '05'),
	('RANRAHIRCA', '02', '15', '06'),
	('SHUPLUY', '02', '15', '07'),
	('YANAMA', '02', '15', '08'),
	('LLAMELLIN', '02', '16', '01'),
	('ACZO', '02', '16', '02'),
	('CHACCHO', '02', '16', '03'),
	('CHINGAS', '02', '16', '04'),
	('MIRGAS', '02', '16', '05'),
	('SAN JUAN DE RONTOY', '02', '16', '06'),
	('SAN LUIS', '02', '17', '01'),
	('YAUYA', '02', '17', '02'),
	('SAN NICOLAS', '02', '17', '03'),
	('CHACAS', '02', '18', '01'),
	('ACOCHACA', '02', '18', '02'),
	('HUARMEY', '02', '19', '01'),
	('COCHAPETI', '02', '19', '02'),
	('HUAYAN', '02', '19', '03'),
	('MALVAS', '02', '19', '04'),
	('CULEBRAS', '02', '19', '05'),
	('ACAS', '02', '20', '01'),
	('CAJAMARQUILLA', '02', '20', '02'),
	('CARHUAPAMPA', '02', '20', '03'),
	('COCHAS', '02', '20', '04'),
	('CONGAS', '02', '20', '05'),
	('LLIPA', '02', '20', '06'),
	('OCROS', '02', '20', '07'),
	('SAN CRISTOBAL DE RAJAN', '02', '20', '08'),
	('SAN PEDRO', '02', '20', '09'),
	('SANTIAGO DE CHILCAS', '02', '20', '10'),
	('ABANCAY', '03', '01', '01'),
	('CIRCA', '03', '01', '02'),
	('CURAHUASI', '03', '01', '03'),
	('CHACOCHE', '03', '01', '04'),
	('HUANIPACA', '03', '01', '05'),
	('LAMBRAMA', '03', '01', '06'),
	('PICHIRHUA', '03', '01', '07'),
	('SAN PEDRO DE CACHORA', '03', '01', '08'),
	('TAMBURCO', '03', '01', '09'),
	('CHALHUANCA', '03', '02', '01'),
	('CAPAYA', '03', '02', '02'),
	('CARAYBAMBA', '03', '02', '03'),
	('COLCABAMBA', '03', '02', '04'),
	('COTARUSE', '03', '02', '05'),
	('CHAPIMARCA', '03', '02', '06'),
	('HUAYLLO', '03', '02', '07'),
	('LUCRE', '03', '02', '08'),
	('POCOHUANCA', '03', '02', '09'),
	('SAÑAYCA', '03', '02', '10'),
	('SORAYA', '03', '02', '11'),
	('TAPAIRIHUA', '03', '02', '12'),
	('TINTAY', '03', '02', '13'),
	('TORAYA', '03', '02', '14'),
	('YANACA', '03', '02', '15'),
	('SAN JUAN DE CHACÑA', '03', '02', '16'),
	('JUSTO APU SAHUARAURA', '03', '02', '17'),
	('ANDAHUAYLAS', '03', '03', '01'),
	('ANDARAPA', '03', '03', '02'),
	('CHIARA', '03', '03', '03'),
	('HUANCARAMA', '03', '03', '04'),
	('HUANCARAY', '03', '03', '05'),
	('KISHUARA', '03', '03', '06'),
	('PACOBAMBA', '03', '03', '07'),
	('PAMPACHIRI', '03', '03', '08'),
	('SAN ANTONIO DE CACHI', '03', '03', '09'),
	('SAN JERONIMO', '03', '03', '10'),
	('TALAVERA', '03', '03', '11'),
	('TURPO', '03', '03', '12'),
	('PACUCHA', '03', '03', '13'),
	('POMACOCHA', '03', '03', '14'),
	('SANTA MARIA DE CHICMO', '03', '03', '15'),
	('TUMAY HUARACA', '03', '03', '16'),
	('HUAYANA', '03', '03', '17'),
	('SAN MIGUEL DE CHACCRAMPA', '03', '03', '18'),
	('KAQUIABAMBA', '03', '03', '19'),
	('ANTABAMBA', '03', '04', '01'),
	('EL ORO', '03', '04', '02'),
	('HUAQUIRCA', '03', '04', '03'),
	('JUAN ESPINOZA MEDRANO', '03', '04', '04'),
	('OROPESA', '03', '04', '05'),
	('PACHACONAS', '03', '04', '06'),
	('SABAINO', '03', '04', '07'),
	('TAMBOBAMBA', '03', '05', '01'),
	('COYLLURQUI', '03', '05', '02'),
	('COTABAMBAS', '03', '05', '03'),
	('HAQUIRA', '03', '05', '04'),
	('MARA', '03', '05', '05'),
	('CHALLHUAHUACHO', '03', '05', '06'),
	('CHUQUIBAMBILLA', '03', '06', '01'),
	('CURPAHUASI', '03', '06', '02'),
	('HUAILLATI', '03', '06', '03'),
	('MAMARA', '03', '06', '04'),
	('MARISCAL GAMARRA', '03', '06', '05'),
	('MICAELA BASTIDAS', '03', '06', '06'),
	('PROGRESO', '03', '06', '07'),
	('PATAYPAMPA', '03', '06', '08'),
	('SAN ANTONIO', '03', '06', '09'),
	('TURPAY', '03', '06', '10'),
	('VILCABAMBA', '03', '06', '11'),
	('VIRUNDO', '03', '06', '12'),
	('SANTA ROSA', '03', '06', '13'),
	('CURASCO', '03', '06', '14'),
	('CHINCHEROS', '03', '07', '01'),
	('ONGOY', '03', '07', '02'),
	('OCOBAMBA', '03', '07', '03'),
	('COCHARCAS', '03', '07', '04'),
	('ANCO HUALLO', '03', '07', '05'),
	('HUACCANA', '03', '07', '06'),
	('URANMARCA', '03', '07', '07'),
	('RANRACANCHA', '03', '07', '08'),
	('AREQUIPA', '04', '01', '01'),
	('CAYMA', '04', '01', '02'),
	('CERRO COLORADO', '04', '01', '03'),
	('CHARACATO', '04', '01', '04'),
	('CHIGUATA', '04', '01', '05'),
	('LA JOYA', '04', '01', '06'),
	('MIRAFLORES', '04', '01', '07'),
	('MOLLEBAYA', '04', '01', '08'),
	('PAUCARPATA', '04', '01', '09'),
	('POCSI', '04', '01', '10'),
	('POLOBAYA', '04', '01', '11'),
	('QUEQUEÑA', '04', '01', '12'),
	('SABANDIA', '04', '01', '13'),
	('SACHACA', '04', '01', '14'),
	('SAN JUAN DE SIGUAS', '04', '01', '15'),
	('SAN JUAN DE TARUCANI', '04', '01', '16'),
	('SANTA ISABEL DE SIGUAS', '04', '01', '17'),
	('SANTA RITA DE SIHUAS', '04', '01', '18'),
	('SOCABAYA', '04', '01', '19'),
	('TIABAYA', '04', '01', '20'),
	('UCHUMAYO', '04', '01', '21'),
	('VITOR', '04', '01', '22'),
	('YANAHUARA', '04', '01', '23'),
	('YARABAMBA', '04', '01', '24'),
	('YURA', '04', '01', '25'),
	('MARIANO MELGAR', '04', '01', '26'),
	('JACOBO HUNTER', '04', '01', '27'),
	('ALTO SELVA ALEGRE', '04', '01', '28'),
	('JOSE LUIS BUSTAMANTE Y RIVERO', '04', '01', '29'),
	('CHIVAY', '04', '02', '01'),
	('ACHOMA', '04', '02', '02'),
	('CABANACONDE', '04', '02', '03'),
	('CAYLLOMA', '04', '02', '04'),
	('CALLALLI', '04', '02', '05'),
	('COPORAQUE', '04', '02', '06'),
	('HUAMBO', '04', '02', '07'),
	('HUANCA', '04', '02', '08'),
	('ICHUPAMPA', '04', '02', '09'),
	('LARI', '04', '02', '10'),
	('LLUTA', '04', '02', '11'),
	('MACA', '04', '02', '12'),
	('MADRIGAL', '04', '02', '13'),
	('SAN ANTONIO DE CHUCA', '04', '02', '14'),
	('SIBAYO', '04', '02', '15'),
	('TAPAY', '04', '02', '16'),
	('TISCO', '04', '02', '17'),
	('TUTI', '04', '02', '18'),
	('YANQUE', '04', '02', '19'),
	('MAJES', '04', '02', '20'),
	('CAMANA', '04', '03', '01'),
	('JOSE MARIA QUIMPER', '04', '03', '02'),
	('MARIANO NICOLAS VALCARCEL', '04', '03', '03'),
	('MARISCAL CACERES', '04', '03', '04'),
	('NICOLAS DE PIEROLA', '04', '03', '05'),
	('OCOÑA', '04', '03', '06'),
	('QUILCA', '04', '03', '07'),
	('SAMUEL PASTOR', '04', '03', '08'),
	('CARAVELI', '04', '04', '01'),
	('ACARI', '04', '04', '02'),
	('ATICO', '04', '04', '03'),
	('ATIQUIPA', '04', '04', '04'),
	('BELLA UNION', '04', '04', '05'),
	('CAHUACHO', '04', '04', '06'),
	('CHALA', '04', '04', '07'),
	('CHAPARRA', '04', '04', '08'),
	('HUANUHUANU', '04', '04', '09'),
	('JAQUI', '04', '04', '10'),
	('LOMAS', '04', '04', '11'),
	('QUICACHA', '04', '04', '12'),
	('YAUCA', '04', '04', '13'),
	('APLAO', '04', '05', '01'),
	('ANDAGUA', '04', '05', '02'),
	('AYO', '04', '05', '03'),
	('CHACHAS', '04', '05', '04'),
	('CHILCAYMARCA', '04', '05', '05'),
	('CHOCO', '04', '05', '06'),
	('HUANCARQUI', '04', '05', '07'),
	('MACHAGUAY', '04', '05', '08'),
	('ORCOPAMPA', '04', '05', '09'),
	('PAMPACOLCA', '04', '05', '10'),
	('TIPAN', '04', '05', '11'),
	('URACA', '04', '05', '12'),
	('UÑON', '04', '05', '13'),
	('VIRACO', '04', '05', '14'),
	('CHUQUIBAMBA', '04', '06', '01'),
	('ANDARAY', '04', '06', '02'),
	('CAYARANI', '04', '06', '03'),
	('CHICHAS', '04', '06', '04'),
	('IRAY', '04', '06', '05'),
	('SALAMANCA', '04', '06', '06'),
	('YANAQUIHUA', '04', '06', '07'),
	('RIO GRANDE', '04', '06', '08'),
	('MOLLENDO', '04', '07', '01'),
	('COCACHACRA', '04', '07', '02'),
	('DEAN VALDIVIA', '04', '07', '03'),
	('ISLAY', '04', '07', '04'),
	('MEJIA', '04', '07', '05'),
	('PUNTA DE BOMBON', '04', '07', '06'),
	('COTAHUASI', '04', '08', '01'),
	('ALCA', '04', '08', '02'),
	('CHARCANA', '04', '08', '03'),
	('HUAYNACOTAS', '04', '08', '04'),
	('PAMPAMARCA', '04', '08', '05'),
	('PUYCA', '04', '08', '06'),
	('QUECHUALLA', '04', '08', '07'),
	('SAYLA', '04', '08', '08'),
	('TAURIA', '04', '08', '09'),
	('TOMEPAMPA', '04', '08', '10'),
	('TORO', '04', '08', '11'),
	('AYACUCHO', '05', '01', '01'),
	('ACOS VINCHOS', '05', '01', '02'),
	('CARMEN ALTO', '05', '01', '03'),
	('CHIARA', '05', '01', '04'),
	('QUINUA', '05', '01', '05'),
	('SAN JOSE DE TICLLAS', '05', '01', '06'),
	('SAN JUAN BAUTISTA', '05', '01', '07'),
	('SANTIAGO DE PISCHA', '05', '01', '08'),
	('VINCHOS', '05', '01', '09'),
	('TAMBILLO', '05', '01', '10'),
	('ACOCRO', '05', '01', '11'),
	('SOCOS', '05', '01', '12'),
	('OCROS', '05', '01', '13'),
	('PACAYCASA', '05', '01', '14'),
	('JESUS NAZARENO', '05', '01', '15'),
	('CANGALLO', '05', '02', '01'),
	('CHUSCHI', '05', '02', '04'),
	('LOS MOROCHUCOS', '05', '02', '06'),
	('PARAS', '05', '02', '07'),
	('TOTOS', '05', '02', '08'),
	('MARIA PARADO DE BELLIDO', '05', '02', '11'),
	('HUANTA', '05', '03', '01'),
	('AYAHUANCO', '05', '03', '02'),
	('HUAMANGUILLA', '05', '03', '03'),
	('IGUAIN', '05', '03', '04'),
	('LURICOCHA', '05', '03', '05'),
	('SANTILLANA', '05', '03', '07'),
	('SIVIA', '05', '03', '08'),
	('LLOCHEGUA', '05', '03', '09'),
	('SAN MIGUEL', '05', '04', '01'),
	('ANCO', '05', '04', '02'),
	('AYNA', '05', '04', '03'),
	('CHILCAS', '05', '04', '04'),
	('CHUNGUI', '05', '04', '05'),
	('TAMBO', '05', '04', '06'),
	('LUIS CARRANZA', '05', '04', '07'),
	('SANTA ROSA', '05', '04', '08'),
	('PUQUIO', '05', '05', '01'),
	('AUCARA', '05', '05', '02'),
	('CABANA', '05', '05', '03'),
	('CARMEN SALCEDO', '05', '05', '04'),
	('CHAVIÑA', '05', '05', '06'),
	('CHIPAO', '05', '05', '08'),
	('HUAC-HUAS', '05', '05', '10'),
	('LARAMATE', '05', '05', '11'),
	('LEONCIO PRADO', '05', '05', '12'),
	('LUCANAS', '05', '05', '13'),
	('LLAUTA', '05', '05', '14'),
	('OCAÑA', '05', '05', '16'),
	('OTOCA', '05', '05', '17'),
	('SANCOS', '05', '05', '20'),
	('SAN JUAN', '05', '05', '21'),
	('SAN PEDRO', '05', '05', '22'),
	('SANTA ANA DE HUAYCAHUACHO', '05', '05', '24'),
	('SANTA LUCIA', '05', '05', '25'),
	('SAISA', '05', '05', '29'),
	('SAN PEDRO DE PALCO', '05', '05', '31'),
	('SAN CRISTOBAL', '05', '05', '32'),
	('CORACORA', '05', '06', '01'),
	('CORONEL CASTAÑEDA', '05', '06', '04'),
	('CHUMPI', '05', '06', '05'),
	('PACAPAUSA', '05', '06', '08'),
	('PULLO', '05', '06', '11'),
	('PUYUSCA', '05', '06', '12'),
	('SAN FRANCISCO DE RAVACAYCO', '05', '06', '15'),
	('UPAHUACHO', '05', '06', '16'),
	('HUANCAPI', '05', '07', '01'),
	('ALCAMENCA', '05', '07', '02'),
	('APONGO', '05', '07', '03'),
	('CANARIA', '05', '07', '04'),
	('CAYARA', '05', '07', '06'),
	('COLCA', '05', '07', '07'),
	('HUALLA', '05', '07', '08'),
	('HUAMANQUIQUIA', '05', '07', '09'),
	('HUANCARAYLLA', '05', '07', '10'),
	('SARHUA', '05', '07', '13'),
	('VILCANCHOS', '05', '07', '14'),
	('ASQUIPATA', '05', '07', '15'),
	('SANCOS', '05', '08', '01'),
	('SACSAMARCA', '05', '08', '02'),
	('SANTIAGO DE LUCANAMARCA', '05', '08', '03'),
	('CARAPO', '05', '08', '04'),
	('VILCAS HUAMAN', '05', '09', '01'),
	('VISCHONGO', '05', '09', '02'),
	('ACCOMARCA', '05', '09', '03'),
	('CARHUANCA', '05', '09', '04'),
	('CONCEPCION', '05', '09', '05'),
	('HUAMBALPA', '05', '09', '06'),
	('SAURAMA', '05', '09', '07'),
	('INDEPENDENCIA', '05', '09', '08'),
	('PAUSA', '05', '10', '01'),
	('COLTA', '05', '10', '02'),
	('CORCULLA', '05', '10', '03'),
	('LAMPA', '05', '10', '04'),
	('MARCABAMBA', '05', '10', '05'),
	('OYOLO', '05', '10', '06'),
	('PARARCA', '05', '10', '07'),
	('SAN JAVIER DE ALPABAMBA', '05', '10', '08'),
	('SAN JOSE DE USHUA', '05', '10', '09'),
	('SARA SARA', '05', '10', '10'),
	('QUEROBAMBA', '05', '11', '01'),
	('BELEN', '05', '11', '02'),
	('CHALCOS', '05', '11', '03'),
	('SAN SALVADOR DE QUIJE', '05', '11', '04'),
	('PAICO', '05', '11', '05'),
	('SANTIAGO DE PAUCARAY', '05', '11', '06'),
	('SAN PEDRO DE LARCAY', '05', '11', '07'),
	('SORAS', '05', '11', '08'),
	('HUACAÑA', '05', '11', '09'),
	('CHILCAYOC', '05', '11', '10'),
	('MORCOLLA', '05', '11', '11'),
	('CAJAMARCA', '06', '01', '01'),
	('ASUNCION', '06', '01', '02'),
	('COSPAN', '06', '01', '03'),
	('CHETILLA', '06', '01', '04'),
	('ENCAÑADA', '06', '01', '05'),
	('JESUS', '06', '01', '06'),
	('LOS BAÑOS DEL INCA', '06', '01', '07'),
	('LLACANORA', '06', '01', '08'),
	('MAGDALENA', '06', '01', '09'),
	('MATARA', '06', '01', '10'),
	('NAMORA', '06', '01', '11'),
	('SAN JUAN', '06', '01', '12'),
	('CAJABAMBA', '06', '02', '01'),
	('CACHACHI', '06', '02', '02'),
	('CONDEBAMBA', '06', '02', '03'),
	('SITACOCHA', '06', '02', '05'),
	('CELENDIN', '06', '03', '01'),
	('CORTEGANA', '06', '03', '02'),
	('CHUMUCH', '06', '03', '03'),
	('HUASMIN', '06', '03', '04'),
	('JORGE CHAVEZ', '06', '03', '05'),
	('JOSE GALVEZ', '06', '03', '06'),
	('MIGUEL IGLESIAS', '06', '03', '07'),
	('OXAMARCA', '06', '03', '08'),
	('SOROCHUCO', '06', '03', '09'),
	('SUCRE', '06', '03', '10'),
	('UTCO', '06', '03', '11'),
	('LA LIBERTAD DE PALLAN', '06', '03', '12'),
	('CONTUMAZA', '06', '04', '01'),
	('CHILETE', '06', '04', '03'),
	('GUZMANGO', '06', '04', '04'),
	('SAN BENITO', '06', '04', '05'),
	('CUPISNIQUE', '06', '04', '06'),
	('TANTARICA', '06', '04', '07'),
	('YONAN', '06', '04', '08'),
	('SANTA CRUZ DE TOLED', '06', '04', '09'),
	('CUTERVO', '06', '05', '01'),
	('CALLAYUC', '06', '05', '02'),
	('CUJILLO', '06', '05', '03'),
	('CHOROS', '06', '05', '04'),
	('LA RAMADA', '06', '05', '05'),
	('PIMPINGOS', '06', '05', '06'),
	('QUEROCOTILLO', '06', '05', '07'),
	('SAN ANDRES DE CUTERVO', '06', '05', '08'),
	('SAN JUAN DE CUTERVO', '06', '05', '09'),
	('SAN LUIS DE LUCMA', '06', '05', '10'),
	('SANTA CRUZ', '06', '05', '11'),
	('SANTO DOMINGO DE LA CAPILLA', '06', '05', '12'),
	('SANTO TOMAS', '06', '05', '13'),
	('SOCOTA', '06', '05', '14'),
	('TORIBIO CASANOVA', '06', '05', '15'),
	('CHOTA', '06', '06', '01'),
	('ANGUIA', '06', '06', '02'),
	('COCHABAMBA', '06', '06', '03'),
	('CONCHAN', '06', '06', '04'),
	('CHADIN', '06', '06', '05'),
	('CHIGUIRIP', '06', '06', '06'),
	('CHIMBAN', '06', '06', '07'),
	('HUAMBOS', '06', '06', '08'),
	('LAJAS', '06', '06', '09'),
	('LLAMA', '06', '06', '10'),
	('MIRACOSTA', '06', '06', '11'),
	('PACCHA', '06', '06', '12'),
	('PION', '06', '06', '13'),
	('QUEROCOTO', '06', '06', '14'),
	('TACABAMBA', '06', '06', '15'),
	('TOCMOCHE', '06', '06', '16'),
	('SAN JUAN DE LICUPIS', '06', '06', '17'),
	('CHOROPAMPA', '06', '06', '18'),
	('CHALAMARCA', '06', '06', '19'),
	('BAMBAMARCA', '06', '07', '01'),
	('CHUGUR', '06', '07', '02'),
	('HUALGAYOC', '06', '07', '03'),
	('JAEN', '06', '08', '01'),
	('BELLAVISTA', '06', '08', '02'),
	('COLASAY', '06', '08', '03'),
	('CHONTALI', '06', '08', '04'),
	('POMAHUACA', '06', '08', '05'),
	('PUCARA', '06', '08', '06'),
	('SALLIQUE', '06', '08', '07'),
	('SAN FELIPE', '06', '08', '08'),
	('SAN JOSE DEL ALTO', '06', '08', '09'),
	('SANTA ROSA', '06', '08', '10'),
	('LAS PIRIAS', '06', '08', '11'),
	('HUABAL', '06', '08', '12'),
	('SANTA CRUZ', '06', '09', '01'),
	('CATACHE', '06', '09', '02'),
	('CHANCAYBAÑOS', '06', '09', '03'),
	('LA ESPERANZA', '06', '09', '04'),
	('NINABAMBA', '06', '09', '05'),
	('PULAN', '06', '09', '06'),
	('SEXI', '06', '09', '07'),
	('UTICYACU', '06', '09', '08'),
	('YAUYUCAN', '06', '09', '09'),
	('ANDABAMBA', '06', '09', '10'),
	('SAUCEPAMPA', '06', '09', '11'),
	('SAN MIGUEL', '06', '10', '01'),
	('CALQUIS', '06', '10', '02'),
	('LA FLORIDA', '06', '10', '03'),
	('LLAPA', '06', '10', '04'),
	('NANCHOC', '06', '10', '05'),
	('NIEPOS', '06', '10', '06'),
	('SAN GREGORIO', '06', '10', '07'),
	('SAN SILVESTRE DE COCHAN', '06', '10', '08'),
	('EL PRADO', '06', '10', '09'),
	('UNION AGUA BLANCA', '06', '10', '10'),
	('TONGOD', '06', '10', '11'),
	('CATILLUC', '06', '10', '12'),
	('BOLIVAR', '06', '10', '13'),
	('SAN IGNACIO', '06', '11', '01'),
	('CHIRINOS', '06', '11', '02'),
	('HUARANGO', '06', '11', '03'),
	('NAMBALLE', '06', '11', '04'),
	('LA COIPA', '06', '11', '05'),
	('SAN JOSE DE LOURDES', '06', '11', '06'),
	('TABACONAS', '06', '11', '07'),
	('PEDRO GALVEZ', '06', '12', '01'),
	('ICHOCAN', '06', '12', '02'),
	('GREGORIO PITA', '06', '12', '03'),
	('JOSE MANUEL QUIROZ', '06', '12', '04'),
	('EDUARDO VILLANUEVA', '06', '12', '05'),
	('JOSE SABOGAL', '06', '12', '06'),
	('CHANCAY', '06', '12', '07'),
	('SAN PABLO', '06', '13', '01'),
	('SAN BERNARDINO', '06', '13', '02'),
	('SAN LUIS', '06', '13', '03'),
	('TUMBADEN', '06', '13', '04'),
	('CUSCO', '07', '01', '01'),
	('CCORCA', '07', '01', '02'),
	('POROY', '07', '01', '03'),
	('SAN JERONIMO', '07', '01', '04'),
	('SAN SEBASTIAN', '07', '01', '05'),
	('SANTIAGO', '07', '01', '06'),
	('SAYLLA', '07', '01', '07'),
	('WANCHAQ', '07', '01', '08'),
	('ACOMAYO', '07', '02', '01'),
	('ACOPIA', '07', '02', '02'),
	('ACOS', '07', '02', '03'),
	('POMACANCHI', '07', '02', '04'),
	('RONDOCAN', '07', '02', '05'),
	('SANGARARA', '07', '02', '06'),
	('MOSOC LLACTA', '07', '02', '07'),
	('ANTA', '07', '03', '01'),
	('CHINCHAYPUJIO', '07', '03', '02'),
	('HUAROCONDO', '07', '03', '03'),
	('LIMATAMBO', '07', '03', '04'),
	('MOLLEPATA', '07', '03', '05'),
	('PUCYURA', '07', '03', '06'),
	('ZURITE', '07', '03', '07'),
	('CACHIMAYO', '07', '03', '08'),
	('ANCAHUASI', '07', '03', '09'),
	('CALCA', '07', '04', '01'),
	('COYA', '07', '04', '02'),
	('LAMAY', '07', '04', '03'),
	('LARES', '07', '04', '04'),
	('PISAC', '07', '04', '05'),
	('SAN SALVADOR', '07', '04', '06'),
	('TARAY', '07', '04', '07'),
	('YANATILE', '07', '04', '08'),
	('YANAOCA', '07', '05', '01'),
	('CHECCA', '07', '05', '02'),
	('KUNTURKANKI', '07', '05', '03'),
	('LANGUI', '07', '05', '04'),
	('LAYO', '07', '05', '05'),
	('PAMPAMARCA', '07', '05', '06'),
	('QUEHUE', '07', '05', '07'),
	('TUPAC AMARU', '07', '05', '08'),
	('SICUANI', '07', '06', '01'),
	('COMBAPATA', '07', '06', '02'),
	('CHECACUPE', '07', '06', '03'),
	('MARANGANI', '07', '06', '04'),
	('PITUMARCA', '07', '06', '05'),
	('SAN PABLO', '07', '06', '06'),
	('SAN PEDRO', '07', '06', '07'),
	('TINTA', '07', '06', '08'),
	('SANTO TOMAS', '07', '07', '01'),
	('CAPACMARCA', '07', '07', '02'),
	('COLQUEMARCA', '07', '07', '03'),
	('CHAMACA', '07', '07', '04'),
	('LIVITACA', '07', '07', '05'),
	('LLUSCO', '07', '07', '06'),
	('QUIÑOTA', '07', '07', '07'),
	('VELILLE', '07', '07', '08'),
	('ESPINAR', '07', '08', '01'),
	('CONDOROMA', '07', '08', '02'),
	('COPORAQUE', '07', '08', '03'),
	('OCORURO', '07', '08', '04'),
	('PALLPATA', '07', '08', '05'),
	('PICHIGUA', '07', '08', '06'),
	('SUYCKUTAMBO', '07', '08', '07'),
	('ALTO PICHIGUA', '07', '08', '08'),
	('SANTA ANA', '07', '09', '01'),
	('ECHARATE', '07', '09', '02'),
	('HUAYOPATA', '07', '09', '03'),
	('MARANURA', '07', '09', '04'),
	('OCOBAMBA', '07', '09', '05'),
	('SANTA TERESA', '07', '09', '06'),
	('VILCABAMBA', '07', '09', '07'),
	('QUELLOUNO', '07', '09', '08'),
	('KIMBIRI', '07', '09', '09'),
	('PICHARI', '07', '09', '10'),
	('PARURO', '07', '10', '01'),
	('ACCHA', '07', '10', '02'),
	('CCAPI', '07', '10', '03'),
	('COLCHA', '07', '10', '04'),
	('HUANOQUITE', '07', '10', '05'),
	('OMACHA', '07', '10', '06'),
	('YAURISQUE', '07', '10', '07'),
	('PACCARITAMBO', '07', '10', '08'),
	('PILLPINTO', '07', '10', '09'),
	('PAUCARTAMBO', '07', '11', '01'),
	('CAICAY', '07', '11', '02'),
	('COLQUEPATA', '07', '11', '03'),
	('CHALLABAMBA', '07', '11', '04'),
	('KOSÑIPATA', '07', '11', '05'),
	('HUANCARANI', '07', '11', '06'),
	('URCOS', '07', '12', '01'),
	('ANDAHUAYLILLAS', '07', '12', '02'),
	('CAMANTI', '07', '12', '03'),
	('CCARHUAYO', '07', '12', '04'),
	('CCATCA', '07', '12', '05'),
	('CUSIPATA', '07', '12', '06'),
	('HUARO', '07', '12', '07'),
	('LUCRE', '07', '12', '08'),
	('MARCAPATA', '07', '12', '09'),
	('OCONGATE', '07', '12', '10'),
	('OROPESA', '07', '12', '11'),
	('QUIQUIJANA', '07', '12', '12'),
	('URUBAMBA', '07', '13', '01'),
	('CHINCHERO', '07', '13', '02'),
	('HUAYLLABAMBA', '07', '13', '03'),
	('MACHUPICCHU', '07', '13', '04'),
	('MARAS', '07', '13', '05'),
	('OLLANTAYTAMBO', '07', '13', '06'),
	('YUCAY', '07', '13', '07'),
	('HUANCAVELICA', '08', '01', '01'),
	('ACOBAMBILLA', '08', '01', '02'),
	('ACORIA', '08', '01', '03'),
	('CONAYCA', '08', '01', '04'),
	('CUENCA', '08', '01', '05'),
	('HUACHOCOLPA', '08', '01', '06'),
	('HUAYLLAHUARA', '08', '01', '08'),
	('IZCUCHACA', '08', '01', '09'),
	('LARIA', '08', '01', '10'),
	('MANTA', '08', '01', '11'),
	('MARISCAL CACERES', '08', '01', '12'),
	('MOYA', '08', '01', '13'),
	('NUEVO OCCORO', '08', '01', '14'),
	('PALCA', '08', '01', '15'),
	('PILCHACA', '08', '01', '16'),
	('VILCA', '08', '01', '17'),
	('YAULI', '08', '01', '18'),
	('ASCENSION', '08', '01', '19'),
	('HUANDO', '08', '01', '20'),
	('ACOBAMBA', '08', '02', '01'),
	('ANTA', '08', '02', '02'),
	('ANDABAMBA', '08', '02', '03'),
	('CAJA', '08', '02', '04'),
	('MARCAS', '08', '02', '05'),
	('PAUCARA', '08', '02', '06'),
	('POMACOCHA', '08', '02', '07'),
	('ROSARIO', '08', '02', '08'),
	('LIRCAY', '08', '03', '01'),
	('ANCHONGA', '08', '03', '02'),
	('CALLANMARCA', '08', '03', '03'),
	('CONGALLA', '08', '03', '04'),
	('CHINCHO', '08', '03', '05'),
	('HUAYLLAY-GRANDE', '08', '03', '06'),
	('HUANCA-HUANCA', '08', '03', '07'),
	('JULCAMARCA', '08', '03', '08'),
	('SAN ANTONIO DE ANTAPARCO', '08', '03', '09'),
	('SANTO TOMAS DE PATA', '08', '03', '10'),
	('SECCLLA', '08', '03', '11'),
	('CCOCHACCASA', '08', '03', '12'),
	('CASTROVIRREYNA', '08', '04', '01'),
	('ARMA', '08', '04', '02'),
	('AURAHUA', '08', '04', '03'),
	('CAPILLAS', '08', '04', '05'),
	('COCAS', '08', '04', '06'),
	('CHUPAMARCA', '08', '04', '08'),
	('HUACHOS', '08', '04', '09'),
	('HUAMATAMBO', '08', '04', '10'),
	('MOLLEPAMPA', '08', '04', '14'),
	('SAN JUAN', '08', '04', '22'),
	('TANTARA', '08', '04', '27'),
	('TICRAPO', '08', '04', '28'),
	('SANTA ANA', '08', '04', '29'),
	('PAMPAS', '08', '05', '01'),
	('ACOSTAMBO', '08', '05', '02'),
	('ACRAQUIA', '08', '05', '03'),
	('AHUAYCHA', '08', '05', '04'),
	('COLCABAMBA', '08', '05', '06'),
	('DANIEL HERNANDEZ', '08', '05', '09'),
	('HUACHOCOLPA', '08', '05', '11'),
	('HUARIBAMBA', '08', '05', '12'),
	('ÑAHUIMPUQUIO', '08', '05', '15'),
	('PAZOS', '08', '05', '17'),
	('QUISHUAR', '08', '05', '18'),
	('SALCABAMBA', '08', '05', '19'),
	('SAN MARCOS DE ROCCHAC', '08', '05', '20'),
	('SURCUBAMBA', '08', '05', '23'),
	('TINTAY PUNCU', '08', '05', '25'),
	('SALCAHUASI', '08', '05', '26'),
	('AYAVI', '08', '06', '01'),
	('CORDOVA', '08', '06', '02'),
	('HUAYACUNDO ARMA', '08', '06', '03'),
	('HUAYTARA', '08', '06', '04'),
	('LARAMARCA', '08', '06', '05'),
	('OCOYO', '08', '06', '06'),
	('PILPICHACA', '08', '06', '07'),
	('QUERCO', '08', '06', '08'),
	('QUITO ARMA', '08', '06', '09'),
	('SAN ANTONIO DE CUSICANCHA', '08', '06', '10'),
	('SAN FRANCISCO DE SANGAYAICO', '08', '06', '11'),
	('SAN ISIDRO', '08', '06', '12'),
	('SANTIAGO DE CHOCORVOS', '08', '06', '13'),
	('SANTIAGO DE QUIRAHUARA', '08', '06', '14'),
	('SANTO DOMINGO DE CAPILLAS', '08', '06', '15'),
	('TAMBO', '08', '06', '16'),
	('CHURCAMPA', '08', '07', '01'),
	('ANCO', '08', '07', '02'),
	('CHINCHIHUASI', '08', '07', '03'),
	('EL CARMEN', '08', '07', '04'),
	('LA MERCED', '08', '07', '05'),
	('LOCROJA', '08', '07', '06'),
	('PAUCARBAMBA', '08', '07', '07'),
	('SAN MIGUEL DE MAYOCC', '08', '07', '08'),
	('SAN PEDRO DE CORIS', '08', '07', '09'),
	('PACHAMARCA', '08', '07', '10'),
	('HUANUCO', '09', '01', '01'),
	('CHINCHAO', '09', '01', '02'),
	('CHURUBAMBA', '09', '01', '03'),
	('MARGOS', '09', '01', '04'),
	('QUISQUI', '09', '01', '05'),
	('SAN FRANCISCO DE CAYRAN', '09', '01', '06'),
	('SAN PEDRO DE CHAULAN', '09', '01', '07'),
	('SANTA MARIA DEL VALLE', '09', '01', '08'),
	('YARUMAYO', '09', '01', '09'),
	('AMARILIS', '09', '01', '10'),
	('PILLCO MARCA', '09', '01', '11'),
	('AMBO', '09', '02', '01'),
	('CAYNA', '09', '02', '02'),
	('COLPAS', '09', '02', '03'),
	('CONCHAMARCA', '09', '02', '04'),
	('HUACAR', '09', '02', '05'),
	('SAN FRANCISCO', '09', '02', '06'),
	('SAN RAFAEL', '09', '02', '07'),
	('TOMAY-KICHWA', '09', '02', '08'),
	('LA UNION', '09', '03', '01'),
	('CHUQUIS', '09', '03', '07'),
	('MARIAS', '09', '03', '12'),
	('PACHAS', '09', '03', '14'),
	('QUIVILLA', '09', '03', '16'),
	('RIPAN', '09', '03', '17'),
	('SHUNQUI', '09', '03', '21'),
	('SILLAPATA', '09', '03', '22'),
	('YANAS', '09', '03', '23'),
	('LLATA', '09', '04', '01'),
	('ARANCAY', '09', '04', '02'),
	('CHAVIN DE PARIARCA', '09', '04', '03'),
	('JACAS GRANDE', '09', '04', '04'),
	('JIRCAN', '09', '04', '05'),
	('MIRAFLORES', '09', '04', '06'),
	('MONZON', '09', '04', '07'),
	('PUNCHAO', '09', '04', '08'),
	('PUÑOS', '09', '04', '09'),
	('SINGA', '09', '04', '10'),
	('TANTAMAYO', '09', '04', '11'),
	('HUACRACHUCO', '09', '05', '01'),
	('CHOLON', '09', '05', '02'),
	('SAN BUENAVENTURA', '09', '05', '05'),
	('RUPA-RUPA', '09', '06', '01'),
	('DANIEL ALOMIA ROBLES', '09', '06', '02'),
	('HERMILIO VALDIZAN', '09', '06', '03'),
	('LUYANDO', '09', '06', '04'),
	('MARIANO DAMASO BERAUN', '09', '06', '05'),
	('JOSE CRESPO Y CASTILLO', '09', '06', '06'),
	('PANAO', '09', '07', '01'),
	('CHAGLLA', '09', '07', '02'),
	('MOLINO', '09', '07', '04'),
	('UMARI', '09', '07', '06'),
	('HONORIA', '09', '08', '01'),
	('PUERTO INCA', '09', '08', '02'),
	('CODO DEL POZUZO', '09', '08', '03'),
	('TOURNAVISTA', '09', '08', '04'),
	('YUYAPICHIS', '09', '08', '05'),
	('HUACAYBAMBA', '09', '09', '01'),
	('PINRA', '09', '09', '02'),
	('CANCHABAMBA', '09', '09', '03'),
	('COCHABAMBA', '09', '09', '04'),
	('JESUS', '09', '10', '01'),
	('BAÑOS', '09', '10', '02'),
	('SAN FRANCISCO DE ASIS', '09', '10', '03'),
	('QUEROPALCA', '09', '10', '04'),
	('SAN MIGUEL DE CAURI', '09', '10', '05'),
	('RONDOS', '09', '10', '06'),
	('JIVIA', '09', '10', '07'),
	('CHAVINILLO', '09', '11', '01'),
	('APARICIO POMARES', '09', '11', '02'),
	('CAHUAC', '09', '11', '03'),
	('CHACABAMBA', '09', '11', '04'),
	('JACAS CHICO', '09', '11', '05'),
	('OBAS', '09', '11', '06'),
	('PAMPAMARCA', '09', '11', '07'),
	('CHORAS', '09', '11', '08'),
	('ICA', '10', '01', '01'),
	('LA TINGUIÑA', '10', '01', '02'),
	('LOS AQUIJES', '10', '01', '03'),
	('PARCONA', '10', '01', '04'),
	('PUEBLO NUEVO', '10', '01', '05'),
	('SALAS', '10', '01', '06'),
	('SAN JOSE DE LOS MOLINOS', '10', '01', '07'),
	('SAN JUAN BAUTISTA', '10', '01', '08'),
	('SANTIAGO', '10', '01', '09'),
	('SUBTANJALLA', '10', '01', '10'),
	('YAUCA DEL ROSARIO', '10', '01', '11'),
	('TATE', '10', '01', '12'),
	('PACHACUTEC', '10', '01', '13'),
	('OCUCAJE', '10', '01', '14'),
	('CHINCHA ALTA', '10', '02', '01'),
	('CHAVIN', '10', '02', '02'),
	('CHINCHA BAJA', '10', '02', '03'),
	('EL CARMEN', '10', '02', '04'),
	('GROCIO PRADO', '10', '02', '05'),
	('SAN PEDRO DE HUACARPANA', '10', '02', '06'),
	('SUNAMPE', '10', '02', '07'),
	('TAMBO DE MORA', '10', '02', '08'),
	('ALTO LARAN', '10', '02', '09'),
	('PUEBLO NUEVO', '10', '02', '10'),
	('SAN JUAN DE YANAC', '10', '02', '11'),
	('NAZCA', '10', '03', '01'),
	('CHANGUILLO', '10', '03', '02'),
	('EL INGENIO', '10', '03', '03'),
	('MARCONA', '10', '03', '04'),
	('VISTA ALEGRE', '10', '03', '05'),
	('PISCO', '10', '04', '01'),
	('HUANCANO', '10', '04', '02'),
	('HUMAY', '10', '04', '03'),
	('INDEPENDENCIA', '10', '04', '04'),
	('PARACAS', '10', '04', '05'),
	('SAN ANDRES', '10', '04', '06'),
	('SAN CLEMENTE', '10', '04', '07'),
	('TUPAC AMARU INCA', '10', '04', '08'),
	('PALPA', '10', '05', '01'),
	('LLIPATA', '10', '05', '02'),
	('RIO GRANDE', '10', '05', '03'),
	('SANTA CRUZ', '10', '05', '04'),
	('TIBILLO', '10', '05', '05'),
	('HUANCAYO', '11', '01', '01'),
	('CARHUACALLANGA', '11', '01', '03'),
	('COLCA', '11', '01', '04'),
	('CULLHUAS', '11', '01', '05'),
	('CHACAPAMPA', '11', '01', '06'),
	('CHICCHE', '11', '01', '07'),
	('CHILCA', '11', '01', '08'),
	('CHONGOS ALTO', '11', '01', '09'),
	('CHUPURO', '11', '01', '12'),
	('EL TAMBO', '11', '01', '13'),
	('HUACRAPUQUIO', '11', '01', '14'),
	('HUALHUAS', '11', '01', '16'),
	('HUANCAN', '11', '01', '18'),
	('HUASICANCHA', '11', '01', '19'),
	('HUAYUCACHI', '11', '01', '20'),
	('INGENIO', '11', '01', '21'),
	('PARIAHUANCA', '11', '01', '22'),
	('PILCOMAYO', '11', '01', '23'),
	('PUCARA', '11', '01', '24'),
	('QUICHUAY', '11', '01', '25'),
	('QUILCAS', '11', '01', '26'),
	('SAN AGUSTIN', '11', '01', '27'),
	('SAN JERONIMO DE TUNAN', '11', '01', '28'),
	('SANTO DOMINGO DE ACOBAMBA', '11', '01', '31'),
	('SAÑO', '11', '01', '32'),
	('SAPALLANGA', '11', '01', '33'),
	('SICAYA', '11', '01', '34'),
	('VIQUES', '11', '01', '36'),
	('CONCEPCION', '11', '02', '01'),
	('ACO', '11', '02', '02'),
	('ANDAMARCA', '11', '02', '03'),
	('COMAS', '11', '02', '04'),
	('COCHAS', '11', '02', '05'),
	('CHAMBARA', '11', '02', '06'),
	('HEROINAS TOLEDO', '11', '02', '07'),
	('MANZANARES', '11', '02', '08'),
	('MARISCAL CASTILLA', '11', '02', '09'),
	('MATAHUASI', '11', '02', '10'),
	('MITO', '11', '02', '11'),
	('NUEVE DE JULIO', '11', '02', '12'),
	('ORCOTUNA', '11', '02', '13'),
	('SANTA ROSA DE OCOPA', '11', '02', '14'),
	('SAN JOSE DE QUERO', '11', '02', '15'),
	('JAUJA', '11', '03', '01'),
	('ACOLLA', '11', '03', '02'),
	('APATA', '11', '03', '03'),
	('ATAURA', '11', '03', '04'),
	('CANCHAYLLO', '11', '03', '05'),
	('EL MANTARO', '11', '03', '06'),
	('HUAMALI', '11', '03', '07'),
	('HUARIPAMPA', '11', '03', '08'),
	('HUERTAS', '11', '03', '09'),
	('JANJAILLO', '11', '03', '10'),
	('JULCAN', '11', '03', '11'),
	('LEONOR ORDOÑEZ', '11', '03', '12'),
	('LLOCLLAPAMPA', '11', '03', '13'),
	('MARCO', '11', '03', '14'),
	('MASMA', '11', '03', '15'),
	('MOLINOS', '11', '03', '16'),
	('MONOBAMBA', '11', '03', '17'),
	('MUQUI', '11', '03', '18'),
	('MUQUIYAUYO', '11', '03', '19'),
	('PACA', '11', '03', '20'),
	('PACCHA', '11', '03', '21'),
	('PANCAN', '11', '03', '22'),
	('PARCO', '11', '03', '23'),
	('POMACANCHA', '11', '03', '24'),
	('RICRAN', '11', '03', '25'),
	('SAN LORENZO', '11', '03', '26'),
	('SAN PEDRO DE CHUNAN', '11', '03', '27'),
	('SINCOS', '11', '03', '28'),
	('TUNAN MARCA', '11', '03', '29'),
	('YAULI', '11', '03', '30'),
	('CURICACA', '11', '03', '31'),
	('MASMA CHICCHE', '11', '03', '32'),
	('SAUSA', '11', '03', '33'),
	('YAUYOS', '11', '03', '34'),
	('JUNIN', '11', '04', '01'),
	('CARHUAMAYO', '11', '04', '02'),
	('ONDORES', '11', '04', '03'),
	('ULCUMAYO', '11', '04', '04'),
	('TARMA', '11', '05', '01'),
	('ACOBAMBA', '11', '05', '02'),
	('HUARICOLCA', '11', '05', '03'),
	('HUASAHUASI', '11', '05', '04'),
	('LA UNION', '11', '05', '05'),
	('PALCA', '11', '05', '06'),
	('PALCAMAYO', '11', '05', '07'),
	('SAN PEDRO DE CAJAS', '11', '05', '08'),
	('TAPO', '11', '05', '09'),
	('LA OROYA', '11', '06', '01'),
	('CHACAPALPA', '11', '06', '02'),
	('HUAY HUAY', '11', '06', '03'),
	('MARCAPOMACOCHA', '11', '06', '04'),
	('MOROCOCHA', '11', '06', '05'),
	('PACCHA', '11', '06', '06'),
	('SANTA BARBARA DE CARHUACAYAN', '11', '06', '07'),
	('SUITUCANCHA', '11', '06', '08'),
	('YAULI', '11', '06', '09'),
	('SANTA ROSA DE SACCO', '11', '06', '10'),
	('SATIPO', '11', '07', '01'),
	('COVIRIALI', '11', '07', '02'),
	('LLAYLLA', '11', '07', '03'),
	('MAZAMARI', '11', '07', '04'),
	('PAMPA HERMOSA', '11', '07', '05'),
	('PANGOA', '11', '07', '06'),
	('RIO NEGRO', '11', '07', '07'),
	('RIO TAMBO', '11', '07', '08'),
	('CHANCHAMAYO', '11', '08', '01'),
	('SAN RAMON', '11', '08', '02'),
	('VITOC', '11', '08', '03'),
	('SAN LUIS DE SHUARO', '11', '08', '04'),
	('PICHANAQUI', '11', '08', '05'),
	('PERENE', '11', '08', '06'),
	('CHUPACA', '11', '09', '01'),
	('AHUAC', '11', '09', '02'),
	('CHONGOS BAJO', '11', '09', '03'),
	('HUACHAC', '11', '09', '04'),
	('HUAMANCACA CHICO', '11', '09', '05'),
	('SAN JUAN DE YSCOS', '11', '09', '06'),
	('SAN JUAN DE JARPA', '11', '09', '07'),
	('TRES DE DICIEMBRE', '11', '09', '08'),
	('YANACANCHA', '11', '09', '09'),
	('TRUJILLO', '12', '01', '01'),
	('HUANCHACO', '12', '01', '02'),
	('LAREDO', '12', '01', '03'),
	('MOCHE', '12', '01', '04'),
	('SALAVERRY', '12', '01', '05'),
	('SIMBAL', '12', '01', '06'),
	('VICTOR LARCO HERRERA', '12', '01', '07'),
	('POROTO', '12', '01', '09'),
	('EL PORVENIR', '12', '01', '10'),
	('LA ESPERANZA', '12', '01', '11'),
	('FLORENCIA DE MORA', '12', '01', '12'),
	('BOLIVAR', '12', '02', '01'),
	('BAMBAMARCA', '12', '02', '02'),
	('CONDORMARCA', '12', '02', '03'),
	('LONGOTEA', '12', '02', '04'),
	('UCUNCHA', '12', '02', '05'),
	('UCHUMARCA', '12', '02', '06'),
	('HUAMACHUCO', '12', '03', '01'),
	('COCHORCO', '12', '03', '02'),
	('CURGOS', '12', '03', '03'),
	('CHUGAY', '12', '03', '04'),
	('MARCABAL', '12', '03', '05'),
	('SANAGORAN', '12', '03', '06'),
	('SARIN', '12', '03', '07'),
	('SARTIMBAMBA', '12', '03', '08'),
	('OTUZCO', '12', '04', '01'),
	('AGALLPAMPA', '12', '04', '02'),
	('CHARAT', '12', '04', '03'),
	('HUARANCHAL', '12', '04', '04'),
	('LA CUESTA', '12', '04', '05'),
	('PARANDAY', '12', '04', '08'),
	('SALPO', '12', '04', '09'),
	('SINSICAP', '12', '04', '10'),
	('USQUIL', '12', '04', '11'),
	('MACHE', '12', '04', '13'),
	('SAN PEDRO DE LLOC', '12', '05', '01'),
	('GUADALUPE', '12', '05', '03'),
	('JEQUETEPEQUE', '12', '05', '04'),
	('PACASMAYO', '12', '05', '06'),
	('SAN JOSE', '12', '05', '08'),
	('TAYABAMBA', '12', '06', '01'),
	('BULDIBUYO', '12', '06', '02'),
	('CHILLIA', '12', '06', '03'),
	('HUAYLILLAS', '12', '06', '04'),
	('HUANCASPATA', '12', '06', '05'),
	('HUAYO', '12', '06', '06'),
	('ONGON', '12', '06', '07'),
	('PARCOY', '12', '06', '08'),
	('PATAZ', '12', '06', '09'),
	('PIAS', '12', '06', '10'),
	('TAURIJA', '12', '06', '11'),
	('URPAY', '12', '06', '12'),
	('SANTIAGO DE CHALLAS', '12', '06', '13'),
	('SANTIAGO DE CHUCO', '12', '07', '01'),
	('CACHICADAN', '12', '07', '02'),
	('MOLLEBAMBA', '12', '07', '03'),
	('MOLLEPATA', '12', '07', '04'),
	('QUIRUVILCA', '12', '07', '05'),
	('SANTA CRUZ DE CHUCA', '12', '07', '06'),
	('SITABAMBA', '12', '07', '07'),
	('ANGASMARCA', '12', '07', '08'),
	('ASCOPE', '12', '08', '01'),
	('CHICAMA', '12', '08', '02'),
	('CHOCOPE', '12', '08', '03'),
	('SANTIAGO DE CAO', '12', '08', '04'),
	('MAGDALENA DE CAO', '12', '08', '05'),
	('PAIJAN', '12', '08', '06'),
	('RAZURI', '12', '08', '07'),
	('CASA GRANDE', '12', '08', '08'),
	('CHEPEN', '12', '09', '01'),
	('PACANGA', '12', '09', '02'),
	('PUEBLO NUEVO', '12', '09', '03'),
	('JULCAN', '12', '10', '01'),
	('CARABAMBA', '12', '10', '02'),
	('CALAMARCA', '12', '10', '03'),
	('HUASO', '12', '10', '04'),
	('CASCAS', '12', '11', '01'),
	('LUCMA', '12', '11', '02'),
	('MARMOT', '12', '11', '03'),
	('SAYAPULLO', '12', '11', '04'),
	('VIRU', '12', '12', '01'),
	('CHAO', '12', '12', '02'),
	('GUADALUPITO', '12', '12', '03'),
	('CHICLAYO', '13', '01', '01'),
	('CHONGOYAPE', '13', '01', '02'),
	('ETEN', '13', '01', '03'),
	('ETEN PUERTO', '13', '01', '04'),
	('LAGUNAS', '13', '01', '05'),
	('MONSEFU', '13', '01', '06'),
	('NUEVA ARICA', '13', '01', '07'),
	('OYOTUN', '13', '01', '08'),
	('PICSI', '13', '01', '09'),
	('PIMENTEL', '13', '01', '10'),
	('REQUE', '13', '01', '11'),
	('JOSE LEONARDO ORTIZ', '13', '01', '12'),
	('SANTA ROSA', '13', '01', '13'),
	('SAÑA', '13', '01', '14'),
	('LA VICTORIA', '13', '01', '15'),
	('CAYALTI', '13', '01', '16'),
	('PATAPO', '13', '01', '17'),
	('POMALCA', '13', '01', '18'),
	('PUCALA', '13', '01', '19'),
	('TUMAN', '13', '01', '20'),
	('FERREÑAFE', '13', '02', '01'),
	('INCAHUASI', '13', '02', '02'),
	('CAÑARIS', '13', '02', '03'),
	('PITIPO', '13', '02', '04'),
	('PUEBLO NUEVO', '13', '02', '05'),
	('MANUEL ANTONIO MESONES MURO', '13', '02', '06'),
	('LAMBAYEQUE', '13', '03', '01'),
	('CHOCHOPE', '13', '03', '02'),
	('ILLIMO', '13', '03', '03'),
	('JAYANCA', '13', '03', '04'),
	('MOCHUMI', '13', '03', '05'),
	('MORROPE', '13', '03', '06'),
	('MOTUPE', '13', '03', '07'),
	('OLMOS', '13', '03', '08'),
	('PACORA', '13', '03', '09'),
	('SALAS', '13', '03', '10'),
	('SAN JOSE', '13', '03', '11'),
	('TUCUME', '13', '03', '12'),
	('LIMA', '14', '01', '01'),
	('ANCON', '14', '01', '02'),
	('ATE', '14', '01', '03'),
	('BREÑA', '14', '01', '04'),
	('CARABAYLLO', '14', '01', '05'),
	('COMAS', '14', '01', '06'),
	('CHACLACAYO', '14', '01', '07'),
	('CHORRILLOS', '14', '01', '08'),
	('LA VICTORIA', '14', '01', '09'),
	('LA MOLINA', '14', '01', '10'),
	('LINCE', '14', '01', '11'),
	('LURIGANCHO', '14', '01', '12'),
	('LURIN', '14', '01', '13'),
	('MAGDALENA DEL MAR', '14', '01', '14'),
	('MIRAFLORES', '14', '01', '15'),
	('PACHACAMAC', '14', '01', '16'),
	('PUEBLO LIBRE', '14', '01', '17'),
	('PUCUSANA', '14', '01', '18'),
	('PUENTE PIEDRA', '14', '01', '19'),
	('PUNTA HERMOSA', '14', '01', '20'),
	('PUNTA NEGRA', '14', '01', '21'),
	('RIMAC', '14', '01', '22'),
	('SAN BARTOLO', '14', '01', '23'),
	('SAN ISIDRO', '14', '01', '24'),
	('BARRANCO', '14', '01', '25'),
	('SAN MARTIN DE PORRES', '14', '01', '26'),
	('SAN MIGUEL', '14', '01', '27'),
	('SANTA MARIA DEL MAR', '14', '01', '28'),
	('SANTA ROSA', '14', '01', '29'),
	('SANTIAGO DE SURCO', '14', '01', '30'),
	('SURQUILLO', '14', '01', '31'),
	('VILLA MARIA DEL TRIUNFO', '14', '01', '32'),
	('JESUS MARIA', '14', '01', '33'),
	('INDEPENDENCIA', '14', '01', '34'),
	('EL AGUSTINO', '14', '01', '35'),
	('SAN JUAN DE MIRAFLORES', '14', '01', '36'),
	('SAN JUAN DE LURIGANCHO', '14', '01', '37'),
	('SAN LUIS', '14', '01', '38'),
	('CIENEGUILLA', '14', '01', '39'),
	('SAN BORJA', '14', '01', '40'),
	('VILLA EL SALVADOR', '14', '01', '41'),
	('LOS OLIVOS', '14', '01', '42'),
	('SANTA ANITA', '14', '01', '43'),
	('CAJATAMBO', '14', '02', '01'),
	('COPA', '14', '02', '05'),
	('GORGOR', '14', '02', '06'),
	('HUANCAPON', '14', '02', '07'),
	('MANAS', '14', '02', '08'),
	('CANTA', '14', '03', '01'),
	('ARAHUAY', '14', '03', '02'),
	('HUAMANTANGA', '14', '03', '03'),
	('HUAROS', '14', '03', '04'),
	('LACHAQUI', '14', '03', '05'),
	('SAN BUENAVENTURA', '14', '03', '06'),
	('SANTA ROSA DE QUIVES', '14', '03', '07'),
	('SAN VICENTE DE CAÑETE', '14', '04', '01'),
	('CALANGO', '14', '04', '02'),
	('CERRO AZUL', '14', '04', '03'),
	('COAYLLO', '14', '04', '04'),
	('CHILCA', '14', '04', '05'),
	('IMPERIAL', '14', '04', '06'),
	('LUNAHUANA', '14', '04', '07'),
	('MALA', '14', '04', '08'),
	('NUEVO IMPERIAL', '14', '04', '09'),
	('PACARAN', '14', '04', '10'),
	('QUILMANA', '14', '04', '11'),
	('SAN ANTONIO', '14', '04', '12'),
	('SAN LUIS', '14', '04', '13'),
	('SANTA CRUZ DE FLORES', '14', '04', '14'),
	('ZUÑIGA', '14', '04', '15'),
	('ASIA', '14', '04', '16'),
	('HUACHO', '14', '05', '01'),
	('AMBAR', '14', '05', '02'),
	('CALETA DE CARQUIN', '14', '05', '04'),
	('CHECRAS', '14', '05', '05'),
	('HUALMAY', '14', '05', '06'),
	('HUAURA', '14', '05', '07'),
	('LEONCIO PRADO', '14', '05', '08'),
	('PACCHO', '14', '05', '09'),
	('SANTA LEONOR', '14', '05', '11'),
	('SANTA MARIA', '14', '05', '12'),
	('SAYAN', '14', '05', '13'),
	('VEGUETA', '14', '05', '16'),
	('MATUCANA', '14', '06', '01'),
	('ANTIOQUIA', '14', '06', '02'),
	('CALLAHUANCA', '14', '06', '03'),
	('CARAMPOMA', '14', '06', '04'),
	('CASTA', '14', '06', '05'),
	('SAN JOSE DE LOS CHORRILLOS', '14', '06', '06'),
	('CHICLA', '14', '06', '07'),
	('HUANZA', '14', '06', '08'),
	('HUAROCHIRI', '14', '06', '09'),
	('LAHUAYTAMBO', '14', '06', '10'),
	('LANGA', '14', '06', '11'),
	('MARIATANA', '14', '06', '12'),
	('RICARDO PALMA', '14', '06', '13'),
	('SAN ANDRES DE TUPICOCHA', '14', '06', '14'),
	('SAN ANTONIO', '14', '06', '15'),
	('SAN BARTOLOME', '14', '06', '16'),
	('SAN DAMIAN', '14', '06', '17'),
	('SANGALLAYA', '14', '06', '18'),
	('SAN JUAN DE TANTARANCHE', '14', '06', '19'),
	('SAN LORENZO DE QUINTI', '14', '06', '20'),
	('SAN MATEO', '14', '06', '21'),
	('SAN MATEO DE OTAO', '14', '06', '22'),
	('SAN PEDRO DE HUANCAYRE', '14', '06', '23'),
	('SANTA CRUZ DE COCACHACRA', '14', '06', '24'),
	('SANTA EULALIA', '14', '06', '25'),
	('SANTIAGO DE ANCHUCAYA', '14', '06', '26'),
	('SANTIAGO DE TUNA', '14', '06', '27'),
	('SANTO DOMINGO DE LOS OLLEROS', '14', '06', '28'),
	('SURCO', '14', '06', '29'),
	('HUACHUPAMPA', '14', '06', '30'),
	('LARAOS', '14', '06', '31'),
	('SAN JUAN DE IRIS', '14', '06', '32'),
	('YAUYOS', '14', '07', '01'),
	('ALIS', '14', '07', '02'),
	('ALLAUCA', '14', '07', '03'),
	('AYAVIRI', '14', '07', '04'),
	('AZANGARO', '14', '07', '05'),
	('CACRA', '14', '07', '06'),
	('CARANIA', '14', '07', '07'),
	('COCHAS', '14', '07', '08'),
	('COLONIA', '14', '07', '09'),
	('CHOCOS', '14', '07', '10'),
	('HUAMPARA', '14', '07', '11'),
	('HUANCAYA', '14', '07', '12'),
	('HUANGASCAR', '14', '07', '13'),
	('HUANTAN', '14', '07', '14'),
	('HUAÑEC', '14', '07', '15'),
	('LARAOS', '14', '07', '16'),
	('LINCHA', '14', '07', '17'),
	('MIRAFLORES', '14', '07', '18'),
	('OMAS', '14', '07', '19'),
	('QUINCHES', '14', '07', '20'),
	('QUINOCAY', '14', '07', '21'),
	('SAN JOAQUIN', '14', '07', '22'),
	('SAN PEDRO DE PILAS', '14', '07', '23'),
	('TANTA', '14', '07', '24'),
	('TAURIPAMPA', '14', '07', '25'),
	('TUPE', '14', '07', '26'),
	('TOMAS', '14', '07', '27'),
	('VIÑAC', '14', '07', '28'),
	('VITIS', '14', '07', '29'),
	('HONGOS', '14', '07', '30'),
	('MADEAN', '14', '07', '31'),
	('PUTINZA', '14', '07', '32'),
	('CATAHUASI', '14', '07', '33'),
	('HUARAL', '14', '08', '01'),
	('ATAVILLOS ALTO', '14', '08', '02'),
	('ATAVILLOS BAJO', '14', '08', '03'),
	('AUCALLAMA', '14', '08', '04'),
	('CHANCAY', '14', '08', '05'),
	('IHUARI', '14', '08', '06'),
	('LAMPIAN', '14', '08', '07'),
	('PACARAOS', '14', '08', '08'),
	('SAN MIGUEL DE ACOS', '14', '08', '09'),
	('VEINTISIETE DE NOVIEMBRE', '14', '08', '10'),
	('SANTA CRUZ DE ANDAMARCA', '14', '08', '11'),
	('SUMBILCA', '14', '08', '12'),
	('BARRANCA', '14', '09', '01'),
	('PARAMONGA', '14', '09', '02'),
	('PATIVILCA', '14', '09', '03'),
	('SUPE', '14', '09', '04'),
	('SUPE PUERTO', '14', '09', '05'),
	('OYON', '14', '10', '01'),
	('NAVAN', '14', '10', '02'),
	('CAUJUL', '14', '10', '03'),
	('ANDAJES', '14', '10', '04'),
	('PACHANGARA', '14', '10', '05'),
	('COCHAMARCA', '14', '10', '06'),
	('IQUITOS', '15', '01', '01'),
	('ALTO NANAY', '15', '01', '02'),
	('FERNANDO LORES', '15', '01', '03'),
	('LAS AMAZONAS', '15', '01', '04'),
	('MAZAN', '15', '01', '05'),
	('NAPO', '15', '01', '06'),
	('PUTUMAYO', '15', '01', '07'),
	('TORRES CAUSANA', '15', '01', '08'),
	('INDIANA', '15', '01', '10'),
	('PUNCHANA', '15', '01', '11'),
	('BELEN', '15', '01', '12'),
	('SAN JUAN BAUTISTA', '15', '01', '13'),
	('TNTE MANUEL CLAVERO', '15', '01', '14'),
	('YURIMAGUAS', '15', '02', '01'),
	('BALSAPUERTO', '15', '02', '02'),
	('JEBEROS', '15', '02', '05'),
	('LAGUNAS', '15', '02', '06'),
	('SANTA CRUZ', '15', '02', '10'),
	('TENIENTE CESAR LOPEZ ROJAS', '15', '02', '11'),
	('NAUTA', '15', '03', '01'),
	('PARINARI', '15', '03', '02'),
	('TIGRE', '15', '03', '03'),
	('URARINAS', '15', '03', '04'),
	('TROMPETEROS', '15', '03', '05'),
	('REQUENA', '15', '04', '01'),
	('ALTO TAPICHE', '15', '04', '02'),
	('CAPELO', '15', '04', '03'),
	('EMILIO SAN MARTIN', '15', '04', '04'),
	('MAQUIA', '15', '04', '05'),
	('PUINAHUA', '15', '04', '06'),
	('SAQUENA', '15', '04', '07'),
	('SOPLIN', '15', '04', '08'),
	('TAPICHE', '15', '04', '09'),
	('JENARO HERRERA', '15', '04', '10'),
	('YAQUERANA', '15', '04', '11'),
	('CONTAMANA', '15', '05', '01'),
	('VARGAS GUERRA', '15', '05', '02'),
	('PADRE MARQUEZ', '15', '05', '03'),
	('PAMPA HERMOSA', '15', '05', '04'),
	('SARAYACU', '15', '05', '05'),
	('INAHUAYA', '15', '05', '06'),
	('MARISCAL RAMON CASTILLA', '15', '06', '01'),
	('PEBAS', '15', '06', '02'),
	('YAVARI', '15', '06', '03'),
	('SAN PABLO', '15', '06', '04'),
	('BARRANCA', '15', '07', '01'),
	('ANDOAS', '15', '07', '02'),
	('CAHUAPANAS', '15', '07', '03'),
	('MANSERICHE', '15', '07', '04'),
	('MORONA', '15', '07', '05'),
	('PASTAZA', '15', '07', '06'),
	('TAMBOPATA', '16', '01', '01'),
	('INAMBARI', '16', '01', '02'),
	('LAS PIEDRAS', '16', '01', '03'),
	('LABERINTO', '16', '01', '04'),
	('MANU', '16', '02', '01'),
	('FITZCARRALD', '16', '02', '02'),
	('MADRE DE DIOS', '16', '02', '03'),
	('HUEPETUHE', '16', '02', '04'),
	('IÑAPARI', '16', '03', '01'),
	('IBERIA', '16', '03', '02'),
	('TAHUAMANU', '16', '03', '03'),
	('MOQUEGUA', '17', '01', '01'),
	('CARUMAS', '17', '01', '02'),
	('CUCHUMBAYA', '17', '01', '03'),
	('SAN CRISTOBAL', '17', '01', '04'),
	('TORATA', '17', '01', '05'),
	('SAMEGUA', '17', '01', '06'),
	('OMATE', '17', '02', '01'),
	('COALAQUE', '17', '02', '02'),
	('CHOJATA', '17', '02', '03'),
	('ICHUÑA', '17', '02', '04'),
	('LA CAPILLA', '17', '02', '05'),
	('LLOQUE', '17', '02', '06'),
	('MATALAQUE', '17', '02', '07'),
	('PUQUINA', '17', '02', '08'),
	('QUINISTAQUILLAS', '17', '02', '09'),
	('UBINAS', '17', '02', '10'),
	('YUNGA', '17', '02', '11'),
	('ILO', '17', '03', '01'),
	('EL ALGARROBAL', '17', '03', '02'),
	('PACOCHA', '17', '03', '03'),
	('CHAUPIMARCA', '18', '01', '01'),
	('HUACHON', '18', '01', '03'),
	('HUARIACA', '18', '01', '04'),
	('HUAYLLAY', '18', '01', '05'),
	('NINACACA', '18', '01', '06'),
	('PALLANCHACRA', '18', '01', '07'),
	('PAUCARTAMBO', '18', '01', '08'),
	('SAN FCO DE ASIS DE YARUSYACAN', '18', '01', '09'),
	('SIMON BOLIVAR', '18', '01', '10'),
	('TICLACAYAN', '18', '01', '11'),
	('TINYAHUARCO', '18', '01', '12'),
	('VICCO', '18', '01', '13'),
	('YANACANCHA', '18', '01', '14'),
	('YANAHUANCA', '18', '02', '01'),
	('CHACAYAN', '18', '02', '02'),
	('GOYLLARISQUIZGA', '18', '02', '03'),
	('PAUCAR', '18', '02', '04'),
	('SAN PEDRO DE PILLAO', '18', '02', '05'),
	('SANTA ANA DE TUSI', '18', '02', '06'),
	('TAPUC', '18', '02', '07'),
	('VILCABAMBA', '18', '02', '08'),
	('OXAPAMPA', '18', '03', '01'),
	('CHONTABAMBA', '18', '03', '02'),
	('HUANCABAMBA', '18', '03', '03'),
	('PUERTO BERMUDEZ', '18', '03', '04'),
	('VILLA RICA', '18', '03', '05'),
	('POZUZO', '18', '03', '06'),
	('PALCAZU', '18', '03', '07'),
	('PIURA', '19', '01', '01'),
	('CASTILLA', '19', '01', '03'),
	('CATACAOS', '19', '01', '04'),
	('LA ARENA', '19', '01', '05'),
	('LA UNION', '19', '01', '06'),
	('LAS LOMAS', '19', '01', '07'),
	('TAMBO GRANDE', '19', '01', '09'),
	('CURA MORI', '19', '01', '13'),
	('EL TALLAN', '19', '01', '14'),
	('AYABACA', '19', '02', '01'),
	('FRIAS', '19', '02', '02'),
	('LAGUNAS', '19', '02', '03'),
	('MONTERO', '19', '02', '04'),
	('PACAIPAMPA', '19', '02', '05'),
	('SAPILLICA', '19', '02', '06'),
	('SICCHEZ', '19', '02', '07'),
	('SUYO', '19', '02', '08'),
	('JILILI', '19', '02', '09'),
	('PAIMAS', '19', '02', '10'),
	('HUANCABAMBA', '19', '03', '01'),
	('CANCHAQUE', '19', '03', '02'),
	('HUARMACA', '19', '03', '03'),
	('SONDOR', '19', '03', '04'),
	('SONDORILLO', '19', '03', '05'),
	('EL CARMEN DE LA FRONTERA', '19', '03', '06'),
	('SAN MIGUEL DE EL FAIQUE', '19', '03', '07'),
	('LALAQUIZ', '19', '03', '08'),
	('CHULUCANAS', '19', '04', '01'),
	('BUENOS AIRES', '19', '04', '02'),
	('CHALACO', '19', '04', '03'),
	('MORROPON', '19', '04', '04'),
	('SALITRAL', '19', '04', '05'),
	('SANTA CATALINA DE MOSSA', '19', '04', '06'),
	('SANTO DOMINGO', '19', '04', '07'),
	('LA MATANZA', '19', '04', '08'),
	('YAMANGO', '19', '04', '09'),
	('SAN JUAN DE BIGOTE', '19', '04', '10'),
	('PAITA', '19', '05', '01'),
	('AMOTAPE', '19', '05', '02'),
	('ARENAL', '19', '05', '03'),
	('LA HUACA', '19', '05', '04'),
	('COLAN', '19', '05', '05'),
	('TAMARINDO', '19', '05', '06'),
	('VICHAYAL', '19', '05', '07'),
	('SULLANA', '19', '06', '01'),
	('BELLAVISTA', '19', '06', '02'),
	('LANCONES', '19', '06', '03'),
	('MARCAVELICA', '19', '06', '04'),
	('MIGUEL CHECA', '19', '06', '05'),
	('QUERECOTILLO', '19', '06', '06'),
	('SALITRAL', '19', '06', '07'),
	('IGNACIO ESCUDERO', '19', '06', '08'),
	('PARIÑAS', '19', '07', '01'),
	('EL ALTO', '19', '07', '02'),
	('LA BREA', '19', '07', '03'),
	('LOBITOS', '19', '07', '04'),
	('MANCORA', '19', '07', '05'),
	('LOS ORGANOS', '19', '07', '06'),
	('SECHURA', '19', '08', '01'),
	('VICE', '19', '08', '02'),
	('BERNAL', '19', '08', '03'),
	('BELLAVISTA DE LA UNION', '19', '08', '04'),
	('CRISTO NOS VALGA', '19', '08', '05'),
	('RINCONADA-LLICUAR', '19', '08', '06'),
	('PUNO', '20', '01', '01'),
	('ACORA', '20', '01', '02'),
	('ATUNCOLLA', '20', '01', '03'),
	('CAPACHICA', '20', '01', '04'),
	('COATA', '20', '01', '05'),
	('CHUCUITO', '20', '01', '06'),
	('HUATA', '20', '01', '07'),
	('MAÑAZO', '20', '01', '08'),
	('PAUCARCOLLA', '20', '01', '09'),
	('PICHACANI', '20', '01', '10'),
	('SAN ANTONIO', '20', '01', '11'),
	('TIQUILLACA', '20', '01', '12'),
	('VILQUE', '20', '01', '13'),
	('PLATERIA', '20', '01', '14'),
	('AMANTANI', '20', '01', '15'),
	('AZANGARO', '20', '02', '01'),
	('ACHAYA', '20', '02', '02'),
	('ARAPA', '20', '02', '03'),
	('ASILLO', '20', '02', '04'),
	('CAMINACA', '20', '02', '05'),
	('CHUPA', '20', '02', '06'),
	('JOSE DOMINGO CHOQUEHUANCA', '20', '02', '07'),
	('MUÑANI', '20', '02', '08'),
	('POTONI', '20', '02', '10'),
	('SAMAN', '20', '02', '12'),
	('SAN ANTON', '20', '02', '13'),
	('SAN JOSE', '20', '02', '14'),
	('SAN JUAN DE SALINAS', '20', '02', '15'),
	('SANTIAGO DE PUPUJA', '20', '02', '16'),
	('TIRAPATA', '20', '02', '17'),
	('MACUSANI', '20', '03', '01'),
	('AJOYANI', '20', '03', '02'),
	('AYAPATA', '20', '03', '03'),
	('COASA', '20', '03', '04'),
	('CORANI', '20', '03', '05'),
	('CRUCERO', '20', '03', '06'),
	('ITUATA', '20', '03', '07'),
	('OLLACHEA', '20', '03', '08'),
	('SAN GABAN', '20', '03', '09'),
	('USICAYOS', '20', '03', '10'),
	('JULI', '20', '04', '01'),
	('DESAGUADERO', '20', '04', '02'),
	('HUACULLANI', '20', '04', '03'),
	('PISACOMA', '20', '04', '06'),
	('POMATA', '20', '04', '07'),
	('ZEPITA', '20', '04', '10'),
	('KELLUYO', '20', '04', '12'),
	('HUANCANE', '20', '05', '01'),
	('COJATA', '20', '05', '02'),
	('INCHUPALLA', '20', '05', '04'),
	('PUSI', '20', '05', '06'),
	('ROSASPATA', '20', '05', '07'),
	('TARACO', '20', '05', '08'),
	('VILQUE CHICO', '20', '05', '09'),
	('HUATASANI', '20', '05', '11'),
	('LAMPA', '20', '06', '01'),
	('CABANILLA', '20', '06', '02'),
	('CALAPUJA', '20', '06', '03'),
	('NICASIO', '20', '06', '04'),
	('OCUVIRI', '20', '06', '05'),
	('PALCA', '20', '06', '06'),
	('PARATIA', '20', '06', '07'),
	('PUCARA', '20', '06', '08'),
	('SANTA LUCIA', '20', '06', '09'),
	('VILAVILA', '20', '06', '10'),
	('AYAVIRI', '20', '07', '01'),
	('ANTAUTA', '20', '07', '02'),
	('CUPI', '20', '07', '03'),
	('LLALLI', '20', '07', '04'),
	('MACARI', '20', '07', '05'),
	('NUÑOA', '20', '07', '06'),
	('ORURILLO', '20', '07', '07'),
	('SANTA ROSA', '20', '07', '08'),
	('UMACHIRI', '20', '07', '09'),
	('SANDIA', '20', '08', '01'),
	('CUYOCUYO', '20', '08', '03'),
	('LIMBANI', '20', '08', '04'),
	('PHARA', '20', '08', '05'),
	('PATAMBUCO', '20', '08', '06'),
	('QUIACA', '20', '08', '07'),
	('SAN JUAN DEL ORO', '20', '08', '08'),
	('YANAHUAYA', '20', '08', '10'),
	('ALTO INAMBARI', '20', '08', '11'),
	('SAN PEDRO DE PUTINA PUNCO', '20', '08', '12'),
	('JULIACA', '20', '09', '01'),
	('CABANA', '20', '09', '02'),
	('CABANILLAS', '20', '09', '03'),
	('CARACOTO', '20', '09', '04'),
	('YUNGUYO', '20', '10', '01'),
	('UNICACHI', '20', '10', '02'),
	('ANAPIA', '20', '10', '03'),
	('COPANI', '20', '10', '04'),
	('CUTURAPI', '20', '10', '05'),
	('OLLARAYA', '20', '10', '06'),
	('TINICACHI', '20', '10', '07'),
	('PUTINA', '20', '11', '01'),
	('PEDRO VILCA APAZA', '20', '11', '02'),
	('QUILCAPUNCU', '20', '11', '03'),
	('ANANEA', '20', '11', '04'),
	('SINA', '20', '11', '05'),
	('ILAVE', '20', '12', '01'),
	('PILCUYO', '20', '12', '02'),
	('SANTA ROSA', '20', '12', '03'),
	('CAPASO', '20', '12', '04'),
	('CONDURIRI', '20', '12', '05'),
	('MOHO', '20', '13', '01'),
	('CONIMA', '20', '13', '02'),
	('TILALI', '20', '13', '03'),
	('HUAYRAPATA', '20', '13', '04'),
	('MOYOBAMBA', '21', '01', '01'),
	('CALZADA', '21', '01', '02'),
	('HABANA', '21', '01', '03'),
	('JEPELACIO', '21', '01', '04'),
	('SORITOR', '21', '01', '05'),
	('YANTALO', '21', '01', '06'),
	('SAPOSOA', '21', '02', '01'),
	('PISCOYACU', '21', '02', '02'),
	('SACANCHE', '21', '02', '03'),
	('TINGO DE SAPOSOA', '21', '02', '04'),
	('ALTO SAPOSOA', '21', '02', '05'),
	('EL ESLABON', '21', '02', '06'),
	('LAMAS', '21', '03', '01'),
	('BARRANQUITA', '21', '03', '03'),
	('CAYNARACHI', '21', '03', '04'),
	('CUÑUMBUQUI', '21', '03', '05'),
	('PINTO RECODO', '21', '03', '06'),
	('RUMISAPA', '21', '03', '07'),
	('SHANAO', '21', '03', '11'),
	('TABALOSOS', '21', '03', '13'),
	('ZAPATERO', '21', '03', '14'),
	('ALONSO DE ALVARADO', '21', '03', '15'),
	('SAN ROQUE DE CUMBAZA', '21', '03', '16'),
	('JUANJUI', '21', '04', '01'),
	('CAMPANILLA', '21', '04', '02'),
	('HUICUNGO', '21', '04', '03'),
	('PACHIZA', '21', '04', '04'),
	('PAJARILLO', '21', '04', '05'),
	('RIOJA', '21', '05', '01'),
	('POSIC', '21', '05', '02'),
	('YORONGOS', '21', '05', '03'),
	('YURACYACU', '21', '05', '04'),
	('NUEVA CAJAMARCA', '21', '05', '05'),
	('ELIAS SOPLIN VARGAS', '21', '05', '06'),
	('SAN FERNANDO', '21', '05', '07'),
	('PARDO MIGUEL', '21', '05', '08'),
	('AWAJUN', '21', '05', '09'),
	('TARAPOTO', '21', '06', '01'),
	('ALBERTO LEVEAU', '21', '06', '02'),
	('CACATACHI', '21', '06', '04'),
	('CHAZUTA', '21', '06', '06'),
	('CHIPURANA', '21', '06', '07'),
	('EL PORVENIR', '21', '06', '08'),
	('HUIMBAYOC', '21', '06', '09'),
	('JUAN GUERRA', '21', '06', '10'),
	('MORALES', '21', '06', '11'),
	('PAPAPLAYA', '21', '06', '12'),
	('SAN ANTONIO', '21', '06', '16'),
	('SAUCE', '21', '06', '19'),
	('SHAPAJA', '21', '06', '20'),
	('LA BANDA DE SHILCAYO', '21', '06', '21'),
	('BELLAVISTA', '21', '07', '01'),
	('SAN RAFAEL', '21', '07', '02'),
	('SAN PABLO', '21', '07', '03'),
	('ALTO BIAVO', '21', '07', '04'),
	('HUALLAGA', '21', '07', '05'),
	('BAJO BIAVO', '21', '07', '06'),
	('TOCACHE', '21', '08', '01'),
	('NUEVO PROGRESO', '21', '08', '02'),
	('POLVORA', '21', '08', '03'),
	('SHUNTE', '21', '08', '04'),
	('UCHIZA', '21', '08', '05'),
	('PICOTA', '21', '09', '01'),
	('BUENOS AIRES', '21', '09', '02'),
	('CASPIZAPA', '21', '09', '03'),
	('PILLUANA', '21', '09', '04'),
	('PUCACACA', '21', '09', '05'),
	('SAN CRISTOBAL', '21', '09', '06'),
	('SAN HILARION', '21', '09', '07'),
	('TINGO DE PONASA', '21', '09', '08'),
	('TRES UNIDOS', '21', '09', '09'),
	('SHAMBOYACU', '21', '09', '10'),
	('SAN JOSE DE SISA', '21', '10', '01'),
	('AGUA BLANCA', '21', '10', '02'),
	('SHATOJA', '21', '10', '03'),
	('SAN MARTIN', '21', '10', '04'),
	('SANTA ROSA', '21', '10', '05'),
	('TACNA', '22', '01', '01'),
	('CALANA', '22', '01', '02'),
	('INCLAN', '22', '01', '04'),
	('PACHIA', '22', '01', '07'),
	('PALCA', '22', '01', '08'),
	('POCOLLAY', '22', '01', '09'),
	('SAMA', '22', '01', '10'),
	('ALTO DE LA ALIANZA', '22', '01', '11'),
	('CIUDAD NUEVA', '22', '01', '12'),
	('CORONEL GREGORIO ALBARRACIN L.', '22', '01', '13'),
	('TARATA', '22', '02', '01'),
	('HEROES ALBARRACIN', '22', '02', '05'),
	('ESTIQUE', '22', '02', '06'),
	('ESTIQUE PAMPA', '22', '02', '07'),
	('SITAJARA', '22', '02', '10'),
	('SUSAPAYA', '22', '02', '11'),
	('TARUCACHI', '22', '02', '12'),
	('TICACO', '22', '02', '13'),
	('LOCUMBA', '22', '03', '01'),
	('ITE', '22', '03', '02'),
	('ILABAYA', '22', '03', '03'),
	('CANDARAVE', '22', '04', '01'),
	('CAIRANI', '22', '04', '02'),
	('CURIBAYA', '22', '04', '03'),
	('HUANUARA', '22', '04', '04'),
	('QUILAHUANI', '22', '04', '05'),
	('CAMILACA', '22', '04', '06'),
	('TUMBES', '23', '01', '01'),
	('CORRALES', '23', '01', '02'),
	('LA CRUZ', '23', '01', '03'),
	('PAMPAS DE HOSPITAL', '23', '01', '04'),
	('SAN JACINTO', '23', '01', '05'),
	('SAN JUAN DE LA VIRGEN', '23', '01', '06'),
	('ZORRITOS', '23', '02', '01'),
	('CASITAS', '23', '02', '02'),
	('CANOAS DE PUNTA SAL', '23', '02', '03'),
	('ZARUMILLA', '23', '03', '01'),
	('MATAPALO', '23', '03', '02'),
	('PAPAYAL', '23', '03', '03'),
	('AGUAS VERDES', '23', '03', '04'),
	('CALLAO', '24', '01', '01'),
	('BELLAVISTA', '24', '01', '02'),
	('LA PUNTA', '24', '01', '03'),
	('CARMEN DE LA LEGUA-REYNOSO', '24', '01', '04'),
	('LA PERLA', '24', '01', '05'),
	('VENTANILLA', '24', '01', '06'),
	('CALLERIA', '25', '01', '01'),
	('YARINACOCHA', '25', '01', '02'),
	('MASISEA', '25', '01', '03'),
	('CAMPOVERDE', '25', '01', '04'),
	('IPARIA', '25', '01', '05'),
	('NUEVA REQUENA', '25', '01', '06'),
	('MANANTAY', '25', '01', '07'),
	('PADRE ABAD', '25', '02', '01'),
	('IRAZOLA', '25', '02', '02'),
	('CURIMANA', '25', '02', '03'),
	('RAIMONDI', '25', '03', '01'),
	('TAHUANIA', '25', '03', '02'),
	('YURUA', '25', '03', '03'),
	('SEPAHUA', '25', '03', '04'),
	('PURUS', '25', '04', '01');
/*!40000 ALTER TABLE `distrito` ENABLE KEYS */;

-- Volcando estructura para procedimiento bd_personeros.f_agregarPersonero
DELIMITER //
CREATE DEFINER=`root`@`localhost` PROCEDURE `f_agregarPersonero`(
	IN `p_dni` CHAR(8),
	IN `p_mesa` INT,
	IN `p_sexo` CHAR(1),
	IN `p_id_tipo_doc` INT,
	IN `p_ap_pat` VARCHAR(150),
	IN `p_ap_mat` VARCHAR(150),
	IN `p_nombres` VARCHAR(150),
	IN `p_id_dep` CHAR(2),
	IN `p_id_prov` CHAR(2),
	IN `p_id_distri` CHAR(2),
	IN `p_domicilio` VARCHAR(200),
	IN `p_nro_cel1` VARCHAR(30),
	IN `p_nro_cel2` VARCHAR(30),
	IN `p_nro_telef` VARCHAR(30),
	IN `p_correo` VARCHAR(30),
	IN `p_respon_dni` CHAR(8),
	IN `p_estado` CHAR(1)
,
	IN `p_nro_hoja` VARCHAR(20),
	IN `p_id_candidato` INT,
	IN `p_user` CHAR(8)

)
BEGIN
DECLARE v_buscar int;
select count(*) into v_buscar from padron where dni=p_dni;

if v_buscar=0 then
	insert into padron (dni,mesa_sufragio,sexo,id_tipo_documento,apellido_paterno,apellido_materno,nombres,id_departamento,id_provincia,id_distrito)
	values (p_dni,p_mesa,p_sexo,p_id_tipo_doc,p_ap_pat,p_ap_mat,p_nombres,p_id_dep,p_id_prov,p_id_distri);
	insert into personero (dni,domicilio,nro_celular_1,nro_celular_2,nro_telefonico,correo,responsable_dni,estado,id_candidato,usuario_respon)
	values(p_dni,p_domicilio,p_nro_cel1,p_nro_cel2,p_nro_telef,p_correo,p_respon_dni,p_estado,p_id_candidato,p_user);
	insert into nro_hojas (dni,nro_hoja) values(p_dni,p_nro_hoja);
else
	select 'PERSONERO YA INGRESADO A LA BASE DE DATOS' as mensaje;
end if;
END//
DELIMITER ;

-- Volcando estructura para procedimiento bd_personeros.f_inicio_sesion
DELIMITER //
CREATE DEFINER=`root`@`localhost` PROCEDURE `f_inicio_sesion`(
	IN `p_usuario` CHAR(8),
	IN `p_password` CHAR(32),
  IN `p_page` char(1)
)
BEGIN

DECLARE v_id_usuario CHAR(8);
DECLARE v_dni CHAR(8);

select dni into v_id_usuario 
from usuario 
where `password` = p_password and dni = p_usuario and estado = 'H';

select dni into v_dni
from personero
where dni = p_usuario and estado = 'H';

IF v_id_usuario IS NOT NULL THEN

  IF v_dni IS NOT NULL THEN

    IF p_page = 'P' THEN

      SELECT  
            200 as estado,
            u.dni, 
            UPPER(concat(p1.apellido_paterno,' ',p1.apellido_materno,' ',p1.nombres)) as nombre_usuario, 
            d.id_distrito, 
            d.nombre as nombre_distrito, 
            p2.id_provincia, 
            p2.nombre as nombre_provincia, 
            d1.id_departamento, 
            d1.nombre as nombre_departamento
      FROM usuario u 
        INNER JOIN personero p ON ( u.dni = p.dni  )  
          INNER JOIN padron p1 ON ( p.dni = p1.dni  )  
            INNER JOIN distrito d ON ( p1.id_departamento = d.id_departamento AND p1.id_provincia = d.id_provincia AND p1.id_distrito = d.id_distrito  )  
              INNER JOIN provincia p2 ON ( d.id_departamento = p2.id_departamento AND d.id_provincia = p2.id_provincia  )  
                INNER JOIN departamento d1 ON ( p2.id_departamento = d1.id_departamento  ) 
                  INNER JOIN usuario_pages up ON up.dni=u.dni 
      WHERE
        u.dni = '46705014' and up.id_pages = 1;

    ELSEIF p_page = 'A' THEN

      SELECT  
            200 as estado,
            u.dni, 
            UPPER(concat(p1.apellido_paterno,' ',p1.apellido_materno,' ',p1.nombres)) as nombre_usuario, 
            d.id_distrito, 
            d.nombre as nombre_distrito, 
            p2.id_provincia, 
            p2.nombre as nombre_provincia, 
            d1.id_departamento, 
            d1.nombre as nombre_departamento
      FROM usuario u 
        INNER JOIN personero p ON ( u.dni = p.dni  )  
          INNER JOIN padron p1 ON ( p.dni = p1.dni  )  
            INNER JOIN distrito d ON ( p1.id_departamento = d.id_departamento AND p1.id_provincia = d.id_provincia AND p1.id_distrito = d.id_distrito  )  
              INNER JOIN provincia p2 ON ( d.id_departamento = p2.id_departamento AND d.id_provincia = p2.id_provincia  )  
                INNER JOIN departamento d1 ON ( p2.id_departamento = d1.id_departamento  ) 
                  INNER JOIN usuario_pages up ON up.dni=u.dni 
      WHERE
        u.dni = '46705014' and up.id_pages = 2;

    ELSE
      SELECT 'EROR... REVISE SU USUARIO Y/O CONTRASEÑA SEAN CORRECTA' as mensaje;
    END IF;

  ELSE
    SELECT 'EROR... REVISE SU USUARIO Y/O CONTRASEÑA SEAN CORRECTA' as mensaje;
  END IF;
  
ELSE  
  SELECT 'EROR... REVISE SU USUARIO Y/O CONTRASEÑA SEAN CORRECTA' as mensaje;
END IF;

END//
DELIMITER ;

-- Volcando estructura para procedimiento bd_personeros.f_listar_cedula_distrital
DELIMITER //
CREATE DEFINER=`root`@`localhost` PROCEDURE `f_listar_cedula_distrital`(
	IN `p_usuario` CHAR(8)
)
BEGIN


SELECT cu.id_cedula, cu.id_departamento, cu.id_provincia, cu.id_distrito, cu.cedula_distrital, c.partido
FROM bd_personeros.cedula_ubigeo cu 
	INNER JOIN bd_personeros.cedula c ON ( cu.id_cedula = c.id_cedula  )  
WHERE cu.id_departamento = (
                            SELECT p1.id_departamento
                            FROM bd_personeros.personero p 
                              INNER JOIN bd_personeros.padron p1 ON ( p.dni = p1.dni  )  
                            WHERE p1.dni = p_usuario) 
and cu.id_provincia = (
                            SELECT p1.id_provincia
                            FROM bd_personeros.personero p 
                              INNER JOIN bd_personeros.padron p1 ON ( p.dni = p1.dni  )  
                            WHERE p1.dni = p_usuario) 
and cu.id_distrito=(
                            SELECT p1.id_distrito
                            FROM bd_personeros.personero p 
                              INNER JOIN bd_personeros.padron p1 ON ( p.dni = p1.dni  )  
                            WHERE p1.dni = p_usuario)
and cu.cedula_distrital = 'H';

END//
DELIMITER ;

-- Volcando estructura para procedimiento bd_personeros.f_listar_cedula_provincial
DELIMITER //
CREATE DEFINER=`root`@`localhost` PROCEDURE `f_listar_cedula_provincial`(
	IN `p_usuario` CHAR(8)
)
BEGIN


SELECT cu.id_cedula, cu.id_departamento, cu.id_provincia, cu.id_distrito, cu.cedula_provincial, c.partido
FROM bd_personeros.cedula_ubigeo cu 
	INNER JOIN bd_personeros.cedula c ON ( cu.id_cedula = c.id_cedula  )  
WHERE cu.id_departamento = (
                            SELECT p1.id_departamento
                            FROM bd_personeros.personero p 
                              INNER JOIN bd_personeros.padron p1 ON ( p.dni = p1.dni  )  
                            WHERE p1.dni = p_usuario) 
and cu.id_provincia = (
                            SELECT p1.id_provincia
                            FROM bd_personeros.personero p 
                              INNER JOIN bd_personeros.padron p1 ON ( p.dni = p1.dni  )  
                            WHERE p1.dni = p_usuario) 
and cu.id_distrito=(
                            SELECT p1.id_distrito
                            FROM bd_personeros.personero p 
                              INNER JOIN bd_personeros.padron p1 ON ( p.dni = p1.dni  )  
                            WHERE p1.dni = p_usuario)
and cu.cedula_provincial = 'H';

END//
DELIMITER ;

-- Volcando estructura para procedimiento bd_personeros.f_listar_cedula_ubigeo
DELIMITER //
CREATE DEFINER=`root`@`localhost` PROCEDURE `f_listar_cedula_ubigeo`(
	IN `p_dep` INT,
	IN `p_prov` INT,
	IN `p_dist` INT
)
BEGIN
declare v_reg int;
select count(*) into v_reg from distrito dis where dis.id_departamento=p_dep and dis.id_provincia=p_prov and dis.id_distrito=p_dist;

if v_reg=0 then
	select '440' AS MENSAJE;
else
	select id_cedula,id_departamento,id_provincia,id_distrito,cedula_provincial,cedula_distrital from cedula_ubigeo cu where cu.id_departamento=p_dep and cu.id_provincia=p_prov and cu.id_distrito=p_dist;
end if;
END//
DELIMITER ;

-- Volcando estructura para procedimiento bd_personeros.f_listar_nrohoja
DELIMITER //
CREATE DEFINER=`root`@`localhost` PROCEDURE `f_listar_nrohoja`(
	IN `p_nro_hoja` VARCHAR(20)

)
BEGIN
DECLARE v_reg int;

select count(*) into v_reg from personero where nro_hoja=p_nro_hoja;

if v_reg=0 then
	select 'NO HAY REGISTRO PARA ESTA HOJA' AS mensaje;
else
	select pe.dni,
		pa.apellido_paterno,
		pa.apellido_materno,
		pa.nombres,
		pe.domicilio,
		pe.nro_celular_1,
		pe.nro_celular_2,
		pe.nro_telefonico,
		pe.correo,
                pe.estado
	from personero pe inner join
	padron pa on pe.dni=pa.dni
	where pe.estado='H' and pe.nro_hoja=p_nro_hoja;
end if;

END//
DELIMITER ;

-- Volcando estructura para tabla bd_personeros.mesa_sufragio
CREATE TABLE IF NOT EXISTS `mesa_sufragio` (
  `numero` int(10) unsigned NOT NULL,
  `id_centro_votacion` int(10) unsigned NOT NULL,
  `id_departamento` char(2) NOT NULL,
  `id_provincia` char(2) NOT NULL,
  `id_distrito` char(2) NOT NULL,
  `estado` char(1) NOT NULL,
  PRIMARY KEY (`numero`,`id_centro_votacion`),
  KEY `idx_mesa_sufragio_id_centro_votacion` (`id_centro_votacion`),
  KEY `idx_mesa_sufragio_id_departamento` (`id_departamento`,`id_provincia`,`id_distrito`),
  CONSTRAINT `fk_mesa_sufragio_centro_votacion` FOREIGN KEY (`id_centro_votacion`) REFERENCES `centro_votacion` (`id_centro_votacion`) ON DELETE NO ACTION ON UPDATE NO ACTION
) ENGINE=InnoDB DEFAULT CHARSET=latin1;

-- Volcando datos para la tabla bd_personeros.mesa_sufragio: ~3,231 rows (aproximadamente)
/*!40000 ALTER TABLE `mesa_sufragio` DISABLE KEYS */;
INSERT INTO `mesa_sufragio` (`numero`, `id_centro_votacion`, `id_departamento`, `id_provincia`, `id_distrito`, `estado`) VALUES
	(29491, 2458, '13', '01', '01', 'H'),
	(29492, 2458, '13', '01', '01', 'H'),
	(29493, 2458, '13', '01', '01', 'H'),
	(29494, 2458, '13', '01', '01', 'H'),
	(29495, 2458, '13', '01', '01', 'H'),
	(29496, 2458, '13', '01', '01', 'H'),
	(29497, 2458, '13', '01', '01', 'H'),
	(29498, 2458, '13', '01', '01', 'H'),
	(29499, 2458, '13', '01', '01', 'H'),
	(29500, 2458, '13', '01', '01', 'H'),
	(29501, 2458, '13', '01', '01', 'H'),
	(29502, 2458, '13', '01', '01', 'H'),
	(29503, 2458, '13', '01', '01', 'H'),
	(29504, 2458, '13', '01', '01', 'H'),
	(29505, 2458, '13', '01', '01', 'H'),
	(29506, 2458, '13', '01', '01', 'H'),
	(29507, 2458, '13', '01', '01', 'H'),
	(29508, 2458, '13', '01', '01', 'H'),
	(29509, 2458, '13', '01', '01', 'H'),
	(29510, 2458, '13', '01', '01', 'H'),
	(29511, 2458, '13', '01', '01', 'H'),
	(29512, 2458, '13', '01', '01', 'H'),
	(29513, 2459, '13', '01', '01', 'H'),
	(29514, 2459, '13', '01', '01', 'H'),
	(29515, 2459, '13', '01', '01', 'H'),
	(29516, 2459, '13', '01', '01', 'H'),
	(29517, 2459, '13', '01', '01', 'H'),
	(29518, 2459, '13', '01', '01', 'H'),
	(29519, 2459, '13', '01', '01', 'H'),
	(29520, 2459, '13', '01', '01', 'H'),
	(29521, 2459, '13', '01', '01', 'H'),
	(29522, 2459, '13', '01', '01', 'H'),
	(29523, 2459, '13', '01', '01', 'H'),
	(29524, 2459, '13', '01', '01', 'H'),
	(29525, 2459, '13', '01', '01', 'H'),
	(29526, 2459, '13', '01', '01', 'H'),
	(29527, 2459, '13', '01', '01', 'H'),
	(29528, 2459, '13', '01', '01', 'H'),
	(29529, 2459, '13', '01', '01', 'H'),
	(29530, 2459, '13', '01', '01', 'H'),
	(29531, 2459, '13', '01', '01', 'H'),
	(29532, 2459, '13', '01', '01', 'H'),
	(29533, 2459, '13', '01', '01', 'H'),
	(29534, 2459, '13', '01', '01', 'H'),
	(29535, 2460, '13', '01', '01', 'H'),
	(29536, 2460, '13', '01', '01', 'H'),
	(29537, 2460, '13', '01', '01', 'H'),
	(29538, 2460, '13', '01', '01', 'H'),
	(29539, 2460, '13', '01', '01', 'H'),
	(29540, 2460, '13', '01', '01', 'H'),
	(29541, 2460, '13', '01', '01', 'H'),
	(29542, 2460, '13', '01', '01', 'H'),
	(29543, 2461, '13', '01', '01', 'H'),
	(29544, 2461, '13', '01', '01', 'H'),
	(29545, 2461, '13', '01', '01', 'H'),
	(29546, 2461, '13', '01', '01', 'H'),
	(29547, 2461, '13', '01', '01', 'H'),
	(29548, 2461, '13', '01', '01', 'H'),
	(29549, 2461, '13', '01', '01', 'H'),
	(29550, 2461, '13', '01', '01', 'H'),
	(29551, 2461, '13', '01', '01', 'H'),
	(29552, 2461, '13', '01', '01', 'H'),
	(29553, 2461, '13', '01', '01', 'H'),
	(29554, 2461, '13', '01', '01', 'H'),
	(29555, 2461, '13', '01', '01', 'H'),
	(29556, 2461, '13', '01', '01', 'H'),
	(29557, 2461, '13', '01', '01', 'H'),
	(29558, 2461, '13', '01', '01', 'H'),
	(29559, 2461, '13', '01', '01', 'H'),
	(29560, 2461, '13', '01', '01', 'H'),
	(29561, 2461, '13', '01', '01', 'H'),
	(29562, 2461, '13', '01', '01', 'H'),
	(29563, 2461, '13', '01', '01', 'H'),
	(29564, 2461, '13', '01', '01', 'H'),
	(29565, 2461, '13', '01', '01', 'H'),
	(29566, 2461, '13', '01', '01', 'H'),
	(29567, 2461, '13', '01', '01', 'H'),
	(29568, 2461, '13', '01', '01', 'H'),
	(29569, 2461, '13', '01', '01', 'H'),
	(29570, 2461, '13', '01', '01', 'H'),
	(29571, 2461, '13', '01', '01', 'H'),
	(29572, 2461, '13', '01', '01', 'H'),
	(29573, 2463, '13', '01', '01', 'H'),
	(29574, 2463, '13', '01', '01', 'H'),
	(29575, 2463, '13', '01', '01', 'H'),
	(29576, 2463, '13', '01', '01', 'H'),
	(29577, 2463, '13', '01', '01', 'H'),
	(29578, 2463, '13', '01', '01', 'H'),
	(29579, 2463, '13', '01', '01', 'H'),
	(29580, 2463, '13', '01', '01', 'H'),
	(29581, 2463, '13', '01', '01', 'H'),
	(29582, 2463, '13', '01', '01', 'H'),
	(29583, 2464, '13', '01', '01', 'H'),
	(29584, 2464, '13', '01', '01', 'H'),
	(29585, 2464, '13', '01', '01', 'H'),
	(29586, 2464, '13', '01', '01', 'H'),
	(29587, 2464, '13', '01', '01', 'H'),
	(29588, 2464, '13', '01', '01', 'H'),
	(29589, 2464, '13', '01', '01', 'H'),
	(29590, 2464, '13', '01', '01', 'H'),
	(29591, 2464, '13', '01', '01', 'H'),
	(29592, 2464, '13', '01', '01', 'H'),
	(29593, 2464, '13', '01', '01', 'H'),
	(29594, 2464, '13', '01', '01', 'H'),
	(29595, 2464, '13', '01', '01', 'H'),
	(29596, 2464, '13', '01', '01', 'H'),
	(29597, 2464, '13', '01', '01', 'H'),
	(29598, 2464, '13', '01', '01', 'H'),
	(29599, 2464, '13', '01', '01', 'H'),
	(29600, 2464, '13', '01', '01', 'H'),
	(29601, 2464, '13', '01', '01', 'H'),
	(29602, 2464, '13', '01', '01', 'H'),
	(29603, 2464, '13', '01', '01', 'H'),
	(29604, 2464, '13', '01', '01', 'H'),
	(29605, 2464, '13', '01', '01', 'H'),
	(29606, 2464, '13', '01', '01', 'H'),
	(29607, 2464, '13', '01', '01', 'H'),
	(29608, 2464, '13', '01', '01', 'H'),
	(29609, 2464, '13', '01', '01', 'H'),
	(29610, 2464, '13', '01', '01', 'H'),
	(29611, 2465, '13', '01', '01', 'H'),
	(29612, 2465, '13', '01', '01', 'H'),
	(29613, 2465, '13', '01', '01', 'H'),
	(29614, 2465, '13', '01', '01', 'H'),
	(29615, 2465, '13', '01', '01', 'H'),
	(29616, 2465, '13', '01', '01', 'H'),
	(29617, 2465, '13', '01', '01', 'H'),
	(29618, 2465, '13', '01', '01', 'H'),
	(29619, 2465, '13', '01', '01', 'H'),
	(29620, 2465, '13', '01', '01', 'H'),
	(29621, 2466, '13', '01', '01', 'H'),
	(29622, 2466, '13', '01', '01', 'H'),
	(29623, 2466, '13', '01', '01', 'H'),
	(29624, 2466, '13', '01', '01', 'H'),
	(29625, 2466, '13', '01', '01', 'H'),
	(29626, 2466, '13', '01', '01', 'H'),
	(29627, 2466, '13', '01', '01', 'H'),
	(29628, 2466, '13', '01', '01', 'H'),
	(29629, 2466, '13', '01', '01', 'H'),
	(29630, 2466, '13', '01', '01', 'H'),
	(29631, 2466, '13', '01', '01', 'H'),
	(29632, 2466, '13', '01', '01', 'H'),
	(29633, 2466, '13', '01', '01', 'H'),
	(29634, 2466, '13', '01', '01', 'H'),
	(29635, 2466, '13', '01', '01', 'H'),
	(29636, 2467, '13', '01', '01', 'H'),
	(29637, 2467, '13', '01', '01', 'H'),
	(29638, 2467, '13', '01', '01', 'H'),
	(29639, 2467, '13', '01', '01', 'H'),
	(29640, 2467, '13', '01', '01', 'H'),
	(29641, 2467, '13', '01', '01', 'H'),
	(29642, 2467, '13', '01', '01', 'H'),
	(29643, 2467, '13', '01', '01', 'H'),
	(29644, 2467, '13', '01', '01', 'H'),
	(29645, 2467, '13', '01', '01', 'H'),
	(29646, 2467, '13', '01', '01', 'H'),
	(29647, 2467, '13', '01', '01', 'H'),
	(29648, 2467, '13', '01', '01', 'H'),
	(29649, 2467, '13', '01', '01', 'H'),
	(29650, 2467, '13', '01', '01', 'H'),
	(29651, 2467, '13', '01', '01', 'H'),
	(29652, 2467, '13', '01', '01', 'H'),
	(29653, 2467, '13', '01', '01', 'H'),
	(29654, 2467, '13', '01', '01', 'H'),
	(29655, 2467, '13', '01', '01', 'H'),
	(29656, 2467, '13', '01', '01', 'H'),
	(29657, 2467, '13', '01', '01', 'H'),
	(29658, 2467, '13', '01', '01', 'H'),
	(29659, 2467, '13', '01', '01', 'H'),
	(29660, 2467, '13', '01', '01', 'H'),
	(29661, 2467, '13', '01', '01', 'H'),
	(29662, 2467, '13', '01', '01', 'H'),
	(29663, 2467, '13', '01', '01', 'H'),
	(29664, 2468, '13', '01', '01', 'H'),
	(29665, 2468, '13', '01', '01', 'H'),
	(29666, 2468, '13', '01', '01', 'H'),
	(29667, 2468, '13', '01', '01', 'H'),
	(29668, 2468, '13', '01', '01', 'H'),
	(29669, 2468, '13', '01', '01', 'H'),
	(29670, 2468, '13', '01', '01', 'H'),
	(29671, 2468, '13', '01', '01', 'H'),
	(29672, 2468, '13', '01', '01', 'H'),
	(29673, 2468, '13', '01', '01', 'H'),
	(29674, 2468, '13', '01', '01', 'H'),
	(29675, 2468, '13', '01', '01', 'H'),
	(29676, 2468, '13', '01', '01', 'H'),
	(29677, 2468, '13', '01', '01', 'H'),
	(29678, 2468, '13', '01', '01', 'H'),
	(29679, 2468, '13', '01', '01', 'H'),
	(29680, 2468, '13', '01', '01', 'H'),
	(29681, 2468, '13', '01', '01', 'H'),
	(29682, 2468, '13', '01', '01', 'H'),
	(29683, 2468, '13', '01', '01', 'H'),
	(29684, 2468, '13', '01', '01', 'H'),
	(29685, 2468, '13', '01', '01', 'H'),
	(29686, 2468, '13', '01', '01', 'H'),
	(29687, 2468, '13', '01', '01', 'H'),
	(29688, 2468, '13', '01', '01', 'H'),
	(29689, 2468, '13', '01', '01', 'H'),
	(29690, 2468, '13', '01', '01', 'H'),
	(29691, 2468, '13', '01', '01', 'H'),
	(29692, 2469, '13', '01', '01', 'H'),
	(29693, 2469, '13', '01', '01', 'H'),
	(29694, 2469, '13', '01', '01', 'H'),
	(29695, 2469, '13', '01', '01', 'H'),
	(29696, 2469, '13', '01', '01', 'H'),
	(29697, 2469, '13', '01', '01', 'H'),
	(29698, 2470, '13', '01', '01', 'H'),
	(29699, 2470, '13', '01', '01', 'H'),
	(29700, 2470, '13', '01', '01', 'H'),
	(29701, 2470, '13', '01', '01', 'H'),
	(29702, 2470, '13', '01', '01', 'H'),
	(29703, 2470, '13', '01', '01', 'H'),
	(29704, 2470, '13', '01', '01', 'H'),
	(29705, 2470, '13', '01', '01', 'H'),
	(29706, 2472, '13', '01', '01', 'H'),
	(29707, 2472, '13', '01', '01', 'H'),
	(29708, 2472, '13', '01', '01', 'H'),
	(29709, 2472, '13', '01', '01', 'H'),
	(29710, 2472, '13', '01', '01', 'H'),
	(29711, 2472, '13', '01', '01', 'H'),
	(29712, 2472, '13', '01', '01', 'H'),
	(29713, 2472, '13', '01', '01', 'H'),
	(29714, 2472, '13', '01', '01', 'H'),
	(29715, 2472, '13', '01', '01', 'H'),
	(29716, 2472, '13', '01', '01', 'H'),
	(29717, 2472, '13', '01', '01', 'H'),
	(29718, 2473, '13', '01', '01', 'H'),
	(29719, 2473, '13', '01', '01', 'H'),
	(29720, 2473, '13', '01', '01', 'H'),
	(29721, 2473, '13', '01', '01', 'H'),
	(29722, 2473, '13', '01', '01', 'H'),
	(29723, 2473, '13', '01', '01', 'H'),
	(29724, 2473, '13', '01', '01', 'H'),
	(29725, 2473, '13', '01', '01', 'H'),
	(29726, 2473, '13', '01', '01', 'H'),
	(29727, 2473, '13', '01', '01', 'H'),
	(29728, 2473, '13', '01', '01', 'H'),
	(29729, 2473, '13', '01', '01', 'H'),
	(29730, 2473, '13', '01', '01', 'H'),
	(29731, 2473, '13', '01', '01', 'H'),
	(29732, 2473, '13', '01', '01', 'H'),
	(29733, 2473, '13', '01', '01', 'H'),
	(29734, 2473, '13', '01', '01', 'H'),
	(29735, 2473, '13', '01', '01', 'H'),
	(29736, 2473, '13', '01', '01', 'H'),
	(29737, 2473, '13', '01', '01', 'H'),
	(29738, 2473, '13', '01', '01', 'H'),
	(29739, 2473, '13', '01', '01', 'H'),
	(29740, 2473, '13', '01', '01', 'H'),
	(29741, 2473, '13', '01', '01', 'H'),
	(29742, 2473, '13', '01', '01', 'H'),
	(29743, 2473, '13', '01', '01', 'H'),
	(29744, 2473, '13', '01', '01', 'H'),
	(29745, 2473, '13', '01', '01', 'H'),
	(29746, 2473, '13', '01', '01', 'H'),
	(29747, 2473, '13', '01', '01', 'H'),
	(29748, 2474, '13', '01', '01', 'H'),
	(29749, 2474, '13', '01', '01', 'H'),
	(29750, 2474, '13', '01', '01', 'H'),
	(29751, 2474, '13', '01', '01', 'H'),
	(29752, 2474, '13', '01', '01', 'H'),
	(29753, 2474, '13', '01', '01', 'H'),
	(29754, 2474, '13', '01', '01', 'H'),
	(29755, 2474, '13', '01', '01', 'H'),
	(29756, 2474, '13', '01', '01', 'H'),
	(29757, 2474, '13', '01', '01', 'H'),
	(29758, 2474, '13', '01', '01', 'H'),
	(29759, 2474, '13', '01', '01', 'H'),
	(29760, 2474, '13', '01', '01', 'H'),
	(29761, 2474, '13', '01', '01', 'H'),
	(29762, 2475, '13', '01', '01', 'H'),
	(29763, 2475, '13', '01', '01', 'H'),
	(29764, 2475, '13', '01', '01', 'H'),
	(29765, 2475, '13', '01', '01', 'H'),
	(29766, 2475, '13', '01', '01', 'H'),
	(29767, 2475, '13', '01', '01', 'H'),
	(29768, 2475, '13', '01', '01', 'H'),
	(29769, 2475, '13', '01', '01', 'H'),
	(29770, 2475, '13', '01', '01', 'H'),
	(29771, 2475, '13', '01', '01', 'H'),
	(29772, 2475, '13', '01', '01', 'H'),
	(29773, 2475, '13', '01', '01', 'H'),
	(29774, 2475, '13', '01', '01', 'H'),
	(29775, 2475, '13', '01', '01', 'H'),
	(29776, 2476, '13', '01', '01', 'H'),
	(29777, 2476, '13', '01', '01', 'H'),
	(29778, 2476, '13', '01', '01', 'H'),
	(29779, 2476, '13', '01', '01', 'H'),
	(29780, 2476, '13', '01', '01', 'H'),
	(29781, 2476, '13', '01', '01', 'H'),
	(29782, 2476, '13', '01', '01', 'H'),
	(29783, 2476, '13', '01', '01', 'H'),
	(29784, 2476, '13', '01', '01', 'H'),
	(29785, 2476, '13', '01', '01', 'H'),
	(29786, 2476, '13', '01', '01', 'H'),
	(29787, 2476, '13', '01', '01', 'H'),
	(29788, 2477, '13', '01', '01', 'H'),
	(29789, 2477, '13', '01', '01', 'H'),
	(29790, 2477, '13', '01', '01', 'H'),
	(29791, 2477, '13', '01', '01', 'H'),
	(29792, 2477, '13', '01', '01', 'H'),
	(29793, 2477, '13', '01', '01', 'H'),
	(29794, 2477, '13', '01', '01', 'H'),
	(29795, 2477, '13', '01', '01', 'H'),
	(29796, 2477, '13', '01', '01', 'H'),
	(29797, 2477, '13', '01', '01', 'H'),
	(29798, 2477, '13', '01', '01', 'H'),
	(29799, 2477, '13', '01', '01', 'H'),
	(29800, 2477, '13', '01', '01', 'H'),
	(29801, 2477, '13', '01', '01', 'H'),
	(29802, 2477, '13', '01', '01', 'H'),
	(29803, 2477, '13', '01', '01', 'H'),
	(29804, 2477, '13', '01', '01', 'H'),
	(29805, 2477, '13', '01', '01', 'H'),
	(29806, 2477, '13', '01', '01', 'H'),
	(29807, 2477, '13', '01', '01', 'H'),
	(29808, 2477, '13', '01', '01', 'H'),
	(29809, 2477, '13', '01', '01', 'H'),
	(29810, 2477, '13', '01', '01', 'H'),
	(29811, 2477, '13', '01', '01', 'H'),
	(29812, 2478, '13', '01', '01', 'H'),
	(29813, 2478, '13', '01', '01', 'H'),
	(29814, 2478, '13', '01', '01', 'H'),
	(29815, 2478, '13', '01', '01', 'H'),
	(29816, 2478, '13', '01', '01', 'H'),
	(29817, 2478, '13', '01', '01', 'H'),
	(29818, 2478, '13', '01', '01', 'H'),
	(29819, 2478, '13', '01', '01', 'H'),
	(29820, 2478, '13', '01', '01', 'H'),
	(29821, 2478, '13', '01', '01', 'H'),
	(29822, 2478, '13', '01', '01', 'H'),
	(29823, 2478, '13', '01', '01', 'H'),
	(29824, 2478, '13', '01', '01', 'H'),
	(29825, 2478, '13', '01', '01', 'H'),
	(29826, 2478, '13', '01', '01', 'H'),
	(29827, 2478, '13', '01', '01', 'H'),
	(29828, 2479, '13', '01', '01', 'H'),
	(29829, 2479, '13', '01', '01', 'H'),
	(29830, 2479, '13', '01', '01', 'H'),
	(29831, 2479, '13', '01', '01', 'H'),
	(29832, 2479, '13', '01', '01', 'H'),
	(29833, 2479, '13', '01', '01', 'H'),
	(29834, 2479, '13', '01', '01', 'H'),
	(29835, 2479, '13', '01', '01', 'H'),
	(29836, 2479, '13', '01', '01', 'H'),
	(29837, 2479, '13', '01', '01', 'H'),
	(29838, 2479, '13', '01', '01', 'H'),
	(29839, 2479, '13', '01', '01', 'H'),
	(29840, 2479, '13', '01', '01', 'H'),
	(29841, 2479, '13', '01', '01', 'H'),
	(29842, 2479, '13', '01', '01', 'H'),
	(29843, 2479, '13', '01', '01', 'H'),
	(29844, 2479, '13', '01', '01', 'H'),
	(29845, 2479, '13', '01', '01', 'H'),
	(29846, 2479, '13', '01', '01', 'H'),
	(29847, 2479, '13', '01', '01', 'H'),
	(29848, 2479, '13', '01', '01', 'H'),
	(29849, 2480, '13', '01', '01', 'H'),
	(29850, 2480, '13', '01', '01', 'H'),
	(29851, 2480, '13', '01', '01', 'H'),
	(29852, 2480, '13', '01', '01', 'H'),
	(29853, 2480, '13', '01', '01', 'H'),
	(29854, 2480, '13', '01', '01', 'H'),
	(29855, 2480, '13', '01', '01', 'H'),
	(29856, 2480, '13', '01', '01', 'H'),
	(29857, 2480, '13', '01', '01', 'H'),
	(29858, 2480, '13', '01', '01', 'H'),
	(29859, 2480, '13', '01', '01', 'H'),
	(29860, 2480, '13', '01', '01', 'H'),
	(29861, 2480, '13', '01', '01', 'H'),
	(29862, 2480, '13', '01', '01', 'H'),
	(29863, 2480, '13', '01', '01', 'H'),
	(29864, 2480, '13', '01', '01', 'H'),
	(29865, 2480, '13', '01', '01', 'H'),
	(29866, 2480, '13', '01', '01', 'H'),
	(29867, 2480, '13', '01', '01', 'H'),
	(29868, 2480, '13', '01', '01', 'H'),
	(29869, 2480, '13', '01', '01', 'H'),
	(29870, 2480, '13', '01', '01', 'H'),
	(29871, 2480, '13', '01', '01', 'H'),
	(29872, 2480, '13', '01', '01', 'H'),
	(29873, 2480, '13', '01', '01', 'H'),
	(29874, 2480, '13', '01', '01', 'H'),
	(29875, 2480, '13', '01', '01', 'H'),
	(29876, 2480, '13', '01', '01', 'H'),
	(29877, 2480, '13', '01', '01', 'H'),
	(29878, 2480, '13', '01', '01', 'H'),
	(29879, 2480, '13', '01', '01', 'H'),
	(29880, 2480, '13', '01', '01', 'H'),
	(29881, 2480, '13', '01', '01', 'H'),
	(29882, 2480, '13', '01', '01', 'H'),
	(29883, 2480, '13', '01', '01', 'H'),
	(29884, 2480, '13', '01', '01', 'H'),
	(29885, 2480, '13', '01', '01', 'H'),
	(29886, 2480, '13', '01', '01', 'H'),
	(29887, 2480, '13', '01', '01', 'H'),
	(29888, 2480, '13', '01', '01', 'H'),
	(29889, 2480, '13', '01', '01', 'H'),
	(29890, 2480, '13', '01', '01', 'H'),
	(29891, 2480, '13', '01', '01', 'H'),
	(29892, 2480, '13', '01', '01', 'H'),
	(29893, 2480, '13', '01', '01', 'H'),
	(29894, 2480, '13', '01', '01', 'H'),
	(29895, 2480, '13', '01', '01', 'H'),
	(29896, 2480, '13', '01', '01', 'H'),
	(29897, 2481, '13', '01', '01', 'H'),
	(29898, 2481, '13', '01', '01', 'H'),
	(29899, 2481, '13', '01', '01', 'H'),
	(29900, 2481, '13', '01', '01', 'H'),
	(29901, 2481, '13', '01', '01', 'H'),
	(29902, 2481, '13', '01', '01', 'H'),
	(29903, 2481, '13', '01', '01', 'H'),
	(29904, 2481, '13', '01', '01', 'H'),
	(29905, 2481, '13', '01', '01', 'H'),
	(29906, 2481, '13', '01', '01', 'H'),
	(29907, 2481, '13', '01', '01', 'H'),
	(29908, 2481, '13', '01', '01', 'H'),
	(29909, 2481, '13', '01', '01', 'H'),
	(29910, 2481, '13', '01', '01', 'H'),
	(29911, 2481, '13', '01', '01', 'H'),
	(29912, 2481, '13', '01', '01', 'H'),
	(29913, 2482, '13', '01', '01', 'H'),
	(29914, 2482, '13', '01', '01', 'H'),
	(29915, 2482, '13', '01', '01', 'H'),
	(29916, 2482, '13', '01', '01', 'H'),
	(29917, 2482, '13', '01', '01', 'H'),
	(29918, 2482, '13', '01', '01', 'H'),
	(29919, 2482, '13', '01', '01', 'H'),
	(29920, 2482, '13', '01', '01', 'H'),
	(29921, 2482, '13', '01', '01', 'H'),
	(29922, 2482, '13', '01', '01', 'H'),
	(29923, 2482, '13', '01', '01', 'H'),
	(29924, 2482, '13', '01', '01', 'H'),
	(29925, 2482, '13', '01', '01', 'H'),
	(29926, 2482, '13', '01', '01', 'H'),
	(29927, 2482, '13', '01', '01', 'H'),
	(29928, 2482, '13', '01', '01', 'H'),
	(29929, 2482, '13', '01', '01', 'H'),
	(29930, 2482, '13', '01', '01', 'H'),
	(29931, 2482, '13', '01', '01', 'H'),
	(29932, 2482, '13', '01', '01', 'H'),
	(29933, 2482, '13', '01', '01', 'H'),
	(29934, 2482, '13', '01', '01', 'H'),
	(29935, 2482, '13', '01', '01', 'H'),
	(29936, 2482, '13', '01', '01', 'H'),
	(29937, 2482, '13', '01', '01', 'H'),
	(29938, 2482, '13', '01', '01', 'H'),
	(29939, 2482, '13', '01', '01', 'H'),
	(29940, 2482, '13', '01', '01', 'H'),
	(29941, 2482, '13', '01', '01', 'H'),
	(29942, 2482, '13', '01', '01', 'H'),
	(29943, 2483, '13', '01', '01', 'H'),
	(29944, 2483, '13', '01', '01', 'H'),
	(29945, 2483, '13', '01', '01', 'H'),
	(29946, 2483, '13', '01', '01', 'H'),
	(29947, 2483, '13', '01', '01', 'H'),
	(29948, 2483, '13', '01', '01', 'H'),
	(29949, 2483, '13', '01', '01', 'H'),
	(29950, 2483, '13', '01', '01', 'H'),
	(29951, 2484, '13', '01', '01', 'H'),
	(29952, 2484, '13', '01', '01', 'H'),
	(29953, 2484, '13', '01', '01', 'H'),
	(29954, 2484, '13', '01', '01', 'H'),
	(29955, 2484, '13', '01', '01', 'H'),
	(29956, 2484, '13', '01', '01', 'H'),
	(29957, 2484, '13', '01', '01', 'H'),
	(29958, 2484, '13', '01', '01', 'H'),
	(29959, 2484, '13', '01', '01', 'H'),
	(29960, 2484, '13', '01', '01', 'H'),
	(29961, 2484, '13', '01', '01', 'H'),
	(29962, 2484, '13', '01', '01', 'H'),
	(29963, 2484, '13', '01', '01', 'H'),
	(29964, 2484, '13', '01', '01', 'H'),
	(29965, 2484, '13', '01', '01', 'H'),
	(29966, 2484, '13', '01', '01', 'H'),
	(29967, 2484, '13', '01', '01', 'H'),
	(29968, 2484, '13', '01', '01', 'H'),
	(29969, 2484, '13', '01', '01', 'H'),
	(29970, 2484, '13', '01', '01', 'H'),
	(29971, 2485, '13', '01', '01', 'H'),
	(29972, 2485, '13', '01', '01', 'H'),
	(29973, 2485, '13', '01', '01', 'H'),
	(29974, 2485, '13', '01', '01', 'H'),
	(29975, 2485, '13', '01', '01', 'H'),
	(29976, 2485, '13', '01', '01', 'H'),
	(29977, 2485, '13', '01', '01', 'H'),
	(29978, 2485, '13', '01', '01', 'H'),
	(29979, 2485, '13', '01', '01', 'H'),
	(29980, 2485, '13', '01', '01', 'H'),
	(29981, 2485, '13', '01', '01', 'H'),
	(29982, 2485, '13', '01', '01', 'H'),
	(29983, 2485, '13', '01', '01', 'H'),
	(29984, 2485, '13', '01', '01', 'H'),
	(29985, 2486, '13', '01', '01', 'H'),
	(29986, 2486, '13', '01', '01', 'H'),
	(29987, 2486, '13', '01', '01', 'H'),
	(29988, 2486, '13', '01', '01', 'H'),
	(29989, 2486, '13', '01', '01', 'H'),
	(29990, 2486, '13', '01', '01', 'H'),
	(29991, 2486, '13', '01', '01', 'H'),
	(29992, 2486, '13', '01', '01', 'H'),
	(29993, 2486, '13', '01', '01', 'H'),
	(29994, 2486, '13', '01', '01', 'H'),
	(29995, 2486, '13', '01', '01', 'H'),
	(29996, 2486, '13', '01', '01', 'H'),
	(29997, 2487, '13', '01', '01', 'H'),
	(29998, 2487, '13', '01', '01', 'H'),
	(29999, 2487, '13', '01', '01', 'H'),
	(30000, 2487, '13', '01', '01', 'H'),
	(30001, 2487, '13', '01', '01', 'H'),
	(30002, 2487, '13', '01', '01', 'H'),
	(30003, 2487, '13', '01', '01', 'H'),
	(30004, 2487, '13', '01', '01', 'H'),
	(30005, 2487, '13', '01', '01', 'H'),
	(30006, 2487, '13', '01', '01', 'H'),
	(30007, 2487, '13', '01', '01', 'H'),
	(30008, 2487, '13', '01', '01', 'H'),
	(30009, 2487, '13', '01', '01', 'H'),
	(30010, 2487, '13', '01', '01', 'H'),
	(30011, 2487, '13', '01', '01', 'H'),
	(30012, 2487, '13', '01', '01', 'H'),
	(30013, 2487, '13', '01', '01', 'H'),
	(30014, 2487, '13', '01', '01', 'H'),
	(30015, 2487, '13', '01', '01', 'H'),
	(30016, 2487, '13', '01', '01', 'H'),
	(30017, 2487, '13', '01', '01', 'H'),
	(30018, 2487, '13', '01', '01', 'H'),
	(30019, 2487, '13', '01', '01', 'H'),
	(30020, 2487, '13', '01', '01', 'H'),
	(30021, 2487, '13', '01', '01', 'H'),
	(30022, 2487, '13', '01', '01', 'H'),
	(30023, 2487, '13', '01', '01', 'H'),
	(30024, 2487, '13', '01', '01', 'H'),
	(30025, 2487, '13', '01', '01', 'H'),
	(30026, 2487, '13', '01', '01', 'H'),
	(30027, 2488, '13', '01', '01', 'H'),
	(30028, 2488, '13', '01', '01', 'H'),
	(30029, 2488, '13', '01', '01', 'H'),
	(30030, 2488, '13', '01', '01', 'H'),
	(30031, 2488, '13', '01', '01', 'H'),
	(30032, 2488, '13', '01', '01', 'H'),
	(30033, 2488, '13', '01', '01', 'H'),
	(30034, 2488, '13', '01', '01', 'H'),
	(30035, 2488, '13', '01', '01', 'H'),
	(30036, 2488, '13', '01', '01', 'H'),
	(30037, 2488, '13', '01', '01', 'H'),
	(30038, 2488, '13', '01', '01', 'H'),
	(30039, 2488, '13', '01', '01', 'H'),
	(30040, 2488, '13', '01', '01', 'H'),
	(30041, 2488, '13', '01', '01', 'H'),
	(30042, 2488, '13', '01', '01', 'H'),
	(30043, 2488, '13', '01', '01', 'H'),
	(30044, 2488, '13', '01', '01', 'H'),
	(30045, 2488, '13', '01', '01', 'H'),
	(30046, 2488, '13', '01', '01', 'H'),
	(30047, 2488, '13', '01', '01', 'H'),
	(30048, 2488, '13', '01', '01', 'H'),
	(30049, 2488, '13', '01', '01', 'H'),
	(30050, 2488, '13', '01', '01', 'H'),
	(30051, 2488, '13', '01', '01', 'H'),
	(30052, 2488, '13', '01', '01', 'H'),
	(30053, 2488, '13', '01', '01', 'H'),
	(30054, 2488, '13', '01', '01', 'H'),
	(30055, 2488, '13', '01', '01', 'H'),
	(30056, 2488, '13', '01', '01', 'H'),
	(30057, 2488, '13', '01', '01', 'H'),
	(30058, 2488, '13', '01', '01', 'H'),
	(30059, 2488, '13', '01', '01', 'H'),
	(30060, 2488, '13', '01', '01', 'H'),
	(30061, 2490, '13', '01', '01', 'H'),
	(30062, 2490, '13', '01', '01', 'H'),
	(30063, 2490, '13', '01', '01', 'H'),
	(30064, 2490, '13', '01', '01', 'H'),
	(30065, 2490, '13', '01', '01', 'H'),
	(30066, 2490, '13', '01', '01', 'H'),
	(30067, 2490, '13', '01', '01', 'H'),
	(30068, 2490, '13', '01', '01', 'H'),
	(30069, 2490, '13', '01', '01', 'H'),
	(30070, 2490, '13', '01', '01', 'H'),
	(30071, 2490, '13', '01', '01', 'H'),
	(30072, 2490, '13', '01', '01', 'H'),
	(30073, 2490, '13', '01', '01', 'H'),
	(30074, 2490, '13', '01', '01', 'H'),
	(30075, 2490, '13', '01', '01', 'H'),
	(30076, 2490, '13', '01', '01', 'H'),
	(30077, 2490, '13', '01', '01', 'H'),
	(30078, 2490, '13', '01', '01', 'H'),
	(30079, 2490, '13', '01', '01', 'H'),
	(30080, 2490, '13', '01', '01', 'H'),
	(30081, 2491, '13', '01', '01', 'H'),
	(30082, 2491, '13', '01', '01', 'H'),
	(30083, 2491, '13', '01', '01', 'H'),
	(30084, 2491, '13', '01', '01', 'H'),
	(30085, 2491, '13', '01', '01', 'H'),
	(30086, 2491, '13', '01', '01', 'H'),
	(30087, 2491, '13', '01', '01', 'H'),
	(30088, 2491, '13', '01', '01', 'H'),
	(30089, 2491, '13', '01', '01', 'H'),
	(30090, 2491, '13', '01', '01', 'H'),
	(30091, 2492, '13', '01', '01', 'H'),
	(30092, 2492, '13', '01', '01', 'H'),
	(30093, 2492, '13', '01', '01', 'H'),
	(30094, 2492, '13', '01', '01', 'H'),
	(30095, 2492, '13', '01', '01', 'H'),
	(30096, 2492, '13', '01', '01', 'H'),
	(30097, 2492, '13', '01', '01', 'H'),
	(30098, 2492, '13', '01', '01', 'H'),
	(30099, 2492, '13', '01', '01', 'H'),
	(30100, 2492, '13', '01', '01', 'H'),
	(30101, 2492, '13', '01', '01', 'H'),
	(30102, 2492, '13', '01', '01', 'H'),
	(30103, 2492, '13', '01', '01', 'H'),
	(30104, 2492, '13', '01', '01', 'H'),
	(30105, 2492, '13', '01', '01', 'H'),
	(30106, 2492, '13', '01', '01', 'H'),
	(30107, 2492, '13', '01', '01', 'H'),
	(30108, 2492, '13', '01', '01', 'H'),
	(30109, 2493, '13', '01', '01', 'H'),
	(30110, 2493, '13', '01', '01', 'H'),
	(30111, 2493, '13', '01', '01', 'H'),
	(30112, 2493, '13', '01', '01', 'H'),
	(30113, 2493, '13', '01', '01', 'H'),
	(30114, 2493, '13', '01', '01', 'H'),
	(30115, 2493, '13', '01', '01', 'H'),
	(30116, 2493, '13', '01', '01', 'H'),
	(30117, 2493, '13', '01', '01', 'H'),
	(30118, 2493, '13', '01', '01', 'H'),
	(30119, 2493, '13', '01', '01', 'H'),
	(30120, 2493, '13', '01', '01', 'H'),
	(30121, 2493, '13', '01', '01', 'H'),
	(30122, 2493, '13', '01', '01', 'H'),
	(30123, 2493, '13', '01', '01', 'H'),
	(30124, 2493, '13', '01', '01', 'H'),
	(30125, 2493, '13', '01', '01', 'H'),
	(30126, 2494, '13', '01', '01', 'H'),
	(30127, 2494, '13', '01', '01', 'H'),
	(30128, 2494, '13', '01', '01', 'H'),
	(30129, 2494, '13', '01', '01', 'H'),
	(30130, 2494, '13', '01', '01', 'H'),
	(30131, 2494, '13', '01', '01', 'H'),
	(30132, 2494, '13', '01', '01', 'H'),
	(30133, 2494, '13', '01', '01', 'H'),
	(30134, 2494, '13', '01', '01', 'H'),
	(30135, 2494, '13', '01', '01', 'H'),
	(30136, 2494, '13', '01', '01', 'H'),
	(30137, 2494, '13', '01', '01', 'H'),
	(30138, 2494, '13', '01', '01', 'H'),
	(30139, 2494, '13', '01', '01', 'H'),
	(30140, 2494, '13', '01', '01', 'H'),
	(30141, 2494, '13', '01', '01', 'H'),
	(30142, 2494, '13', '01', '01', 'H'),
	(30143, 2494, '13', '01', '01', 'H'),
	(30144, 2494, '13', '01', '01', 'H'),
	(30145, 2494, '13', '01', '01', 'H'),
	(30146, 2494, '13', '01', '01', 'H'),
	(30147, 2494, '13', '01', '01', 'H'),
	(30148, 2494, '13', '01', '01', 'H'),
	(30149, 2494, '13', '01', '01', 'H'),
	(30150, 2494, '13', '01', '01', 'H'),
	(30151, 2494, '13', '01', '01', 'H'),
	(30152, 2494, '13', '01', '01', 'H'),
	(30153, 2494, '13', '01', '01', 'H'),
	(30154, 2494, '13', '01', '01', 'H'),
	(30155, 2494, '13', '01', '01', 'H'),
	(30156, 2494, '13', '01', '01', 'H'),
	(30157, 2494, '13', '01', '01', 'H'),
	(30158, 2494, '13', '01', '01', 'H'),
	(30159, 2494, '13', '01', '01', 'H'),
	(30160, 2494, '13', '01', '01', 'H'),
	(30161, 2494, '13', '01', '01', 'H'),
	(30162, 2494, '13', '01', '01', 'H'),
	(30163, 2494, '13', '01', '01', 'H'),
	(30164, 2494, '13', '01', '01', 'H'),
	(30165, 2494, '13', '01', '01', 'H'),
	(30166, 2494, '13', '01', '01', 'H'),
	(30167, 2494, '13', '01', '01', 'H'),
	(30168, 2494, '13', '01', '01', 'H'),
	(30169, 2494, '13', '01', '01', 'H'),
	(30170, 2494, '13', '01', '01', 'H'),
	(30171, 2494, '13', '01', '01', 'H'),
	(30172, 2494, '13', '01', '01', 'H'),
	(30173, 2494, '13', '01', '01', 'H'),
	(30174, 2494, '13', '01', '01', 'H'),
	(30175, 2494, '13', '01', '01', 'H'),
	(30176, 2494, '13', '01', '01', 'H'),
	(30177, 2494, '13', '01', '01', 'H'),
	(30178, 2494, '13', '01', '01', 'H'),
	(30179, 2494, '13', '01', '01', 'H'),
	(30180, 2494, '13', '01', '01', 'H'),
	(30181, 2494, '13', '01', '01', 'H'),
	(30182, 2494, '13', '01', '01', 'H'),
	(30183, 2494, '13', '01', '01', 'H'),
	(30184, 2494, '13', '01', '01', 'H'),
	(30185, 2494, '13', '01', '01', 'H'),
	(30186, 2494, '13', '01', '01', 'H'),
	(30187, 2494, '13', '01', '01', 'H'),
	(30188, 2495, '13', '01', '01', 'H'),
	(30189, 2495, '13', '01', '01', 'H'),
	(30190, 2495, '13', '01', '01', 'H'),
	(30191, 2495, '13', '01', '01', 'H'),
	(30192, 2495, '13', '01', '01', 'H'),
	(30193, 2495, '13', '01', '01', 'H'),
	(30194, 2495, '13', '01', '01', 'H'),
	(30195, 2495, '13', '01', '01', 'H'),
	(30196, 2495, '13', '01', '01', 'H'),
	(30197, 2495, '13', '01', '01', 'H'),
	(30198, 2495, '13', '01', '01', 'H'),
	(30199, 2495, '13', '01', '01', 'H'),
	(30200, 2495, '13', '01', '01', 'H'),
	(30201, 2495, '13', '01', '01', 'H'),
	(30202, 2495, '13', '01', '01', 'H'),
	(30203, 2495, '13', '01', '01', 'H'),
	(30204, 2495, '13', '01', '01', 'H'),
	(30205, 2495, '13', '01', '01', 'H'),
	(30206, 2495, '13', '01', '01', 'H'),
	(30207, 2495, '13', '01', '01', 'H'),
	(30208, 2495, '13', '01', '01', 'H'),
	(30209, 2495, '13', '01', '01', 'H'),
	(30210, 2495, '13', '01', '01', 'H'),
	(30211, 2495, '13', '01', '01', 'H'),
	(30212, 2495, '13', '01', '01', 'H'),
	(30213, 2495, '13', '01', '01', 'H'),
	(30214, 2495, '13', '01', '01', 'H'),
	(30215, 2495, '13', '01', '01', 'H'),
	(30216, 2495, '13', '01', '01', 'H'),
	(30217, 2495, '13', '01', '01', 'H'),
	(30218, 2495, '13', '01', '01', 'H'),
	(30219, 2495, '13', '01', '01', 'H'),
	(30220, 2495, '13', '01', '01', 'H'),
	(30221, 2495, '13', '01', '01', 'H'),
	(30222, 2495, '13', '01', '01', 'H'),
	(30223, 2495, '13', '01', '01', 'H'),
	(30224, 2495, '13', '01', '01', 'H'),
	(30225, 2495, '13', '01', '01', 'H'),
	(30226, 2495, '13', '01', '01', 'H'),
	(30227, 2495, '13', '01', '01', 'H'),
	(30228, 2495, '13', '01', '01', 'H'),
	(30229, 2495, '13', '01', '01', 'H'),
	(30230, 2495, '13', '01', '01', 'H'),
	(30231, 2495, '13', '01', '01', 'H'),
	(30232, 2495, '13', '01', '01', 'H'),
	(30233, 2495, '13', '01', '01', 'H'),
	(30234, 2495, '13', '01', '01', 'H'),
	(30235, 2495, '13', '01', '01', 'H'),
	(30236, 2495, '13', '01', '01', 'H'),
	(30237, 2495, '13', '01', '01', 'H'),
	(30238, 2495, '13', '01', '01', 'H'),
	(30239, 2495, '13', '01', '01', 'H'),
	(30240, 2495, '13', '01', '01', 'H'),
	(30241, 2495, '13', '01', '01', 'H'),
	(30242, 2496, '13', '01', '01', 'H'),
	(30243, 2496, '13', '01', '01', 'H'),
	(30244, 2496, '13', '01', '01', 'H'),
	(30245, 2496, '13', '01', '01', 'H'),
	(30246, 2496, '13', '01', '01', 'H'),
	(30247, 2496, '13', '01', '01', 'H'),
	(30248, 2496, '13', '01', '01', 'H'),
	(30249, 2496, '13', '01', '01', 'H'),
	(30250, 2497, '13', '01', '01', 'H'),
	(30251, 2497, '13', '01', '01', 'H'),
	(30252, 2497, '13', '01', '01', 'H'),
	(30253, 2497, '13', '01', '01', 'H'),
	(30254, 2497, '13', '01', '01', 'H'),
	(30255, 2497, '13', '01', '01', 'H'),
	(30256, 2497, '13', '01', '01', 'H'),
	(30257, 2497, '13', '01', '01', 'H'),
	(30258, 2497, '13', '01', '01', 'H'),
	(30259, 2497, '13', '01', '01', 'H'),
	(30260, 2497, '13', '01', '01', 'H'),
	(30261, 5425, '13', '01', '01', 'H'),
	(30262, 5425, '13', '01', '01', 'H'),
	(30263, 5425, '13', '01', '01', 'H'),
	(30264, 5425, '13', '01', '01', 'H'),
	(30265, 5425, '13', '01', '01', 'H'),
	(30266, 5425, '13', '01', '01', 'H'),
	(30267, 5425, '13', '01', '01', 'H'),
	(30268, 5425, '13', '01', '01', 'H'),
	(30269, 5425, '13', '01', '01', 'H'),
	(30270, 5425, '13', '01', '01', 'H'),
	(30271, 5425, '13', '01', '01', 'H'),
	(30272, 5425, '13', '01', '01', 'H'),
	(30273, 5425, '13', '01', '01', 'H'),
	(30274, 5425, '13', '01', '01', 'H'),
	(30275, 5425, '13', '01', '01', 'H'),
	(30276, 5425, '13', '01', '01', 'H'),
	(30277, 5425, '13', '01', '01', 'H'),
	(30278, 5425, '13', '01', '01', 'H'),
	(30279, 5425, '13', '01', '01', 'H'),
	(30280, 5425, '13', '01', '01', 'H'),
	(30281, 5425, '13', '01', '01', 'H'),
	(30282, 5425, '13', '01', '01', 'H'),
	(30283, 5425, '13', '01', '01', 'H'),
	(30284, 5425, '13', '01', '01', 'H'),
	(30285, 5425, '13', '01', '01', 'H'),
	(30286, 5425, '13', '01', '01', 'H'),
	(30287, 5425, '13', '01', '01', 'H'),
	(30288, 5425, '13', '01', '01', 'H'),
	(30289, 5425, '13', '01', '01', 'H'),
	(30290, 5425, '13', '01', '01', 'H'),
	(30291, 5425, '13', '01', '01', 'H'),
	(30292, 5425, '13', '01', '01', 'H'),
	(30293, 5425, '13', '01', '01', 'H'),
	(30294, 5425, '13', '01', '01', 'H'),
	(30295, 5425, '13', '01', '01', 'H'),
	(30296, 5425, '13', '01', '01', 'H'),
	(30297, 5425, '13', '01', '01', 'H'),
	(30298, 5425, '13', '01', '01', 'H'),
	(30299, 5425, '13', '01', '01', 'H'),
	(30300, 5425, '13', '01', '01', 'H'),
	(30301, 5425, '13', '01', '01', 'H'),
	(30302, 5425, '13', '01', '01', 'H'),
	(30303, 5425, '13', '01', '01', 'H'),
	(30304, 5425, '13', '01', '01', 'H'),
	(30305, 5425, '13', '01', '01', 'H'),
	(30306, 5425, '13', '01', '01', 'H'),
	(30307, 5425, '13', '01', '01', 'H'),
	(30308, 5425, '13', '01', '01', 'H'),
	(30309, 5425, '13', '01', '01', 'H'),
	(30310, 5425, '13', '01', '01', 'H'),
	(30311, 5425, '13', '01', '01', 'H'),
	(30312, 5425, '13', '01', '01', 'H'),
	(30313, 5425, '13', '01', '01', 'H'),
	(30314, 5425, '13', '01', '01', 'H'),
	(30315, 5425, '13', '01', '01', 'H'),
	(30316, 5425, '13', '01', '01', 'H'),
	(30317, 5425, '13', '01', '01', 'H'),
	(30318, 5425, '13', '01', '01', 'H'),
	(30319, 5425, '13', '01', '01', 'H'),
	(30320, 5425, '13', '01', '01', 'H'),
	(30321, 5425, '13', '01', '01', 'H'),
	(30322, 5425, '13', '01', '01', 'H'),
	(30323, 5425, '13', '01', '01', 'H'),
	(30324, 5425, '13', '01', '01', 'H'),
	(30325, 7245, '13', '01', '01', 'H'),
	(30326, 7245, '13', '01', '01', 'H'),
	(30327, 7245, '13', '01', '01', 'H'),
	(30328, 7245, '13', '01', '01', 'H'),
	(30329, 7245, '13', '01', '01', 'H'),
	(30330, 7245, '13', '01', '01', 'H'),
	(30331, 7245, '13', '01', '01', 'H'),
	(30332, 7245, '13', '01', '01', 'H'),
	(30333, 7245, '13', '01', '01', 'H'),
	(30334, 7245, '13', '01', '01', 'H'),
	(30335, 7245, '13', '01', '01', 'H'),
	(30336, 7245, '13', '01', '01', 'H'),
	(30337, 7245, '13', '01', '01', 'H'),
	(30338, 7245, '13', '01', '01', 'H'),
	(30339, 7245, '13', '01', '01', 'H'),
	(30340, 7245, '13', '01', '01', 'H'),
	(30341, 7245, '13', '01', '01', 'H'),
	(30342, 7245, '13', '01', '01', 'H'),
	(30343, 2499, '13', '01', '02', 'H'),
	(30344, 2499, '13', '01', '02', 'H'),
	(30345, 2499, '13', '01', '02', 'H'),
	(30346, 2499, '13', '01', '02', 'H'),
	(30347, 2499, '13', '01', '02', 'H'),
	(30348, 2499, '13', '01', '02', 'H'),
	(30349, 2499, '13', '01', '02', 'H'),
	(30350, 2499, '13', '01', '02', 'H'),
	(30351, 2499, '13', '01', '02', 'H'),
	(30352, 2499, '13', '01', '02', 'H'),
	(30353, 2502, '13', '01', '02', 'H'),
	(30354, 2502, '13', '01', '02', 'H'),
	(30355, 2502, '13', '01', '02', 'H'),
	(30356, 2502, '13', '01', '02', 'H'),
	(30357, 2502, '13', '01', '02', 'H'),
	(30358, 2502, '13', '01', '02', 'H'),
	(30359, 2502, '13', '01', '02', 'H'),
	(30360, 5804, '13', '01', '02', 'H'),
	(30361, 5804, '13', '01', '02', 'H'),
	(30362, 5804, '13', '01', '02', 'H'),
	(30363, 5804, '13', '01', '02', 'H'),
	(30364, 5804, '13', '01', '02', 'H'),
	(30365, 5804, '13', '01', '02', 'H'),
	(30366, 5804, '13', '01', '02', 'H'),
	(30367, 5804, '13', '01', '02', 'H'),
	(30368, 5804, '13', '01', '02', 'H'),
	(30369, 5804, '13', '01', '02', 'H'),
	(30370, 5804, '13', '01', '02', 'H'),
	(30371, 5804, '13', '01', '02', 'H'),
	(30372, 5804, '13', '01', '02', 'H'),
	(30373, 5804, '13', '01', '02', 'H'),
	(30374, 5804, '13', '01', '02', 'H'),
	(30375, 5804, '13', '01', '02', 'H'),
	(30376, 5804, '13', '01', '02', 'H'),
	(30377, 5804, '13', '01', '02', 'H'),
	(30378, 5804, '13', '01', '02', 'H'),
	(30379, 5804, '13', '01', '02', 'H'),
	(30380, 5804, '13', '01', '02', 'H'),
	(30381, 5804, '13', '01', '02', 'H'),
	(30382, 5804, '13', '01', '02', 'H'),
	(30383, 5804, '13', '01', '02', 'H'),
	(30384, 5804, '13', '01', '02', 'H'),
	(30385, 5804, '13', '01', '02', 'H'),
	(30386, 5804, '13', '01', '02', 'H'),
	(30387, 5804, '13', '01', '02', 'H'),
	(30388, 5804, '13', '01', '02', 'H'),
	(30389, 5804, '13', '01', '02', 'H'),
	(30390, 2503, '13', '01', '03', 'H'),
	(30391, 2503, '13', '01', '03', 'H'),
	(30392, 2503, '13', '01', '03', 'H'),
	(30393, 2503, '13', '01', '03', 'H'),
	(30394, 2503, '13', '01', '03', 'H'),
	(30395, 2503, '13', '01', '03', 'H'),
	(30396, 2503, '13', '01', '03', 'H'),
	(30397, 2503, '13', '01', '03', 'H'),
	(30398, 2503, '13', '01', '03', 'H'),
	(30399, 2503, '13', '01', '03', 'H'),
	(30400, 2503, '13', '01', '03', 'H'),
	(30401, 2503, '13', '01', '03', 'H'),
	(30402, 2503, '13', '01', '03', 'H'),
	(30403, 2503, '13', '01', '03', 'H'),
	(30404, 2503, '13', '01', '03', 'H'),
	(30405, 2503, '13', '01', '03', 'H'),
	(30406, 2503, '13', '01', '03', 'H'),
	(30407, 2503, '13', '01', '03', 'H'),
	(30408, 2503, '13', '01', '03', 'H'),
	(30409, 2503, '13', '01', '03', 'H'),
	(30410, 2503, '13', '01', '03', 'H'),
	(30411, 2503, '13', '01', '03', 'H'),
	(30412, 2503, '13', '01', '03', 'H'),
	(30413, 2503, '13', '01', '03', 'H'),
	(30414, 2503, '13', '01', '03', 'H'),
	(30415, 2503, '13', '01', '03', 'H'),
	(30416, 2503, '13', '01', '03', 'H'),
	(30417, 2503, '13', '01', '03', 'H'),
	(30418, 2503, '13', '01', '03', 'H'),
	(30419, 2503, '13', '01', '03', 'H'),
	(30420, 2503, '13', '01', '03', 'H'),
	(30421, 2505, '13', '01', '04', 'H'),
	(30422, 2505, '13', '01', '04', 'H'),
	(30423, 2505, '13', '01', '04', 'H'),
	(30424, 2505, '13', '01', '04', 'H'),
	(30425, 2505, '13', '01', '04', 'H'),
	(30426, 2505, '13', '01', '04', 'H'),
	(30427, 2505, '13', '01', '04', 'H'),
	(30428, 2505, '13', '01', '04', 'H'),
	(30429, 2506, '13', '01', '05', 'H'),
	(30430, 2506, '13', '01', '05', 'H'),
	(30431, 2506, '13', '01', '05', 'H'),
	(30432, 2506, '13', '01', '05', 'H'),
	(30433, 2506, '13', '01', '05', 'H'),
	(30434, 2506, '13', '01', '05', 'H'),
	(30435, 2506, '13', '01', '05', 'H'),
	(30436, 2506, '13', '01', '05', 'H'),
	(30437, 2506, '13', '01', '05', 'H'),
	(30438, 2506, '13', '01', '05', 'H'),
	(30439, 2506, '13', '01', '05', 'H'),
	(30440, 2506, '13', '01', '05', 'H'),
	(30441, 2506, '13', '01', '05', 'H'),
	(30442, 2506, '13', '01', '05', 'H'),
	(30443, 2506, '13', '01', '05', 'H'),
	(30444, 2506, '13', '01', '05', 'H'),
	(30445, 5817, '13', '01', '05', 'H'),
	(30446, 5817, '13', '01', '05', 'H'),
	(30447, 5817, '13', '01', '05', 'H'),
	(30448, 5817, '13', '01', '05', 'H'),
	(30449, 5817, '13', '01', '05', 'H'),
	(30450, 5817, '13', '01', '05', 'H'),
	(30451, 5817, '13', '01', '05', 'H'),
	(30452, 5817, '13', '01', '05', 'H'),
	(30453, 5817, '13', '01', '05', 'H'),
	(30454, 2508, '13', '01', '06', 'H'),
	(30455, 2508, '13', '01', '06', 'H'),
	(30456, 2508, '13', '01', '06', 'H'),
	(30457, 2508, '13', '01', '06', 'H'),
	(30458, 2508, '13', '01', '06', 'H'),
	(30459, 2508, '13', '01', '06', 'H'),
	(30460, 2508, '13', '01', '06', 'H'),
	(30461, 2508, '13', '01', '06', 'H'),
	(30462, 2508, '13', '01', '06', 'H'),
	(30463, 2508, '13', '01', '06', 'H'),
	(30464, 2508, '13', '01', '06', 'H'),
	(30465, 2508, '13', '01', '06', 'H'),
	(30466, 2508, '13', '01', '06', 'H'),
	(30467, 2508, '13', '01', '06', 'H'),
	(30468, 2508, '13', '01', '06', 'H'),
	(30469, 2508, '13', '01', '06', 'H'),
	(30470, 2508, '13', '01', '06', 'H'),
	(30471, 2508, '13', '01', '06', 'H'),
	(30472, 2508, '13', '01', '06', 'H'),
	(30473, 2508, '13', '01', '06', 'H'),
	(30474, 2508, '13', '01', '06', 'H'),
	(30475, 2508, '13', '01', '06', 'H'),
	(30476, 2508, '13', '01', '06', 'H'),
	(30477, 2508, '13', '01', '06', 'H'),
	(30478, 2508, '13', '01', '06', 'H'),
	(30479, 2508, '13', '01', '06', 'H'),
	(30480, 2508, '13', '01', '06', 'H'),
	(30481, 2508, '13', '01', '06', 'H'),
	(30482, 2508, '13', '01', '06', 'H'),
	(30483, 2508, '13', '01', '06', 'H'),
	(30484, 2508, '13', '01', '06', 'H'),
	(30485, 2508, '13', '01', '06', 'H'),
	(30486, 2508, '13', '01', '06', 'H'),
	(30487, 2508, '13', '01', '06', 'H'),
	(30488, 2508, '13', '01', '06', 'H'),
	(30489, 2508, '13', '01', '06', 'H'),
	(30490, 2508, '13', '01', '06', 'H'),
	(30491, 2509, '13', '01', '06', 'H'),
	(30492, 2509, '13', '01', '06', 'H'),
	(30493, 2509, '13', '01', '06', 'H'),
	(30494, 2509, '13', '01', '06', 'H'),
	(30495, 2509, '13', '01', '06', 'H'),
	(30496, 2509, '13', '01', '06', 'H'),
	(30497, 2509, '13', '01', '06', 'H'),
	(30498, 2509, '13', '01', '06', 'H'),
	(30499, 2509, '13', '01', '06', 'H'),
	(30500, 2509, '13', '01', '06', 'H'),
	(30501, 2509, '13', '01', '06', 'H'),
	(30502, 2509, '13', '01', '06', 'H'),
	(30503, 2509, '13', '01', '06', 'H'),
	(30504, 2509, '13', '01', '06', 'H'),
	(30505, 2509, '13', '01', '06', 'H'),
	(30506, 2509, '13', '01', '06', 'H'),
	(30507, 2509, '13', '01', '06', 'H'),
	(30508, 2510, '13', '01', '06', 'H'),
	(30509, 2510, '13', '01', '06', 'H'),
	(30510, 2510, '13', '01', '06', 'H'),
	(30511, 2510, '13', '01', '06', 'H'),
	(30512, 2510, '13', '01', '06', 'H'),
	(30513, 2510, '13', '01', '06', 'H'),
	(30514, 2510, '13', '01', '06', 'H'),
	(30515, 2510, '13', '01', '06', 'H'),
	(30516, 2510, '13', '01', '06', 'H'),
	(30517, 2510, '13', '01', '06', 'H'),
	(30518, 2510, '13', '01', '06', 'H'),
	(30519, 2510, '13', '01', '06', 'H'),
	(30520, 2510, '13', '01', '06', 'H'),
	(30521, 2510, '13', '01', '06', 'H'),
	(30522, 2510, '13', '01', '06', 'H'),
	(30523, 2510, '13', '01', '06', 'H'),
	(30524, 2510, '13', '01', '06', 'H'),
	(30525, 2510, '13', '01', '06', 'H'),
	(30526, 2510, '13', '01', '06', 'H'),
	(30527, 2510, '13', '01', '06', 'H'),
	(30528, 2510, '13', '01', '06', 'H'),
	(30529, 2510, '13', '01', '06', 'H'),
	(30530, 2511, '13', '01', '06', 'H'),
	(30531, 2511, '13', '01', '06', 'H'),
	(30532, 2511, '13', '01', '06', 'H'),
	(30533, 2511, '13', '01', '06', 'H'),
	(30534, 2511, '13', '01', '06', 'H'),
	(30535, 2511, '13', '01', '06', 'H'),
	(30536, 2511, '13', '01', '06', 'H'),
	(30537, 2511, '13', '01', '06', 'H'),
	(30538, 2511, '13', '01', '06', 'H'),
	(30539, 2511, '13', '01', '06', 'H'),
	(30540, 2511, '13', '01', '06', 'H'),
	(30541, 2511, '13', '01', '06', 'H'),
	(30542, 2511, '13', '01', '06', 'H'),
	(30543, 2511, '13', '01', '06', 'H'),
	(30544, 2511, '13', '01', '06', 'H'),
	(30545, 2512, '13', '01', '07', 'H'),
	(30546, 2512, '13', '01', '07', 'H'),
	(30547, 2512, '13', '01', '07', 'H'),
	(30548, 2512, '13', '01', '07', 'H'),
	(30549, 2512, '13', '01', '07', 'H'),
	(30550, 2512, '13', '01', '07', 'H'),
	(30551, 2512, '13', '01', '07', 'H'),
	(30552, 2512, '13', '01', '07', 'H'),
	(30553, 2513, '13', '01', '08', 'H'),
	(30554, 2513, '13', '01', '08', 'H'),
	(30555, 2513, '13', '01', '08', 'H'),
	(30556, 2513, '13', '01', '08', 'H'),
	(30557, 2513, '13', '01', '08', 'H'),
	(30558, 2513, '13', '01', '08', 'H'),
	(30559, 2513, '13', '01', '08', 'H'),
	(30560, 2513, '13', '01', '08', 'H'),
	(30561, 2513, '13', '01', '08', 'H'),
	(30562, 2513, '13', '01', '08', 'H'),
	(30563, 2513, '13', '01', '08', 'H'),
	(30564, 2513, '13', '01', '08', 'H'),
	(30565, 2513, '13', '01', '08', 'H'),
	(30566, 2513, '13', '01', '08', 'H'),
	(30567, 2514, '13', '01', '08', 'H'),
	(30568, 2514, '13', '01', '08', 'H'),
	(30569, 2514, '13', '01', '08', 'H'),
	(30570, 2514, '13', '01', '08', 'H'),
	(30571, 2514, '13', '01', '08', 'H'),
	(30572, 2514, '13', '01', '08', 'H'),
	(30573, 2514, '13', '01', '08', 'H'),
	(30574, 2515, '13', '01', '09', 'H'),
	(30575, 2515, '13', '01', '09', 'H'),
	(30576, 2515, '13', '01', '09', 'H'),
	(30577, 2515, '13', '01', '09', 'H'),
	(30578, 2515, '13', '01', '09', 'H'),
	(30579, 2515, '13', '01', '09', 'H'),
	(30580, 2515, '13', '01', '09', 'H'),
	(30581, 2515, '13', '01', '09', 'H'),
	(30582, 2516, '13', '01', '09', 'H'),
	(30583, 2516, '13', '01', '09', 'H'),
	(30584, 2516, '13', '01', '09', 'H'),
	(30585, 2516, '13', '01', '09', 'H'),
	(30586, 2516, '13', '01', '09', 'H'),
	(30587, 2516, '13', '01', '09', 'H'),
	(30588, 2516, '13', '01', '09', 'H'),
	(30589, 2516, '13', '01', '09', 'H'),
	(30590, 2516, '13', '01', '09', 'H'),
	(30591, 2516, '13', '01', '09', 'H'),
	(30592, 2516, '13', '01', '09', 'H'),
	(30593, 2516, '13', '01', '09', 'H'),
	(30594, 2516, '13', '01', '09', 'H'),
	(30595, 2516, '13', '01', '09', 'H'),
	(30596, 2516, '13', '01', '09', 'H'),
	(30597, 2516, '13', '01', '09', 'H'),
	(30598, 2517, '13', '01', '10', 'H'),
	(30599, 2517, '13', '01', '10', 'H'),
	(30600, 2517, '13', '01', '10', 'H'),
	(30601, 2517, '13', '01', '10', 'H'),
	(30602, 2517, '13', '01', '10', 'H'),
	(30603, 2517, '13', '01', '10', 'H'),
	(30604, 2517, '13', '01', '10', 'H'),
	(30605, 2517, '13', '01', '10', 'H'),
	(30606, 2517, '13', '01', '10', 'H'),
	(30607, 2517, '13', '01', '10', 'H'),
	(30608, 2517, '13', '01', '10', 'H'),
	(30609, 2517, '13', '01', '10', 'H'),
	(30610, 2517, '13', '01', '10', 'H'),
	(30611, 2517, '13', '01', '10', 'H'),
	(30612, 2517, '13', '01', '10', 'H'),
	(30613, 2517, '13', '01', '10', 'H'),
	(30614, 2517, '13', '01', '10', 'H'),
	(30615, 2517, '13', '01', '10', 'H'),
	(30616, 2517, '13', '01', '10', 'H'),
	(30617, 2517, '13', '01', '10', 'H'),
	(30618, 2517, '13', '01', '10', 'H'),
	(30619, 2517, '13', '01', '10', 'H'),
	(30620, 2517, '13', '01', '10', 'H'),
	(30621, 2518, '13', '01', '10', 'H'),
	(30622, 2518, '13', '01', '10', 'H'),
	(30623, 2518, '13', '01', '10', 'H'),
	(30624, 2518, '13', '01', '10', 'H'),
	(30625, 2518, '13', '01', '10', 'H'),
	(30626, 2518, '13', '01', '10', 'H'),
	(30627, 2519, '13', '01', '10', 'H'),
	(30628, 2519, '13', '01', '10', 'H'),
	(30629, 2519, '13', '01', '10', 'H'),
	(30630, 2519, '13', '01', '10', 'H'),
	(30631, 2519, '13', '01', '10', 'H'),
	(30632, 2519, '13', '01', '10', 'H'),
	(30633, 2519, '13', '01', '10', 'H'),
	(30634, 2519, '13', '01', '10', 'H'),
	(30635, 2519, '13', '01', '10', 'H'),
	(30636, 2519, '13', '01', '10', 'H'),
	(30637, 2519, '13', '01', '10', 'H'),
	(30638, 2519, '13', '01', '10', 'H'),
	(30639, 2519, '13', '01', '10', 'H'),
	(30640, 2519, '13', '01', '10', 'H'),
	(30641, 2519, '13', '01', '10', 'H'),
	(30642, 2519, '13', '01', '10', 'H'),
	(30643, 2519, '13', '01', '10', 'H'),
	(30644, 2519, '13', '01', '10', 'H'),
	(30645, 2519, '13', '01', '10', 'H'),
	(30646, 2519, '13', '01', '10', 'H'),
	(30647, 2519, '13', '01', '10', 'H'),
	(30648, 2519, '13', '01', '10', 'H'),
	(30649, 2519, '13', '01', '10', 'H'),
	(30650, 2519, '13', '01', '10', 'H'),
	(30651, 2519, '13', '01', '10', 'H'),
	(30652, 2520, '13', '01', '10', 'H'),
	(30653, 2520, '13', '01', '10', 'H'),
	(30654, 2520, '13', '01', '10', 'H'),
	(30655, 2520, '13', '01', '10', 'H'),
	(30656, 2520, '13', '01', '10', 'H'),
	(30657, 2520, '13', '01', '10', 'H'),
	(30658, 2520, '13', '01', '10', 'H'),
	(30659, 2520, '13', '01', '10', 'H'),
	(30660, 2520, '13', '01', '10', 'H'),
	(30661, 2520, '13', '01', '10', 'H'),
	(30662, 2520, '13', '01', '10', 'H'),
	(30663, 2520, '13', '01', '10', 'H'),
	(30664, 2520, '13', '01', '10', 'H'),
	(30665, 2520, '13', '01', '10', 'H'),
	(30666, 2520, '13', '01', '10', 'H'),
	(30667, 2521, '13', '01', '11', 'H'),
	(30668, 2521, '13', '01', '11', 'H'),
	(30669, 2521, '13', '01', '11', 'H'),
	(30670, 2521, '13', '01', '11', 'H'),
	(30671, 2521, '13', '01', '11', 'H'),
	(30672, 2521, '13', '01', '11', 'H'),
	(30673, 2521, '13', '01', '11', 'H'),
	(30674, 2521, '13', '01', '11', 'H'),
	(30675, 2521, '13', '01', '11', 'H'),
	(30676, 2521, '13', '01', '11', 'H'),
	(30677, 2521, '13', '01', '11', 'H'),
	(30678, 2521, '13', '01', '11', 'H'),
	(30679, 2521, '13', '01', '11', 'H'),
	(30680, 2521, '13', '01', '11', 'H'),
	(30681, 2521, '13', '01', '11', 'H'),
	(30682, 2521, '13', '01', '11', 'H'),
	(30683, 2521, '13', '01', '11', 'H'),
	(30684, 7246, '13', '01', '11', 'H'),
	(30685, 7246, '13', '01', '11', 'H'),
	(30686, 7246, '13', '01', '11', 'H'),
	(30687, 7246, '13', '01', '11', 'H'),
	(30688, 7246, '13', '01', '11', 'H'),
	(30689, 7246, '13', '01', '11', 'H'),
	(30690, 7246, '13', '01', '11', 'H'),
	(30691, 7246, '13', '01', '11', 'H'),
	(30692, 7246, '13', '01', '11', 'H'),
	(30693, 7246, '13', '01', '11', 'H'),
	(30694, 7246, '13', '01', '11', 'H'),
	(30695, 7246, '13', '01', '11', 'H'),
	(30696, 7246, '13', '01', '11', 'H'),
	(30697, 7246, '13', '01', '11', 'H'),
	(30698, 7246, '13', '01', '11', 'H'),
	(30699, 7246, '13', '01', '11', 'H'),
	(30700, 7246, '13', '01', '11', 'H'),
	(30701, 7246, '13', '01', '11', 'H'),
	(30702, 7246, '13', '01', '11', 'H'),
	(30703, 7246, '13', '01', '11', 'H'),
	(30704, 7246, '13', '01', '11', 'H'),
	(30705, 7246, '13', '01', '11', 'H'),
	(30706, 2524, '13', '01', '12', 'H'),
	(30707, 2524, '13', '01', '12', 'H'),
	(30708, 2524, '13', '01', '12', 'H'),
	(30709, 2524, '13', '01', '12', 'H'),
	(30710, 2524, '13', '01', '12', 'H'),
	(30711, 2524, '13', '01', '12', 'H'),
	(30712, 2524, '13', '01', '12', 'H'),
	(30713, 2524, '13', '01', '12', 'H'),
	(30714, 2524, '13', '01', '12', 'H'),
	(30715, 2524, '13', '01', '12', 'H'),
	(30716, 2524, '13', '01', '12', 'H'),
	(30717, 2524, '13', '01', '12', 'H'),
	(30718, 2524, '13', '01', '12', 'H'),
	(30719, 2524, '13', '01', '12', 'H'),
	(30720, 2524, '13', '01', '12', 'H'),
	(30721, 2524, '13', '01', '12', 'H'),
	(30722, 2524, '13', '01', '12', 'H'),
	(30723, 2524, '13', '01', '12', 'H'),
	(30724, 2524, '13', '01', '12', 'H'),
	(30725, 2524, '13', '01', '12', 'H'),
	(30726, 2524, '13', '01', '12', 'H'),
	(30727, 2524, '13', '01', '12', 'H'),
	(30728, 2524, '13', '01', '12', 'H'),
	(30729, 2525, '13', '01', '12', 'H'),
	(30730, 2525, '13', '01', '12', 'H'),
	(30731, 2525, '13', '01', '12', 'H'),
	(30732, 2525, '13', '01', '12', 'H'),
	(30733, 2525, '13', '01', '12', 'H'),
	(30734, 2525, '13', '01', '12', 'H'),
	(30735, 2525, '13', '01', '12', 'H'),
	(30736, 2525, '13', '01', '12', 'H'),
	(30737, 2525, '13', '01', '12', 'H'),
	(30738, 2525, '13', '01', '12', 'H'),
	(30739, 2525, '13', '01', '12', 'H'),
	(30740, 2525, '13', '01', '12', 'H'),
	(30741, 2525, '13', '01', '12', 'H'),
	(30742, 2525, '13', '01', '12', 'H'),
	(30743, 2525, '13', '01', '12', 'H'),
	(30744, 2525, '13', '01', '12', 'H'),
	(30745, 2525, '13', '01', '12', 'H'),
	(30746, 2526, '13', '01', '12', 'H'),
	(30747, 2526, '13', '01', '12', 'H'),
	(30748, 2526, '13', '01', '12', 'H'),
	(30749, 2526, '13', '01', '12', 'H'),
	(30750, 2526, '13', '01', '12', 'H'),
	(30751, 2526, '13', '01', '12', 'H'),
	(30752, 2526, '13', '01', '12', 'H'),
	(30753, 2526, '13', '01', '12', 'H'),
	(30754, 2526, '13', '01', '12', 'H'),
	(30755, 2526, '13', '01', '12', 'H'),
	(30756, 2526, '13', '01', '12', 'H'),
	(30757, 2526, '13', '01', '12', 'H'),
	(30758, 2526, '13', '01', '12', 'H'),
	(30759, 2526, '13', '01', '12', 'H'),
	(30760, 2526, '13', '01', '12', 'H'),
	(30761, 2526, '13', '01', '12', 'H'),
	(30762, 2526, '13', '01', '12', 'H'),
	(30763, 2526, '13', '01', '12', 'H'),
	(30764, 2526, '13', '01', '12', 'H'),
	(30765, 2526, '13', '01', '12', 'H'),
	(30766, 2526, '13', '01', '12', 'H'),
	(30767, 2526, '13', '01', '12', 'H'),
	(30768, 2526, '13', '01', '12', 'H'),
	(30769, 2526, '13', '01', '12', 'H'),
	(30770, 2526, '13', '01', '12', 'H'),
	(30771, 2526, '13', '01', '12', 'H'),
	(30772, 2526, '13', '01', '12', 'H'),
	(30773, 2526, '13', '01', '12', 'H'),
	(30774, 2526, '13', '01', '12', 'H'),
	(30775, 2526, '13', '01', '12', 'H'),
	(30776, 2526, '13', '01', '12', 'H'),
	(30777, 2526, '13', '01', '12', 'H'),
	(30778, 2526, '13', '01', '12', 'H'),
	(30779, 2526, '13', '01', '12', 'H'),
	(30780, 2526, '13', '01', '12', 'H'),
	(30781, 2526, '13', '01', '12', 'H'),
	(30782, 2526, '13', '01', '12', 'H'),
	(30783, 2526, '13', '01', '12', 'H'),
	(30784, 2526, '13', '01', '12', 'H'),
	(30785, 2526, '13', '01', '12', 'H'),
	(30786, 2526, '13', '01', '12', 'H'),
	(30787, 2526, '13', '01', '12', 'H'),
	(30788, 2526, '13', '01', '12', 'H'),
	(30789, 2526, '13', '01', '12', 'H'),
	(30790, 2526, '13', '01', '12', 'H'),
	(30791, 2526, '13', '01', '12', 'H'),
	(30792, 2526, '13', '01', '12', 'H'),
	(30793, 2526, '13', '01', '12', 'H'),
	(30794, 2526, '13', '01', '12', 'H'),
	(30795, 2526, '13', '01', '12', 'H'),
	(30796, 2526, '13', '01', '12', 'H'),
	(30797, 2526, '13', '01', '12', 'H'),
	(30798, 2526, '13', '01', '12', 'H'),
	(30799, 2526, '13', '01', '12', 'H'),
	(30800, 2526, '13', '01', '12', 'H'),
	(30801, 2526, '13', '01', '12', 'H'),
	(30802, 2526, '13', '01', '12', 'H'),
	(30803, 2527, '13', '01', '12', 'H'),
	(30804, 2527, '13', '01', '12', 'H'),
	(30805, 2527, '13', '01', '12', 'H'),
	(30806, 2527, '13', '01', '12', 'H'),
	(30807, 2527, '13', '01', '12', 'H'),
	(30808, 2527, '13', '01', '12', 'H'),
	(30809, 2527, '13', '01', '12', 'H'),
	(30810, 2527, '13', '01', '12', 'H'),
	(30811, 2527, '13', '01', '12', 'H'),
	(30812, 2527, '13', '01', '12', 'H'),
	(30813, 2527, '13', '01', '12', 'H'),
	(30814, 2527, '13', '01', '12', 'H'),
	(30815, 2527, '13', '01', '12', 'H'),
	(30816, 2527, '13', '01', '12', 'H'),
	(30817, 2527, '13', '01', '12', 'H'),
	(30818, 2527, '13', '01', '12', 'H'),
	(30819, 2527, '13', '01', '12', 'H'),
	(30820, 2527, '13', '01', '12', 'H'),
	(30821, 2527, '13', '01', '12', 'H'),
	(30822, 2527, '13', '01', '12', 'H'),
	(30823, 2527, '13', '01', '12', 'H'),
	(30824, 2527, '13', '01', '12', 'H'),
	(30825, 2527, '13', '01', '12', 'H'),
	(30826, 2527, '13', '01', '12', 'H'),
	(30827, 2527, '13', '01', '12', 'H'),
	(30828, 2527, '13', '01', '12', 'H'),
	(30829, 2528, '13', '01', '12', 'H'),
	(30830, 2528, '13', '01', '12', 'H'),
	(30831, 2528, '13', '01', '12', 'H'),
	(30832, 2528, '13', '01', '12', 'H'),
	(30833, 2528, '13', '01', '12', 'H'),
	(30834, 2528, '13', '01', '12', 'H'),
	(30835, 2529, '13', '01', '12', 'H'),
	(30836, 2529, '13', '01', '12', 'H'),
	(30837, 2529, '13', '01', '12', 'H'),
	(30838, 2529, '13', '01', '12', 'H'),
	(30839, 2529, '13', '01', '12', 'H'),
	(30840, 2529, '13', '01', '12', 'H'),
	(30841, 2529, '13', '01', '12', 'H'),
	(30842, 2529, '13', '01', '12', 'H'),
	(30843, 2529, '13', '01', '12', 'H'),
	(30844, 2529, '13', '01', '12', 'H'),
	(30845, 2529, '13', '01', '12', 'H'),
	(30846, 2529, '13', '01', '12', 'H'),
	(30847, 2529, '13', '01', '12', 'H'),
	(30848, 2529, '13', '01', '12', 'H'),
	(30849, 2530, '13', '01', '12', 'H'),
	(30850, 2530, '13', '01', '12', 'H'),
	(30851, 2530, '13', '01', '12', 'H'),
	(30852, 2530, '13', '01', '12', 'H'),
	(30853, 2530, '13', '01', '12', 'H'),
	(30854, 2530, '13', '01', '12', 'H'),
	(30855, 2530, '13', '01', '12', 'H'),
	(30856, 2530, '13', '01', '12', 'H'),
	(30857, 2530, '13', '01', '12', 'H'),
	(30858, 2530, '13', '01', '12', 'H'),
	(30859, 2530, '13', '01', '12', 'H'),
	(30860, 2530, '13', '01', '12', 'H'),
	(30861, 2530, '13', '01', '12', 'H'),
	(30862, 2530, '13', '01', '12', 'H'),
	(30863, 2530, '13', '01', '12', 'H'),
	(30864, 2531, '13', '01', '12', 'H'),
	(30865, 2531, '13', '01', '12', 'H'),
	(30866, 2531, '13', '01', '12', 'H'),
	(30867, 2531, '13', '01', '12', 'H'),
	(30868, 2531, '13', '01', '12', 'H'),
	(30869, 2531, '13', '01', '12', 'H'),
	(30870, 2531, '13', '01', '12', 'H'),
	(30871, 2531, '13', '01', '12', 'H'),
	(30872, 2531, '13', '01', '12', 'H'),
	(30873, 2531, '13', '01', '12', 'H'),
	(30874, 2531, '13', '01', '12', 'H'),
	(30875, 2531, '13', '01', '12', 'H'),
	(30876, 2531, '13', '01', '12', 'H'),
	(30877, 2531, '13', '01', '12', 'H'),
	(30878, 2531, '13', '01', '12', 'H'),
	(30879, 2531, '13', '01', '12', 'H'),
	(30880, 2531, '13', '01', '12', 'H'),
	(30881, 2531, '13', '01', '12', 'H'),
	(30882, 2531, '13', '01', '12', 'H'),
	(30883, 2531, '13', '01', '12', 'H'),
	(30884, 2531, '13', '01', '12', 'H'),
	(30885, 2531, '13', '01', '12', 'H'),
	(30886, 2531, '13', '01', '12', 'H'),
	(30887, 2531, '13', '01', '12', 'H'),
	(30888, 2531, '13', '01', '12', 'H'),
	(30889, 2531, '13', '01', '12', 'H'),
	(30890, 2531, '13', '01', '12', 'H'),
	(30891, 2532, '13', '01', '12', 'H'),
	(30892, 2532, '13', '01', '12', 'H'),
	(30893, 2532, '13', '01', '12', 'H'),
	(30894, 2532, '13', '01', '12', 'H'),
	(30895, 2532, '13', '01', '12', 'H'),
	(30896, 2532, '13', '01', '12', 'H'),
	(30897, 2532, '13', '01', '12', 'H'),
	(30898, 2532, '13', '01', '12', 'H'),
	(30899, 2532, '13', '01', '12', 'H'),
	(30900, 2532, '13', '01', '12', 'H'),
	(30901, 2532, '13', '01', '12', 'H'),
	(30902, 2532, '13', '01', '12', 'H'),
	(30903, 2532, '13', '01', '12', 'H'),
	(30904, 2532, '13', '01', '12', 'H'),
	(30905, 2532, '13', '01', '12', 'H'),
	(30906, 2532, '13', '01', '12', 'H'),
	(30907, 2532, '13', '01', '12', 'H'),
	(30908, 2532, '13', '01', '12', 'H'),
	(30909, 2532, '13', '01', '12', 'H'),
	(30910, 2532, '13', '01', '12', 'H'),
	(30911, 2532, '13', '01', '12', 'H'),
	(30912, 2532, '13', '01', '12', 'H'),
	(30913, 2532, '13', '01', '12', 'H'),
	(30914, 2532, '13', '01', '12', 'H'),
	(30915, 2532, '13', '01', '12', 'H'),
	(30916, 2532, '13', '01', '12', 'H'),
	(30917, 2533, '13', '01', '12', 'H'),
	(30918, 2533, '13', '01', '12', 'H'),
	(30919, 2533, '13', '01', '12', 'H'),
	(30920, 2533, '13', '01', '12', 'H'),
	(30921, 2533, '13', '01', '12', 'H'),
	(30922, 2533, '13', '01', '12', 'H'),
	(30923, 2533, '13', '01', '12', 'H'),
	(30924, 2533, '13', '01', '12', 'H'),
	(30925, 2533, '13', '01', '12', 'H'),
	(30926, 2533, '13', '01', '12', 'H'),
	(30927, 2533, '13', '01', '12', 'H'),
	(30928, 2533, '13', '01', '12', 'H'),
	(30929, 2533, '13', '01', '12', 'H'),
	(30930, 2533, '13', '01', '12', 'H'),
	(30931, 2533, '13', '01', '12', 'H'),
	(30932, 2533, '13', '01', '12', 'H'),
	(30933, 2533, '13', '01', '12', 'H'),
	(30934, 2533, '13', '01', '12', 'H'),
	(30935, 2533, '13', '01', '12', 'H'),
	(30936, 2533, '13', '01', '12', 'H'),
	(30937, 2533, '13', '01', '12', 'H'),
	(30938, 2533, '13', '01', '12', 'H'),
	(30939, 2533, '13', '01', '12', 'H'),
	(30940, 2534, '13', '01', '12', 'H'),
	(30941, 2534, '13', '01', '12', 'H'),
	(30942, 2534, '13', '01', '12', 'H'),
	(30943, 2534, '13', '01', '12', 'H'),
	(30944, 2534, '13', '01', '12', 'H'),
	(30945, 2534, '13', '01', '12', 'H'),
	(30946, 2534, '13', '01', '12', 'H'),
	(30947, 2534, '13', '01', '12', 'H'),
	(30948, 2534, '13', '01', '12', 'H'),
	(30949, 2534, '13', '01', '12', 'H'),
	(30950, 2534, '13', '01', '12', 'H'),
	(30951, 2534, '13', '01', '12', 'H'),
	(30952, 2534, '13', '01', '12', 'H'),
	(30953, 2534, '13', '01', '12', 'H'),
	(30954, 2534, '13', '01', '12', 'H'),
	(30955, 2535, '13', '01', '12', 'H'),
	(30956, 2535, '13', '01', '12', 'H'),
	(30957, 2535, '13', '01', '12', 'H'),
	(30958, 2535, '13', '01', '12', 'H'),
	(30959, 2535, '13', '01', '12', 'H'),
	(30960, 2535, '13', '01', '12', 'H'),
	(30961, 2535, '13', '01', '12', 'H'),
	(30962, 2535, '13', '01', '12', 'H'),
	(30963, 2535, '13', '01', '12', 'H'),
	(30964, 2535, '13', '01', '12', 'H'),
	(30965, 2535, '13', '01', '12', 'H'),
	(30966, 2535, '13', '01', '12', 'H'),
	(30967, 2535, '13', '01', '12', 'H'),
	(30968, 2535, '13', '01', '12', 'H'),
	(30969, 2536, '13', '01', '12', 'H'),
	(30970, 2536, '13', '01', '12', 'H'),
	(30971, 2536, '13', '01', '12', 'H'),
	(30972, 2536, '13', '01', '12', 'H'),
	(30973, 2536, '13', '01', '12', 'H'),
	(30974, 2536, '13', '01', '12', 'H'),
	(30975, 2536, '13', '01', '12', 'H'),
	(30976, 2536, '13', '01', '12', 'H'),
	(30977, 2536, '13', '01', '12', 'H'),
	(30978, 2536, '13', '01', '12', 'H'),
	(30979, 2536, '13', '01', '12', 'H'),
	(30980, 2536, '13', '01', '12', 'H'),
	(30981, 2536, '13', '01', '12', 'H'),
	(30982, 2536, '13', '01', '12', 'H'),
	(30983, 2536, '13', '01', '12', 'H'),
	(30984, 2536, '13', '01', '12', 'H'),
	(30985, 2536, '13', '01', '12', 'H'),
	(30986, 2536, '13', '01', '12', 'H'),
	(30987, 2536, '13', '01', '12', 'H'),
	(30988, 2536, '13', '01', '12', 'H'),
	(30989, 2536, '13', '01', '12', 'H'),
	(30990, 2536, '13', '01', '12', 'H'),
	(30991, 2536, '13', '01', '12', 'H'),
	(30992, 2536, '13', '01', '12', 'H'),
	(30993, 2536, '13', '01', '12', 'H'),
	(30994, 2536, '13', '01', '12', 'H'),
	(30995, 2536, '13', '01', '12', 'H'),
	(30996, 2536, '13', '01', '12', 'H'),
	(30997, 2536, '13', '01', '12', 'H'),
	(30998, 2536, '13', '01', '12', 'H'),
	(30999, 2536, '13', '01', '12', 'H'),
	(31000, 2536, '13', '01', '12', 'H'),
	(31001, 2536, '13', '01', '12', 'H'),
	(31002, 2536, '13', '01', '12', 'H'),
	(31003, 2536, '13', '01', '12', 'H'),
	(31004, 2536, '13', '01', '12', 'H'),
	(31005, 2536, '13', '01', '12', 'H'),
	(31006, 2536, '13', '01', '12', 'H'),
	(31007, 2536, '13', '01', '12', 'H'),
	(31008, 2536, '13', '01', '12', 'H'),
	(31009, 2536, '13', '01', '12', 'H'),
	(31010, 2537, '13', '01', '12', 'H'),
	(31011, 2537, '13', '01', '12', 'H'),
	(31012, 2537, '13', '01', '12', 'H'),
	(31013, 2537, '13', '01', '12', 'H'),
	(31014, 2537, '13', '01', '12', 'H'),
	(31015, 2537, '13', '01', '12', 'H'),
	(31016, 2537, '13', '01', '12', 'H'),
	(31017, 2537, '13', '01', '12', 'H'),
	(31018, 2537, '13', '01', '12', 'H'),
	(31019, 2537, '13', '01', '12', 'H'),
	(31020, 2537, '13', '01', '12', 'H'),
	(31021, 2537, '13', '01', '12', 'H'),
	(31022, 2538, '13', '01', '12', 'H'),
	(31023, 2538, '13', '01', '12', 'H'),
	(31024, 2538, '13', '01', '12', 'H'),
	(31025, 2538, '13', '01', '12', 'H'),
	(31026, 2538, '13', '01', '12', 'H'),
	(31027, 2538, '13', '01', '12', 'H'),
	(31028, 2538, '13', '01', '12', 'H'),
	(31029, 2538, '13', '01', '12', 'H'),
	(31030, 2538, '13', '01', '12', 'H'),
	(31031, 2538, '13', '01', '12', 'H'),
	(31032, 2538, '13', '01', '12', 'H'),
	(31033, 2538, '13', '01', '12', 'H'),
	(31034, 2538, '13', '01', '12', 'H'),
	(31035, 2538, '13', '01', '12', 'H'),
	(31036, 2538, '13', '01', '12', 'H'),
	(31037, 2538, '13', '01', '12', 'H'),
	(31038, 2538, '13', '01', '12', 'H'),
	(31039, 2538, '13', '01', '12', 'H'),
	(31040, 2538, '13', '01', '12', 'H'),
	(31041, 2538, '13', '01', '12', 'H'),
	(31042, 2538, '13', '01', '12', 'H'),
	(31043, 2538, '13', '01', '12', 'H'),
	(31044, 2539, '13', '01', '12', 'H'),
	(31045, 2539, '13', '01', '12', 'H'),
	(31046, 2539, '13', '01', '12', 'H'),
	(31047, 2539, '13', '01', '12', 'H'),
	(31048, 2539, '13', '01', '12', 'H'),
	(31049, 2539, '13', '01', '12', 'H'),
	(31050, 2539, '13', '01', '12', 'H'),
	(31051, 2539, '13', '01', '12', 'H'),
	(31052, 2539, '13', '01', '12', 'H'),
	(31053, 2539, '13', '01', '12', 'H'),
	(31054, 2539, '13', '01', '12', 'H'),
	(31055, 2539, '13', '01', '12', 'H'),
	(31056, 2539, '13', '01', '12', 'H'),
	(31057, 2539, '13', '01', '12', 'H'),
	(31058, 2539, '13', '01', '12', 'H'),
	(31059, 2539, '13', '01', '12', 'H'),
	(31060, 2539, '13', '01', '12', 'H'),
	(31061, 2539, '13', '01', '12', 'H'),
	(31062, 2539, '13', '01', '12', 'H'),
	(31063, 2539, '13', '01', '12', 'H'),
	(31064, 2539, '13', '01', '12', 'H'),
	(31065, 2539, '13', '01', '12', 'H'),
	(31066, 2539, '13', '01', '12', 'H'),
	(31067, 2539, '13', '01', '12', 'H'),
	(31068, 2539, '13', '01', '12', 'H'),
	(31069, 2539, '13', '01', '12', 'H'),
	(31070, 2539, '13', '01', '12', 'H'),
	(31071, 2539, '13', '01', '12', 'H'),
	(31072, 2539, '13', '01', '12', 'H'),
	(31073, 2539, '13', '01', '12', 'H'),
	(31074, 2539, '13', '01', '12', 'H'),
	(31075, 2539, '13', '01', '12', 'H'),
	(31076, 2539, '13', '01', '12', 'H'),
	(31077, 2539, '13', '01', '12', 'H'),
	(31078, 2539, '13', '01', '12', 'H'),
	(31079, 2539, '13', '01', '12', 'H'),
	(31080, 2539, '13', '01', '12', 'H'),
	(31081, 2539, '13', '01', '12', 'H'),
	(31082, 2539, '13', '01', '12', 'H'),
	(31083, 2539, '13', '01', '12', 'H'),
	(31084, 2540, '13', '01', '12', 'H'),
	(31085, 2540, '13', '01', '12', 'H'),
	(31086, 2540, '13', '01', '12', 'H'),
	(31087, 2540, '13', '01', '12', 'H'),
	(31088, 2540, '13', '01', '12', 'H'),
	(31089, 2540, '13', '01', '12', 'H'),
	(31090, 2540, '13', '01', '12', 'H'),
	(31091, 2540, '13', '01', '12', 'H'),
	(31092, 2540, '13', '01', '12', 'H'),
	(31093, 2540, '13', '01', '12', 'H'),
	(31094, 2540, '13', '01', '12', 'H'),
	(31095, 2540, '13', '01', '12', 'H'),
	(31096, 2540, '13', '01', '12', 'H'),
	(31097, 2540, '13', '01', '12', 'H'),
	(31098, 2540, '13', '01', '12', 'H'),
	(31099, 2540, '13', '01', '12', 'H'),
	(31100, 2540, '13', '01', '12', 'H'),
	(31101, 2540, '13', '01', '12', 'H'),
	(31102, 2541, '13', '01', '12', 'H'),
	(31103, 2541, '13', '01', '12', 'H'),
	(31104, 2541, '13', '01', '12', 'H'),
	(31105, 2541, '13', '01', '12', 'H'),
	(31106, 2541, '13', '01', '12', 'H'),
	(31107, 2541, '13', '01', '12', 'H'),
	(31108, 2541, '13', '01', '12', 'H'),
	(31109, 2541, '13', '01', '12', 'H'),
	(31110, 2541, '13', '01', '12', 'H'),
	(31111, 2541, '13', '01', '12', 'H'),
	(31112, 2541, '13', '01', '12', 'H'),
	(31113, 2542, '13', '01', '12', 'H'),
	(31114, 2542, '13', '01', '12', 'H'),
	(31115, 2542, '13', '01', '12', 'H'),
	(31116, 2542, '13', '01', '12', 'H'),
	(31117, 2542, '13', '01', '12', 'H'),
	(31118, 2542, '13', '01', '12', 'H'),
	(31119, 2542, '13', '01', '12', 'H'),
	(31120, 2542, '13', '01', '12', 'H'),
	(31121, 2542, '13', '01', '12', 'H'),
	(31122, 2542, '13', '01', '12', 'H'),
	(31123, 2542, '13', '01', '12', 'H'),
	(31124, 2542, '13', '01', '12', 'H'),
	(31125, 2542, '13', '01', '12', 'H'),
	(31126, 2542, '13', '01', '12', 'H'),
	(31127, 2542, '13', '01', '12', 'H'),
	(31128, 2542, '13', '01', '12', 'H'),
	(31129, 2542, '13', '01', '12', 'H'),
	(31130, 2542, '13', '01', '12', 'H'),
	(31131, 2542, '13', '01', '12', 'H'),
	(31132, 2542, '13', '01', '12', 'H'),
	(31133, 2542, '13', '01', '12', 'H'),
	(31134, 2542, '13', '01', '12', 'H'),
	(31135, 2542, '13', '01', '12', 'H'),
	(31136, 2542, '13', '01', '12', 'H'),
	(31137, 2542, '13', '01', '12', 'H'),
	(31138, 2542, '13', '01', '12', 'H'),
	(31139, 2542, '13', '01', '12', 'H'),
	(31140, 2542, '13', '01', '12', 'H'),
	(31141, 2542, '13', '01', '12', 'H'),
	(31142, 2542, '13', '01', '12', 'H'),
	(31143, 2542, '13', '01', '12', 'H'),
	(31144, 2542, '13', '01', '12', 'H'),
	(31145, 2543, '13', '01', '12', 'H'),
	(31146, 2543, '13', '01', '12', 'H'),
	(31147, 2543, '13', '01', '12', 'H'),
	(31148, 2543, '13', '01', '12', 'H'),
	(31149, 2543, '13', '01', '12', 'H'),
	(31150, 2543, '13', '01', '12', 'H'),
	(31151, 2543, '13', '01', '12', 'H'),
	(31152, 2543, '13', '01', '12', 'H'),
	(31153, 2543, '13', '01', '12', 'H'),
	(31154, 2543, '13', '01', '12', 'H'),
	(31155, 2543, '13', '01', '12', 'H'),
	(31156, 2543, '13', '01', '12', 'H'),
	(31157, 2543, '13', '01', '12', 'H'),
	(31158, 2543, '13', '01', '12', 'H'),
	(31159, 2543, '13', '01', '12', 'H'),
	(31160, 2543, '13', '01', '12', 'H'),
	(31161, 2544, '13', '01', '13', 'H'),
	(31162, 2544, '13', '01', '13', 'H'),
	(31163, 2544, '13', '01', '13', 'H'),
	(31164, 2544, '13', '01', '13', 'H'),
	(31165, 2544, '13', '01', '13', 'H'),
	(31166, 2544, '13', '01', '13', 'H'),
	(31167, 2544, '13', '01', '13', 'H'),
	(31168, 2544, '13', '01', '13', 'H'),
	(31169, 2544, '13', '01', '13', 'H'),
	(31170, 2544, '13', '01', '13', 'H'),
	(31171, 2544, '13', '01', '13', 'H'),
	(31172, 2544, '13', '01', '13', 'H'),
	(31173, 2545, '13', '01', '13', 'H'),
	(31174, 2545, '13', '01', '13', 'H'),
	(31175, 2545, '13', '01', '13', 'H'),
	(31176, 2545, '13', '01', '13', 'H'),
	(31177, 2545, '13', '01', '13', 'H'),
	(31178, 2545, '13', '01', '13', 'H'),
	(31179, 2545, '13', '01', '13', 'H'),
	(31180, 2545, '13', '01', '13', 'H'),
	(31181, 2545, '13', '01', '13', 'H'),
	(31182, 2545, '13', '01', '13', 'H'),
	(31183, 2545, '13', '01', '13', 'H'),
	(31184, 2545, '13', '01', '13', 'H'),
	(31185, 2545, '13', '01', '13', 'H'),
	(31186, 2545, '13', '01', '13', 'H'),
	(31187, 2545, '13', '01', '13', 'H'),
	(31188, 2545, '13', '01', '13', 'H'),
	(31189, 2545, '13', '01', '13', 'H'),
	(31190, 2545, '13', '01', '13', 'H'),
	(31191, 2547, '13', '01', '14', 'H'),
	(31192, 2547, '13', '01', '14', 'H'),
	(31193, 2547, '13', '01', '14', 'H'),
	(31194, 2547, '13', '01', '14', 'H'),
	(31195, 2547, '13', '01', '14', 'H'),
	(31196, 2547, '13', '01', '14', 'H'),
	(31197, 2547, '13', '01', '14', 'H'),
	(31198, 2547, '13', '01', '14', 'H'),
	(31199, 2547, '13', '01', '14', 'H'),
	(31200, 2547, '13', '01', '14', 'H'),
	(31201, 2547, '13', '01', '14', 'H'),
	(31202, 2547, '13', '01', '14', 'H'),
	(31203, 2547, '13', '01', '14', 'H'),
	(31204, 2547, '13', '01', '14', 'H'),
	(31205, 2547, '13', '01', '14', 'H'),
	(31206, 2547, '13', '01', '14', 'H'),
	(31207, 2547, '13', '01', '14', 'H'),
	(31208, 2547, '13', '01', '14', 'H'),
	(31209, 2547, '13', '01', '14', 'H'),
	(31210, 2547, '13', '01', '14', 'H'),
	(31211, 2547, '13', '01', '14', 'H'),
	(31212, 2547, '13', '01', '14', 'H'),
	(31213, 2547, '13', '01', '14', 'H'),
	(31214, 2547, '13', '01', '14', 'H'),
	(31215, 2548, '13', '01', '15', 'H'),
	(31216, 2548, '13', '01', '15', 'H'),
	(31217, 2548, '13', '01', '15', 'H'),
	(31218, 2548, '13', '01', '15', 'H'),
	(31219, 2548, '13', '01', '15', 'H'),
	(31220, 2548, '13', '01', '15', 'H'),
	(31221, 2549, '13', '01', '15', 'H'),
	(31222, 2549, '13', '01', '15', 'H'),
	(31223, 2549, '13', '01', '15', 'H'),
	(31224, 2549, '13', '01', '15', 'H'),
	(31225, 2549, '13', '01', '15', 'H'),
	(31226, 2549, '13', '01', '15', 'H'),
	(31227, 2550, '13', '01', '15', 'H'),
	(31228, 2550, '13', '01', '15', 'H'),
	(31229, 2550, '13', '01', '15', 'H'),
	(31230, 2550, '13', '01', '15', 'H'),
	(31231, 2550, '13', '01', '15', 'H'),
	(31232, 2550, '13', '01', '15', 'H'),
	(31233, 2550, '13', '01', '15', 'H'),
	(31234, 2550, '13', '01', '15', 'H'),
	(31235, 2550, '13', '01', '15', 'H'),
	(31236, 2550, '13', '01', '15', 'H'),
	(31237, 2550, '13', '01', '15', 'H'),
	(31238, 2550, '13', '01', '15', 'H'),
	(31239, 2550, '13', '01', '15', 'H'),
	(31240, 2550, '13', '01', '15', 'H'),
	(31241, 2550, '13', '01', '15', 'H'),
	(31242, 2550, '13', '01', '15', 'H'),
	(31243, 2550, '13', '01', '15', 'H'),
	(31244, 2550, '13', '01', '15', 'H'),
	(31245, 2551, '13', '01', '15', 'H'),
	(31246, 2551, '13', '01', '15', 'H'),
	(31247, 2551, '13', '01', '15', 'H'),
	(31248, 2551, '13', '01', '15', 'H'),
	(31249, 2551, '13', '01', '15', 'H'),
	(31250, 2551, '13', '01', '15', 'H'),
	(31251, 2551, '13', '01', '15', 'H'),
	(31252, 2551, '13', '01', '15', 'H'),
	(31253, 2552, '13', '01', '15', 'H'),
	(31254, 2552, '13', '01', '15', 'H'),
	(31255, 2552, '13', '01', '15', 'H'),
	(31256, 2552, '13', '01', '15', 'H'),
	(31257, 2552, '13', '01', '15', 'H'),
	(31258, 2552, '13', '01', '15', 'H'),
	(31259, 2552, '13', '01', '15', 'H'),
	(31260, 2552, '13', '01', '15', 'H'),
	(31261, 2552, '13', '01', '15', 'H'),
	(31262, 2552, '13', '01', '15', 'H'),
	(31263, 2552, '13', '01', '15', 'H'),
	(31264, 2552, '13', '01', '15', 'H'),
	(31265, 2552, '13', '01', '15', 'H'),
	(31266, 2552, '13', '01', '15', 'H'),
	(31267, 2552, '13', '01', '15', 'H'),
	(31268, 2552, '13', '01', '15', 'H'),
	(31269, 2552, '13', '01', '15', 'H'),
	(31270, 2552, '13', '01', '15', 'H'),
	(31271, 2552, '13', '01', '15', 'H'),
	(31272, 2552, '13', '01', '15', 'H'),
	(31273, 2552, '13', '01', '15', 'H'),
	(31274, 2552, '13', '01', '15', 'H'),
	(31275, 2552, '13', '01', '15', 'H'),
	(31276, 2552, '13', '01', '15', 'H'),
	(31277, 2552, '13', '01', '15', 'H'),
	(31278, 2552, '13', '01', '15', 'H'),
	(31279, 2552, '13', '01', '15', 'H'),
	(31280, 2552, '13', '01', '15', 'H'),
	(31281, 2552, '13', '01', '15', 'H'),
	(31282, 2552, '13', '01', '15', 'H'),
	(31283, 2552, '13', '01', '15', 'H'),
	(31284, 2552, '13', '01', '15', 'H'),
	(31285, 2552, '13', '01', '15', 'H'),
	(31286, 2552, '13', '01', '15', 'H'),
	(31287, 2552, '13', '01', '15', 'H'),
	(31288, 2552, '13', '01', '15', 'H'),
	(31289, 2552, '13', '01', '15', 'H'),
	(31290, 2552, '13', '01', '15', 'H'),
	(31291, 2552, '13', '01', '15', 'H'),
	(31292, 2552, '13', '01', '15', 'H'),
	(31293, 2552, '13', '01', '15', 'H'),
	(31294, 2552, '13', '01', '15', 'H'),
	(31295, 2552, '13', '01', '15', 'H'),
	(31296, 2552, '13', '01', '15', 'H'),
	(31297, 2552, '13', '01', '15', 'H'),
	(31298, 2552, '13', '01', '15', 'H'),
	(31299, 2552, '13', '01', '15', 'H'),
	(31300, 2552, '13', '01', '15', 'H'),
	(31301, 2552, '13', '01', '15', 'H'),
	(31302, 2552, '13', '01', '15', 'H'),
	(31303, 2552, '13', '01', '15', 'H'),
	(31304, 2552, '13', '01', '15', 'H'),
	(31305, 2552, '13', '01', '15', 'H'),
	(31306, 2552, '13', '01', '15', 'H'),
	(31307, 2553, '13', '01', '15', 'H'),
	(31308, 2553, '13', '01', '15', 'H'),
	(31309, 2553, '13', '01', '15', 'H'),
	(31310, 2553, '13', '01', '15', 'H'),
	(31311, 2553, '13', '01', '15', 'H'),
	(31312, 2553, '13', '01', '15', 'H'),
	(31313, 2553, '13', '01', '15', 'H'),
	(31314, 2553, '13', '01', '15', 'H'),
	(31315, 2553, '13', '01', '15', 'H'),
	(31316, 2553, '13', '01', '15', 'H'),
	(31317, 2553, '13', '01', '15', 'H'),
	(31318, 2553, '13', '01', '15', 'H'),
	(31319, 2553, '13', '01', '15', 'H'),
	(31320, 2553, '13', '01', '15', 'H'),
	(31321, 2554, '13', '01', '15', 'H'),
	(31322, 2554, '13', '01', '15', 'H'),
	(31323, 2554, '13', '01', '15', 'H'),
	(31324, 2554, '13', '01', '15', 'H'),
	(31325, 2554, '13', '01', '15', 'H'),
	(31326, 2554, '13', '01', '15', 'H'),
	(31327, 2554, '13', '01', '15', 'H'),
	(31328, 2554, '13', '01', '15', 'H'),
	(31329, 2554, '13', '01', '15', 'H'),
	(31330, 2554, '13', '01', '15', 'H'),
	(31331, 2554, '13', '01', '15', 'H'),
	(31332, 2554, '13', '01', '15', 'H'),
	(31333, 2554, '13', '01', '15', 'H'),
	(31334, 2554, '13', '01', '15', 'H'),
	(31335, 2554, '13', '01', '15', 'H'),
	(31336, 2554, '13', '01', '15', 'H'),
	(31337, 2554, '13', '01', '15', 'H'),
	(31338, 2554, '13', '01', '15', 'H'),
	(31339, 2554, '13', '01', '15', 'H'),
	(31340, 2554, '13', '01', '15', 'H'),
	(31341, 2554, '13', '01', '15', 'H'),
	(31342, 2554, '13', '01', '15', 'H'),
	(31343, 2554, '13', '01', '15', 'H'),
	(31344, 2554, '13', '01', '15', 'H'),
	(31345, 2554, '13', '01', '15', 'H'),
	(31346, 2554, '13', '01', '15', 'H'),
	(31347, 2554, '13', '01', '15', 'H'),
	(31348, 2554, '13', '01', '15', 'H'),
	(31349, 2554, '13', '01', '15', 'H'),
	(31350, 2554, '13', '01', '15', 'H'),
	(31351, 2554, '13', '01', '15', 'H'),
	(31352, 2554, '13', '01', '15', 'H'),
	(31353, 2554, '13', '01', '15', 'H'),
	(31354, 2554, '13', '01', '15', 'H'),
	(31355, 2554, '13', '01', '15', 'H'),
	(31356, 2554, '13', '01', '15', 'H'),
	(31357, 2554, '13', '01', '15', 'H'),
	(31358, 2554, '13', '01', '15', 'H'),
	(31359, 2554, '13', '01', '15', 'H'),
	(31360, 2554, '13', '01', '15', 'H'),
	(31361, 2554, '13', '01', '15', 'H'),
	(31362, 2554, '13', '01', '15', 'H'),
	(31363, 2554, '13', '01', '15', 'H'),
	(31364, 2554, '13', '01', '15', 'H'),
	(31365, 2554, '13', '01', '15', 'H'),
	(31366, 2554, '13', '01', '15', 'H'),
	(31367, 2554, '13', '01', '15', 'H'),
	(31368, 2554, '13', '01', '15', 'H'),
	(31369, 2554, '13', '01', '15', 'H'),
	(31370, 2554, '13', '01', '15', 'H'),
	(31371, 2554, '13', '01', '15', 'H'),
	(31372, 2554, '13', '01', '15', 'H'),
	(31373, 2554, '13', '01', '15', 'H'),
	(31374, 2554, '13', '01', '15', 'H'),
	(31375, 2554, '13', '01', '15', 'H'),
	(31376, 2554, '13', '01', '15', 'H'),
	(31377, 2554, '13', '01', '15', 'H'),
	(31378, 2554, '13', '01', '15', 'H'),
	(31379, 2554, '13', '01', '15', 'H'),
	(31380, 2554, '13', '01', '15', 'H'),
	(31381, 2554, '13', '01', '15', 'H'),
	(31382, 2554, '13', '01', '15', 'H'),
	(31383, 2554, '13', '01', '15', 'H'),
	(31384, 2554, '13', '01', '15', 'H'),
	(31385, 2554, '13', '01', '15', 'H'),
	(31386, 2554, '13', '01', '15', 'H'),
	(31387, 2555, '13', '01', '15', 'H'),
	(31388, 2555, '13', '01', '15', 'H'),
	(31389, 2555, '13', '01', '15', 'H'),
	(31390, 2555, '13', '01', '15', 'H'),
	(31391, 2555, '13', '01', '15', 'H'),
	(31392, 2555, '13', '01', '15', 'H'),
	(31393, 2555, '13', '01', '15', 'H'),
	(31394, 2555, '13', '01', '15', 'H'),
	(31395, 2555, '13', '01', '15', 'H'),
	(31396, 2555, '13', '01', '15', 'H'),
	(31397, 2555, '13', '01', '15', 'H'),
	(31398, 2555, '13', '01', '15', 'H'),
	(31399, 2555, '13', '01', '15', 'H'),
	(31400, 2555, '13', '01', '15', 'H'),
	(31401, 2555, '13', '01', '15', 'H'),
	(31402, 2555, '13', '01', '15', 'H'),
	(31403, 2555, '13', '01', '15', 'H'),
	(31404, 2555, '13', '01', '15', 'H'),
	(31405, 2555, '13', '01', '15', 'H'),
	(31406, 2555, '13', '01', '15', 'H'),
	(31407, 2555, '13', '01', '15', 'H'),
	(31408, 2555, '13', '01', '15', 'H'),
	(31409, 2555, '13', '01', '15', 'H'),
	(31410, 2555, '13', '01', '15', 'H'),
	(31411, 2555, '13', '01', '15', 'H'),
	(31412, 2555, '13', '01', '15', 'H'),
	(31413, 2555, '13', '01', '15', 'H'),
	(31414, 2555, '13', '01', '15', 'H'),
	(31415, 2555, '13', '01', '15', 'H'),
	(31416, 2555, '13', '01', '15', 'H'),
	(31417, 2555, '13', '01', '15', 'H'),
	(31418, 2555, '13', '01', '15', 'H'),
	(31419, 2555, '13', '01', '15', 'H'),
	(31420, 2555, '13', '01', '15', 'H'),
	(31421, 2555, '13', '01', '15', 'H'),
	(31422, 2555, '13', '01', '15', 'H'),
	(31423, 2556, '13', '01', '15', 'H'),
	(31424, 2556, '13', '01', '15', 'H'),
	(31425, 2556, '13', '01', '15', 'H'),
	(31426, 2556, '13', '01', '15', 'H'),
	(31427, 2556, '13', '01', '15', 'H'),
	(31428, 2556, '13', '01', '15', 'H'),
	(31429, 2556, '13', '01', '15', 'H'),
	(31430, 2556, '13', '01', '15', 'H'),
	(31431, 2556, '13', '01', '15', 'H'),
	(31432, 2556, '13', '01', '15', 'H'),
	(31433, 2556, '13', '01', '15', 'H'),
	(31434, 2556, '13', '01', '15', 'H'),
	(31435, 2556, '13', '01', '15', 'H'),
	(31436, 2556, '13', '01', '15', 'H'),
	(31437, 2556, '13', '01', '15', 'H'),
	(31438, 2558, '13', '01', '16', 'H'),
	(31439, 2558, '13', '01', '16', 'H'),
	(31440, 2558, '13', '01', '16', 'H'),
	(31441, 2558, '13', '01', '16', 'H'),
	(31442, 2558, '13', '01', '16', 'H'),
	(31443, 2558, '13', '01', '16', 'H'),
	(31444, 2558, '13', '01', '16', 'H'),
	(31445, 2558, '13', '01', '16', 'H'),
	(31446, 2558, '13', '01', '16', 'H'),
	(31447, 2558, '13', '01', '16', 'H'),
	(31448, 2558, '13', '01', '16', 'H'),
	(31449, 2558, '13', '01', '16', 'H'),
	(31450, 2558, '13', '01', '16', 'H'),
	(31451, 2558, '13', '01', '16', 'H'),
	(31452, 2558, '13', '01', '16', 'H'),
	(31453, 2558, '13', '01', '16', 'H'),
	(31454, 2558, '13', '01', '16', 'H'),
	(31455, 2558, '13', '01', '16', 'H'),
	(31456, 2558, '13', '01', '16', 'H'),
	(31457, 2558, '13', '01', '16', 'H'),
	(31458, 2559, '13', '01', '16', 'H'),
	(31459, 2559, '13', '01', '16', 'H'),
	(31460, 2559, '13', '01', '16', 'H'),
	(31461, 2559, '13', '01', '16', 'H'),
	(31462, 2559, '13', '01', '16', 'H'),
	(31463, 2559, '13', '01', '16', 'H'),
	(31464, 2559, '13', '01', '16', 'H'),
	(31465, 2559, '13', '01', '16', 'H'),
	(31466, 2559, '13', '01', '16', 'H'),
	(31467, 2559, '13', '01', '16', 'H'),
	(31468, 2559, '13', '01', '16', 'H'),
	(31469, 2559, '13', '01', '16', 'H'),
	(31470, 2559, '13', '01', '16', 'H'),
	(31471, 2559, '13', '01', '16', 'H'),
	(31472, 2559, '13', '01', '16', 'H'),
	(31473, 2560, '13', '01', '16', 'H'),
	(31474, 2560, '13', '01', '16', 'H'),
	(31475, 2560, '13', '01', '16', 'H'),
	(31476, 2560, '13', '01', '16', 'H'),
	(31477, 2560, '13', '01', '16', 'H'),
	(31478, 2560, '13', '01', '16', 'H'),
	(31479, 2560, '13', '01', '16', 'H'),
	(31480, 2560, '13', '01', '16', 'H'),
	(31481, 2560, '13', '01', '16', 'H'),
	(31482, 2561, '13', '01', '17', 'H'),
	(31483, 2561, '13', '01', '17', 'H'),
	(31484, 2561, '13', '01', '17', 'H'),
	(31485, 2561, '13', '01', '17', 'H'),
	(31486, 2561, '13', '01', '17', 'H'),
	(31487, 2561, '13', '01', '17', 'H'),
	(31488, 2561, '13', '01', '17', 'H'),
	(31489, 2561, '13', '01', '17', 'H'),
	(31490, 2561, '13', '01', '17', 'H'),
	(31491, 2561, '13', '01', '17', 'H'),
	(31492, 2561, '13', '01', '17', 'H'),
	(31493, 2561, '13', '01', '17', 'H'),
	(31494, 2561, '13', '01', '17', 'H'),
	(31495, 2561, '13', '01', '17', 'H'),
	(31496, 2561, '13', '01', '17', 'H'),
	(31497, 2561, '13', '01', '17', 'H'),
	(31498, 2561, '13', '01', '17', 'H'),
	(31499, 2561, '13', '01', '17', 'H'),
	(31500, 2561, '13', '01', '17', 'H'),
	(31501, 2561, '13', '01', '17', 'H'),
	(31502, 2561, '13', '01', '17', 'H'),
	(31503, 2561, '13', '01', '17', 'H'),
	(31504, 2561, '13', '01', '17', 'H'),
	(31505, 2561, '13', '01', '17', 'H'),
	(31506, 2561, '13', '01', '17', 'H'),
	(31507, 2561, '13', '01', '17', 'H'),
	(31508, 2561, '13', '01', '17', 'H'),
	(31509, 2561, '13', '01', '17', 'H'),
	(31510, 2561, '13', '01', '17', 'H'),
	(31511, 2561, '13', '01', '17', 'H'),
	(31512, 2561, '13', '01', '17', 'H'),
	(31513, 2561, '13', '01', '17', 'H'),
	(31514, 2561, '13', '01', '17', 'H'),
	(31515, 2561, '13', '01', '17', 'H'),
	(31516, 2562, '13', '01', '17', 'H'),
	(31517, 2562, '13', '01', '17', 'H'),
	(31518, 2562, '13', '01', '17', 'H'),
	(31519, 2562, '13', '01', '17', 'H'),
	(31520, 2562, '13', '01', '17', 'H'),
	(31521, 2562, '13', '01', '17', 'H'),
	(31522, 2562, '13', '01', '17', 'H'),
	(31523, 2562, '13', '01', '17', 'H'),
	(31524, 2562, '13', '01', '17', 'H'),
	(31525, 2562, '13', '01', '17', 'H'),
	(31526, 2562, '13', '01', '17', 'H'),
	(31527, 2562, '13', '01', '17', 'H'),
	(31528, 2562, '13', '01', '17', 'H'),
	(31529, 2562, '13', '01', '17', 'H'),
	(31530, 2562, '13', '01', '17', 'H'),
	(31531, 2562, '13', '01', '17', 'H'),
	(31532, 2562, '13', '01', '17', 'H'),
	(31533, 2562, '13', '01', '17', 'H'),
	(31534, 2562, '13', '01', '17', 'H'),
	(31535, 2562, '13', '01', '17', 'H'),
	(31536, 2562, '13', '01', '17', 'H'),
	(31537, 2564, '13', '01', '18', 'H'),
	(31538, 2564, '13', '01', '18', 'H'),
	(31539, 2564, '13', '01', '18', 'H'),
	(31540, 2564, '13', '01', '18', 'H'),
	(31541, 2564, '13', '01', '18', 'H'),
	(31542, 2564, '13', '01', '18', 'H'),
	(31543, 2564, '13', '01', '18', 'H'),
	(31544, 2564, '13', '01', '18', 'H'),
	(31545, 2564, '13', '01', '18', 'H'),
	(31546, 2564, '13', '01', '18', 'H'),
	(31547, 2564, '13', '01', '18', 'H'),
	(31548, 2564, '13', '01', '18', 'H'),
	(31549, 2564, '13', '01', '18', 'H'),
	(31550, 2564, '13', '01', '18', 'H'),
	(31551, 2564, '13', '01', '18', 'H'),
	(31552, 2564, '13', '01', '18', 'H'),
	(31553, 2564, '13', '01', '18', 'H'),
	(31554, 2564, '13', '01', '18', 'H'),
	(31555, 2564, '13', '01', '18', 'H'),
	(31556, 2564, '13', '01', '18', 'H'),
	(31557, 2564, '13', '01', '18', 'H'),
	(31558, 2564, '13', '01', '18', 'H'),
	(31559, 2565, '13', '01', '18', 'H'),
	(31560, 2565, '13', '01', '18', 'H'),
	(31561, 2565, '13', '01', '18', 'H'),
	(31562, 2565, '13', '01', '18', 'H'),
	(31563, 2565, '13', '01', '18', 'H'),
	(31564, 2565, '13', '01', '18', 'H'),
	(31565, 2565, '13', '01', '18', 'H'),
	(31566, 2565, '13', '01', '18', 'H'),
	(31567, 2565, '13', '01', '18', 'H'),
	(31568, 2565, '13', '01', '18', 'H'),
	(31569, 2565, '13', '01', '18', 'H'),
	(31570, 2565, '13', '01', '18', 'H'),
	(31571, 2565, '13', '01', '18', 'H'),
	(31572, 2565, '13', '01', '18', 'H'),
	(31573, 2565, '13', '01', '18', 'H'),
	(31574, 2565, '13', '01', '18', 'H'),
	(31575, 2565, '13', '01', '18', 'H'),
	(31576, 2565, '13', '01', '18', 'H'),
	(31577, 2565, '13', '01', '18', 'H'),
	(31578, 2565, '13', '01', '18', 'H'),
	(31579, 2565, '13', '01', '18', 'H'),
	(31580, 2565, '13', '01', '18', 'H'),
	(31581, 2565, '13', '01', '18', 'H'),
	(31582, 2565, '13', '01', '18', 'H'),
	(31583, 2565, '13', '01', '18', 'H'),
	(31584, 2565, '13', '01', '18', 'H'),
	(31585, 2565, '13', '01', '18', 'H'),
	(31586, 2565, '13', '01', '18', 'H'),
	(31587, 2565, '13', '01', '18', 'H'),
	(31588, 2565, '13', '01', '18', 'H'),
	(31589, 2565, '13', '01', '18', 'H'),
	(31590, 2565, '13', '01', '18', 'H'),
	(31591, 2565, '13', '01', '18', 'H'),
	(31592, 2565, '13', '01', '18', 'H'),
	(31593, 2565, '13', '01', '18', 'H'),
	(31594, 2565, '13', '01', '18', 'H'),
	(31595, 2565, '13', '01', '18', 'H'),
	(31596, 2565, '13', '01', '18', 'H'),
	(31597, 2565, '13', '01', '18', 'H'),
	(31598, 2565, '13', '01', '18', 'H'),
	(31599, 2565, '13', '01', '18', 'H'),
	(31600, 2565, '13', '01', '18', 'H'),
	(31601, 2566, '13', '01', '19', 'H'),
	(31602, 2566, '13', '01', '19', 'H'),
	(31603, 2566, '13', '01', '19', 'H'),
	(31604, 2566, '13', '01', '19', 'H'),
	(31605, 2566, '13', '01', '19', 'H'),
	(31606, 2566, '13', '01', '19', 'H'),
	(31607, 2566, '13', '01', '19', 'H'),
	(31608, 2566, '13', '01', '19', 'H'),
	(31609, 2566, '13', '01', '19', 'H'),
	(31610, 2566, '13', '01', '19', 'H'),
	(31611, 2566, '13', '01', '19', 'H'),
	(31612, 2566, '13', '01', '19', 'H'),
	(31613, 2566, '13', '01', '19', 'H'),
	(31614, 2566, '13', '01', '19', 'H'),
	(31615, 2566, '13', '01', '19', 'H'),
	(31616, 2566, '13', '01', '19', 'H'),
	(31617, 2566, '13', '01', '19', 'H'),
	(31618, 2566, '13', '01', '19', 'H'),
	(31619, 2566, '13', '01', '19', 'H'),
	(31620, 2566, '13', '01', '19', 'H'),
	(31621, 2566, '13', '01', '19', 'H'),
	(31622, 2566, '13', '01', '19', 'H'),
	(31623, 2567, '13', '01', '20', 'H'),
	(31624, 2567, '13', '01', '20', 'H'),
	(31625, 2567, '13', '01', '20', 'H'),
	(31626, 2567, '13', '01', '20', 'H'),
	(31627, 2567, '13', '01', '20', 'H'),
	(31628, 2567, '13', '01', '20', 'H'),
	(31629, 2567, '13', '01', '20', 'H'),
	(31630, 2567, '13', '01', '20', 'H'),
	(31631, 2567, '13', '01', '20', 'H'),
	(31632, 2567, '13', '01', '20', 'H'),
	(31633, 2567, '13', '01', '20', 'H'),
	(31634, 2567, '13', '01', '20', 'H'),
	(31635, 2567, '13', '01', '20', 'H'),
	(31636, 2567, '13', '01', '20', 'H'),
	(31637, 2567, '13', '01', '20', 'H'),
	(31638, 2567, '13', '01', '20', 'H'),
	(31639, 2567, '13', '01', '20', 'H'),
	(31640, 2567, '13', '01', '20', 'H'),
	(31641, 2567, '13', '01', '20', 'H'),
	(31642, 2567, '13', '01', '20', 'H'),
	(31643, 2567, '13', '01', '20', 'H'),
	(31644, 2567, '13', '01', '20', 'H'),
	(31645, 2567, '13', '01', '20', 'H'),
	(31646, 2567, '13', '01', '20', 'H'),
	(31647, 2567, '13', '01', '20', 'H'),
	(31648, 2567, '13', '01', '20', 'H'),
	(31649, 2568, '13', '01', '20', 'H'),
	(31650, 2568, '13', '01', '20', 'H'),
	(31651, 2568, '13', '01', '20', 'H'),
	(31652, 2568, '13', '01', '20', 'H'),
	(31653, 2568, '13', '01', '20', 'H'),
	(31654, 2568, '13', '01', '20', 'H'),
	(31655, 2568, '13', '01', '20', 'H'),
	(31656, 2568, '13', '01', '20', 'H'),
	(31657, 2568, '13', '01', '20', 'H'),
	(31658, 2568, '13', '01', '20', 'H'),
	(31659, 2568, '13', '01', '20', 'H'),
	(31660, 2568, '13', '01', '20', 'H'),
	(31661, 2568, '13', '01', '20', 'H'),
	(31662, 2568, '13', '01', '20', 'H'),
	(31663, 2568, '13', '01', '20', 'H'),
	(31664, 2568, '13', '01', '20', 'H'),
	(31665, 2568, '13', '01', '20', 'H'),
	(31666, 2568, '13', '01', '20', 'H'),
	(31667, 2568, '13', '01', '20', 'H'),
	(31668, 2568, '13', '01', '20', 'H'),
	(31669, 2568, '13', '01', '20', 'H'),
	(31670, 2569, '13', '01', '20', 'H'),
	(31671, 2569, '13', '01', '20', 'H'),
	(31672, 2569, '13', '01', '20', 'H'),
	(31673, 2569, '13', '01', '20', 'H'),
	(31674, 2569, '13', '01', '20', 'H'),
	(31675, 2569, '13', '01', '20', 'H'),
	(31676, 2569, '13', '01', '20', 'H'),
	(31677, 2569, '13', '01', '20', 'H'),
	(31678, 2569, '13', '01', '20', 'H'),
	(31679, 2569, '13', '01', '20', 'H'),
	(31680, 2569, '13', '01', '20', 'H'),
	(31681, 2569, '13', '01', '20', 'H'),
	(31682, 2569, '13', '01', '20', 'H'),
	(31683, 2569, '13', '01', '20', 'H'),
	(31684, 2569, '13', '01', '20', 'H'),
	(31685, 2569, '13', '01', '20', 'H'),
	(31686, 2569, '13', '01', '20', 'H'),
	(31687, 2569, '13', '01', '20', 'H'),
	(31688, 2569, '13', '01', '20', 'H'),
	(31689, 2569, '13', '01', '20', 'H'),
	(31690, 2569, '13', '01', '20', 'H'),
	(31691, 2569, '13', '01', '20', 'H'),
	(31692, 2569, '13', '01', '20', 'H'),
	(31693, 2569, '13', '01', '20', 'H'),
	(31694, 2569, '13', '01', '20', 'H'),
	(31695, 2569, '13', '01', '20', 'H'),
	(31696, 2569, '13', '01', '20', 'H'),
	(31697, 2569, '13', '01', '20', 'H'),
	(31698, 2570, '13', '02', '01', 'H'),
	(31699, 2570, '13', '02', '01', 'H'),
	(31700, 2570, '13', '02', '01', 'H'),
	(31701, 2570, '13', '02', '01', 'H'),
	(31702, 2570, '13', '02', '01', 'H'),
	(31703, 2570, '13', '02', '01', 'H'),
	(31704, 2570, '13', '02', '01', 'H'),
	(31705, 2570, '13', '02', '01', 'H'),
	(31706, 2570, '13', '02', '01', 'H'),
	(31707, 2571, '13', '02', '01', 'H'),
	(31708, 2571, '13', '02', '01', 'H'),
	(31709, 2571, '13', '02', '01', 'H'),
	(31710, 2571, '13', '02', '01', 'H'),
	(31711, 2571, '13', '02', '01', 'H'),
	(31712, 2571, '13', '02', '01', 'H'),
	(31713, 2571, '13', '02', '01', 'H'),
	(31714, 2571, '13', '02', '01', 'H'),
	(31715, 2571, '13', '02', '01', 'H'),
	(31716, 2571, '13', '02', '01', 'H'),
	(31717, 2571, '13', '02', '01', 'H'),
	(31718, 2571, '13', '02', '01', 'H'),
	(31719, 2571, '13', '02', '01', 'H'),
	(31720, 2571, '13', '02', '01', 'H'),
	(31721, 2571, '13', '02', '01', 'H'),
	(31722, 2571, '13', '02', '01', 'H'),
	(31723, 2571, '13', '02', '01', 'H'),
	(31724, 2571, '13', '02', '01', 'H'),
	(31725, 2571, '13', '02', '01', 'H'),
	(31726, 2571, '13', '02', '01', 'H'),
	(31727, 2571, '13', '02', '01', 'H'),
	(31728, 2571, '13', '02', '01', 'H'),
	(31729, 2571, '13', '02', '01', 'H'),
	(31730, 2572, '13', '02', '01', 'H'),
	(31731, 2572, '13', '02', '01', 'H'),
	(31732, 2572, '13', '02', '01', 'H'),
	(31733, 2572, '13', '02', '01', 'H'),
	(31734, 2572, '13', '02', '01', 'H'),
	(31735, 2572, '13', '02', '01', 'H'),
	(31736, 2572, '13', '02', '01', 'H'),
	(31737, 2572, '13', '02', '01', 'H'),
	(31738, 2572, '13', '02', '01', 'H'),
	(31739, 2572, '13', '02', '01', 'H'),
	(31740, 2574, '13', '02', '01', 'H'),
	(31741, 2574, '13', '02', '01', 'H'),
	(31742, 2574, '13', '02', '01', 'H'),
	(31743, 2574, '13', '02', '01', 'H'),
	(31744, 2574, '13', '02', '01', 'H'),
	(31745, 2574, '13', '02', '01', 'H'),
	(31746, 2574, '13', '02', '01', 'H'),
	(31747, 2574, '13', '02', '01', 'H'),
	(31748, 2574, '13', '02', '01', 'H'),
	(31749, 2574, '13', '02', '01', 'H'),
	(31750, 2574, '13', '02', '01', 'H'),
	(31751, 2574, '13', '02', '01', 'H'),
	(31752, 2574, '13', '02', '01', 'H'),
	(31753, 2574, '13', '02', '01', 'H'),
	(31754, 2574, '13', '02', '01', 'H'),
	(31755, 2574, '13', '02', '01', 'H'),
	(31756, 2574, '13', '02', '01', 'H'),
	(31757, 2574, '13', '02', '01', 'H'),
	(31758, 7539, '13', '02', '01', 'H'),
	(31759, 7539, '13', '02', '01', 'H'),
	(31760, 7539, '13', '02', '01', 'H'),
	(31761, 7539, '13', '02', '01', 'H'),
	(31762, 7539, '13', '02', '01', 'H'),
	(31763, 7539, '13', '02', '01', 'H'),
	(31764, 7539, '13', '02', '01', 'H'),
	(31765, 7539, '13', '02', '01', 'H'),
	(31766, 7539, '13', '02', '01', 'H'),
	(31767, 7539, '13', '02', '01', 'H'),
	(31768, 7539, '13', '02', '01', 'H'),
	(31769, 7539, '13', '02', '01', 'H'),
	(31770, 7539, '13', '02', '01', 'H'),
	(31771, 7539, '13', '02', '01', 'H'),
	(31772, 7539, '13', '02', '01', 'H'),
	(31773, 7539, '13', '02', '01', 'H'),
	(31774, 7539, '13', '02', '01', 'H'),
	(31775, 7539, '13', '02', '01', 'H'),
	(31776, 7539, '13', '02', '01', 'H'),
	(31777, 7539, '13', '02', '01', 'H'),
	(31778, 7539, '13', '02', '01', 'H'),
	(31779, 7539, '13', '02', '01', 'H'),
	(31780, 7539, '13', '02', '01', 'H'),
	(31781, 7539, '13', '02', '01', 'H'),
	(31782, 7539, '13', '02', '01', 'H'),
	(31783, 7539, '13', '02', '01', 'H'),
	(31784, 7539, '13', '02', '01', 'H'),
	(31785, 7539, '13', '02', '01', 'H'),
	(31786, 7539, '13', '02', '01', 'H'),
	(31787, 7539, '13', '02', '01', 'H'),
	(31788, 7539, '13', '02', '01', 'H'),
	(31789, 7539, '13', '02', '01', 'H'),
	(31790, 7539, '13', '02', '01', 'H'),
	(31791, 7539, '13', '02', '01', 'H'),
	(31792, 7539, '13', '02', '01', 'H'),
	(31793, 7539, '13', '02', '01', 'H'),
	(31794, 2578, '13', '02', '02', 'H'),
	(31795, 2578, '13', '02', '02', 'H'),
	(31796, 2578, '13', '02', '02', 'H'),
	(31797, 2578, '13', '02', '02', 'H'),
	(31798, 2578, '13', '02', '02', 'H'),
	(31799, 2578, '13', '02', '02', 'H'),
	(31800, 2578, '13', '02', '02', 'H'),
	(31801, 2578, '13', '02', '02', 'H'),
	(31802, 2578, '13', '02', '02', 'H'),
	(31803, 2578, '13', '02', '02', 'H'),
	(31804, 2578, '13', '02', '02', 'H'),
	(31805, 2578, '13', '02', '02', 'H'),
	(31806, 2578, '13', '02', '02', 'H'),
	(31807, 2578, '13', '02', '02', 'H'),
	(31808, 2578, '13', '02', '02', 'H'),
	(31809, 2580, '13', '02', '02', 'H'),
	(31810, 2580, '13', '02', '02', 'H'),
	(31811, 2580, '13', '02', '02', 'H'),
	(31812, 2580, '13', '02', '02', 'H'),
	(31813, 2580, '13', '02', '02', 'H'),
	(31814, 2580, '13', '02', '02', 'H'),
	(31815, 5865, '13', '02', '02', 'H'),
	(31816, 5865, '13', '02', '02', 'H'),
	(31817, 5865, '13', '02', '02', 'H'),
	(31818, 2581, '13', '02', '03', 'H'),
	(31819, 2581, '13', '02', '03', 'H'),
	(31820, 2581, '13', '02', '03', 'H'),
	(31821, 2581, '13', '02', '03', 'H'),
	(31822, 2581, '13', '02', '03', 'H'),
	(31823, 2581, '13', '02', '03', 'H'),
	(31824, 2581, '13', '02', '03', 'H'),
	(31825, 2581, '13', '02', '03', 'H'),
	(31826, 2581, '13', '02', '03', 'H'),
	(31827, 2581, '13', '02', '03', 'H'),
	(31828, 2581, '13', '02', '03', 'H'),
	(31829, 2581, '13', '02', '03', 'H'),
	(31830, 2581, '13', '02', '03', 'H'),
	(31831, 2581, '13', '02', '03', 'H'),
	(31832, 2581, '13', '02', '03', 'H'),
	(31833, 2581, '13', '02', '03', 'H'),
	(31834, 2582, '13', '02', '03', 'H'),
	(31835, 2582, '13', '02', '03', 'H'),
	(31836, 2582, '13', '02', '03', 'H'),
	(31837, 2585, '13', '02', '04', 'H'),
	(31838, 2585, '13', '02', '04', 'H'),
	(31839, 2585, '13', '02', '04', 'H'),
	(31840, 2585, '13', '02', '04', 'H'),
	(31841, 2586, '13', '02', '04', 'H'),
	(31842, 2586, '13', '02', '04', 'H'),
	(31843, 2586, '13', '02', '04', 'H'),
	(31844, 2586, '13', '02', '04', 'H'),
	(31845, 2586, '13', '02', '04', 'H'),
	(31846, 2586, '13', '02', '04', 'H'),
	(31847, 2586, '13', '02', '04', 'H'),
	(31848, 2586, '13', '02', '04', 'H'),
	(31849, 2587, '13', '02', '04', 'H'),
	(31850, 2587, '13', '02', '04', 'H'),
	(31851, 2587, '13', '02', '04', 'H'),
	(31852, 2587, '13', '02', '04', 'H'),
	(31853, 2587, '13', '02', '04', 'H'),
	(31854, 2587, '13', '02', '04', 'H'),
	(31855, 2587, '13', '02', '04', 'H'),
	(31856, 2587, '13', '02', '04', 'H'),
	(31857, 2587, '13', '02', '04', 'H'),
	(31858, 2587, '13', '02', '04', 'H'),
	(31859, 2587, '13', '02', '04', 'H'),
	(31860, 2587, '13', '02', '04', 'H'),
	(31861, 2587, '13', '02', '04', 'H'),
	(31862, 2587, '13', '02', '04', 'H'),
	(31863, 2587, '13', '02', '04', 'H'),
	(31864, 2587, '13', '02', '04', 'H'),
	(31865, 2587, '13', '02', '04', 'H'),
	(31866, 2587, '13', '02', '04', 'H'),
	(31867, 2587, '13', '02', '04', 'H'),
	(31868, 2587, '13', '02', '04', 'H'),
	(31869, 2587, '13', '02', '04', 'H'),
	(31870, 2587, '13', '02', '04', 'H'),
	(31871, 2587, '13', '02', '04', 'H'),
	(31872, 2587, '13', '02', '04', 'H'),
	(31873, 2587, '13', '02', '04', 'H'),
	(31874, 2587, '13', '02', '04', 'H'),
	(31875, 2587, '13', '02', '04', 'H'),
	(31876, 2587, '13', '02', '04', 'H'),
	(31877, 2587, '13', '02', '04', 'H'),
	(31878, 2587, '13', '02', '04', 'H'),
	(31879, 2587, '13', '02', '04', 'H'),
	(31880, 2587, '13', '02', '04', 'H'),
	(31881, 2587, '13', '02', '04', 'H'),
	(31882, 2587, '13', '02', '04', 'H'),
	(31883, 2587, '13', '02', '04', 'H'),
	(31884, 2587, '13', '02', '04', 'H'),
	(31885, 5870, '13', '02', '04', 'H'),
	(31886, 5870, '13', '02', '04', 'H'),
	(31887, 5870, '13', '02', '04', 'H'),
	(31888, 2588, '13', '02', '05', 'H'),
	(31889, 2588, '13', '02', '05', 'H'),
	(31890, 2588, '13', '02', '05', 'H'),
	(31891, 2588, '13', '02', '05', 'H'),
	(31892, 2588, '13', '02', '05', 'H'),
	(31893, 2588, '13', '02', '05', 'H'),
	(31894, 2588, '13', '02', '05', 'H'),
	(31895, 2588, '13', '02', '05', 'H'),
	(31896, 2588, '13', '02', '05', 'H'),
	(31897, 2588, '13', '02', '05', 'H'),
	(31898, 2588, '13', '02', '05', 'H'),
	(31899, 2588, '13', '02', '05', 'H'),
	(31900, 2588, '13', '02', '05', 'H'),
	(31901, 2588, '13', '02', '05', 'H'),
	(31902, 2588, '13', '02', '05', 'H'),
	(31903, 2588, '13', '02', '05', 'H'),
	(31904, 2588, '13', '02', '05', 'H'),
	(31905, 2588, '13', '02', '05', 'H'),
	(31906, 2588, '13', '02', '05', 'H'),
	(31907, 2588, '13', '02', '05', 'H'),
	(31908, 2589, '13', '02', '05', 'H'),
	(31909, 2589, '13', '02', '05', 'H'),
	(31910, 2589, '13', '02', '05', 'H'),
	(31911, 2589, '13', '02', '05', 'H'),
	(31912, 2589, '13', '02', '05', 'H'),
	(31913, 2589, '13', '02', '05', 'H'),
	(31914, 2589, '13', '02', '05', 'H'),
	(31915, 2589, '13', '02', '05', 'H'),
	(31916, 2589, '13', '02', '05', 'H'),
	(31917, 2589, '13', '02', '05', 'H'),
	(31918, 2589, '13', '02', '05', 'H'),
	(31919, 2589, '13', '02', '05', 'H'),
	(31920, 2589, '13', '02', '05', 'H'),
	(31921, 2589, '13', '02', '05', 'H'),
	(31922, 2590, '13', '02', '06', 'H'),
	(31923, 2590, '13', '02', '06', 'H'),
	(31924, 2590, '13', '02', '06', 'H'),
	(31925, 2590, '13', '02', '06', 'H'),
	(31926, 2590, '13', '02', '06', 'H'),
	(31927, 2590, '13', '02', '06', 'H'),
	(31928, 2590, '13', '02', '06', 'H'),
	(31929, 2590, '13', '02', '06', 'H'),
	(31930, 2591, '13', '02', '06', 'H'),
	(31931, 2591, '13', '02', '06', 'H'),
	(31932, 2591, '13', '02', '06', 'H'),
	(31933, 2591, '13', '02', '06', 'H'),
	(31934, 2592, '13', '03', '01', 'H'),
	(31935, 2592, '13', '03', '01', 'H'),
	(31936, 2592, '13', '03', '01', 'H'),
	(31937, 2592, '13', '03', '01', 'H'),
	(31938, 2592, '13', '03', '01', 'H'),
	(31939, 2592, '13', '03', '01', 'H'),
	(31940, 2592, '13', '03', '01', 'H'),
	(31941, 2592, '13', '03', '01', 'H'),
	(31942, 2592, '13', '03', '01', 'H'),
	(31943, 2592, '13', '03', '01', 'H'),
	(31944, 2592, '13', '03', '01', 'H'),
	(31945, 2592, '13', '03', '01', 'H'),
	(31946, 2593, '13', '03', '01', 'H'),
	(31947, 2593, '13', '03', '01', 'H'),
	(31948, 2593, '13', '03', '01', 'H'),
	(31949, 2593, '13', '03', '01', 'H'),
	(31950, 2593, '13', '03', '01', 'H'),
	(31951, 2593, '13', '03', '01', 'H'),
	(31952, 2593, '13', '03', '01', 'H'),
	(31953, 2593, '13', '03', '01', 'H'),
	(31954, 2593, '13', '03', '01', 'H'),
	(31955, 2593, '13', '03', '01', 'H'),
	(31956, 2593, '13', '03', '01', 'H'),
	(31957, 2593, '13', '03', '01', 'H'),
	(31958, 2593, '13', '03', '01', 'H'),
	(31959, 2593, '13', '03', '01', 'H'),
	(31960, 2593, '13', '03', '01', 'H'),
	(31961, 2593, '13', '03', '01', 'H'),
	(31962, 2593, '13', '03', '01', 'H'),
	(31963, 2594, '13', '03', '01', 'H'),
	(31964, 2594, '13', '03', '01', 'H'),
	(31965, 2594, '13', '03', '01', 'H'),
	(31966, 2594, '13', '03', '01', 'H'),
	(31967, 2594, '13', '03', '01', 'H'),
	(31968, 2594, '13', '03', '01', 'H'),
	(31969, 2594, '13', '03', '01', 'H'),
	(31970, 2595, '13', '03', '01', 'H'),
	(31971, 2595, '13', '03', '01', 'H'),
	(31972, 2595, '13', '03', '01', 'H'),
	(31973, 2595, '13', '03', '01', 'H'),
	(31974, 2595, '13', '03', '01', 'H'),
	(31975, 2595, '13', '03', '01', 'H'),
	(31976, 2595, '13', '03', '01', 'H'),
	(31977, 2595, '13', '03', '01', 'H'),
	(31978, 2595, '13', '03', '01', 'H'),
	(31979, 2595, '13', '03', '01', 'H'),
	(31980, 2595, '13', '03', '01', 'H'),
	(31981, 2595, '13', '03', '01', 'H'),
	(31982, 2595, '13', '03', '01', 'H'),
	(31983, 2595, '13', '03', '01', 'H'),
	(31984, 2596, '13', '03', '01', 'H'),
	(31985, 2596, '13', '03', '01', 'H'),
	(31986, 2596, '13', '03', '01', 'H'),
	(31987, 2596, '13', '03', '01', 'H'),
	(31988, 2596, '13', '03', '01', 'H'),
	(31989, 2596, '13', '03', '01', 'H'),
	(31990, 2596, '13', '03', '01', 'H'),
	(31991, 2596, '13', '03', '01', 'H'),
	(31992, 2596, '13', '03', '01', 'H'),
	(31993, 2596, '13', '03', '01', 'H'),
	(31994, 2596, '13', '03', '01', 'H'),
	(31995, 2596, '13', '03', '01', 'H'),
	(31996, 2596, '13', '03', '01', 'H'),
	(31997, 2597, '13', '03', '01', 'H'),
	(31998, 2597, '13', '03', '01', 'H'),
	(31999, 2597, '13', '03', '01', 'H'),
	(32000, 2597, '13', '03', '01', 'H'),
	(32001, 2597, '13', '03', '01', 'H'),
	(32002, 2597, '13', '03', '01', 'H'),
	(32003, 2597, '13', '03', '01', 'H'),
	(32004, 2597, '13', '03', '01', 'H'),
	(32005, 2597, '13', '03', '01', 'H'),
	(32006, 2597, '13', '03', '01', 'H'),
	(32007, 2597, '13', '03', '01', 'H'),
	(32008, 2597, '13', '03', '01', 'H'),
	(32009, 2597, '13', '03', '01', 'H'),
	(32010, 2598, '13', '03', '01', 'H'),
	(32011, 2598, '13', '03', '01', 'H'),
	(32012, 2598, '13', '03', '01', 'H'),
	(32013, 2598, '13', '03', '01', 'H'),
	(32014, 2598, '13', '03', '01', 'H'),
	(32015, 2598, '13', '03', '01', 'H'),
	(32016, 2598, '13', '03', '01', 'H'),
	(32017, 2598, '13', '03', '01', 'H'),
	(32018, 2598, '13', '03', '01', 'H'),
	(32019, 2598, '13', '03', '01', 'H'),
	(32020, 2598, '13', '03', '01', 'H'),
	(32021, 2598, '13', '03', '01', 'H'),
	(32022, 2598, '13', '03', '01', 'H'),
	(32023, 2598, '13', '03', '01', 'H'),
	(32024, 2598, '13', '03', '01', 'H'),
	(32025, 2598, '13', '03', '01', 'H'),
	(32026, 2598, '13', '03', '01', 'H'),
	(32027, 2598, '13', '03', '01', 'H'),
	(32028, 2598, '13', '03', '01', 'H'),
	(32029, 7540, '13', '03', '01', 'H'),
	(32030, 7540, '13', '03', '01', 'H'),
	(32031, 7540, '13', '03', '01', 'H'),
	(32032, 7540, '13', '03', '01', 'H'),
	(32033, 7540, '13', '03', '01', 'H'),
	(32034, 7540, '13', '03', '01', 'H'),
	(32035, 7540, '13', '03', '01', 'H'),
	(32036, 7540, '13', '03', '01', 'H'),
	(32037, 7540, '13', '03', '01', 'H'),
	(32038, 7540, '13', '03', '01', 'H'),
	(32039, 7540, '13', '03', '01', 'H'),
	(32040, 7540, '13', '03', '01', 'H'),
	(32041, 7540, '13', '03', '01', 'H'),
	(32042, 7540, '13', '03', '01', 'H'),
	(32043, 7540, '13', '03', '01', 'H'),
	(32044, 7540, '13', '03', '01', 'H'),
	(32045, 7540, '13', '03', '01', 'H'),
	(32046, 7540, '13', '03', '01', 'H'),
	(32047, 7540, '13', '03', '01', 'H'),
	(32048, 7540, '13', '03', '01', 'H'),
	(32049, 7540, '13', '03', '01', 'H'),
	(32050, 7540, '13', '03', '01', 'H'),
	(32051, 7540, '13', '03', '01', 'H'),
	(32052, 7540, '13', '03', '01', 'H'),
	(32053, 7540, '13', '03', '01', 'H'),
	(32054, 7540, '13', '03', '01', 'H'),
	(32055, 7540, '13', '03', '01', 'H'),
	(32056, 7540, '13', '03', '01', 'H'),
	(32057, 7540, '13', '03', '01', 'H'),
	(32058, 7540, '13', '03', '01', 'H'),
	(32059, 7540, '13', '03', '01', 'H'),
	(32060, 7540, '13', '03', '01', 'H'),
	(32061, 7540, '13', '03', '01', 'H'),
	(32062, 7540, '13', '03', '01', 'H'),
	(32063, 7540, '13', '03', '01', 'H'),
	(32064, 7540, '13', '03', '01', 'H'),
	(32065, 7540, '13', '03', '01', 'H'),
	(32066, 7540, '13', '03', '01', 'H'),
	(32067, 7540, '13', '03', '01', 'H'),
	(32068, 7540, '13', '03', '01', 'H'),
	(32069, 7540, '13', '03', '01', 'H'),
	(32070, 7540, '13', '03', '01', 'H'),
	(32071, 7540, '13', '03', '01', 'H'),
	(32072, 7540, '13', '03', '01', 'H'),
	(32073, 7540, '13', '03', '01', 'H'),
	(32074, 7540, '13', '03', '01', 'H'),
	(32075, 7540, '13', '03', '01', 'H'),
	(32076, 7540, '13', '03', '01', 'H'),
	(32077, 7540, '13', '03', '01', 'H'),
	(32078, 7540, '13', '03', '01', 'H'),
	(32079, 7540, '13', '03', '01', 'H'),
	(32080, 7540, '13', '03', '01', 'H'),
	(32081, 7540, '13', '03', '01', 'H'),
	(32082, 7540, '13', '03', '01', 'H'),
	(32083, 7540, '13', '03', '01', 'H'),
	(32084, 7540, '13', '03', '01', 'H'),
	(32085, 7540, '13', '03', '01', 'H'),
	(32086, 7540, '13', '03', '01', 'H'),
	(32087, 7540, '13', '03', '01', 'H'),
	(32088, 7540, '13', '03', '01', 'H'),
	(32089, 7540, '13', '03', '01', 'H'),
	(32090, 7540, '13', '03', '01', 'H'),
	(32091, 7540, '13', '03', '01', 'H'),
	(32092, 7540, '13', '03', '01', 'H'),
	(32093, 7540, '13', '03', '01', 'H'),
	(32094, 7540, '13', '03', '01', 'H'),
	(32095, 7540, '13', '03', '01', 'H'),
	(32096, 7540, '13', '03', '01', 'H'),
	(32097, 7540, '13', '03', '01', 'H'),
	(32098, 7540, '13', '03', '01', 'H'),
	(32099, 7540, '13', '03', '01', 'H'),
	(32100, 7540, '13', '03', '01', 'H'),
	(32101, 7540, '13', '03', '01', 'H'),
	(32102, 7540, '13', '03', '01', 'H'),
	(32103, 7540, '13', '03', '01', 'H'),
	(32104, 7540, '13', '03', '01', 'H'),
	(32105, 7540, '13', '03', '01', 'H'),
	(32106, 7540, '13', '03', '01', 'H'),
	(32107, 7540, '13', '03', '01', 'H'),
	(32108, 7540, '13', '03', '01', 'H'),
	(32109, 7540, '13', '03', '01', 'H'),
	(32110, 7540, '13', '03', '01', 'H'),
	(32111, 7540, '13', '03', '01', 'H'),
	(32112, 7540, '13', '03', '01', 'H'),
	(32113, 7540, '13', '03', '01', 'H'),
	(32114, 7540, '13', '03', '01', 'H'),
	(32115, 7540, '13', '03', '01', 'H'),
	(32116, 7540, '13', '03', '01', 'H'),
	(32117, 2600, '13', '03', '02', 'H'),
	(32118, 2600, '13', '03', '02', 'H'),
	(32119, 2600, '13', '03', '02', 'H'),
	(32120, 2600, '13', '03', '02', 'H'),
	(32121, 2600, '13', '03', '02', 'H'),
	(32122, 2600, '13', '03', '02', 'H'),
	(32123, 2601, '13', '03', '03', 'H'),
	(32124, 2601, '13', '03', '03', 'H'),
	(32125, 2601, '13', '03', '03', 'H'),
	(32126, 2601, '13', '03', '03', 'H'),
	(32127, 2601, '13', '03', '03', 'H'),
	(32128, 2601, '13', '03', '03', 'H'),
	(32129, 2601, '13', '03', '03', 'H'),
	(32130, 2601, '13', '03', '03', 'H'),
	(32131, 2601, '13', '03', '03', 'H'),
	(32132, 2601, '13', '03', '03', 'H'),
	(32133, 2601, '13', '03', '03', 'H'),
	(32134, 2601, '13', '03', '03', 'H'),
	(32135, 2602, '13', '03', '03', 'H'),
	(32136, 2602, '13', '03', '03', 'H'),
	(32137, 2602, '13', '03', '03', 'H'),
	(32138, 2602, '13', '03', '03', 'H'),
	(32139, 2602, '13', '03', '03', 'H'),
	(32140, 2602, '13', '03', '03', 'H'),
	(32141, 2602, '13', '03', '03', 'H'),
	(32142, 2602, '13', '03', '03', 'H'),
	(32143, 2602, '13', '03', '03', 'H'),
	(32144, 2602, '13', '03', '03', 'H'),
	(32145, 2602, '13', '03', '03', 'H'),
	(32146, 2602, '13', '03', '03', 'H'),
	(32147, 2602, '13', '03', '03', 'H'),
	(32148, 2602, '13', '03', '03', 'H'),
	(32149, 2603, '13', '03', '04', 'H'),
	(32150, 2603, '13', '03', '04', 'H'),
	(32151, 2603, '13', '03', '04', 'H'),
	(32152, 2603, '13', '03', '04', 'H'),
	(32153, 2603, '13', '03', '04', 'H'),
	(32154, 2603, '13', '03', '04', 'H'),
	(32155, 2603, '13', '03', '04', 'H'),
	(32156, 2603, '13', '03', '04', 'H'),
	(32157, 2603, '13', '03', '04', 'H'),
	(32158, 2603, '13', '03', '04', 'H'),
	(32159, 2603, '13', '03', '04', 'H'),
	(32160, 2603, '13', '03', '04', 'H'),
	(32161, 2604, '13', '03', '04', 'H'),
	(32162, 2604, '13', '03', '04', 'H'),
	(32163, 2604, '13', '03', '04', 'H'),
	(32164, 2604, '13', '03', '04', 'H'),
	(32165, 2604, '13', '03', '04', 'H'),
	(32166, 2604, '13', '03', '04', 'H'),
	(32167, 2604, '13', '03', '04', 'H'),
	(32168, 2604, '13', '03', '04', 'H'),
	(32169, 2605, '13', '03', '04', 'H'),
	(32170, 2605, '13', '03', '04', 'H'),
	(32171, 2605, '13', '03', '04', 'H'),
	(32172, 2605, '13', '03', '04', 'H'),
	(32173, 2605, '13', '03', '04', 'H'),
	(32174, 2605, '13', '03', '04', 'H'),
	(32175, 2605, '13', '03', '04', 'H'),
	(32176, 2605, '13', '03', '04', 'H'),
	(32177, 2605, '13', '03', '04', 'H'),
	(32178, 2605, '13', '03', '04', 'H'),
	(32179, 2605, '13', '03', '04', 'H'),
	(32180, 2605, '13', '03', '04', 'H'),
	(32181, 2605, '13', '03', '04', 'H'),
	(32182, 2605, '13', '03', '04', 'H'),
	(32183, 2605, '13', '03', '04', 'H'),
	(32184, 2605, '13', '03', '04', 'H'),
	(32185, 2605, '13', '03', '04', 'H'),
	(32186, 2605, '13', '03', '04', 'H'),
	(32187, 2605, '13', '03', '04', 'H'),
	(32188, 2605, '13', '03', '04', 'H'),
	(32189, 2605, '13', '03', '04', 'H'),
	(32190, 2605, '13', '03', '04', 'H'),
	(32191, 2606, '13', '03', '05', 'H'),
	(32192, 2606, '13', '03', '05', 'H'),
	(32193, 2606, '13', '03', '05', 'H'),
	(32194, 2606, '13', '03', '05', 'H'),
	(32195, 2606, '13', '03', '05', 'H'),
	(32196, 2606, '13', '03', '05', 'H'),
	(32197, 2606, '13', '03', '05', 'H'),
	(32198, 2606, '13', '03', '05', 'H'),
	(32199, 2606, '13', '03', '05', 'H'),
	(32200, 2606, '13', '03', '05', 'H'),
	(32201, 2606, '13', '03', '05', 'H'),
	(32202, 2606, '13', '03', '05', 'H'),
	(32203, 2606, '13', '03', '05', 'H'),
	(32204, 2606, '13', '03', '05', 'H'),
	(32205, 2606, '13', '03', '05', 'H'),
	(32206, 2606, '13', '03', '05', 'H'),
	(32207, 2606, '13', '03', '05', 'H'),
	(32208, 2606, '13', '03', '05', 'H'),
	(32209, 2606, '13', '03', '05', 'H'),
	(32210, 2606, '13', '03', '05', 'H'),
	(32211, 2606, '13', '03', '05', 'H'),
	(32212, 2606, '13', '03', '05', 'H'),
	(32213, 2606, '13', '03', '05', 'H'),
	(32214, 2606, '13', '03', '05', 'H'),
	(32215, 2606, '13', '03', '05', 'H'),
	(32216, 2606, '13', '03', '05', 'H'),
	(32217, 5877, '13', '03', '05', 'H'),
	(32218, 5877, '13', '03', '05', 'H'),
	(32219, 5877, '13', '03', '05', 'H'),
	(32220, 5877, '13', '03', '05', 'H'),
	(32221, 5877, '13', '03', '05', 'H'),
	(32222, 5877, '13', '03', '05', 'H'),
	(32223, 5877, '13', '03', '05', 'H'),
	(32224, 5877, '13', '03', '05', 'H'),
	(32225, 5877, '13', '03', '05', 'H'),
	(32226, 5877, '13', '03', '05', 'H'),
	(32227, 5877, '13', '03', '05', 'H'),
	(32228, 5877, '13', '03', '05', 'H'),
	(32229, 5877, '13', '03', '05', 'H'),
	(32230, 5877, '13', '03', '05', 'H'),
	(32231, 5877, '13', '03', '05', 'H'),
	(32232, 5877, '13', '03', '05', 'H'),
	(32233, 5877, '13', '03', '05', 'H'),
	(32234, 5877, '13', '03', '05', 'H'),
	(32235, 5877, '13', '03', '05', 'H'),
	(32236, 5877, '13', '03', '05', 'H'),
	(32237, 5877, '13', '03', '05', 'H'),
	(32238, 5877, '13', '03', '05', 'H'),
	(32239, 5877, '13', '03', '05', 'H'),
	(32240, 2608, '13', '03', '06', 'H'),
	(32241, 2608, '13', '03', '06', 'H'),
	(32242, 2608, '13', '03', '06', 'H'),
	(32243, 2608, '13', '03', '06', 'H'),
	(32244, 2608, '13', '03', '06', 'H'),
	(32245, 2608, '13', '03', '06', 'H'),
	(32246, 2608, '13', '03', '06', 'H'),
	(32247, 2608, '13', '03', '06', 'H'),
	(32248, 2608, '13', '03', '06', 'H'),
	(32249, 2608, '13', '03', '06', 'H'),
	(32250, 2608, '13', '03', '06', 'H'),
	(32251, 2608, '13', '03', '06', 'H'),
	(32252, 2608, '13', '03', '06', 'H'),
	(32253, 2608, '13', '03', '06', 'H'),
	(32254, 2608, '13', '03', '06', 'H'),
	(32255, 2608, '13', '03', '06', 'H'),
	(32256, 2608, '13', '03', '06', 'H'),
	(32257, 2608, '13', '03', '06', 'H'),
	(32258, 2608, '13', '03', '06', 'H'),
	(32259, 2608, '13', '03', '06', 'H'),
	(32260, 2609, '13', '03', '06', 'H'),
	(32261, 2609, '13', '03', '06', 'H'),
	(32262, 2609, '13', '03', '06', 'H'),
	(32263, 2609, '13', '03', '06', 'H'),
	(32264, 2609, '13', '03', '06', 'H'),
	(32265, 2609, '13', '03', '06', 'H'),
	(32266, 2609, '13', '03', '06', 'H'),
	(32267, 2609, '13', '03', '06', 'H'),
	(32268, 2609, '13', '03', '06', 'H'),
	(32269, 2609, '13', '03', '06', 'H'),
	(32270, 2609, '13', '03', '06', 'H'),
	(32271, 2609, '13', '03', '06', 'H'),
	(32272, 2609, '13', '03', '06', 'H'),
	(32273, 2609, '13', '03', '06', 'H'),
	(32274, 2609, '13', '03', '06', 'H'),
	(32275, 2609, '13', '03', '06', 'H'),
	(32276, 2609, '13', '03', '06', 'H'),
	(32277, 2609, '13', '03', '06', 'H'),
	(32278, 2609, '13', '03', '06', 'H'),
	(32279, 2609, '13', '03', '06', 'H'),
	(32280, 2609, '13', '03', '06', 'H'),
	(32281, 2609, '13', '03', '06', 'H'),
	(32282, 2609, '13', '03', '06', 'H'),
	(32283, 2609, '13', '03', '06', 'H'),
	(32284, 2609, '13', '03', '06', 'H'),
	(32285, 2609, '13', '03', '06', 'H'),
	(32286, 2610, '13', '03', '06', 'H'),
	(32287, 2610, '13', '03', '06', 'H'),
	(32288, 2610, '13', '03', '06', 'H'),
	(32289, 2610, '13', '03', '06', 'H'),
	(32290, 2610, '13', '03', '06', 'H'),
	(32291, 2610, '13', '03', '06', 'H'),
	(32292, 2610, '13', '03', '06', 'H'),
	(32293, 2610, '13', '03', '06', 'H'),
	(32294, 2610, '13', '03', '06', 'H'),
	(32295, 2610, '13', '03', '06', 'H'),
	(32296, 2611, '13', '03', '06', 'H'),
	(32297, 2611, '13', '03', '06', 'H'),
	(32298, 2611, '13', '03', '06', 'H'),
	(32299, 2611, '13', '03', '06', 'H'),
	(32300, 2611, '13', '03', '06', 'H'),
	(32301, 2611, '13', '03', '06', 'H'),
	(32302, 2611, '13', '03', '06', 'H'),
	(32303, 2611, '13', '03', '06', 'H'),
	(32304, 2611, '13', '03', '06', 'H'),
	(32305, 2611, '13', '03', '06', 'H'),
	(32306, 2611, '13', '03', '06', 'H'),
	(32307, 2611, '13', '03', '06', 'H'),
	(32308, 2611, '13', '03', '06', 'H'),
	(32309, 2611, '13', '03', '06', 'H'),
	(32310, 2611, '13', '03', '06', 'H'),
	(32311, 2611, '13', '03', '06', 'H'),
	(32312, 2611, '13', '03', '06', 'H'),
	(32313, 2611, '13', '03', '06', 'H'),
	(32314, 2611, '13', '03', '06', 'H'),
	(32315, 2611, '13', '03', '06', 'H'),
	(32316, 2611, '13', '03', '06', 'H'),
	(32317, 2611, '13', '03', '06', 'H'),
	(32318, 2612, '13', '03', '06', 'H'),
	(32319, 2612, '13', '03', '06', 'H'),
	(32320, 2612, '13', '03', '06', 'H'),
	(32321, 2612, '13', '03', '06', 'H'),
	(32322, 2612, '13', '03', '06', 'H'),
	(32323, 2612, '13', '03', '06', 'H'),
	(32324, 2612, '13', '03', '06', 'H'),
	(32325, 2612, '13', '03', '06', 'H'),
	(32326, 2612, '13', '03', '06', 'H'),
	(32327, 2613, '13', '03', '06', 'H'),
	(32328, 2613, '13', '03', '06', 'H'),
	(32329, 2613, '13', '03', '06', 'H'),
	(32330, 2613, '13', '03', '06', 'H'),
	(32331, 2613, '13', '03', '06', 'H'),
	(32332, 2613, '13', '03', '06', 'H'),
	(32333, 2613, '13', '03', '06', 'H'),
	(32334, 2613, '13', '03', '06', 'H'),
	(32335, 2613, '13', '03', '06', 'H'),
	(32336, 2613, '13', '03', '06', 'H'),
	(32337, 2613, '13', '03', '06', 'H'),
	(32338, 2613, '13', '03', '06', 'H'),
	(32339, 2613, '13', '03', '06', 'H'),
	(32340, 2613, '13', '03', '06', 'H'),
	(32341, 2613, '13', '03', '06', 'H'),
	(32342, 2613, '13', '03', '06', 'H'),
	(32343, 2613, '13', '03', '06', 'H'),
	(32344, 2613, '13', '03', '06', 'H'),
	(32345, 2613, '13', '03', '06', 'H'),
	(32346, 2614, '13', '03', '07', 'H'),
	(32347, 2614, '13', '03', '07', 'H'),
	(32348, 2614, '13', '03', '07', 'H'),
	(32349, 2614, '13', '03', '07', 'H'),
	(32350, 2614, '13', '03', '07', 'H'),
	(32351, 2614, '13', '03', '07', 'H'),
	(32352, 2614, '13', '03', '07', 'H'),
	(32353, 2614, '13', '03', '07', 'H'),
	(32354, 2614, '13', '03', '07', 'H'),
	(32355, 2614, '13', '03', '07', 'H'),
	(32356, 2614, '13', '03', '07', 'H'),
	(32357, 2614, '13', '03', '07', 'H'),
	(32358, 2614, '13', '03', '07', 'H'),
	(32359, 2614, '13', '03', '07', 'H'),
	(32360, 2614, '13', '03', '07', 'H'),
	(32361, 2614, '13', '03', '07', 'H'),
	(32362, 2615, '13', '03', '07', 'H'),
	(32363, 2615, '13', '03', '07', 'H'),
	(32364, 2615, '13', '03', '07', 'H'),
	(32365, 2615, '13', '03', '07', 'H'),
	(32366, 2615, '13', '03', '07', 'H'),
	(32367, 2615, '13', '03', '07', 'H'),
	(32368, 2615, '13', '03', '07', 'H'),
	(32369, 2615, '13', '03', '07', 'H'),
	(32370, 2615, '13', '03', '07', 'H'),
	(32371, 2615, '13', '03', '07', 'H'),
	(32372, 2615, '13', '03', '07', 'H'),
	(32373, 2615, '13', '03', '07', 'H'),
	(32374, 2615, '13', '03', '07', 'H'),
	(32375, 2615, '13', '03', '07', 'H'),
	(32376, 2615, '13', '03', '07', 'H'),
	(32377, 2615, '13', '03', '07', 'H'),
	(32378, 2615, '13', '03', '07', 'H'),
	(32379, 2615, '13', '03', '07', 'H'),
	(32380, 2615, '13', '03', '07', 'H'),
	(32381, 2615, '13', '03', '07', 'H'),
	(32382, 2616, '13', '03', '07', 'H'),
	(32383, 2616, '13', '03', '07', 'H'),
	(32384, 2616, '13', '03', '07', 'H'),
	(32385, 2616, '13', '03', '07', 'H'),
	(32386, 2616, '13', '03', '07', 'H'),
	(32387, 2616, '13', '03', '07', 'H'),
	(32388, 2616, '13', '03', '07', 'H'),
	(32389, 2616, '13', '03', '07', 'H'),
	(32390, 2616, '13', '03', '07', 'H'),
	(32391, 2616, '13', '03', '07', 'H'),
	(32392, 2616, '13', '03', '07', 'H'),
	(32393, 2616, '13', '03', '07', 'H'),
	(32394, 2616, '13', '03', '07', 'H'),
	(32395, 2616, '13', '03', '07', 'H'),
	(32396, 2616, '13', '03', '07', 'H'),
	(32397, 2616, '13', '03', '07', 'H'),
	(32398, 2616, '13', '03', '07', 'H'),
	(32399, 2616, '13', '03', '07', 'H'),
	(32400, 2616, '13', '03', '07', 'H'),
	(32401, 2616, '13', '03', '07', 'H'),
	(32402, 2616, '13', '03', '07', 'H'),
	(32403, 2616, '13', '03', '07', 'H'),
	(32404, 2616, '13', '03', '07', 'H'),
	(32405, 2616, '13', '03', '07', 'H'),
	(32406, 2616, '13', '03', '07', 'H'),
	(32407, 2616, '13', '03', '07', 'H'),
	(32408, 2616, '13', '03', '07', 'H'),
	(32409, 2616, '13', '03', '07', 'H'),
	(32410, 2616, '13', '03', '07', 'H'),
	(32411, 2616, '13', '03', '07', 'H'),
	(32412, 2616, '13', '03', '07', 'H'),
	(32413, 2616, '13', '03', '07', 'H'),
	(32414, 2617, '13', '03', '08', 'H'),
	(32415, 2617, '13', '03', '08', 'H'),
	(32416, 2617, '13', '03', '08', 'H'),
	(32417, 2617, '13', '03', '08', 'H'),
	(32418, 2617, '13', '03', '08', 'H'),
	(32419, 2617, '13', '03', '08', 'H'),
	(32420, 2617, '13', '03', '08', 'H'),
	(32421, 2617, '13', '03', '08', 'H'),
	(32422, 2617, '13', '03', '08', 'H'),
	(32423, 2617, '13', '03', '08', 'H'),
	(32424, 2617, '13', '03', '08', 'H'),
	(32425, 2617, '13', '03', '08', 'H'),
	(32426, 2617, '13', '03', '08', 'H'),
	(32427, 2617, '13', '03', '08', 'H'),
	(32428, 2617, '13', '03', '08', 'H'),
	(32429, 2617, '13', '03', '08', 'H'),
	(32430, 2617, '13', '03', '08', 'H'),
	(32431, 2617, '13', '03', '08', 'H'),
	(32432, 2617, '13', '03', '08', 'H'),
	(32433, 2617, '13', '03', '08', 'H'),
	(32434, 2617, '13', '03', '08', 'H'),
	(32435, 2617, '13', '03', '08', 'H'),
	(32436, 2617, '13', '03', '08', 'H'),
	(32437, 2617, '13', '03', '08', 'H'),
	(32438, 2617, '13', '03', '08', 'H'),
	(32439, 2617, '13', '03', '08', 'H'),
	(32440, 2617, '13', '03', '08', 'H'),
	(32441, 2617, '13', '03', '08', 'H'),
	(32442, 2617, '13', '03', '08', 'H'),
	(32443, 2617, '13', '03', '08', 'H'),
	(32444, 2617, '13', '03', '08', 'H'),
	(32445, 2618, '13', '03', '08', 'H'),
	(32446, 2618, '13', '03', '08', 'H'),
	(32447, 2618, '13', '03', '08', 'H'),
	(32448, 2618, '13', '03', '08', 'H'),
	(32449, 2618, '13', '03', '08', 'H'),
	(32450, 2618, '13', '03', '08', 'H'),
	(32451, 2618, '13', '03', '08', 'H'),
	(32452, 2618, '13', '03', '08', 'H'),
	(32453, 2618, '13', '03', '08', 'H'),
	(32454, 2618, '13', '03', '08', 'H'),
	(32455, 2618, '13', '03', '08', 'H'),
	(32456, 2618, '13', '03', '08', 'H'),
	(32457, 2618, '13', '03', '08', 'H'),
	(32458, 2618, '13', '03', '08', 'H'),
	(32459, 2618, '13', '03', '08', 'H'),
	(32460, 2618, '13', '03', '08', 'H'),
	(32461, 2618, '13', '03', '08', 'H'),
	(32462, 2619, '13', '03', '08', 'H'),
	(32463, 2619, '13', '03', '08', 'H'),
	(32464, 2619, '13', '03', '08', 'H'),
	(32465, 2619, '13', '03', '08', 'H'),
	(32466, 2619, '13', '03', '08', 'H'),
	(32467, 2619, '13', '03', '08', 'H'),
	(32468, 2619, '13', '03', '08', 'H'),
	(32469, 2619, '13', '03', '08', 'H'),
	(32470, 2619, '13', '03', '08', 'H'),
	(32471, 2619, '13', '03', '08', 'H'),
	(32472, 2619, '13', '03', '08', 'H'),
	(32473, 2619, '13', '03', '08', 'H'),
	(32474, 2619, '13', '03', '08', 'H'),
	(32475, 2619, '13', '03', '08', 'H'),
	(32476, 2619, '13', '03', '08', 'H'),
	(32477, 2619, '13', '03', '08', 'H'),
	(32478, 2619, '13', '03', '08', 'H'),
	(32479, 2619, '13', '03', '08', 'H'),
	(32480, 2619, '13', '03', '08', 'H'),
	(32481, 2619, '13', '03', '08', 'H'),
	(32482, 2619, '13', '03', '08', 'H'),
	(32483, 2619, '13', '03', '08', 'H'),
	(32484, 2619, '13', '03', '08', 'H'),
	(32485, 2619, '13', '03', '08', 'H'),
	(32486, 2619, '13', '03', '08', 'H'),
	(32487, 2619, '13', '03', '08', 'H'),
	(32488, 2619, '13', '03', '08', 'H'),
	(32489, 2619, '13', '03', '08', 'H'),
	(32490, 2619, '13', '03', '08', 'H'),
	(32491, 2619, '13', '03', '08', 'H'),
	(32492, 2619, '13', '03', '08', 'H'),
	(32493, 2619, '13', '03', '08', 'H'),
	(32494, 2619, '13', '03', '08', 'H'),
	(32495, 2619, '13', '03', '08', 'H'),
	(32496, 2619, '13', '03', '08', 'H'),
	(32497, 2619, '13', '03', '08', 'H'),
	(32498, 2619, '13', '03', '08', 'H'),
	(32499, 2619, '13', '03', '08', 'H'),
	(32500, 2619, '13', '03', '08', 'H'),
	(32501, 2619, '13', '03', '08', 'H'),
	(32502, 2619, '13', '03', '08', 'H'),
	(32503, 2619, '13', '03', '08', 'H'),
	(32504, 2619, '13', '03', '08', 'H'),
	(32505, 2619, '13', '03', '08', 'H'),
	(32506, 2620, '13', '03', '08', 'H'),
	(32507, 2620, '13', '03', '08', 'H'),
	(32508, 2620, '13', '03', '08', 'H'),
	(32509, 2620, '13', '03', '08', 'H'),
	(32510, 2620, '13', '03', '08', 'H'),
	(32511, 2620, '13', '03', '08', 'H'),
	(32512, 2620, '13', '03', '08', 'H'),
	(32513, 2620, '13', '03', '08', 'H'),
	(32514, 2620, '13', '03', '08', 'H'),
	(32515, 2620, '13', '03', '08', 'H'),
	(32516, 2620, '13', '03', '08', 'H'),
	(32517, 2620, '13', '03', '08', 'H'),
	(32518, 2620, '13', '03', '08', 'H'),
	(32519, 2620, '13', '03', '08', 'H'),
	(32520, 2620, '13', '03', '08', 'H'),
	(32521, 2620, '13', '03', '08', 'H'),
	(32522, 2621, '13', '03', '09', 'H'),
	(32523, 2621, '13', '03', '09', 'H'),
	(32524, 2621, '13', '03', '09', 'H'),
	(32525, 2621, '13', '03', '09', 'H'),
	(32526, 2621, '13', '03', '09', 'H'),
	(32527, 2621, '13', '03', '09', 'H'),
	(32528, 2621, '13', '03', '09', 'H'),
	(32529, 2621, '13', '03', '09', 'H'),
	(32530, 2621, '13', '03', '09', 'H'),
	(32531, 2621, '13', '03', '09', 'H'),
	(32532, 2621, '13', '03', '09', 'H'),
	(32533, 2621, '13', '03', '09', 'H'),
	(32534, 2621, '13', '03', '09', 'H'),
	(32535, 2621, '13', '03', '09', 'H'),
	(32536, 2621, '13', '03', '09', 'H'),
	(32537, 2621, '13', '03', '09', 'H'),
	(32538, 2621, '13', '03', '09', 'H'),
	(32539, 2621, '13', '03', '09', 'H'),
	(32540, 2621, '13', '03', '09', 'H'),
	(32541, 2621, '13', '03', '09', 'H'),
	(32542, 2625, '13', '03', '10', 'H'),
	(32543, 2625, '13', '03', '10', 'H'),
	(32544, 2625, '13', '03', '10', 'H'),
	(32545, 2625, '13', '03', '10', 'H'),
	(32546, 2625, '13', '03', '10', 'H'),
	(32547, 2625, '13', '03', '10', 'H'),
	(32548, 2625, '13', '03', '10', 'H'),
	(32549, 2625, '13', '03', '10', 'H'),
	(32550, 2625, '13', '03', '10', 'H'),
	(32551, 2625, '13', '03', '10', 'H'),
	(32552, 2625, '13', '03', '10', 'H'),
	(32553, 2625, '13', '03', '10', 'H'),
	(32554, 2625, '13', '03', '10', 'H'),
	(32555, 2625, '13', '03', '10', 'H'),
	(32556, 2625, '13', '03', '10', 'H'),
	(32557, 2625, '13', '03', '10', 'H'),
	(32558, 2625, '13', '03', '10', 'H'),
	(32559, 2625, '13', '03', '10', 'H'),
	(32560, 2625, '13', '03', '10', 'H'),
	(32561, 2625, '13', '03', '10', 'H'),
	(32562, 2625, '13', '03', '10', 'H'),
	(32563, 2625, '13', '03', '10', 'H'),
	(32564, 2625, '13', '03', '10', 'H'),
	(32565, 2625, '13', '03', '10', 'H'),
	(32566, 2625, '13', '03', '10', 'H'),
	(32567, 2625, '13', '03', '10', 'H'),
	(32568, 2628, '13', '03', '11', 'H'),
	(32569, 2628, '13', '03', '11', 'H'),
	(32570, 2628, '13', '03', '11', 'H'),
	(32571, 2628, '13', '03', '11', 'H'),
	(32572, 2628, '13', '03', '11', 'H'),
	(32573, 2628, '13', '03', '11', 'H'),
	(32574, 2628, '13', '03', '11', 'H'),
	(32575, 2628, '13', '03', '11', 'H'),
	(32576, 2628, '13', '03', '11', 'H'),
	(32577, 2628, '13', '03', '11', 'H'),
	(32578, 2628, '13', '03', '11', 'H'),
	(32579, 2628, '13', '03', '11', 'H'),
	(32580, 2628, '13', '03', '11', 'H'),
	(32581, 2628, '13', '03', '11', 'H'),
	(32582, 2628, '13', '03', '11', 'H'),
	(32583, 2628, '13', '03', '11', 'H'),
	(32584, 2628, '13', '03', '11', 'H'),
	(32585, 2628, '13', '03', '11', 'H'),
	(32586, 2628, '13', '03', '11', 'H'),
	(32587, 2628, '13', '03', '11', 'H'),
	(32588, 2628, '13', '03', '11', 'H'),
	(32589, 2628, '13', '03', '11', 'H'),
	(32590, 2628, '13', '03', '11', 'H'),
	(32591, 2628, '13', '03', '11', 'H'),
	(32592, 2628, '13', '03', '11', 'H'),
	(32593, 2628, '13', '03', '11', 'H'),
	(32594, 2629, '13', '03', '11', 'H'),
	(32595, 2629, '13', '03', '11', 'H'),
	(32596, 2629, '13', '03', '11', 'H'),
	(32597, 2629, '13', '03', '11', 'H'),
	(32598, 2629, '13', '03', '11', 'H'),
	(32599, 2629, '13', '03', '11', 'H'),
	(32600, 2629, '13', '03', '11', 'H'),
	(32601, 2629, '13', '03', '11', 'H'),
	(32602, 2629, '13', '03', '11', 'H'),
	(32603, 2630, '13', '03', '12', 'H'),
	(32604, 2630, '13', '03', '12', 'H'),
	(32605, 2630, '13', '03', '12', 'H'),
	(32606, 2630, '13', '03', '12', 'H'),
	(32607, 2630, '13', '03', '12', 'H'),
	(32608, 2630, '13', '03', '12', 'H'),
	(32609, 2630, '13', '03', '12', 'H'),
	(32610, 2630, '13', '03', '12', 'H'),
	(32611, 2630, '13', '03', '12', 'H'),
	(32612, 2630, '13', '03', '12', 'H'),
	(32613, 2630, '13', '03', '12', 'H'),
	(32614, 2630, '13', '03', '12', 'H'),
	(32615, 2630, '13', '03', '12', 'H'),
	(32616, 2630, '13', '03', '12', 'H'),
	(32617, 2630, '13', '03', '12', 'H'),
	(32618, 2631, '13', '03', '12', 'H'),
	(32619, 2631, '13', '03', '12', 'H'),
	(32620, 2631, '13', '03', '12', 'H'),
	(32621, 2631, '13', '03', '12', 'H'),
	(32622, 2631, '13', '03', '12', 'H'),
	(32623, 2631, '13', '03', '12', 'H'),
	(32624, 2631, '13', '03', '12', 'H'),
	(32625, 2631, '13', '03', '12', 'H'),
	(32626, 2631, '13', '03', '12', 'H'),
	(32627, 2631, '13', '03', '12', 'H'),
	(32628, 2631, '13', '03', '12', 'H'),
	(32629, 2631, '13', '03', '12', 'H'),
	(32630, 2631, '13', '03', '12', 'H'),
	(32631, 2631, '13', '03', '12', 'H'),
	(32632, 2631, '13', '03', '12', 'H'),
	(32633, 2631, '13', '03', '12', 'H'),
	(32634, 2631, '13', '03', '12', 'H'),
	(32635, 2631, '13', '03', '12', 'H'),
	(32636, 2631, '13', '03', '12', 'H'),
	(32637, 2631, '13', '03', '12', 'H'),
	(32638, 2631, '13', '03', '12', 'H'),
	(32639, 2631, '13', '03', '12', 'H'),
	(32640, 2631, '13', '03', '12', 'H'),
	(32641, 2631, '13', '03', '12', 'H'),
	(32642, 2632, '13', '03', '12', 'H'),
	(32643, 2632, '13', '03', '12', 'H'),
	(32644, 2632, '13', '03', '12', 'H'),
	(32645, 2632, '13', '03', '12', 'H'),
	(32646, 2632, '13', '03', '12', 'H'),
	(32647, 2632, '13', '03', '12', 'H'),
	(32648, 2632, '13', '03', '12', 'H'),
	(32649, 2632, '13', '03', '12', 'H'),
	(32650, 2632, '13', '03', '12', 'H'),
	(32651, 2632, '13', '03', '12', 'H'),
	(32652, 2632, '13', '03', '12', 'H'),
	(32653, 2632, '13', '03', '12', 'H'),
	(32654, 2632, '13', '03', '12', 'H'),
	(32655, 2632, '13', '03', '12', 'H'),
	(32656, 2632, '13', '03', '12', 'H'),
	(32657, 2632, '13', '03', '12', 'H'),
	(32658, 2632, '13', '03', '12', 'H'),
	(32659, 2632, '13', '03', '12', 'H'),
	(32660, 2632, '13', '03', '12', 'H'),
	(32661, 2632, '13', '03', '12', 'H'),
	(32662, 2632, '13', '03', '12', 'H'),
	(32663, 2632, '13', '03', '12', 'H'),
	(901623, 7315, '13', '01', '02', 'H'),
	(901624, 7315, '13', '01', '02', 'H'),
	(901625, 7315, '13', '01', '02', 'H'),
	(901626, 2546, '13', '01', '14', 'H'),
	(901627, 2546, '13', '01', '14', 'H'),
	(901628, 2575, '13', '02', '02', 'H'),
	(901629, 2575, '13', '02', '02', 'H'),
	(901630, 2575, '13', '02', '02', 'H'),
	(901631, 2575, '13', '02', '02', 'H'),
	(901632, 2575, '13', '02', '02', 'H'),
	(901633, 2575, '13', '02', '02', 'H'),
	(901634, 2576, '13', '02', '02', 'H'),
	(901635, 2576, '13', '02', '02', 'H'),
	(901636, 2576, '13', '02', '02', 'H'),
	(901637, 2577, '13', '02', '02', 'H'),
	(901638, 2577, '13', '02', '02', 'H'),
	(901639, 2577, '13', '02', '02', 'H'),
	(901640, 2579, '13', '02', '02', 'H'),
	(901641, 2579, '13', '02', '02', 'H'),
	(901642, 2579, '13', '02', '02', 'H'),
	(901643, 2579, '13', '02', '02', 'H'),
	(901644, 7316, '13', '02', '02', 'H'),
	(901645, 2583, '13', '02', '03', 'H'),
	(901646, 2583, '13', '02', '03', 'H'),
	(901647, 2583, '13', '02', '03', 'H'),
	(901648, 2583, '13', '02', '03', 'H'),
	(901649, 2584, '13', '02', '03', 'H'),
	(901650, 2584, '13', '02', '03', 'H'),
	(901651, 2584, '13', '02', '03', 'H'),
	(901652, 2584, '13', '02', '03', 'H'),
	(901653, 2584, '13', '02', '03', 'H'),
	(901654, 2584, '13', '02', '03', 'H'),
	(901655, 7163, '13', '02', '03', 'H'),
	(901656, 7163, '13', '02', '03', 'H'),
	(901657, 7163, '13', '02', '03', 'H'),
	(901658, 7163, '13', '02', '03', 'H'),
	(901659, 7317, '13', '02', '03', 'H'),
	(901660, 7317, '13', '02', '03', 'H'),
	(901661, 7317, '13', '02', '03', 'H'),
	(901662, 7317, '13', '02', '03', 'H'),
	(901663, 7318, '13', '02', '03', 'H'),
	(901664, 7318, '13', '02', '03', 'H'),
	(901665, 2622, '13', '03', '10', 'H'),
	(901666, 2622, '13', '03', '10', 'H'),
	(901667, 2622, '13', '03', '10', 'H'),
	(901668, 2622, '13', '03', '10', 'H'),
	(901669, 2622, '13', '03', '10', 'H'),
	(901670, 2622, '13', '03', '10', 'H'),
	(901671, 2623, '13', '03', '10', 'H'),
	(901672, 2624, '13', '03', '10', 'H'),
	(901673, 2624, '13', '03', '10', 'H'),
	(901674, 2624, '13', '03', '10', 'H'),
	(901675, 2624, '13', '03', '10', 'H'),
	(901676, 2624, '13', '03', '10', 'H'),
	(901677, 2626, '13', '03', '10', 'H'),
	(901678, 2626, '13', '03', '10', 'H'),
	(901679, 2627, '13', '03', '10', 'H'),
	(901680, 2627, '13', '03', '10', 'H');
/*!40000 ALTER TABLE `mesa_sufragio` ENABLE KEYS */;

-- Volcando estructura para tabla bd_personeros.nro_hojas
CREATE TABLE IF NOT EXISTS `nro_hojas` (
  `id_nro_hoja` int(10) unsigned NOT NULL AUTO_INCREMENT,
  `nro_hoja` varchar(20) NOT NULL,
  `dni` char(8) NOT NULL,
  PRIMARY KEY (`id_nro_hoja`),
  KEY `idx_nro_hojas_dni` (`dni`),
  CONSTRAINT `fk_nro_hojas_personero` FOREIGN KEY (`dni`) REFERENCES `personero` (`dni`) ON DELETE NO ACTION ON UPDATE NO ACTION
) ENGINE=InnoDB AUTO_INCREMENT=4 DEFAULT CHARSET=latin1;

-- Volcando datos para la tabla bd_personeros.nro_hojas: ~3 rows (aproximadamente)
/*!40000 ALTER TABLE `nro_hojas` DISABLE KEYS */;
INSERT INTO `nro_hojas` (`id_nro_hoja`, `nro_hoja`, `dni`) VALUES
	(1, '123456789', '74777342'),
	(2, '1234567891', '74777342'),
	(3, '99999', '74777342'),
	(4, '99999', '12345678'),
	(5, '123456789', '87654321'),
	(6, '55555', '74777342'),
	(7, '55555', '74777342'),
	(8, '55555', '74777342'),
	(9, '11111', '74777342'),
	(10, '11111', '74777342'),
	(11, '11111', '74777342'),
	(12, '11111', '74777342'),
	(13, '11111', '74777342'),
	(14, '11111', '74777342'),
	(15, '22222', '74777342'),
	(16, '33333', '87654321'),
	(17, '44444', '87654321'),
	(18, '44444', '34534534');
/*!40000 ALTER TABLE `nro_hojas` ENABLE KEYS */;

-- Volcando estructura para tabla bd_personeros.padron
CREATE TABLE IF NOT EXISTS `padron` (
  `dni` char(8) NOT NULL,
  `mesa_sufragio` int(10) unsigned NOT NULL,
  `sexo` char(1) NOT NULL,
  `id_tipo_documento` int(10) unsigned NOT NULL,
  `apellido_paterno` varchar(150) DEFAULT NULL,
  `apellido_materno` varchar(150) NOT NULL,
  `nombres` varchar(150) NOT NULL,
  `id_departamento` char(2) NOT NULL,
  `id_provincia` char(2) NOT NULL,
  `id_distrito` char(2) NOT NULL,
  PRIMARY KEY (`dni`),
  KEY `idx_padron_id_tipo_documento` (`id_tipo_documento`),
  KEY `idx_padron_id_departamento` (`id_departamento`,`id_provincia`,`id_distrito`),
  CONSTRAINT `fk_padron_distrito` FOREIGN KEY (`id_departamento`, `id_provincia`, `id_distrito`) REFERENCES `distrito` (`id_departamento`, `id_provincia`, `id_distrito`) ON DELETE NO ACTION ON UPDATE NO ACTION,
  CONSTRAINT `fk_padron_tipo_documento` FOREIGN KEY (`id_tipo_documento`) REFERENCES `tipo_documento` (`id_tipo_documento`) ON DELETE NO ACTION ON UPDATE NO ACTION
) ENGINE=InnoDB DEFAULT CHARSET=latin1;

-- Volcando datos para la tabla bd_personeros.padron: ~4 rows (aproximadamente)
/*!40000 ALTER TABLE `padron` DISABLE KEYS */;
INSERT INTO `padron` (`dni`, `mesa_sufragio`, `sexo`, `id_tipo_documento`, `apellido_paterno`, `apellido_materno`, `nombres`, `id_departamento`, `id_provincia`, `id_distrito`) VALUES
	('12345678', 45646, 'M', 1, 'ANCHAY', 'DIAZ', 'ÑEEEEEEE', '13', '01', '05'),
	('16532958', 0, 'F', 1, 'DIAZ', 'CALDERON', 'JUANA ELIZABETH', '13', '03', '09'),
	('34534534', 45646, 'M', 1, 'ADSDAS', 'ASDAS', 'ASDASDA', '13', '01', '05'),
	('46705014', 0, 'M', 1, 'PEÑA', 'DIAZ', 'SILVIO REYNALDO', '13', '01', '01'),
	('70031208', 45646, 'M', 1, 'FARROÑAN', 'CAMPOS', 'ARACELI TATHYANA', '13', '01', '10'),
	('74777342', 123123, 'M', 1, 'DIAZ', 'ANCHAY', 'OSCAR FERNANDO', '13', '01', '01'),
	('87654321', 321345, 'F', 1, 'DASD', 'DASD', 'NAAA', '13', '01', '15');
/*!40000 ALTER TABLE `padron` ENABLE KEYS */;

-- Volcando estructura para tabla bd_personeros.pages
CREATE TABLE IF NOT EXISTS `pages` (
  `id_pages` int(11) NOT NULL AUTO_INCREMENT,
  `nombre` varchar(300) NOT NULL,
  PRIMARY KEY (`id_pages`)
) ENGINE=InnoDB AUTO_INCREMENT=3 DEFAULT CHARSET=latin1;

-- Volcando datos para la tabla bd_personeros.pages: ~2 rows (aproximadamente)
/*!40000 ALTER TABLE `pages` DISABLE KEYS */;
INSERT INTO `pages` (`id_pages`, `nombre`) VALUES
	(1, 'PERSONEROS'),
	(2, 'ADMINISTRADOR');
/*!40000 ALTER TABLE `pages` ENABLE KEYS */;

-- Volcando estructura para tabla bd_personeros.personero
CREATE TABLE IF NOT EXISTS `personero` (
  `dni` char(8) NOT NULL,
  `domicilio` varchar(200) DEFAULT NULL,
  `nro_celular_1` varchar(30) DEFAULT NULL,
  `nro_celular_2` varchar(30) DEFAULT NULL,
  `nro_telefonico` varchar(30) DEFAULT NULL,
  `correo` varchar(30) DEFAULT NULL,
  `responsable_dni` char(8) DEFAULT NULL,
  `estado` char(1) DEFAULT NULL,
  `asignacion` char(1) DEFAULT NULL,
  `id_tipo_personero` int(10) unsigned DEFAULT NULL,
  `asignacio_lugar` char(1) DEFAULT NULL,
  `id_candidato` int(10) unsigned NOT NULL,
  `usuario_respon` char(8) NOT NULL,
  PRIMARY KEY (`dni`),
  KEY `idx_personero_responsable_dni` (`responsable_dni`),
  KEY `idx_personero_id_tipo_personero` (`id_tipo_personero`),
  KEY `idx_personero_id_candidato` (`id_candidato`),
  CONSTRAINT `fk_personero_candidato` FOREIGN KEY (`id_candidato`) REFERENCES `candidato` (`id_candidato`) ON DELETE NO ACTION ON UPDATE NO ACTION,
  CONSTRAINT `fk_personero_padron` FOREIGN KEY (`dni`) REFERENCES `padron` (`dni`) ON DELETE NO ACTION ON UPDATE NO ACTION,
  CONSTRAINT `fk_personero_personero` FOREIGN KEY (`responsable_dni`) REFERENCES `personero` (`dni`) ON DELETE NO ACTION ON UPDATE NO ACTION,
  CONSTRAINT `fk_personero_tipo_personero` FOREIGN KEY (`id_tipo_personero`) REFERENCES `tipo_personero` (`id_tipo_personero`) ON DELETE NO ACTION ON UPDATE NO ACTION
) ENGINE=InnoDB DEFAULT CHARSET=latin1;

-- Volcando datos para la tabla bd_personeros.personero: ~4 rows (aproximadamente)
/*!40000 ALTER TABLE `personero` DISABLE KEYS */;
INSERT INTO `personero` (`dni`, `domicilio`, `nro_celular_1`, `nro_celular_2`, `nro_telefonico`, `correo`, `responsable_dni`, `estado`, `asignacion`, `id_tipo_personero`, `asignacio_lugar`, `id_candidato`, `usuario_respon`) VALUES
	('12345678', 'nada', '947677940', '', '', 'juan2@GMAIL.COM', '74777342', 'H', NULL, NULL, NULL, 1, '46705014'),
	('16532958', NULL, NULL, NULL, NULL, NULL, NULL, 'H', NULL, 1, NULL, 1, ''),
	('34534534', 'nada', '947677940', '', '', 'juan2@GMAIL.COM', '87654321', 'H', NULL, NULL, NULL, 1, '46705014'),
	('46705014', '', NULL, NULL, NULL, NULL, NULL, 'H', NULL, 1, NULL, 1, ''),
	('70031208', 'ldfgdfgsg', '947677940', '', '', 'araceli@hotmail.com', '74777342', 'H', NULL, NULL, NULL, 1, '46705014'),
	('74777342', '', '', '', '920175209', 'juan@GMAIL.COM', NULL, 'H', NULL, NULL, NULL, 1, '46705014'),
	('87654321', 'Tahuantinsuyo 1921 JLO', '920175209', '', '', 'sndoansdnaosnd', '74777342', 'H', NULL, NULL, NULL, 1, '46705014');
/*!40000 ALTER TABLE `personero` ENABLE KEYS */;

-- Volcando estructura para tabla bd_personeros.provincia
CREATE TABLE IF NOT EXISTS `provincia` (
  `nombre` varchar(150) DEFAULT NULL,
  `id_departamento` char(2) NOT NULL,
  `id_provincia` char(2) NOT NULL,
  PRIMARY KEY (`id_departamento`,`id_provincia`),
  KEY `idx_provincia_id_departamento` (`id_departamento`),
  CONSTRAINT `fk_provincia_departamento` FOREIGN KEY (`id_departamento`) REFERENCES `departamento` (`id_departamento`) ON DELETE NO ACTION ON UPDATE NO ACTION
) ENGINE=InnoDB DEFAULT CHARSET=latin1;

-- Volcando datos para la tabla bd_personeros.provincia: ~195 rows (aproximadamente)
/*!40000 ALTER TABLE `provincia` DISABLE KEYS */;
INSERT INTO `provincia` (`nombre`, `id_departamento`, `id_provincia`) VALUES
	('CHACHAPOYAS', '01', '01'),
	('BAGUA', '01', '02'),
	('BONGARA', '01', '03'),
	('LUYA', '01', '04'),
	('RODRIGUEZ DE MENDOZA', '01', '05'),
	('CONDORCANQUI', '01', '06'),
	('UTCUBAMBA', '01', '07'),
	('HUARAZ', '02', '01'),
	('AIJA', '02', '02'),
	('BOLOGNESI', '02', '03'),
	('CARHUAZ', '02', '04'),
	('CASMA', '02', '05'),
	('CORONGO', '02', '06'),
	('HUAYLAS', '02', '07'),
	('HUARI', '02', '08'),
	('MARISCAL LUZURIAGA', '02', '09'),
	('PALLASCA', '02', '10'),
	('POMABAMBA', '02', '11'),
	('RECUAY', '02', '12'),
	('SANTA', '02', '13'),
	('SIHUAS', '02', '14'),
	('YUNGAY', '02', '15'),
	('ANTONIO RAIMONDI', '02', '16'),
	('CARLOS FERMIN FITZCARRALD', '02', '17'),
	('ASUNCION', '02', '18'),
	('HUARMEY', '02', '19'),
	('OCROS', '02', '20'),
	('ABANCAY', '03', '01'),
	('AYMARAES', '03', '02'),
	('ANDAHUAYLAS', '03', '03'),
	('ANTABAMBA', '03', '04'),
	('COTABAMBAS', '03', '05'),
	('GRAU', '03', '06'),
	('CHINCHEROS', '03', '07'),
	('AREQUIPA', '04', '01'),
	('CAYLLOMA', '04', '02'),
	('CAMANA', '04', '03'),
	('CARAVELI', '04', '04'),
	('CASTILLA', '04', '05'),
	('CONDESUYOS', '04', '06'),
	('ISLAY', '04', '07'),
	('LA UNION', '04', '08'),
	('HUAMANGA', '05', '01'),
	('CANGALLO', '05', '02'),
	('HUANTA', '05', '03'),
	('LA MAR', '05', '04'),
	('LUCANAS', '05', '05'),
	('PARINACOCHAS', '05', '06'),
	('VICTOR FAJARDO', '05', '07'),
	('HUANCA SANCOS', '05', '08'),
	('VILCAS HUAMAN', '05', '09'),
	('PAUCAR DEL SARA SARA', '05', '10'),
	('SUCRE', '05', '11'),
	('CAJAMARCA', '06', '01'),
	('CAJABAMBA', '06', '02'),
	('CELENDIN', '06', '03'),
	('CONTUMAZA', '06', '04'),
	('CUTERVO', '06', '05'),
	('CHOTA', '06', '06'),
	('HUALGAYOC', '06', '07'),
	('JAEN', '06', '08'),
	('SANTA CRUZ', '06', '09'),
	('SAN MIGUEL', '06', '10'),
	('SAN IGNACIO', '06', '11'),
	('SAN MARCOS', '06', '12'),
	('SAN PABLO', '06', '13'),
	('CUSCO', '07', '01'),
	('ACOMAYO', '07', '02'),
	('ANTA', '07', '03'),
	('CALCA', '07', '04'),
	('CANAS', '07', '05'),
	('CANCHIS', '07', '06'),
	('CHUMBIVILCAS', '07', '07'),
	('ESPINAR', '07', '08'),
	('LA CONVENCION', '07', '09'),
	('PARURO', '07', '10'),
	('PAUCARTAMBO', '07', '11'),
	('QUISPICANCHI', '07', '12'),
	('URUBAMBA', '07', '13'),
	('HUANCAVELICA', '08', '01'),
	('ACOBAMBA', '08', '02'),
	('ANGARAES', '08', '03'),
	('CASTROVIRREYNA', '08', '04'),
	('TAYACAJA', '08', '05'),
	('HUAYTARA', '08', '06'),
	('CHURCAMPA', '08', '07'),
	('HUANUCO', '09', '01'),
	('AMBO', '09', '02'),
	('DOS DE MAYO', '09', '03'),
	('HUAMALIES', '09', '04'),
	('MARAÑON', '09', '05'),
	('LEONCIO PRADO', '09', '06'),
	('PACHITEA', '09', '07'),
	('PUERTO INCA', '09', '08'),
	('HUACAYBAMBA', '09', '09'),
	('LAURICOCHA', '09', '10'),
	('YAROWILCA', '09', '11'),
	('ICA', '10', '01'),
	('CHINCHA', '10', '02'),
	('NAZCA', '10', '03'),
	('PISCO', '10', '04'),
	('PALPA', '10', '05'),
	('HUANCAYO', '11', '01'),
	('CONCEPCION', '11', '02'),
	('JAUJA', '11', '03'),
	('JUNIN', '11', '04'),
	('TARMA', '11', '05'),
	('YAULI', '11', '06'),
	('SATIPO', '11', '07'),
	('CHANCHAMAYO', '11', '08'),
	('CHUPACA', '11', '09'),
	('TRUJILLO', '12', '01'),
	('BOLIVAR', '12', '02'),
	('SANCHEZ CARRION', '12', '03'),
	('OTUZCO', '12', '04'),
	('PACASMAYO', '12', '05'),
	('PATAZ', '12', '06'),
	('SANTIAGO DE CHUCO', '12', '07'),
	('ASCOPE', '12', '08'),
	('CHEPEN', '12', '09'),
	('JULCAN', '12', '10'),
	('GRAN CHIMU', '12', '11'),
	('VIRU', '12', '12'),
	('CHICLAYO', '13', '01'),
	('FERREÑAFE', '13', '02'),
	('LAMBAYEQUE', '13', '03'),
	('LIMA', '14', '01'),
	('CAJATAMBO', '14', '02'),
	('CANTA', '14', '03'),
	('CAÑETE', '14', '04'),
	('HUAURA', '14', '05'),
	('HUAROCHIRI', '14', '06'),
	('YAUYOS', '14', '07'),
	('HUARAL', '14', '08'),
	('BARRANCA', '14', '09'),
	('OYON', '14', '10'),
	('MAYNAS', '15', '01'),
	('ALTO AMAZONAS', '15', '02'),
	('LORETO', '15', '03'),
	('REQUENA', '15', '04'),
	('UCAYALI', '15', '05'),
	('MARISCAL RAMON CASTILLA', '15', '06'),
	('DATEM DEL MARAÑON', '15', '07'),
	('TAMBOPATA', '16', '01'),
	('MANU', '16', '02'),
	('TAHUAMANU', '16', '03'),
	('MARISCAL NIETO', '17', '01'),
	('GENERAL SANCHEZ CERRO', '17', '02'),
	('ILO', '17', '03'),
	('PASCO', '18', '01'),
	('DANIEL ALCIDES CARRION', '18', '02'),
	('OXAPAMPA', '18', '03'),
	('PIURA', '19', '01'),
	('AYABACA', '19', '02'),
	('HUANCABAMBA', '19', '03'),
	('MORROPON', '19', '04'),
	('PAITA', '19', '05'),
	('SULLANA', '19', '06'),
	('TALARA', '19', '07'),
	('SECHURA', '19', '08'),
	('PUNO', '20', '01'),
	('AZANGARO', '20', '02'),
	('CARABAYA', '20', '03'),
	('CHUCUITO', '20', '04'),
	('HUANCANE', '20', '05'),
	('LAMPA', '20', '06'),
	('MELGAR', '20', '07'),
	('SANDIA', '20', '08'),
	('SAN ROMAN', '20', '09'),
	('YUNGUYO', '20', '10'),
	('SAN ANTONIO DE PUTINA', '20', '11'),
	('EL COLLAO', '20', '12'),
	('MOHO', '20', '13'),
	('MOYOBAMBA', '21', '01'),
	('HUALLAGA', '21', '02'),
	('LAMAS', '21', '03'),
	('MARISCAL CACERES', '21', '04'),
	('RIOJA', '21', '05'),
	('SAN MARTIN', '21', '06'),
	('BELLAVISTA', '21', '07'),
	('TOCACHE', '21', '08'),
	('PICOTA', '21', '09'),
	('EL DORADO', '21', '10'),
	('TACNA', '22', '01'),
	('TARATA', '22', '02'),
	('JORGE BASADRE', '22', '03'),
	('CANDARAVE', '22', '04'),
	('TUMBES', '23', '01'),
	('CONTRALMIRANTE VILLAR', '23', '02'),
	('ZARUMILLA', '23', '03'),
	('CALLAO', '24', '01'),
	('CORONEL PORTILLO', '25', '01'),
	('PADRE ABAD', '25', '02'),
	('ATALAYA', '25', '03'),
	('PURUS', '25', '04');
/*!40000 ALTER TABLE `provincia` ENABLE KEYS */;

-- Volcando estructura para tabla bd_personeros.tipo_documento
CREATE TABLE IF NOT EXISTS `tipo_documento` (
  `id_tipo_documento` int(10) unsigned NOT NULL AUTO_INCREMENT,
  `nombre` varchar(30) DEFAULT NULL,
  PRIMARY KEY (`id_tipo_documento`)
) ENGINE=InnoDB AUTO_INCREMENT=3 DEFAULT CHARSET=latin1;

-- Volcando datos para la tabla bd_personeros.tipo_documento: ~2 rows (aproximadamente)
/*!40000 ALTER TABLE `tipo_documento` DISABLE KEYS */;
INSERT INTO `tipo_documento` (`id_tipo_documento`, `nombre`) VALUES
	(1, 'DNI'),
	(2, 'LIBRETA ELECTORAL\n');
/*!40000 ALTER TABLE `tipo_documento` ENABLE KEYS */;

-- Volcando estructura para tabla bd_personeros.tipo_personero
CREATE TABLE IF NOT EXISTS `tipo_personero` (
  `id_tipo_personero` int(10) unsigned NOT NULL AUTO_INCREMENT,
  `nombre` varchar(50) DEFAULT NULL,
  PRIMARY KEY (`id_tipo_personero`)
) ENGINE=InnoDB AUTO_INCREMENT=3 DEFAULT CHARSET=latin1;

-- Volcando datos para la tabla bd_personeros.tipo_personero: ~2 rows (aproximadamente)
/*!40000 ALTER TABLE `tipo_personero` DISABLE KEYS */;
INSERT INTO `tipo_personero` (`id_tipo_personero`, `nombre`) VALUES
	(1, 'CENTRO DE VOTACION'),
	(2, 'MESA SUFRAGIO');
/*!40000 ALTER TABLE `tipo_personero` ENABLE KEYS */;

-- Volcando estructura para tabla bd_personeros.usuario
CREATE TABLE IF NOT EXISTS `usuario` (
  `dni` char(8) NOT NULL,
  `password` char(32) NOT NULL,
  `estado` char(1) NOT NULL,
  PRIMARY KEY (`dni`),
  CONSTRAINT `fk_usuario_personero` FOREIGN KEY (`dni`) REFERENCES `personero` (`dni`) ON DELETE NO ACTION ON UPDATE NO ACTION
) ENGINE=InnoDB DEFAULT CHARSET=latin1;

-- Volcando datos para la tabla bd_personeros.usuario: ~2 rows (aproximadamente)
/*!40000 ALTER TABLE `usuario` DISABLE KEYS */;
INSERT INTO `usuario` (`dni`, `password`, `estado`) VALUES
	('16532958', '202cb962ac59075b964b07152d234b70', 'H'),
	('46705014', '202cb962ac59075b964b07152d234b70', 'H');
/*!40000 ALTER TABLE `usuario` ENABLE KEYS */;

-- Volcando estructura para tabla bd_personeros.usuario_pages
CREATE TABLE IF NOT EXISTS `usuario_pages` (
  `estado` varchar(1) DEFAULT NULL,
  `dni` char(8) NOT NULL,
  `id_pages` int(11) NOT NULL,
  PRIMARY KEY (`dni`,`id_pages`),
  KEY `idx_usuario_pages_dni` (`dni`),
  KEY `idx_usuario_pages_id_pages` (`id_pages`),
  CONSTRAINT `fk_usuario_pages_pages` FOREIGN KEY (`id_pages`) REFERENCES `pages` (`id_pages`) ON DELETE NO ACTION ON UPDATE NO ACTION,
  CONSTRAINT `fk_usuario_pages_usuario` FOREIGN KEY (`dni`) REFERENCES `usuario` (`dni`) ON DELETE NO ACTION ON UPDATE NO ACTION
) ENGINE=InnoDB DEFAULT CHARSET=latin1;

-- Volcando datos para la tabla bd_personeros.usuario_pages: ~2 rows (aproximadamente)
/*!40000 ALTER TABLE `usuario_pages` DISABLE KEYS */;
INSERT INTO `usuario_pages` (`estado`, `dni`, `id_pages`) VALUES
	('H', '46705014', 1),
	('H', '46705014', 2);
/*!40000 ALTER TABLE `usuario_pages` ENABLE KEYS */;

/*!40101 SET SQL_MODE=IFNULL(@OLD_SQL_MODE, '') */;
/*!40014 SET FOREIGN_KEY_CHECKS=IF(@OLD_FOREIGN_KEY_CHECKS IS NULL, 1, @OLD_FOREIGN_KEY_CHECKS) */;
/*!40101 SET CHARACTER_SET_CLIENT=@OLD_CHARACTER_SET_CLIENT */;
