-- --------------------------------------------------------
-- Host:                         127.0.0.1
-- Versión del servidor:         10.1.19-MariaDB - mariadb.org binary distribution
-- SO del servidor:              Win32
-- HeidiSQL Versión:             9.5.0.5284
-- --------------------------------------------------------

/*!40101 SET @OLD_CHARACTER_SET_CLIENT=@@CHARACTER_SET_CLIENT */;
/*!40101 SET NAMES utf8 */;
/*!50503 SET NAMES utf8mb4 */;
/*!40014 SET @OLD_FOREIGN_KEY_CHECKS=@@FOREIGN_KEY_CHECKS, FOREIGN_KEY_CHECKS=0 */;
/*!40101 SET @OLD_SQL_MODE=@@SQL_MODE, SQL_MODE='NO_AUTO_VALUE_ON_ZERO' */;

-- Volcando estructura para tabla bd_personeros.asignacion_centro_votacion
CREATE TABLE IF NOT EXISTS `asignacion_centro_votacion` (
  `dni` char(8) NOT NULL,
  `id_centro_votacion` int(10) unsigned NOT NULL,
  `estado` char(1) NOT NULL,
  PRIMARY KEY (`dni`,`id_centro_votacion`),
  KEY `idx_asignacion_centro_votacion_dni` (`dni`),
  KEY `idx_asignacion_centro_votacion_id_centro_votacion` (`id_centro_votacion`),
  CONSTRAINT `fk_asignacion_centro_votacion_centro_votacion` FOREIGN KEY (`id_centro_votacion`) REFERENCES `centro_votacion` (`id_centro_votacion`) ON DELETE NO ACTION ON UPDATE NO ACTION,
  CONSTRAINT `fk_asignacion_centro_votacion_personero` FOREIGN KEY (`dni`) REFERENCES `personero` (`dni`) ON DELETE NO ACTION ON UPDATE NO ACTION
) ENGINE=InnoDB DEFAULT CHARSET=latin1;

-- Volcando datos para la tabla bd_personeros.asignacion_centro_votacion: ~0 rows (aproximadamente)
/*!40000 ALTER TABLE `asignacion_centro_votacion` DISABLE KEYS */;
/*!40000 ALTER TABLE `asignacion_centro_votacion` ENABLE KEYS */;

-- Volcando estructura para tabla bd_personeros.asignacion_mesa_sufragio
CREATE TABLE IF NOT EXISTS `asignacion_mesa_sufragio` (
  `dni` char(8) NOT NULL,
  `id_centro_votacion` int(10) unsigned NOT NULL,
  `numero` int(10) unsigned NOT NULL,
  `estado` char(1) NOT NULL,
  PRIMARY KEY (`id_centro_votacion`,`dni`,`numero`),
  KEY `idx_asignacion_mesa_sufragio_dni` (`dni`),
  KEY `idx_asignacion_mesa_sufragio_numero` (`numero`,`id_centro_votacion`),
  CONSTRAINT `fk_asignacion_mesa_sufragio_mesa_sufragio` FOREIGN KEY (`numero`, `id_centro_votacion`) REFERENCES `mesa_sufragio` (`numero`, `id_centro_votacion`) ON DELETE NO ACTION ON UPDATE NO ACTION,
  CONSTRAINT `fk_asignacion_mesa_sufragio_personero` FOREIGN KEY (`dni`) REFERENCES `personero` (`dni`) ON DELETE NO ACTION ON UPDATE NO ACTION
) ENGINE=InnoDB DEFAULT CHARSET=latin1;

-- Volcando datos para la tabla bd_personeros.asignacion_mesa_sufragio: ~0 rows (aproximadamente)
/*!40000 ALTER TABLE `asignacion_mesa_sufragio` DISABLE KEYS */;
/*!40000 ALTER TABLE `asignacion_mesa_sufragio` ENABLE KEYS */;

-- Volcando estructura para tabla bd_personeros.asistencia
CREATE TABLE IF NOT EXISTS `asistencia` (
  `id_asistencia` int(10) unsigned NOT NULL AUTO_INCREMENT,
  `dni` char(8) NOT NULL,
  `fecha` timestamp NOT NULL DEFAULT CURRENT_TIMESTAMP,
  PRIMARY KEY (`id_asistencia`),
  KEY `idx_asistencia_dni` (`dni`),
  CONSTRAINT `fk_asistencia_personero` FOREIGN KEY (`dni`) REFERENCES `personero` (`dni`) ON DELETE NO ACTION ON UPDATE NO ACTION
) ENGINE=InnoDB DEFAULT CHARSET=latin1;

-- Volcando datos para la tabla bd_personeros.asistencia: ~0 rows (aproximadamente)
/*!40000 ALTER TABLE `asistencia` DISABLE KEYS */;
/*!40000 ALTER TABLE `asistencia` ENABLE KEYS */;

-- Volcando estructura para tabla bd_personeros.cedula
CREATE TABLE IF NOT EXISTS `cedula` (
  `id_cedula` int(10) unsigned NOT NULL AUTO_INCREMENT,
  `partido` varchar(200) DEFAULT NULL,
  `estado` char(1) DEFAULT 'H',
  PRIMARY KEY (`id_cedula`)
) ENGINE=InnoDB AUTO_INCREMENT=18 DEFAULT CHARSET=latin1;

-- Volcando datos para la tabla bd_personeros.cedula: ~17 rows (aproximadamente)
/*!40000 ALTER TABLE `cedula` DISABLE KEYS */;
INSERT INTO `cedula` (`id_cedula`, `partido`, `estado`) VALUES
	(1, 'PRIMERO LAMBAYEQUE', 'H'),
	(2, 'PODEMOS POR EL PROGRESO DEL PERU', 'H'),
	(3, 'ALIANZA PARA EL PROGRESO', 'H'),
	(4, 'PARTIDO POPULAR CRISTIANO PPC', 'H'),
	(5, 'SOLIDARIDAD NACIONAL', 'H'),
	(6, 'TODOS POR EL PERU', 'H'),
	(7, 'PARTIDO DEMOCRATICO SOMOS PERU', 'H'),
	(8, 'PERU PATRIA SEGURA', 'H'),
	(9, 'FUERZA POPULAR', 'H'),
	(10, 'PERU NACION', 'H'),
	(11, 'JUNTOS POR EL PERU', 'H'),
	(12, 'PERUANOS POR EL CAMBIO', 'H'),
	(13, 'PERU LIBERTARIO', 'H'),
	(14, 'DEMOCRACIA DIRECTA', 'H'),
	(15, 'VAMOS PERU', 'H'),
	(16, 'ACCION POPULAR', 'H'),
	(17, 'PARTIDO APRISTA PERUANO', 'H');
/*!40000 ALTER TABLE `cedula` ENABLE KEYS */;

-- Volcando estructura para tabla bd_personeros.cedula_ubigeo
CREATE TABLE IF NOT EXISTS `cedula_ubigeo` (
  `id_cedula` int(10) unsigned NOT NULL,
  `id_departamento` char(2) NOT NULL,
  `id_provincia` char(2) NOT NULL,
  `id_distrito` char(2) NOT NULL,
  `cedula_provincial` char(1) NOT NULL DEFAULT 'H',
  `cedula_distrital` char(1) NOT NULL,
  PRIMARY KEY (`id_cedula`,`id_departamento`,`id_provincia`,`id_distrito`),
  KEY `idx_cedula_ubigeo_id_cedula` (`id_cedula`),
  KEY `idx_cedula_ubigeo_id_distrito` (`id_distrito`,`id_provincia`,`id_departamento`),
  CONSTRAINT `fk_cedula_ubigeo_cedula` FOREIGN KEY (`id_cedula`) REFERENCES `cedula` (`id_cedula`) ON DELETE NO ACTION ON UPDATE NO ACTION,
  CONSTRAINT `fk_cedula_ubigeo_distrito` FOREIGN KEY (`id_distrito`, `id_provincia`, `id_departamento`) REFERENCES `distrito` (`id_distrito`, `id_provincia`, `id_departamento`) ON DELETE NO ACTION ON UPDATE NO ACTION
) ENGINE=InnoDB DEFAULT CHARSET=latin1;

-- Volcando datos para la tabla bd_personeros.cedula_ubigeo: ~51 rows (aproximadamente)
/*!40000 ALTER TABLE `cedula_ubigeo` DISABLE KEYS */;
INSERT INTO `cedula_ubigeo` (`id_cedula`, `id_departamento`, `id_provincia`, `id_distrito`, `cedula_provincial`, `cedula_distrital`) VALUES
	(1, '13', '01', '01', 'H', 'H'),
	(1, '13', '03', '02', 'H', 'D'),
	(1, '13', '03', '09', 'H', 'D'),
	(2, '13', '01', '01', 'H', 'H'),
	(2, '13', '03', '02', 'H', 'H'),
	(2, '13', '03', '09', 'H', 'H'),
	(3, '13', '01', '01', 'H', 'H'),
	(3, '13', '03', '02', 'D', 'H'),
	(3, '13', '03', '09', 'H', 'H'),
	(4, '13', '01', '01', 'H', 'H'),
	(4, '13', '03', '02', 'D', 'H'),
	(4, '13', '03', '09', 'H', 'D'),
	(5, '13', '01', '01', 'H', 'H'),
	(5, '13', '03', '02', 'D', 'H'),
	(5, '13', '03', '09', 'H', 'D'),
	(6, '13', '01', '01', 'H', 'H'),
	(6, '13', '03', '02', 'H', 'D'),
	(6, '13', '03', '09', 'H', 'H'),
	(7, '13', '01', '01', 'H', 'H'),
	(7, '13', '03', '02', 'D', 'D'),
	(7, '13', '03', '09', 'H', 'H'),
	(8, '13', '01', '01', 'H', 'H'),
	(8, '13', '03', '02', 'D', 'D'),
	(8, '13', '03', '09', 'H', 'D'),
	(9, '13', '01', '01', 'H', 'H'),
	(9, '13', '03', '02', 'D', 'D'),
	(9, '13', '03', '09', 'H', 'H'),
	(10, '13', '01', '01', 'H', 'H'),
	(10, '13', '03', '02', 'D', 'D'),
	(10, '13', '03', '09', 'H', 'D'),
	(11, '13', '01', '01', 'H', 'H'),
	(11, '13', '03', '02', 'D', 'D'),
	(11, '13', '03', '09', 'H', 'H'),
	(12, '13', '01', '01', 'H', 'H'),
	(12, '13', '03', '02', 'D', 'D'),
	(12, '13', '03', '09', 'H', 'D'),
	(13, '13', '01', '01', 'H', 'H'),
	(13, '13', '03', '02', 'D', 'D'),
	(13, '13', '03', '09', 'H', 'D'),
	(14, '13', '01', '01', 'H', 'H'),
	(14, '13', '03', '02', 'D', 'D'),
	(14, '13', '03', '09', 'H', 'D'),
	(15, '13', '01', '01', 'H', 'H'),
	(15, '13', '03', '02', 'D', 'D'),
	(15, '13', '03', '09', 'H', 'D'),
	(16, '13', '01', '01', 'D', 'H'),
	(16, '13', '03', '02', 'D', 'D'),
	(16, '13', '03', '09', 'D', 'H'),
	(17, '13', '01', '01', 'D', 'H'),
	(17, '13', '03', '02', 'D', 'D'),
	(17, '13', '03', '09', 'D', 'H');
/*!40000 ALTER TABLE `cedula_ubigeo` ENABLE KEYS */;

-- Volcando estructura para tabla bd_personeros.centro_votacion
CREATE TABLE IF NOT EXISTS `centro_votacion` (
  `id_centro_votacion` int(10) unsigned NOT NULL AUTO_INCREMENT,
  `nombre` varchar(200) DEFAULT NULL,
  `direccion` varchar(200) DEFAULT NULL,
  `id_departamento` char(2) NOT NULL,
  `id_provincia` char(2) NOT NULL,
  `id_distrito` char(2) NOT NULL,
  PRIMARY KEY (`id_centro_votacion`),
  KEY `idx_centro_votacion_id_distrito` (`id_distrito`,`id_provincia`,`id_departamento`),
  CONSTRAINT `fk_centro_votacion_distrito` FOREIGN KEY (`id_distrito`, `id_provincia`, `id_departamento`) REFERENCES `distrito` (`id_distrito`, `id_provincia`, `id_departamento`) ON DELETE NO ACTION ON UPDATE NO ACTION
) ENGINE=InnoDB DEFAULT CHARSET=latin1;

-- Volcando datos para la tabla bd_personeros.centro_votacion: ~0 rows (aproximadamente)
/*!40000 ALTER TABLE `centro_votacion` DISABLE KEYS */;
/*!40000 ALTER TABLE `centro_votacion` ENABLE KEYS */;

-- Volcando estructura para tabla bd_personeros.conteo_ubigeo
CREATE TABLE IF NOT EXISTS `conteo_ubigeo` (
  `dni` char(8) NOT NULL,
  `id_departamento` char(2) NOT NULL,
  `id_provincia` char(2) NOT NULL,
  `id_distrito` char(2) NOT NULL,
  `provincial_distrital` char(1) NOT NULL,
  `votos_blanco` int(10) unsigned NOT NULL DEFAULT '0',
  `votos_nulos` int(10) unsigned NOT NULL DEFAULT '0',
  `votos_impugnados` int(10) unsigned NOT NULL DEFAULT '0',
  `votos_emitidos` int(10) unsigned NOT NULL DEFAULT '0',
  `observaciones` varchar(500) NOT NULL,
  PRIMARY KEY (`dni`,`id_departamento`,`id_provincia`,`id_distrito`,`provincial_distrital`),
  KEY `idx_conteo_ubigeo_dni` (`dni`),
  CONSTRAINT `fk_conteo_ubigeo_usuario` FOREIGN KEY (`dni`) REFERENCES `usuario` (`dni`) ON DELETE NO ACTION ON UPDATE NO ACTION
) ENGINE=InnoDB DEFAULT CHARSET=latin1;

-- Volcando datos para la tabla bd_personeros.conteo_ubigeo: ~2 rows (aproximadamente)
/*!40000 ALTER TABLE `conteo_ubigeo` DISABLE KEYS */;
INSERT INTO `conteo_ubigeo` (`dni`, `id_departamento`, `id_provincia`, `id_distrito`, `provincial_distrital`, `votos_blanco`, `votos_nulos`, `votos_impugnados`, `votos_emitidos`, `observaciones`) VALUES
	('16532958', '13', '03', '09', '1', 2, 3, 4, 9, 'safas'),
	('16532958', '13', '03', '09', '2', 9, 8, 7, 8, 'kjiui');
/*!40000 ALTER TABLE `conteo_ubigeo` ENABLE KEYS */;

-- Volcando estructura para tabla bd_personeros.departamento
CREATE TABLE IF NOT EXISTS `departamento` (
  `id_departamento` char(2) NOT NULL,
  `nombre` varchar(150) DEFAULT NULL,
  PRIMARY KEY (`id_departamento`)
) ENGINE=InnoDB DEFAULT CHARSET=latin1;

-- Volcando datos para la tabla bd_personeros.departamento: ~25 rows (aproximadamente)
/*!40000 ALTER TABLE `departamento` DISABLE KEYS */;
INSERT INTO `departamento` (`id_departamento`, `nombre`) VALUES
	('01', 'AMAZONAS'),
	('02', 'ANCASH'),
	('03', 'APURIMAC'),
	('04', 'AREQUIPA'),
	('05', 'AYACUCHO'),
	('06', 'CAJAMARCA'),
	('07', 'CUSCO'),
	('08', 'HUANCAVELICA'),
	('09', 'HUANUCO'),
	('10', 'ICA'),
	('11', 'JUNIN'),
	('12', 'LA LIBERTAD'),
	('13', 'LAMBAYEQUE'),
	('14', 'LIMA'),
	('15', 'LORETO'),
	('16', 'MADRE DE DIOS'),
	('17', 'MOQUEGUA'),
	('18', 'PASCO'),
	('19', 'PIURA'),
	('20', 'PUNO'),
	('21', 'SAN MARTIN'),
	('22', 'TACNA'),
	('23', 'TUMBES'),
	('24', 'CALLAO'),
	('25', 'UCAYALI');
/*!40000 ALTER TABLE `departamento` ENABLE KEYS */;

-- Volcando estructura para tabla bd_personeros.detalle_conteo_ubigeo
CREATE TABLE IF NOT EXISTS `detalle_conteo_ubigeo` (
  `dni` char(8) NOT NULL,
  `id_cedula` int(10) unsigned NOT NULL,
  `id_departamento` char(2) NOT NULL,
  `id_provincia` char(2) NOT NULL,
  `id_distrito` char(2) NOT NULL,
  `provincial_distrital` char(1) NOT NULL,
  `conteo` int(10) unsigned NOT NULL DEFAULT '0',
  KEY `idx_detalle_conteo_ubigeo_dni` (`dni`,`id_departamento`,`id_provincia`,`id_distrito`,`provincial_distrital`),
  KEY `idx_detalle_conteo_ubigeo_id_cedula` (`id_cedula`),
  CONSTRAINT `fk_detalle_conteo_ubigeo_cedula` FOREIGN KEY (`id_cedula`) REFERENCES `cedula` (`id_cedula`) ON DELETE NO ACTION ON UPDATE NO ACTION,
  CONSTRAINT `fk_detalle_conteo_ubigeo_conteo_ubigeo` FOREIGN KEY (`dni`, `id_departamento`, `id_provincia`, `id_distrito`, `provincial_distrital`) REFERENCES `conteo_ubigeo` (`dni`, `id_departamento`, `id_provincia`, `id_distrito`, `provincial_distrital`) ON DELETE NO ACTION ON UPDATE NO ACTION
) ENGINE=InnoDB DEFAULT CHARSET=latin1;

-- Volcando datos para la tabla bd_personeros.detalle_conteo_ubigeo: ~15 rows (aproximadamente)
/*!40000 ALTER TABLE `detalle_conteo_ubigeo` DISABLE KEYS */;
INSERT INTO `detalle_conteo_ubigeo` (`dni`, `id_cedula`, `id_departamento`, `id_provincia`, `id_distrito`, `provincial_distrital`, `conteo`) VALUES
	('16532958', 1, '13', '03', '09', '1', 4),
	('16532958', 2, '13', '03', '09', '1', 3),
	('16532958', 3, '13', '03', '09', '1', 2),
	('16532958', 4, '13', '03', '09', '1', 0),
	('16532958', 5, '13', '03', '09', '1', 0),
	('16532958', 6, '13', '03', '09', '1', 0),
	('16532958', 7, '13', '03', '09', '1', 0),
	('16532958', 8, '13', '03', '09', '1', 0),
	('16532958', 9, '13', '03', '09', '1', 0),
	('16532958', 10, '13', '03', '09', '1', 0),
	('16532958', 11, '13', '03', '09', '1', 0),
	('16532958', 12, '13', '03', '09', '1', 0),
	('16532958', 13, '13', '03', '09', '1', 0),
	('16532958', 14, '13', '03', '09', '1', 0),
	('16532958', 15, '13', '03', '09', '1', 0);
/*!40000 ALTER TABLE `detalle_conteo_ubigeo` ENABLE KEYS */;

-- Volcando estructura para tabla bd_personeros.distrito
CREATE TABLE IF NOT EXISTS `distrito` (
  `nombre` varchar(150) DEFAULT NULL,
  `id_departamento` char(2) NOT NULL,
  `id_provincia` char(2) NOT NULL,
  `id_distrito` char(2) NOT NULL,
  PRIMARY KEY (`id_departamento`,`id_provincia`,`id_distrito`),
  UNIQUE KEY `unq_distrito_id_distrito` (`id_distrito`,`id_provincia`,`id_departamento`),
  KEY `idx_distrito_id_departamento` (`id_departamento`,`id_provincia`),
  CONSTRAINT `fk_distrito_provincia` FOREIGN KEY (`id_departamento`, `id_provincia`) REFERENCES `provincia` (`id_departamento`, `id_provincia`) ON DELETE NO ACTION ON UPDATE NO ACTION
) ENGINE=InnoDB DEFAULT CHARSET=latin1;

-- Volcando datos para la tabla bd_personeros.distrito: ~1,834 rows (aproximadamente)
/*!40000 ALTER TABLE `distrito` DISABLE KEYS */;
INSERT INTO `distrito` (`nombre`, `id_departamento`, `id_provincia`, `id_distrito`) VALUES
	('CHACHAPOYAS', '01', '01', '01'),
	('ASUNCION', '01', '01', '02'),
	('BALSAS', '01', '01', '03'),
	('CHETO', '01', '01', '04'),
	('CHILIQUIN', '01', '01', '05'),
	('CHUQUIBAMBA', '01', '01', '06'),
	('GRANADA', '01', '01', '07'),
	('HUANCAS', '01', '01', '08'),
	('LA JALCA', '01', '01', '09'),
	('LEIMEBAMBA', '01', '01', '10'),
	('LEVANTO', '01', '01', '11'),
	('MAGDALENA', '01', '01', '12'),
	('MARISCAL CASTILLA', '01', '01', '13'),
	('MOLINOPAMPA', '01', '01', '14'),
	('MONTEVIDEO', '01', '01', '15'),
	('OLLEROS', '01', '01', '16'),
	('QUINJALCA', '01', '01', '17'),
	('SAN FRANCISCO DE DAGUAS', '01', '01', '18'),
	('SAN ISIDRO DE MAINO', '01', '01', '19'),
	('SOLOCO', '01', '01', '20'),
	('SONCHE', '01', '01', '21'),
	('LA PECA', '01', '02', '01'),
	('ARAMANGO', '01', '02', '02'),
	('COPALLIN', '01', '02', '03'),
	('EL PARCO', '01', '02', '04'),
	('BAGUA', '01', '02', '05'),
	('IMAZA', '01', '02', '06'),
	('JUMBILLA', '01', '03', '01'),
	('COROSHA', '01', '03', '02'),
	('CUISPES', '01', '03', '03'),
	('CHISQUILLA', '01', '03', '04'),
	('CHURUJA', '01', '03', '05'),
	('FLORIDA', '01', '03', '06'),
	('RECTA', '01', '03', '07'),
	('SAN CARLOS', '01', '03', '08'),
	('SHIPASBAMBA', '01', '03', '09'),
	('VALERA', '01', '03', '10'),
	('YAMBRASBAMBA', '01', '03', '11'),
	('JAZAN', '01', '03', '12'),
	('LAMUD', '01', '04', '01'),
	('CAMPORREDONDO', '01', '04', '02'),
	('COCABAMBA', '01', '04', '03'),
	('COLCAMAR', '01', '04', '04'),
	('CONILA', '01', '04', '05'),
	('INGUILPATA', '01', '04', '06'),
	('LONGUITA', '01', '04', '07'),
	('LONYA CHICO', '01', '04', '08'),
	('LUYA', '01', '04', '09'),
	('LUYA VIEJO', '01', '04', '10'),
	('MARIA', '01', '04', '11'),
	('OCALLI', '01', '04', '12'),
	('OCUMAL', '01', '04', '13'),
	('PISUQUIA', '01', '04', '14'),
	('SAN CRISTOBAL', '01', '04', '15'),
	('SAN FRANCISCO DE YESO', '01', '04', '16'),
	('SAN JERONIMO', '01', '04', '17'),
	('SAN JUAN DE LOPECANCHA', '01', '04', '18'),
	('SANTA CATALINA', '01', '04', '19'),
	('SANTO TOMAS', '01', '04', '20'),
	('TINGO', '01', '04', '21'),
	('TRITA', '01', '04', '22'),
	('PROVIDENCIA', '01', '04', '23'),
	('SAN NICOLAS', '01', '05', '01'),
	('COCHAMAL', '01', '05', '02'),
	('CHIRIMOTO', '01', '05', '03'),
	('HUAMBO', '01', '05', '04'),
	('LIMABAMBA', '01', '05', '05'),
	('LONGAR', '01', '05', '06'),
	('MILPUCC', '01', '05', '07'),
	('MARISCAL BENAVIDES', '01', '05', '08'),
	('OMIA', '01', '05', '09'),
	('SANTA ROSA', '01', '05', '10'),
	('TOTORA', '01', '05', '11'),
	('VISTA ALEGRE', '01', '05', '12'),
	('NIEVA', '01', '06', '01'),
	('RIO SANTIAGO', '01', '06', '02'),
	('EL CENEPA', '01', '06', '03'),
	('BAGUA GRANDE', '01', '07', '01'),
	('CAJARURO', '01', '07', '02'),
	('CUMBA', '01', '07', '03'),
	('EL MILAGRO', '01', '07', '04'),
	('JAMALCA', '01', '07', '05'),
	('LONYA GRANDE', '01', '07', '06'),
	('YAMON', '01', '07', '07'),
	('HUARAZ', '02', '01', '01'),
	('INDEPENDENCIA', '02', '01', '02'),
	('COCHABAMBA', '02', '01', '03'),
	('COLCABAMBA', '02', '01', '04'),
	('HUANCHAY', '02', '01', '05'),
	('JANGAS', '02', '01', '06'),
	('LA LIBERTAD', '02', '01', '07'),
	('OLLEROS', '02', '01', '08'),
	('PAMPAS', '02', '01', '09'),
	('PARIACOTO', '02', '01', '10'),
	('PIRA', '02', '01', '11'),
	('TARICA', '02', '01', '12'),
	('AIJA', '02', '02', '01'),
	('CORIS', '02', '02', '03'),
	('HUACLLAN', '02', '02', '05'),
	('LA MERCED', '02', '02', '06'),
	('SUCCHA', '02', '02', '08'),
	('CHIQUIAN', '02', '03', '01'),
	('ABELARDO PARDO LEZAMETA', '02', '03', '02'),
	('AQUIA', '02', '03', '04'),
	('CAJACAY', '02', '03', '05'),
	('HUAYLLACAYAN', '02', '03', '10'),
	('HUASTA', '02', '03', '11'),
	('MANGAS', '02', '03', '13'),
	('PACLLON', '02', '03', '15'),
	('SAN MIGUEL DE CORPANQUI', '02', '03', '17'),
	('TICLLOS', '02', '03', '20'),
	('ANTONIO RAIMONDI', '02', '03', '21'),
	('CANIS', '02', '03', '22'),
	('COLQUIOC', '02', '03', '23'),
	('LA PRIMAVERA', '02', '03', '24'),
	('HUALLANCA', '02', '03', '25'),
	('CARHUAZ', '02', '04', '01'),
	('ACOPAMPA', '02', '04', '02'),
	('AMASHCA', '02', '04', '03'),
	('ANTA', '02', '04', '04'),
	('ATAQUERO', '02', '04', '05'),
	('MARCARA', '02', '04', '06'),
	('PARIAHUANCA', '02', '04', '07'),
	('SAN MIGUEL DE ACO', '02', '04', '08'),
	('SHILLA', '02', '04', '09'),
	('TINCO', '02', '04', '10'),
	('YUNGAR', '02', '04', '11'),
	('CASMA', '02', '05', '01'),
	('BUENA VISTA ALTA', '02', '05', '02'),
	('COMANDANTE NOEL', '02', '05', '03'),
	('YAUTAN', '02', '05', '05'),
	('CORONGO', '02', '06', '01'),
	('ACO', '02', '06', '02'),
	('BAMBAS', '02', '06', '03'),
	('CUSCA', '02', '06', '04'),
	('LA PAMPA', '02', '06', '05'),
	('YANAC', '02', '06', '06'),
	('YUPAN', '02', '06', '07'),
	('CARAZ', '02', '07', '01'),
	('HUALLANCA', '02', '07', '02'),
	('HUATA', '02', '07', '03'),
	('HUAYLAS', '02', '07', '04'),
	('MATO', '02', '07', '05'),
	('PAMPAROMAS', '02', '07', '06'),
	('PUEBLO LIBRE', '02', '07', '07'),
	('SANTA CRUZ', '02', '07', '08'),
	('YURACMARCA', '02', '07', '09'),
	('SANTO TORIBIO', '02', '07', '10'),
	('HUARI', '02', '08', '01'),
	('CAJAY', '02', '08', '02'),
	('CHAVIN DE HUANTAR', '02', '08', '03'),
	('HUACACHI', '02', '08', '04'),
	('HUACHIS', '02', '08', '05'),
	('HUACCHIS', '02', '08', '06'),
	('HUANTAR', '02', '08', '07'),
	('MASIN', '02', '08', '08'),
	('PAUCAS', '02', '08', '09'),
	('PONTO', '02', '08', '10'),
	('RAHUAPAMPA', '02', '08', '11'),
	('RAPAYAN', '02', '08', '12'),
	('SAN MARCOS', '02', '08', '13'),
	('SAN PEDRO DE CHANA', '02', '08', '14'),
	('UCO', '02', '08', '15'),
	('ANRA', '02', '08', '16'),
	('PISCOBAMBA', '02', '09', '01'),
	('CASCA', '02', '09', '02'),
	('LUCMA', '02', '09', '03'),
	('FIDEL OLIVAS ESCUDERO', '02', '09', '04'),
	('LLAMA', '02', '09', '05'),
	('LLUMPA', '02', '09', '06'),
	('MUSGA', '02', '09', '07'),
	('ELEAZAR GUZMAN BARRON', '02', '09', '08'),
	('CABANA', '02', '10', '01'),
	('BOLOGNESI', '02', '10', '02'),
	('CONCHUCOS', '02', '10', '03'),
	('HUACASCHUQUE', '02', '10', '04'),
	('HUANDOVAL', '02', '10', '05'),
	('LACABAMBA', '02', '10', '06'),
	('LLAPO', '02', '10', '07'),
	('PALLASCA', '02', '10', '08'),
	('PAMPAS', '02', '10', '09'),
	('SANTA ROSA', '02', '10', '10'),
	('TAUCA', '02', '10', '11'),
	('POMABAMBA', '02', '11', '01'),
	('HUAYLLAN', '02', '11', '02'),
	('PAROBAMBA', '02', '11', '03'),
	('QUINUABAMBA', '02', '11', '04'),
	('RECUAY', '02', '12', '01'),
	('COTAPARACO', '02', '12', '02'),
	('HUAYLLAPAMPA', '02', '12', '03'),
	('MARCA', '02', '12', '04'),
	('PAMPAS CHICO', '02', '12', '05'),
	('PARARIN', '02', '12', '06'),
	('TAPACOCHA', '02', '12', '07'),
	('TICAPAMPA', '02', '12', '08'),
	('LLACLLIN', '02', '12', '09'),
	('CATAC', '02', '12', '10'),
	('CHIMBOTE', '02', '13', '01'),
	('CACERES DEL PERU', '02', '13', '02'),
	('MACATE', '02', '13', '03'),
	('MORO', '02', '13', '04'),
	('NEPEÑA', '02', '13', '05'),
	('SAMANCO', '02', '13', '06'),
	('SANTA', '02', '13', '07'),
	('COISHCO', '02', '13', '08'),
	('NUEVO CHIMBOTE', '02', '13', '09'),
	('SIHUAS', '02', '14', '01'),
	('ALFONSO UGARTE', '02', '14', '02'),
	('CHINGALPO', '02', '14', '03'),
	('HUAYLLABAMBA', '02', '14', '04'),
	('QUICHES', '02', '14', '05'),
	('SICSIBAMBA', '02', '14', '06'),
	('ACOBAMBA', '02', '14', '07'),
	('CASHAPAMPA', '02', '14', '08'),
	('RAGASH', '02', '14', '09'),
	('SAN JUAN', '02', '14', '10'),
	('YUNGAY', '02', '15', '01'),
	('CASCAPARA', '02', '15', '02'),
	('MANCOS', '02', '15', '03'),
	('MATACOTO', '02', '15', '04'),
	('QUILLO', '02', '15', '05'),
	('RANRAHIRCA', '02', '15', '06'),
	('SHUPLUY', '02', '15', '07'),
	('YANAMA', '02', '15', '08'),
	('LLAMELLIN', '02', '16', '01'),
	('ACZO', '02', '16', '02'),
	('CHACCHO', '02', '16', '03'),
	('CHINGAS', '02', '16', '04'),
	('MIRGAS', '02', '16', '05'),
	('SAN JUAN DE RONTOY', '02', '16', '06'),
	('SAN LUIS', '02', '17', '01'),
	('YAUYA', '02', '17', '02'),
	('SAN NICOLAS', '02', '17', '03'),
	('CHACAS', '02', '18', '01'),
	('ACOCHACA', '02', '18', '02'),
	('HUARMEY', '02', '19', '01'),
	('COCHAPETI', '02', '19', '02'),
	('HUAYAN', '02', '19', '03'),
	('MALVAS', '02', '19', '04'),
	('CULEBRAS', '02', '19', '05'),
	('ACAS', '02', '20', '01'),
	('CAJAMARQUILLA', '02', '20', '02'),
	('CARHUAPAMPA', '02', '20', '03'),
	('COCHAS', '02', '20', '04'),
	('CONGAS', '02', '20', '05'),
	('LLIPA', '02', '20', '06'),
	('OCROS', '02', '20', '07'),
	('SAN CRISTOBAL DE RAJAN', '02', '20', '08'),
	('SAN PEDRO', '02', '20', '09'),
	('SANTIAGO DE CHILCAS', '02', '20', '10'),
	('ABANCAY', '03', '01', '01'),
	('CIRCA', '03', '01', '02'),
	('CURAHUASI', '03', '01', '03'),
	('CHACOCHE', '03', '01', '04'),
	('HUANIPACA', '03', '01', '05'),
	('LAMBRAMA', '03', '01', '06'),
	('PICHIRHUA', '03', '01', '07'),
	('SAN PEDRO DE CACHORA', '03', '01', '08'),
	('TAMBURCO', '03', '01', '09'),
	('CHALHUANCA', '03', '02', '01'),
	('CAPAYA', '03', '02', '02'),
	('CARAYBAMBA', '03', '02', '03'),
	('COLCABAMBA', '03', '02', '04'),
	('COTARUSE', '03', '02', '05'),
	('CHAPIMARCA', '03', '02', '06'),
	('HUAYLLO', '03', '02', '07'),
	('LUCRE', '03', '02', '08'),
	('POCOHUANCA', '03', '02', '09'),
	('SAÑAYCA', '03', '02', '10'),
	('SORAYA', '03', '02', '11'),
	('TAPAIRIHUA', '03', '02', '12'),
	('TINTAY', '03', '02', '13'),
	('TORAYA', '03', '02', '14'),
	('YANACA', '03', '02', '15'),
	('SAN JUAN DE CHACÑA', '03', '02', '16'),
	('JUSTO APU SAHUARAURA', '03', '02', '17'),
	('ANDAHUAYLAS', '03', '03', '01'),
	('ANDARAPA', '03', '03', '02'),
	('CHIARA', '03', '03', '03'),
	('HUANCARAMA', '03', '03', '04'),
	('HUANCARAY', '03', '03', '05'),
	('KISHUARA', '03', '03', '06'),
	('PACOBAMBA', '03', '03', '07'),
	('PAMPACHIRI', '03', '03', '08'),
	('SAN ANTONIO DE CACHI', '03', '03', '09'),
	('SAN JERONIMO', '03', '03', '10'),
	('TALAVERA', '03', '03', '11'),
	('TURPO', '03', '03', '12'),
	('PACUCHA', '03', '03', '13'),
	('POMACOCHA', '03', '03', '14'),
	('SANTA MARIA DE CHICMO', '03', '03', '15'),
	('TUMAY HUARACA', '03', '03', '16'),
	('HUAYANA', '03', '03', '17'),
	('SAN MIGUEL DE CHACCRAMPA', '03', '03', '18'),
	('KAQUIABAMBA', '03', '03', '19'),
	('ANTABAMBA', '03', '04', '01'),
	('EL ORO', '03', '04', '02'),
	('HUAQUIRCA', '03', '04', '03'),
	('JUAN ESPINOZA MEDRANO', '03', '04', '04'),
	('OROPESA', '03', '04', '05'),
	('PACHACONAS', '03', '04', '06'),
	('SABAINO', '03', '04', '07'),
	('TAMBOBAMBA', '03', '05', '01'),
	('COYLLURQUI', '03', '05', '02'),
	('COTABAMBAS', '03', '05', '03'),
	('HAQUIRA', '03', '05', '04'),
	('MARA', '03', '05', '05'),
	('CHALLHUAHUACHO', '03', '05', '06'),
	('CHUQUIBAMBILLA', '03', '06', '01'),
	('CURPAHUASI', '03', '06', '02'),
	('HUAILLATI', '03', '06', '03'),
	('MAMARA', '03', '06', '04'),
	('MARISCAL GAMARRA', '03', '06', '05'),
	('MICAELA BASTIDAS', '03', '06', '06'),
	('PROGRESO', '03', '06', '07'),
	('PATAYPAMPA', '03', '06', '08'),
	('SAN ANTONIO', '03', '06', '09'),
	('TURPAY', '03', '06', '10'),
	('VILCABAMBA', '03', '06', '11'),
	('VIRUNDO', '03', '06', '12'),
	('SANTA ROSA', '03', '06', '13'),
	('CURASCO', '03', '06', '14'),
	('CHINCHEROS', '03', '07', '01'),
	('ONGOY', '03', '07', '02'),
	('OCOBAMBA', '03', '07', '03'),
	('COCHARCAS', '03', '07', '04'),
	('ANCO HUALLO', '03', '07', '05'),
	('HUACCANA', '03', '07', '06'),
	('URANMARCA', '03', '07', '07'),
	('RANRACANCHA', '03', '07', '08'),
	('AREQUIPA', '04', '01', '01'),
	('CAYMA', '04', '01', '02'),
	('CERRO COLORADO', '04', '01', '03'),
	('CHARACATO', '04', '01', '04'),
	('CHIGUATA', '04', '01', '05'),
	('LA JOYA', '04', '01', '06'),
	('MIRAFLORES', '04', '01', '07'),
	('MOLLEBAYA', '04', '01', '08'),
	('PAUCARPATA', '04', '01', '09'),
	('POCSI', '04', '01', '10'),
	('POLOBAYA', '04', '01', '11'),
	('QUEQUEÑA', '04', '01', '12'),
	('SABANDIA', '04', '01', '13'),
	('SACHACA', '04', '01', '14'),
	('SAN JUAN DE SIGUAS', '04', '01', '15'),
	('SAN JUAN DE TARUCANI', '04', '01', '16'),
	('SANTA ISABEL DE SIGUAS', '04', '01', '17'),
	('SANTA RITA DE SIHUAS', '04', '01', '18'),
	('SOCABAYA', '04', '01', '19'),
	('TIABAYA', '04', '01', '20'),
	('UCHUMAYO', '04', '01', '21'),
	('VITOR', '04', '01', '22'),
	('YANAHUARA', '04', '01', '23'),
	('YARABAMBA', '04', '01', '24'),
	('YURA', '04', '01', '25'),
	('MARIANO MELGAR', '04', '01', '26'),
	('JACOBO HUNTER', '04', '01', '27'),
	('ALTO SELVA ALEGRE', '04', '01', '28'),
	('JOSE LUIS BUSTAMANTE Y RIVERO', '04', '01', '29'),
	('CHIVAY', '04', '02', '01'),
	('ACHOMA', '04', '02', '02'),
	('CABANACONDE', '04', '02', '03'),
	('CAYLLOMA', '04', '02', '04'),
	('CALLALLI', '04', '02', '05'),
	('COPORAQUE', '04', '02', '06'),
	('HUAMBO', '04', '02', '07'),
	('HUANCA', '04', '02', '08'),
	('ICHUPAMPA', '04', '02', '09'),
	('LARI', '04', '02', '10'),
	('LLUTA', '04', '02', '11'),
	('MACA', '04', '02', '12'),
	('MADRIGAL', '04', '02', '13'),
	('SAN ANTONIO DE CHUCA', '04', '02', '14'),
	('SIBAYO', '04', '02', '15'),
	('TAPAY', '04', '02', '16'),
	('TISCO', '04', '02', '17'),
	('TUTI', '04', '02', '18'),
	('YANQUE', '04', '02', '19'),
	('MAJES', '04', '02', '20'),
	('CAMANA', '04', '03', '01'),
	('JOSE MARIA QUIMPER', '04', '03', '02'),
	('MARIANO NICOLAS VALCARCEL', '04', '03', '03'),
	('MARISCAL CACERES', '04', '03', '04'),
	('NICOLAS DE PIEROLA', '04', '03', '05'),
	('OCOÑA', '04', '03', '06'),
	('QUILCA', '04', '03', '07'),
	('SAMUEL PASTOR', '04', '03', '08'),
	('CARAVELI', '04', '04', '01'),
	('ACARI', '04', '04', '02'),
	('ATICO', '04', '04', '03'),
	('ATIQUIPA', '04', '04', '04'),
	('BELLA UNION', '04', '04', '05'),
	('CAHUACHO', '04', '04', '06'),
	('CHALA', '04', '04', '07'),
	('CHAPARRA', '04', '04', '08'),
	('HUANUHUANU', '04', '04', '09'),
	('JAQUI', '04', '04', '10'),
	('LOMAS', '04', '04', '11'),
	('QUICACHA', '04', '04', '12'),
	('YAUCA', '04', '04', '13'),
	('APLAO', '04', '05', '01'),
	('ANDAGUA', '04', '05', '02'),
	('AYO', '04', '05', '03'),
	('CHACHAS', '04', '05', '04'),
	('CHILCAYMARCA', '04', '05', '05'),
	('CHOCO', '04', '05', '06'),
	('HUANCARQUI', '04', '05', '07'),
	('MACHAGUAY', '04', '05', '08'),
	('ORCOPAMPA', '04', '05', '09'),
	('PAMPACOLCA', '04', '05', '10'),
	('TIPAN', '04', '05', '11'),
	('URACA', '04', '05', '12'),
	('UÑON', '04', '05', '13'),
	('VIRACO', '04', '05', '14'),
	('CHUQUIBAMBA', '04', '06', '01'),
	('ANDARAY', '04', '06', '02'),
	('CAYARANI', '04', '06', '03'),
	('CHICHAS', '04', '06', '04'),
	('IRAY', '04', '06', '05'),
	('SALAMANCA', '04', '06', '06'),
	('YANAQUIHUA', '04', '06', '07'),
	('RIO GRANDE', '04', '06', '08'),
	('MOLLENDO', '04', '07', '01'),
	('COCACHACRA', '04', '07', '02'),
	('DEAN VALDIVIA', '04', '07', '03'),
	('ISLAY', '04', '07', '04'),
	('MEJIA', '04', '07', '05'),
	('PUNTA DE BOMBON', '04', '07', '06'),
	('COTAHUASI', '04', '08', '01'),
	('ALCA', '04', '08', '02'),
	('CHARCANA', '04', '08', '03'),
	('HUAYNACOTAS', '04', '08', '04'),
	('PAMPAMARCA', '04', '08', '05'),
	('PUYCA', '04', '08', '06'),
	('QUECHUALLA', '04', '08', '07'),
	('SAYLA', '04', '08', '08'),
	('TAURIA', '04', '08', '09'),
	('TOMEPAMPA', '04', '08', '10'),
	('TORO', '04', '08', '11'),
	('AYACUCHO', '05', '01', '01'),
	('ACOS VINCHOS', '05', '01', '02'),
	('CARMEN ALTO', '05', '01', '03'),
	('CHIARA', '05', '01', '04'),
	('QUINUA', '05', '01', '05'),
	('SAN JOSE DE TICLLAS', '05', '01', '06'),
	('SAN JUAN BAUTISTA', '05', '01', '07'),
	('SANTIAGO DE PISCHA', '05', '01', '08'),
	('VINCHOS', '05', '01', '09'),
	('TAMBILLO', '05', '01', '10'),
	('ACOCRO', '05', '01', '11'),
	('SOCOS', '05', '01', '12'),
	('OCROS', '05', '01', '13'),
	('PACAYCASA', '05', '01', '14'),
	('JESUS NAZARENO', '05', '01', '15'),
	('CANGALLO', '05', '02', '01'),
	('CHUSCHI', '05', '02', '04'),
	('LOS MOROCHUCOS', '05', '02', '06'),
	('PARAS', '05', '02', '07'),
	('TOTOS', '05', '02', '08'),
	('MARIA PARADO DE BELLIDO', '05', '02', '11'),
	('HUANTA', '05', '03', '01'),
	('AYAHUANCO', '05', '03', '02'),
	('HUAMANGUILLA', '05', '03', '03'),
	('IGUAIN', '05', '03', '04'),
	('LURICOCHA', '05', '03', '05'),
	('SANTILLANA', '05', '03', '07'),
	('SIVIA', '05', '03', '08'),
	('LLOCHEGUA', '05', '03', '09'),
	('SAN MIGUEL', '05', '04', '01'),
	('ANCO', '05', '04', '02'),
	('AYNA', '05', '04', '03'),
	('CHILCAS', '05', '04', '04'),
	('CHUNGUI', '05', '04', '05'),
	('TAMBO', '05', '04', '06'),
	('LUIS CARRANZA', '05', '04', '07'),
	('SANTA ROSA', '05', '04', '08'),
	('PUQUIO', '05', '05', '01'),
	('AUCARA', '05', '05', '02'),
	('CABANA', '05', '05', '03'),
	('CARMEN SALCEDO', '05', '05', '04'),
	('CHAVIÑA', '05', '05', '06'),
	('CHIPAO', '05', '05', '08'),
	('HUAC-HUAS', '05', '05', '10'),
	('LARAMATE', '05', '05', '11'),
	('LEONCIO PRADO', '05', '05', '12'),
	('LUCANAS', '05', '05', '13'),
	('LLAUTA', '05', '05', '14'),
	('OCAÑA', '05', '05', '16'),
	('OTOCA', '05', '05', '17'),
	('SANCOS', '05', '05', '20'),
	('SAN JUAN', '05', '05', '21'),
	('SAN PEDRO', '05', '05', '22'),
	('SANTA ANA DE HUAYCAHUACHO', '05', '05', '24'),
	('SANTA LUCIA', '05', '05', '25'),
	('SAISA', '05', '05', '29'),
	('SAN PEDRO DE PALCO', '05', '05', '31'),
	('SAN CRISTOBAL', '05', '05', '32'),
	('CORACORA', '05', '06', '01'),
	('CORONEL CASTAÑEDA', '05', '06', '04'),
	('CHUMPI', '05', '06', '05'),
	('PACAPAUSA', '05', '06', '08'),
	('PULLO', '05', '06', '11'),
	('PUYUSCA', '05', '06', '12'),
	('SAN FRANCISCO DE RAVACAYCO', '05', '06', '15'),
	('UPAHUACHO', '05', '06', '16'),
	('HUANCAPI', '05', '07', '01'),
	('ALCAMENCA', '05', '07', '02'),
	('APONGO', '05', '07', '03'),
	('CANARIA', '05', '07', '04'),
	('CAYARA', '05', '07', '06'),
	('COLCA', '05', '07', '07'),
	('HUALLA', '05', '07', '08'),
	('HUAMANQUIQUIA', '05', '07', '09'),
	('HUANCARAYLLA', '05', '07', '10'),
	('SARHUA', '05', '07', '13'),
	('VILCANCHOS', '05', '07', '14'),
	('ASQUIPATA', '05', '07', '15'),
	('SANCOS', '05', '08', '01'),
	('SACSAMARCA', '05', '08', '02'),
	('SANTIAGO DE LUCANAMARCA', '05', '08', '03'),
	('CARAPO', '05', '08', '04'),
	('VILCAS HUAMAN', '05', '09', '01'),
	('VISCHONGO', '05', '09', '02'),
	('ACCOMARCA', '05', '09', '03'),
	('CARHUANCA', '05', '09', '04'),
	('CONCEPCION', '05', '09', '05'),
	('HUAMBALPA', '05', '09', '06'),
	('SAURAMA', '05', '09', '07'),
	('INDEPENDENCIA', '05', '09', '08'),
	('PAUSA', '05', '10', '01'),
	('COLTA', '05', '10', '02'),
	('CORCULLA', '05', '10', '03'),
	('LAMPA', '05', '10', '04'),
	('MARCABAMBA', '05', '10', '05'),
	('OYOLO', '05', '10', '06'),
	('PARARCA', '05', '10', '07'),
	('SAN JAVIER DE ALPABAMBA', '05', '10', '08'),
	('SAN JOSE DE USHUA', '05', '10', '09'),
	('SARA SARA', '05', '10', '10'),
	('QUEROBAMBA', '05', '11', '01'),
	('BELEN', '05', '11', '02'),
	('CHALCOS', '05', '11', '03'),
	('SAN SALVADOR DE QUIJE', '05', '11', '04'),
	('PAICO', '05', '11', '05'),
	('SANTIAGO DE PAUCARAY', '05', '11', '06'),
	('SAN PEDRO DE LARCAY', '05', '11', '07'),
	('SORAS', '05', '11', '08'),
	('HUACAÑA', '05', '11', '09'),
	('CHILCAYOC', '05', '11', '10'),
	('MORCOLLA', '05', '11', '11'),
	('CAJAMARCA', '06', '01', '01'),
	('ASUNCION', '06', '01', '02'),
	('COSPAN', '06', '01', '03'),
	('CHETILLA', '06', '01', '04'),
	('ENCAÑADA', '06', '01', '05'),
	('JESUS', '06', '01', '06'),
	('LOS BAÑOS DEL INCA', '06', '01', '07'),
	('LLACANORA', '06', '01', '08'),
	('MAGDALENA', '06', '01', '09'),
	('MATARA', '06', '01', '10'),
	('NAMORA', '06', '01', '11'),
	('SAN JUAN', '06', '01', '12'),
	('CAJABAMBA', '06', '02', '01'),
	('CACHACHI', '06', '02', '02'),
	('CONDEBAMBA', '06', '02', '03'),
	('SITACOCHA', '06', '02', '05'),
	('CELENDIN', '06', '03', '01'),
	('CORTEGANA', '06', '03', '02'),
	('CHUMUCH', '06', '03', '03'),
	('HUASMIN', '06', '03', '04'),
	('JORGE CHAVEZ', '06', '03', '05'),
	('JOSE GALVEZ', '06', '03', '06'),
	('MIGUEL IGLESIAS', '06', '03', '07'),
	('OXAMARCA', '06', '03', '08'),
	('SOROCHUCO', '06', '03', '09'),
	('SUCRE', '06', '03', '10'),
	('UTCO', '06', '03', '11'),
	('LA LIBERTAD DE PALLAN', '06', '03', '12'),
	('CONTUMAZA', '06', '04', '01'),
	('CHILETE', '06', '04', '03'),
	('GUZMANGO', '06', '04', '04'),
	('SAN BENITO', '06', '04', '05'),
	('CUPISNIQUE', '06', '04', '06'),
	('TANTARICA', '06', '04', '07'),
	('YONAN', '06', '04', '08'),
	('SANTA CRUZ DE TOLED', '06', '04', '09'),
	('CUTERVO', '06', '05', '01'),
	('CALLAYUC', '06', '05', '02'),
	('CUJILLO', '06', '05', '03'),
	('CHOROS', '06', '05', '04'),
	('LA RAMADA', '06', '05', '05'),
	('PIMPINGOS', '06', '05', '06'),
	('QUEROCOTILLO', '06', '05', '07'),
	('SAN ANDRES DE CUTERVO', '06', '05', '08'),
	('SAN JUAN DE CUTERVO', '06', '05', '09'),
	('SAN LUIS DE LUCMA', '06', '05', '10'),
	('SANTA CRUZ', '06', '05', '11'),
	('SANTO DOMINGO DE LA CAPILLA', '06', '05', '12'),
	('SANTO TOMAS', '06', '05', '13'),
	('SOCOTA', '06', '05', '14'),
	('TORIBIO CASANOVA', '06', '05', '15'),
	('CHOTA', '06', '06', '01'),
	('ANGUIA', '06', '06', '02'),
	('COCHABAMBA', '06', '06', '03'),
	('CONCHAN', '06', '06', '04'),
	('CHADIN', '06', '06', '05'),
	('CHIGUIRIP', '06', '06', '06'),
	('CHIMBAN', '06', '06', '07'),
	('HUAMBOS', '06', '06', '08'),
	('LAJAS', '06', '06', '09'),
	('LLAMA', '06', '06', '10'),
	('MIRACOSTA', '06', '06', '11'),
	('PACCHA', '06', '06', '12'),
	('PION', '06', '06', '13'),
	('QUEROCOTO', '06', '06', '14'),
	('TACABAMBA', '06', '06', '15'),
	('TOCMOCHE', '06', '06', '16'),
	('SAN JUAN DE LICUPIS', '06', '06', '17'),
	('CHOROPAMPA', '06', '06', '18'),
	('CHALAMARCA', '06', '06', '19'),
	('BAMBAMARCA', '06', '07', '01'),
	('CHUGUR', '06', '07', '02'),
	('HUALGAYOC', '06', '07', '03'),
	('JAEN', '06', '08', '01'),
	('BELLAVISTA', '06', '08', '02'),
	('COLASAY', '06', '08', '03'),
	('CHONTALI', '06', '08', '04'),
	('POMAHUACA', '06', '08', '05'),
	('PUCARA', '06', '08', '06'),
	('SALLIQUE', '06', '08', '07'),
	('SAN FELIPE', '06', '08', '08'),
	('SAN JOSE DEL ALTO', '06', '08', '09'),
	('SANTA ROSA', '06', '08', '10'),
	('LAS PIRIAS', '06', '08', '11'),
	('HUABAL', '06', '08', '12'),
	('SANTA CRUZ', '06', '09', '01'),
	('CATACHE', '06', '09', '02'),
	('CHANCAYBAÑOS', '06', '09', '03'),
	('LA ESPERANZA', '06', '09', '04'),
	('NINABAMBA', '06', '09', '05'),
	('PULAN', '06', '09', '06'),
	('SEXI', '06', '09', '07'),
	('UTICYACU', '06', '09', '08'),
	('YAUYUCAN', '06', '09', '09'),
	('ANDABAMBA', '06', '09', '10'),
	('SAUCEPAMPA', '06', '09', '11'),
	('SAN MIGUEL', '06', '10', '01'),
	('CALQUIS', '06', '10', '02'),
	('LA FLORIDA', '06', '10', '03'),
	('LLAPA', '06', '10', '04'),
	('NANCHOC', '06', '10', '05'),
	('NIEPOS', '06', '10', '06'),
	('SAN GREGORIO', '06', '10', '07'),
	('SAN SILVESTRE DE COCHAN', '06', '10', '08'),
	('EL PRADO', '06', '10', '09'),
	('UNION AGUA BLANCA', '06', '10', '10'),
	('TONGOD', '06', '10', '11'),
	('CATILLUC', '06', '10', '12'),
	('BOLIVAR', '06', '10', '13'),
	('SAN IGNACIO', '06', '11', '01'),
	('CHIRINOS', '06', '11', '02'),
	('HUARANGO', '06', '11', '03'),
	('NAMBALLE', '06', '11', '04'),
	('LA COIPA', '06', '11', '05'),
	('SAN JOSE DE LOURDES', '06', '11', '06'),
	('TABACONAS', '06', '11', '07'),
	('PEDRO GALVEZ', '06', '12', '01'),
	('ICHOCAN', '06', '12', '02'),
	('GREGORIO PITA', '06', '12', '03'),
	('JOSE MANUEL QUIROZ', '06', '12', '04'),
	('EDUARDO VILLANUEVA', '06', '12', '05'),
	('JOSE SABOGAL', '06', '12', '06'),
	('CHANCAY', '06', '12', '07'),
	('SAN PABLO', '06', '13', '01'),
	('SAN BERNARDINO', '06', '13', '02'),
	('SAN LUIS', '06', '13', '03'),
	('TUMBADEN', '06', '13', '04'),
	('CUSCO', '07', '01', '01'),
	('CCORCA', '07', '01', '02'),
	('POROY', '07', '01', '03'),
	('SAN JERONIMO', '07', '01', '04'),
	('SAN SEBASTIAN', '07', '01', '05'),
	('SANTIAGO', '07', '01', '06'),
	('SAYLLA', '07', '01', '07'),
	('WANCHAQ', '07', '01', '08'),
	('ACOMAYO', '07', '02', '01'),
	('ACOPIA', '07', '02', '02'),
	('ACOS', '07', '02', '03'),
	('POMACANCHI', '07', '02', '04'),
	('RONDOCAN', '07', '02', '05'),
	('SANGARARA', '07', '02', '06'),
	('MOSOC LLACTA', '07', '02', '07'),
	('ANTA', '07', '03', '01'),
	('CHINCHAYPUJIO', '07', '03', '02'),
	('HUAROCONDO', '07', '03', '03'),
	('LIMATAMBO', '07', '03', '04'),
	('MOLLEPATA', '07', '03', '05'),
	('PUCYURA', '07', '03', '06'),
	('ZURITE', '07', '03', '07'),
	('CACHIMAYO', '07', '03', '08'),
	('ANCAHUASI', '07', '03', '09'),
	('CALCA', '07', '04', '01'),
	('COYA', '07', '04', '02'),
	('LAMAY', '07', '04', '03'),
	('LARES', '07', '04', '04'),
	('PISAC', '07', '04', '05'),
	('SAN SALVADOR', '07', '04', '06'),
	('TARAY', '07', '04', '07'),
	('YANATILE', '07', '04', '08'),
	('YANAOCA', '07', '05', '01'),
	('CHECCA', '07', '05', '02'),
	('KUNTURKANKI', '07', '05', '03'),
	('LANGUI', '07', '05', '04'),
	('LAYO', '07', '05', '05'),
	('PAMPAMARCA', '07', '05', '06'),
	('QUEHUE', '07', '05', '07'),
	('TUPAC AMARU', '07', '05', '08'),
	('SICUANI', '07', '06', '01'),
	('COMBAPATA', '07', '06', '02'),
	('CHECACUPE', '07', '06', '03'),
	('MARANGANI', '07', '06', '04'),
	('PITUMARCA', '07', '06', '05'),
	('SAN PABLO', '07', '06', '06'),
	('SAN PEDRO', '07', '06', '07'),
	('TINTA', '07', '06', '08'),
	('SANTO TOMAS', '07', '07', '01'),
	('CAPACMARCA', '07', '07', '02'),
	('COLQUEMARCA', '07', '07', '03'),
	('CHAMACA', '07', '07', '04'),
	('LIVITACA', '07', '07', '05'),
	('LLUSCO', '07', '07', '06'),
	('QUIÑOTA', '07', '07', '07'),
	('VELILLE', '07', '07', '08'),
	('ESPINAR', '07', '08', '01'),
	('CONDOROMA', '07', '08', '02'),
	('COPORAQUE', '07', '08', '03'),
	('OCORURO', '07', '08', '04'),
	('PALLPATA', '07', '08', '05'),
	('PICHIGUA', '07', '08', '06'),
	('SUYCKUTAMBO', '07', '08', '07'),
	('ALTO PICHIGUA', '07', '08', '08'),
	('SANTA ANA', '07', '09', '01'),
	('ECHARATE', '07', '09', '02'),
	('HUAYOPATA', '07', '09', '03'),
	('MARANURA', '07', '09', '04'),
	('OCOBAMBA', '07', '09', '05'),
	('SANTA TERESA', '07', '09', '06'),
	('VILCABAMBA', '07', '09', '07'),
	('QUELLOUNO', '07', '09', '08'),
	('KIMBIRI', '07', '09', '09'),
	('PICHARI', '07', '09', '10'),
	('PARURO', '07', '10', '01'),
	('ACCHA', '07', '10', '02'),
	('CCAPI', '07', '10', '03'),
	('COLCHA', '07', '10', '04'),
	('HUANOQUITE', '07', '10', '05'),
	('OMACHA', '07', '10', '06'),
	('YAURISQUE', '07', '10', '07'),
	('PACCARITAMBO', '07', '10', '08'),
	('PILLPINTO', '07', '10', '09'),
	('PAUCARTAMBO', '07', '11', '01'),
	('CAICAY', '07', '11', '02'),
	('COLQUEPATA', '07', '11', '03'),
	('CHALLABAMBA', '07', '11', '04'),
	('KOSÑIPATA', '07', '11', '05'),
	('HUANCARANI', '07', '11', '06'),
	('URCOS', '07', '12', '01'),
	('ANDAHUAYLILLAS', '07', '12', '02'),
	('CAMANTI', '07', '12', '03'),
	('CCARHUAYO', '07', '12', '04'),
	('CCATCA', '07', '12', '05'),
	('CUSIPATA', '07', '12', '06'),
	('HUARO', '07', '12', '07'),
	('LUCRE', '07', '12', '08'),
	('MARCAPATA', '07', '12', '09'),
	('OCONGATE', '07', '12', '10'),
	('OROPESA', '07', '12', '11'),
	('QUIQUIJANA', '07', '12', '12'),
	('URUBAMBA', '07', '13', '01'),
	('CHINCHERO', '07', '13', '02'),
	('HUAYLLABAMBA', '07', '13', '03'),
	('MACHUPICCHU', '07', '13', '04'),
	('MARAS', '07', '13', '05'),
	('OLLANTAYTAMBO', '07', '13', '06'),
	('YUCAY', '07', '13', '07'),
	('HUANCAVELICA', '08', '01', '01'),
	('ACOBAMBILLA', '08', '01', '02'),
	('ACORIA', '08', '01', '03'),
	('CONAYCA', '08', '01', '04'),
	('CUENCA', '08', '01', '05'),
	('HUACHOCOLPA', '08', '01', '06'),
	('HUAYLLAHUARA', '08', '01', '08'),
	('IZCUCHACA', '08', '01', '09'),
	('LARIA', '08', '01', '10'),
	('MANTA', '08', '01', '11'),
	('MARISCAL CACERES', '08', '01', '12'),
	('MOYA', '08', '01', '13'),
	('NUEVO OCCORO', '08', '01', '14'),
	('PALCA', '08', '01', '15'),
	('PILCHACA', '08', '01', '16'),
	('VILCA', '08', '01', '17'),
	('YAULI', '08', '01', '18'),
	('ASCENSION', '08', '01', '19'),
	('HUANDO', '08', '01', '20'),
	('ACOBAMBA', '08', '02', '01'),
	('ANTA', '08', '02', '02'),
	('ANDABAMBA', '08', '02', '03'),
	('CAJA', '08', '02', '04'),
	('MARCAS', '08', '02', '05'),
	('PAUCARA', '08', '02', '06'),
	('POMACOCHA', '08', '02', '07'),
	('ROSARIO', '08', '02', '08'),
	('LIRCAY', '08', '03', '01'),
	('ANCHONGA', '08', '03', '02'),
	('CALLANMARCA', '08', '03', '03'),
	('CONGALLA', '08', '03', '04'),
	('CHINCHO', '08', '03', '05'),
	('HUAYLLAY-GRANDE', '08', '03', '06'),
	('HUANCA-HUANCA', '08', '03', '07'),
	('JULCAMARCA', '08', '03', '08'),
	('SAN ANTONIO DE ANTAPARCO', '08', '03', '09'),
	('SANTO TOMAS DE PATA', '08', '03', '10'),
	('SECCLLA', '08', '03', '11'),
	('CCOCHACCASA', '08', '03', '12'),
	('CASTROVIRREYNA', '08', '04', '01'),
	('ARMA', '08', '04', '02'),
	('AURAHUA', '08', '04', '03'),
	('CAPILLAS', '08', '04', '05'),
	('COCAS', '08', '04', '06'),
	('CHUPAMARCA', '08', '04', '08'),
	('HUACHOS', '08', '04', '09'),
	('HUAMATAMBO', '08', '04', '10'),
	('MOLLEPAMPA', '08', '04', '14'),
	('SAN JUAN', '08', '04', '22'),
	('TANTARA', '08', '04', '27'),
	('TICRAPO', '08', '04', '28'),
	('SANTA ANA', '08', '04', '29'),
	('PAMPAS', '08', '05', '01'),
	('ACOSTAMBO', '08', '05', '02'),
	('ACRAQUIA', '08', '05', '03'),
	('AHUAYCHA', '08', '05', '04'),
	('COLCABAMBA', '08', '05', '06'),
	('DANIEL HERNANDEZ', '08', '05', '09'),
	('HUACHOCOLPA', '08', '05', '11'),
	('HUARIBAMBA', '08', '05', '12'),
	('ÑAHUIMPUQUIO', '08', '05', '15'),
	('PAZOS', '08', '05', '17'),
	('QUISHUAR', '08', '05', '18'),
	('SALCABAMBA', '08', '05', '19'),
	('SAN MARCOS DE ROCCHAC', '08', '05', '20'),
	('SURCUBAMBA', '08', '05', '23'),
	('TINTAY PUNCU', '08', '05', '25'),
	('SALCAHUASI', '08', '05', '26'),
	('AYAVI', '08', '06', '01'),
	('CORDOVA', '08', '06', '02'),
	('HUAYACUNDO ARMA', '08', '06', '03'),
	('HUAYTARA', '08', '06', '04'),
	('LARAMARCA', '08', '06', '05'),
	('OCOYO', '08', '06', '06'),
	('PILPICHACA', '08', '06', '07'),
	('QUERCO', '08', '06', '08'),
	('QUITO ARMA', '08', '06', '09'),
	('SAN ANTONIO DE CUSICANCHA', '08', '06', '10'),
	('SAN FRANCISCO DE SANGAYAICO', '08', '06', '11'),
	('SAN ISIDRO', '08', '06', '12'),
	('SANTIAGO DE CHOCORVOS', '08', '06', '13'),
	('SANTIAGO DE QUIRAHUARA', '08', '06', '14'),
	('SANTO DOMINGO DE CAPILLAS', '08', '06', '15'),
	('TAMBO', '08', '06', '16'),
	('CHURCAMPA', '08', '07', '01'),
	('ANCO', '08', '07', '02'),
	('CHINCHIHUASI', '08', '07', '03'),
	('EL CARMEN', '08', '07', '04'),
	('LA MERCED', '08', '07', '05'),
	('LOCROJA', '08', '07', '06'),
	('PAUCARBAMBA', '08', '07', '07'),
	('SAN MIGUEL DE MAYOCC', '08', '07', '08'),
	('SAN PEDRO DE CORIS', '08', '07', '09'),
	('PACHAMARCA', '08', '07', '10'),
	('HUANUCO', '09', '01', '01'),
	('CHINCHAO', '09', '01', '02'),
	('CHURUBAMBA', '09', '01', '03'),
	('MARGOS', '09', '01', '04'),
	('QUISQUI', '09', '01', '05'),
	('SAN FRANCISCO DE CAYRAN', '09', '01', '06'),
	('SAN PEDRO DE CHAULAN', '09', '01', '07'),
	('SANTA MARIA DEL VALLE', '09', '01', '08'),
	('YARUMAYO', '09', '01', '09'),
	('AMARILIS', '09', '01', '10'),
	('PILLCO MARCA', '09', '01', '11'),
	('AMBO', '09', '02', '01'),
	('CAYNA', '09', '02', '02'),
	('COLPAS', '09', '02', '03'),
	('CONCHAMARCA', '09', '02', '04'),
	('HUACAR', '09', '02', '05'),
	('SAN FRANCISCO', '09', '02', '06'),
	('SAN RAFAEL', '09', '02', '07'),
	('TOMAY-KICHWA', '09', '02', '08'),
	('LA UNION', '09', '03', '01'),
	('CHUQUIS', '09', '03', '07'),
	('MARIAS', '09', '03', '12'),
	('PACHAS', '09', '03', '14'),
	('QUIVILLA', '09', '03', '16'),
	('RIPAN', '09', '03', '17'),
	('SHUNQUI', '09', '03', '21'),
	('SILLAPATA', '09', '03', '22'),
	('YANAS', '09', '03', '23'),
	('LLATA', '09', '04', '01'),
	('ARANCAY', '09', '04', '02'),
	('CHAVIN DE PARIARCA', '09', '04', '03'),
	('JACAS GRANDE', '09', '04', '04'),
	('JIRCAN', '09', '04', '05'),
	('MIRAFLORES', '09', '04', '06'),
	('MONZON', '09', '04', '07'),
	('PUNCHAO', '09', '04', '08'),
	('PUÑOS', '09', '04', '09'),
	('SINGA', '09', '04', '10'),
	('TANTAMAYO', '09', '04', '11'),
	('HUACRACHUCO', '09', '05', '01'),
	('CHOLON', '09', '05', '02'),
	('SAN BUENAVENTURA', '09', '05', '05'),
	('RUPA-RUPA', '09', '06', '01'),
	('DANIEL ALOMIA ROBLES', '09', '06', '02'),
	('HERMILIO VALDIZAN', '09', '06', '03'),
	('LUYANDO', '09', '06', '04'),
	('MARIANO DAMASO BERAUN', '09', '06', '05'),
	('JOSE CRESPO Y CASTILLO', '09', '06', '06'),
	('PANAO', '09', '07', '01'),
	('CHAGLLA', '09', '07', '02'),
	('MOLINO', '09', '07', '04'),
	('UMARI', '09', '07', '06'),
	('HONORIA', '09', '08', '01'),
	('PUERTO INCA', '09', '08', '02'),
	('CODO DEL POZUZO', '09', '08', '03'),
	('TOURNAVISTA', '09', '08', '04'),
	('YUYAPICHIS', '09', '08', '05'),
	('HUACAYBAMBA', '09', '09', '01'),
	('PINRA', '09', '09', '02'),
	('CANCHABAMBA', '09', '09', '03'),
	('COCHABAMBA', '09', '09', '04'),
	('JESUS', '09', '10', '01'),
	('BAÑOS', '09', '10', '02'),
	('SAN FRANCISCO DE ASIS', '09', '10', '03'),
	('QUEROPALCA', '09', '10', '04'),
	('SAN MIGUEL DE CAURI', '09', '10', '05'),
	('RONDOS', '09', '10', '06'),
	('JIVIA', '09', '10', '07'),
	('CHAVINILLO', '09', '11', '01'),
	('APARICIO POMARES', '09', '11', '02'),
	('CAHUAC', '09', '11', '03'),
	('CHACABAMBA', '09', '11', '04'),
	('JACAS CHICO', '09', '11', '05'),
	('OBAS', '09', '11', '06'),
	('PAMPAMARCA', '09', '11', '07'),
	('CHORAS', '09', '11', '08'),
	('ICA', '10', '01', '01'),
	('LA TINGUIÑA', '10', '01', '02'),
	('LOS AQUIJES', '10', '01', '03'),
	('PARCONA', '10', '01', '04'),
	('PUEBLO NUEVO', '10', '01', '05'),
	('SALAS', '10', '01', '06'),
	('SAN JOSE DE LOS MOLINOS', '10', '01', '07'),
	('SAN JUAN BAUTISTA', '10', '01', '08'),
	('SANTIAGO', '10', '01', '09'),
	('SUBTANJALLA', '10', '01', '10'),
	('YAUCA DEL ROSARIO', '10', '01', '11'),
	('TATE', '10', '01', '12'),
	('PACHACUTEC', '10', '01', '13'),
	('OCUCAJE', '10', '01', '14'),
	('CHINCHA ALTA', '10', '02', '01'),
	('CHAVIN', '10', '02', '02'),
	('CHINCHA BAJA', '10', '02', '03'),
	('EL CARMEN', '10', '02', '04'),
	('GROCIO PRADO', '10', '02', '05'),
	('SAN PEDRO DE HUACARPANA', '10', '02', '06'),
	('SUNAMPE', '10', '02', '07'),
	('TAMBO DE MORA', '10', '02', '08'),
	('ALTO LARAN', '10', '02', '09'),
	('PUEBLO NUEVO', '10', '02', '10'),
	('SAN JUAN DE YANAC', '10', '02', '11'),
	('NAZCA', '10', '03', '01'),
	('CHANGUILLO', '10', '03', '02'),
	('EL INGENIO', '10', '03', '03'),
	('MARCONA', '10', '03', '04'),
	('VISTA ALEGRE', '10', '03', '05'),
	('PISCO', '10', '04', '01'),
	('HUANCANO', '10', '04', '02'),
	('HUMAY', '10', '04', '03'),
	('INDEPENDENCIA', '10', '04', '04'),
	('PARACAS', '10', '04', '05'),
	('SAN ANDRES', '10', '04', '06'),
	('SAN CLEMENTE', '10', '04', '07'),
	('TUPAC AMARU INCA', '10', '04', '08'),
	('PALPA', '10', '05', '01'),
	('LLIPATA', '10', '05', '02'),
	('RIO GRANDE', '10', '05', '03'),
	('SANTA CRUZ', '10', '05', '04'),
	('TIBILLO', '10', '05', '05'),
	('HUANCAYO', '11', '01', '01'),
	('CARHUACALLANGA', '11', '01', '03'),
	('COLCA', '11', '01', '04'),
	('CULLHUAS', '11', '01', '05'),
	('CHACAPAMPA', '11', '01', '06'),
	('CHICCHE', '11', '01', '07'),
	('CHILCA', '11', '01', '08'),
	('CHONGOS ALTO', '11', '01', '09'),
	('CHUPURO', '11', '01', '12'),
	('EL TAMBO', '11', '01', '13'),
	('HUACRAPUQUIO', '11', '01', '14'),
	('HUALHUAS', '11', '01', '16'),
	('HUANCAN', '11', '01', '18'),
	('HUASICANCHA', '11', '01', '19'),
	('HUAYUCACHI', '11', '01', '20'),
	('INGENIO', '11', '01', '21'),
	('PARIAHUANCA', '11', '01', '22'),
	('PILCOMAYO', '11', '01', '23'),
	('PUCARA', '11', '01', '24'),
	('QUICHUAY', '11', '01', '25'),
	('QUILCAS', '11', '01', '26'),
	('SAN AGUSTIN', '11', '01', '27'),
	('SAN JERONIMO DE TUNAN', '11', '01', '28'),
	('SANTO DOMINGO DE ACOBAMBA', '11', '01', '31'),
	('SAÑO', '11', '01', '32'),
	('SAPALLANGA', '11', '01', '33'),
	('SICAYA', '11', '01', '34'),
	('VIQUES', '11', '01', '36'),
	('CONCEPCION', '11', '02', '01'),
	('ACO', '11', '02', '02'),
	('ANDAMARCA', '11', '02', '03'),
	('COMAS', '11', '02', '04'),
	('COCHAS', '11', '02', '05'),
	('CHAMBARA', '11', '02', '06'),
	('HEROINAS TOLEDO', '11', '02', '07'),
	('MANZANARES', '11', '02', '08'),
	('MARISCAL CASTILLA', '11', '02', '09'),
	('MATAHUASI', '11', '02', '10'),
	('MITO', '11', '02', '11'),
	('NUEVE DE JULIO', '11', '02', '12'),
	('ORCOTUNA', '11', '02', '13'),
	('SANTA ROSA DE OCOPA', '11', '02', '14'),
	('SAN JOSE DE QUERO', '11', '02', '15'),
	('JAUJA', '11', '03', '01'),
	('ACOLLA', '11', '03', '02'),
	('APATA', '11', '03', '03'),
	('ATAURA', '11', '03', '04'),
	('CANCHAYLLO', '11', '03', '05'),
	('EL MANTARO', '11', '03', '06'),
	('HUAMALI', '11', '03', '07'),
	('HUARIPAMPA', '11', '03', '08'),
	('HUERTAS', '11', '03', '09'),
	('JANJAILLO', '11', '03', '10'),
	('JULCAN', '11', '03', '11'),
	('LEONOR ORDOÑEZ', '11', '03', '12'),
	('LLOCLLAPAMPA', '11', '03', '13'),
	('MARCO', '11', '03', '14'),
	('MASMA', '11', '03', '15'),
	('MOLINOS', '11', '03', '16'),
	('MONOBAMBA', '11', '03', '17'),
	('MUQUI', '11', '03', '18'),
	('MUQUIYAUYO', '11', '03', '19'),
	('PACA', '11', '03', '20'),
	('PACCHA', '11', '03', '21'),
	('PANCAN', '11', '03', '22'),
	('PARCO', '11', '03', '23'),
	('POMACANCHA', '11', '03', '24'),
	('RICRAN', '11', '03', '25'),
	('SAN LORENZO', '11', '03', '26'),
	('SAN PEDRO DE CHUNAN', '11', '03', '27'),
	('SINCOS', '11', '03', '28'),
	('TUNAN MARCA', '11', '03', '29'),
	('YAULI', '11', '03', '30'),
	('CURICACA', '11', '03', '31'),
	('MASMA CHICCHE', '11', '03', '32'),
	('SAUSA', '11', '03', '33'),
	('YAUYOS', '11', '03', '34'),
	('JUNIN', '11', '04', '01'),
	('CARHUAMAYO', '11', '04', '02'),
	('ONDORES', '11', '04', '03'),
	('ULCUMAYO', '11', '04', '04'),
	('TARMA', '11', '05', '01'),
	('ACOBAMBA', '11', '05', '02'),
	('HUARICOLCA', '11', '05', '03'),
	('HUASAHUASI', '11', '05', '04'),
	('LA UNION', '11', '05', '05'),
	('PALCA', '11', '05', '06'),
	('PALCAMAYO', '11', '05', '07'),
	('SAN PEDRO DE CAJAS', '11', '05', '08'),
	('TAPO', '11', '05', '09'),
	('LA OROYA', '11', '06', '01'),
	('CHACAPALPA', '11', '06', '02'),
	('HUAY HUAY', '11', '06', '03'),
	('MARCAPOMACOCHA', '11', '06', '04'),
	('MOROCOCHA', '11', '06', '05'),
	('PACCHA', '11', '06', '06'),
	('SANTA BARBARA DE CARHUACAYAN', '11', '06', '07'),
	('SUITUCANCHA', '11', '06', '08'),
	('YAULI', '11', '06', '09'),
	('SANTA ROSA DE SACCO', '11', '06', '10'),
	('SATIPO', '11', '07', '01'),
	('COVIRIALI', '11', '07', '02'),
	('LLAYLLA', '11', '07', '03'),
	('MAZAMARI', '11', '07', '04'),
	('PAMPA HERMOSA', '11', '07', '05'),
	('PANGOA', '11', '07', '06'),
	('RIO NEGRO', '11', '07', '07'),
	('RIO TAMBO', '11', '07', '08'),
	('CHANCHAMAYO', '11', '08', '01'),
	('SAN RAMON', '11', '08', '02'),
	('VITOC', '11', '08', '03'),
	('SAN LUIS DE SHUARO', '11', '08', '04'),
	('PICHANAQUI', '11', '08', '05'),
	('PERENE', '11', '08', '06'),
	('CHUPACA', '11', '09', '01'),
	('AHUAC', '11', '09', '02'),
	('CHONGOS BAJO', '11', '09', '03'),
	('HUACHAC', '11', '09', '04'),
	('HUAMANCACA CHICO', '11', '09', '05'),
	('SAN JUAN DE YSCOS', '11', '09', '06'),
	('SAN JUAN DE JARPA', '11', '09', '07'),
	('TRES DE DICIEMBRE', '11', '09', '08'),
	('YANACANCHA', '11', '09', '09'),
	('TRUJILLO', '12', '01', '01'),
	('HUANCHACO', '12', '01', '02'),
	('LAREDO', '12', '01', '03'),
	('MOCHE', '12', '01', '04'),
	('SALAVERRY', '12', '01', '05'),
	('SIMBAL', '12', '01', '06'),
	('VICTOR LARCO HERRERA', '12', '01', '07'),
	('POROTO', '12', '01', '09'),
	('EL PORVENIR', '12', '01', '10'),
	('LA ESPERANZA', '12', '01', '11'),
	('FLORENCIA DE MORA', '12', '01', '12'),
	('BOLIVAR', '12', '02', '01'),
	('BAMBAMARCA', '12', '02', '02'),
	('CONDORMARCA', '12', '02', '03'),
	('LONGOTEA', '12', '02', '04'),
	('UCUNCHA', '12', '02', '05'),
	('UCHUMARCA', '12', '02', '06'),
	('HUAMACHUCO', '12', '03', '01'),
	('COCHORCO', '12', '03', '02'),
	('CURGOS', '12', '03', '03'),
	('CHUGAY', '12', '03', '04'),
	('MARCABAL', '12', '03', '05'),
	('SANAGORAN', '12', '03', '06'),
	('SARIN', '12', '03', '07'),
	('SARTIMBAMBA', '12', '03', '08'),
	('OTUZCO', '12', '04', '01'),
	('AGALLPAMPA', '12', '04', '02'),
	('CHARAT', '12', '04', '03'),
	('HUARANCHAL', '12', '04', '04'),
	('LA CUESTA', '12', '04', '05'),
	('PARANDAY', '12', '04', '08'),
	('SALPO', '12', '04', '09'),
	('SINSICAP', '12', '04', '10'),
	('USQUIL', '12', '04', '11'),
	('MACHE', '12', '04', '13'),
	('SAN PEDRO DE LLOC', '12', '05', '01'),
	('GUADALUPE', '12', '05', '03'),
	('JEQUETEPEQUE', '12', '05', '04'),
	('PACASMAYO', '12', '05', '06'),
	('SAN JOSE', '12', '05', '08'),
	('TAYABAMBA', '12', '06', '01'),
	('BULDIBUYO', '12', '06', '02'),
	('CHILLIA', '12', '06', '03'),
	('HUAYLILLAS', '12', '06', '04'),
	('HUANCASPATA', '12', '06', '05'),
	('HUAYO', '12', '06', '06'),
	('ONGON', '12', '06', '07'),
	('PARCOY', '12', '06', '08'),
	('PATAZ', '12', '06', '09'),
	('PIAS', '12', '06', '10'),
	('TAURIJA', '12', '06', '11'),
	('URPAY', '12', '06', '12'),
	('SANTIAGO DE CHALLAS', '12', '06', '13'),
	('SANTIAGO DE CHUCO', '12', '07', '01'),
	('CACHICADAN', '12', '07', '02'),
	('MOLLEBAMBA', '12', '07', '03'),
	('MOLLEPATA', '12', '07', '04'),
	('QUIRUVILCA', '12', '07', '05'),
	('SANTA CRUZ DE CHUCA', '12', '07', '06'),
	('SITABAMBA', '12', '07', '07'),
	('ANGASMARCA', '12', '07', '08'),
	('ASCOPE', '12', '08', '01'),
	('CHICAMA', '12', '08', '02'),
	('CHOCOPE', '12', '08', '03'),
	('SANTIAGO DE CAO', '12', '08', '04'),
	('MAGDALENA DE CAO', '12', '08', '05'),
	('PAIJAN', '12', '08', '06'),
	('RAZURI', '12', '08', '07'),
	('CASA GRANDE', '12', '08', '08'),
	('CHEPEN', '12', '09', '01'),
	('PACANGA', '12', '09', '02'),
	('PUEBLO NUEVO', '12', '09', '03'),
	('JULCAN', '12', '10', '01'),
	('CARABAMBA', '12', '10', '02'),
	('CALAMARCA', '12', '10', '03'),
	('HUASO', '12', '10', '04'),
	('CASCAS', '12', '11', '01'),
	('LUCMA', '12', '11', '02'),
	('MARMOT', '12', '11', '03'),
	('SAYAPULLO', '12', '11', '04'),
	('VIRU', '12', '12', '01'),
	('CHAO', '12', '12', '02'),
	('GUADALUPITO', '12', '12', '03'),
	('CHICLAYO', '13', '01', '01'),
	('CHONGOYAPE', '13', '01', '02'),
	('ETEN', '13', '01', '03'),
	('ETEN PUERTO', '13', '01', '04'),
	('LAGUNAS', '13', '01', '05'),
	('MONSEFU', '13', '01', '06'),
	('NUEVA ARICA', '13', '01', '07'),
	('OYOTUN', '13', '01', '08'),
	('PICSI', '13', '01', '09'),
	('PIMENTEL', '13', '01', '10'),
	('REQUE', '13', '01', '11'),
	('JOSE LEONARDO ORTIZ', '13', '01', '12'),
	('SANTA ROSA', '13', '01', '13'),
	('SAÑA', '13', '01', '14'),
	('LA VICTORIA', '13', '01', '15'),
	('CAYALTI', '13', '01', '16'),
	('PATAPO', '13', '01', '17'),
	('POMALCA', '13', '01', '18'),
	('PUCALA', '13', '01', '19'),
	('TUMAN', '13', '01', '20'),
	('FERREÑAFE', '13', '02', '01'),
	('INCAHUASI', '13', '02', '02'),
	('CAÑARIS', '13', '02', '03'),
	('PITIPO', '13', '02', '04'),
	('PUEBLO NUEVO', '13', '02', '05'),
	('MANUEL ANTONIO MESONES MURO', '13', '02', '06'),
	('LAMBAYEQUE', '13', '03', '01'),
	('CHOCHOPE', '13', '03', '02'),
	('ILLIMO', '13', '03', '03'),
	('JAYANCA', '13', '03', '04'),
	('MOCHUMI', '13', '03', '05'),
	('MORROPE', '13', '03', '06'),
	('MOTUPE', '13', '03', '07'),
	('OLMOS', '13', '03', '08'),
	('PACORA', '13', '03', '09'),
	('SALAS', '13', '03', '10'),
	('SAN JOSE', '13', '03', '11'),
	('TUCUME', '13', '03', '12'),
	('LIMA', '14', '01', '01'),
	('ANCON', '14', '01', '02'),
	('ATE', '14', '01', '03'),
	('BREÑA', '14', '01', '04'),
	('CARABAYLLO', '14', '01', '05'),
	('COMAS', '14', '01', '06'),
	('CHACLACAYO', '14', '01', '07'),
	('CHORRILLOS', '14', '01', '08'),
	('LA VICTORIA', '14', '01', '09'),
	('LA MOLINA', '14', '01', '10'),
	('LINCE', '14', '01', '11'),
	('LURIGANCHO', '14', '01', '12'),
	('LURIN', '14', '01', '13'),
	('MAGDALENA DEL MAR', '14', '01', '14'),
	('MIRAFLORES', '14', '01', '15'),
	('PACHACAMAC', '14', '01', '16'),
	('PUEBLO LIBRE', '14', '01', '17'),
	('PUCUSANA', '14', '01', '18'),
	('PUENTE PIEDRA', '14', '01', '19'),
	('PUNTA HERMOSA', '14', '01', '20'),
	('PUNTA NEGRA', '14', '01', '21'),
	('RIMAC', '14', '01', '22'),
	('SAN BARTOLO', '14', '01', '23'),
	('SAN ISIDRO', '14', '01', '24'),
	('BARRANCO', '14', '01', '25'),
	('SAN MARTIN DE PORRES', '14', '01', '26'),
	('SAN MIGUEL', '14', '01', '27'),
	('SANTA MARIA DEL MAR', '14', '01', '28'),
	('SANTA ROSA', '14', '01', '29'),
	('SANTIAGO DE SURCO', '14', '01', '30'),
	('SURQUILLO', '14', '01', '31'),
	('VILLA MARIA DEL TRIUNFO', '14', '01', '32'),
	('JESUS MARIA', '14', '01', '33'),
	('INDEPENDENCIA', '14', '01', '34'),
	('EL AGUSTINO', '14', '01', '35'),
	('SAN JUAN DE MIRAFLORES', '14', '01', '36'),
	('SAN JUAN DE LURIGANCHO', '14', '01', '37'),
	('SAN LUIS', '14', '01', '38'),
	('CIENEGUILLA', '14', '01', '39'),
	('SAN BORJA', '14', '01', '40'),
	('VILLA EL SALVADOR', '14', '01', '41'),
	('LOS OLIVOS', '14', '01', '42'),
	('SANTA ANITA', '14', '01', '43'),
	('CAJATAMBO', '14', '02', '01'),
	('COPA', '14', '02', '05'),
	('GORGOR', '14', '02', '06'),
	('HUANCAPON', '14', '02', '07'),
	('MANAS', '14', '02', '08'),
	('CANTA', '14', '03', '01'),
	('ARAHUAY', '14', '03', '02'),
	('HUAMANTANGA', '14', '03', '03'),
	('HUAROS', '14', '03', '04'),
	('LACHAQUI', '14', '03', '05'),
	('SAN BUENAVENTURA', '14', '03', '06'),
	('SANTA ROSA DE QUIVES', '14', '03', '07'),
	('SAN VICENTE DE CAÑETE', '14', '04', '01'),
	('CALANGO', '14', '04', '02'),
	('CERRO AZUL', '14', '04', '03'),
	('COAYLLO', '14', '04', '04'),
	('CHILCA', '14', '04', '05'),
	('IMPERIAL', '14', '04', '06'),
	('LUNAHUANA', '14', '04', '07'),
	('MALA', '14', '04', '08'),
	('NUEVO IMPERIAL', '14', '04', '09'),
	('PACARAN', '14', '04', '10'),
	('QUILMANA', '14', '04', '11'),
	('SAN ANTONIO', '14', '04', '12'),
	('SAN LUIS', '14', '04', '13'),
	('SANTA CRUZ DE FLORES', '14', '04', '14'),
	('ZUÑIGA', '14', '04', '15'),
	('ASIA', '14', '04', '16'),
	('HUACHO', '14', '05', '01'),
	('AMBAR', '14', '05', '02'),
	('CALETA DE CARQUIN', '14', '05', '04'),
	('CHECRAS', '14', '05', '05'),
	('HUALMAY', '14', '05', '06'),
	('HUAURA', '14', '05', '07'),
	('LEONCIO PRADO', '14', '05', '08'),
	('PACCHO', '14', '05', '09'),
	('SANTA LEONOR', '14', '05', '11'),
	('SANTA MARIA', '14', '05', '12'),
	('SAYAN', '14', '05', '13'),
	('VEGUETA', '14', '05', '16'),
	('MATUCANA', '14', '06', '01'),
	('ANTIOQUIA', '14', '06', '02'),
	('CALLAHUANCA', '14', '06', '03'),
	('CARAMPOMA', '14', '06', '04'),
	('CASTA', '14', '06', '05'),
	('SAN JOSE DE LOS CHORRILLOS', '14', '06', '06'),
	('CHICLA', '14', '06', '07'),
	('HUANZA', '14', '06', '08'),
	('HUAROCHIRI', '14', '06', '09'),
	('LAHUAYTAMBO', '14', '06', '10'),
	('LANGA', '14', '06', '11'),
	('MARIATANA', '14', '06', '12'),
	('RICARDO PALMA', '14', '06', '13'),
	('SAN ANDRES DE TUPICOCHA', '14', '06', '14'),
	('SAN ANTONIO', '14', '06', '15'),
	('SAN BARTOLOME', '14', '06', '16'),
	('SAN DAMIAN', '14', '06', '17'),
	('SANGALLAYA', '14', '06', '18'),
	('SAN JUAN DE TANTARANCHE', '14', '06', '19'),
	('SAN LORENZO DE QUINTI', '14', '06', '20'),
	('SAN MATEO', '14', '06', '21'),
	('SAN MATEO DE OTAO', '14', '06', '22'),
	('SAN PEDRO DE HUANCAYRE', '14', '06', '23'),
	('SANTA CRUZ DE COCACHACRA', '14', '06', '24'),
	('SANTA EULALIA', '14', '06', '25'),
	('SANTIAGO DE ANCHUCAYA', '14', '06', '26'),
	('SANTIAGO DE TUNA', '14', '06', '27'),
	('SANTO DOMINGO DE LOS OLLEROS', '14', '06', '28'),
	('SURCO', '14', '06', '29'),
	('HUACHUPAMPA', '14', '06', '30'),
	('LARAOS', '14', '06', '31'),
	('SAN JUAN DE IRIS', '14', '06', '32'),
	('YAUYOS', '14', '07', '01'),
	('ALIS', '14', '07', '02'),
	('ALLAUCA', '14', '07', '03'),
	('AYAVIRI', '14', '07', '04'),
	('AZANGARO', '14', '07', '05'),
	('CACRA', '14', '07', '06'),
	('CARANIA', '14', '07', '07'),
	('COCHAS', '14', '07', '08'),
	('COLONIA', '14', '07', '09'),
	('CHOCOS', '14', '07', '10'),
	('HUAMPARA', '14', '07', '11'),
	('HUANCAYA', '14', '07', '12'),
	('HUANGASCAR', '14', '07', '13'),
	('HUANTAN', '14', '07', '14'),
	('HUAÑEC', '14', '07', '15'),
	('LARAOS', '14', '07', '16'),
	('LINCHA', '14', '07', '17'),
	('MIRAFLORES', '14', '07', '18'),
	('OMAS', '14', '07', '19'),
	('QUINCHES', '14', '07', '20'),
	('QUINOCAY', '14', '07', '21'),
	('SAN JOAQUIN', '14', '07', '22'),
	('SAN PEDRO DE PILAS', '14', '07', '23'),
	('TANTA', '14', '07', '24'),
	('TAURIPAMPA', '14', '07', '25'),
	('TUPE', '14', '07', '26'),
	('TOMAS', '14', '07', '27'),
	('VIÑAC', '14', '07', '28'),
	('VITIS', '14', '07', '29'),
	('HONGOS', '14', '07', '30'),
	('MADEAN', '14', '07', '31'),
	('PUTINZA', '14', '07', '32'),
	('CATAHUASI', '14', '07', '33'),
	('HUARAL', '14', '08', '01'),
	('ATAVILLOS ALTO', '14', '08', '02'),
	('ATAVILLOS BAJO', '14', '08', '03'),
	('AUCALLAMA', '14', '08', '04'),
	('CHANCAY', '14', '08', '05'),
	('IHUARI', '14', '08', '06'),
	('LAMPIAN', '14', '08', '07'),
	('PACARAOS', '14', '08', '08'),
	('SAN MIGUEL DE ACOS', '14', '08', '09'),
	('VEINTISIETE DE NOVIEMBRE', '14', '08', '10'),
	('SANTA CRUZ DE ANDAMARCA', '14', '08', '11'),
	('SUMBILCA', '14', '08', '12'),
	('BARRANCA', '14', '09', '01'),
	('PARAMONGA', '14', '09', '02'),
	('PATIVILCA', '14', '09', '03'),
	('SUPE', '14', '09', '04'),
	('SUPE PUERTO', '14', '09', '05'),
	('OYON', '14', '10', '01'),
	('NAVAN', '14', '10', '02'),
	('CAUJUL', '14', '10', '03'),
	('ANDAJES', '14', '10', '04'),
	('PACHANGARA', '14', '10', '05'),
	('COCHAMARCA', '14', '10', '06'),
	('IQUITOS', '15', '01', '01'),
	('ALTO NANAY', '15', '01', '02'),
	('FERNANDO LORES', '15', '01', '03'),
	('LAS AMAZONAS', '15', '01', '04'),
	('MAZAN', '15', '01', '05'),
	('NAPO', '15', '01', '06'),
	('PUTUMAYO', '15', '01', '07'),
	('TORRES CAUSANA', '15', '01', '08'),
	('INDIANA', '15', '01', '10'),
	('PUNCHANA', '15', '01', '11'),
	('BELEN', '15', '01', '12'),
	('SAN JUAN BAUTISTA', '15', '01', '13'),
	('TNTE MANUEL CLAVERO', '15', '01', '14'),
	('YURIMAGUAS', '15', '02', '01'),
	('BALSAPUERTO', '15', '02', '02'),
	('JEBEROS', '15', '02', '05'),
	('LAGUNAS', '15', '02', '06'),
	('SANTA CRUZ', '15', '02', '10'),
	('TENIENTE CESAR LOPEZ ROJAS', '15', '02', '11'),
	('NAUTA', '15', '03', '01'),
	('PARINARI', '15', '03', '02'),
	('TIGRE', '15', '03', '03'),
	('URARINAS', '15', '03', '04'),
	('TROMPETEROS', '15', '03', '05'),
	('REQUENA', '15', '04', '01'),
	('ALTO TAPICHE', '15', '04', '02'),
	('CAPELO', '15', '04', '03'),
	('EMILIO SAN MARTIN', '15', '04', '04'),
	('MAQUIA', '15', '04', '05'),
	('PUINAHUA', '15', '04', '06'),
	('SAQUENA', '15', '04', '07'),
	('SOPLIN', '15', '04', '08'),
	('TAPICHE', '15', '04', '09'),
	('JENARO HERRERA', '15', '04', '10'),
	('YAQUERANA', '15', '04', '11'),
	('CONTAMANA', '15', '05', '01'),
	('VARGAS GUERRA', '15', '05', '02'),
	('PADRE MARQUEZ', '15', '05', '03'),
	('PAMPA HERMOSA', '15', '05', '04'),
	('SARAYACU', '15', '05', '05'),
	('INAHUAYA', '15', '05', '06'),
	('MARISCAL RAMON CASTILLA', '15', '06', '01'),
	('PEBAS', '15', '06', '02'),
	('YAVARI', '15', '06', '03'),
	('SAN PABLO', '15', '06', '04'),
	('BARRANCA', '15', '07', '01'),
	('ANDOAS', '15', '07', '02'),
	('CAHUAPANAS', '15', '07', '03'),
	('MANSERICHE', '15', '07', '04'),
	('MORONA', '15', '07', '05'),
	('PASTAZA', '15', '07', '06'),
	('TAMBOPATA', '16', '01', '01'),
	('INAMBARI', '16', '01', '02'),
	('LAS PIEDRAS', '16', '01', '03'),
	('LABERINTO', '16', '01', '04'),
	('MANU', '16', '02', '01'),
	('FITZCARRALD', '16', '02', '02'),
	('MADRE DE DIOS', '16', '02', '03'),
	('HUEPETUHE', '16', '02', '04'),
	('IÑAPARI', '16', '03', '01'),
	('IBERIA', '16', '03', '02'),
	('TAHUAMANU', '16', '03', '03'),
	('MOQUEGUA', '17', '01', '01'),
	('CARUMAS', '17', '01', '02'),
	('CUCHUMBAYA', '17', '01', '03'),
	('SAN CRISTOBAL', '17', '01', '04'),
	('TORATA', '17', '01', '05'),
	('SAMEGUA', '17', '01', '06'),
	('OMATE', '17', '02', '01'),
	('COALAQUE', '17', '02', '02'),
	('CHOJATA', '17', '02', '03'),
	('ICHUÑA', '17', '02', '04'),
	('LA CAPILLA', '17', '02', '05'),
	('LLOQUE', '17', '02', '06'),
	('MATALAQUE', '17', '02', '07'),
	('PUQUINA', '17', '02', '08'),
	('QUINISTAQUILLAS', '17', '02', '09'),
	('UBINAS', '17', '02', '10'),
	('YUNGA', '17', '02', '11'),
	('ILO', '17', '03', '01'),
	('EL ALGARROBAL', '17', '03', '02'),
	('PACOCHA', '17', '03', '03'),
	('CHAUPIMARCA', '18', '01', '01'),
	('HUACHON', '18', '01', '03'),
	('HUARIACA', '18', '01', '04'),
	('HUAYLLAY', '18', '01', '05'),
	('NINACACA', '18', '01', '06'),
	('PALLANCHACRA', '18', '01', '07'),
	('PAUCARTAMBO', '18', '01', '08'),
	('SAN FCO DE ASIS DE YARUSYACAN', '18', '01', '09'),
	('SIMON BOLIVAR', '18', '01', '10'),
	('TICLACAYAN', '18', '01', '11'),
	('TINYAHUARCO', '18', '01', '12'),
	('VICCO', '18', '01', '13'),
	('YANACANCHA', '18', '01', '14'),
	('YANAHUANCA', '18', '02', '01'),
	('CHACAYAN', '18', '02', '02'),
	('GOYLLARISQUIZGA', '18', '02', '03'),
	('PAUCAR', '18', '02', '04'),
	('SAN PEDRO DE PILLAO', '18', '02', '05'),
	('SANTA ANA DE TUSI', '18', '02', '06'),
	('TAPUC', '18', '02', '07'),
	('VILCABAMBA', '18', '02', '08'),
	('OXAPAMPA', '18', '03', '01'),
	('CHONTABAMBA', '18', '03', '02'),
	('HUANCABAMBA', '18', '03', '03'),
	('PUERTO BERMUDEZ', '18', '03', '04'),
	('VILLA RICA', '18', '03', '05'),
	('POZUZO', '18', '03', '06'),
	('PALCAZU', '18', '03', '07'),
	('PIURA', '19', '01', '01'),
	('CASTILLA', '19', '01', '03'),
	('CATACAOS', '19', '01', '04'),
	('LA ARENA', '19', '01', '05'),
	('LA UNION', '19', '01', '06'),
	('LAS LOMAS', '19', '01', '07'),
	('TAMBO GRANDE', '19', '01', '09'),
	('CURA MORI', '19', '01', '13'),
	('EL TALLAN', '19', '01', '14'),
	('AYABACA', '19', '02', '01'),
	('FRIAS', '19', '02', '02'),
	('LAGUNAS', '19', '02', '03'),
	('MONTERO', '19', '02', '04'),
	('PACAIPAMPA', '19', '02', '05'),
	('SAPILLICA', '19', '02', '06'),
	('SICCHEZ', '19', '02', '07'),
	('SUYO', '19', '02', '08'),
	('JILILI', '19', '02', '09'),
	('PAIMAS', '19', '02', '10'),
	('HUANCABAMBA', '19', '03', '01'),
	('CANCHAQUE', '19', '03', '02'),
	('HUARMACA', '19', '03', '03'),
	('SONDOR', '19', '03', '04'),
	('SONDORILLO', '19', '03', '05'),
	('EL CARMEN DE LA FRONTERA', '19', '03', '06'),
	('SAN MIGUEL DE EL FAIQUE', '19', '03', '07'),
	('LALAQUIZ', '19', '03', '08'),
	('CHULUCANAS', '19', '04', '01'),
	('BUENOS AIRES', '19', '04', '02'),
	('CHALACO', '19', '04', '03'),
	('MORROPON', '19', '04', '04'),
	('SALITRAL', '19', '04', '05'),
	('SANTA CATALINA DE MOSSA', '19', '04', '06'),
	('SANTO DOMINGO', '19', '04', '07'),
	('LA MATANZA', '19', '04', '08'),
	('YAMANGO', '19', '04', '09'),
	('SAN JUAN DE BIGOTE', '19', '04', '10'),
	('PAITA', '19', '05', '01'),
	('AMOTAPE', '19', '05', '02'),
	('ARENAL', '19', '05', '03'),
	('LA HUACA', '19', '05', '04'),
	('COLAN', '19', '05', '05'),
	('TAMARINDO', '19', '05', '06'),
	('VICHAYAL', '19', '05', '07'),
	('SULLANA', '19', '06', '01'),
	('BELLAVISTA', '19', '06', '02'),
	('LANCONES', '19', '06', '03'),
	('MARCAVELICA', '19', '06', '04'),
	('MIGUEL CHECA', '19', '06', '05'),
	('QUERECOTILLO', '19', '06', '06'),
	('SALITRAL', '19', '06', '07'),
	('IGNACIO ESCUDERO', '19', '06', '08'),
	('PARIÑAS', '19', '07', '01'),
	('EL ALTO', '19', '07', '02'),
	('LA BREA', '19', '07', '03'),
	('LOBITOS', '19', '07', '04'),
	('MANCORA', '19', '07', '05'),
	('LOS ORGANOS', '19', '07', '06'),
	('SECHURA', '19', '08', '01'),
	('VICE', '19', '08', '02'),
	('BERNAL', '19', '08', '03'),
	('BELLAVISTA DE LA UNION', '19', '08', '04'),
	('CRISTO NOS VALGA', '19', '08', '05'),
	('RINCONADA-LLICUAR', '19', '08', '06'),
	('PUNO', '20', '01', '01'),
	('ACORA', '20', '01', '02'),
	('ATUNCOLLA', '20', '01', '03'),
	('CAPACHICA', '20', '01', '04'),
	('COATA', '20', '01', '05'),
	('CHUCUITO', '20', '01', '06'),
	('HUATA', '20', '01', '07'),
	('MAÑAZO', '20', '01', '08'),
	('PAUCARCOLLA', '20', '01', '09'),
	('PICHACANI', '20', '01', '10'),
	('SAN ANTONIO', '20', '01', '11'),
	('TIQUILLACA', '20', '01', '12'),
	('VILQUE', '20', '01', '13'),
	('PLATERIA', '20', '01', '14'),
	('AMANTANI', '20', '01', '15'),
	('AZANGARO', '20', '02', '01'),
	('ACHAYA', '20', '02', '02'),
	('ARAPA', '20', '02', '03'),
	('ASILLO', '20', '02', '04'),
	('CAMINACA', '20', '02', '05'),
	('CHUPA', '20', '02', '06'),
	('JOSE DOMINGO CHOQUEHUANCA', '20', '02', '07'),
	('MUÑANI', '20', '02', '08'),
	('POTONI', '20', '02', '10'),
	('SAMAN', '20', '02', '12'),
	('SAN ANTON', '20', '02', '13'),
	('SAN JOSE', '20', '02', '14'),
	('SAN JUAN DE SALINAS', '20', '02', '15'),
	('SANTIAGO DE PUPUJA', '20', '02', '16'),
	('TIRAPATA', '20', '02', '17'),
	('MACUSANI', '20', '03', '01'),
	('AJOYANI', '20', '03', '02'),
	('AYAPATA', '20', '03', '03'),
	('COASA', '20', '03', '04'),
	('CORANI', '20', '03', '05'),
	('CRUCERO', '20', '03', '06'),
	('ITUATA', '20', '03', '07'),
	('OLLACHEA', '20', '03', '08'),
	('SAN GABAN', '20', '03', '09'),
	('USICAYOS', '20', '03', '10'),
	('JULI', '20', '04', '01'),
	('DESAGUADERO', '20', '04', '02'),
	('HUACULLANI', '20', '04', '03'),
	('PISACOMA', '20', '04', '06'),
	('POMATA', '20', '04', '07'),
	('ZEPITA', '20', '04', '10'),
	('KELLUYO', '20', '04', '12'),
	('HUANCANE', '20', '05', '01'),
	('COJATA', '20', '05', '02'),
	('INCHUPALLA', '20', '05', '04'),
	('PUSI', '20', '05', '06'),
	('ROSASPATA', '20', '05', '07'),
	('TARACO', '20', '05', '08'),
	('VILQUE CHICO', '20', '05', '09'),
	('HUATASANI', '20', '05', '11'),
	('LAMPA', '20', '06', '01'),
	('CABANILLA', '20', '06', '02'),
	('CALAPUJA', '20', '06', '03'),
	('NICASIO', '20', '06', '04'),
	('OCUVIRI', '20', '06', '05'),
	('PALCA', '20', '06', '06'),
	('PARATIA', '20', '06', '07'),
	('PUCARA', '20', '06', '08'),
	('SANTA LUCIA', '20', '06', '09'),
	('VILAVILA', '20', '06', '10'),
	('AYAVIRI', '20', '07', '01'),
	('ANTAUTA', '20', '07', '02'),
	('CUPI', '20', '07', '03'),
	('LLALLI', '20', '07', '04'),
	('MACARI', '20', '07', '05'),
	('NUÑOA', '20', '07', '06'),
	('ORURILLO', '20', '07', '07'),
	('SANTA ROSA', '20', '07', '08'),
	('UMACHIRI', '20', '07', '09'),
	('SANDIA', '20', '08', '01'),
	('CUYOCUYO', '20', '08', '03'),
	('LIMBANI', '20', '08', '04'),
	('PHARA', '20', '08', '05'),
	('PATAMBUCO', '20', '08', '06'),
	('QUIACA', '20', '08', '07'),
	('SAN JUAN DEL ORO', '20', '08', '08'),
	('YANAHUAYA', '20', '08', '10'),
	('ALTO INAMBARI', '20', '08', '11'),
	('SAN PEDRO DE PUTINA PUNCO', '20', '08', '12'),
	('JULIACA', '20', '09', '01'),
	('CABANA', '20', '09', '02'),
	('CABANILLAS', '20', '09', '03'),
	('CARACOTO', '20', '09', '04'),
	('YUNGUYO', '20', '10', '01'),
	('UNICACHI', '20', '10', '02'),
	('ANAPIA', '20', '10', '03'),
	('COPANI', '20', '10', '04'),
	('CUTURAPI', '20', '10', '05'),
	('OLLARAYA', '20', '10', '06'),
	('TINICACHI', '20', '10', '07'),
	('PUTINA', '20', '11', '01'),
	('PEDRO VILCA APAZA', '20', '11', '02'),
	('QUILCAPUNCU', '20', '11', '03'),
	('ANANEA', '20', '11', '04'),
	('SINA', '20', '11', '05'),
	('ILAVE', '20', '12', '01'),
	('PILCUYO', '20', '12', '02'),
	('SANTA ROSA', '20', '12', '03'),
	('CAPASO', '20', '12', '04'),
	('CONDURIRI', '20', '12', '05'),
	('MOHO', '20', '13', '01'),
	('CONIMA', '20', '13', '02'),
	('TILALI', '20', '13', '03'),
	('HUAYRAPATA', '20', '13', '04'),
	('MOYOBAMBA', '21', '01', '01'),
	('CALZADA', '21', '01', '02'),
	('HABANA', '21', '01', '03'),
	('JEPELACIO', '21', '01', '04'),
	('SORITOR', '21', '01', '05'),
	('YANTALO', '21', '01', '06'),
	('SAPOSOA', '21', '02', '01'),
	('PISCOYACU', '21', '02', '02'),
	('SACANCHE', '21', '02', '03'),
	('TINGO DE SAPOSOA', '21', '02', '04'),
	('ALTO SAPOSOA', '21', '02', '05'),
	('EL ESLABON', '21', '02', '06'),
	('LAMAS', '21', '03', '01'),
	('BARRANQUITA', '21', '03', '03'),
	('CAYNARACHI', '21', '03', '04'),
	('CUÑUMBUQUI', '21', '03', '05'),
	('PINTO RECODO', '21', '03', '06'),
	('RUMISAPA', '21', '03', '07'),
	('SHANAO', '21', '03', '11'),
	('TABALOSOS', '21', '03', '13'),
	('ZAPATERO', '21', '03', '14'),
	('ALONSO DE ALVARADO', '21', '03', '15'),
	('SAN ROQUE DE CUMBAZA', '21', '03', '16'),
	('JUANJUI', '21', '04', '01'),
	('CAMPANILLA', '21', '04', '02'),
	('HUICUNGO', '21', '04', '03'),
	('PACHIZA', '21', '04', '04'),
	('PAJARILLO', '21', '04', '05'),
	('RIOJA', '21', '05', '01'),
	('POSIC', '21', '05', '02'),
	('YORONGOS', '21', '05', '03'),
	('YURACYACU', '21', '05', '04'),
	('NUEVA CAJAMARCA', '21', '05', '05'),
	('ELIAS SOPLIN VARGAS', '21', '05', '06'),
	('SAN FERNANDO', '21', '05', '07'),
	('PARDO MIGUEL', '21', '05', '08'),
	('AWAJUN', '21', '05', '09'),
	('TARAPOTO', '21', '06', '01'),
	('ALBERTO LEVEAU', '21', '06', '02'),
	('CACATACHI', '21', '06', '04'),
	('CHAZUTA', '21', '06', '06'),
	('CHIPURANA', '21', '06', '07'),
	('EL PORVENIR', '21', '06', '08'),
	('HUIMBAYOC', '21', '06', '09'),
	('JUAN GUERRA', '21', '06', '10'),
	('MORALES', '21', '06', '11'),
	('PAPAPLAYA', '21', '06', '12'),
	('SAN ANTONIO', '21', '06', '16'),
	('SAUCE', '21', '06', '19'),
	('SHAPAJA', '21', '06', '20'),
	('LA BANDA DE SHILCAYO', '21', '06', '21'),
	('BELLAVISTA', '21', '07', '01'),
	('SAN RAFAEL', '21', '07', '02'),
	('SAN PABLO', '21', '07', '03'),
	('ALTO BIAVO', '21', '07', '04'),
	('HUALLAGA', '21', '07', '05'),
	('BAJO BIAVO', '21', '07', '06'),
	('TOCACHE', '21', '08', '01'),
	('NUEVO PROGRESO', '21', '08', '02'),
	('POLVORA', '21', '08', '03'),
	('SHUNTE', '21', '08', '04'),
	('UCHIZA', '21', '08', '05'),
	('PICOTA', '21', '09', '01'),
	('BUENOS AIRES', '21', '09', '02'),
	('CASPIZAPA', '21', '09', '03'),
	('PILLUANA', '21', '09', '04'),
	('PUCACACA', '21', '09', '05'),
	('SAN CRISTOBAL', '21', '09', '06'),
	('SAN HILARION', '21', '09', '07'),
	('TINGO DE PONASA', '21', '09', '08'),
	('TRES UNIDOS', '21', '09', '09'),
	('SHAMBOYACU', '21', '09', '10'),
	('SAN JOSE DE SISA', '21', '10', '01'),
	('AGUA BLANCA', '21', '10', '02'),
	('SHATOJA', '21', '10', '03'),
	('SAN MARTIN', '21', '10', '04'),
	('SANTA ROSA', '21', '10', '05'),
	('TACNA', '22', '01', '01'),
	('CALANA', '22', '01', '02'),
	('INCLAN', '22', '01', '04'),
	('PACHIA', '22', '01', '07'),
	('PALCA', '22', '01', '08'),
	('POCOLLAY', '22', '01', '09'),
	('SAMA', '22', '01', '10'),
	('ALTO DE LA ALIANZA', '22', '01', '11'),
	('CIUDAD NUEVA', '22', '01', '12'),
	('CORONEL GREGORIO ALBARRACIN L.', '22', '01', '13'),
	('TARATA', '22', '02', '01'),
	('HEROES ALBARRACIN', '22', '02', '05'),
	('ESTIQUE', '22', '02', '06'),
	('ESTIQUE PAMPA', '22', '02', '07'),
	('SITAJARA', '22', '02', '10'),
	('SUSAPAYA', '22', '02', '11'),
	('TARUCACHI', '22', '02', '12'),
	('TICACO', '22', '02', '13'),
	('LOCUMBA', '22', '03', '01'),
	('ITE', '22', '03', '02'),
	('ILABAYA', '22', '03', '03'),
	('CANDARAVE', '22', '04', '01'),
	('CAIRANI', '22', '04', '02'),
	('CURIBAYA', '22', '04', '03'),
	('HUANUARA', '22', '04', '04'),
	('QUILAHUANI', '22', '04', '05'),
	('CAMILACA', '22', '04', '06'),
	('TUMBES', '23', '01', '01'),
	('CORRALES', '23', '01', '02'),
	('LA CRUZ', '23', '01', '03'),
	('PAMPAS DE HOSPITAL', '23', '01', '04'),
	('SAN JACINTO', '23', '01', '05'),
	('SAN JUAN DE LA VIRGEN', '23', '01', '06'),
	('ZORRITOS', '23', '02', '01'),
	('CASITAS', '23', '02', '02'),
	('CANOAS DE PUNTA SAL', '23', '02', '03'),
	('ZARUMILLA', '23', '03', '01'),
	('MATAPALO', '23', '03', '02'),
	('PAPAYAL', '23', '03', '03'),
	('AGUAS VERDES', '23', '03', '04'),
	('CALLAO', '24', '01', '01'),
	('BELLAVISTA', '24', '01', '02'),
	('LA PUNTA', '24', '01', '03'),
	('CARMEN DE LA LEGUA-REYNOSO', '24', '01', '04'),
	('LA PERLA', '24', '01', '05'),
	('VENTANILLA', '24', '01', '06'),
	('CALLERIA', '25', '01', '01'),
	('YARINACOCHA', '25', '01', '02'),
	('MASISEA', '25', '01', '03'),
	('CAMPOVERDE', '25', '01', '04'),
	('IPARIA', '25', '01', '05'),
	('NUEVA REQUENA', '25', '01', '06'),
	('MANANTAY', '25', '01', '07'),
	('PADRE ABAD', '25', '02', '01'),
	('IRAZOLA', '25', '02', '02'),
	('CURIMANA', '25', '02', '03'),
	('RAIMONDI', '25', '03', '01'),
	('TAHUANIA', '25', '03', '02'),
	('YURUA', '25', '03', '03'),
	('SEPAHUA', '25', '03', '04'),
	('PURUS', '25', '04', '01');
/*!40000 ALTER TABLE `distrito` ENABLE KEYS */;

-- Volcando estructura para procedimiento bd_personeros.f_agregarPersonero
DELIMITER //
CREATE DEFINER=`root`@`localhost` PROCEDURE `f_agregarPersonero`(
	IN `p_dni` CHAR(8),
	IN `p_mesa` INT,
	IN `p_sexo` CHAR(1),
	IN `p_id_tipo_doc` INT,
	IN `p_ap_pat` VARCHAR(150),
	IN `p_ap_mat` VARCHAR(150),
	IN `p_nombres` VARCHAR(150),
	IN `p_id_dep` CHAR(2),
	IN `p_id_prov` CHAR(2),
	IN `p_id_distri` CHAR(2),
	IN `p_domicilio` VARCHAR(200),
	IN `p_nro_cel1` VARCHAR(30),
	IN `p_nro_cel2` VARCHAR(30),
	IN `p_nro_telef` VARCHAR(30),
	IN `p_correo` VARCHAR(30),
	IN `p_respon_dni` CHAR(8),
	IN `p_estado` CHAR(1)
)
BEGIN
DECLARE v_buscar int;
select count(*) into v_buscar from padron where dni=p_dni;

if v_buscar=0 then
	insert into padron (dni,mesa_sufragio,sexo,id_tipo_documento,apellido_paterno,apellido_materno,nombres,id_departamento,id_provincia,id_distrito)
	values (p_dni,p_mesa,p_sexo,p_id_tipo_doc,p_ap_pat,p_ap_mat,p_nombres,p_id_dep,p_id_prov,p_id_distri);
	insert into personero (dni,domicilio,nro_celular_1,nro_celular_2,nro_telefonico,correo,responsable_dni,estado)
	values(p_dni,p_domicilio,p_nro_cel1,p_nro_cel2,p_nro_telef,p_correo,p_respon_dni,p_estado);
else
	select 'PERSONERO YA INGRESADO A LA BASE DE DATOS' as mensaje;
end if;
END//
DELIMITER ;

-- Volcando estructura para procedimiento bd_personeros.f_listar_cedula_ubigeo
DELIMITER //
CREATE DEFINER=`root`@`localhost` PROCEDURE `f_listar_cedula_ubigeo`(
	IN `p_dep` INT,
	IN `p_prov` INT,
	IN `p_dist` INT
)
BEGIN
declare v_reg int;
select count(*) into v_reg from distrito dis where dis.id_departamento=p_dep and dis.id_provincia=p_prov and dis.id_distrito=p_dist;

if v_reg=0 then
	select '440' AS MENSAJE;
else
	select id_cedula,id_departamento,id_provincia,id_distrito,cedula_provincial,cedula_distrital from cedula_ubigeo cu where cu.id_departamento=p_dep and cu.id_provincia=p_prov and cu.id_distrito=p_dist;
end if;
END//
DELIMITER ;

-- Volcando estructura para tabla bd_personeros.mesa_sufragio
CREATE TABLE IF NOT EXISTS `mesa_sufragio` (
  `numero` int(10) unsigned NOT NULL,
  `id_centro_votacion` int(10) unsigned NOT NULL,
  `id_departamento` char(2) NOT NULL,
  `id_provincia` char(2) NOT NULL,
  `id_distrito` char(2) NOT NULL,
  PRIMARY KEY (`numero`,`id_centro_votacion`),
  KEY `idx_mesa_sufragio_id_centro_votacion` (`id_centro_votacion`),
  KEY `idx_mesa_sufragio_id_departamento` (`id_departamento`,`id_provincia`,`id_distrito`),
  CONSTRAINT `fk_mesa_sufragio_centro_votacion` FOREIGN KEY (`id_centro_votacion`) REFERENCES `centro_votacion` (`id_centro_votacion`) ON DELETE NO ACTION ON UPDATE NO ACTION
) ENGINE=InnoDB DEFAULT CHARSET=latin1;

-- Volcando datos para la tabla bd_personeros.mesa_sufragio: ~0 rows (aproximadamente)
/*!40000 ALTER TABLE `mesa_sufragio` DISABLE KEYS */;
/*!40000 ALTER TABLE `mesa_sufragio` ENABLE KEYS */;

-- Volcando estructura para tabla bd_personeros.padron
CREATE TABLE IF NOT EXISTS `padron` (
  `dni` char(8) NOT NULL,
  `mesa_sufragio` int(10) unsigned NOT NULL,
  `sexo` char(1) NOT NULL,
  `id_tipo_documento` int(10) unsigned NOT NULL,
  `apellido_paterno` varchar(150) DEFAULT NULL,
  `apellido_materno` varchar(150) NOT NULL,
  `nombres` varchar(150) NOT NULL,
  `id_departamento` char(2) NOT NULL,
  `id_provincia` char(2) NOT NULL,
  `id_distrito` char(2) NOT NULL,
  PRIMARY KEY (`dni`),
  KEY `idx_padron_id_tipo_documento` (`id_tipo_documento`),
  KEY `idx_padron_id_departamento` (`id_departamento`,`id_provincia`,`id_distrito`),
  CONSTRAINT `fk_padron_distrito` FOREIGN KEY (`id_departamento`, `id_provincia`, `id_distrito`) REFERENCES `distrito` (`id_departamento`, `id_provincia`, `id_distrito`) ON DELETE NO ACTION ON UPDATE NO ACTION,
  CONSTRAINT `fk_padron_tipo_documento` FOREIGN KEY (`id_tipo_documento`) REFERENCES `tipo_documento` (`id_tipo_documento`) ON DELETE NO ACTION ON UPDATE NO ACTION
) ENGINE=InnoDB DEFAULT CHARSET=latin1;

-- Volcando datos para la tabla bd_personeros.padron: ~3 rows (aproximadamente)
/*!40000 ALTER TABLE `padron` DISABLE KEYS */;
INSERT INTO `padron` (`dni`, `mesa_sufragio`, `sexo`, `id_tipo_documento`, `apellido_paterno`, `apellido_materno`, `nombres`, `id_departamento`, `id_provincia`, `id_distrito`) VALUES
	('16532958', 0, 'F', 1, 'DIAZ', 'CALDERON', 'JUANA ELIZABETH', '13', '03', '09'),
	('46705014', 0, 'M', 1, 'PEÑA', 'DIAZ', 'SILVIO REYNALDO', '13', '01', '01'),
	('74777342', 0, 'M', 1, 'DIAZ', 'ANCHAY', 'OSCAR FERNANDO', '13', '01', '01');
/*!40000 ALTER TABLE `padron` ENABLE KEYS */;

-- Volcando estructura para tabla bd_personeros.personero
CREATE TABLE IF NOT EXISTS `personero` (
  `dni` char(8) NOT NULL,
  `domicilio` varchar(200) DEFAULT NULL,
  `nro_celular_1` varchar(30) DEFAULT NULL,
  `nro_celular_2` varchar(30) DEFAULT NULL,
  `nro_telefonico` varchar(30) DEFAULT NULL,
  `correo` varchar(30) DEFAULT NULL,
  `responsable_dni` char(8) DEFAULT NULL,
  `estado` char(1) DEFAULT NULL,
  `asignacion` char(1) DEFAULT NULL,
  `id_tipo_personero` int(10) unsigned DEFAULT NULL,
  `asignacio_lugar` char(1) DEFAULT NULL,
  PRIMARY KEY (`dni`),
  KEY `idx_personero_responsable_dni` (`responsable_dni`),
  KEY `idx_personero_id_tipo_personero` (`id_tipo_personero`),
  CONSTRAINT `fk_personero_padron` FOREIGN KEY (`dni`) REFERENCES `padron` (`dni`) ON DELETE NO ACTION ON UPDATE NO ACTION,
  CONSTRAINT `fk_personero_personero` FOREIGN KEY (`responsable_dni`) REFERENCES `personero` (`dni`) ON DELETE NO ACTION ON UPDATE NO ACTION,
  CONSTRAINT `fk_personero_tipo_personero` FOREIGN KEY (`id_tipo_personero`) REFERENCES `tipo_personero` (`id_tipo_personero`) ON DELETE NO ACTION ON UPDATE NO ACTION
) ENGINE=InnoDB DEFAULT CHARSET=latin1;

-- Volcando datos para la tabla bd_personeros.personero: ~3 rows (aproximadamente)
/*!40000 ALTER TABLE `personero` DISABLE KEYS */;
INSERT INTO `personero` (`dni`, `domicilio`, `nro_celular_1`, `nro_celular_2`, `nro_telefonico`, `correo`, `responsable_dni`, `estado`, `asignacion`, `id_tipo_personero`, `asignacio_lugar`) VALUES
	('16532958', NULL, NULL, NULL, NULL, NULL, NULL, 'H', NULL, 1, NULL),
	('46705014', 'nada', '', '', '', '564156@GMAIL.COM', '46705014', 'H', NULL, 1, NULL),
	('74777342', 'juan cuglievan', '920175209', '920175209', '920175209', 'juan2@GMAIL.COM', NULL, 'H', NULL, NULL, NULL);
/*!40000 ALTER TABLE `personero` ENABLE KEYS */;

-- Volcando estructura para tabla bd_personeros.provincia
CREATE TABLE IF NOT EXISTS `provincia` (
  `nombre` varchar(150) DEFAULT NULL,
  `id_departamento` char(2) NOT NULL,
  `id_provincia` char(2) NOT NULL,
  PRIMARY KEY (`id_departamento`,`id_provincia`),
  KEY `idx_provincia_id_departamento` (`id_departamento`),
  CONSTRAINT `fk_provincia_departamento` FOREIGN KEY (`id_departamento`) REFERENCES `departamento` (`id_departamento`) ON DELETE NO ACTION ON UPDATE NO ACTION
) ENGINE=InnoDB DEFAULT CHARSET=latin1;

-- Volcando datos para la tabla bd_personeros.provincia: ~195 rows (aproximadamente)
/*!40000 ALTER TABLE `provincia` DISABLE KEYS */;
INSERT INTO `provincia` (`nombre`, `id_departamento`, `id_provincia`) VALUES
	('CHACHAPOYAS', '01', '01'),
	('BAGUA', '01', '02'),
	('BONGARA', '01', '03'),
	('LUYA', '01', '04'),
	('RODRIGUEZ DE MENDOZA', '01', '05'),
	('CONDORCANQUI', '01', '06'),
	('UTCUBAMBA', '01', '07'),
	('HUARAZ', '02', '01'),
	('AIJA', '02', '02'),
	('BOLOGNESI', '02', '03'),
	('CARHUAZ', '02', '04'),
	('CASMA', '02', '05'),
	('CORONGO', '02', '06'),
	('HUAYLAS', '02', '07'),
	('HUARI', '02', '08'),
	('MARISCAL LUZURIAGA', '02', '09'),
	('PALLASCA', '02', '10'),
	('POMABAMBA', '02', '11'),
	('RECUAY', '02', '12'),
	('SANTA', '02', '13'),
	('SIHUAS', '02', '14'),
	('YUNGAY', '02', '15'),
	('ANTONIO RAIMONDI', '02', '16'),
	('CARLOS FERMIN FITZCARRALD', '02', '17'),
	('ASUNCION', '02', '18'),
	('HUARMEY', '02', '19'),
	('OCROS', '02', '20'),
	('ABANCAY', '03', '01'),
	('AYMARAES', '03', '02'),
	('ANDAHUAYLAS', '03', '03'),
	('ANTABAMBA', '03', '04'),
	('COTABAMBAS', '03', '05'),
	('GRAU', '03', '06'),
	('CHINCHEROS', '03', '07'),
	('AREQUIPA', '04', '01'),
	('CAYLLOMA', '04', '02'),
	('CAMANA', '04', '03'),
	('CARAVELI', '04', '04'),
	('CASTILLA', '04', '05'),
	('CONDESUYOS', '04', '06'),
	('ISLAY', '04', '07'),
	('LA UNION', '04', '08'),
	('HUAMANGA', '05', '01'),
	('CANGALLO', '05', '02'),
	('HUANTA', '05', '03'),
	('LA MAR', '05', '04'),
	('LUCANAS', '05', '05'),
	('PARINACOCHAS', '05', '06'),
	('VICTOR FAJARDO', '05', '07'),
	('HUANCA SANCOS', '05', '08'),
	('VILCAS HUAMAN', '05', '09'),
	('PAUCAR DEL SARA SARA', '05', '10'),
	('SUCRE', '05', '11'),
	('CAJAMARCA', '06', '01'),
	('CAJABAMBA', '06', '02'),
	('CELENDIN', '06', '03'),
	('CONTUMAZA', '06', '04'),
	('CUTERVO', '06', '05'),
	('CHOTA', '06', '06'),
	('HUALGAYOC', '06', '07'),
	('JAEN', '06', '08'),
	('SANTA CRUZ', '06', '09'),
	('SAN MIGUEL', '06', '10'),
	('SAN IGNACIO', '06', '11'),
	('SAN MARCOS', '06', '12'),
	('SAN PABLO', '06', '13'),
	('CUSCO', '07', '01'),
	('ACOMAYO', '07', '02'),
	('ANTA', '07', '03'),
	('CALCA', '07', '04'),
	('CANAS', '07', '05'),
	('CANCHIS', '07', '06'),
	('CHUMBIVILCAS', '07', '07'),
	('ESPINAR', '07', '08'),
	('LA CONVENCION', '07', '09'),
	('PARURO', '07', '10'),
	('PAUCARTAMBO', '07', '11'),
	('QUISPICANCHI', '07', '12'),
	('URUBAMBA', '07', '13'),
	('HUANCAVELICA', '08', '01'),
	('ACOBAMBA', '08', '02'),
	('ANGARAES', '08', '03'),
	('CASTROVIRREYNA', '08', '04'),
	('TAYACAJA', '08', '05'),
	('HUAYTARA', '08', '06'),
	('CHURCAMPA', '08', '07'),
	('HUANUCO', '09', '01'),
	('AMBO', '09', '02'),
	('DOS DE MAYO', '09', '03'),
	('HUAMALIES', '09', '04'),
	('MARAÑON', '09', '05'),
	('LEONCIO PRADO', '09', '06'),
	('PACHITEA', '09', '07'),
	('PUERTO INCA', '09', '08'),
	('HUACAYBAMBA', '09', '09'),
	('LAURICOCHA', '09', '10'),
	('YAROWILCA', '09', '11'),
	('ICA', '10', '01'),
	('CHINCHA', '10', '02'),
	('NAZCA', '10', '03'),
	('PISCO', '10', '04'),
	('PALPA', '10', '05'),
	('HUANCAYO', '11', '01'),
	('CONCEPCION', '11', '02'),
	('JAUJA', '11', '03'),
	('JUNIN', '11', '04'),
	('TARMA', '11', '05'),
	('YAULI', '11', '06'),
	('SATIPO', '11', '07'),
	('CHANCHAMAYO', '11', '08'),
	('CHUPACA', '11', '09'),
	('TRUJILLO', '12', '01'),
	('BOLIVAR', '12', '02'),
	('SANCHEZ CARRION', '12', '03'),
	('OTUZCO', '12', '04'),
	('PACASMAYO', '12', '05'),
	('PATAZ', '12', '06'),
	('SANTIAGO DE CHUCO', '12', '07'),
	('ASCOPE', '12', '08'),
	('CHEPEN', '12', '09'),
	('JULCAN', '12', '10'),
	('GRAN CHIMU', '12', '11'),
	('VIRU', '12', '12'),
	('CHICLAYO', '13', '01'),
	('FERREÑAFE', '13', '02'),
	('LAMBAYEQUE', '13', '03'),
	('LIMA', '14', '01'),
	('CAJATAMBO', '14', '02'),
	('CANTA', '14', '03'),
	('CAÑETE', '14', '04'),
	('HUAURA', '14', '05'),
	('HUAROCHIRI', '14', '06'),
	('YAUYOS', '14', '07'),
	('HUARAL', '14', '08'),
	('BARRANCA', '14', '09'),
	('OYON', '14', '10'),
	('MAYNAS', '15', '01'),
	('ALTO AMAZONAS', '15', '02'),
	('LORETO', '15', '03'),
	('REQUENA', '15', '04'),
	('UCAYALI', '15', '05'),
	('MARISCAL RAMON CASTILLA', '15', '06'),
	('DATEM DEL MARAÑON', '15', '07'),
	('TAMBOPATA', '16', '01'),
	('MANU', '16', '02'),
	('TAHUAMANU', '16', '03'),
	('MARISCAL NIETO', '17', '01'),
	('GENERAL SANCHEZ CERRO', '17', '02'),
	('ILO', '17', '03'),
	('PASCO', '18', '01'),
	('DANIEL ALCIDES CARRION', '18', '02'),
	('OXAPAMPA', '18', '03'),
	('PIURA', '19', '01'),
	('AYABACA', '19', '02'),
	('HUANCABAMBA', '19', '03'),
	('MORROPON', '19', '04'),
	('PAITA', '19', '05'),
	('SULLANA', '19', '06'),
	('TALARA', '19', '07'),
	('SECHURA', '19', '08'),
	('PUNO', '20', '01'),
	('AZANGARO', '20', '02'),
	('CARABAYA', '20', '03'),
	('CHUCUITO', '20', '04'),
	('HUANCANE', '20', '05'),
	('LAMPA', '20', '06'),
	('MELGAR', '20', '07'),
	('SANDIA', '20', '08'),
	('SAN ROMAN', '20', '09'),
	('YUNGUYO', '20', '10'),
	('SAN ANTONIO DE PUTINA', '20', '11'),
	('EL COLLAO', '20', '12'),
	('MOHO', '20', '13'),
	('MOYOBAMBA', '21', '01'),
	('HUALLAGA', '21', '02'),
	('LAMAS', '21', '03'),
	('MARISCAL CACERES', '21', '04'),
	('RIOJA', '21', '05'),
	('SAN MARTIN', '21', '06'),
	('BELLAVISTA', '21', '07'),
	('TOCACHE', '21', '08'),
	('PICOTA', '21', '09'),
	('EL DORADO', '21', '10'),
	('TACNA', '22', '01'),
	('TARATA', '22', '02'),
	('JORGE BASADRE', '22', '03'),
	('CANDARAVE', '22', '04'),
	('TUMBES', '23', '01'),
	('CONTRALMIRANTE VILLAR', '23', '02'),
	('ZARUMILLA', '23', '03'),
	('CALLAO', '24', '01'),
	('CORONEL PORTILLO', '25', '01'),
	('PADRE ABAD', '25', '02'),
	('ATALAYA', '25', '03'),
	('PURUS', '25', '04');
/*!40000 ALTER TABLE `provincia` ENABLE KEYS */;

-- Volcando estructura para tabla bd_personeros.tipo_documento
CREATE TABLE IF NOT EXISTS `tipo_documento` (
  `id_tipo_documento` int(10) unsigned NOT NULL AUTO_INCREMENT,
  `nombre` varchar(30) DEFAULT NULL,
  PRIMARY KEY (`id_tipo_documento`)
) ENGINE=InnoDB AUTO_INCREMENT=3 DEFAULT CHARSET=latin1;

-- Volcando datos para la tabla bd_personeros.tipo_documento: ~2 rows (aproximadamente)
/*!40000 ALTER TABLE `tipo_documento` DISABLE KEYS */;
INSERT INTO `tipo_documento` (`id_tipo_documento`, `nombre`) VALUES
	(1, 'DNI'),
	(2, 'LIBRETA ELECTORAL\n');
/*!40000 ALTER TABLE `tipo_documento` ENABLE KEYS */;

-- Volcando estructura para tabla bd_personeros.tipo_personero
CREATE TABLE IF NOT EXISTS `tipo_personero` (
  `id_tipo_personero` int(10) unsigned NOT NULL AUTO_INCREMENT,
  `nombre` varchar(50) DEFAULT NULL,
  PRIMARY KEY (`id_tipo_personero`)
) ENGINE=InnoDB AUTO_INCREMENT=3 DEFAULT CHARSET=latin1;

-- Volcando datos para la tabla bd_personeros.tipo_personero: ~2 rows (aproximadamente)
/*!40000 ALTER TABLE `tipo_personero` DISABLE KEYS */;
INSERT INTO `tipo_personero` (`id_tipo_personero`, `nombre`) VALUES
	(1, 'CENTRO DE VOTACION'),
	(2, 'MESA SUFRAGIO');
/*!40000 ALTER TABLE `tipo_personero` ENABLE KEYS */;

-- Volcando estructura para tabla bd_personeros.usuario
CREATE TABLE IF NOT EXISTS `usuario` (
  `dni` char(8) NOT NULL,
  `password` char(32) NOT NULL,
  `estado` char(1) NOT NULL,
  PRIMARY KEY (`dni`),
  CONSTRAINT `fk_usuario_personero` FOREIGN KEY (`dni`) REFERENCES `personero` (`dni`) ON DELETE NO ACTION ON UPDATE NO ACTION
) ENGINE=InnoDB DEFAULT CHARSET=latin1;

-- Volcando datos para la tabla bd_personeros.usuario: ~2 rows (aproximadamente)
/*!40000 ALTER TABLE `usuario` DISABLE KEYS */;
INSERT INTO `usuario` (`dni`, `password`, `estado`) VALUES
	('16532958', '202cb962ac59075b964b07152d234b70', 'H'),
	('46705014', '202cb962ac59075b964b07152d234b70', 'H');
/*!40000 ALTER TABLE `usuario` ENABLE KEYS */;

/*!40101 SET SQL_MODE=IFNULL(@OLD_SQL_MODE, '') */;
/*!40014 SET FOREIGN_KEY_CHECKS=IF(@OLD_FOREIGN_KEY_CHECKS IS NULL, 1, @OLD_FOREIGN_KEY_CHECKS) */;
/*!40101 SET CHARACTER_SET_CLIENT=@OLD_CHARACTER_SET_CLIENT */;
