-- MySQL dump 10.13  Distrib 5.7.24, for Linux (x86_64)
--
-- Host: localhost    Database: evently
-- ------------------------------------------------------
-- Server version	5.7.24-0ubuntu0.18.04.1

/*!40101 SET @OLD_CHARACTER_SET_CLIENT=@@CHARACTER_SET_CLIENT */;
/*!40101 SET @OLD_CHARACTER_SET_RESULTS=@@CHARACTER_SET_RESULTS */;
/*!40101 SET @OLD_COLLATION_CONNECTION=@@COLLATION_CONNECTION */;
/*!40101 SET NAMES utf8 */;
/*!40103 SET @OLD_TIME_ZONE=@@TIME_ZONE */;
/*!40103 SET TIME_ZONE='+00:00' */;
/*!40014 SET @OLD_UNIQUE_CHECKS=@@UNIQUE_CHECKS, UNIQUE_CHECKS=0 */;
/*!40014 SET @OLD_FOREIGN_KEY_CHECKS=@@FOREIGN_KEY_CHECKS, FOREIGN_KEY_CHECKS=0 */;
/*!40101 SET @OLD_SQL_MODE=@@SQL_MODE, SQL_MODE='NO_AUTO_VALUE_ON_ZERO' */;
/*!40111 SET @OLD_SQL_NOTES=@@SQL_NOTES, SQL_NOTES=0 */;

--
-- Table structure for table `event_tickets`
--

DROP TABLE IF EXISTS `event_tickets`;
/*!40101 SET @saved_cs_client     = @@character_set_client */;
/*!40101 SET character_set_client = utf8 */;
CREATE TABLE `event_tickets` (
  `id` int(10) unsigned NOT NULL AUTO_INCREMENT,
  `event_id` int(10) unsigned NOT NULL,
  `ticket_name` varchar(255) COLLATE utf8mb4_unicode_ci DEFAULT NULL,
  `capacity` int(10) unsigned DEFAULT NULL,
  `created_at` timestamp NULL DEFAULT NULL,
  `updated_at` timestamp NULL DEFAULT NULL,
  PRIMARY KEY (`id`),
  KEY `event_tickets_event_id_foreign` (`event_id`),
  CONSTRAINT `event_tickets_event_id_foreign` FOREIGN KEY (`event_id`) REFERENCES `events` (`id`)
) ENGINE=InnoDB AUTO_INCREMENT=135 DEFAULT CHARSET=utf8mb4 COLLATE=utf8mb4_unicode_ci;
/*!40101 SET character_set_client = @saved_cs_client */;

--
-- Dumping data for table `event_tickets`
--

LOCK TABLES `event_tickets` WRITE;
/*!40000 ALTER TABLE `event_tickets` DISABLE KEYS */;
INSERT INTO `event_tickets` VALUES (1,1,'Öğrenci',165,'2018-11-06 19:38:24','2018-11-06 19:38:24'),(2,2,'Salon A Blok',117,'2018-11-06 19:38:24','2018-11-06 19:38:24'),(3,2,'Balkon',78,'2018-11-06 19:38:24','2018-11-06 19:38:24'),(4,3,'Salon B Blok',123,'2018-11-06 19:38:24','2018-11-06 19:38:24'),(5,3,'Öğrenci',82,'2018-11-06 19:38:24','2018-11-06 19:38:24'),(6,4,'Sahne Önü',24,'2018-11-06 19:38:24','2018-11-06 19:38:24'),(7,4,'Balkon',16,'2018-11-06 19:38:24','2018-11-06 19:38:24'),(8,5,'Salon B Blok',81,'2018-11-06 19:38:24','2018-11-06 19:38:24'),(9,5,'Salon B Blok',27,'2018-11-06 19:38:24','2018-11-06 19:38:24'),(10,5,'Salon C Blok',27,'2018-11-06 19:38:24','2018-11-06 19:38:24'),(11,6,'Balkon',205,'2018-11-06 19:38:24','2018-11-06 19:38:24'),(12,7,'Salon A Blok',72,'2018-11-06 19:38:24','2018-11-06 19:38:24'),(13,7,'Öğrenci',48,'2018-11-06 19:38:24','2018-11-06 19:38:24'),(14,8,'Salon B Blok',24,'2018-11-06 19:38:24','2018-11-06 19:38:24'),(15,8,'Balkon',16,'2018-11-06 19:38:24','2018-11-06 19:38:24'),(16,9,'Öğrenci',10,'2018-11-06 19:38:24','2018-11-06 19:38:24'),(17,10,'Tam',111,'2018-11-06 19:38:24','2018-11-06 19:38:24'),(18,10,'Tam',37,'2018-11-06 19:38:24','2018-11-06 19:38:24'),(19,10,'Sahne Önü',37,'2018-11-06 19:38:24','2018-11-06 19:38:24'),(20,11,'Salon B Blok',72,'2018-11-06 19:38:24','2018-11-06 19:38:24'),(21,11,'Balkon',48,'2018-11-06 19:38:24','2018-11-06 19:38:24'),(22,12,'Balkon',78,'2018-11-06 19:38:24','2018-11-06 19:38:24'),(23,12,'Salon C Blok',26,'2018-11-06 19:38:24','2018-11-06 19:38:24'),(24,12,'Öğrenci',26,'2018-11-06 19:38:24','2018-11-06 19:38:24'),(25,13,'Salon C Blok',140,'2018-11-06 19:38:24','2018-11-06 19:38:24'),(26,14,'Sahne Önü',60,'2018-11-06 19:38:24','2018-11-06 19:38:24'),(27,15,'Tam',165,'2018-11-06 19:38:24','2018-11-06 19:38:24'),(28,16,'Salon B Blok',235,'2018-11-06 19:38:24','2018-11-06 19:38:24'),(29,17,'Salon A Blok',195,'2018-11-06 19:38:24','2018-11-06 19:38:24'),(30,18,'Salon B Blok',99,'2018-11-06 19:38:24','2018-11-06 19:38:24'),(31,18,'Salon A Blok',33,'2018-11-06 19:38:24','2018-11-06 19:38:24'),(32,18,'Salon A Blok',33,'2018-11-06 19:38:24','2018-11-06 19:38:24'),(33,19,'Salon A Blok',36,'2018-11-06 19:38:24','2018-11-06 19:38:24'),(34,19,'Salon B Blok',12,'2018-11-06 19:38:24','2018-11-06 19:38:24'),(35,19,'Tam',12,'2018-11-06 19:38:24','2018-11-06 19:38:24'),(36,20,'Sahne Önü',205,'2018-11-06 19:38:24','2018-11-06 19:38:24'),(37,21,'Öğrenci',6,'2018-11-06 19:38:24','2018-11-06 19:38:24'),(38,21,'Sahne Önü',2,'2018-11-06 19:38:24','2018-11-06 19:38:24'),(39,21,'Sahne Önü',2,'2018-11-06 19:38:24','2018-11-06 19:38:24'),(40,22,'Salon A Blok',6,'2018-11-06 19:38:24','2018-11-06 19:38:24'),(41,22,'Öğrenci',2,'2018-11-06 19:38:24','2018-11-06 19:38:24'),(42,22,'Salon B Blok',2,'2018-11-06 19:38:24','2018-11-06 19:38:24'),(43,23,'Sahne Önü',108,'2018-11-06 19:38:24','2018-11-06 19:38:24'),(44,23,'Balkon',72,'2018-11-06 19:38:24','2018-11-06 19:38:24'),(45,24,'Salon B Blok',60,'2018-11-06 19:38:24','2018-11-06 19:38:24'),(46,25,'Salon C Blok',205,'2018-11-06 19:38:24','2018-11-06 19:38:24'),(47,26,'Sahne Önü',195,'2018-11-06 19:38:24','2018-11-06 19:38:24'),(48,27,'Öğrenci',78,'2018-11-06 19:38:24','2018-11-06 19:38:24'),(49,27,'Sahne Önü',52,'2018-11-06 19:38:24','2018-11-06 19:38:24'),(50,28,'Salon B Blok',84,'2018-11-06 19:38:24','2018-11-06 19:38:24'),(51,28,'Balkon',28,'2018-11-06 19:38:24','2018-11-06 19:38:24'),(52,28,'Sahne Önü',28,'2018-11-06 19:38:24','2018-11-06 19:38:24'),(53,29,'Salon A Blok',33,'2018-11-06 19:38:24','2018-11-06 19:38:24'),(54,29,'Tam',11,'2018-11-06 19:38:24','2018-11-06 19:38:24'),(55,29,'Salon C Blok',11,'2018-11-06 19:38:24','2018-11-06 19:38:24'),(56,30,'Salon C Blok',135,'2018-11-06 19:38:24','2018-11-06 19:38:24'),(57,31,'Salon A Blok',230,'2018-11-06 19:38:24','2018-11-06 19:38:24'),(58,32,'Öğrenci',111,'2018-11-06 19:38:24','2018-11-06 19:38:24'),(59,32,'Salon C Blok',74,'2018-11-06 19:38:24','2018-11-06 19:38:24'),(60,33,'Sahne Önü',72,'2018-11-06 19:38:24','2018-11-06 19:38:24'),(61,33,'Öğrenci',24,'2018-11-06 19:38:24','2018-11-06 19:38:24'),(62,33,'Salon C Blok',24,'2018-11-06 19:38:24','2018-11-06 19:38:24'),(63,34,'Öğrenci',111,'2018-11-06 19:38:24','2018-11-06 19:38:24'),(64,34,'Öğrenci',37,'2018-11-06 19:38:24','2018-11-06 19:38:24'),(65,34,'Balkon',37,'2018-11-06 19:38:24','2018-11-06 19:38:24'),(66,35,'Balkon',9,'2018-11-06 19:38:24','2018-11-06 19:38:24'),(67,35,'Öğrenci',6,'2018-11-06 19:38:24','2018-11-06 19:38:24'),(68,36,'Tam',96,'2018-11-06 19:38:24','2018-11-06 19:38:24'),(69,36,'Salon C Blok',64,'2018-11-06 19:38:24','2018-11-06 19:38:24'),(70,37,'Salon C Blok',108,'2018-11-06 19:38:24','2018-11-06 19:38:24'),(71,37,'Tam',72,'2018-11-06 19:38:24','2018-11-06 19:38:24'),(72,38,'Balkon',78,'2018-11-06 19:38:24','2018-11-06 19:38:24'),(73,38,'Salon B Blok',52,'2018-11-06 19:38:24','2018-11-06 19:38:24'),(74,39,'Balkon',24,'2018-11-06 19:38:24','2018-11-06 19:38:24'),(75,39,'Sahne Önü',8,'2018-11-06 19:38:24','2018-11-06 19:38:24'),(76,39,'Tam',8,'2018-11-06 19:38:24','2018-11-06 19:38:24'),(77,40,'Sahne Önü',72,'2018-11-06 19:38:24','2018-11-06 19:38:24'),(78,40,'Öğrenci',48,'2018-11-06 19:38:24','2018-11-06 19:38:24'),(79,41,'Sahne Önü',205,'2018-11-06 19:38:24','2018-11-06 19:38:24'),(80,42,'Sahne Önü',111,'2018-11-06 19:38:24','2018-11-06 19:38:24'),(81,42,'Salon A Blok',74,'2018-11-06 19:38:24','2018-11-06 19:38:24'),(82,43,'Tam',81,'2018-11-06 19:38:24','2018-11-06 19:38:24'),(83,43,'Sahne Önü',54,'2018-11-06 19:38:24','2018-11-06 19:38:24'),(84,44,'Sahne Önü',54,'2018-11-06 19:38:24','2018-11-06 19:38:24'),(85,44,'Tam',36,'2018-11-06 19:38:24','2018-11-06 19:38:24'),(86,45,'Balkon',72,'2018-11-06 19:38:24','2018-11-06 19:38:24'),(87,45,'Salon B Blok',48,'2018-11-06 19:38:24','2018-11-06 19:38:24'),(88,46,'Öğrenci',120,'2018-11-06 19:38:24','2018-11-06 19:38:24'),(89,46,'Balkon',80,'2018-11-06 19:38:24','2018-11-06 19:38:24'),(90,47,'Salon A Blok',205,'2018-11-06 19:38:24','2018-11-06 19:38:24'),(91,48,'Öğrenci',165,'2018-11-06 19:38:24','2018-11-06 19:38:24'),(92,49,'Öğrenci',12,'2018-11-06 19:38:24','2018-11-06 19:38:24'),(93,49,'Salon C Blok',8,'2018-11-06 19:38:24','2018-11-06 19:38:24'),(94,50,'Salon A Blok',36,'2018-11-06 19:38:24','2018-11-06 19:38:24'),(95,50,'Salon B Blok',12,'2018-11-06 19:38:24','2018-11-06 19:38:24'),(96,50,'Sahne Önü',12,'2018-11-06 19:38:24','2018-11-06 19:38:24'),(97,51,'Salon B Blok',6,'2018-11-06 19:38:24','2018-11-06 19:38:24'),(98,51,'Balkon',2,'2018-11-06 19:38:24','2018-11-06 19:38:24'),(99,51,'Tam',2,'2018-11-06 19:38:24','2018-11-06 19:38:24'),(100,52,'Salon A Blok',54,'2018-11-06 19:38:24','2018-11-06 19:38:24'),(101,52,'Salon A Blok',36,'2018-11-06 19:38:24','2018-11-06 19:38:24'),(102,53,'Salon A Blok',123,'2018-11-06 19:38:24','2018-11-06 19:38:24'),(103,53,'Salon A Blok',41,'2018-11-06 19:38:24','2018-11-06 19:38:24'),(104,53,'Salon B Blok',41,'2018-11-06 19:38:24','2018-11-06 19:38:24'),(105,54,'Tam',138,'2018-11-06 19:38:24','2018-11-06 19:38:24'),(106,54,'Sahne Önü',46,'2018-11-06 19:38:24','2018-11-06 19:38:24'),(107,54,'Salon A Blok',46,'2018-11-06 19:38:24','2018-11-06 19:38:24'),(108,55,'Balkon',24,'2018-11-06 19:38:24','2018-11-06 19:38:24'),(109,55,'Balkon',8,'2018-11-06 19:38:24','2018-11-06 19:38:24'),(110,55,'Tam',8,'2018-11-06 19:38:24','2018-11-06 19:38:24'),(111,56,'Tam',165,'2018-11-06 19:38:24','2018-11-06 19:38:24'),(112,57,'Tam',24,'2018-11-06 19:38:24','2018-11-06 19:38:24'),(113,57,'Balkon',16,'2018-11-06 19:38:24','2018-11-06 19:38:24'),(114,58,'Öğrenci',123,'2018-11-06 19:38:24','2018-11-06 19:38:24'),(115,58,'Tam',41,'2018-11-06 19:38:24','2018-11-06 19:38:24'),(116,58,'Öğrenci',41,'2018-11-06 19:38:24','2018-11-06 19:38:24'),(117,59,'Öğrenci',81,'2018-11-06 19:38:24','2018-11-06 19:38:24'),(118,59,'Tam',27,'2018-11-06 19:38:24','2018-11-06 19:38:24'),(119,59,'Salon C Blok',27,'2018-11-06 19:38:24','2018-11-06 19:38:24'),(120,60,'Salon B Blok',144,'2018-11-06 19:38:24','2018-11-06 19:38:24'),(121,60,'Salon A Blok',96,'2018-11-06 19:38:24','2018-11-06 19:38:24'),(122,61,'Tam',6,'2018-11-06 19:38:24','2018-11-06 19:38:24'),(123,61,'Tam',2,'2018-11-06 19:38:24','2018-11-06 19:38:24'),(124,61,'Salon B Blok',2,'2018-11-06 19:38:24','2018-11-06 19:38:24'),(125,62,'Salon A Blok',27,'2018-11-06 19:38:24','2018-11-06 19:38:24'),(126,62,'Sahne Önü',18,'2018-11-06 19:38:24','2018-11-06 19:38:24'),(127,63,'Sahne Önü',33,'2018-11-06 19:38:24','2018-11-06 19:38:24'),(128,63,'Sahne Önü',22,'2018-11-06 19:38:25','2018-11-06 19:38:25'),(129,64,'Sahne Önü',78,'2018-11-06 19:38:25','2018-11-06 19:38:25'),(130,64,'Öğrenci',26,'2018-11-06 19:38:25','2018-11-06 19:38:25'),(131,64,'Salon B Blok',26,'2018-11-06 19:38:25','2018-11-06 19:38:25'),(132,65,'Salon C Blok',115,'2018-11-06 19:38:25','2018-11-06 19:38:25'),(133,66,'Tam',36,'2018-11-06 19:38:25','2018-11-06 19:38:25'),(134,66,'Salon B Blok',24,'2018-11-06 19:38:25','2018-11-06 19:38:25');
/*!40000 ALTER TABLE `event_tickets` ENABLE KEYS */;
UNLOCK TABLES;

--
-- Table structure for table `event_types`
--

DROP TABLE IF EXISTS `event_types`;
/*!40101 SET @saved_cs_client     = @@character_set_client */;
/*!40101 SET character_set_client = utf8 */;
CREATE TABLE `event_types` (
  `id` int(10) unsigned NOT NULL AUTO_INCREMENT,
  `event_type` varchar(255) COLLATE utf8mb4_unicode_ci DEFAULT NULL,
  `created_at` timestamp NULL DEFAULT NULL,
  `updated_at` timestamp NULL DEFAULT NULL,
  PRIMARY KEY (`id`)
) ENGINE=InnoDB AUTO_INCREMENT=5 DEFAULT CHARSET=utf8mb4 COLLATE=utf8mb4_unicode_ci;
/*!40101 SET character_set_client = @saved_cs_client */;

--
-- Dumping data for table `event_types`
--

LOCK TABLES `event_types` WRITE;
/*!40000 ALTER TABLE `event_types` DISABLE KEYS */;
INSERT INTO `event_types` VALUES (1,'concert','2018-11-06 19:38:23','2018-11-06 19:38:23'),(2,'theatre','2018-11-06 19:38:23','2018-11-06 19:38:23'),(3,'movie','2018-11-06 19:38:23','2018-11-06 19:38:23'),(4,'dance','2018-11-06 19:38:23','2018-11-06 19:38:23');
/*!40000 ALTER TABLE `event_types` ENABLE KEYS */;
UNLOCK TABLES;

--
-- Table structure for table `events`
--

DROP TABLE IF EXISTS `events`;
/*!40101 SET @saved_cs_client     = @@character_set_client */;
/*!40101 SET character_set_client = utf8 */;
CREATE TABLE `events` (
  `id` int(10) unsigned NOT NULL AUTO_INCREMENT,
  `event_type_id` int(10) unsigned NOT NULL,
  `venue_hall_id` int(10) unsigned NOT NULL,
  `event_name` varchar(255) COLLATE utf8mb4_unicode_ci DEFAULT NULL,
  `event_date` datetime DEFAULT NULL,
  `duration_in_minutes` smallint(5) unsigned DEFAULT NULL,
  `created_at` timestamp NULL DEFAULT NULL,
  `updated_at` timestamp NULL DEFAULT NULL,
  PRIMARY KEY (`id`),
  KEY `events_event_type_id_foreign` (`event_type_id`),
  KEY `events_venue_hall_id_foreign` (`venue_hall_id`),
  CONSTRAINT `events_event_type_id_foreign` FOREIGN KEY (`event_type_id`) REFERENCES `event_types` (`id`),
  CONSTRAINT `events_venue_hall_id_foreign` FOREIGN KEY (`venue_hall_id`) REFERENCES `venue_halls` (`id`)
) ENGINE=InnoDB AUTO_INCREMENT=67 DEFAULT CHARSET=utf8mb4 COLLATE=utf8mb4_unicode_ci;
/*!40101 SET character_set_client = @saved_cs_client */;

--
-- Dumping data for table `events`
--

LOCK TABLES `events` WRITE;
/*!40000 ALTER TABLE `events` DISABLE KEYS */;
INSERT INTO `events` VALUES (1,1,7,'Ağaçkakan','2018-11-15 19:00:00',180,'2018-11-06 19:38:23','2018-11-06 19:38:23'),(2,1,13,'Sons of Kemet','2018-11-13 22:00:00',90,'2018-11-06 19:38:23','2018-11-06 19:38:23'),(3,1,9,'Islandman','2018-11-01 22:00:00',60,'2018-11-06 19:38:23','2018-11-06 19:38:23'),(4,1,6,'Wooden Shjips','2018-11-02 19:00:00',150,'2018-11-06 19:38:23','2018-11-06 19:38:23'),(5,1,15,'Tsar B','2018-11-20 20:00:00',60,'2018-11-06 19:38:23','2018-11-06 19:38:23'),(6,1,9,'Ought','2018-11-13 21:00:00',180,'2018-11-06 19:38:23','2018-11-06 19:38:23'),(7,1,25,'Pantha Du Prince','2018-11-10 19:00:00',180,'2018-11-06 19:38:23','2018-11-06 19:38:23'),(8,1,6,'Nekropsi','2018-11-07 20:00:00',180,'2018-11-06 19:38:23','2018-11-06 19:38:23'),(9,1,5,'Algiers','2018-11-11 22:00:00',90,'2018-11-06 19:38:23','2018-11-06 19:38:23'),(10,1,40,'Nouvelle Vague','2018-11-19 20:00:00',90,'2018-11-06 19:38:23','2018-11-06 19:38:23'),(11,1,12,'Can Kazaz','2018-11-14 21:00:00',150,'2018-11-06 19:38:23','2018-11-06 19:38:23'),(12,1,39,'Joan Osborne Sings The Songs of Bob Dylan','2018-11-09 19:00:00',150,'2018-11-06 19:38:23','2018-11-06 19:38:23'),(13,1,8,'Gözyaşı Çetesi \"Karar\" Albüm Lansman Konseri','2018-11-06 22:00:00',90,'2018-11-06 19:38:23','2018-11-06 19:38:23'),(14,1,27,'Garanti Caz Yeşili: Lera Lynn','2018-11-07 20:00:00',90,'2018-11-06 19:38:23','2018-11-06 19:38:23'),(15,1,7,'Birsen Tezer','2018-11-13 19:00:00',180,'2018-11-06 19:38:23','2018-11-06 19:38:23'),(16,1,23,'Kurt Cobain Doğumgünü Kutlaması: Nirvana Tribute Band','2018-11-03 20:00:00',120,'2018-11-06 19:38:23','2018-11-06 19:38:23'),(17,1,1,'Halloween Party No:2','2018-10-30 20:00:00',180,'2018-11-06 19:38:23','2018-11-06 19:38:23'),(18,1,3,'Sedef Sebüktekin + Can Ozan','2018-11-18 21:00:00',150,'2018-11-06 19:38:23','2018-11-06 19:38:23'),(19,1,24,'KAM','2018-11-12 22:00:00',180,'2018-11-06 19:38:23','2018-11-06 19:38:23'),(20,1,9,'Burası Kadıköy: Cenk Taner / Kaan Altan / Murat Ercan','2018-11-14 19:00:00',60,'2018-11-06 19:38:23','2018-11-06 19:38:23'),(21,2,46,'Metot','2018-11-18 19:00:00',90,'2018-11-06 19:38:24','2018-11-06 19:38:24'),(22,2,46,'İstila!','2018-11-07 19:00:00',180,'2018-11-06 19:38:24','2018-11-06 19:38:24'),(23,2,36,'Bir Delinin Hatıra Defteri','2018-11-05 22:00:00',90,'2018-11-06 19:38:24','2018-11-06 19:38:24'),(24,2,4,'Pencere','2018-10-30 19:00:00',180,'2018-11-06 19:38:24','2018-11-06 19:38:24'),(25,2,56,'Kral Lear','2018-11-17 19:00:00',120,'2018-11-06 19:38:24','2018-11-06 19:38:24'),(26,2,13,'Kibarlık Budalası','2018-11-09 20:00:00',120,'2018-11-06 19:38:24','2018-11-06 19:38:24'),(27,2,39,'Ölün Bizi Ayırana Dek','2018-11-08 19:00:00',150,'2018-11-06 19:38:24','2018-11-06 19:38:24'),(28,2,8,'Leenane\'in Güzellik Kraliçesi','2018-11-11 20:00:00',180,'2018-11-06 19:38:24','2018-11-06 19:38:24'),(29,2,45,'He-Go','2018-11-16 20:00:00',150,'2018-11-06 19:38:24','2018-11-06 19:38:24'),(30,2,15,'Killology','2018-11-02 21:00:00',120,'2018-11-06 19:38:24','2018-11-06 19:38:24'),(31,2,10,'Nihayet Makamı','2018-11-11 21:00:00',60,'2018-11-06 19:38:24','2018-11-06 19:38:24'),(32,2,11,'Ne Evet Ne Hayır','2018-10-31 22:00:00',150,'2018-11-06 19:38:24','2018-11-06 19:38:24'),(33,2,25,'Bütün Çılgınlar Sever Beni','2018-11-14 22:00:00',120,'2018-11-06 19:38:24','2018-11-06 19:38:24'),(34,2,11,'Kundakçı','2018-11-07 22:00:00',60,'2018-11-06 19:38:24','2018-11-06 19:38:24'),(35,2,19,'Ben Frida Kahlo','2018-11-13 20:00:00',120,'2018-11-06 19:38:24','2018-11-06 19:38:24'),(36,2,47,'Bir Kadın Uyanıyor','2018-11-19 21:00:00',60,'2018-11-06 19:38:24','2018-11-06 19:38:24'),(37,2,17,'Düşen Kimse','2018-11-14 19:00:00',60,'2018-11-06 19:38:24','2018-11-06 19:38:24'),(38,2,39,'Küskün Yüreklerin Türküsü','2018-11-01 21:00:00',60,'2018-11-06 19:38:24','2018-11-06 19:38:24'),(39,2,49,'Kuzu Maydanoz\'un Maceraları','2018-11-09 22:00:00',180,'2018-11-06 19:38:24','2018-11-06 19:38:24'),(40,2,25,'Karabahtlı Kardeşlerin Bitmeyen Şen Gösterisi','2018-11-13 19:00:00',120,'2018-11-06 19:38:24','2018-11-06 19:38:24'),(41,3,26,'Bohemian Rapsody','2018-11-17 22:00:00',60,'2018-11-06 19:38:24','2018-11-06 19:38:24'),(42,3,40,'Fındıkkıran ve Dört Diyar','2018-11-16 19:00:00',180,'2018-11-06 19:38:24','2018-11-06 19:38:24'),(43,3,15,'Climax','2018-11-19 21:00:00',60,'2018-11-06 19:38:24','2018-11-06 19:38:24'),(44,3,42,'Tutsak','2018-11-20 19:00:00',60,'2018-11-06 19:38:24','2018-11-06 19:38:24'),(45,3,25,'İyi Oyun','2018-11-18 22:00:00',90,'2018-11-06 19:38:24','2018-11-06 19:38:24'),(46,3,55,'Ecinni','2018-11-11 21:00:00',150,'2018-11-06 19:38:24','2018-11-06 19:38:24'),(47,3,56,'Dünya Hali','2018-11-19 20:00:00',150,'2018-11-06 19:38:24','2018-11-06 19:38:24'),(48,3,7,'Müslüm','2018-11-20 19:00:00',180,'2018-11-06 19:38:24','2018-11-06 19:38:24'),(49,3,21,'Cadılar Bayramı','2018-11-06 22:00:00',60,'2018-11-06 19:38:24','2018-11-06 19:38:24'),(50,3,27,'Napoli\'nın Sırrı','2018-11-12 20:00:00',90,'2018-11-06 19:38:24','2018-11-06 19:38:24'),(51,3,46,'Müze','2018-11-06 21:00:00',120,'2018-11-06 19:38:24','2018-11-06 19:38:24'),(52,3,42,'Çirkin Kral Efsanesi','2018-10-30 20:00:00',90,'2018-11-06 19:38:24','2018-11-06 19:38:24'),(53,3,56,'Bir Yıldız Doğuyor','2018-11-11 21:00:00',90,'2018-11-06 19:38:24','2018-11-06 19:38:24'),(54,3,10,'Ay\'da İlk İnsan','2018-11-05 19:00:00',90,'2018-11-06 19:38:24','2018-11-06 19:38:24'),(55,3,6,'Anaokulu Öğretmeni','2018-11-18 22:00:00',180,'2018-11-06 19:38:24','2018-11-06 19:38:24'),(56,3,44,'El Ummar','2018-11-10 22:00:00',180,'2018-11-06 19:38:24','2018-11-06 19:38:24'),(57,3,37,'Uzun Kabus','2018-11-05 22:00:00',150,'2018-11-06 19:38:24','2018-11-06 19:38:24'),(58,3,26,'Venom: Zehirli Öfke','2018-11-14 21:00:00',150,'2018-11-06 19:38:24','2018-11-06 19:38:24'),(59,3,14,'Dokunma Bana','2018-11-11 22:00:00',90,'2018-11-06 19:38:24','2018-11-06 19:38:24'),(60,3,38,'Aydede','2018-11-12 22:00:00',60,'2018-11-06 19:38:24','2018-11-06 19:38:24'),(61,4,5,'Hocapaşa Mevlevileri - Sema Ayini','2018-10-31 19:00:00',90,'2018-11-06 19:38:24','2018-11-06 19:38:24'),(62,4,20,'Dansın Ritmi','2018-11-01 21:00:00',120,'2018-11-06 19:38:24','2018-11-06 19:38:24'),(63,4,45,'Celui Qui Tombe-Düşen Kimse','2018-11-05 21:00:00',60,'2018-11-06 19:38:24','2018-11-06 19:38:24'),(64,4,53,'Mercan Selçuk Dans Topluluğu - Bizim Hikayemiz','2018-11-09 19:00:00',180,'2018-11-06 19:38:24','2018-11-06 19:38:24'),(65,4,30,'Anadolu Ateşi','2018-10-31 20:00:00',90,'2018-11-06 19:38:24','2018-11-06 19:38:24'),(66,4,27,'Jerez Origen feat. Beatriz Morales','2018-11-13 22:00:00',90,'2018-11-06 19:38:24','2018-11-06 19:38:24');
/*!40000 ALTER TABLE `events` ENABLE KEYS */;
UNLOCK TABLES;

--
-- Table structure for table `migrations`
--

DROP TABLE IF EXISTS `migrations`;
/*!40101 SET @saved_cs_client     = @@character_set_client */;
/*!40101 SET character_set_client = utf8 */;
CREATE TABLE `migrations` (
  `id` int(10) unsigned NOT NULL AUTO_INCREMENT,
  `migration` varchar(255) COLLATE utf8mb4_unicode_ci NOT NULL,
  `batch` int(11) NOT NULL,
  PRIMARY KEY (`id`)
) ENGINE=InnoDB AUTO_INCREMENT=23 DEFAULT CHARSET=utf8mb4 COLLATE=utf8mb4_unicode_ci;
/*!40101 SET character_set_client = @saved_cs_client */;

--
-- Dumping data for table `migrations`
--

LOCK TABLES `migrations` WRITE;
/*!40000 ALTER TABLE `migrations` DISABLE KEYS */;
INSERT INTO `migrations` VALUES (16,'2018_11_01_181138_create_users_table',1),(17,'2018_11_02_124505_create_event_types_table',1),(18,'2018_11_03_121938_create_venues_table',1),(19,'2018_11_03_122415_create_venue_halls_table',1),(20,'2018_11_03_122416_create_events_table',1),(21,'2018_11_03_123220_create_event_tickets_table',1),(22,'2018_11_03_123559_create_ticket_orders_table',1);
/*!40000 ALTER TABLE `migrations` ENABLE KEYS */;
UNLOCK TABLES;

--
-- Table structure for table `ticket_orders`
--

DROP TABLE IF EXISTS `ticket_orders`;
/*!40101 SET @saved_cs_client     = @@character_set_client */;
/*!40101 SET character_set_client = utf8 */;
CREATE TABLE `ticket_orders` (
  `id` int(10) unsigned NOT NULL AUTO_INCREMENT,
  `event_ticket_id` int(10) unsigned NOT NULL,
  `user_id` int(10) unsigned NOT NULL,
  `created_at` timestamp NULL DEFAULT NULL,
  `updated_at` timestamp NULL DEFAULT NULL,
  PRIMARY KEY (`id`),
  KEY `ticket_orders_event_ticket_id_foreign` (`event_ticket_id`),
  KEY `ticket_orders_user_id_foreign` (`user_id`),
  CONSTRAINT `ticket_orders_event_ticket_id_foreign` FOREIGN KEY (`event_ticket_id`) REFERENCES `event_tickets` (`id`),
  CONSTRAINT `ticket_orders_user_id_foreign` FOREIGN KEY (`user_id`) REFERENCES `users` (`id`)
) ENGINE=InnoDB AUTO_INCREMENT=3538 DEFAULT CHARSET=utf8mb4 COLLATE=utf8mb4_unicode_ci;
/*!40101 SET character_set_client = @saved_cs_client */;

--
-- Dumping data for table `ticket_orders`
--

LOCK TABLES `ticket_orders` WRITE;
/*!40000 ALTER TABLE `ticket_orders` DISABLE KEYS */;
INSERT INTO `ticket_orders` VALUES (1,1,40,'2018-11-06 19:38:25','2018-11-06 19:38:25'),(2,1,44,'2018-11-06 19:38:25','2018-11-06 19:38:25'),(3,1,19,'2018-11-06 19:38:25','2018-11-06 19:38:25'),(4,1,22,'2018-11-06 19:38:25','2018-11-06 19:38:25'),(5,1,43,'2018-11-06 19:38:25','2018-11-06 19:38:25'),(6,1,9,'2018-11-06 19:38:25','2018-11-06 19:38:25'),(7,1,3,'2018-11-06 19:38:25','2018-11-06 19:38:25'),(8,1,33,'2018-11-06 19:38:25','2018-11-06 19:38:25'),(9,1,1,'2018-11-06 19:38:25','2018-11-06 19:38:25'),(10,1,45,'2018-11-06 19:38:25','2018-11-06 19:38:25'),(11,1,39,'2018-11-06 19:38:25','2018-11-06 19:38:25'),(12,1,24,'2018-11-06 19:38:25','2018-11-06 19:38:25'),(13,1,30,'2018-11-06 19:38:25','2018-11-06 19:38:25'),(14,1,42,'2018-11-06 19:38:25','2018-11-06 19:38:25'),(15,1,32,'2018-11-06 19:38:25','2018-11-06 19:38:25'),(16,1,21,'2018-11-06 19:38:25','2018-11-06 19:38:25'),(17,1,16,'2018-11-06 19:38:25','2018-11-06 19:38:25'),(18,1,4,'2018-11-06 19:38:25','2018-11-06 19:38:25'),(19,1,36,'2018-11-06 19:38:25','2018-11-06 19:38:25'),(20,1,4,'2018-11-06 19:38:25','2018-11-06 19:38:25'),(21,1,27,'2018-11-06 19:38:25','2018-11-06 19:38:25'),(22,1,30,'2018-11-06 19:38:25','2018-11-06 19:38:25'),(23,1,1,'2018-11-06 19:38:25','2018-11-06 19:38:25'),(24,1,6,'2018-11-06 19:38:25','2018-11-06 19:38:25'),(25,1,38,'2018-11-06 19:38:25','2018-11-06 19:38:25'),(26,1,24,'2018-11-06 19:38:25','2018-11-06 19:38:25'),(27,1,46,'2018-11-06 19:38:25','2018-11-06 19:38:25'),(28,1,8,'2018-11-06 19:38:25','2018-11-06 19:38:25'),(29,1,24,'2018-11-06 19:38:25','2018-11-06 19:38:25'),(30,1,30,'2018-11-06 19:38:25','2018-11-06 19:38:25'),(31,1,4,'2018-11-06 19:38:25','2018-11-06 19:38:25'),(32,1,19,'2018-11-06 19:38:25','2018-11-06 19:38:25'),(33,1,35,'2018-11-06 19:38:25','2018-11-06 19:38:25'),(34,1,5,'2018-11-06 19:38:25','2018-11-06 19:38:25'),(35,1,48,'2018-11-06 19:38:25','2018-11-06 19:38:25'),(36,1,47,'2018-11-06 19:38:25','2018-11-06 19:38:25'),(37,1,22,'2018-11-06 19:38:25','2018-11-06 19:38:25'),(38,1,48,'2018-11-06 19:38:25','2018-11-06 19:38:25'),(39,1,27,'2018-11-06 19:38:25','2018-11-06 19:38:25'),(40,1,37,'2018-11-06 19:38:25','2018-11-06 19:38:25'),(41,1,37,'2018-11-06 19:38:25','2018-11-06 19:38:25'),(42,1,47,'2018-11-06 19:38:25','2018-11-06 19:38:25'),(43,1,30,'2018-11-06 19:38:25','2018-11-06 19:38:25'),(44,1,29,'2018-11-06 19:38:25','2018-11-06 19:38:25'),(45,1,8,'2018-11-06 19:38:25','2018-11-06 19:38:25'),(46,1,34,'2018-11-06 19:38:25','2018-11-06 19:38:25'),(47,1,1,'2018-11-06 19:38:25','2018-11-06 19:38:25'),(48,1,34,'2018-11-06 19:38:25','2018-11-06 19:38:25'),(49,1,47,'2018-11-06 19:38:25','2018-11-06 19:38:25'),(50,1,13,'2018-11-06 19:38:25','2018-11-06 19:38:25'),(51,1,38,'2018-11-06 19:38:25','2018-11-06 19:38:25'),(52,1,30,'2018-11-06 19:38:25','2018-11-06 19:38:25'),(53,2,28,'2018-11-06 19:38:25','2018-11-06 19:38:25'),(54,2,2,'2018-11-06 19:38:25','2018-11-06 19:38:25'),(55,2,40,'2018-11-06 19:38:25','2018-11-06 19:38:25'),(56,2,12,'2018-11-06 19:38:25','2018-11-06 19:38:25'),(57,2,29,'2018-11-06 19:38:25','2018-11-06 19:38:25'),(58,2,8,'2018-11-06 19:38:25','2018-11-06 19:38:25'),(59,2,24,'2018-11-06 19:38:25','2018-11-06 19:38:25'),(60,2,49,'2018-11-06 19:38:25','2018-11-06 19:38:25'),(61,2,33,'2018-11-06 19:38:25','2018-11-06 19:38:25'),(62,2,3,'2018-11-06 19:38:25','2018-11-06 19:38:25'),(63,2,28,'2018-11-06 19:38:25','2018-11-06 19:38:25'),(64,2,44,'2018-11-06 19:38:25','2018-11-06 19:38:25'),(65,2,44,'2018-11-06 19:38:25','2018-11-06 19:38:25'),(66,2,21,'2018-11-06 19:38:25','2018-11-06 19:38:25'),(67,2,49,'2018-11-06 19:38:25','2018-11-06 19:38:25'),(68,2,45,'2018-11-06 19:38:25','2018-11-06 19:38:25'),(69,2,40,'2018-11-06 19:38:25','2018-11-06 19:38:25'),(70,2,12,'2018-11-06 19:38:25','2018-11-06 19:38:25'),(71,2,23,'2018-11-06 19:38:25','2018-11-06 19:38:25'),(72,2,4,'2018-11-06 19:38:25','2018-11-06 19:38:25'),(73,2,16,'2018-11-06 19:38:25','2018-11-06 19:38:25'),(74,2,22,'2018-11-06 19:38:25','2018-11-06 19:38:25'),(75,2,34,'2018-11-06 19:38:25','2018-11-06 19:38:25'),(76,2,39,'2018-11-06 19:38:25','2018-11-06 19:38:25'),(77,2,46,'2018-11-06 19:38:25','2018-11-06 19:38:25'),(78,2,45,'2018-11-06 19:38:25','2018-11-06 19:38:25'),(79,2,30,'2018-11-06 19:38:25','2018-11-06 19:38:25'),(80,2,28,'2018-11-06 19:38:25','2018-11-06 19:38:25'),(81,2,37,'2018-11-06 19:38:25','2018-11-06 19:38:25'),(82,2,27,'2018-11-06 19:38:25','2018-11-06 19:38:25'),(83,2,20,'2018-11-06 19:38:25','2018-11-06 19:38:25'),(84,2,18,'2018-11-06 19:38:25','2018-11-06 19:38:25'),(85,2,11,'2018-11-06 19:38:25','2018-11-06 19:38:25'),(86,2,24,'2018-11-06 19:38:25','2018-11-06 19:38:25'),(87,2,28,'2018-11-06 19:38:25','2018-11-06 19:38:25'),(88,2,34,'2018-11-06 19:38:25','2018-11-06 19:38:25'),(89,2,30,'2018-11-06 19:38:25','2018-11-06 19:38:25'),(90,2,21,'2018-11-06 19:38:25','2018-11-06 19:38:25'),(91,2,26,'2018-11-06 19:38:25','2018-11-06 19:38:25'),(92,2,41,'2018-11-06 19:38:25','2018-11-06 19:38:25'),(93,2,10,'2018-11-06 19:38:25','2018-11-06 19:38:25'),(94,2,40,'2018-11-06 19:38:25','2018-11-06 19:38:25'),(95,2,11,'2018-11-06 19:38:25','2018-11-06 19:38:25'),(96,2,48,'2018-11-06 19:38:25','2018-11-06 19:38:25'),(97,2,49,'2018-11-06 19:38:25','2018-11-06 19:38:25'),(98,2,11,'2018-11-06 19:38:25','2018-11-06 19:38:25'),(99,2,13,'2018-11-06 19:38:25','2018-11-06 19:38:25'),(100,2,22,'2018-11-06 19:38:25','2018-11-06 19:38:25'),(101,2,39,'2018-11-06 19:38:25','2018-11-06 19:38:25'),(102,2,45,'2018-11-06 19:38:25','2018-11-06 19:38:25'),(103,3,20,'2018-11-06 19:38:25','2018-11-06 19:38:25'),(104,3,8,'2018-11-06 19:38:25','2018-11-06 19:38:25'),(105,3,46,'2018-11-06 19:38:25','2018-11-06 19:38:25'),(106,3,11,'2018-11-06 19:38:25','2018-11-06 19:38:25'),(107,3,38,'2018-11-06 19:38:25','2018-11-06 19:38:25'),(108,3,38,'2018-11-06 19:38:25','2018-11-06 19:38:25'),(109,3,32,'2018-11-06 19:38:25','2018-11-06 19:38:25'),(110,3,31,'2018-11-06 19:38:25','2018-11-06 19:38:25'),(111,4,6,'2018-11-06 19:38:25','2018-11-06 19:38:25'),(112,4,13,'2018-11-06 19:38:25','2018-11-06 19:38:25'),(113,4,49,'2018-11-06 19:38:25','2018-11-06 19:38:25'),(114,4,3,'2018-11-06 19:38:25','2018-11-06 19:38:25'),(115,4,40,'2018-11-06 19:38:25','2018-11-06 19:38:25'),(116,4,11,'2018-11-06 19:38:25','2018-11-06 19:38:25'),(117,4,32,'2018-11-06 19:38:25','2018-11-06 19:38:25'),(118,4,43,'2018-11-06 19:38:25','2018-11-06 19:38:25'),(119,4,35,'2018-11-06 19:38:25','2018-11-06 19:38:25'),(120,4,49,'2018-11-06 19:38:25','2018-11-06 19:38:25'),(121,4,24,'2018-11-06 19:38:25','2018-11-06 19:38:25'),(122,4,31,'2018-11-06 19:38:25','2018-11-06 19:38:25'),(123,4,42,'2018-11-06 19:38:25','2018-11-06 19:38:25'),(124,4,5,'2018-11-06 19:38:25','2018-11-06 19:38:25'),(125,4,8,'2018-11-06 19:38:25','2018-11-06 19:38:25'),(126,4,43,'2018-11-06 19:38:25','2018-11-06 19:38:25'),(127,4,15,'2018-11-06 19:38:25','2018-11-06 19:38:25'),(128,4,15,'2018-11-06 19:38:25','2018-11-06 19:38:25'),(129,4,32,'2018-11-06 19:38:25','2018-11-06 19:38:25'),(130,4,50,'2018-11-06 19:38:25','2018-11-06 19:38:25'),(131,4,46,'2018-11-06 19:38:25','2018-11-06 19:38:25'),(132,4,17,'2018-11-06 19:38:25','2018-11-06 19:38:25'),(133,4,39,'2018-11-06 19:38:25','2018-11-06 19:38:25'),(134,4,7,'2018-11-06 19:38:25','2018-11-06 19:38:25'),(135,4,27,'2018-11-06 19:38:25','2018-11-06 19:38:25'),(136,4,49,'2018-11-06 19:38:25','2018-11-06 19:38:25'),(137,4,31,'2018-11-06 19:38:25','2018-11-06 19:38:25'),(138,4,1,'2018-11-06 19:38:25','2018-11-06 19:38:25'),(139,4,9,'2018-11-06 19:38:25','2018-11-06 19:38:25'),(140,4,1,'2018-11-06 19:38:25','2018-11-06 19:38:25'),(141,4,7,'2018-11-06 19:38:25','2018-11-06 19:38:25'),(142,4,32,'2018-11-06 19:38:25','2018-11-06 19:38:25'),(143,4,11,'2018-11-06 19:38:25','2018-11-06 19:38:25'),(144,4,39,'2018-11-06 19:38:25','2018-11-06 19:38:25'),(145,4,12,'2018-11-06 19:38:25','2018-11-06 19:38:25'),(146,4,1,'2018-11-06 19:38:25','2018-11-06 19:38:25'),(147,4,34,'2018-11-06 19:38:25','2018-11-06 19:38:25'),(148,4,46,'2018-11-06 19:38:25','2018-11-06 19:38:25'),(149,4,47,'2018-11-06 19:38:25','2018-11-06 19:38:25'),(150,4,34,'2018-11-06 19:38:25','2018-11-06 19:38:25'),(151,4,22,'2018-11-06 19:38:25','2018-11-06 19:38:25'),(152,4,43,'2018-11-06 19:38:25','2018-11-06 19:38:25'),(153,4,8,'2018-11-06 19:38:25','2018-11-06 19:38:25'),(154,4,2,'2018-11-06 19:38:25','2018-11-06 19:38:25'),(155,4,36,'2018-11-06 19:38:25','2018-11-06 19:38:25'),(156,4,8,'2018-11-06 19:38:25','2018-11-06 19:38:25'),(157,4,46,'2018-11-06 19:38:25','2018-11-06 19:38:25'),(158,4,4,'2018-11-06 19:38:25','2018-11-06 19:38:25'),(159,4,32,'2018-11-06 19:38:25','2018-11-06 19:38:25'),(160,4,1,'2018-11-06 19:38:25','2018-11-06 19:38:25'),(161,4,49,'2018-11-06 19:38:25','2018-11-06 19:38:25'),(162,4,34,'2018-11-06 19:38:25','2018-11-06 19:38:25'),(163,4,1,'2018-11-06 19:38:25','2018-11-06 19:38:25'),(164,4,22,'2018-11-06 19:38:25','2018-11-06 19:38:25'),(165,4,28,'2018-11-06 19:38:25','2018-11-06 19:38:25'),(166,4,26,'2018-11-06 19:38:25','2018-11-06 19:38:25'),(167,4,28,'2018-11-06 19:38:25','2018-11-06 19:38:25'),(168,4,42,'2018-11-06 19:38:25','2018-11-06 19:38:25'),(169,4,35,'2018-11-06 19:38:25','2018-11-06 19:38:25'),(170,4,20,'2018-11-06 19:38:25','2018-11-06 19:38:25'),(171,4,49,'2018-11-06 19:38:25','2018-11-06 19:38:25'),(172,4,1,'2018-11-06 19:38:25','2018-11-06 19:38:25'),(173,4,31,'2018-11-06 19:38:25','2018-11-06 19:38:25'),(174,4,27,'2018-11-06 19:38:25','2018-11-06 19:38:25'),(175,4,35,'2018-11-06 19:38:25','2018-11-06 19:38:25'),(176,4,43,'2018-11-06 19:38:25','2018-11-06 19:38:25'),(177,4,45,'2018-11-06 19:38:25','2018-11-06 19:38:25'),(178,4,19,'2018-11-06 19:38:26','2018-11-06 19:38:26'),(179,4,47,'2018-11-06 19:38:26','2018-11-06 19:38:26'),(180,4,18,'2018-11-06 19:38:26','2018-11-06 19:38:26'),(181,4,18,'2018-11-06 19:38:26','2018-11-06 19:38:26'),(182,4,2,'2018-11-06 19:38:26','2018-11-06 19:38:26'),(183,4,39,'2018-11-06 19:38:26','2018-11-06 19:38:26'),(184,4,49,'2018-11-06 19:38:26','2018-11-06 19:38:26'),(185,4,17,'2018-11-06 19:38:26','2018-11-06 19:38:26'),(186,4,4,'2018-11-06 19:38:26','2018-11-06 19:38:26'),(187,4,8,'2018-11-06 19:38:26','2018-11-06 19:38:26'),(188,4,35,'2018-11-06 19:38:26','2018-11-06 19:38:26'),(189,4,29,'2018-11-06 19:38:26','2018-11-06 19:38:26'),(190,4,44,'2018-11-06 19:38:26','2018-11-06 19:38:26'),(191,4,31,'2018-11-06 19:38:26','2018-11-06 19:38:26'),(192,4,41,'2018-11-06 19:38:26','2018-11-06 19:38:26'),(193,4,28,'2018-11-06 19:38:26','2018-11-06 19:38:26'),(194,4,34,'2018-11-06 19:38:26','2018-11-06 19:38:26'),(195,4,34,'2018-11-06 19:38:26','2018-11-06 19:38:26'),(196,4,3,'2018-11-06 19:38:26','2018-11-06 19:38:26'),(197,4,15,'2018-11-06 19:38:26','2018-11-06 19:38:26'),(198,4,48,'2018-11-06 19:38:26','2018-11-06 19:38:26'),(199,4,41,'2018-11-06 19:38:26','2018-11-06 19:38:26'),(200,4,17,'2018-11-06 19:38:26','2018-11-06 19:38:26'),(201,4,32,'2018-11-06 19:38:26','2018-11-06 19:38:26'),(202,4,21,'2018-11-06 19:38:26','2018-11-06 19:38:26'),(203,4,6,'2018-11-06 19:38:26','2018-11-06 19:38:26'),(204,4,41,'2018-11-06 19:38:26','2018-11-06 19:38:26'),(205,4,5,'2018-11-06 19:38:26','2018-11-06 19:38:26'),(206,4,2,'2018-11-06 19:38:26','2018-11-06 19:38:26'),(207,4,14,'2018-11-06 19:38:26','2018-11-06 19:38:26'),(208,4,37,'2018-11-06 19:38:26','2018-11-06 19:38:26'),(209,4,8,'2018-11-06 19:38:26','2018-11-06 19:38:26'),(210,4,11,'2018-11-06 19:38:26','2018-11-06 19:38:26'),(211,4,21,'2018-11-06 19:38:26','2018-11-06 19:38:26'),(212,4,31,'2018-11-06 19:38:26','2018-11-06 19:38:26'),(213,4,34,'2018-11-06 19:38:26','2018-11-06 19:38:26'),(214,4,16,'2018-11-06 19:38:26','2018-11-06 19:38:26'),(215,4,45,'2018-11-06 19:38:26','2018-11-06 19:38:26'),(216,4,26,'2018-11-06 19:38:26','2018-11-06 19:38:26'),(217,4,44,'2018-11-06 19:38:26','2018-11-06 19:38:26'),(218,4,12,'2018-11-06 19:38:26','2018-11-06 19:38:26'),(219,4,45,'2018-11-06 19:38:26','2018-11-06 19:38:26'),(220,4,24,'2018-11-06 19:38:26','2018-11-06 19:38:26'),(221,4,2,'2018-11-06 19:38:26','2018-11-06 19:38:26'),(222,4,24,'2018-11-06 19:38:26','2018-11-06 19:38:26'),(223,4,2,'2018-11-06 19:38:26','2018-11-06 19:38:26'),(224,4,26,'2018-11-06 19:38:26','2018-11-06 19:38:26'),(225,5,26,'2018-11-06 19:38:26','2018-11-06 19:38:26'),(226,5,50,'2018-11-06 19:38:26','2018-11-06 19:38:26'),(227,5,2,'2018-11-06 19:38:26','2018-11-06 19:38:26'),(228,5,39,'2018-11-06 19:38:26','2018-11-06 19:38:26'),(229,5,32,'2018-11-06 19:38:26','2018-11-06 19:38:26'),(230,5,2,'2018-11-06 19:38:26','2018-11-06 19:38:26'),(231,5,40,'2018-11-06 19:38:26','2018-11-06 19:38:26'),(232,5,10,'2018-11-06 19:38:26','2018-11-06 19:38:26'),(233,5,27,'2018-11-06 19:38:26','2018-11-06 19:38:26'),(234,5,44,'2018-11-06 19:38:26','2018-11-06 19:38:26'),(235,5,40,'2018-11-06 19:38:26','2018-11-06 19:38:26'),(236,5,23,'2018-11-06 19:38:26','2018-11-06 19:38:26'),(237,5,39,'2018-11-06 19:38:26','2018-11-06 19:38:26'),(238,5,10,'2018-11-06 19:38:26','2018-11-06 19:38:26'),(239,5,6,'2018-11-06 19:38:26','2018-11-06 19:38:26'),(240,5,1,'2018-11-06 19:38:26','2018-11-06 19:38:26'),(241,5,10,'2018-11-06 19:38:26','2018-11-06 19:38:26'),(242,5,38,'2018-11-06 19:38:26','2018-11-06 19:38:26'),(243,5,11,'2018-11-06 19:38:26','2018-11-06 19:38:26'),(244,5,1,'2018-11-06 19:38:26','2018-11-06 19:38:26'),(245,5,39,'2018-11-06 19:38:26','2018-11-06 19:38:26'),(246,5,5,'2018-11-06 19:38:26','2018-11-06 19:38:26'),(247,5,8,'2018-11-06 19:38:26','2018-11-06 19:38:26'),(248,5,42,'2018-11-06 19:38:26','2018-11-06 19:38:26'),(249,5,22,'2018-11-06 19:38:26','2018-11-06 19:38:26'),(250,5,20,'2018-11-06 19:38:26','2018-11-06 19:38:26'),(251,5,42,'2018-11-06 19:38:26','2018-11-06 19:38:26'),(252,5,18,'2018-11-06 19:38:26','2018-11-06 19:38:26'),(253,5,22,'2018-11-06 19:38:26','2018-11-06 19:38:26'),(254,5,22,'2018-11-06 19:38:26','2018-11-06 19:38:26'),(255,5,18,'2018-11-06 19:38:26','2018-11-06 19:38:26'),(256,5,30,'2018-11-06 19:38:26','2018-11-06 19:38:26'),(257,5,49,'2018-11-06 19:38:26','2018-11-06 19:38:26'),(258,5,10,'2018-11-06 19:38:26','2018-11-06 19:38:26'),(259,5,20,'2018-11-06 19:38:26','2018-11-06 19:38:26'),(260,5,50,'2018-11-06 19:38:26','2018-11-06 19:38:26'),(261,5,8,'2018-11-06 19:38:26','2018-11-06 19:38:26'),(262,5,9,'2018-11-06 19:38:26','2018-11-06 19:38:26'),(263,5,30,'2018-11-06 19:38:26','2018-11-06 19:38:26'),(264,5,20,'2018-11-06 19:38:26','2018-11-06 19:38:26'),(265,5,30,'2018-11-06 19:38:26','2018-11-06 19:38:26'),(266,5,9,'2018-11-06 19:38:26','2018-11-06 19:38:26'),(267,5,25,'2018-11-06 19:38:26','2018-11-06 19:38:26'),(268,5,9,'2018-11-06 19:38:26','2018-11-06 19:38:26'),(269,5,29,'2018-11-06 19:38:26','2018-11-06 19:38:26'),(270,5,22,'2018-11-06 19:38:26','2018-11-06 19:38:26'),(271,5,29,'2018-11-06 19:38:26','2018-11-06 19:38:26'),(272,5,50,'2018-11-06 19:38:26','2018-11-06 19:38:26'),(273,5,45,'2018-11-06 19:38:26','2018-11-06 19:38:26'),(274,5,5,'2018-11-06 19:38:26','2018-11-06 19:38:26'),(275,5,42,'2018-11-06 19:38:26','2018-11-06 19:38:26'),(276,5,18,'2018-11-06 19:38:26','2018-11-06 19:38:26'),(277,5,37,'2018-11-06 19:38:26','2018-11-06 19:38:26'),(278,5,15,'2018-11-06 19:38:26','2018-11-06 19:38:26'),(279,5,43,'2018-11-06 19:38:26','2018-11-06 19:38:26'),(280,5,15,'2018-11-06 19:38:26','2018-11-06 19:38:26'),(281,5,22,'2018-11-06 19:38:26','2018-11-06 19:38:26'),(282,5,12,'2018-11-06 19:38:26','2018-11-06 19:38:26'),(283,5,39,'2018-11-06 19:38:26','2018-11-06 19:38:26'),(284,5,46,'2018-11-06 19:38:26','2018-11-06 19:38:26'),(285,5,25,'2018-11-06 19:38:26','2018-11-06 19:38:26'),(286,5,3,'2018-11-06 19:38:26','2018-11-06 19:38:26'),(287,5,14,'2018-11-06 19:38:26','2018-11-06 19:38:26'),(288,5,3,'2018-11-06 19:38:26','2018-11-06 19:38:26'),(289,5,22,'2018-11-06 19:38:26','2018-11-06 19:38:26'),(290,5,26,'2018-11-06 19:38:26','2018-11-06 19:38:26'),(291,5,50,'2018-11-06 19:38:26','2018-11-06 19:38:26'),(292,5,36,'2018-11-06 19:38:26','2018-11-06 19:38:26'),(293,5,40,'2018-11-06 19:38:26','2018-11-06 19:38:26'),(294,5,7,'2018-11-06 19:38:26','2018-11-06 19:38:26'),(295,5,47,'2018-11-06 19:38:26','2018-11-06 19:38:26'),(296,5,11,'2018-11-06 19:38:26','2018-11-06 19:38:26'),(297,5,16,'2018-11-06 19:38:26','2018-11-06 19:38:26'),(298,5,24,'2018-11-06 19:38:26','2018-11-06 19:38:26'),(299,5,23,'2018-11-06 19:38:26','2018-11-06 19:38:26'),(300,5,12,'2018-11-06 19:38:26','2018-11-06 19:38:26'),(301,5,27,'2018-11-06 19:38:26','2018-11-06 19:38:26'),(302,5,32,'2018-11-06 19:38:26','2018-11-06 19:38:26'),(303,5,46,'2018-11-06 19:38:26','2018-11-06 19:38:26'),(304,5,12,'2018-11-06 19:38:26','2018-11-06 19:38:26'),(305,5,14,'2018-11-06 19:38:26','2018-11-06 19:38:26'),(306,6,39,'2018-11-06 19:38:27','2018-11-06 19:38:27'),(307,6,48,'2018-11-06 19:38:27','2018-11-06 19:38:27'),(308,6,49,'2018-11-06 19:38:27','2018-11-06 19:38:27'),(309,6,18,'2018-11-06 19:38:27','2018-11-06 19:38:27'),(310,6,15,'2018-11-06 19:38:27','2018-11-06 19:38:27'),(311,6,26,'2018-11-06 19:38:27','2018-11-06 19:38:27'),(312,6,36,'2018-11-06 19:38:27','2018-11-06 19:38:27'),(313,6,14,'2018-11-06 19:38:27','2018-11-06 19:38:27'),(314,6,28,'2018-11-06 19:38:27','2018-11-06 19:38:27'),(315,6,44,'2018-11-06 19:38:27','2018-11-06 19:38:27'),(316,6,6,'2018-11-06 19:38:27','2018-11-06 19:38:27'),(317,6,3,'2018-11-06 19:38:27','2018-11-06 19:38:27'),(318,6,12,'2018-11-06 19:38:27','2018-11-06 19:38:27'),(319,6,14,'2018-11-06 19:38:27','2018-11-06 19:38:27'),(320,6,47,'2018-11-06 19:38:27','2018-11-06 19:38:27'),(321,6,27,'2018-11-06 19:38:27','2018-11-06 19:38:27'),(322,6,36,'2018-11-06 19:38:27','2018-11-06 19:38:27'),(323,6,5,'2018-11-06 19:38:27','2018-11-06 19:38:27'),(324,6,25,'2018-11-06 19:38:27','2018-11-06 19:38:27'),(325,6,34,'2018-11-06 19:38:27','2018-11-06 19:38:27'),(326,6,19,'2018-11-06 19:38:27','2018-11-06 19:38:27'),(327,6,41,'2018-11-06 19:38:27','2018-11-06 19:38:27'),(328,7,5,'2018-11-06 19:38:27','2018-11-06 19:38:27'),(329,7,24,'2018-11-06 19:38:27','2018-11-06 19:38:27'),(330,7,34,'2018-11-06 19:38:27','2018-11-06 19:38:27'),(331,7,10,'2018-11-06 19:38:27','2018-11-06 19:38:27'),(332,7,10,'2018-11-06 19:38:27','2018-11-06 19:38:27'),(333,7,50,'2018-11-06 19:38:27','2018-11-06 19:38:27'),(334,7,17,'2018-11-06 19:38:27','2018-11-06 19:38:27'),(335,7,48,'2018-11-06 19:38:27','2018-11-06 19:38:27'),(336,7,40,'2018-11-06 19:38:27','2018-11-06 19:38:27'),(337,7,17,'2018-11-06 19:38:27','2018-11-06 19:38:27'),(338,7,10,'2018-11-06 19:38:27','2018-11-06 19:38:27'),(339,7,3,'2018-11-06 19:38:27','2018-11-06 19:38:27'),(340,7,29,'2018-11-06 19:38:27','2018-11-06 19:38:27'),(341,7,23,'2018-11-06 19:38:27','2018-11-06 19:38:27'),(342,7,30,'2018-11-06 19:38:27','2018-11-06 19:38:27'),(343,8,34,'2018-11-06 19:38:27','2018-11-06 19:38:27'),(344,8,42,'2018-11-06 19:38:27','2018-11-06 19:38:27'),(345,8,24,'2018-11-06 19:38:27','2018-11-06 19:38:27'),(346,8,23,'2018-11-06 19:38:27','2018-11-06 19:38:27'),(347,8,11,'2018-11-06 19:38:27','2018-11-06 19:38:27'),(348,8,46,'2018-11-06 19:38:27','2018-11-06 19:38:27'),(349,8,31,'2018-11-06 19:38:27','2018-11-06 19:38:27'),(350,8,21,'2018-11-06 19:38:27','2018-11-06 19:38:27'),(351,9,44,'2018-11-06 19:38:27','2018-11-06 19:38:27'),(352,9,20,'2018-11-06 19:38:27','2018-11-06 19:38:27'),(353,9,21,'2018-11-06 19:38:27','2018-11-06 19:38:27'),(354,9,15,'2018-11-06 19:38:27','2018-11-06 19:38:27'),(355,10,23,'2018-11-06 19:38:27','2018-11-06 19:38:27'),(356,11,12,'2018-11-06 19:38:27','2018-11-06 19:38:27'),(357,11,45,'2018-11-06 19:38:27','2018-11-06 19:38:27'),(358,11,15,'2018-11-06 19:38:27','2018-11-06 19:38:27'),(359,11,40,'2018-11-06 19:38:27','2018-11-06 19:38:27'),(360,11,34,'2018-11-06 19:38:27','2018-11-06 19:38:27'),(361,11,8,'2018-11-06 19:38:27','2018-11-06 19:38:27'),(362,11,25,'2018-11-06 19:38:27','2018-11-06 19:38:27'),(363,11,49,'2018-11-06 19:38:27','2018-11-06 19:38:27'),(364,11,50,'2018-11-06 19:38:27','2018-11-06 19:38:27'),(365,11,28,'2018-11-06 19:38:27','2018-11-06 19:38:27'),(366,11,40,'2018-11-06 19:38:27','2018-11-06 19:38:27'),(367,11,43,'2018-11-06 19:38:27','2018-11-06 19:38:27'),(368,11,21,'2018-11-06 19:38:27','2018-11-06 19:38:27'),(369,11,45,'2018-11-06 19:38:27','2018-11-06 19:38:27'),(370,11,34,'2018-11-06 19:38:27','2018-11-06 19:38:27'),(371,11,29,'2018-11-06 19:38:27','2018-11-06 19:38:27'),(372,11,44,'2018-11-06 19:38:27','2018-11-06 19:38:27'),(373,11,27,'2018-11-06 19:38:27','2018-11-06 19:38:27'),(374,11,43,'2018-11-06 19:38:27','2018-11-06 19:38:27'),(375,11,31,'2018-11-06 19:38:27','2018-11-06 19:38:27'),(376,11,3,'2018-11-06 19:38:27','2018-11-06 19:38:27'),(377,11,48,'2018-11-06 19:38:27','2018-11-06 19:38:27'),(378,11,11,'2018-11-06 19:38:27','2018-11-06 19:38:27'),(379,11,47,'2018-11-06 19:38:27','2018-11-06 19:38:27'),(380,11,18,'2018-11-06 19:38:27','2018-11-06 19:38:27'),(381,11,27,'2018-11-06 19:38:27','2018-11-06 19:38:27'),(382,11,18,'2018-11-06 19:38:27','2018-11-06 19:38:27'),(383,11,1,'2018-11-06 19:38:27','2018-11-06 19:38:27'),(384,11,25,'2018-11-06 19:38:27','2018-11-06 19:38:27'),(385,11,23,'2018-11-06 19:38:27','2018-11-06 19:38:27'),(386,11,49,'2018-11-06 19:38:27','2018-11-06 19:38:27'),(387,11,35,'2018-11-06 19:38:27','2018-11-06 19:38:27'),(388,11,17,'2018-11-06 19:38:27','2018-11-06 19:38:27'),(389,11,48,'2018-11-06 19:38:27','2018-11-06 19:38:27'),(390,11,47,'2018-11-06 19:38:27','2018-11-06 19:38:27'),(391,11,43,'2018-11-06 19:38:27','2018-11-06 19:38:27'),(392,11,42,'2018-11-06 19:38:27','2018-11-06 19:38:27'),(393,11,4,'2018-11-06 19:38:27','2018-11-06 19:38:27'),(394,11,36,'2018-11-06 19:38:27','2018-11-06 19:38:27'),(395,11,15,'2018-11-06 19:38:27','2018-11-06 19:38:27'),(396,11,21,'2018-11-06 19:38:27','2018-11-06 19:38:27'),(397,11,3,'2018-11-06 19:38:27','2018-11-06 19:38:27'),(398,11,6,'2018-11-06 19:38:27','2018-11-06 19:38:27'),(399,11,19,'2018-11-06 19:38:27','2018-11-06 19:38:27'),(400,11,49,'2018-11-06 19:38:27','2018-11-06 19:38:27'),(401,11,23,'2018-11-06 19:38:27','2018-11-06 19:38:27'),(402,11,50,'2018-11-06 19:38:27','2018-11-06 19:38:27'),(403,11,17,'2018-11-06 19:38:27','2018-11-06 19:38:27'),(404,11,7,'2018-11-06 19:38:27','2018-11-06 19:38:27'),(405,11,12,'2018-11-06 19:38:27','2018-11-06 19:38:27'),(406,11,50,'2018-11-06 19:38:27','2018-11-06 19:38:27'),(407,11,2,'2018-11-06 19:38:27','2018-11-06 19:38:27'),(408,11,4,'2018-11-06 19:38:27','2018-11-06 19:38:27'),(409,11,26,'2018-11-06 19:38:27','2018-11-06 19:38:27'),(410,11,41,'2018-11-06 19:38:27','2018-11-06 19:38:27'),(411,11,3,'2018-11-06 19:38:27','2018-11-06 19:38:27'),(412,11,28,'2018-11-06 19:38:27','2018-11-06 19:38:27'),(413,11,46,'2018-11-06 19:38:27','2018-11-06 19:38:27'),(414,11,10,'2018-11-06 19:38:27','2018-11-06 19:38:27'),(415,11,1,'2018-11-06 19:38:27','2018-11-06 19:38:27'),(416,11,18,'2018-11-06 19:38:27','2018-11-06 19:38:27'),(417,11,14,'2018-11-06 19:38:27','2018-11-06 19:38:27'),(418,11,43,'2018-11-06 19:38:27','2018-11-06 19:38:27'),(419,11,27,'2018-11-06 19:38:27','2018-11-06 19:38:27'),(420,11,37,'2018-11-06 19:38:27','2018-11-06 19:38:27'),(421,11,46,'2018-11-06 19:38:27','2018-11-06 19:38:27'),(422,11,20,'2018-11-06 19:38:27','2018-11-06 19:38:27'),(423,11,3,'2018-11-06 19:38:27','2018-11-06 19:38:27'),(424,11,23,'2018-11-06 19:38:27','2018-11-06 19:38:27'),(425,11,10,'2018-11-06 19:38:27','2018-11-06 19:38:27'),(426,11,33,'2018-11-06 19:38:27','2018-11-06 19:38:27'),(427,11,4,'2018-11-06 19:38:27','2018-11-06 19:38:27'),(428,11,12,'2018-11-06 19:38:27','2018-11-06 19:38:27'),(429,11,21,'2018-11-06 19:38:27','2018-11-06 19:38:27'),(430,11,43,'2018-11-06 19:38:27','2018-11-06 19:38:27'),(431,11,36,'2018-11-06 19:38:27','2018-11-06 19:38:27'),(432,11,48,'2018-11-06 19:38:27','2018-11-06 19:38:27'),(433,11,17,'2018-11-06 19:38:28','2018-11-06 19:38:28'),(434,11,18,'2018-11-06 19:38:28','2018-11-06 19:38:28'),(435,11,23,'2018-11-06 19:38:28','2018-11-06 19:38:28'),(436,11,30,'2018-11-06 19:38:28','2018-11-06 19:38:28'),(437,11,28,'2018-11-06 19:38:28','2018-11-06 19:38:28'),(438,12,41,'2018-11-06 19:38:28','2018-11-06 19:38:28'),(439,12,49,'2018-11-06 19:38:28','2018-11-06 19:38:28'),(440,12,17,'2018-11-06 19:38:28','2018-11-06 19:38:28'),(441,13,27,'2018-11-06 19:38:28','2018-11-06 19:38:28'),(442,13,33,'2018-11-06 19:38:28','2018-11-06 19:38:28'),(443,13,35,'2018-11-06 19:38:28','2018-11-06 19:38:28'),(444,13,34,'2018-11-06 19:38:28','2018-11-06 19:38:28'),(445,13,20,'2018-11-06 19:38:28','2018-11-06 19:38:28'),(446,13,49,'2018-11-06 19:38:28','2018-11-06 19:38:28'),(447,13,10,'2018-11-06 19:38:28','2018-11-06 19:38:28'),(448,13,49,'2018-11-06 19:38:28','2018-11-06 19:38:28'),(449,13,12,'2018-11-06 19:38:28','2018-11-06 19:38:28'),(450,13,21,'2018-11-06 19:38:28','2018-11-06 19:38:28'),(451,13,48,'2018-11-06 19:38:28','2018-11-06 19:38:28'),(452,13,50,'2018-11-06 19:38:28','2018-11-06 19:38:28'),(453,13,6,'2018-11-06 19:38:28','2018-11-06 19:38:28'),(454,13,12,'2018-11-06 19:38:28','2018-11-06 19:38:28'),(455,13,25,'2018-11-06 19:38:28','2018-11-06 19:38:28'),(456,13,48,'2018-11-06 19:38:28','2018-11-06 19:38:28'),(457,13,37,'2018-11-06 19:38:28','2018-11-06 19:38:28'),(458,13,46,'2018-11-06 19:38:28','2018-11-06 19:38:28'),(459,14,13,'2018-11-06 19:38:28','2018-11-06 19:38:28'),(460,14,29,'2018-11-06 19:38:28','2018-11-06 19:38:28'),(461,14,12,'2018-11-06 19:38:28','2018-11-06 19:38:28'),(462,14,20,'2018-11-06 19:38:28','2018-11-06 19:38:28'),(463,14,29,'2018-11-06 19:38:28','2018-11-06 19:38:28'),(464,14,45,'2018-11-06 19:38:28','2018-11-06 19:38:28'),(465,14,13,'2018-11-06 19:38:28','2018-11-06 19:38:28'),(466,14,28,'2018-11-06 19:38:28','2018-11-06 19:38:28'),(467,14,12,'2018-11-06 19:38:28','2018-11-06 19:38:28'),(468,14,11,'2018-11-06 19:38:28','2018-11-06 19:38:28'),(469,14,9,'2018-11-06 19:38:28','2018-11-06 19:38:28'),(470,14,30,'2018-11-06 19:38:28','2018-11-06 19:38:28'),(471,14,4,'2018-11-06 19:38:28','2018-11-06 19:38:28'),(472,14,20,'2018-11-06 19:38:28','2018-11-06 19:38:28'),(473,15,34,'2018-11-06 19:38:28','2018-11-06 19:38:28'),(474,15,29,'2018-11-06 19:38:28','2018-11-06 19:38:28'),(475,15,36,'2018-11-06 19:38:28','2018-11-06 19:38:28'),(476,15,34,'2018-11-06 19:38:28','2018-11-06 19:38:28'),(477,15,13,'2018-11-06 19:38:28','2018-11-06 19:38:28'),(478,15,27,'2018-11-06 19:38:28','2018-11-06 19:38:28'),(479,15,20,'2018-11-06 19:38:28','2018-11-06 19:38:28'),(480,15,16,'2018-11-06 19:38:28','2018-11-06 19:38:28'),(481,15,2,'2018-11-06 19:38:28','2018-11-06 19:38:28'),(482,15,4,'2018-11-06 19:38:28','2018-11-06 19:38:28'),(483,15,39,'2018-11-06 19:38:28','2018-11-06 19:38:28'),(484,15,30,'2018-11-06 19:38:28','2018-11-06 19:38:28'),(485,16,9,'2018-11-06 19:38:28','2018-11-06 19:38:28'),(486,16,7,'2018-11-06 19:38:28','2018-11-06 19:38:28'),(487,16,47,'2018-11-06 19:38:28','2018-11-06 19:38:28'),(488,17,19,'2018-11-06 19:38:28','2018-11-06 19:38:28'),(489,17,29,'2018-11-06 19:38:28','2018-11-06 19:38:28'),(490,17,32,'2018-11-06 19:38:28','2018-11-06 19:38:28'),(491,17,32,'2018-11-06 19:38:28','2018-11-06 19:38:28'),(492,17,49,'2018-11-06 19:38:28','2018-11-06 19:38:28'),(493,17,19,'2018-11-06 19:38:28','2018-11-06 19:38:28'),(494,17,30,'2018-11-06 19:38:28','2018-11-06 19:38:28'),(495,17,25,'2018-11-06 19:38:28','2018-11-06 19:38:28'),(496,18,7,'2018-11-06 19:38:28','2018-11-06 19:38:28'),(497,18,34,'2018-11-06 19:38:28','2018-11-06 19:38:28'),(498,18,5,'2018-11-06 19:38:28','2018-11-06 19:38:28'),(499,18,5,'2018-11-06 19:38:28','2018-11-06 19:38:28'),(500,18,32,'2018-11-06 19:38:28','2018-11-06 19:38:28'),(501,18,5,'2018-11-06 19:38:28','2018-11-06 19:38:28'),(502,18,50,'2018-11-06 19:38:28','2018-11-06 19:38:28'),(503,19,26,'2018-11-06 19:38:28','2018-11-06 19:38:28'),(504,19,42,'2018-11-06 19:38:28','2018-11-06 19:38:28'),(505,19,8,'2018-11-06 19:38:28','2018-11-06 19:38:28'),(506,19,50,'2018-11-06 19:38:28','2018-11-06 19:38:28'),(507,19,30,'2018-11-06 19:38:28','2018-11-06 19:38:28'),(508,20,9,'2018-11-06 19:38:28','2018-11-06 19:38:28'),(509,20,9,'2018-11-06 19:38:28','2018-11-06 19:38:28'),(510,20,18,'2018-11-06 19:38:28','2018-11-06 19:38:28'),(511,20,23,'2018-11-06 19:38:28','2018-11-06 19:38:28'),(512,20,50,'2018-11-06 19:38:28','2018-11-06 19:38:28'),(513,20,5,'2018-11-06 19:38:28','2018-11-06 19:38:28'),(514,20,12,'2018-11-06 19:38:28','2018-11-06 19:38:28'),(515,20,44,'2018-11-06 19:38:28','2018-11-06 19:38:28'),(516,20,12,'2018-11-06 19:38:28','2018-11-06 19:38:28'),(517,20,32,'2018-11-06 19:38:28','2018-11-06 19:38:28'),(518,20,23,'2018-11-06 19:38:28','2018-11-06 19:38:28'),(519,20,1,'2018-11-06 19:38:28','2018-11-06 19:38:28'),(520,20,10,'2018-11-06 19:38:28','2018-11-06 19:38:28'),(521,20,11,'2018-11-06 19:38:28','2018-11-06 19:38:28'),(522,20,42,'2018-11-06 19:38:28','2018-11-06 19:38:28'),(523,20,16,'2018-11-06 19:38:28','2018-11-06 19:38:28'),(524,20,10,'2018-11-06 19:38:28','2018-11-06 19:38:28'),(525,20,3,'2018-11-06 19:38:28','2018-11-06 19:38:28'),(526,21,42,'2018-11-06 19:38:28','2018-11-06 19:38:28'),(527,21,8,'2018-11-06 19:38:28','2018-11-06 19:38:28'),(528,21,40,'2018-11-06 19:38:28','2018-11-06 19:38:28'),(529,21,16,'2018-11-06 19:38:28','2018-11-06 19:38:28'),(530,21,13,'2018-11-06 19:38:28','2018-11-06 19:38:28'),(531,21,17,'2018-11-06 19:38:28','2018-11-06 19:38:28'),(532,21,18,'2018-11-06 19:38:28','2018-11-06 19:38:28'),(533,21,35,'2018-11-06 19:38:28','2018-11-06 19:38:28'),(534,21,10,'2018-11-06 19:38:28','2018-11-06 19:38:28'),(535,21,11,'2018-11-06 19:38:28','2018-11-06 19:38:28'),(536,21,32,'2018-11-06 19:38:28','2018-11-06 19:38:28'),(537,21,36,'2018-11-06 19:38:28','2018-11-06 19:38:28'),(538,21,25,'2018-11-06 19:38:28','2018-11-06 19:38:28'),(539,21,50,'2018-11-06 19:38:28','2018-11-06 19:38:28'),(540,21,21,'2018-11-06 19:38:28','2018-11-06 19:38:28'),(541,21,42,'2018-11-06 19:38:28','2018-11-06 19:38:28'),(542,21,34,'2018-11-06 19:38:28','2018-11-06 19:38:28'),(543,21,29,'2018-11-06 19:38:28','2018-11-06 19:38:28'),(544,21,18,'2018-11-06 19:38:28','2018-11-06 19:38:28'),(545,21,16,'2018-11-06 19:38:28','2018-11-06 19:38:28'),(546,22,22,'2018-11-06 19:38:28','2018-11-06 19:38:28'),(547,22,43,'2018-11-06 19:38:28','2018-11-06 19:38:28'),(548,22,18,'2018-11-06 19:38:28','2018-11-06 19:38:28'),(549,22,2,'2018-11-06 19:38:28','2018-11-06 19:38:28'),(550,22,18,'2018-11-06 19:38:28','2018-11-06 19:38:28'),(551,22,42,'2018-11-06 19:38:28','2018-11-06 19:38:28'),(552,22,14,'2018-11-06 19:38:28','2018-11-06 19:38:28'),(553,22,8,'2018-11-06 19:38:28','2018-11-06 19:38:28'),(554,22,3,'2018-11-06 19:38:28','2018-11-06 19:38:28'),(555,22,31,'2018-11-06 19:38:28','2018-11-06 19:38:28'),(556,23,10,'2018-11-06 19:38:28','2018-11-06 19:38:28'),(557,23,13,'2018-11-06 19:38:28','2018-11-06 19:38:28'),(558,23,36,'2018-11-06 19:38:28','2018-11-06 19:38:28'),(559,23,30,'2018-11-06 19:38:28','2018-11-06 19:38:28'),(560,23,37,'2018-11-06 19:38:28','2018-11-06 19:38:28'),(561,23,35,'2018-11-06 19:38:28','2018-11-06 19:38:28'),(562,23,28,'2018-11-06 19:38:28','2018-11-06 19:38:28'),(563,23,5,'2018-11-06 19:38:28','2018-11-06 19:38:28'),(564,23,35,'2018-11-06 19:38:28','2018-11-06 19:38:28'),(565,23,30,'2018-11-06 19:38:28','2018-11-06 19:38:28'),(566,24,30,'2018-11-06 19:38:28','2018-11-06 19:38:28'),(567,24,1,'2018-11-06 19:38:28','2018-11-06 19:38:28'),(568,24,34,'2018-11-06 19:38:28','2018-11-06 19:38:28'),(569,24,23,'2018-11-06 19:38:28','2018-11-06 19:38:28'),(570,24,29,'2018-11-06 19:38:28','2018-11-06 19:38:28'),(571,24,5,'2018-11-06 19:38:28','2018-11-06 19:38:28'),(572,25,45,'2018-11-06 19:38:28','2018-11-06 19:38:28'),(573,25,2,'2018-11-06 19:38:28','2018-11-06 19:38:28'),(574,25,39,'2018-11-06 19:38:28','2018-11-06 19:38:28'),(575,25,38,'2018-11-06 19:38:28','2018-11-06 19:38:28'),(576,25,6,'2018-11-06 19:38:28','2018-11-06 19:38:28'),(577,25,37,'2018-11-06 19:38:28','2018-11-06 19:38:28'),(578,25,18,'2018-11-06 19:38:28','2018-11-06 19:38:28'),(579,25,8,'2018-11-06 19:38:28','2018-11-06 19:38:28'),(580,25,27,'2018-11-06 19:38:29','2018-11-06 19:38:29'),(581,25,19,'2018-11-06 19:38:29','2018-11-06 19:38:29'),(582,25,29,'2018-11-06 19:38:29','2018-11-06 19:38:29'),(583,25,17,'2018-11-06 19:38:29','2018-11-06 19:38:29'),(584,25,43,'2018-11-06 19:38:29','2018-11-06 19:38:29'),(585,25,17,'2018-11-06 19:38:29','2018-11-06 19:38:29'),(586,25,23,'2018-11-06 19:38:29','2018-11-06 19:38:29'),(587,25,19,'2018-11-06 19:38:29','2018-11-06 19:38:29'),(588,25,12,'2018-11-06 19:38:29','2018-11-06 19:38:29'),(589,25,44,'2018-11-06 19:38:29','2018-11-06 19:38:29'),(590,25,35,'2018-11-06 19:38:29','2018-11-06 19:38:29'),(591,25,50,'2018-11-06 19:38:29','2018-11-06 19:38:29'),(592,25,34,'2018-11-06 19:38:29','2018-11-06 19:38:29'),(593,25,6,'2018-11-06 19:38:29','2018-11-06 19:38:29'),(594,25,5,'2018-11-06 19:38:29','2018-11-06 19:38:29'),(595,25,50,'2018-11-06 19:38:29','2018-11-06 19:38:29'),(596,25,2,'2018-11-06 19:38:29','2018-11-06 19:38:29'),(597,25,14,'2018-11-06 19:38:29','2018-11-06 19:38:29'),(598,25,8,'2018-11-06 19:38:29','2018-11-06 19:38:29'),(599,25,16,'2018-11-06 19:38:29','2018-11-06 19:38:29'),(600,25,2,'2018-11-06 19:38:29','2018-11-06 19:38:29'),(601,25,10,'2018-11-06 19:38:29','2018-11-06 19:38:29'),(602,25,31,'2018-11-06 19:38:29','2018-11-06 19:38:29'),(603,25,21,'2018-11-06 19:38:29','2018-11-06 19:38:29'),(604,25,12,'2018-11-06 19:38:29','2018-11-06 19:38:29'),(605,25,18,'2018-11-06 19:38:29','2018-11-06 19:38:29'),(606,25,20,'2018-11-06 19:38:29','2018-11-06 19:38:29'),(607,25,36,'2018-11-06 19:38:29','2018-11-06 19:38:29'),(608,25,17,'2018-11-06 19:38:29','2018-11-06 19:38:29'),(609,25,24,'2018-11-06 19:38:29','2018-11-06 19:38:29'),(610,25,37,'2018-11-06 19:38:29','2018-11-06 19:38:29'),(611,25,8,'2018-11-06 19:38:29','2018-11-06 19:38:29'),(612,25,11,'2018-11-06 19:38:29','2018-11-06 19:38:29'),(613,25,7,'2018-11-06 19:38:29','2018-11-06 19:38:29'),(614,25,25,'2018-11-06 19:38:29','2018-11-06 19:38:29'),(615,25,39,'2018-11-06 19:38:29','2018-11-06 19:38:29'),(616,25,23,'2018-11-06 19:38:29','2018-11-06 19:38:29'),(617,25,8,'2018-11-06 19:38:29','2018-11-06 19:38:29'),(618,25,15,'2018-11-06 19:38:29','2018-11-06 19:38:29'),(619,25,24,'2018-11-06 19:38:29','2018-11-06 19:38:29'),(620,25,47,'2018-11-06 19:38:29','2018-11-06 19:38:29'),(621,25,39,'2018-11-06 19:38:29','2018-11-06 19:38:29'),(622,25,20,'2018-11-06 19:38:29','2018-11-06 19:38:29'),(623,25,12,'2018-11-06 19:38:29','2018-11-06 19:38:29'),(624,25,33,'2018-11-06 19:38:29','2018-11-06 19:38:29'),(625,25,17,'2018-11-06 19:38:29','2018-11-06 19:38:29'),(626,25,26,'2018-11-06 19:38:29','2018-11-06 19:38:29'),(627,25,7,'2018-11-06 19:38:29','2018-11-06 19:38:29'),(628,25,27,'2018-11-06 19:38:29','2018-11-06 19:38:29'),(629,25,3,'2018-11-06 19:38:29','2018-11-06 19:38:29'),(630,25,27,'2018-11-06 19:38:29','2018-11-06 19:38:29'),(631,25,36,'2018-11-06 19:38:29','2018-11-06 19:38:29'),(632,25,6,'2018-11-06 19:38:29','2018-11-06 19:38:29'),(633,25,12,'2018-11-06 19:38:29','2018-11-06 19:38:29'),(634,25,29,'2018-11-06 19:38:29','2018-11-06 19:38:29'),(635,25,25,'2018-11-06 19:38:29','2018-11-06 19:38:29'),(636,25,34,'2018-11-06 19:38:29','2018-11-06 19:38:29'),(637,26,9,'2018-11-06 19:38:29','2018-11-06 19:38:29'),(638,26,50,'2018-11-06 19:38:29','2018-11-06 19:38:29'),(639,26,35,'2018-11-06 19:38:29','2018-11-06 19:38:29'),(640,26,38,'2018-11-06 19:38:29','2018-11-06 19:38:29'),(641,26,33,'2018-11-06 19:38:29','2018-11-06 19:38:29'),(642,26,11,'2018-11-06 19:38:29','2018-11-06 19:38:29'),(643,26,18,'2018-11-06 19:38:29','2018-11-06 19:38:29'),(644,26,21,'2018-11-06 19:38:29','2018-11-06 19:38:29'),(645,26,9,'2018-11-06 19:38:29','2018-11-06 19:38:29'),(646,26,7,'2018-11-06 19:38:29','2018-11-06 19:38:29'),(647,26,8,'2018-11-06 19:38:29','2018-11-06 19:38:29'),(648,26,39,'2018-11-06 19:38:29','2018-11-06 19:38:29'),(649,26,20,'2018-11-06 19:38:29','2018-11-06 19:38:29'),(650,26,18,'2018-11-06 19:38:29','2018-11-06 19:38:29'),(651,26,5,'2018-11-06 19:38:29','2018-11-06 19:38:29'),(652,26,26,'2018-11-06 19:38:29','2018-11-06 19:38:29'),(653,26,31,'2018-11-06 19:38:29','2018-11-06 19:38:29'),(654,26,35,'2018-11-06 19:38:29','2018-11-06 19:38:29'),(655,26,1,'2018-11-06 19:38:29','2018-11-06 19:38:29'),(656,26,2,'2018-11-06 19:38:29','2018-11-06 19:38:29'),(657,26,17,'2018-11-06 19:38:29','2018-11-06 19:38:29'),(658,26,45,'2018-11-06 19:38:29','2018-11-06 19:38:29'),(659,26,15,'2018-11-06 19:38:29','2018-11-06 19:38:29'),(660,26,36,'2018-11-06 19:38:29','2018-11-06 19:38:29'),(661,26,18,'2018-11-06 19:38:29','2018-11-06 19:38:29'),(662,26,19,'2018-11-06 19:38:29','2018-11-06 19:38:29'),(663,26,47,'2018-11-06 19:38:29','2018-11-06 19:38:29'),(664,27,7,'2018-11-06 19:38:29','2018-11-06 19:38:29'),(665,27,31,'2018-11-06 19:38:29','2018-11-06 19:38:29'),(666,27,45,'2018-11-06 19:38:29','2018-11-06 19:38:29'),(667,27,21,'2018-11-06 19:38:29','2018-11-06 19:38:29'),(668,27,9,'2018-11-06 19:38:29','2018-11-06 19:38:29'),(669,27,32,'2018-11-06 19:38:29','2018-11-06 19:38:29'),(670,27,43,'2018-11-06 19:38:29','2018-11-06 19:38:29'),(671,27,24,'2018-11-06 19:38:29','2018-11-06 19:38:29'),(672,27,42,'2018-11-06 19:38:29','2018-11-06 19:38:29'),(673,27,47,'2018-11-06 19:38:29','2018-11-06 19:38:29'),(674,27,2,'2018-11-06 19:38:29','2018-11-06 19:38:29'),(675,27,21,'2018-11-06 19:38:29','2018-11-06 19:38:29'),(676,27,24,'2018-11-06 19:38:29','2018-11-06 19:38:29'),(677,27,43,'2018-11-06 19:38:29','2018-11-06 19:38:29'),(678,27,8,'2018-11-06 19:38:29','2018-11-06 19:38:29'),(679,27,17,'2018-11-06 19:38:29','2018-11-06 19:38:29'),(680,27,31,'2018-11-06 19:38:29','2018-11-06 19:38:29'),(681,27,23,'2018-11-06 19:38:29','2018-11-06 19:38:29'),(682,27,12,'2018-11-06 19:38:29','2018-11-06 19:38:29'),(683,27,8,'2018-11-06 19:38:29','2018-11-06 19:38:29'),(684,27,5,'2018-11-06 19:38:29','2018-11-06 19:38:29'),(685,27,17,'2018-11-06 19:38:29','2018-11-06 19:38:29'),(686,27,39,'2018-11-06 19:38:29','2018-11-06 19:38:29'),(687,28,19,'2018-11-06 19:38:29','2018-11-06 19:38:29'),(688,28,26,'2018-11-06 19:38:29','2018-11-06 19:38:29'),(689,28,7,'2018-11-06 19:38:29','2018-11-06 19:38:29'),(690,28,20,'2018-11-06 19:38:29','2018-11-06 19:38:29'),(691,28,31,'2018-11-06 19:38:29','2018-11-06 19:38:29'),(692,28,33,'2018-11-06 19:38:29','2018-11-06 19:38:29'),(693,28,37,'2018-11-06 19:38:29','2018-11-06 19:38:29'),(694,28,16,'2018-11-06 19:38:29','2018-11-06 19:38:29'),(695,28,48,'2018-11-06 19:38:29','2018-11-06 19:38:29'),(696,28,22,'2018-11-06 19:38:29','2018-11-06 19:38:29'),(697,28,45,'2018-11-06 19:38:29','2018-11-06 19:38:29'),(698,28,48,'2018-11-06 19:38:29','2018-11-06 19:38:29'),(699,28,19,'2018-11-06 19:38:29','2018-11-06 19:38:29'),(700,28,23,'2018-11-06 19:38:29','2018-11-06 19:38:29'),(701,28,13,'2018-11-06 19:38:29','2018-11-06 19:38:29'),(702,28,14,'2018-11-06 19:38:29','2018-11-06 19:38:29'),(703,28,8,'2018-11-06 19:38:29','2018-11-06 19:38:29'),(704,28,9,'2018-11-06 19:38:29','2018-11-06 19:38:29'),(705,28,24,'2018-11-06 19:38:29','2018-11-06 19:38:29'),(706,28,12,'2018-11-06 19:38:29','2018-11-06 19:38:29'),(707,28,35,'2018-11-06 19:38:29','2018-11-06 19:38:29'),(708,28,16,'2018-11-06 19:38:29','2018-11-06 19:38:29'),(709,28,31,'2018-11-06 19:38:30','2018-11-06 19:38:30'),(710,28,43,'2018-11-06 19:38:30','2018-11-06 19:38:30'),(711,28,45,'2018-11-06 19:38:30','2018-11-06 19:38:30'),(712,28,31,'2018-11-06 19:38:30','2018-11-06 19:38:30'),(713,28,30,'2018-11-06 19:38:30','2018-11-06 19:38:30'),(714,28,15,'2018-11-06 19:38:30','2018-11-06 19:38:30'),(715,28,30,'2018-11-06 19:38:30','2018-11-06 19:38:30'),(716,28,36,'2018-11-06 19:38:30','2018-11-06 19:38:30'),(717,28,8,'2018-11-06 19:38:30','2018-11-06 19:38:30'),(718,28,19,'2018-11-06 19:38:30','2018-11-06 19:38:30'),(719,28,27,'2018-11-06 19:38:30','2018-11-06 19:38:30'),(720,28,25,'2018-11-06 19:38:30','2018-11-06 19:38:30'),(721,28,25,'2018-11-06 19:38:30','2018-11-06 19:38:30'),(722,28,26,'2018-11-06 19:38:30','2018-11-06 19:38:30'),(723,28,32,'2018-11-06 19:38:30','2018-11-06 19:38:30'),(724,28,46,'2018-11-06 19:38:30','2018-11-06 19:38:30'),(725,28,1,'2018-11-06 19:38:30','2018-11-06 19:38:30'),(726,28,8,'2018-11-06 19:38:30','2018-11-06 19:38:30'),(727,28,50,'2018-11-06 19:38:30','2018-11-06 19:38:30'),(728,28,8,'2018-11-06 19:38:30','2018-11-06 19:38:30'),(729,28,46,'2018-11-06 19:38:30','2018-11-06 19:38:30'),(730,28,9,'2018-11-06 19:38:30','2018-11-06 19:38:30'),(731,28,47,'2018-11-06 19:38:30','2018-11-06 19:38:30'),(732,28,36,'2018-11-06 19:38:30','2018-11-06 19:38:30'),(733,28,22,'2018-11-06 19:38:30','2018-11-06 19:38:30'),(734,28,24,'2018-11-06 19:38:30','2018-11-06 19:38:30'),(735,28,24,'2018-11-06 19:38:30','2018-11-06 19:38:30'),(736,28,35,'2018-11-06 19:38:30','2018-11-06 19:38:30'),(737,28,46,'2018-11-06 19:38:30','2018-11-06 19:38:30'),(738,28,12,'2018-11-06 19:38:30','2018-11-06 19:38:30'),(739,28,35,'2018-11-06 19:38:30','2018-11-06 19:38:30'),(740,28,17,'2018-11-06 19:38:30','2018-11-06 19:38:30'),(741,28,4,'2018-11-06 19:38:30','2018-11-06 19:38:30'),(742,28,43,'2018-11-06 19:38:30','2018-11-06 19:38:30'),(743,28,16,'2018-11-06 19:38:30','2018-11-06 19:38:30'),(744,28,14,'2018-11-06 19:38:30','2018-11-06 19:38:30'),(745,28,3,'2018-11-06 19:38:30','2018-11-06 19:38:30'),(746,28,25,'2018-11-06 19:38:30','2018-11-06 19:38:30'),(747,28,25,'2018-11-06 19:38:30','2018-11-06 19:38:30'),(748,28,13,'2018-11-06 19:38:30','2018-11-06 19:38:30'),(749,28,35,'2018-11-06 19:38:30','2018-11-06 19:38:30'),(750,28,17,'2018-11-06 19:38:30','2018-11-06 19:38:30'),(751,28,28,'2018-11-06 19:38:30','2018-11-06 19:38:30'),(752,28,43,'2018-11-06 19:38:30','2018-11-06 19:38:30'),(753,28,36,'2018-11-06 19:38:30','2018-11-06 19:38:30'),(754,28,10,'2018-11-06 19:38:30','2018-11-06 19:38:30'),(755,28,20,'2018-11-06 19:38:30','2018-11-06 19:38:30'),(756,28,12,'2018-11-06 19:38:30','2018-11-06 19:38:30'),(757,28,36,'2018-11-06 19:38:30','2018-11-06 19:38:30'),(758,28,7,'2018-11-06 19:38:30','2018-11-06 19:38:30'),(759,28,32,'2018-11-06 19:38:30','2018-11-06 19:38:30'),(760,28,23,'2018-11-06 19:38:30','2018-11-06 19:38:30'),(761,28,35,'2018-11-06 19:38:30','2018-11-06 19:38:30'),(762,28,48,'2018-11-06 19:38:30','2018-11-06 19:38:30'),(763,28,37,'2018-11-06 19:38:30','2018-11-06 19:38:30'),(764,28,21,'2018-11-06 19:38:30','2018-11-06 19:38:30'),(765,28,1,'2018-11-06 19:38:30','2018-11-06 19:38:30'),(766,28,37,'2018-11-06 19:38:30','2018-11-06 19:38:30'),(767,28,16,'2018-11-06 19:38:30','2018-11-06 19:38:30'),(768,28,9,'2018-11-06 19:38:30','2018-11-06 19:38:30'),(769,28,4,'2018-11-06 19:38:30','2018-11-06 19:38:30'),(770,28,15,'2018-11-06 19:38:30','2018-11-06 19:38:30'),(771,28,18,'2018-11-06 19:38:30','2018-11-06 19:38:30'),(772,28,16,'2018-11-06 19:38:30','2018-11-06 19:38:30'),(773,28,2,'2018-11-06 19:38:30','2018-11-06 19:38:30'),(774,28,30,'2018-11-06 19:38:30','2018-11-06 19:38:30'),(775,28,29,'2018-11-06 19:38:30','2018-11-06 19:38:30'),(776,28,3,'2018-11-06 19:38:30','2018-11-06 19:38:30'),(777,28,32,'2018-11-06 19:38:30','2018-11-06 19:38:30'),(778,28,50,'2018-11-06 19:38:30','2018-11-06 19:38:30'),(779,28,26,'2018-11-06 19:38:30','2018-11-06 19:38:30'),(780,28,31,'2018-11-06 19:38:30','2018-11-06 19:38:30'),(781,28,28,'2018-11-06 19:38:30','2018-11-06 19:38:30'),(782,28,9,'2018-11-06 19:38:30','2018-11-06 19:38:30'),(783,28,44,'2018-11-06 19:38:30','2018-11-06 19:38:30'),(784,28,39,'2018-11-06 19:38:30','2018-11-06 19:38:30'),(785,28,42,'2018-11-06 19:38:30','2018-11-06 19:38:30'),(786,28,10,'2018-11-06 19:38:30','2018-11-06 19:38:30'),(787,28,29,'2018-11-06 19:38:30','2018-11-06 19:38:30'),(788,28,35,'2018-11-06 19:38:30','2018-11-06 19:38:30'),(789,28,10,'2018-11-06 19:38:30','2018-11-06 19:38:30'),(790,28,47,'2018-11-06 19:38:30','2018-11-06 19:38:30'),(791,28,34,'2018-11-06 19:38:30','2018-11-06 19:38:30'),(792,28,41,'2018-11-06 19:38:30','2018-11-06 19:38:30'),(793,28,47,'2018-11-06 19:38:30','2018-11-06 19:38:30'),(794,28,33,'2018-11-06 19:38:30','2018-11-06 19:38:30'),(795,28,23,'2018-11-06 19:38:30','2018-11-06 19:38:30'),(796,28,11,'2018-11-06 19:38:30','2018-11-06 19:38:30'),(797,28,15,'2018-11-06 19:38:30','2018-11-06 19:38:30'),(798,28,38,'2018-11-06 19:38:30','2018-11-06 19:38:30'),(799,28,37,'2018-11-06 19:38:30','2018-11-06 19:38:30'),(800,28,32,'2018-11-06 19:38:30','2018-11-06 19:38:30'),(801,28,14,'2018-11-06 19:38:30','2018-11-06 19:38:30'),(802,28,1,'2018-11-06 19:38:30','2018-11-06 19:38:30'),(803,28,30,'2018-11-06 19:38:30','2018-11-06 19:38:30'),(804,28,44,'2018-11-06 19:38:30','2018-11-06 19:38:30'),(805,28,15,'2018-11-06 19:38:30','2018-11-06 19:38:30'),(806,28,23,'2018-11-06 19:38:30','2018-11-06 19:38:30'),(807,28,8,'2018-11-06 19:38:30','2018-11-06 19:38:30'),(808,28,35,'2018-11-06 19:38:30','2018-11-06 19:38:30'),(809,28,7,'2018-11-06 19:38:30','2018-11-06 19:38:30'),(810,28,45,'2018-11-06 19:38:30','2018-11-06 19:38:30'),(811,28,32,'2018-11-06 19:38:30','2018-11-06 19:38:30'),(812,28,39,'2018-11-06 19:38:30','2018-11-06 19:38:30'),(813,28,8,'2018-11-06 19:38:30','2018-11-06 19:38:30'),(814,28,12,'2018-11-06 19:38:30','2018-11-06 19:38:30'),(815,28,44,'2018-11-06 19:38:30','2018-11-06 19:38:30'),(816,28,33,'2018-11-06 19:38:30','2018-11-06 19:38:30'),(817,28,47,'2018-11-06 19:38:30','2018-11-06 19:38:30'),(818,28,33,'2018-11-06 19:38:30','2018-11-06 19:38:30'),(819,28,36,'2018-11-06 19:38:30','2018-11-06 19:38:30'),(820,28,13,'2018-11-06 19:38:30','2018-11-06 19:38:30'),(821,28,12,'2018-11-06 19:38:30','2018-11-06 19:38:30'),(822,28,4,'2018-11-06 19:38:30','2018-11-06 19:38:30'),(823,28,50,'2018-11-06 19:38:30','2018-11-06 19:38:30'),(824,28,1,'2018-11-06 19:38:30','2018-11-06 19:38:30'),(825,28,27,'2018-11-06 19:38:30','2018-11-06 19:38:30'),(826,28,27,'2018-11-06 19:38:30','2018-11-06 19:38:30'),(827,28,39,'2018-11-06 19:38:30','2018-11-06 19:38:30'),(828,28,47,'2018-11-06 19:38:30','2018-11-06 19:38:30'),(829,28,4,'2018-11-06 19:38:30','2018-11-06 19:38:30'),(830,28,22,'2018-11-06 19:38:30','2018-11-06 19:38:30'),(831,28,17,'2018-11-06 19:38:30','2018-11-06 19:38:30'),(832,28,11,'2018-11-06 19:38:30','2018-11-06 19:38:30'),(833,28,39,'2018-11-06 19:38:30','2018-11-06 19:38:30'),(834,28,15,'2018-11-06 19:38:30','2018-11-06 19:38:30'),(835,28,50,'2018-11-06 19:38:30','2018-11-06 19:38:30'),(836,28,46,'2018-11-06 19:38:30','2018-11-06 19:38:30'),(837,28,49,'2018-11-06 19:38:30','2018-11-06 19:38:30'),(838,28,37,'2018-11-06 19:38:31','2018-11-06 19:38:31'),(839,28,43,'2018-11-06 19:38:31','2018-11-06 19:38:31'),(840,28,38,'2018-11-06 19:38:31','2018-11-06 19:38:31'),(841,28,49,'2018-11-06 19:38:31','2018-11-06 19:38:31'),(842,28,23,'2018-11-06 19:38:31','2018-11-06 19:38:31'),(843,28,44,'2018-11-06 19:38:31','2018-11-06 19:38:31'),(844,28,42,'2018-11-06 19:38:31','2018-11-06 19:38:31'),(845,28,34,'2018-11-06 19:38:31','2018-11-06 19:38:31'),(846,28,3,'2018-11-06 19:38:31','2018-11-06 19:38:31'),(847,28,10,'2018-11-06 19:38:31','2018-11-06 19:38:31'),(848,28,30,'2018-11-06 19:38:31','2018-11-06 19:38:31'),(849,28,48,'2018-11-06 19:38:31','2018-11-06 19:38:31'),(850,28,42,'2018-11-06 19:38:31','2018-11-06 19:38:31'),(851,28,18,'2018-11-06 19:38:31','2018-11-06 19:38:31'),(852,28,13,'2018-11-06 19:38:31','2018-11-06 19:38:31'),(853,28,26,'2018-11-06 19:38:31','2018-11-06 19:38:31'),(854,28,22,'2018-11-06 19:38:31','2018-11-06 19:38:31'),(855,28,16,'2018-11-06 19:38:31','2018-11-06 19:38:31'),(856,28,12,'2018-11-06 19:38:31','2018-11-06 19:38:31'),(857,28,49,'2018-11-06 19:38:31','2018-11-06 19:38:31'),(858,28,13,'2018-11-06 19:38:31','2018-11-06 19:38:31'),(859,28,31,'2018-11-06 19:38:31','2018-11-06 19:38:31'),(860,28,32,'2018-11-06 19:38:31','2018-11-06 19:38:31'),(861,28,44,'2018-11-06 19:38:31','2018-11-06 19:38:31'),(862,28,12,'2018-11-06 19:38:31','2018-11-06 19:38:31'),(863,28,17,'2018-11-06 19:38:31','2018-11-06 19:38:31'),(864,28,28,'2018-11-06 19:38:31','2018-11-06 19:38:31'),(865,28,4,'2018-11-06 19:38:31','2018-11-06 19:38:31'),(866,28,32,'2018-11-06 19:38:31','2018-11-06 19:38:31'),(867,28,8,'2018-11-06 19:38:31','2018-11-06 19:38:31'),(868,28,33,'2018-11-06 19:38:31','2018-11-06 19:38:31'),(869,28,37,'2018-11-06 19:38:31','2018-11-06 19:38:31'),(870,28,43,'2018-11-06 19:38:31','2018-11-06 19:38:31'),(871,28,50,'2018-11-06 19:38:31','2018-11-06 19:38:31'),(872,28,15,'2018-11-06 19:38:31','2018-11-06 19:38:31'),(873,28,4,'2018-11-06 19:38:31','2018-11-06 19:38:31'),(874,28,27,'2018-11-06 19:38:31','2018-11-06 19:38:31'),(875,28,42,'2018-11-06 19:38:31','2018-11-06 19:38:31'),(876,28,17,'2018-11-06 19:38:31','2018-11-06 19:38:31'),(877,28,18,'2018-11-06 19:38:31','2018-11-06 19:38:31'),(878,28,47,'2018-11-06 19:38:31','2018-11-06 19:38:31'),(879,28,15,'2018-11-06 19:38:31','2018-11-06 19:38:31'),(880,28,39,'2018-11-06 19:38:31','2018-11-06 19:38:31'),(881,28,22,'2018-11-06 19:38:31','2018-11-06 19:38:31'),(882,28,1,'2018-11-06 19:38:31','2018-11-06 19:38:31'),(883,28,11,'2018-11-06 19:38:31','2018-11-06 19:38:31'),(884,28,47,'2018-11-06 19:38:31','2018-11-06 19:38:31'),(885,28,23,'2018-11-06 19:38:31','2018-11-06 19:38:31'),(886,28,40,'2018-11-06 19:38:31','2018-11-06 19:38:31'),(887,28,36,'2018-11-06 19:38:31','2018-11-06 19:38:31'),(888,28,36,'2018-11-06 19:38:31','2018-11-06 19:38:31'),(889,28,5,'2018-11-06 19:38:31','2018-11-06 19:38:31'),(890,28,17,'2018-11-06 19:38:31','2018-11-06 19:38:31'),(891,28,34,'2018-11-06 19:38:31','2018-11-06 19:38:31'),(892,28,38,'2018-11-06 19:38:31','2018-11-06 19:38:31'),(893,28,42,'2018-11-06 19:38:31','2018-11-06 19:38:31'),(894,28,4,'2018-11-06 19:38:31','2018-11-06 19:38:31'),(895,28,9,'2018-11-06 19:38:31','2018-11-06 19:38:31'),(896,28,43,'2018-11-06 19:38:31','2018-11-06 19:38:31'),(897,28,16,'2018-11-06 19:38:31','2018-11-06 19:38:31'),(898,29,45,'2018-11-06 19:38:31','2018-11-06 19:38:31'),(899,29,29,'2018-11-06 19:38:31','2018-11-06 19:38:31'),(900,29,8,'2018-11-06 19:38:31','2018-11-06 19:38:31'),(901,29,17,'2018-11-06 19:38:31','2018-11-06 19:38:31'),(902,29,26,'2018-11-06 19:38:31','2018-11-06 19:38:31'),(903,29,42,'2018-11-06 19:38:31','2018-11-06 19:38:31'),(904,29,5,'2018-11-06 19:38:31','2018-11-06 19:38:31'),(905,29,10,'2018-11-06 19:38:31','2018-11-06 19:38:31'),(906,29,23,'2018-11-06 19:38:31','2018-11-06 19:38:31'),(907,29,43,'2018-11-06 19:38:31','2018-11-06 19:38:31'),(908,29,2,'2018-11-06 19:38:31','2018-11-06 19:38:31'),(909,29,33,'2018-11-06 19:38:31','2018-11-06 19:38:31'),(910,29,35,'2018-11-06 19:38:31','2018-11-06 19:38:31'),(911,29,37,'2018-11-06 19:38:31','2018-11-06 19:38:31'),(912,29,35,'2018-11-06 19:38:31','2018-11-06 19:38:31'),(913,29,44,'2018-11-06 19:38:31','2018-11-06 19:38:31'),(914,29,25,'2018-11-06 19:38:31','2018-11-06 19:38:31'),(915,29,6,'2018-11-06 19:38:31','2018-11-06 19:38:31'),(916,29,36,'2018-11-06 19:38:31','2018-11-06 19:38:31'),(917,29,18,'2018-11-06 19:38:31','2018-11-06 19:38:31'),(918,29,34,'2018-11-06 19:38:31','2018-11-06 19:38:31'),(919,29,5,'2018-11-06 19:38:31','2018-11-06 19:38:31'),(920,29,17,'2018-11-06 19:38:31','2018-11-06 19:38:31'),(921,29,24,'2018-11-06 19:38:31','2018-11-06 19:38:31'),(922,29,49,'2018-11-06 19:38:31','2018-11-06 19:38:31'),(923,29,3,'2018-11-06 19:38:31','2018-11-06 19:38:31'),(924,29,6,'2018-11-06 19:38:31','2018-11-06 19:38:31'),(925,29,24,'2018-11-06 19:38:31','2018-11-06 19:38:31'),(926,29,46,'2018-11-06 19:38:31','2018-11-06 19:38:31'),(927,29,3,'2018-11-06 19:38:31','2018-11-06 19:38:31'),(928,29,32,'2018-11-06 19:38:31','2018-11-06 19:38:31'),(929,29,47,'2018-11-06 19:38:31','2018-11-06 19:38:31'),(930,29,43,'2018-11-06 19:38:31','2018-11-06 19:38:31'),(931,29,32,'2018-11-06 19:38:31','2018-11-06 19:38:31'),(932,29,1,'2018-11-06 19:38:31','2018-11-06 19:38:31'),(933,29,8,'2018-11-06 19:38:31','2018-11-06 19:38:31'),(934,29,16,'2018-11-06 19:38:31','2018-11-06 19:38:31'),(935,29,48,'2018-11-06 19:38:31','2018-11-06 19:38:31'),(936,29,4,'2018-11-06 19:38:31','2018-11-06 19:38:31'),(937,29,38,'2018-11-06 19:38:31','2018-11-06 19:38:31'),(938,29,42,'2018-11-06 19:38:31','2018-11-06 19:38:31'),(939,29,23,'2018-11-06 19:38:31','2018-11-06 19:38:31'),(940,29,4,'2018-11-06 19:38:31','2018-11-06 19:38:31'),(941,29,29,'2018-11-06 19:38:31','2018-11-06 19:38:31'),(942,29,2,'2018-11-06 19:38:31','2018-11-06 19:38:31'),(943,29,17,'2018-11-06 19:38:31','2018-11-06 19:38:31'),(944,29,15,'2018-11-06 19:38:31','2018-11-06 19:38:31'),(945,29,2,'2018-11-06 19:38:31','2018-11-06 19:38:31'),(946,29,47,'2018-11-06 19:38:31','2018-11-06 19:38:31'),(947,29,43,'2018-11-06 19:38:31','2018-11-06 19:38:31'),(948,29,13,'2018-11-06 19:38:31','2018-11-06 19:38:31'),(949,29,45,'2018-11-06 19:38:31','2018-11-06 19:38:31'),(950,29,13,'2018-11-06 19:38:31','2018-11-06 19:38:31'),(951,29,12,'2018-11-06 19:38:31','2018-11-06 19:38:31'),(952,29,42,'2018-11-06 19:38:31','2018-11-06 19:38:31'),(953,29,35,'2018-11-06 19:38:31','2018-11-06 19:38:31'),(954,29,47,'2018-11-06 19:38:31','2018-11-06 19:38:31'),(955,29,9,'2018-11-06 19:38:31','2018-11-06 19:38:31'),(956,29,49,'2018-11-06 19:38:31','2018-11-06 19:38:31'),(957,29,16,'2018-11-06 19:38:31','2018-11-06 19:38:31'),(958,29,37,'2018-11-06 19:38:31','2018-11-06 19:38:31'),(959,29,29,'2018-11-06 19:38:31','2018-11-06 19:38:31'),(960,29,9,'2018-11-06 19:38:31','2018-11-06 19:38:31'),(961,29,3,'2018-11-06 19:38:31','2018-11-06 19:38:31'),(962,29,11,'2018-11-06 19:38:31','2018-11-06 19:38:31'),(963,29,32,'2018-11-06 19:38:31','2018-11-06 19:38:31'),(964,29,4,'2018-11-06 19:38:31','2018-11-06 19:38:31'),(965,29,25,'2018-11-06 19:38:31','2018-11-06 19:38:31'),(966,29,16,'2018-11-06 19:38:31','2018-11-06 19:38:31'),(967,29,1,'2018-11-06 19:38:31','2018-11-06 19:38:31'),(968,29,17,'2018-11-06 19:38:31','2018-11-06 19:38:31'),(969,29,37,'2018-11-06 19:38:31','2018-11-06 19:38:31'),(970,29,42,'2018-11-06 19:38:31','2018-11-06 19:38:31'),(971,29,22,'2018-11-06 19:38:32','2018-11-06 19:38:32'),(972,29,33,'2018-11-06 19:38:32','2018-11-06 19:38:32'),(973,29,37,'2018-11-06 19:38:32','2018-11-06 19:38:32'),(974,29,3,'2018-11-06 19:38:32','2018-11-06 19:38:32'),(975,29,5,'2018-11-06 19:38:32','2018-11-06 19:38:32'),(976,29,19,'2018-11-06 19:38:32','2018-11-06 19:38:32'),(977,29,27,'2018-11-06 19:38:32','2018-11-06 19:38:32'),(978,29,47,'2018-11-06 19:38:32','2018-11-06 19:38:32'),(979,29,42,'2018-11-06 19:38:32','2018-11-06 19:38:32'),(980,29,31,'2018-11-06 19:38:32','2018-11-06 19:38:32'),(981,29,49,'2018-11-06 19:38:32','2018-11-06 19:38:32'),(982,29,41,'2018-11-06 19:38:32','2018-11-06 19:38:32'),(983,29,49,'2018-11-06 19:38:32','2018-11-06 19:38:32'),(984,29,36,'2018-11-06 19:38:32','2018-11-06 19:38:32'),(985,29,31,'2018-11-06 19:38:32','2018-11-06 19:38:32'),(986,29,24,'2018-11-06 19:38:32','2018-11-06 19:38:32'),(987,29,24,'2018-11-06 19:38:32','2018-11-06 19:38:32'),(988,29,49,'2018-11-06 19:38:32','2018-11-06 19:38:32'),(989,29,46,'2018-11-06 19:38:32','2018-11-06 19:38:32'),(990,29,22,'2018-11-06 19:38:32','2018-11-06 19:38:32'),(991,29,9,'2018-11-06 19:38:32','2018-11-06 19:38:32'),(992,29,11,'2018-11-06 19:38:32','2018-11-06 19:38:32'),(993,29,38,'2018-11-06 19:38:32','2018-11-06 19:38:32'),(994,29,6,'2018-11-06 19:38:32','2018-11-06 19:38:32'),(995,29,5,'2018-11-06 19:38:32','2018-11-06 19:38:32'),(996,29,8,'2018-11-06 19:38:32','2018-11-06 19:38:32'),(997,29,4,'2018-11-06 19:38:32','2018-11-06 19:38:32'),(998,29,19,'2018-11-06 19:38:32','2018-11-06 19:38:32'),(999,29,9,'2018-11-06 19:38:32','2018-11-06 19:38:32'),(1000,29,47,'2018-11-06 19:38:32','2018-11-06 19:38:32'),(1001,29,47,'2018-11-06 19:38:32','2018-11-06 19:38:32'),(1002,29,13,'2018-11-06 19:38:32','2018-11-06 19:38:32'),(1003,29,49,'2018-11-06 19:38:32','2018-11-06 19:38:32'),(1004,29,49,'2018-11-06 19:38:32','2018-11-06 19:38:32'),(1005,29,21,'2018-11-06 19:38:32','2018-11-06 19:38:32'),(1006,29,29,'2018-11-06 19:38:32','2018-11-06 19:38:32'),(1007,29,6,'2018-11-06 19:38:32','2018-11-06 19:38:32'),(1008,29,24,'2018-11-06 19:38:32','2018-11-06 19:38:32'),(1009,29,46,'2018-11-06 19:38:32','2018-11-06 19:38:32'),(1010,29,21,'2018-11-06 19:38:32','2018-11-06 19:38:32'),(1011,29,27,'2018-11-06 19:38:32','2018-11-06 19:38:32'),(1012,29,33,'2018-11-06 19:38:32','2018-11-06 19:38:32'),(1013,29,5,'2018-11-06 19:38:32','2018-11-06 19:38:32'),(1014,29,14,'2018-11-06 19:38:32','2018-11-06 19:38:32'),(1015,29,37,'2018-11-06 19:38:32','2018-11-06 19:38:32'),(1016,29,31,'2018-11-06 19:38:32','2018-11-06 19:38:32'),(1017,29,16,'2018-11-06 19:38:32','2018-11-06 19:38:32'),(1018,29,36,'2018-11-06 19:38:32','2018-11-06 19:38:32'),(1019,29,9,'2018-11-06 19:38:32','2018-11-06 19:38:32'),(1020,29,7,'2018-11-06 19:38:32','2018-11-06 19:38:32'),(1021,29,21,'2018-11-06 19:38:32','2018-11-06 19:38:32'),(1022,29,49,'2018-11-06 19:38:32','2018-11-06 19:38:32'),(1023,29,29,'2018-11-06 19:38:32','2018-11-06 19:38:32'),(1024,29,10,'2018-11-06 19:38:32','2018-11-06 19:38:32'),(1025,29,4,'2018-11-06 19:38:32','2018-11-06 19:38:32'),(1026,29,9,'2018-11-06 19:38:32','2018-11-06 19:38:32'),(1027,29,11,'2018-11-06 19:38:32','2018-11-06 19:38:32'),(1028,29,43,'2018-11-06 19:38:32','2018-11-06 19:38:32'),(1029,29,8,'2018-11-06 19:38:32','2018-11-06 19:38:32'),(1030,29,11,'2018-11-06 19:38:32','2018-11-06 19:38:32'),(1031,29,42,'2018-11-06 19:38:32','2018-11-06 19:38:32'),(1032,29,29,'2018-11-06 19:38:32','2018-11-06 19:38:32'),(1033,29,47,'2018-11-06 19:38:32','2018-11-06 19:38:32'),(1034,29,43,'2018-11-06 19:38:32','2018-11-06 19:38:32'),(1035,29,36,'2018-11-06 19:38:32','2018-11-06 19:38:32'),(1036,29,22,'2018-11-06 19:38:32','2018-11-06 19:38:32'),(1037,29,34,'2018-11-06 19:38:32','2018-11-06 19:38:32'),(1038,29,14,'2018-11-06 19:38:32','2018-11-06 19:38:32'),(1039,29,23,'2018-11-06 19:38:32','2018-11-06 19:38:32'),(1040,29,17,'2018-11-06 19:38:32','2018-11-06 19:38:32'),(1041,29,42,'2018-11-06 19:38:32','2018-11-06 19:38:32'),(1042,29,30,'2018-11-06 19:38:32','2018-11-06 19:38:32'),(1043,29,12,'2018-11-06 19:38:32','2018-11-06 19:38:32'),(1044,29,2,'2018-11-06 19:38:32','2018-11-06 19:38:32'),(1045,29,35,'2018-11-06 19:38:32','2018-11-06 19:38:32'),(1046,29,48,'2018-11-06 19:38:32','2018-11-06 19:38:32'),(1047,29,47,'2018-11-06 19:38:32','2018-11-06 19:38:32'),(1048,29,13,'2018-11-06 19:38:32','2018-11-06 19:38:32'),(1049,29,10,'2018-11-06 19:38:32','2018-11-06 19:38:32'),(1050,29,4,'2018-11-06 19:38:32','2018-11-06 19:38:32'),(1051,29,34,'2018-11-06 19:38:32','2018-11-06 19:38:32'),(1052,29,30,'2018-11-06 19:38:32','2018-11-06 19:38:32'),(1053,29,25,'2018-11-06 19:38:32','2018-11-06 19:38:32'),(1054,29,6,'2018-11-06 19:38:32','2018-11-06 19:38:32'),(1055,29,33,'2018-11-06 19:38:32','2018-11-06 19:38:32'),(1056,29,5,'2018-11-06 19:38:32','2018-11-06 19:38:32'),(1057,29,6,'2018-11-06 19:38:32','2018-11-06 19:38:32'),(1058,29,32,'2018-11-06 19:38:32','2018-11-06 19:38:32'),(1059,29,50,'2018-11-06 19:38:32','2018-11-06 19:38:32'),(1060,29,27,'2018-11-06 19:38:32','2018-11-06 19:38:32'),(1061,29,7,'2018-11-06 19:38:32','2018-11-06 19:38:32'),(1062,29,43,'2018-11-06 19:38:32','2018-11-06 19:38:32'),(1063,29,9,'2018-11-06 19:38:32','2018-11-06 19:38:32'),(1064,29,14,'2018-11-06 19:38:32','2018-11-06 19:38:32'),(1065,29,17,'2018-11-06 19:38:32','2018-11-06 19:38:32'),(1066,29,12,'2018-11-06 19:38:32','2018-11-06 19:38:32'),(1067,29,1,'2018-11-06 19:38:32','2018-11-06 19:38:32'),(1068,29,50,'2018-11-06 19:38:32','2018-11-06 19:38:32'),(1069,29,17,'2018-11-06 19:38:32','2018-11-06 19:38:32'),(1070,29,1,'2018-11-06 19:38:32','2018-11-06 19:38:32'),(1071,29,14,'2018-11-06 19:38:32','2018-11-06 19:38:32'),(1072,29,44,'2018-11-06 19:38:32','2018-11-06 19:38:32'),(1073,29,30,'2018-11-06 19:38:32','2018-11-06 19:38:32'),(1074,29,19,'2018-11-06 19:38:32','2018-11-06 19:38:32'),(1075,29,43,'2018-11-06 19:38:32','2018-11-06 19:38:32'),(1076,29,1,'2018-11-06 19:38:32','2018-11-06 19:38:32'),(1077,29,28,'2018-11-06 19:38:32','2018-11-06 19:38:32'),(1078,29,29,'2018-11-06 19:38:32','2018-11-06 19:38:32'),(1079,30,21,'2018-11-06 19:38:32','2018-11-06 19:38:32'),(1080,30,6,'2018-11-06 19:38:32','2018-11-06 19:38:32'),(1081,30,41,'2018-11-06 19:38:32','2018-11-06 19:38:32'),(1082,30,45,'2018-11-06 19:38:32','2018-11-06 19:38:32'),(1083,30,49,'2018-11-06 19:38:32','2018-11-06 19:38:32'),(1084,30,48,'2018-11-06 19:38:32','2018-11-06 19:38:32'),(1085,30,18,'2018-11-06 19:38:32','2018-11-06 19:38:32'),(1086,30,47,'2018-11-06 19:38:32','2018-11-06 19:38:32'),(1087,30,2,'2018-11-06 19:38:32','2018-11-06 19:38:32'),(1088,30,48,'2018-11-06 19:38:32','2018-11-06 19:38:32'),(1089,30,26,'2018-11-06 19:38:32','2018-11-06 19:38:32'),(1090,30,3,'2018-11-06 19:38:32','2018-11-06 19:38:32'),(1091,30,22,'2018-11-06 19:38:32','2018-11-06 19:38:32'),(1092,30,15,'2018-11-06 19:38:32','2018-11-06 19:38:32'),(1093,30,45,'2018-11-06 19:38:32','2018-11-06 19:38:32'),(1094,30,13,'2018-11-06 19:38:32','2018-11-06 19:38:32'),(1095,30,8,'2018-11-06 19:38:32','2018-11-06 19:38:32'),(1096,30,30,'2018-11-06 19:38:32','2018-11-06 19:38:32'),(1097,30,38,'2018-11-06 19:38:32','2018-11-06 19:38:32'),(1098,30,18,'2018-11-06 19:38:32','2018-11-06 19:38:32'),(1099,30,35,'2018-11-06 19:38:33','2018-11-06 19:38:33'),(1100,30,13,'2018-11-06 19:38:33','2018-11-06 19:38:33'),(1101,30,8,'2018-11-06 19:38:33','2018-11-06 19:38:33'),(1102,30,6,'2018-11-06 19:38:33','2018-11-06 19:38:33'),(1103,30,49,'2018-11-06 19:38:33','2018-11-06 19:38:33'),(1104,30,23,'2018-11-06 19:38:33','2018-11-06 19:38:33'),(1105,31,30,'2018-11-06 19:38:33','2018-11-06 19:38:33'),(1106,31,14,'2018-11-06 19:38:33','2018-11-06 19:38:33'),(1107,31,44,'2018-11-06 19:38:33','2018-11-06 19:38:33'),(1108,31,38,'2018-11-06 19:38:33','2018-11-06 19:38:33'),(1109,31,20,'2018-11-06 19:38:33','2018-11-06 19:38:33'),(1110,31,46,'2018-11-06 19:38:33','2018-11-06 19:38:33'),(1111,31,33,'2018-11-06 19:38:33','2018-11-06 19:38:33'),(1112,31,36,'2018-11-06 19:38:33','2018-11-06 19:38:33'),(1113,31,19,'2018-11-06 19:38:33','2018-11-06 19:38:33'),(1114,32,13,'2018-11-06 19:38:33','2018-11-06 19:38:33'),(1115,32,13,'2018-11-06 19:38:33','2018-11-06 19:38:33'),(1116,32,33,'2018-11-06 19:38:33','2018-11-06 19:38:33'),(1117,32,27,'2018-11-06 19:38:33','2018-11-06 19:38:33'),(1118,32,25,'2018-11-06 19:38:33','2018-11-06 19:38:33'),(1119,32,24,'2018-11-06 19:38:33','2018-11-06 19:38:33'),(1120,32,36,'2018-11-06 19:38:33','2018-11-06 19:38:33'),(1121,32,44,'2018-11-06 19:38:33','2018-11-06 19:38:33'),(1122,32,31,'2018-11-06 19:38:33','2018-11-06 19:38:33'),(1123,33,2,'2018-11-06 19:38:33','2018-11-06 19:38:33'),(1124,33,19,'2018-11-06 19:38:33','2018-11-06 19:38:33'),(1125,33,34,'2018-11-06 19:38:33','2018-11-06 19:38:33'),(1126,33,12,'2018-11-06 19:38:33','2018-11-06 19:38:33'),(1127,33,9,'2018-11-06 19:38:33','2018-11-06 19:38:33'),(1128,33,6,'2018-11-06 19:38:33','2018-11-06 19:38:33'),(1129,33,6,'2018-11-06 19:38:33','2018-11-06 19:38:33'),(1130,33,5,'2018-11-06 19:38:33','2018-11-06 19:38:33'),(1131,33,1,'2018-11-06 19:38:33','2018-11-06 19:38:33'),(1132,33,32,'2018-11-06 19:38:33','2018-11-06 19:38:33'),(1133,33,44,'2018-11-06 19:38:33','2018-11-06 19:38:33'),(1134,33,22,'2018-11-06 19:38:33','2018-11-06 19:38:33'),(1135,33,40,'2018-11-06 19:38:33','2018-11-06 19:38:33'),(1136,34,3,'2018-11-06 19:38:33','2018-11-06 19:38:33'),(1137,34,21,'2018-11-06 19:38:33','2018-11-06 19:38:33'),(1138,34,18,'2018-11-06 19:38:33','2018-11-06 19:38:33'),(1139,34,50,'2018-11-06 19:38:33','2018-11-06 19:38:33'),(1140,34,25,'2018-11-06 19:38:33','2018-11-06 19:38:33'),(1141,34,28,'2018-11-06 19:38:33','2018-11-06 19:38:33'),(1142,35,43,'2018-11-06 19:38:33','2018-11-06 19:38:33'),(1143,35,18,'2018-11-06 19:38:33','2018-11-06 19:38:33'),(1144,35,43,'2018-11-06 19:38:33','2018-11-06 19:38:33'),(1145,36,15,'2018-11-06 19:38:33','2018-11-06 19:38:33'),(1146,36,9,'2018-11-06 19:38:33','2018-11-06 19:38:33'),(1147,36,38,'2018-11-06 19:38:33','2018-11-06 19:38:33'),(1148,36,1,'2018-11-06 19:38:33','2018-11-06 19:38:33'),(1149,36,23,'2018-11-06 19:38:33','2018-11-06 19:38:33'),(1150,36,5,'2018-11-06 19:38:33','2018-11-06 19:38:33'),(1151,36,34,'2018-11-06 19:38:33','2018-11-06 19:38:33'),(1152,36,22,'2018-11-06 19:38:33','2018-11-06 19:38:33'),(1153,36,3,'2018-11-06 19:38:33','2018-11-06 19:38:33'),(1154,36,22,'2018-11-06 19:38:33','2018-11-06 19:38:33'),(1155,36,29,'2018-11-06 19:38:33','2018-11-06 19:38:33'),(1156,36,9,'2018-11-06 19:38:33','2018-11-06 19:38:33'),(1157,36,49,'2018-11-06 19:38:33','2018-11-06 19:38:33'),(1158,36,11,'2018-11-06 19:38:33','2018-11-06 19:38:33'),(1159,36,17,'2018-11-06 19:38:33','2018-11-06 19:38:33'),(1160,36,31,'2018-11-06 19:38:33','2018-11-06 19:38:33'),(1161,36,25,'2018-11-06 19:38:33','2018-11-06 19:38:33'),(1162,36,50,'2018-11-06 19:38:33','2018-11-06 19:38:33'),(1163,36,31,'2018-11-06 19:38:33','2018-11-06 19:38:33'),(1164,36,23,'2018-11-06 19:38:33','2018-11-06 19:38:33'),(1165,36,45,'2018-11-06 19:38:33','2018-11-06 19:38:33'),(1166,36,1,'2018-11-06 19:38:33','2018-11-06 19:38:33'),(1167,36,45,'2018-11-06 19:38:33','2018-11-06 19:38:33'),(1168,36,43,'2018-11-06 19:38:33','2018-11-06 19:38:33'),(1169,36,20,'2018-11-06 19:38:33','2018-11-06 19:38:33'),(1170,36,4,'2018-11-06 19:38:33','2018-11-06 19:38:33'),(1171,36,10,'2018-11-06 19:38:33','2018-11-06 19:38:33'),(1172,36,25,'2018-11-06 19:38:33','2018-11-06 19:38:33'),(1173,36,29,'2018-11-06 19:38:33','2018-11-06 19:38:33'),(1174,36,4,'2018-11-06 19:38:33','2018-11-06 19:38:33'),(1175,36,32,'2018-11-06 19:38:33','2018-11-06 19:38:33'),(1176,36,32,'2018-11-06 19:38:33','2018-11-06 19:38:33'),(1177,36,8,'2018-11-06 19:38:33','2018-11-06 19:38:33'),(1178,36,19,'2018-11-06 19:38:33','2018-11-06 19:38:33'),(1179,36,36,'2018-11-06 19:38:33','2018-11-06 19:38:33'),(1180,36,3,'2018-11-06 19:38:33','2018-11-06 19:38:33'),(1181,36,5,'2018-11-06 19:38:33','2018-11-06 19:38:33'),(1182,36,50,'2018-11-06 19:38:33','2018-11-06 19:38:33'),(1183,36,47,'2018-11-06 19:38:33','2018-11-06 19:38:33'),(1184,36,28,'2018-11-06 19:38:33','2018-11-06 19:38:33'),(1185,36,20,'2018-11-06 19:38:33','2018-11-06 19:38:33'),(1186,36,28,'2018-11-06 19:38:33','2018-11-06 19:38:33'),(1187,36,11,'2018-11-06 19:38:33','2018-11-06 19:38:33'),(1188,36,27,'2018-11-06 19:38:33','2018-11-06 19:38:33'),(1189,36,8,'2018-11-06 19:38:33','2018-11-06 19:38:33'),(1190,36,38,'2018-11-06 19:38:33','2018-11-06 19:38:33'),(1191,36,10,'2018-11-06 19:38:33','2018-11-06 19:38:33'),(1192,36,40,'2018-11-06 19:38:33','2018-11-06 19:38:33'),(1193,36,15,'2018-11-06 19:38:33','2018-11-06 19:38:33'),(1194,36,2,'2018-11-06 19:38:33','2018-11-06 19:38:33'),(1195,36,27,'2018-11-06 19:38:33','2018-11-06 19:38:33'),(1196,36,13,'2018-11-06 19:38:33','2018-11-06 19:38:33'),(1197,36,9,'2018-11-06 19:38:33','2018-11-06 19:38:33'),(1198,36,30,'2018-11-06 19:38:33','2018-11-06 19:38:33'),(1199,36,30,'2018-11-06 19:38:33','2018-11-06 19:38:33'),(1200,36,35,'2018-11-06 19:38:33','2018-11-06 19:38:33'),(1201,36,26,'2018-11-06 19:38:33','2018-11-06 19:38:33'),(1202,36,11,'2018-11-06 19:38:33','2018-11-06 19:38:33'),(1203,36,49,'2018-11-06 19:38:33','2018-11-06 19:38:33'),(1204,36,21,'2018-11-06 19:38:33','2018-11-06 19:38:33'),(1205,36,38,'2018-11-06 19:38:33','2018-11-06 19:38:33'),(1206,36,13,'2018-11-06 19:38:33','2018-11-06 19:38:33'),(1207,36,12,'2018-11-06 19:38:33','2018-11-06 19:38:33'),(1208,36,36,'2018-11-06 19:38:33','2018-11-06 19:38:33'),(1209,36,42,'2018-11-06 19:38:33','2018-11-06 19:38:33'),(1210,36,2,'2018-11-06 19:38:33','2018-11-06 19:38:33'),(1211,36,37,'2018-11-06 19:38:33','2018-11-06 19:38:33'),(1212,36,9,'2018-11-06 19:38:33','2018-11-06 19:38:33'),(1213,36,35,'2018-11-06 19:38:33','2018-11-06 19:38:33'),(1214,36,33,'2018-11-06 19:38:33','2018-11-06 19:38:33'),(1215,36,30,'2018-11-06 19:38:33','2018-11-06 19:38:33'),(1216,36,32,'2018-11-06 19:38:33','2018-11-06 19:38:33'),(1217,36,32,'2018-11-06 19:38:33','2018-11-06 19:38:33'),(1218,36,16,'2018-11-06 19:38:33','2018-11-06 19:38:33'),(1219,36,25,'2018-11-06 19:38:33','2018-11-06 19:38:33'),(1220,36,26,'2018-11-06 19:38:33','2018-11-06 19:38:33'),(1221,36,40,'2018-11-06 19:38:33','2018-11-06 19:38:33'),(1222,36,18,'2018-11-06 19:38:33','2018-11-06 19:38:33'),(1223,36,1,'2018-11-06 19:38:33','2018-11-06 19:38:33'),(1224,36,40,'2018-11-06 19:38:33','2018-11-06 19:38:33'),(1225,36,26,'2018-11-06 19:38:33','2018-11-06 19:38:33'),(1226,36,14,'2018-11-06 19:38:33','2018-11-06 19:38:33'),(1227,40,10,'2018-11-06 19:38:33','2018-11-06 19:38:33'),(1228,40,31,'2018-11-06 19:38:33','2018-11-06 19:38:33'),(1229,40,18,'2018-11-06 19:38:33','2018-11-06 19:38:33'),(1230,40,3,'2018-11-06 19:38:33','2018-11-06 19:38:33'),(1231,41,22,'2018-11-06 19:38:33','2018-11-06 19:38:33'),(1232,42,19,'2018-11-06 19:38:33','2018-11-06 19:38:33'),(1233,43,7,'2018-11-06 19:38:33','2018-11-06 19:38:33'),(1234,43,3,'2018-11-06 19:38:33','2018-11-06 19:38:33'),(1235,43,26,'2018-11-06 19:38:33','2018-11-06 19:38:33'),(1236,43,28,'2018-11-06 19:38:33','2018-11-06 19:38:33'),(1237,43,23,'2018-11-06 19:38:33','2018-11-06 19:38:33'),(1238,43,34,'2018-11-06 19:38:33','2018-11-06 19:38:33'),(1239,43,49,'2018-11-06 19:38:33','2018-11-06 19:38:33'),(1240,43,30,'2018-11-06 19:38:33','2018-11-06 19:38:33'),(1241,43,6,'2018-11-06 19:38:33','2018-11-06 19:38:33'),(1242,43,31,'2018-11-06 19:38:33','2018-11-06 19:38:33'),(1243,43,26,'2018-11-06 19:38:33','2018-11-06 19:38:33'),(1244,43,23,'2018-11-06 19:38:33','2018-11-06 19:38:33'),(1245,43,11,'2018-11-06 19:38:34','2018-11-06 19:38:34'),(1246,43,31,'2018-11-06 19:38:34','2018-11-06 19:38:34'),(1247,43,43,'2018-11-06 19:38:34','2018-11-06 19:38:34'),(1248,43,5,'2018-11-06 19:38:34','2018-11-06 19:38:34'),(1249,43,41,'2018-11-06 19:38:34','2018-11-06 19:38:34'),(1250,43,22,'2018-11-06 19:38:34','2018-11-06 19:38:34'),(1251,43,36,'2018-11-06 19:38:34','2018-11-06 19:38:34'),(1252,43,1,'2018-11-06 19:38:34','2018-11-06 19:38:34'),(1253,43,39,'2018-11-06 19:38:34','2018-11-06 19:38:34'),(1254,43,46,'2018-11-06 19:38:34','2018-11-06 19:38:34'),(1255,43,3,'2018-11-06 19:38:34','2018-11-06 19:38:34'),(1256,43,2,'2018-11-06 19:38:34','2018-11-06 19:38:34'),(1257,43,5,'2018-11-06 19:38:34','2018-11-06 19:38:34'),(1258,43,31,'2018-11-06 19:38:34','2018-11-06 19:38:34'),(1259,43,41,'2018-11-06 19:38:34','2018-11-06 19:38:34'),(1260,43,18,'2018-11-06 19:38:34','2018-11-06 19:38:34'),(1261,43,31,'2018-11-06 19:38:34','2018-11-06 19:38:34'),(1262,43,5,'2018-11-06 19:38:34','2018-11-06 19:38:34'),(1263,43,7,'2018-11-06 19:38:34','2018-11-06 19:38:34'),(1264,43,43,'2018-11-06 19:38:34','2018-11-06 19:38:34'),(1265,43,17,'2018-11-06 19:38:34','2018-11-06 19:38:34'),(1266,43,10,'2018-11-06 19:38:34','2018-11-06 19:38:34'),(1267,43,23,'2018-11-06 19:38:34','2018-11-06 19:38:34'),(1268,43,37,'2018-11-06 19:38:34','2018-11-06 19:38:34'),(1269,43,32,'2018-11-06 19:38:34','2018-11-06 19:38:34'),(1270,43,44,'2018-11-06 19:38:34','2018-11-06 19:38:34'),(1271,43,43,'2018-11-06 19:38:34','2018-11-06 19:38:34'),(1272,43,16,'2018-11-06 19:38:34','2018-11-06 19:38:34'),(1273,43,26,'2018-11-06 19:38:34','2018-11-06 19:38:34'),(1274,43,38,'2018-11-06 19:38:34','2018-11-06 19:38:34'),(1275,43,9,'2018-11-06 19:38:34','2018-11-06 19:38:34'),(1276,43,35,'2018-11-06 19:38:34','2018-11-06 19:38:34'),(1277,43,33,'2018-11-06 19:38:34','2018-11-06 19:38:34'),(1278,43,9,'2018-11-06 19:38:34','2018-11-06 19:38:34'),(1279,43,43,'2018-11-06 19:38:34','2018-11-06 19:38:34'),(1280,43,11,'2018-11-06 19:38:34','2018-11-06 19:38:34'),(1281,43,43,'2018-11-06 19:38:34','2018-11-06 19:38:34'),(1282,43,17,'2018-11-06 19:38:34','2018-11-06 19:38:34'),(1283,43,1,'2018-11-06 19:38:34','2018-11-06 19:38:34'),(1284,43,30,'2018-11-06 19:38:34','2018-11-06 19:38:34'),(1285,43,1,'2018-11-06 19:38:34','2018-11-06 19:38:34'),(1286,43,6,'2018-11-06 19:38:34','2018-11-06 19:38:34'),(1287,43,5,'2018-11-06 19:38:34','2018-11-06 19:38:34'),(1288,43,22,'2018-11-06 19:38:34','2018-11-06 19:38:34'),(1289,43,19,'2018-11-06 19:38:34','2018-11-06 19:38:34'),(1290,43,22,'2018-11-06 19:38:34','2018-11-06 19:38:34'),(1291,43,40,'2018-11-06 19:38:34','2018-11-06 19:38:34'),(1292,43,23,'2018-11-06 19:38:34','2018-11-06 19:38:34'),(1293,43,16,'2018-11-06 19:38:34','2018-11-06 19:38:34'),(1294,43,47,'2018-11-06 19:38:34','2018-11-06 19:38:34'),(1295,43,3,'2018-11-06 19:38:34','2018-11-06 19:38:34'),(1296,43,11,'2018-11-06 19:38:34','2018-11-06 19:38:34'),(1297,43,26,'2018-11-06 19:38:34','2018-11-06 19:38:34'),(1298,43,36,'2018-11-06 19:38:34','2018-11-06 19:38:34'),(1299,43,34,'2018-11-06 19:38:34','2018-11-06 19:38:34'),(1300,43,13,'2018-11-06 19:38:34','2018-11-06 19:38:34'),(1301,43,26,'2018-11-06 19:38:34','2018-11-06 19:38:34'),(1302,43,29,'2018-11-06 19:38:34','2018-11-06 19:38:34'),(1303,43,20,'2018-11-06 19:38:34','2018-11-06 19:38:34'),(1304,43,29,'2018-11-06 19:38:34','2018-11-06 19:38:34'),(1305,43,26,'2018-11-06 19:38:34','2018-11-06 19:38:34'),(1306,43,36,'2018-11-06 19:38:34','2018-11-06 19:38:34'),(1307,43,2,'2018-11-06 19:38:34','2018-11-06 19:38:34'),(1308,43,13,'2018-11-06 19:38:34','2018-11-06 19:38:34'),(1309,43,41,'2018-11-06 19:38:34','2018-11-06 19:38:34'),(1310,43,28,'2018-11-06 19:38:34','2018-11-06 19:38:34'),(1311,43,48,'2018-11-06 19:38:34','2018-11-06 19:38:34'),(1312,43,31,'2018-11-06 19:38:34','2018-11-06 19:38:34'),(1313,43,31,'2018-11-06 19:38:34','2018-11-06 19:38:34'),(1314,43,44,'2018-11-06 19:38:34','2018-11-06 19:38:34'),(1315,43,34,'2018-11-06 19:38:34','2018-11-06 19:38:34'),(1316,43,30,'2018-11-06 19:38:34','2018-11-06 19:38:34'),(1317,43,35,'2018-11-06 19:38:34','2018-11-06 19:38:34'),(1318,43,13,'2018-11-06 19:38:34','2018-11-06 19:38:34'),(1319,43,11,'2018-11-06 19:38:34','2018-11-06 19:38:34'),(1320,43,26,'2018-11-06 19:38:34','2018-11-06 19:38:34'),(1321,43,25,'2018-11-06 19:38:34','2018-11-06 19:38:34'),(1322,43,36,'2018-11-06 19:38:34','2018-11-06 19:38:34'),(1323,43,44,'2018-11-06 19:38:34','2018-11-06 19:38:34'),(1324,43,12,'2018-11-06 19:38:34','2018-11-06 19:38:34'),(1325,43,20,'2018-11-06 19:38:34','2018-11-06 19:38:34'),(1326,43,26,'2018-11-06 19:38:34','2018-11-06 19:38:34'),(1327,43,45,'2018-11-06 19:38:34','2018-11-06 19:38:34'),(1328,43,46,'2018-11-06 19:38:34','2018-11-06 19:38:34'),(1329,43,35,'2018-11-06 19:38:34','2018-11-06 19:38:34'),(1330,43,9,'2018-11-06 19:38:34','2018-11-06 19:38:34'),(1331,43,20,'2018-11-06 19:38:34','2018-11-06 19:38:34'),(1332,43,5,'2018-11-06 19:38:34','2018-11-06 19:38:34'),(1333,43,41,'2018-11-06 19:38:34','2018-11-06 19:38:34'),(1334,43,20,'2018-11-06 19:38:34','2018-11-06 19:38:34'),(1335,43,40,'2018-11-06 19:38:34','2018-11-06 19:38:34'),(1336,43,29,'2018-11-06 19:38:34','2018-11-06 19:38:34'),(1337,43,20,'2018-11-06 19:38:34','2018-11-06 19:38:34'),(1338,44,14,'2018-11-06 19:38:34','2018-11-06 19:38:34'),(1339,44,32,'2018-11-06 19:38:34','2018-11-06 19:38:34'),(1340,44,45,'2018-11-06 19:38:34','2018-11-06 19:38:34'),(1341,44,29,'2018-11-06 19:38:34','2018-11-06 19:38:34'),(1342,44,11,'2018-11-06 19:38:34','2018-11-06 19:38:34'),(1343,44,32,'2018-11-06 19:38:34','2018-11-06 19:38:34'),(1344,44,9,'2018-11-06 19:38:34','2018-11-06 19:38:34'),(1345,44,26,'2018-11-06 19:38:34','2018-11-06 19:38:34'),(1346,44,37,'2018-11-06 19:38:34','2018-11-06 19:38:34'),(1347,44,22,'2018-11-06 19:38:34','2018-11-06 19:38:34'),(1348,44,47,'2018-11-06 19:38:34','2018-11-06 19:38:34'),(1349,44,26,'2018-11-06 19:38:34','2018-11-06 19:38:34'),(1350,44,41,'2018-11-06 19:38:34','2018-11-06 19:38:34'),(1351,44,22,'2018-11-06 19:38:34','2018-11-06 19:38:34'),(1352,44,8,'2018-11-06 19:38:34','2018-11-06 19:38:34'),(1353,44,36,'2018-11-06 19:38:34','2018-11-06 19:38:34'),(1354,44,7,'2018-11-06 19:38:34','2018-11-06 19:38:34'),(1355,44,14,'2018-11-06 19:38:34','2018-11-06 19:38:34'),(1356,44,40,'2018-11-06 19:38:34','2018-11-06 19:38:34'),(1357,44,5,'2018-11-06 19:38:34','2018-11-06 19:38:34'),(1358,44,42,'2018-11-06 19:38:34','2018-11-06 19:38:34'),(1359,44,20,'2018-11-06 19:38:34','2018-11-06 19:38:34'),(1360,44,27,'2018-11-06 19:38:34','2018-11-06 19:38:34'),(1361,44,42,'2018-11-06 19:38:34','2018-11-06 19:38:34'),(1362,44,4,'2018-11-06 19:38:34','2018-11-06 19:38:34'),(1363,44,8,'2018-11-06 19:38:34','2018-11-06 19:38:34'),(1364,44,31,'2018-11-06 19:38:34','2018-11-06 19:38:34'),(1365,44,47,'2018-11-06 19:38:34','2018-11-06 19:38:34'),(1366,44,2,'2018-11-06 19:38:34','2018-11-06 19:38:34'),(1367,44,43,'2018-11-06 19:38:34','2018-11-06 19:38:34'),(1368,44,18,'2018-11-06 19:38:34','2018-11-06 19:38:34'),(1369,44,9,'2018-11-06 19:38:34','2018-11-06 19:38:34'),(1370,44,1,'2018-11-06 19:38:34','2018-11-06 19:38:34'),(1371,44,32,'2018-11-06 19:38:34','2018-11-06 19:38:34'),(1372,44,45,'2018-11-06 19:38:35','2018-11-06 19:38:35'),(1373,44,41,'2018-11-06 19:38:35','2018-11-06 19:38:35'),(1374,44,41,'2018-11-06 19:38:35','2018-11-06 19:38:35'),(1375,44,29,'2018-11-06 19:38:35','2018-11-06 19:38:35'),(1376,44,5,'2018-11-06 19:38:35','2018-11-06 19:38:35'),(1377,44,25,'2018-11-06 19:38:35','2018-11-06 19:38:35'),(1378,44,13,'2018-11-06 19:38:35','2018-11-06 19:38:35'),(1379,44,33,'2018-11-06 19:38:35','2018-11-06 19:38:35'),(1380,44,19,'2018-11-06 19:38:35','2018-11-06 19:38:35'),(1381,44,49,'2018-11-06 19:38:35','2018-11-06 19:38:35'),(1382,44,10,'2018-11-06 19:38:35','2018-11-06 19:38:35'),(1383,44,45,'2018-11-06 19:38:35','2018-11-06 19:38:35'),(1384,44,20,'2018-11-06 19:38:35','2018-11-06 19:38:35'),(1385,44,17,'2018-11-06 19:38:35','2018-11-06 19:38:35'),(1386,44,37,'2018-11-06 19:38:35','2018-11-06 19:38:35'),(1387,44,44,'2018-11-06 19:38:35','2018-11-06 19:38:35'),(1388,44,11,'2018-11-06 19:38:35','2018-11-06 19:38:35'),(1389,44,45,'2018-11-06 19:38:35','2018-11-06 19:38:35'),(1390,44,19,'2018-11-06 19:38:35','2018-11-06 19:38:35'),(1391,44,41,'2018-11-06 19:38:35','2018-11-06 19:38:35'),(1392,44,8,'2018-11-06 19:38:35','2018-11-06 19:38:35'),(1393,44,33,'2018-11-06 19:38:35','2018-11-06 19:38:35'),(1394,44,48,'2018-11-06 19:38:35','2018-11-06 19:38:35'),(1395,44,40,'2018-11-06 19:38:35','2018-11-06 19:38:35'),(1396,44,28,'2018-11-06 19:38:35','2018-11-06 19:38:35'),(1397,44,19,'2018-11-06 19:38:35','2018-11-06 19:38:35'),(1398,44,12,'2018-11-06 19:38:35','2018-11-06 19:38:35'),(1399,44,29,'2018-11-06 19:38:35','2018-11-06 19:38:35'),(1400,44,15,'2018-11-06 19:38:35','2018-11-06 19:38:35'),(1401,44,2,'2018-11-06 19:38:35','2018-11-06 19:38:35'),(1402,44,50,'2018-11-06 19:38:35','2018-11-06 19:38:35'),(1403,44,43,'2018-11-06 19:38:35','2018-11-06 19:38:35'),(1404,44,42,'2018-11-06 19:38:35','2018-11-06 19:38:35'),(1405,44,8,'2018-11-06 19:38:35','2018-11-06 19:38:35'),(1406,44,6,'2018-11-06 19:38:35','2018-11-06 19:38:35'),(1407,45,24,'2018-11-06 19:38:35','2018-11-06 19:38:35'),(1408,45,1,'2018-11-06 19:38:35','2018-11-06 19:38:35'),(1409,45,30,'2018-11-06 19:38:35','2018-11-06 19:38:35'),(1410,45,10,'2018-11-06 19:38:35','2018-11-06 19:38:35'),(1411,45,40,'2018-11-06 19:38:35','2018-11-06 19:38:35'),(1412,45,17,'2018-11-06 19:38:35','2018-11-06 19:38:35'),(1413,45,43,'2018-11-06 19:38:35','2018-11-06 19:38:35'),(1414,45,15,'2018-11-06 19:38:35','2018-11-06 19:38:35'),(1415,45,17,'2018-11-06 19:38:35','2018-11-06 19:38:35'),(1416,45,27,'2018-11-06 19:38:35','2018-11-06 19:38:35'),(1417,45,37,'2018-11-06 19:38:35','2018-11-06 19:38:35'),(1418,45,32,'2018-11-06 19:38:35','2018-11-06 19:38:35'),(1419,45,33,'2018-11-06 19:38:35','2018-11-06 19:38:35'),(1420,45,7,'2018-11-06 19:38:35','2018-11-06 19:38:35'),(1421,45,11,'2018-11-06 19:38:35','2018-11-06 19:38:35'),(1422,45,7,'2018-11-06 19:38:35','2018-11-06 19:38:35'),(1423,45,11,'2018-11-06 19:38:35','2018-11-06 19:38:35'),(1424,45,16,'2018-11-06 19:38:35','2018-11-06 19:38:35'),(1425,45,47,'2018-11-06 19:38:35','2018-11-06 19:38:35'),(1426,45,19,'2018-11-06 19:38:35','2018-11-06 19:38:35'),(1427,45,47,'2018-11-06 19:38:35','2018-11-06 19:38:35'),(1428,45,32,'2018-11-06 19:38:35','2018-11-06 19:38:35'),(1429,45,16,'2018-11-06 19:38:35','2018-11-06 19:38:35'),(1430,45,35,'2018-11-06 19:38:35','2018-11-06 19:38:35'),(1431,45,37,'2018-11-06 19:38:35','2018-11-06 19:38:35'),(1432,45,35,'2018-11-06 19:38:35','2018-11-06 19:38:35'),(1433,45,40,'2018-11-06 19:38:35','2018-11-06 19:38:35'),(1434,45,4,'2018-11-06 19:38:35','2018-11-06 19:38:35'),(1435,45,24,'2018-11-06 19:38:35','2018-11-06 19:38:35'),(1436,45,45,'2018-11-06 19:38:35','2018-11-06 19:38:35'),(1437,45,32,'2018-11-06 19:38:35','2018-11-06 19:38:35'),(1438,45,16,'2018-11-06 19:38:35','2018-11-06 19:38:35'),(1439,45,48,'2018-11-06 19:38:35','2018-11-06 19:38:35'),(1440,45,20,'2018-11-06 19:38:35','2018-11-06 19:38:35'),(1441,45,13,'2018-11-06 19:38:35','2018-11-06 19:38:35'),(1442,45,49,'2018-11-06 19:38:35','2018-11-06 19:38:35'),(1443,45,16,'2018-11-06 19:38:35','2018-11-06 19:38:35'),(1444,45,12,'2018-11-06 19:38:35','2018-11-06 19:38:35'),(1445,45,17,'2018-11-06 19:38:35','2018-11-06 19:38:35'),(1446,45,27,'2018-11-06 19:38:35','2018-11-06 19:38:35'),(1447,45,13,'2018-11-06 19:38:35','2018-11-06 19:38:35'),(1448,45,1,'2018-11-06 19:38:35','2018-11-06 19:38:35'),(1449,45,10,'2018-11-06 19:38:35','2018-11-06 19:38:35'),(1450,45,21,'2018-11-06 19:38:35','2018-11-06 19:38:35'),(1451,45,19,'2018-11-06 19:38:35','2018-11-06 19:38:35'),(1452,45,38,'2018-11-06 19:38:35','2018-11-06 19:38:35'),(1453,45,33,'2018-11-06 19:38:35','2018-11-06 19:38:35'),(1454,45,12,'2018-11-06 19:38:35','2018-11-06 19:38:35'),(1455,45,10,'2018-11-06 19:38:35','2018-11-06 19:38:35'),(1456,45,32,'2018-11-06 19:38:35','2018-11-06 19:38:35'),(1457,45,14,'2018-11-06 19:38:35','2018-11-06 19:38:35'),(1458,45,13,'2018-11-06 19:38:35','2018-11-06 19:38:35'),(1459,45,49,'2018-11-06 19:38:35','2018-11-06 19:38:35'),(1460,45,9,'2018-11-06 19:38:35','2018-11-06 19:38:35'),(1461,45,2,'2018-11-06 19:38:35','2018-11-06 19:38:35'),(1462,45,31,'2018-11-06 19:38:35','2018-11-06 19:38:35'),(1463,45,43,'2018-11-06 19:38:35','2018-11-06 19:38:35'),(1464,46,18,'2018-11-06 19:38:35','2018-11-06 19:38:35'),(1465,46,22,'2018-11-06 19:38:35','2018-11-06 19:38:35'),(1466,46,40,'2018-11-06 19:38:35','2018-11-06 19:38:35'),(1467,46,39,'2018-11-06 19:38:35','2018-11-06 19:38:35'),(1468,46,32,'2018-11-06 19:38:35','2018-11-06 19:38:35'),(1469,46,35,'2018-11-06 19:38:35','2018-11-06 19:38:35'),(1470,46,12,'2018-11-06 19:38:35','2018-11-06 19:38:35'),(1471,46,46,'2018-11-06 19:38:35','2018-11-06 19:38:35'),(1472,46,9,'2018-11-06 19:38:35','2018-11-06 19:38:35'),(1473,46,11,'2018-11-06 19:38:35','2018-11-06 19:38:35'),(1474,46,41,'2018-11-06 19:38:35','2018-11-06 19:38:35'),(1475,46,32,'2018-11-06 19:38:35','2018-11-06 19:38:35'),(1476,46,42,'2018-11-06 19:38:35','2018-11-06 19:38:35'),(1477,46,21,'2018-11-06 19:38:35','2018-11-06 19:38:35'),(1478,46,15,'2018-11-06 19:38:35','2018-11-06 19:38:35'),(1479,46,15,'2018-11-06 19:38:35','2018-11-06 19:38:35'),(1480,46,5,'2018-11-06 19:38:35','2018-11-06 19:38:35'),(1481,46,21,'2018-11-06 19:38:35','2018-11-06 19:38:35'),(1482,46,49,'2018-11-06 19:38:35','2018-11-06 19:38:35'),(1483,46,43,'2018-11-06 19:38:35','2018-11-06 19:38:35'),(1484,46,33,'2018-11-06 19:38:35','2018-11-06 19:38:35'),(1485,46,18,'2018-11-06 19:38:35','2018-11-06 19:38:35'),(1486,46,17,'2018-11-06 19:38:35','2018-11-06 19:38:35'),(1487,46,22,'2018-11-06 19:38:35','2018-11-06 19:38:35'),(1488,46,46,'2018-11-06 19:38:35','2018-11-06 19:38:35'),(1489,46,25,'2018-11-06 19:38:35','2018-11-06 19:38:35'),(1490,46,46,'2018-11-06 19:38:35','2018-11-06 19:38:35'),(1491,46,26,'2018-11-06 19:38:35','2018-11-06 19:38:35'),(1492,46,45,'2018-11-06 19:38:35','2018-11-06 19:38:35'),(1493,46,1,'2018-11-06 19:38:35','2018-11-06 19:38:35'),(1494,46,44,'2018-11-06 19:38:35','2018-11-06 19:38:35'),(1495,46,45,'2018-11-06 19:38:35','2018-11-06 19:38:35'),(1496,46,50,'2018-11-06 19:38:35','2018-11-06 19:38:35'),(1497,46,7,'2018-11-06 19:38:35','2018-11-06 19:38:35'),(1498,46,33,'2018-11-06 19:38:35','2018-11-06 19:38:35'),(1499,46,7,'2018-11-06 19:38:35','2018-11-06 19:38:35'),(1500,47,44,'2018-11-06 19:38:35','2018-11-06 19:38:35'),(1501,47,21,'2018-11-06 19:38:35','2018-11-06 19:38:35'),(1502,47,42,'2018-11-06 19:38:35','2018-11-06 19:38:35'),(1503,47,42,'2018-11-06 19:38:35','2018-11-06 19:38:35'),(1504,47,40,'2018-11-06 19:38:35','2018-11-06 19:38:35'),(1505,47,40,'2018-11-06 19:38:35','2018-11-06 19:38:35'),(1506,47,7,'2018-11-06 19:38:35','2018-11-06 19:38:35'),(1507,47,36,'2018-11-06 19:38:35','2018-11-06 19:38:35'),(1508,47,35,'2018-11-06 19:38:35','2018-11-06 19:38:35'),(1509,47,17,'2018-11-06 19:38:35','2018-11-06 19:38:35'),(1510,47,46,'2018-11-06 19:38:35','2018-11-06 19:38:35'),(1511,47,29,'2018-11-06 19:38:35','2018-11-06 19:38:35'),(1512,47,44,'2018-11-06 19:38:35','2018-11-06 19:38:35'),(1513,47,49,'2018-11-06 19:38:35','2018-11-06 19:38:35'),(1514,47,33,'2018-11-06 19:38:35','2018-11-06 19:38:35'),(1515,47,10,'2018-11-06 19:38:35','2018-11-06 19:38:35'),(1516,47,25,'2018-11-06 19:38:35','2018-11-06 19:38:35'),(1517,47,44,'2018-11-06 19:38:35','2018-11-06 19:38:35'),(1518,47,23,'2018-11-06 19:38:35','2018-11-06 19:38:35'),(1519,47,23,'2018-11-06 19:38:35','2018-11-06 19:38:35'),(1520,47,48,'2018-11-06 19:38:35','2018-11-06 19:38:35'),(1521,47,29,'2018-11-06 19:38:35','2018-11-06 19:38:35'),(1522,47,38,'2018-11-06 19:38:35','2018-11-06 19:38:35'),(1523,47,31,'2018-11-06 19:38:35','2018-11-06 19:38:35'),(1524,47,23,'2018-11-06 19:38:35','2018-11-06 19:38:35'),(1525,47,49,'2018-11-06 19:38:35','2018-11-06 19:38:35'),(1526,47,30,'2018-11-06 19:38:35','2018-11-06 19:38:35'),(1527,47,32,'2018-11-06 19:38:35','2018-11-06 19:38:35'),(1528,47,50,'2018-11-06 19:38:35','2018-11-06 19:38:35'),(1529,47,37,'2018-11-06 19:38:35','2018-11-06 19:38:35'),(1530,47,16,'2018-11-06 19:38:35','2018-11-06 19:38:35'),(1531,47,20,'2018-11-06 19:38:35','2018-11-06 19:38:35'),(1532,47,19,'2018-11-06 19:38:35','2018-11-06 19:38:35'),(1533,47,42,'2018-11-06 19:38:35','2018-11-06 19:38:35'),(1534,47,34,'2018-11-06 19:38:35','2018-11-06 19:38:35'),(1535,47,9,'2018-11-06 19:38:35','2018-11-06 19:38:35'),(1536,47,10,'2018-11-06 19:38:35','2018-11-06 19:38:35'),(1537,47,5,'2018-11-06 19:38:35','2018-11-06 19:38:35'),(1538,47,9,'2018-11-06 19:38:35','2018-11-06 19:38:35'),(1539,47,45,'2018-11-06 19:38:35','2018-11-06 19:38:35'),(1540,47,50,'2018-11-06 19:38:36','2018-11-06 19:38:36'),(1541,47,42,'2018-11-06 19:38:36','2018-11-06 19:38:36'),(1542,47,26,'2018-11-06 19:38:36','2018-11-06 19:38:36'),(1543,47,35,'2018-11-06 19:38:36','2018-11-06 19:38:36'),(1544,47,49,'2018-11-06 19:38:36','2018-11-06 19:38:36'),(1545,47,15,'2018-11-06 19:38:36','2018-11-06 19:38:36'),(1546,47,23,'2018-11-06 19:38:36','2018-11-06 19:38:36'),(1547,47,5,'2018-11-06 19:38:36','2018-11-06 19:38:36'),(1548,47,33,'2018-11-06 19:38:36','2018-11-06 19:38:36'),(1549,47,2,'2018-11-06 19:38:36','2018-11-06 19:38:36'),(1550,47,16,'2018-11-06 19:38:36','2018-11-06 19:38:36'),(1551,47,12,'2018-11-06 19:38:36','2018-11-06 19:38:36'),(1552,47,38,'2018-11-06 19:38:36','2018-11-06 19:38:36'),(1553,47,26,'2018-11-06 19:38:36','2018-11-06 19:38:36'),(1554,47,39,'2018-11-06 19:38:36','2018-11-06 19:38:36'),(1555,47,37,'2018-11-06 19:38:36','2018-11-06 19:38:36'),(1556,47,19,'2018-11-06 19:38:36','2018-11-06 19:38:36'),(1557,47,18,'2018-11-06 19:38:36','2018-11-06 19:38:36'),(1558,47,47,'2018-11-06 19:38:36','2018-11-06 19:38:36'),(1559,47,17,'2018-11-06 19:38:36','2018-11-06 19:38:36'),(1560,47,14,'2018-11-06 19:38:36','2018-11-06 19:38:36'),(1561,47,15,'2018-11-06 19:38:36','2018-11-06 19:38:36'),(1562,47,27,'2018-11-06 19:38:36','2018-11-06 19:38:36'),(1563,47,34,'2018-11-06 19:38:36','2018-11-06 19:38:36'),(1564,47,46,'2018-11-06 19:38:36','2018-11-06 19:38:36'),(1565,47,50,'2018-11-06 19:38:36','2018-11-06 19:38:36'),(1566,47,50,'2018-11-06 19:38:36','2018-11-06 19:38:36'),(1567,47,17,'2018-11-06 19:38:36','2018-11-06 19:38:36'),(1568,47,31,'2018-11-06 19:38:36','2018-11-06 19:38:36'),(1569,47,21,'2018-11-06 19:38:36','2018-11-06 19:38:36'),(1570,47,2,'2018-11-06 19:38:36','2018-11-06 19:38:36'),(1571,47,23,'2018-11-06 19:38:36','2018-11-06 19:38:36'),(1572,47,22,'2018-11-06 19:38:36','2018-11-06 19:38:36'),(1573,47,3,'2018-11-06 19:38:36','2018-11-06 19:38:36'),(1574,47,20,'2018-11-06 19:38:36','2018-11-06 19:38:36'),(1575,47,7,'2018-11-06 19:38:36','2018-11-06 19:38:36'),(1576,47,35,'2018-11-06 19:38:36','2018-11-06 19:38:36'),(1577,47,34,'2018-11-06 19:38:36','2018-11-06 19:38:36'),(1578,47,35,'2018-11-06 19:38:36','2018-11-06 19:38:36'),(1579,47,30,'2018-11-06 19:38:36','2018-11-06 19:38:36'),(1580,47,38,'2018-11-06 19:38:36','2018-11-06 19:38:36'),(1581,47,28,'2018-11-06 19:38:36','2018-11-06 19:38:36'),(1582,47,17,'2018-11-06 19:38:36','2018-11-06 19:38:36'),(1583,47,25,'2018-11-06 19:38:36','2018-11-06 19:38:36'),(1584,47,29,'2018-11-06 19:38:36','2018-11-06 19:38:36'),(1585,47,36,'2018-11-06 19:38:36','2018-11-06 19:38:36'),(1586,47,49,'2018-11-06 19:38:36','2018-11-06 19:38:36'),(1587,47,43,'2018-11-06 19:38:36','2018-11-06 19:38:36'),(1588,47,14,'2018-11-06 19:38:36','2018-11-06 19:38:36'),(1589,47,3,'2018-11-06 19:38:36','2018-11-06 19:38:36'),(1590,47,38,'2018-11-06 19:38:36','2018-11-06 19:38:36'),(1591,47,21,'2018-11-06 19:38:36','2018-11-06 19:38:36'),(1592,47,44,'2018-11-06 19:38:36','2018-11-06 19:38:36'),(1593,47,2,'2018-11-06 19:38:36','2018-11-06 19:38:36'),(1594,47,29,'2018-11-06 19:38:36','2018-11-06 19:38:36'),(1595,47,2,'2018-11-06 19:38:36','2018-11-06 19:38:36'),(1596,47,20,'2018-11-06 19:38:36','2018-11-06 19:38:36'),(1597,47,14,'2018-11-06 19:38:36','2018-11-06 19:38:36'),(1598,47,34,'2018-11-06 19:38:36','2018-11-06 19:38:36'),(1599,47,44,'2018-11-06 19:38:36','2018-11-06 19:38:36'),(1600,47,18,'2018-11-06 19:38:36','2018-11-06 19:38:36'),(1601,47,35,'2018-11-06 19:38:36','2018-11-06 19:38:36'),(1602,47,28,'2018-11-06 19:38:36','2018-11-06 19:38:36'),(1603,47,7,'2018-11-06 19:38:36','2018-11-06 19:38:36'),(1604,47,14,'2018-11-06 19:38:36','2018-11-06 19:38:36'),(1605,48,14,'2018-11-06 19:38:36','2018-11-06 19:38:36'),(1606,48,1,'2018-11-06 19:38:36','2018-11-06 19:38:36'),(1607,48,42,'2018-11-06 19:38:36','2018-11-06 19:38:36'),(1608,48,45,'2018-11-06 19:38:36','2018-11-06 19:38:36'),(1609,48,31,'2018-11-06 19:38:36','2018-11-06 19:38:36'),(1610,48,16,'2018-11-06 19:38:36','2018-11-06 19:38:36'),(1611,48,13,'2018-11-06 19:38:36','2018-11-06 19:38:36'),(1612,48,40,'2018-11-06 19:38:36','2018-11-06 19:38:36'),(1613,48,12,'2018-11-06 19:38:36','2018-11-06 19:38:36'),(1614,48,35,'2018-11-06 19:38:36','2018-11-06 19:38:36'),(1615,49,47,'2018-11-06 19:38:36','2018-11-06 19:38:36'),(1616,49,23,'2018-11-06 19:38:36','2018-11-06 19:38:36'),(1617,49,27,'2018-11-06 19:38:36','2018-11-06 19:38:36'),(1618,49,40,'2018-11-06 19:38:36','2018-11-06 19:38:36'),(1619,49,47,'2018-11-06 19:38:36','2018-11-06 19:38:36'),(1620,50,41,'2018-11-06 19:38:36','2018-11-06 19:38:36'),(1621,50,29,'2018-11-06 19:38:36','2018-11-06 19:38:36'),(1622,50,15,'2018-11-06 19:38:36','2018-11-06 19:38:36'),(1623,50,3,'2018-11-06 19:38:36','2018-11-06 19:38:36'),(1624,50,11,'2018-11-06 19:38:36','2018-11-06 19:38:36'),(1625,50,4,'2018-11-06 19:38:36','2018-11-06 19:38:36'),(1626,50,20,'2018-11-06 19:38:36','2018-11-06 19:38:36'),(1627,50,18,'2018-11-06 19:38:36','2018-11-06 19:38:36'),(1628,50,1,'2018-11-06 19:38:36','2018-11-06 19:38:36'),(1629,50,10,'2018-11-06 19:38:36','2018-11-06 19:38:36'),(1630,50,41,'2018-11-06 19:38:36','2018-11-06 19:38:36'),(1631,50,33,'2018-11-06 19:38:36','2018-11-06 19:38:36'),(1632,50,46,'2018-11-06 19:38:36','2018-11-06 19:38:36'),(1633,50,44,'2018-11-06 19:38:36','2018-11-06 19:38:36'),(1634,50,34,'2018-11-06 19:38:36','2018-11-06 19:38:36'),(1635,50,13,'2018-11-06 19:38:36','2018-11-06 19:38:36'),(1636,50,6,'2018-11-06 19:38:36','2018-11-06 19:38:36'),(1637,50,50,'2018-11-06 19:38:36','2018-11-06 19:38:36'),(1638,51,3,'2018-11-06 19:38:36','2018-11-06 19:38:36'),(1639,51,12,'2018-11-06 19:38:36','2018-11-06 19:38:36'),(1640,51,2,'2018-11-06 19:38:36','2018-11-06 19:38:36'),(1641,51,34,'2018-11-06 19:38:36','2018-11-06 19:38:36'),(1642,51,49,'2018-11-06 19:38:36','2018-11-06 19:38:36'),(1643,51,50,'2018-11-06 19:38:36','2018-11-06 19:38:36'),(1644,51,9,'2018-11-06 19:38:36','2018-11-06 19:38:36'),(1645,51,10,'2018-11-06 19:38:36','2018-11-06 19:38:36'),(1646,51,50,'2018-11-06 19:38:36','2018-11-06 19:38:36'),(1647,51,23,'2018-11-06 19:38:36','2018-11-06 19:38:36'),(1648,51,25,'2018-11-06 19:38:36','2018-11-06 19:38:36'),(1649,51,26,'2018-11-06 19:38:36','2018-11-06 19:38:36'),(1650,51,27,'2018-11-06 19:38:36','2018-11-06 19:38:36'),(1651,51,10,'2018-11-06 19:38:36','2018-11-06 19:38:36'),(1652,53,29,'2018-11-06 19:38:36','2018-11-06 19:38:36'),(1653,53,46,'2018-11-06 19:38:36','2018-11-06 19:38:36'),(1654,53,1,'2018-11-06 19:38:36','2018-11-06 19:38:36'),(1655,53,32,'2018-11-06 19:38:36','2018-11-06 19:38:36'),(1656,53,37,'2018-11-06 19:38:36','2018-11-06 19:38:36'),(1657,53,37,'2018-11-06 19:38:36','2018-11-06 19:38:36'),(1658,53,6,'2018-11-06 19:38:36','2018-11-06 19:38:36'),(1659,53,46,'2018-11-06 19:38:36','2018-11-06 19:38:36'),(1660,53,32,'2018-11-06 19:38:36','2018-11-06 19:38:36'),(1661,56,23,'2018-11-06 19:38:36','2018-11-06 19:38:36'),(1662,56,31,'2018-11-06 19:38:36','2018-11-06 19:38:36'),(1663,56,35,'2018-11-06 19:38:36','2018-11-06 19:38:36'),(1664,56,15,'2018-11-06 19:38:36','2018-11-06 19:38:36'),(1665,56,26,'2018-11-06 19:38:36','2018-11-06 19:38:36'),(1666,56,34,'2018-11-06 19:38:36','2018-11-06 19:38:36'),(1667,56,37,'2018-11-06 19:38:36','2018-11-06 19:38:36'),(1668,56,6,'2018-11-06 19:38:36','2018-11-06 19:38:36'),(1669,56,19,'2018-11-06 19:38:36','2018-11-06 19:38:36'),(1670,56,23,'2018-11-06 19:38:36','2018-11-06 19:38:36'),(1671,56,33,'2018-11-06 19:38:36','2018-11-06 19:38:36'),(1672,56,25,'2018-11-06 19:38:36','2018-11-06 19:38:36'),(1673,56,45,'2018-11-06 19:38:36','2018-11-06 19:38:36'),(1674,56,11,'2018-11-06 19:38:36','2018-11-06 19:38:36'),(1675,56,11,'2018-11-06 19:38:36','2018-11-06 19:38:36'),(1676,56,24,'2018-11-06 19:38:36','2018-11-06 19:38:36'),(1677,56,23,'2018-11-06 19:38:36','2018-11-06 19:38:36'),(1678,56,21,'2018-11-06 19:38:36','2018-11-06 19:38:36'),(1679,56,4,'2018-11-06 19:38:36','2018-11-06 19:38:36'),(1680,56,10,'2018-11-06 19:38:36','2018-11-06 19:38:36'),(1681,56,47,'2018-11-06 19:38:36','2018-11-06 19:38:36'),(1682,56,25,'2018-11-06 19:38:36','2018-11-06 19:38:36'),(1683,56,8,'2018-11-06 19:38:36','2018-11-06 19:38:36'),(1684,56,22,'2018-11-06 19:38:36','2018-11-06 19:38:36'),(1685,56,36,'2018-11-06 19:38:36','2018-11-06 19:38:36'),(1686,56,3,'2018-11-06 19:38:36','2018-11-06 19:38:36'),(1687,56,7,'2018-11-06 19:38:36','2018-11-06 19:38:36'),(1688,56,42,'2018-11-06 19:38:36','2018-11-06 19:38:36'),(1689,56,16,'2018-11-06 19:38:36','2018-11-06 19:38:36'),(1690,56,13,'2018-11-06 19:38:36','2018-11-06 19:38:36'),(1691,56,29,'2018-11-06 19:38:36','2018-11-06 19:38:36'),(1692,56,30,'2018-11-06 19:38:36','2018-11-06 19:38:36'),(1693,56,7,'2018-11-06 19:38:36','2018-11-06 19:38:36'),(1694,56,12,'2018-11-06 19:38:36','2018-11-06 19:38:36'),(1695,56,45,'2018-11-06 19:38:36','2018-11-06 19:38:36'),(1696,56,2,'2018-11-06 19:38:36','2018-11-06 19:38:36'),(1697,56,4,'2018-11-06 19:38:36','2018-11-06 19:38:36'),(1698,56,27,'2018-11-06 19:38:36','2018-11-06 19:38:36'),(1699,56,33,'2018-11-06 19:38:36','2018-11-06 19:38:36'),(1700,56,18,'2018-11-06 19:38:36','2018-11-06 19:38:36'),(1701,56,23,'2018-11-06 19:38:36','2018-11-06 19:38:36'),(1702,56,10,'2018-11-06 19:38:36','2018-11-06 19:38:36'),(1703,56,8,'2018-11-06 19:38:36','2018-11-06 19:38:36'),(1704,56,40,'2018-11-06 19:38:36','2018-11-06 19:38:36'),(1705,56,40,'2018-11-06 19:38:36','2018-11-06 19:38:36'),(1706,56,15,'2018-11-06 19:38:36','2018-11-06 19:38:36'),(1707,56,39,'2018-11-06 19:38:36','2018-11-06 19:38:36'),(1708,56,8,'2018-11-06 19:38:36','2018-11-06 19:38:36'),(1709,56,30,'2018-11-06 19:38:36','2018-11-06 19:38:36'),(1710,56,19,'2018-11-06 19:38:36','2018-11-06 19:38:36'),(1711,56,32,'2018-11-06 19:38:36','2018-11-06 19:38:36'),(1712,56,11,'2018-11-06 19:38:36','2018-11-06 19:38:36'),(1713,56,32,'2018-11-06 19:38:36','2018-11-06 19:38:36'),(1714,56,22,'2018-11-06 19:38:37','2018-11-06 19:38:37'),(1715,56,21,'2018-11-06 19:38:37','2018-11-06 19:38:37'),(1716,56,7,'2018-11-06 19:38:37','2018-11-06 19:38:37'),(1717,56,50,'2018-11-06 19:38:37','2018-11-06 19:38:37'),(1718,56,18,'2018-11-06 19:38:37','2018-11-06 19:38:37'),(1719,56,20,'2018-11-06 19:38:37','2018-11-06 19:38:37'),(1720,56,26,'2018-11-06 19:38:37','2018-11-06 19:38:37'),(1721,56,27,'2018-11-06 19:38:37','2018-11-06 19:38:37'),(1722,56,49,'2018-11-06 19:38:37','2018-11-06 19:38:37'),(1723,56,30,'2018-11-06 19:38:37','2018-11-06 19:38:37'),(1724,56,27,'2018-11-06 19:38:37','2018-11-06 19:38:37'),(1725,56,33,'2018-11-06 19:38:37','2018-11-06 19:38:37'),(1726,56,23,'2018-11-06 19:38:37','2018-11-06 19:38:37'),(1727,56,15,'2018-11-06 19:38:37','2018-11-06 19:38:37'),(1728,56,36,'2018-11-06 19:38:37','2018-11-06 19:38:37'),(1729,56,25,'2018-11-06 19:38:37','2018-11-06 19:38:37'),(1730,56,36,'2018-11-06 19:38:37','2018-11-06 19:38:37'),(1731,56,7,'2018-11-06 19:38:37','2018-11-06 19:38:37'),(1732,56,20,'2018-11-06 19:38:37','2018-11-06 19:38:37'),(1733,56,43,'2018-11-06 19:38:37','2018-11-06 19:38:37'),(1734,56,50,'2018-11-06 19:38:37','2018-11-06 19:38:37'),(1735,56,44,'2018-11-06 19:38:37','2018-11-06 19:38:37'),(1736,56,25,'2018-11-06 19:38:37','2018-11-06 19:38:37'),(1737,56,17,'2018-11-06 19:38:37','2018-11-06 19:38:37'),(1738,56,30,'2018-11-06 19:38:37','2018-11-06 19:38:37'),(1739,56,36,'2018-11-06 19:38:37','2018-11-06 19:38:37'),(1740,56,13,'2018-11-06 19:38:37','2018-11-06 19:38:37'),(1741,56,21,'2018-11-06 19:38:37','2018-11-06 19:38:37'),(1742,56,38,'2018-11-06 19:38:37','2018-11-06 19:38:37'),(1743,56,27,'2018-11-06 19:38:37','2018-11-06 19:38:37'),(1744,56,41,'2018-11-06 19:38:37','2018-11-06 19:38:37'),(1745,56,6,'2018-11-06 19:38:37','2018-11-06 19:38:37'),(1746,56,44,'2018-11-06 19:38:37','2018-11-06 19:38:37'),(1747,56,8,'2018-11-06 19:38:37','2018-11-06 19:38:37'),(1748,56,21,'2018-11-06 19:38:37','2018-11-06 19:38:37'),(1749,56,11,'2018-11-06 19:38:37','2018-11-06 19:38:37'),(1750,56,6,'2018-11-06 19:38:37','2018-11-06 19:38:37'),(1751,56,13,'2018-11-06 19:38:37','2018-11-06 19:38:37'),(1752,56,17,'2018-11-06 19:38:37','2018-11-06 19:38:37'),(1753,56,6,'2018-11-06 19:38:37','2018-11-06 19:38:37'),(1754,56,33,'2018-11-06 19:38:37','2018-11-06 19:38:37'),(1755,56,17,'2018-11-06 19:38:37','2018-11-06 19:38:37'),(1756,56,20,'2018-11-06 19:38:37','2018-11-06 19:38:37'),(1757,56,25,'2018-11-06 19:38:37','2018-11-06 19:38:37'),(1758,56,21,'2018-11-06 19:38:37','2018-11-06 19:38:37'),(1759,56,5,'2018-11-06 19:38:37','2018-11-06 19:38:37'),(1760,56,38,'2018-11-06 19:38:37','2018-11-06 19:38:37'),(1761,56,37,'2018-11-06 19:38:37','2018-11-06 19:38:37'),(1762,56,18,'2018-11-06 19:38:37','2018-11-06 19:38:37'),(1763,56,32,'2018-11-06 19:38:37','2018-11-06 19:38:37'),(1764,56,31,'2018-11-06 19:38:37','2018-11-06 19:38:37'),(1765,56,7,'2018-11-06 19:38:37','2018-11-06 19:38:37'),(1766,56,33,'2018-11-06 19:38:37','2018-11-06 19:38:37'),(1767,56,13,'2018-11-06 19:38:37','2018-11-06 19:38:37'),(1768,56,23,'2018-11-06 19:38:37','2018-11-06 19:38:37'),(1769,56,30,'2018-11-06 19:38:37','2018-11-06 19:38:37'),(1770,56,4,'2018-11-06 19:38:37','2018-11-06 19:38:37'),(1771,56,14,'2018-11-06 19:38:37','2018-11-06 19:38:37'),(1772,56,36,'2018-11-06 19:38:37','2018-11-06 19:38:37'),(1773,56,13,'2018-11-06 19:38:37','2018-11-06 19:38:37'),(1774,56,18,'2018-11-06 19:38:37','2018-11-06 19:38:37'),(1775,56,36,'2018-11-06 19:38:37','2018-11-06 19:38:37'),(1776,56,44,'2018-11-06 19:38:37','2018-11-06 19:38:37'),(1777,56,13,'2018-11-06 19:38:37','2018-11-06 19:38:37'),(1778,56,16,'2018-11-06 19:38:37','2018-11-06 19:38:37'),(1779,56,12,'2018-11-06 19:38:37','2018-11-06 19:38:37'),(1780,56,19,'2018-11-06 19:38:37','2018-11-06 19:38:37'),(1781,56,1,'2018-11-06 19:38:37','2018-11-06 19:38:37'),(1782,56,36,'2018-11-06 19:38:37','2018-11-06 19:38:37'),(1783,56,2,'2018-11-06 19:38:37','2018-11-06 19:38:37'),(1784,56,42,'2018-11-06 19:38:37','2018-11-06 19:38:37'),(1785,56,28,'2018-11-06 19:38:37','2018-11-06 19:38:37'),(1786,56,23,'2018-11-06 19:38:37','2018-11-06 19:38:37'),(1787,56,5,'2018-11-06 19:38:37','2018-11-06 19:38:37'),(1788,56,9,'2018-11-06 19:38:37','2018-11-06 19:38:37'),(1789,56,41,'2018-11-06 19:38:37','2018-11-06 19:38:37'),(1790,56,34,'2018-11-06 19:38:37','2018-11-06 19:38:37'),(1791,56,35,'2018-11-06 19:38:37','2018-11-06 19:38:37'),(1792,56,13,'2018-11-06 19:38:37','2018-11-06 19:38:37'),(1793,56,31,'2018-11-06 19:38:37','2018-11-06 19:38:37'),(1794,56,21,'2018-11-06 19:38:37','2018-11-06 19:38:37'),(1795,56,13,'2018-11-06 19:38:37','2018-11-06 19:38:37'),(1796,57,41,'2018-11-06 19:38:37','2018-11-06 19:38:37'),(1797,57,41,'2018-11-06 19:38:37','2018-11-06 19:38:37'),(1798,57,18,'2018-11-06 19:38:37','2018-11-06 19:38:37'),(1799,57,36,'2018-11-06 19:38:37','2018-11-06 19:38:37'),(1800,57,26,'2018-11-06 19:38:37','2018-11-06 19:38:37'),(1801,57,39,'2018-11-06 19:38:37','2018-11-06 19:38:37'),(1802,57,33,'2018-11-06 19:38:37','2018-11-06 19:38:37'),(1803,57,7,'2018-11-06 19:38:37','2018-11-06 19:38:37'),(1804,57,1,'2018-11-06 19:38:37','2018-11-06 19:38:37'),(1805,57,28,'2018-11-06 19:38:37','2018-11-06 19:38:37'),(1806,57,16,'2018-11-06 19:38:37','2018-11-06 19:38:37'),(1807,57,4,'2018-11-06 19:38:37','2018-11-06 19:38:37'),(1808,57,43,'2018-11-06 19:38:37','2018-11-06 19:38:37'),(1809,57,16,'2018-11-06 19:38:37','2018-11-06 19:38:37'),(1810,57,11,'2018-11-06 19:38:37','2018-11-06 19:38:37'),(1811,57,4,'2018-11-06 19:38:37','2018-11-06 19:38:37'),(1812,57,6,'2018-11-06 19:38:37','2018-11-06 19:38:37'),(1813,57,23,'2018-11-06 19:38:37','2018-11-06 19:38:37'),(1814,57,49,'2018-11-06 19:38:37','2018-11-06 19:38:37'),(1815,57,29,'2018-11-06 19:38:37','2018-11-06 19:38:37'),(1816,57,19,'2018-11-06 19:38:37','2018-11-06 19:38:37'),(1817,57,45,'2018-11-06 19:38:37','2018-11-06 19:38:37'),(1818,57,20,'2018-11-06 19:38:37','2018-11-06 19:38:37'),(1819,57,27,'2018-11-06 19:38:37','2018-11-06 19:38:37'),(1820,57,25,'2018-11-06 19:38:37','2018-11-06 19:38:37'),(1821,57,18,'2018-11-06 19:38:37','2018-11-06 19:38:37'),(1822,57,39,'2018-11-06 19:38:37','2018-11-06 19:38:37'),(1823,57,29,'2018-11-06 19:38:37','2018-11-06 19:38:37'),(1824,57,22,'2018-11-06 19:38:37','2018-11-06 19:38:37'),(1825,57,31,'2018-11-06 19:38:37','2018-11-06 19:38:37'),(1826,57,24,'2018-11-06 19:38:37','2018-11-06 19:38:37'),(1827,57,2,'2018-11-06 19:38:37','2018-11-06 19:38:37'),(1828,57,46,'2018-11-06 19:38:37','2018-11-06 19:38:37'),(1829,57,38,'2018-11-06 19:38:37','2018-11-06 19:38:37'),(1830,57,14,'2018-11-06 19:38:37','2018-11-06 19:38:37'),(1831,57,2,'2018-11-06 19:38:37','2018-11-06 19:38:37'),(1832,57,6,'2018-11-06 19:38:37','2018-11-06 19:38:37'),(1833,57,41,'2018-11-06 19:38:37','2018-11-06 19:38:37'),(1834,57,9,'2018-11-06 19:38:37','2018-11-06 19:38:37'),(1835,57,48,'2018-11-06 19:38:37','2018-11-06 19:38:37'),(1836,57,30,'2018-11-06 19:38:37','2018-11-06 19:38:37'),(1837,57,37,'2018-11-06 19:38:37','2018-11-06 19:38:37'),(1838,57,7,'2018-11-06 19:38:37','2018-11-06 19:38:37'),(1839,57,21,'2018-11-06 19:38:37','2018-11-06 19:38:37'),(1840,57,8,'2018-11-06 19:38:37','2018-11-06 19:38:37'),(1841,57,5,'2018-11-06 19:38:37','2018-11-06 19:38:37'),(1842,57,11,'2018-11-06 19:38:37','2018-11-06 19:38:37'),(1843,57,1,'2018-11-06 19:38:37','2018-11-06 19:38:37'),(1844,57,22,'2018-11-06 19:38:37','2018-11-06 19:38:37'),(1845,57,6,'2018-11-06 19:38:37','2018-11-06 19:38:37'),(1846,57,10,'2018-11-06 19:38:37','2018-11-06 19:38:37'),(1847,57,37,'2018-11-06 19:38:37','2018-11-06 19:38:37'),(1848,57,48,'2018-11-06 19:38:37','2018-11-06 19:38:37'),(1849,57,43,'2018-11-06 19:38:37','2018-11-06 19:38:37'),(1850,57,11,'2018-11-06 19:38:37','2018-11-06 19:38:37'),(1851,57,19,'2018-11-06 19:38:37','2018-11-06 19:38:37'),(1852,57,18,'2018-11-06 19:38:37','2018-11-06 19:38:37'),(1853,58,5,'2018-11-06 19:38:37','2018-11-06 19:38:37'),(1854,58,48,'2018-11-06 19:38:37','2018-11-06 19:38:37'),(1855,58,8,'2018-11-06 19:38:37','2018-11-06 19:38:37'),(1856,58,15,'2018-11-06 19:38:37','2018-11-06 19:38:37'),(1857,58,7,'2018-11-06 19:38:37','2018-11-06 19:38:37'),(1858,58,34,'2018-11-06 19:38:37','2018-11-06 19:38:37'),(1859,58,14,'2018-11-06 19:38:37','2018-11-06 19:38:37'),(1860,58,49,'2018-11-06 19:38:37','2018-11-06 19:38:37'),(1861,58,9,'2018-11-06 19:38:37','2018-11-06 19:38:37'),(1862,58,48,'2018-11-06 19:38:37','2018-11-06 19:38:37'),(1863,58,31,'2018-11-06 19:38:37','2018-11-06 19:38:37'),(1864,58,27,'2018-11-06 19:38:37','2018-11-06 19:38:37'),(1865,58,40,'2018-11-06 19:38:37','2018-11-06 19:38:37'),(1866,58,15,'2018-11-06 19:38:37','2018-11-06 19:38:37'),(1867,58,19,'2018-11-06 19:38:37','2018-11-06 19:38:37'),(1868,58,9,'2018-11-06 19:38:37','2018-11-06 19:38:37'),(1869,58,10,'2018-11-06 19:38:37','2018-11-06 19:38:37'),(1870,58,13,'2018-11-06 19:38:37','2018-11-06 19:38:37'),(1871,58,31,'2018-11-06 19:38:37','2018-11-06 19:38:37'),(1872,58,41,'2018-11-06 19:38:37','2018-11-06 19:38:37'),(1873,58,44,'2018-11-06 19:38:37','2018-11-06 19:38:37'),(1874,58,25,'2018-11-06 19:38:37','2018-11-06 19:38:37'),(1875,58,44,'2018-11-06 19:38:37','2018-11-06 19:38:37'),(1876,58,22,'2018-11-06 19:38:37','2018-11-06 19:38:37'),(1877,58,35,'2018-11-06 19:38:37','2018-11-06 19:38:37'),(1878,58,43,'2018-11-06 19:38:37','2018-11-06 19:38:37'),(1879,58,48,'2018-11-06 19:38:37','2018-11-06 19:38:37'),(1880,58,19,'2018-11-06 19:38:37','2018-11-06 19:38:37'),(1881,58,30,'2018-11-06 19:38:37','2018-11-06 19:38:37'),(1882,58,20,'2018-11-06 19:38:38','2018-11-06 19:38:38'),(1883,58,11,'2018-11-06 19:38:38','2018-11-06 19:38:38'),(1884,58,1,'2018-11-06 19:38:38','2018-11-06 19:38:38'),(1885,58,4,'2018-11-06 19:38:38','2018-11-06 19:38:38'),(1886,58,20,'2018-11-06 19:38:38','2018-11-06 19:38:38'),(1887,58,50,'2018-11-06 19:38:38','2018-11-06 19:38:38'),(1888,58,20,'2018-11-06 19:38:38','2018-11-06 19:38:38'),(1889,58,16,'2018-11-06 19:38:38','2018-11-06 19:38:38'),(1890,58,20,'2018-11-06 19:38:38','2018-11-06 19:38:38'),(1891,58,46,'2018-11-06 19:38:38','2018-11-06 19:38:38'),(1892,58,39,'2018-11-06 19:38:38','2018-11-06 19:38:38'),(1893,58,10,'2018-11-06 19:38:38','2018-11-06 19:38:38'),(1894,58,17,'2018-11-06 19:38:38','2018-11-06 19:38:38'),(1895,58,39,'2018-11-06 19:38:38','2018-11-06 19:38:38'),(1896,58,24,'2018-11-06 19:38:38','2018-11-06 19:38:38'),(1897,58,8,'2018-11-06 19:38:38','2018-11-06 19:38:38'),(1898,58,38,'2018-11-06 19:38:38','2018-11-06 19:38:38'),(1899,58,47,'2018-11-06 19:38:38','2018-11-06 19:38:38'),(1900,58,35,'2018-11-06 19:38:38','2018-11-06 19:38:38'),(1901,58,50,'2018-11-06 19:38:38','2018-11-06 19:38:38'),(1902,58,40,'2018-11-06 19:38:38','2018-11-06 19:38:38'),(1903,58,24,'2018-11-06 19:38:38','2018-11-06 19:38:38'),(1904,58,29,'2018-11-06 19:38:38','2018-11-06 19:38:38'),(1905,58,39,'2018-11-06 19:38:38','2018-11-06 19:38:38'),(1906,58,30,'2018-11-06 19:38:38','2018-11-06 19:38:38'),(1907,58,12,'2018-11-06 19:38:38','2018-11-06 19:38:38'),(1908,58,16,'2018-11-06 19:38:38','2018-11-06 19:38:38'),(1909,58,49,'2018-11-06 19:38:38','2018-11-06 19:38:38'),(1910,58,39,'2018-11-06 19:38:38','2018-11-06 19:38:38'),(1911,58,27,'2018-11-06 19:38:38','2018-11-06 19:38:38'),(1912,58,28,'2018-11-06 19:38:38','2018-11-06 19:38:38'),(1913,58,15,'2018-11-06 19:38:38','2018-11-06 19:38:38'),(1914,58,39,'2018-11-06 19:38:38','2018-11-06 19:38:38'),(1915,58,24,'2018-11-06 19:38:38','2018-11-06 19:38:38'),(1916,58,7,'2018-11-06 19:38:38','2018-11-06 19:38:38'),(1917,58,7,'2018-11-06 19:38:38','2018-11-06 19:38:38'),(1918,58,38,'2018-11-06 19:38:38','2018-11-06 19:38:38'),(1919,58,16,'2018-11-06 19:38:38','2018-11-06 19:38:38'),(1920,58,36,'2018-11-06 19:38:38','2018-11-06 19:38:38'),(1921,58,46,'2018-11-06 19:38:38','2018-11-06 19:38:38'),(1922,58,49,'2018-11-06 19:38:38','2018-11-06 19:38:38'),(1923,58,3,'2018-11-06 19:38:38','2018-11-06 19:38:38'),(1924,58,21,'2018-11-06 19:38:38','2018-11-06 19:38:38'),(1925,58,29,'2018-11-06 19:38:38','2018-11-06 19:38:38'),(1926,58,43,'2018-11-06 19:38:38','2018-11-06 19:38:38'),(1927,58,11,'2018-11-06 19:38:38','2018-11-06 19:38:38'),(1928,58,20,'2018-11-06 19:38:38','2018-11-06 19:38:38'),(1929,58,31,'2018-11-06 19:38:38','2018-11-06 19:38:38'),(1930,58,17,'2018-11-06 19:38:38','2018-11-06 19:38:38'),(1931,58,26,'2018-11-06 19:38:38','2018-11-06 19:38:38'),(1932,58,9,'2018-11-06 19:38:38','2018-11-06 19:38:38'),(1933,58,2,'2018-11-06 19:38:38','2018-11-06 19:38:38'),(1934,58,37,'2018-11-06 19:38:38','2018-11-06 19:38:38'),(1935,58,4,'2018-11-06 19:38:38','2018-11-06 19:38:38'),(1936,58,46,'2018-11-06 19:38:38','2018-11-06 19:38:38'),(1937,58,2,'2018-11-06 19:38:38','2018-11-06 19:38:38'),(1938,58,4,'2018-11-06 19:38:38','2018-11-06 19:38:38'),(1939,58,2,'2018-11-06 19:38:38','2018-11-06 19:38:38'),(1940,58,39,'2018-11-06 19:38:38','2018-11-06 19:38:38'),(1941,58,14,'2018-11-06 19:38:38','2018-11-06 19:38:38'),(1942,58,12,'2018-11-06 19:38:38','2018-11-06 19:38:38'),(1943,58,24,'2018-11-06 19:38:38','2018-11-06 19:38:38'),(1944,58,33,'2018-11-06 19:38:38','2018-11-06 19:38:38'),(1945,58,33,'2018-11-06 19:38:38','2018-11-06 19:38:38'),(1946,58,26,'2018-11-06 19:38:38','2018-11-06 19:38:38'),(1947,58,48,'2018-11-06 19:38:38','2018-11-06 19:38:38'),(1948,58,24,'2018-11-06 19:38:38','2018-11-06 19:38:38'),(1949,58,16,'2018-11-06 19:38:38','2018-11-06 19:38:38'),(1950,58,39,'2018-11-06 19:38:38','2018-11-06 19:38:38'),(1951,58,28,'2018-11-06 19:38:38','2018-11-06 19:38:38'),(1952,58,32,'2018-11-06 19:38:38','2018-11-06 19:38:38'),(1953,58,37,'2018-11-06 19:38:38','2018-11-06 19:38:38'),(1954,58,19,'2018-11-06 19:38:38','2018-11-06 19:38:38'),(1955,58,50,'2018-11-06 19:38:38','2018-11-06 19:38:38'),(1956,59,44,'2018-11-06 19:38:38','2018-11-06 19:38:38'),(1957,59,41,'2018-11-06 19:38:38','2018-11-06 19:38:38'),(1958,59,40,'2018-11-06 19:38:38','2018-11-06 19:38:38'),(1959,59,2,'2018-11-06 19:38:38','2018-11-06 19:38:38'),(1960,59,28,'2018-11-06 19:38:38','2018-11-06 19:38:38'),(1961,59,5,'2018-11-06 19:38:38','2018-11-06 19:38:38'),(1962,59,49,'2018-11-06 19:38:38','2018-11-06 19:38:38'),(1963,59,23,'2018-11-06 19:38:38','2018-11-06 19:38:38'),(1964,59,46,'2018-11-06 19:38:38','2018-11-06 19:38:38'),(1965,59,32,'2018-11-06 19:38:38','2018-11-06 19:38:38'),(1966,59,6,'2018-11-06 19:38:38','2018-11-06 19:38:38'),(1967,59,40,'2018-11-06 19:38:38','2018-11-06 19:38:38'),(1968,59,22,'2018-11-06 19:38:38','2018-11-06 19:38:38'),(1969,59,11,'2018-11-06 19:38:38','2018-11-06 19:38:38'),(1970,59,22,'2018-11-06 19:38:38','2018-11-06 19:38:38'),(1971,59,25,'2018-11-06 19:38:38','2018-11-06 19:38:38'),(1972,59,2,'2018-11-06 19:38:38','2018-11-06 19:38:38'),(1973,59,26,'2018-11-06 19:38:38','2018-11-06 19:38:38'),(1974,59,19,'2018-11-06 19:38:38','2018-11-06 19:38:38'),(1975,59,25,'2018-11-06 19:38:38','2018-11-06 19:38:38'),(1976,59,2,'2018-11-06 19:38:38','2018-11-06 19:38:38'),(1977,59,48,'2018-11-06 19:38:38','2018-11-06 19:38:38'),(1978,59,2,'2018-11-06 19:38:38','2018-11-06 19:38:38'),(1979,59,33,'2018-11-06 19:38:38','2018-11-06 19:38:38'),(1980,59,41,'2018-11-06 19:38:38','2018-11-06 19:38:38'),(1981,59,44,'2018-11-06 19:38:38','2018-11-06 19:38:38'),(1982,59,43,'2018-11-06 19:38:38','2018-11-06 19:38:38'),(1983,59,50,'2018-11-06 19:38:38','2018-11-06 19:38:38'),(1984,59,22,'2018-11-06 19:38:38','2018-11-06 19:38:38'),(1985,59,15,'2018-11-06 19:38:38','2018-11-06 19:38:38'),(1986,59,7,'2018-11-06 19:38:38','2018-11-06 19:38:38'),(1987,59,36,'2018-11-06 19:38:38','2018-11-06 19:38:38'),(1988,59,29,'2018-11-06 19:38:38','2018-11-06 19:38:38'),(1989,59,33,'2018-11-06 19:38:38','2018-11-06 19:38:38'),(1990,59,1,'2018-11-06 19:38:38','2018-11-06 19:38:38'),(1991,59,44,'2018-11-06 19:38:38','2018-11-06 19:38:38'),(1992,59,25,'2018-11-06 19:38:38','2018-11-06 19:38:38'),(1993,59,15,'2018-11-06 19:38:38','2018-11-06 19:38:38'),(1994,59,43,'2018-11-06 19:38:38','2018-11-06 19:38:38'),(1995,59,37,'2018-11-06 19:38:38','2018-11-06 19:38:38'),(1996,59,4,'2018-11-06 19:38:38','2018-11-06 19:38:38'),(1997,59,29,'2018-11-06 19:38:38','2018-11-06 19:38:38'),(1998,59,41,'2018-11-06 19:38:38','2018-11-06 19:38:38'),(1999,59,37,'2018-11-06 19:38:38','2018-11-06 19:38:38'),(2000,59,15,'2018-11-06 19:38:38','2018-11-06 19:38:38'),(2001,59,14,'2018-11-06 19:38:38','2018-11-06 19:38:38'),(2002,59,15,'2018-11-06 19:38:38','2018-11-06 19:38:38'),(2003,59,44,'2018-11-06 19:38:38','2018-11-06 19:38:38'),(2004,59,27,'2018-11-06 19:38:38','2018-11-06 19:38:38'),(2005,59,8,'2018-11-06 19:38:38','2018-11-06 19:38:38'),(2006,59,24,'2018-11-06 19:38:38','2018-11-06 19:38:38'),(2007,59,8,'2018-11-06 19:38:38','2018-11-06 19:38:38'),(2008,59,8,'2018-11-06 19:38:38','2018-11-06 19:38:38'),(2009,59,39,'2018-11-06 19:38:38','2018-11-06 19:38:38'),(2010,59,25,'2018-11-06 19:38:38','2018-11-06 19:38:38'),(2011,59,21,'2018-11-06 19:38:38','2018-11-06 19:38:38'),(2012,59,12,'2018-11-06 19:38:38','2018-11-06 19:38:38'),(2013,59,46,'2018-11-06 19:38:38','2018-11-06 19:38:38'),(2014,59,31,'2018-11-06 19:38:38','2018-11-06 19:38:38'),(2015,59,22,'2018-11-06 19:38:38','2018-11-06 19:38:38'),(2016,59,39,'2018-11-06 19:38:38','2018-11-06 19:38:38'),(2017,59,40,'2018-11-06 19:38:38','2018-11-06 19:38:38'),(2018,59,24,'2018-11-06 19:38:38','2018-11-06 19:38:38'),(2019,59,15,'2018-11-06 19:38:39','2018-11-06 19:38:39'),(2020,59,9,'2018-11-06 19:38:39','2018-11-06 19:38:39'),(2021,59,15,'2018-11-06 19:38:39','2018-11-06 19:38:39'),(2022,59,48,'2018-11-06 19:38:39','2018-11-06 19:38:39'),(2023,59,28,'2018-11-06 19:38:39','2018-11-06 19:38:39'),(2024,59,41,'2018-11-06 19:38:39','2018-11-06 19:38:39'),(2025,59,43,'2018-11-06 19:38:39','2018-11-06 19:38:39'),(2026,60,47,'2018-11-06 19:38:39','2018-11-06 19:38:39'),(2027,60,23,'2018-11-06 19:38:39','2018-11-06 19:38:39'),(2028,60,49,'2018-11-06 19:38:39','2018-11-06 19:38:39'),(2029,60,39,'2018-11-06 19:38:39','2018-11-06 19:38:39'),(2030,60,26,'2018-11-06 19:38:39','2018-11-06 19:38:39'),(2031,60,34,'2018-11-06 19:38:39','2018-11-06 19:38:39'),(2032,60,29,'2018-11-06 19:38:39','2018-11-06 19:38:39'),(2033,60,5,'2018-11-06 19:38:39','2018-11-06 19:38:39'),(2034,60,46,'2018-11-06 19:38:39','2018-11-06 19:38:39'),(2035,60,3,'2018-11-06 19:38:39','2018-11-06 19:38:39'),(2036,60,32,'2018-11-06 19:38:39','2018-11-06 19:38:39'),(2037,60,6,'2018-11-06 19:38:39','2018-11-06 19:38:39'),(2038,60,39,'2018-11-06 19:38:39','2018-11-06 19:38:39'),(2039,60,15,'2018-11-06 19:38:39','2018-11-06 19:38:39'),(2040,60,1,'2018-11-06 19:38:39','2018-11-06 19:38:39'),(2041,60,5,'2018-11-06 19:38:39','2018-11-06 19:38:39'),(2042,60,20,'2018-11-06 19:38:39','2018-11-06 19:38:39'),(2043,60,48,'2018-11-06 19:38:39','2018-11-06 19:38:39'),(2044,60,42,'2018-11-06 19:38:39','2018-11-06 19:38:39'),(2045,60,15,'2018-11-06 19:38:39','2018-11-06 19:38:39'),(2046,61,31,'2018-11-06 19:38:39','2018-11-06 19:38:39'),(2047,61,44,'2018-11-06 19:38:39','2018-11-06 19:38:39'),(2048,61,30,'2018-11-06 19:38:39','2018-11-06 19:38:39'),(2049,61,1,'2018-11-06 19:38:39','2018-11-06 19:38:39'),(2050,61,31,'2018-11-06 19:38:39','2018-11-06 19:38:39'),(2051,61,5,'2018-11-06 19:38:39','2018-11-06 19:38:39'),(2052,62,4,'2018-11-06 19:38:39','2018-11-06 19:38:39'),(2053,62,28,'2018-11-06 19:38:39','2018-11-06 19:38:39'),(2054,62,32,'2018-11-06 19:38:39','2018-11-06 19:38:39'),(2055,62,21,'2018-11-06 19:38:39','2018-11-06 19:38:39'),(2056,62,7,'2018-11-06 19:38:39','2018-11-06 19:38:39'),(2057,62,41,'2018-11-06 19:38:39','2018-11-06 19:38:39'),(2058,62,17,'2018-11-06 19:38:39','2018-11-06 19:38:39'),(2059,63,35,'2018-11-06 19:38:39','2018-11-06 19:38:39'),(2060,63,29,'2018-11-06 19:38:39','2018-11-06 19:38:39'),(2061,63,43,'2018-11-06 19:38:39','2018-11-06 19:38:39'),(2062,63,5,'2018-11-06 19:38:39','2018-11-06 19:38:39'),(2063,63,1,'2018-11-06 19:38:39','2018-11-06 19:38:39'),(2064,63,19,'2018-11-06 19:38:39','2018-11-06 19:38:39'),(2065,63,20,'2018-11-06 19:38:39','2018-11-06 19:38:39'),(2066,63,11,'2018-11-06 19:38:39','2018-11-06 19:38:39'),(2067,63,27,'2018-11-06 19:38:39','2018-11-06 19:38:39'),(2068,63,4,'2018-11-06 19:38:39','2018-11-06 19:38:39'),(2069,63,47,'2018-11-06 19:38:39','2018-11-06 19:38:39'),(2070,63,32,'2018-11-06 19:38:39','2018-11-06 19:38:39'),(2071,63,9,'2018-11-06 19:38:39','2018-11-06 19:38:39'),(2072,63,38,'2018-11-06 19:38:39','2018-11-06 19:38:39'),(2073,63,20,'2018-11-06 19:38:39','2018-11-06 19:38:39'),(2074,63,13,'2018-11-06 19:38:39','2018-11-06 19:38:39'),(2075,63,49,'2018-11-06 19:38:39','2018-11-06 19:38:39'),(2076,63,37,'2018-11-06 19:38:39','2018-11-06 19:38:39'),(2077,63,30,'2018-11-06 19:38:39','2018-11-06 19:38:39'),(2078,63,37,'2018-11-06 19:38:39','2018-11-06 19:38:39'),(2079,63,44,'2018-11-06 19:38:39','2018-11-06 19:38:39'),(2080,63,20,'2018-11-06 19:38:39','2018-11-06 19:38:39'),(2081,63,40,'2018-11-06 19:38:39','2018-11-06 19:38:39'),(2082,63,33,'2018-11-06 19:38:39','2018-11-06 19:38:39'),(2083,63,40,'2018-11-06 19:38:39','2018-11-06 19:38:39'),(2084,63,13,'2018-11-06 19:38:39','2018-11-06 19:38:39'),(2085,63,27,'2018-11-06 19:38:39','2018-11-06 19:38:39'),(2086,63,14,'2018-11-06 19:38:39','2018-11-06 19:38:39'),(2087,63,21,'2018-11-06 19:38:39','2018-11-06 19:38:39'),(2088,63,12,'2018-11-06 19:38:39','2018-11-06 19:38:39'),(2089,63,49,'2018-11-06 19:38:39','2018-11-06 19:38:39'),(2090,63,35,'2018-11-06 19:38:39','2018-11-06 19:38:39'),(2091,63,17,'2018-11-06 19:38:39','2018-11-06 19:38:39'),(2092,63,45,'2018-11-06 19:38:39','2018-11-06 19:38:39'),(2093,63,30,'2018-11-06 19:38:39','2018-11-06 19:38:39'),(2094,63,40,'2018-11-06 19:38:39','2018-11-06 19:38:39'),(2095,63,28,'2018-11-06 19:38:39','2018-11-06 19:38:39'),(2096,63,23,'2018-11-06 19:38:39','2018-11-06 19:38:39'),(2097,63,26,'2018-11-06 19:38:39','2018-11-06 19:38:39'),(2098,63,38,'2018-11-06 19:38:39','2018-11-06 19:38:39'),(2099,63,50,'2018-11-06 19:38:39','2018-11-06 19:38:39'),(2100,63,48,'2018-11-06 19:38:39','2018-11-06 19:38:39'),(2101,63,26,'2018-11-06 19:38:39','2018-11-06 19:38:39'),(2102,63,45,'2018-11-06 19:38:39','2018-11-06 19:38:39'),(2103,63,25,'2018-11-06 19:38:39','2018-11-06 19:38:39'),(2104,63,22,'2018-11-06 19:38:39','2018-11-06 19:38:39'),(2105,63,6,'2018-11-06 19:38:39','2018-11-06 19:38:39'),(2106,63,35,'2018-11-06 19:38:39','2018-11-06 19:38:39'),(2107,63,43,'2018-11-06 19:38:39','2018-11-06 19:38:39'),(2108,63,11,'2018-11-06 19:38:39','2018-11-06 19:38:39'),(2109,63,18,'2018-11-06 19:38:39','2018-11-06 19:38:39'),(2110,63,49,'2018-11-06 19:38:39','2018-11-06 19:38:39'),(2111,63,47,'2018-11-06 19:38:39','2018-11-06 19:38:39'),(2112,63,10,'2018-11-06 19:38:39','2018-11-06 19:38:39'),(2113,63,26,'2018-11-06 19:38:39','2018-11-06 19:38:39'),(2114,63,27,'2018-11-06 19:38:39','2018-11-06 19:38:39'),(2115,63,21,'2018-11-06 19:38:39','2018-11-06 19:38:39'),(2116,63,15,'2018-11-06 19:38:39','2018-11-06 19:38:39'),(2117,63,47,'2018-11-06 19:38:39','2018-11-06 19:38:39'),(2118,63,17,'2018-11-06 19:38:39','2018-11-06 19:38:39'),(2119,63,32,'2018-11-06 19:38:39','2018-11-06 19:38:39'),(2120,63,14,'2018-11-06 19:38:39','2018-11-06 19:38:39'),(2121,63,17,'2018-11-06 19:38:39','2018-11-06 19:38:39'),(2122,63,49,'2018-11-06 19:38:39','2018-11-06 19:38:39'),(2123,63,9,'2018-11-06 19:38:39','2018-11-06 19:38:39'),(2124,64,10,'2018-11-06 19:38:39','2018-11-06 19:38:39'),(2125,64,7,'2018-11-06 19:38:39','2018-11-06 19:38:39'),(2126,64,46,'2018-11-06 19:38:39','2018-11-06 19:38:39'),(2127,64,41,'2018-11-06 19:38:39','2018-11-06 19:38:39'),(2128,64,45,'2018-11-06 19:38:39','2018-11-06 19:38:39'),(2129,64,24,'2018-11-06 19:38:39','2018-11-06 19:38:39'),(2130,64,48,'2018-11-06 19:38:39','2018-11-06 19:38:39'),(2131,64,28,'2018-11-06 19:38:39','2018-11-06 19:38:39'),(2132,64,1,'2018-11-06 19:38:39','2018-11-06 19:38:39'),(2133,64,21,'2018-11-06 19:38:39','2018-11-06 19:38:39'),(2134,64,20,'2018-11-06 19:38:39','2018-11-06 19:38:39'),(2135,64,25,'2018-11-06 19:38:39','2018-11-06 19:38:39'),(2136,64,9,'2018-11-06 19:38:39','2018-11-06 19:38:39'),(2137,64,30,'2018-11-06 19:38:39','2018-11-06 19:38:39'),(2138,64,24,'2018-11-06 19:38:39','2018-11-06 19:38:39'),(2139,64,38,'2018-11-06 19:38:39','2018-11-06 19:38:39'),(2140,64,47,'2018-11-06 19:38:39','2018-11-06 19:38:39'),(2141,65,3,'2018-11-06 19:38:39','2018-11-06 19:38:39'),(2142,65,26,'2018-11-06 19:38:39','2018-11-06 19:38:39'),(2143,65,35,'2018-11-06 19:38:39','2018-11-06 19:38:39'),(2144,65,45,'2018-11-06 19:38:39','2018-11-06 19:38:39'),(2145,65,49,'2018-11-06 19:38:39','2018-11-06 19:38:39'),(2146,65,19,'2018-11-06 19:38:39','2018-11-06 19:38:39'),(2147,65,24,'2018-11-06 19:38:39','2018-11-06 19:38:39'),(2148,65,19,'2018-11-06 19:38:39','2018-11-06 19:38:39'),(2149,65,16,'2018-11-06 19:38:39','2018-11-06 19:38:39'),(2150,65,6,'2018-11-06 19:38:39','2018-11-06 19:38:39'),(2151,65,31,'2018-11-06 19:38:39','2018-11-06 19:38:39'),(2152,65,1,'2018-11-06 19:38:39','2018-11-06 19:38:39'),(2153,65,39,'2018-11-06 19:38:39','2018-11-06 19:38:39'),(2154,65,38,'2018-11-06 19:38:39','2018-11-06 19:38:39'),(2155,65,46,'2018-11-06 19:38:39','2018-11-06 19:38:39'),(2156,66,29,'2018-11-06 19:38:39','2018-11-06 19:38:39'),(2157,66,41,'2018-11-06 19:38:39','2018-11-06 19:38:39'),(2158,66,50,'2018-11-06 19:38:39','2018-11-06 19:38:39'),(2159,67,48,'2018-11-06 19:38:39','2018-11-06 19:38:39'),(2160,67,45,'2018-11-06 19:38:39','2018-11-06 19:38:39'),(2161,68,2,'2018-11-06 19:38:39','2018-11-06 19:38:39'),(2162,68,1,'2018-11-06 19:38:39','2018-11-06 19:38:39'),(2163,68,30,'2018-11-06 19:38:40','2018-11-06 19:38:40'),(2164,68,38,'2018-11-06 19:38:40','2018-11-06 19:38:40'),(2165,68,11,'2018-11-06 19:38:40','2018-11-06 19:38:40'),(2166,68,14,'2018-11-06 19:38:40','2018-11-06 19:38:40'),(2167,68,22,'2018-11-06 19:38:40','2018-11-06 19:38:40'),(2168,68,22,'2018-11-06 19:38:40','2018-11-06 19:38:40'),(2169,68,41,'2018-11-06 19:38:40','2018-11-06 19:38:40'),(2170,68,23,'2018-11-06 19:38:40','2018-11-06 19:38:40'),(2171,69,13,'2018-11-06 19:38:40','2018-11-06 19:38:40'),(2172,69,38,'2018-11-06 19:38:40','2018-11-06 19:38:40'),(2173,69,8,'2018-11-06 19:38:40','2018-11-06 19:38:40'),(2174,69,4,'2018-11-06 19:38:40','2018-11-06 19:38:40'),(2175,69,16,'2018-11-06 19:38:40','2018-11-06 19:38:40'),(2176,69,19,'2018-11-06 19:38:40','2018-11-06 19:38:40'),(2177,69,45,'2018-11-06 19:38:40','2018-11-06 19:38:40'),(2178,69,25,'2018-11-06 19:38:40','2018-11-06 19:38:40'),(2179,69,9,'2018-11-06 19:38:40','2018-11-06 19:38:40'),(2180,69,2,'2018-11-06 19:38:40','2018-11-06 19:38:40'),(2181,70,28,'2018-11-06 19:38:40','2018-11-06 19:38:40'),(2182,70,39,'2018-11-06 19:38:40','2018-11-06 19:38:40'),(2183,70,23,'2018-11-06 19:38:40','2018-11-06 19:38:40'),(2184,70,49,'2018-11-06 19:38:40','2018-11-06 19:38:40'),(2185,70,42,'2018-11-06 19:38:40','2018-11-06 19:38:40'),(2186,70,3,'2018-11-06 19:38:40','2018-11-06 19:38:40'),(2187,70,19,'2018-11-06 19:38:40','2018-11-06 19:38:40'),(2188,70,30,'2018-11-06 19:38:40','2018-11-06 19:38:40'),(2189,70,46,'2018-11-06 19:38:40','2018-11-06 19:38:40'),(2190,70,8,'2018-11-06 19:38:40','2018-11-06 19:38:40'),(2191,70,34,'2018-11-06 19:38:40','2018-11-06 19:38:40'),(2192,70,39,'2018-11-06 19:38:40','2018-11-06 19:38:40'),(2193,70,35,'2018-11-06 19:38:40','2018-11-06 19:38:40'),(2194,70,49,'2018-11-06 19:38:40','2018-11-06 19:38:40'),(2195,70,38,'2018-11-06 19:38:40','2018-11-06 19:38:40'),(2196,70,43,'2018-11-06 19:38:40','2018-11-06 19:38:40'),(2197,70,32,'2018-11-06 19:38:40','2018-11-06 19:38:40'),(2198,70,2,'2018-11-06 19:38:40','2018-11-06 19:38:40'),(2199,70,30,'2018-11-06 19:38:40','2018-11-06 19:38:40'),(2200,70,38,'2018-11-06 19:38:40','2018-11-06 19:38:40'),(2201,70,9,'2018-11-06 19:38:40','2018-11-06 19:38:40'),(2202,70,16,'2018-11-06 19:38:40','2018-11-06 19:38:40'),(2203,70,3,'2018-11-06 19:38:40','2018-11-06 19:38:40'),(2204,70,17,'2018-11-06 19:38:40','2018-11-06 19:38:40'),(2205,70,25,'2018-11-06 19:38:40','2018-11-06 19:38:40'),(2206,70,31,'2018-11-06 19:38:40','2018-11-06 19:38:40'),(2207,70,36,'2018-11-06 19:38:40','2018-11-06 19:38:40'),(2208,70,41,'2018-11-06 19:38:40','2018-11-06 19:38:40'),(2209,70,18,'2018-11-06 19:38:40','2018-11-06 19:38:40'),(2210,70,49,'2018-11-06 19:38:40','2018-11-06 19:38:40'),(2211,70,15,'2018-11-06 19:38:40','2018-11-06 19:38:40'),(2212,70,16,'2018-11-06 19:38:40','2018-11-06 19:38:40'),(2213,70,18,'2018-11-06 19:38:40','2018-11-06 19:38:40'),(2214,70,19,'2018-11-06 19:38:40','2018-11-06 19:38:40'),(2215,71,45,'2018-11-06 19:38:40','2018-11-06 19:38:40'),(2216,71,46,'2018-11-06 19:38:40','2018-11-06 19:38:40'),(2217,71,29,'2018-11-06 19:38:40','2018-11-06 19:38:40'),(2218,71,46,'2018-11-06 19:38:40','2018-11-06 19:38:40'),(2219,71,25,'2018-11-06 19:38:40','2018-11-06 19:38:40'),(2220,71,29,'2018-11-06 19:38:40','2018-11-06 19:38:40'),(2221,71,14,'2018-11-06 19:38:40','2018-11-06 19:38:40'),(2222,71,15,'2018-11-06 19:38:40','2018-11-06 19:38:40'),(2223,71,48,'2018-11-06 19:38:40','2018-11-06 19:38:40'),(2224,71,25,'2018-11-06 19:38:40','2018-11-06 19:38:40'),(2225,71,24,'2018-11-06 19:38:40','2018-11-06 19:38:40'),(2226,71,33,'2018-11-06 19:38:40','2018-11-06 19:38:40'),(2227,71,7,'2018-11-06 19:38:40','2018-11-06 19:38:40'),(2228,71,42,'2018-11-06 19:38:40','2018-11-06 19:38:40'),(2229,71,3,'2018-11-06 19:38:40','2018-11-06 19:38:40'),(2230,71,5,'2018-11-06 19:38:40','2018-11-06 19:38:40'),(2231,71,9,'2018-11-06 19:38:40','2018-11-06 19:38:40'),(2232,72,7,'2018-11-06 19:38:40','2018-11-06 19:38:40'),(2233,72,16,'2018-11-06 19:38:40','2018-11-06 19:38:40'),(2234,72,4,'2018-11-06 19:38:40','2018-11-06 19:38:40'),(2235,72,23,'2018-11-06 19:38:40','2018-11-06 19:38:40'),(2236,72,6,'2018-11-06 19:38:40','2018-11-06 19:38:40'),(2237,72,26,'2018-11-06 19:38:40','2018-11-06 19:38:40'),(2238,72,23,'2018-11-06 19:38:40','2018-11-06 19:38:40'),(2239,72,25,'2018-11-06 19:38:40','2018-11-06 19:38:40'),(2240,72,42,'2018-11-06 19:38:40','2018-11-06 19:38:40'),(2241,72,27,'2018-11-06 19:38:40','2018-11-06 19:38:40'),(2242,72,17,'2018-11-06 19:38:40','2018-11-06 19:38:40'),(2243,72,1,'2018-11-06 19:38:40','2018-11-06 19:38:40'),(2244,72,50,'2018-11-06 19:38:40','2018-11-06 19:38:40'),(2245,72,50,'2018-11-06 19:38:40','2018-11-06 19:38:40'),(2246,72,5,'2018-11-06 19:38:40','2018-11-06 19:38:40'),(2247,72,25,'2018-11-06 19:38:40','2018-11-06 19:38:40'),(2248,72,24,'2018-11-06 19:38:40','2018-11-06 19:38:40'),(2249,72,34,'2018-11-06 19:38:40','2018-11-06 19:38:40'),(2250,72,3,'2018-11-06 19:38:40','2018-11-06 19:38:40'),(2251,72,31,'2018-11-06 19:38:40','2018-11-06 19:38:40'),(2252,72,44,'2018-11-06 19:38:40','2018-11-06 19:38:40'),(2253,72,25,'2018-11-06 19:38:40','2018-11-06 19:38:40'),(2254,72,14,'2018-11-06 19:38:40','2018-11-06 19:38:40'),(2255,72,5,'2018-11-06 19:38:40','2018-11-06 19:38:40'),(2256,72,31,'2018-11-06 19:38:40','2018-11-06 19:38:40'),(2257,72,48,'2018-11-06 19:38:40','2018-11-06 19:38:40'),(2258,72,32,'2018-11-06 19:38:40','2018-11-06 19:38:40'),(2259,72,19,'2018-11-06 19:38:40','2018-11-06 19:38:40'),(2260,72,49,'2018-11-06 19:38:40','2018-11-06 19:38:40'),(2261,72,45,'2018-11-06 19:38:40','2018-11-06 19:38:40'),(2262,72,29,'2018-11-06 19:38:40','2018-11-06 19:38:40'),(2263,72,8,'2018-11-06 19:38:40','2018-11-06 19:38:40'),(2264,72,1,'2018-11-06 19:38:40','2018-11-06 19:38:40'),(2265,72,22,'2018-11-06 19:38:40','2018-11-06 19:38:40'),(2266,72,6,'2018-11-06 19:38:40','2018-11-06 19:38:40'),(2267,72,49,'2018-11-06 19:38:40','2018-11-06 19:38:40'),(2268,72,21,'2018-11-06 19:38:40','2018-11-06 19:38:40'),(2269,72,1,'2018-11-06 19:38:40','2018-11-06 19:38:40'),(2270,72,32,'2018-11-06 19:38:40','2018-11-06 19:38:40'),(2271,72,35,'2018-11-06 19:38:40','2018-11-06 19:38:40'),(2272,72,47,'2018-11-06 19:38:40','2018-11-06 19:38:40'),(2273,72,22,'2018-11-06 19:38:40','2018-11-06 19:38:40'),(2274,72,31,'2018-11-06 19:38:40','2018-11-06 19:38:40'),(2275,72,35,'2018-11-06 19:38:40','2018-11-06 19:38:40'),(2276,72,26,'2018-11-06 19:38:40','2018-11-06 19:38:40'),(2277,72,46,'2018-11-06 19:38:40','2018-11-06 19:38:40'),(2278,72,19,'2018-11-06 19:38:40','2018-11-06 19:38:40'),(2279,72,50,'2018-11-06 19:38:40','2018-11-06 19:38:40'),(2280,72,15,'2018-11-06 19:38:40','2018-11-06 19:38:40'),(2281,72,29,'2018-11-06 19:38:40','2018-11-06 19:38:40'),(2282,72,42,'2018-11-06 19:38:40','2018-11-06 19:38:40'),(2283,72,27,'2018-11-06 19:38:40','2018-11-06 19:38:40'),(2284,72,11,'2018-11-06 19:38:40','2018-11-06 19:38:40'),(2285,72,12,'2018-11-06 19:38:40','2018-11-06 19:38:40'),(2286,72,29,'2018-11-06 19:38:40','2018-11-06 19:38:40'),(2287,72,30,'2018-11-06 19:38:40','2018-11-06 19:38:40'),(2288,72,31,'2018-11-06 19:38:40','2018-11-06 19:38:40'),(2289,72,40,'2018-11-06 19:38:40','2018-11-06 19:38:40'),(2290,72,1,'2018-11-06 19:38:40','2018-11-06 19:38:40'),(2291,72,21,'2018-11-06 19:38:40','2018-11-06 19:38:40'),(2292,72,39,'2018-11-06 19:38:40','2018-11-06 19:38:40'),(2293,72,9,'2018-11-06 19:38:40','2018-11-06 19:38:40'),(2294,72,16,'2018-11-06 19:38:40','2018-11-06 19:38:40'),(2295,72,39,'2018-11-06 19:38:40','2018-11-06 19:38:40'),(2296,72,10,'2018-11-06 19:38:40','2018-11-06 19:38:40'),(2297,72,44,'2018-11-06 19:38:40','2018-11-06 19:38:40'),(2298,72,16,'2018-11-06 19:38:40','2018-11-06 19:38:40'),(2299,72,17,'2018-11-06 19:38:40','2018-11-06 19:38:40'),(2300,72,28,'2018-11-06 19:38:40','2018-11-06 19:38:40'),(2301,72,40,'2018-11-06 19:38:40','2018-11-06 19:38:40'),(2302,73,11,'2018-11-06 19:38:40','2018-11-06 19:38:40'),(2303,73,12,'2018-11-06 19:38:41','2018-11-06 19:38:41'),(2304,73,5,'2018-11-06 19:38:41','2018-11-06 19:38:41'),(2305,73,11,'2018-11-06 19:38:41','2018-11-06 19:38:41'),(2306,73,4,'2018-11-06 19:38:41','2018-11-06 19:38:41'),(2307,73,22,'2018-11-06 19:38:41','2018-11-06 19:38:41'),(2308,73,15,'2018-11-06 19:38:41','2018-11-06 19:38:41'),(2309,73,10,'2018-11-06 19:38:41','2018-11-06 19:38:41'),(2310,73,12,'2018-11-06 19:38:41','2018-11-06 19:38:41'),(2311,73,18,'2018-11-06 19:38:41','2018-11-06 19:38:41'),(2312,73,41,'2018-11-06 19:38:41','2018-11-06 19:38:41'),(2313,73,13,'2018-11-06 19:38:41','2018-11-06 19:38:41'),(2314,73,38,'2018-11-06 19:38:41','2018-11-06 19:38:41'),(2315,73,27,'2018-11-06 19:38:41','2018-11-06 19:38:41'),(2316,73,41,'2018-11-06 19:38:41','2018-11-06 19:38:41'),(2317,73,39,'2018-11-06 19:38:41','2018-11-06 19:38:41'),(2318,73,20,'2018-11-06 19:38:41','2018-11-06 19:38:41'),(2319,73,1,'2018-11-06 19:38:41','2018-11-06 19:38:41'),(2320,73,33,'2018-11-06 19:38:41','2018-11-06 19:38:41'),(2321,73,23,'2018-11-06 19:38:41','2018-11-06 19:38:41'),(2322,73,14,'2018-11-06 19:38:41','2018-11-06 19:38:41'),(2323,73,6,'2018-11-06 19:38:41','2018-11-06 19:38:41'),(2324,73,34,'2018-11-06 19:38:41','2018-11-06 19:38:41'),(2325,73,6,'2018-11-06 19:38:41','2018-11-06 19:38:41'),(2326,73,41,'2018-11-06 19:38:41','2018-11-06 19:38:41'),(2327,73,34,'2018-11-06 19:38:41','2018-11-06 19:38:41'),(2328,73,26,'2018-11-06 19:38:41','2018-11-06 19:38:41'),(2329,73,3,'2018-11-06 19:38:41','2018-11-06 19:38:41'),(2330,73,4,'2018-11-06 19:38:41','2018-11-06 19:38:41'),(2331,73,24,'2018-11-06 19:38:41','2018-11-06 19:38:41'),(2332,73,2,'2018-11-06 19:38:41','2018-11-06 19:38:41'),(2333,73,23,'2018-11-06 19:38:41','2018-11-06 19:38:41'),(2334,73,33,'2018-11-06 19:38:41','2018-11-06 19:38:41'),(2335,73,26,'2018-11-06 19:38:41','2018-11-06 19:38:41'),(2336,73,47,'2018-11-06 19:38:41','2018-11-06 19:38:41'),(2337,73,26,'2018-11-06 19:38:41','2018-11-06 19:38:41'),(2338,73,10,'2018-11-06 19:38:41','2018-11-06 19:38:41'),(2339,73,44,'2018-11-06 19:38:41','2018-11-06 19:38:41'),(2340,73,25,'2018-11-06 19:38:41','2018-11-06 19:38:41'),(2341,73,3,'2018-11-06 19:38:41','2018-11-06 19:38:41'),(2342,73,45,'2018-11-06 19:38:41','2018-11-06 19:38:41'),(2343,73,41,'2018-11-06 19:38:41','2018-11-06 19:38:41'),(2344,73,46,'2018-11-06 19:38:41','2018-11-06 19:38:41'),(2345,73,48,'2018-11-06 19:38:41','2018-11-06 19:38:41'),(2346,73,33,'2018-11-06 19:38:41','2018-11-06 19:38:41'),(2347,73,33,'2018-11-06 19:38:41','2018-11-06 19:38:41'),(2348,73,35,'2018-11-06 19:38:41','2018-11-06 19:38:41'),(2349,73,45,'2018-11-06 19:38:41','2018-11-06 19:38:41'),(2350,73,27,'2018-11-06 19:38:41','2018-11-06 19:38:41'),(2351,73,50,'2018-11-06 19:38:41','2018-11-06 19:38:41'),(2352,73,21,'2018-11-06 19:38:41','2018-11-06 19:38:41'),(2353,73,5,'2018-11-06 19:38:41','2018-11-06 19:38:41'),(2354,74,5,'2018-11-06 19:38:41','2018-11-06 19:38:41'),(2355,74,39,'2018-11-06 19:38:41','2018-11-06 19:38:41'),(2356,74,42,'2018-11-06 19:38:41','2018-11-06 19:38:41'),(2357,74,3,'2018-11-06 19:38:41','2018-11-06 19:38:41'),(2358,74,34,'2018-11-06 19:38:41','2018-11-06 19:38:41'),(2359,74,1,'2018-11-06 19:38:41','2018-11-06 19:38:41'),(2360,74,49,'2018-11-06 19:38:41','2018-11-06 19:38:41'),(2361,74,50,'2018-11-06 19:38:41','2018-11-06 19:38:41'),(2362,74,43,'2018-11-06 19:38:41','2018-11-06 19:38:41'),(2363,74,1,'2018-11-06 19:38:41','2018-11-06 19:38:41'),(2364,74,5,'2018-11-06 19:38:41','2018-11-06 19:38:41'),(2365,74,6,'2018-11-06 19:38:41','2018-11-06 19:38:41'),(2366,75,21,'2018-11-06 19:38:41','2018-11-06 19:38:41'),(2367,75,47,'2018-11-06 19:38:41','2018-11-06 19:38:41'),(2368,75,23,'2018-11-06 19:38:41','2018-11-06 19:38:41'),(2369,76,47,'2018-11-06 19:38:41','2018-11-06 19:38:41'),(2370,76,20,'2018-11-06 19:38:41','2018-11-06 19:38:41'),(2371,77,34,'2018-11-06 19:38:41','2018-11-06 19:38:41'),(2372,77,20,'2018-11-06 19:38:41','2018-11-06 19:38:41'),(2373,77,20,'2018-11-06 19:38:41','2018-11-06 19:38:41'),(2374,77,12,'2018-11-06 19:38:41','2018-11-06 19:38:41'),(2375,77,22,'2018-11-06 19:38:41','2018-11-06 19:38:41'),(2376,77,6,'2018-11-06 19:38:41','2018-11-06 19:38:41'),(2377,77,15,'2018-11-06 19:38:41','2018-11-06 19:38:41'),(2378,77,39,'2018-11-06 19:38:41','2018-11-06 19:38:41'),(2379,77,21,'2018-11-06 19:38:41','2018-11-06 19:38:41'),(2380,77,34,'2018-11-06 19:38:41','2018-11-06 19:38:41'),(2381,77,8,'2018-11-06 19:38:41','2018-11-06 19:38:41'),(2382,77,14,'2018-11-06 19:38:41','2018-11-06 19:38:41'),(2383,77,15,'2018-11-06 19:38:41','2018-11-06 19:38:41'),(2384,77,19,'2018-11-06 19:38:41','2018-11-06 19:38:41'),(2385,77,29,'2018-11-06 19:38:41','2018-11-06 19:38:41'),(2386,77,26,'2018-11-06 19:38:41','2018-11-06 19:38:41'),(2387,77,34,'2018-11-06 19:38:41','2018-11-06 19:38:41'),(2388,77,11,'2018-11-06 19:38:41','2018-11-06 19:38:41'),(2389,77,36,'2018-11-06 19:38:41','2018-11-06 19:38:41'),(2390,77,37,'2018-11-06 19:38:41','2018-11-06 19:38:41'),(2391,77,6,'2018-11-06 19:38:41','2018-11-06 19:38:41'),(2392,77,23,'2018-11-06 19:38:41','2018-11-06 19:38:41'),(2393,77,30,'2018-11-06 19:38:41','2018-11-06 19:38:41'),(2394,77,40,'2018-11-06 19:38:41','2018-11-06 19:38:41'),(2395,78,50,'2018-11-06 19:38:41','2018-11-06 19:38:41'),(2396,78,43,'2018-11-06 19:38:41','2018-11-06 19:38:41'),(2397,78,17,'2018-11-06 19:38:41','2018-11-06 19:38:41'),(2398,78,20,'2018-11-06 19:38:41','2018-11-06 19:38:41'),(2399,78,3,'2018-11-06 19:38:41','2018-11-06 19:38:41'),(2400,78,29,'2018-11-06 19:38:41','2018-11-06 19:38:41'),(2401,78,6,'2018-11-06 19:38:41','2018-11-06 19:38:41'),(2402,78,45,'2018-11-06 19:38:41','2018-11-06 19:38:41'),(2403,78,32,'2018-11-06 19:38:41','2018-11-06 19:38:41'),(2404,78,5,'2018-11-06 19:38:41','2018-11-06 19:38:41'),(2405,78,20,'2018-11-06 19:38:41','2018-11-06 19:38:41'),(2406,78,34,'2018-11-06 19:38:41','2018-11-06 19:38:41'),(2407,79,40,'2018-11-06 19:38:41','2018-11-06 19:38:41'),(2408,79,25,'2018-11-06 19:38:41','2018-11-06 19:38:41'),(2409,79,2,'2018-11-06 19:38:41','2018-11-06 19:38:41'),(2410,79,47,'2018-11-06 19:38:41','2018-11-06 19:38:41'),(2411,79,36,'2018-11-06 19:38:41','2018-11-06 19:38:41'),(2412,79,37,'2018-11-06 19:38:41','2018-11-06 19:38:41'),(2413,79,21,'2018-11-06 19:38:41','2018-11-06 19:38:41'),(2414,79,33,'2018-11-06 19:38:41','2018-11-06 19:38:41'),(2415,79,36,'2018-11-06 19:38:41','2018-11-06 19:38:41'),(2416,79,45,'2018-11-06 19:38:41','2018-11-06 19:38:41'),(2417,79,27,'2018-11-06 19:38:41','2018-11-06 19:38:41'),(2418,79,42,'2018-11-06 19:38:41','2018-11-06 19:38:41'),(2419,79,16,'2018-11-06 19:38:41','2018-11-06 19:38:41'),(2420,79,31,'2018-11-06 19:38:41','2018-11-06 19:38:41'),(2421,79,15,'2018-11-06 19:38:41','2018-11-06 19:38:41'),(2422,79,2,'2018-11-06 19:38:41','2018-11-06 19:38:41'),(2423,79,15,'2018-11-06 19:38:41','2018-11-06 19:38:41'),(2424,79,29,'2018-11-06 19:38:41','2018-11-06 19:38:41'),(2425,79,27,'2018-11-06 19:38:41','2018-11-06 19:38:41'),(2426,79,1,'2018-11-06 19:38:41','2018-11-06 19:38:41'),(2427,79,3,'2018-11-06 19:38:41','2018-11-06 19:38:41'),(2428,79,49,'2018-11-06 19:38:41','2018-11-06 19:38:41'),(2429,79,32,'2018-11-06 19:38:41','2018-11-06 19:38:41'),(2430,79,2,'2018-11-06 19:38:41','2018-11-06 19:38:41'),(2431,79,21,'2018-11-06 19:38:41','2018-11-06 19:38:41'),(2432,79,10,'2018-11-06 19:38:41','2018-11-06 19:38:41'),(2433,79,49,'2018-11-06 19:38:41','2018-11-06 19:38:41'),(2434,79,1,'2018-11-06 19:38:41','2018-11-06 19:38:41'),(2435,79,16,'2018-11-06 19:38:41','2018-11-06 19:38:41'),(2436,79,20,'2018-11-06 19:38:41','2018-11-06 19:38:41'),(2437,79,2,'2018-11-06 19:38:41','2018-11-06 19:38:41'),(2438,79,22,'2018-11-06 19:38:41','2018-11-06 19:38:41'),(2439,79,45,'2018-11-06 19:38:41','2018-11-06 19:38:41'),(2440,79,13,'2018-11-06 19:38:41','2018-11-06 19:38:41'),(2441,79,21,'2018-11-06 19:38:41','2018-11-06 19:38:41'),(2442,79,17,'2018-11-06 19:38:41','2018-11-06 19:38:41'),(2443,79,35,'2018-11-06 19:38:41','2018-11-06 19:38:41'),(2444,79,8,'2018-11-06 19:38:41','2018-11-06 19:38:41'),(2445,79,45,'2018-11-06 19:38:41','2018-11-06 19:38:41'),(2446,79,45,'2018-11-06 19:38:42','2018-11-06 19:38:42'),(2447,79,17,'2018-11-06 19:38:42','2018-11-06 19:38:42'),(2448,79,7,'2018-11-06 19:38:42','2018-11-06 19:38:42'),(2449,79,49,'2018-11-06 19:38:42','2018-11-06 19:38:42'),(2450,80,25,'2018-11-06 19:38:42','2018-11-06 19:38:42'),(2451,80,9,'2018-11-06 19:38:42','2018-11-06 19:38:42'),(2452,80,50,'2018-11-06 19:38:42','2018-11-06 19:38:42'),(2453,80,3,'2018-11-06 19:38:42','2018-11-06 19:38:42'),(2454,80,50,'2018-11-06 19:38:42','2018-11-06 19:38:42'),(2455,80,18,'2018-11-06 19:38:42','2018-11-06 19:38:42'),(2456,80,46,'2018-11-06 19:38:42','2018-11-06 19:38:42'),(2457,80,44,'2018-11-06 19:38:42','2018-11-06 19:38:42'),(2458,80,21,'2018-11-06 19:38:42','2018-11-06 19:38:42'),(2459,80,26,'2018-11-06 19:38:42','2018-11-06 19:38:42'),(2460,80,3,'2018-11-06 19:38:42','2018-11-06 19:38:42'),(2461,80,30,'2018-11-06 19:38:42','2018-11-06 19:38:42'),(2462,80,39,'2018-11-06 19:38:42','2018-11-06 19:38:42'),(2463,80,8,'2018-11-06 19:38:42','2018-11-06 19:38:42'),(2464,80,42,'2018-11-06 19:38:42','2018-11-06 19:38:42'),(2465,80,5,'2018-11-06 19:38:42','2018-11-06 19:38:42'),(2466,80,28,'2018-11-06 19:38:42','2018-11-06 19:38:42'),(2467,80,12,'2018-11-06 19:38:42','2018-11-06 19:38:42'),(2468,80,19,'2018-11-06 19:38:42','2018-11-06 19:38:42'),(2469,80,39,'2018-11-06 19:38:42','2018-11-06 19:38:42'),(2470,80,1,'2018-11-06 19:38:42','2018-11-06 19:38:42'),(2471,80,47,'2018-11-06 19:38:42','2018-11-06 19:38:42'),(2472,80,42,'2018-11-06 19:38:42','2018-11-06 19:38:42'),(2473,80,3,'2018-11-06 19:38:42','2018-11-06 19:38:42'),(2474,80,12,'2018-11-06 19:38:42','2018-11-06 19:38:42'),(2475,80,32,'2018-11-06 19:38:42','2018-11-06 19:38:42'),(2476,81,27,'2018-11-06 19:38:42','2018-11-06 19:38:42'),(2477,81,40,'2018-11-06 19:38:42','2018-11-06 19:38:42'),(2478,81,21,'2018-11-06 19:38:42','2018-11-06 19:38:42'),(2479,81,14,'2018-11-06 19:38:42','2018-11-06 19:38:42'),(2480,81,44,'2018-11-06 19:38:42','2018-11-06 19:38:42'),(2481,81,48,'2018-11-06 19:38:42','2018-11-06 19:38:42'),(2482,81,42,'2018-11-06 19:38:42','2018-11-06 19:38:42'),(2483,81,10,'2018-11-06 19:38:42','2018-11-06 19:38:42'),(2484,81,14,'2018-11-06 19:38:42','2018-11-06 19:38:42'),(2485,81,10,'2018-11-06 19:38:42','2018-11-06 19:38:42'),(2486,81,35,'2018-11-06 19:38:42','2018-11-06 19:38:42'),(2487,81,41,'2018-11-06 19:38:42','2018-11-06 19:38:42'),(2488,81,28,'2018-11-06 19:38:42','2018-11-06 19:38:42'),(2489,81,47,'2018-11-06 19:38:42','2018-11-06 19:38:42'),(2490,82,13,'2018-11-06 19:38:42','2018-11-06 19:38:42'),(2491,82,22,'2018-11-06 19:38:42','2018-11-06 19:38:42'),(2492,82,48,'2018-11-06 19:38:42','2018-11-06 19:38:42'),(2493,82,4,'2018-11-06 19:38:42','2018-11-06 19:38:42'),(2494,82,39,'2018-11-06 19:38:42','2018-11-06 19:38:42'),(2495,82,9,'2018-11-06 19:38:42','2018-11-06 19:38:42'),(2496,83,10,'2018-11-06 19:38:42','2018-11-06 19:38:42'),(2497,83,40,'2018-11-06 19:38:42','2018-11-06 19:38:42'),(2498,83,22,'2018-11-06 19:38:42','2018-11-06 19:38:42'),(2499,83,2,'2018-11-06 19:38:42','2018-11-06 19:38:42'),(2500,83,8,'2018-11-06 19:38:42','2018-11-06 19:38:42'),(2501,83,5,'2018-11-06 19:38:42','2018-11-06 19:38:42'),(2502,83,41,'2018-11-06 19:38:42','2018-11-06 19:38:42'),(2503,83,12,'2018-11-06 19:38:42','2018-11-06 19:38:42'),(2504,83,23,'2018-11-06 19:38:42','2018-11-06 19:38:42'),(2505,83,15,'2018-11-06 19:38:42','2018-11-06 19:38:42'),(2506,83,6,'2018-11-06 19:38:42','2018-11-06 19:38:42'),(2507,83,1,'2018-11-06 19:38:42','2018-11-06 19:38:42'),(2508,84,46,'2018-11-06 19:38:42','2018-11-06 19:38:42'),(2509,84,20,'2018-11-06 19:38:42','2018-11-06 19:38:42'),(2510,84,19,'2018-11-06 19:38:42','2018-11-06 19:38:42'),(2511,84,26,'2018-11-06 19:38:42','2018-11-06 19:38:42'),(2512,84,21,'2018-11-06 19:38:42','2018-11-06 19:38:42'),(2513,84,3,'2018-11-06 19:38:42','2018-11-06 19:38:42'),(2514,84,31,'2018-11-06 19:38:42','2018-11-06 19:38:42'),(2515,84,48,'2018-11-06 19:38:42','2018-11-06 19:38:42'),(2516,84,19,'2018-11-06 19:38:42','2018-11-06 19:38:42'),(2517,84,45,'2018-11-06 19:38:42','2018-11-06 19:38:42'),(2518,84,28,'2018-11-06 19:38:42','2018-11-06 19:38:42'),(2519,84,5,'2018-11-06 19:38:42','2018-11-06 19:38:42'),(2520,84,50,'2018-11-06 19:38:42','2018-11-06 19:38:42'),(2521,85,15,'2018-11-06 19:38:42','2018-11-06 19:38:42'),(2522,85,32,'2018-11-06 19:38:42','2018-11-06 19:38:42'),(2523,86,50,'2018-11-06 19:38:42','2018-11-06 19:38:42'),(2524,86,21,'2018-11-06 19:38:42','2018-11-06 19:38:42'),(2525,86,3,'2018-11-06 19:38:42','2018-11-06 19:38:42'),(2526,86,7,'2018-11-06 19:38:42','2018-11-06 19:38:42'),(2527,86,37,'2018-11-06 19:38:42','2018-11-06 19:38:42'),(2528,87,35,'2018-11-06 19:38:42','2018-11-06 19:38:42'),(2529,87,13,'2018-11-06 19:38:42','2018-11-06 19:38:42'),(2530,87,1,'2018-11-06 19:38:42','2018-11-06 19:38:42'),(2531,87,48,'2018-11-06 19:38:42','2018-11-06 19:38:42'),(2532,87,2,'2018-11-06 19:38:42','2018-11-06 19:38:42'),(2533,87,1,'2018-11-06 19:38:42','2018-11-06 19:38:42'),(2534,87,44,'2018-11-06 19:38:42','2018-11-06 19:38:42'),(2535,87,38,'2018-11-06 19:38:42','2018-11-06 19:38:42'),(2536,88,5,'2018-11-06 19:38:42','2018-11-06 19:38:42'),(2537,88,36,'2018-11-06 19:38:42','2018-11-06 19:38:42'),(2538,88,50,'2018-11-06 19:38:42','2018-11-06 19:38:42'),(2539,88,50,'2018-11-06 19:38:42','2018-11-06 19:38:42'),(2540,88,31,'2018-11-06 19:38:42','2018-11-06 19:38:42'),(2541,88,18,'2018-11-06 19:38:42','2018-11-06 19:38:42'),(2542,88,1,'2018-11-06 19:38:42','2018-11-06 19:38:42'),(2543,88,30,'2018-11-06 19:38:42','2018-11-06 19:38:42'),(2544,88,6,'2018-11-06 19:38:42','2018-11-06 19:38:42'),(2545,88,49,'2018-11-06 19:38:42','2018-11-06 19:38:42'),(2546,88,41,'2018-11-06 19:38:42','2018-11-06 19:38:42'),(2547,88,26,'2018-11-06 19:38:42','2018-11-06 19:38:42'),(2548,88,17,'2018-11-06 19:38:42','2018-11-06 19:38:42'),(2549,88,2,'2018-11-06 19:38:42','2018-11-06 19:38:42'),(2550,89,22,'2018-11-06 19:38:42','2018-11-06 19:38:42'),(2551,89,36,'2018-11-06 19:38:42','2018-11-06 19:38:42'),(2552,89,30,'2018-11-06 19:38:42','2018-11-06 19:38:42'),(2553,89,23,'2018-11-06 19:38:42','2018-11-06 19:38:42'),(2554,89,49,'2018-11-06 19:38:42','2018-11-06 19:38:42'),(2555,89,44,'2018-11-06 19:38:42','2018-11-06 19:38:42'),(2556,89,34,'2018-11-06 19:38:42','2018-11-06 19:38:42'),(2557,89,33,'2018-11-06 19:38:42','2018-11-06 19:38:42'),(2558,89,44,'2018-11-06 19:38:42','2018-11-06 19:38:42'),(2559,89,16,'2018-11-06 19:38:42','2018-11-06 19:38:42'),(2560,89,31,'2018-11-06 19:38:42','2018-11-06 19:38:42'),(2561,89,37,'2018-11-06 19:38:42','2018-11-06 19:38:42'),(2562,89,11,'2018-11-06 19:38:42','2018-11-06 19:38:42'),(2563,89,41,'2018-11-06 19:38:42','2018-11-06 19:38:42'),(2564,89,9,'2018-11-06 19:38:42','2018-11-06 19:38:42'),(2565,89,43,'2018-11-06 19:38:42','2018-11-06 19:38:42'),(2566,89,6,'2018-11-06 19:38:42','2018-11-06 19:38:42'),(2567,89,18,'2018-11-06 19:38:42','2018-11-06 19:38:42'),(2568,89,25,'2018-11-06 19:38:42','2018-11-06 19:38:42'),(2569,89,41,'2018-11-06 19:38:42','2018-11-06 19:38:42'),(2570,89,45,'2018-11-06 19:38:42','2018-11-06 19:38:42'),(2571,89,5,'2018-11-06 19:38:42','2018-11-06 19:38:42'),(2572,89,39,'2018-11-06 19:38:42','2018-11-06 19:38:42'),(2573,89,43,'2018-11-06 19:38:42','2018-11-06 19:38:42'),(2574,89,1,'2018-11-06 19:38:42','2018-11-06 19:38:42'),(2575,89,4,'2018-11-06 19:38:42','2018-11-06 19:38:42'),(2576,89,42,'2018-11-06 19:38:42','2018-11-06 19:38:42'),(2577,89,48,'2018-11-06 19:38:42','2018-11-06 19:38:42'),(2578,89,14,'2018-11-06 19:38:42','2018-11-06 19:38:42'),(2579,89,46,'2018-11-06 19:38:42','2018-11-06 19:38:42'),(2580,89,22,'2018-11-06 19:38:42','2018-11-06 19:38:42'),(2581,89,32,'2018-11-06 19:38:42','2018-11-06 19:38:42'),(2582,89,38,'2018-11-06 19:38:42','2018-11-06 19:38:42'),(2583,90,9,'2018-11-06 19:38:42','2018-11-06 19:38:42'),(2584,90,17,'2018-11-06 19:38:42','2018-11-06 19:38:42'),(2585,90,10,'2018-11-06 19:38:42','2018-11-06 19:38:42'),(2586,90,8,'2018-11-06 19:38:42','2018-11-06 19:38:42'),(2587,90,19,'2018-11-06 19:38:42','2018-11-06 19:38:42'),(2588,90,41,'2018-11-06 19:38:42','2018-11-06 19:38:42'),(2589,90,18,'2018-11-06 19:38:42','2018-11-06 19:38:42'),(2590,90,42,'2018-11-06 19:38:42','2018-11-06 19:38:42'),(2591,90,20,'2018-11-06 19:38:43','2018-11-06 19:38:43'),(2592,90,36,'2018-11-06 19:38:43','2018-11-06 19:38:43'),(2593,90,18,'2018-11-06 19:38:43','2018-11-06 19:38:43'),(2594,90,2,'2018-11-06 19:38:43','2018-11-06 19:38:43'),(2595,90,37,'2018-11-06 19:38:43','2018-11-06 19:38:43'),(2596,90,40,'2018-11-06 19:38:43','2018-11-06 19:38:43'),(2597,90,38,'2018-11-06 19:38:43','2018-11-06 19:38:43'),(2598,90,25,'2018-11-06 19:38:43','2018-11-06 19:38:43'),(2599,90,31,'2018-11-06 19:38:43','2018-11-06 19:38:43'),(2600,90,15,'2018-11-06 19:38:43','2018-11-06 19:38:43'),(2601,90,26,'2018-11-06 19:38:43','2018-11-06 19:38:43'),(2602,90,24,'2018-11-06 19:38:43','2018-11-06 19:38:43'),(2603,90,21,'2018-11-06 19:38:43','2018-11-06 19:38:43'),(2604,90,24,'2018-11-06 19:38:43','2018-11-06 19:38:43'),(2605,90,43,'2018-11-06 19:38:43','2018-11-06 19:38:43'),(2606,90,22,'2018-11-06 19:38:43','2018-11-06 19:38:43'),(2607,90,11,'2018-11-06 19:38:43','2018-11-06 19:38:43'),(2608,90,45,'2018-11-06 19:38:43','2018-11-06 19:38:43'),(2609,90,39,'2018-11-06 19:38:43','2018-11-06 19:38:43'),(2610,90,17,'2018-11-06 19:38:43','2018-11-06 19:38:43'),(2611,90,4,'2018-11-06 19:38:43','2018-11-06 19:38:43'),(2612,90,37,'2018-11-06 19:38:43','2018-11-06 19:38:43'),(2613,90,9,'2018-11-06 19:38:43','2018-11-06 19:38:43'),(2614,90,23,'2018-11-06 19:38:43','2018-11-06 19:38:43'),(2615,90,28,'2018-11-06 19:38:43','2018-11-06 19:38:43'),(2616,90,23,'2018-11-06 19:38:43','2018-11-06 19:38:43'),(2617,90,43,'2018-11-06 19:38:43','2018-11-06 19:38:43'),(2618,90,22,'2018-11-06 19:38:43','2018-11-06 19:38:43'),(2619,91,36,'2018-11-06 19:38:43','2018-11-06 19:38:43'),(2620,91,26,'2018-11-06 19:38:43','2018-11-06 19:38:43'),(2621,91,32,'2018-11-06 19:38:43','2018-11-06 19:38:43'),(2622,91,50,'2018-11-06 19:38:43','2018-11-06 19:38:43'),(2623,91,4,'2018-11-06 19:38:43','2018-11-06 19:38:43'),(2624,91,5,'2018-11-06 19:38:43','2018-11-06 19:38:43'),(2625,91,31,'2018-11-06 19:38:43','2018-11-06 19:38:43'),(2626,91,47,'2018-11-06 19:38:43','2018-11-06 19:38:43'),(2627,91,47,'2018-11-06 19:38:43','2018-11-06 19:38:43'),(2628,91,16,'2018-11-06 19:38:43','2018-11-06 19:38:43'),(2629,91,17,'2018-11-06 19:38:43','2018-11-06 19:38:43'),(2630,91,29,'2018-11-06 19:38:43','2018-11-06 19:38:43'),(2631,91,7,'2018-11-06 19:38:43','2018-11-06 19:38:43'),(2632,91,44,'2018-11-06 19:38:43','2018-11-06 19:38:43'),(2633,91,5,'2018-11-06 19:38:43','2018-11-06 19:38:43'),(2634,91,16,'2018-11-06 19:38:43','2018-11-06 19:38:43'),(2635,91,27,'2018-11-06 19:38:43','2018-11-06 19:38:43'),(2636,91,32,'2018-11-06 19:38:43','2018-11-06 19:38:43'),(2637,91,31,'2018-11-06 19:38:43','2018-11-06 19:38:43'),(2638,92,29,'2018-11-06 19:38:43','2018-11-06 19:38:43'),(2639,92,23,'2018-11-06 19:38:43','2018-11-06 19:38:43'),(2640,92,6,'2018-11-06 19:38:43','2018-11-06 19:38:43'),(2641,92,44,'2018-11-06 19:38:43','2018-11-06 19:38:43'),(2642,93,19,'2018-11-06 19:38:43','2018-11-06 19:38:43'),(2643,93,36,'2018-11-06 19:38:43','2018-11-06 19:38:43'),(2644,93,34,'2018-11-06 19:38:43','2018-11-06 19:38:43'),(2645,93,1,'2018-11-06 19:38:43','2018-11-06 19:38:43'),(2646,93,32,'2018-11-06 19:38:43','2018-11-06 19:38:43'),(2647,94,16,'2018-11-06 19:38:43','2018-11-06 19:38:43'),(2648,94,40,'2018-11-06 19:38:43','2018-11-06 19:38:43'),(2649,94,21,'2018-11-06 19:38:43','2018-11-06 19:38:43'),(2650,94,16,'2018-11-06 19:38:43','2018-11-06 19:38:43'),(2651,94,33,'2018-11-06 19:38:43','2018-11-06 19:38:43'),(2652,94,16,'2018-11-06 19:38:43','2018-11-06 19:38:43'),(2653,94,13,'2018-11-06 19:38:43','2018-11-06 19:38:43'),(2654,94,38,'2018-11-06 19:38:43','2018-11-06 19:38:43'),(2655,95,13,'2018-11-06 19:38:43','2018-11-06 19:38:43'),(2656,96,17,'2018-11-06 19:38:43','2018-11-06 19:38:43'),(2657,96,10,'2018-11-06 19:38:43','2018-11-06 19:38:43'),(2658,96,34,'2018-11-06 19:38:43','2018-11-06 19:38:43'),(2659,96,19,'2018-11-06 19:38:43','2018-11-06 19:38:43'),(2660,96,33,'2018-11-06 19:38:43','2018-11-06 19:38:43'),(2661,96,16,'2018-11-06 19:38:43','2018-11-06 19:38:43'),(2662,97,13,'2018-11-06 19:38:43','2018-11-06 19:38:43'),(2663,97,2,'2018-11-06 19:38:43','2018-11-06 19:38:43'),(2664,100,39,'2018-11-06 19:38:43','2018-11-06 19:38:43'),(2665,100,33,'2018-11-06 19:38:43','2018-11-06 19:38:43'),(2666,100,11,'2018-11-06 19:38:43','2018-11-06 19:38:43'),(2667,100,13,'2018-11-06 19:38:43','2018-11-06 19:38:43'),(2668,100,13,'2018-11-06 19:38:43','2018-11-06 19:38:43'),(2669,100,33,'2018-11-06 19:38:43','2018-11-06 19:38:43'),(2670,100,3,'2018-11-06 19:38:43','2018-11-06 19:38:43'),(2671,100,2,'2018-11-06 19:38:43','2018-11-06 19:38:43'),(2672,100,23,'2018-11-06 19:38:43','2018-11-06 19:38:43'),(2673,100,12,'2018-11-06 19:38:43','2018-11-06 19:38:43'),(2674,100,17,'2018-11-06 19:38:43','2018-11-06 19:38:43'),(2675,100,24,'2018-11-06 19:38:43','2018-11-06 19:38:43'),(2676,100,42,'2018-11-06 19:38:43','2018-11-06 19:38:43'),(2677,100,26,'2018-11-06 19:38:43','2018-11-06 19:38:43'),(2678,100,27,'2018-11-06 19:38:43','2018-11-06 19:38:43'),(2679,100,49,'2018-11-06 19:38:43','2018-11-06 19:38:43'),(2680,100,22,'2018-11-06 19:38:43','2018-11-06 19:38:43'),(2681,100,9,'2018-11-06 19:38:43','2018-11-06 19:38:43'),(2682,100,47,'2018-11-06 19:38:43','2018-11-06 19:38:43'),(2683,100,17,'2018-11-06 19:38:43','2018-11-06 19:38:43'),(2684,100,27,'2018-11-06 19:38:43','2018-11-06 19:38:43'),(2685,100,8,'2018-11-06 19:38:43','2018-11-06 19:38:43'),(2686,100,44,'2018-11-06 19:38:43','2018-11-06 19:38:43'),(2687,100,45,'2018-11-06 19:38:43','2018-11-06 19:38:43'),(2688,100,35,'2018-11-06 19:38:43','2018-11-06 19:38:43'),(2689,100,47,'2018-11-06 19:38:43','2018-11-06 19:38:43'),(2690,100,5,'2018-11-06 19:38:43','2018-11-06 19:38:43'),(2691,100,13,'2018-11-06 19:38:43','2018-11-06 19:38:43'),(2692,100,40,'2018-11-06 19:38:43','2018-11-06 19:38:43'),(2693,100,47,'2018-11-06 19:38:43','2018-11-06 19:38:43'),(2694,100,25,'2018-11-06 19:38:43','2018-11-06 19:38:43'),(2695,100,11,'2018-11-06 19:38:43','2018-11-06 19:38:43'),(2696,100,32,'2018-11-06 19:38:43','2018-11-06 19:38:43'),(2697,100,41,'2018-11-06 19:38:43','2018-11-06 19:38:43'),(2698,100,50,'2018-11-06 19:38:43','2018-11-06 19:38:43'),(2699,100,4,'2018-11-06 19:38:43','2018-11-06 19:38:43'),(2700,100,24,'2018-11-06 19:38:43','2018-11-06 19:38:43'),(2701,100,42,'2018-11-06 19:38:43','2018-11-06 19:38:43'),(2702,100,40,'2018-11-06 19:38:43','2018-11-06 19:38:43'),(2703,100,41,'2018-11-06 19:38:43','2018-11-06 19:38:43'),(2704,100,2,'2018-11-06 19:38:43','2018-11-06 19:38:43'),(2705,100,39,'2018-11-06 19:38:43','2018-11-06 19:38:43'),(2706,100,39,'2018-11-06 19:38:43','2018-11-06 19:38:43'),(2707,100,4,'2018-11-06 19:38:43','2018-11-06 19:38:43'),(2708,100,12,'2018-11-06 19:38:43','2018-11-06 19:38:43'),(2709,100,49,'2018-11-06 19:38:43','2018-11-06 19:38:43'),(2710,100,35,'2018-11-06 19:38:43','2018-11-06 19:38:43'),(2711,100,7,'2018-11-06 19:38:43','2018-11-06 19:38:43'),(2712,100,44,'2018-11-06 19:38:43','2018-11-06 19:38:43'),(2713,100,19,'2018-11-06 19:38:43','2018-11-06 19:38:43'),(2714,100,31,'2018-11-06 19:38:43','2018-11-06 19:38:43'),(2715,101,44,'2018-11-06 19:38:43','2018-11-06 19:38:43'),(2716,101,3,'2018-11-06 19:38:43','2018-11-06 19:38:43'),(2717,101,47,'2018-11-06 19:38:43','2018-11-06 19:38:43'),(2718,101,18,'2018-11-06 19:38:43','2018-11-06 19:38:43'),(2719,101,23,'2018-11-06 19:38:43','2018-11-06 19:38:43'),(2720,101,14,'2018-11-06 19:38:43','2018-11-06 19:38:43'),(2721,101,48,'2018-11-06 19:38:43','2018-11-06 19:38:43'),(2722,101,2,'2018-11-06 19:38:43','2018-11-06 19:38:43'),(2723,101,8,'2018-11-06 19:38:43','2018-11-06 19:38:43'),(2724,101,11,'2018-11-06 19:38:43','2018-11-06 19:38:43'),(2725,101,48,'2018-11-06 19:38:43','2018-11-06 19:38:43'),(2726,101,40,'2018-11-06 19:38:43','2018-11-06 19:38:43'),(2727,101,9,'2018-11-06 19:38:43','2018-11-06 19:38:43'),(2728,101,19,'2018-11-06 19:38:43','2018-11-06 19:38:43'),(2729,101,20,'2018-11-06 19:38:43','2018-11-06 19:38:43'),(2730,101,43,'2018-11-06 19:38:43','2018-11-06 19:38:43'),(2731,101,33,'2018-11-06 19:38:43','2018-11-06 19:38:43'),(2732,101,5,'2018-11-06 19:38:43','2018-11-06 19:38:43'),(2733,101,43,'2018-11-06 19:38:43','2018-11-06 19:38:43'),(2734,101,31,'2018-11-06 19:38:43','2018-11-06 19:38:43'),(2735,101,26,'2018-11-06 19:38:43','2018-11-06 19:38:43'),(2736,101,47,'2018-11-06 19:38:43','2018-11-06 19:38:43'),(2737,101,42,'2018-11-06 19:38:43','2018-11-06 19:38:43'),(2738,101,18,'2018-11-06 19:38:43','2018-11-06 19:38:43'),(2739,101,14,'2018-11-06 19:38:43','2018-11-06 19:38:43'),(2740,101,11,'2018-11-06 19:38:43','2018-11-06 19:38:43'),(2741,101,27,'2018-11-06 19:38:43','2018-11-06 19:38:43'),(2742,101,40,'2018-11-06 19:38:43','2018-11-06 19:38:43'),(2743,101,28,'2018-11-06 19:38:44','2018-11-06 19:38:44'),(2744,101,48,'2018-11-06 19:38:44','2018-11-06 19:38:44'),(2745,101,3,'2018-11-06 19:38:44','2018-11-06 19:38:44'),(2746,101,4,'2018-11-06 19:38:44','2018-11-06 19:38:44'),(2747,101,22,'2018-11-06 19:38:44','2018-11-06 19:38:44'),(2748,101,27,'2018-11-06 19:38:44','2018-11-06 19:38:44'),(2749,102,45,'2018-11-06 19:38:44','2018-11-06 19:38:44'),(2750,102,26,'2018-11-06 19:38:44','2018-11-06 19:38:44'),(2751,102,22,'2018-11-06 19:38:44','2018-11-06 19:38:44'),(2752,102,30,'2018-11-06 19:38:44','2018-11-06 19:38:44'),(2753,102,35,'2018-11-06 19:38:44','2018-11-06 19:38:44'),(2754,102,17,'2018-11-06 19:38:44','2018-11-06 19:38:44'),(2755,102,49,'2018-11-06 19:38:44','2018-11-06 19:38:44'),(2756,102,34,'2018-11-06 19:38:44','2018-11-06 19:38:44'),(2757,102,23,'2018-11-06 19:38:44','2018-11-06 19:38:44'),(2758,102,12,'2018-11-06 19:38:44','2018-11-06 19:38:44'),(2759,102,46,'2018-11-06 19:38:44','2018-11-06 19:38:44'),(2760,102,1,'2018-11-06 19:38:44','2018-11-06 19:38:44'),(2761,102,9,'2018-11-06 19:38:44','2018-11-06 19:38:44'),(2762,103,32,'2018-11-06 19:38:44','2018-11-06 19:38:44'),(2763,103,16,'2018-11-06 19:38:44','2018-11-06 19:38:44'),(2764,103,34,'2018-11-06 19:38:44','2018-11-06 19:38:44'),(2765,103,48,'2018-11-06 19:38:44','2018-11-06 19:38:44'),(2766,103,16,'2018-11-06 19:38:44','2018-11-06 19:38:44'),(2767,103,32,'2018-11-06 19:38:44','2018-11-06 19:38:44'),(2768,103,13,'2018-11-06 19:38:44','2018-11-06 19:38:44'),(2769,103,16,'2018-11-06 19:38:44','2018-11-06 19:38:44'),(2770,103,35,'2018-11-06 19:38:44','2018-11-06 19:38:44'),(2771,103,46,'2018-11-06 19:38:44','2018-11-06 19:38:44'),(2772,103,9,'2018-11-06 19:38:44','2018-11-06 19:38:44'),(2773,103,50,'2018-11-06 19:38:44','2018-11-06 19:38:44'),(2774,103,32,'2018-11-06 19:38:44','2018-11-06 19:38:44'),(2775,103,39,'2018-11-06 19:38:44','2018-11-06 19:38:44'),(2776,104,26,'2018-11-06 19:38:44','2018-11-06 19:38:44'),(2777,104,25,'2018-11-06 19:38:44','2018-11-06 19:38:44'),(2778,104,31,'2018-11-06 19:38:44','2018-11-06 19:38:44'),(2779,104,15,'2018-11-06 19:38:44','2018-11-06 19:38:44'),(2780,104,13,'2018-11-06 19:38:44','2018-11-06 19:38:44'),(2781,104,3,'2018-11-06 19:38:44','2018-11-06 19:38:44'),(2782,104,1,'2018-11-06 19:38:44','2018-11-06 19:38:44'),(2783,104,29,'2018-11-06 19:38:44','2018-11-06 19:38:44'),(2784,104,15,'2018-11-06 19:38:44','2018-11-06 19:38:44'),(2785,104,34,'2018-11-06 19:38:44','2018-11-06 19:38:44'),(2786,104,44,'2018-11-06 19:38:44','2018-11-06 19:38:44'),(2787,104,37,'2018-11-06 19:38:44','2018-11-06 19:38:44'),(2788,104,39,'2018-11-06 19:38:44','2018-11-06 19:38:44'),(2789,104,38,'2018-11-06 19:38:44','2018-11-06 19:38:44'),(2790,104,26,'2018-11-06 19:38:44','2018-11-06 19:38:44'),(2791,104,12,'2018-11-06 19:38:44','2018-11-06 19:38:44'),(2792,104,19,'2018-11-06 19:38:44','2018-11-06 19:38:44'),(2793,104,10,'2018-11-06 19:38:44','2018-11-06 19:38:44'),(2794,104,41,'2018-11-06 19:38:44','2018-11-06 19:38:44'),(2795,104,39,'2018-11-06 19:38:44','2018-11-06 19:38:44'),(2796,104,28,'2018-11-06 19:38:44','2018-11-06 19:38:44'),(2797,104,9,'2018-11-06 19:38:44','2018-11-06 19:38:44'),(2798,105,12,'2018-11-06 19:38:44','2018-11-06 19:38:44'),(2799,105,43,'2018-11-06 19:38:44','2018-11-06 19:38:44'),(2800,105,48,'2018-11-06 19:38:44','2018-11-06 19:38:44'),(2801,105,18,'2018-11-06 19:38:44','2018-11-06 19:38:44'),(2802,105,42,'2018-11-06 19:38:44','2018-11-06 19:38:44'),(2803,105,47,'2018-11-06 19:38:44','2018-11-06 19:38:44'),(2804,105,21,'2018-11-06 19:38:44','2018-11-06 19:38:44'),(2805,105,44,'2018-11-06 19:38:44','2018-11-06 19:38:44'),(2806,105,10,'2018-11-06 19:38:44','2018-11-06 19:38:44'),(2807,105,14,'2018-11-06 19:38:44','2018-11-06 19:38:44'),(2808,105,32,'2018-11-06 19:38:44','2018-11-06 19:38:44'),(2809,105,26,'2018-11-06 19:38:44','2018-11-06 19:38:44'),(2810,105,39,'2018-11-06 19:38:44','2018-11-06 19:38:44'),(2811,105,8,'2018-11-06 19:38:44','2018-11-06 19:38:44'),(2812,105,26,'2018-11-06 19:38:44','2018-11-06 19:38:44'),(2813,105,40,'2018-11-06 19:38:44','2018-11-06 19:38:44'),(2814,105,2,'2018-11-06 19:38:44','2018-11-06 19:38:44'),(2815,105,38,'2018-11-06 19:38:44','2018-11-06 19:38:44'),(2816,105,13,'2018-11-06 19:38:44','2018-11-06 19:38:44'),(2817,105,27,'2018-11-06 19:38:44','2018-11-06 19:38:44'),(2818,105,2,'2018-11-06 19:38:44','2018-11-06 19:38:44'),(2819,105,11,'2018-11-06 19:38:44','2018-11-06 19:38:44'),(2820,105,6,'2018-11-06 19:38:44','2018-11-06 19:38:44'),(2821,105,43,'2018-11-06 19:38:44','2018-11-06 19:38:44'),(2822,105,36,'2018-11-06 19:38:44','2018-11-06 19:38:44'),(2823,105,8,'2018-11-06 19:38:44','2018-11-06 19:38:44'),(2824,105,27,'2018-11-06 19:38:44','2018-11-06 19:38:44'),(2825,105,21,'2018-11-06 19:38:44','2018-11-06 19:38:44'),(2826,105,20,'2018-11-06 19:38:44','2018-11-06 19:38:44'),(2827,105,33,'2018-11-06 19:38:44','2018-11-06 19:38:44'),(2828,105,4,'2018-11-06 19:38:44','2018-11-06 19:38:44'),(2829,105,19,'2018-11-06 19:38:44','2018-11-06 19:38:44'),(2830,105,26,'2018-11-06 19:38:44','2018-11-06 19:38:44'),(2831,105,22,'2018-11-06 19:38:44','2018-11-06 19:38:44'),(2832,105,22,'2018-11-06 19:38:44','2018-11-06 19:38:44'),(2833,105,39,'2018-11-06 19:38:44','2018-11-06 19:38:44'),(2834,105,49,'2018-11-06 19:38:44','2018-11-06 19:38:44'),(2835,105,24,'2018-11-06 19:38:44','2018-11-06 19:38:44'),(2836,105,23,'2018-11-06 19:38:44','2018-11-06 19:38:44'),(2837,105,8,'2018-11-06 19:38:44','2018-11-06 19:38:44'),(2838,105,12,'2018-11-06 19:38:44','2018-11-06 19:38:44'),(2839,105,31,'2018-11-06 19:38:44','2018-11-06 19:38:44'),(2840,105,25,'2018-11-06 19:38:44','2018-11-06 19:38:44'),(2841,105,22,'2018-11-06 19:38:44','2018-11-06 19:38:44'),(2842,105,3,'2018-11-06 19:38:44','2018-11-06 19:38:44'),(2843,105,15,'2018-11-06 19:38:44','2018-11-06 19:38:44'),(2844,105,6,'2018-11-06 19:38:44','2018-11-06 19:38:44'),(2845,105,3,'2018-11-06 19:38:44','2018-11-06 19:38:44'),(2846,105,34,'2018-11-06 19:38:44','2018-11-06 19:38:44'),(2847,105,6,'2018-11-06 19:38:44','2018-11-06 19:38:44'),(2848,105,36,'2018-11-06 19:38:44','2018-11-06 19:38:44'),(2849,105,21,'2018-11-06 19:38:44','2018-11-06 19:38:44'),(2850,105,8,'2018-11-06 19:38:44','2018-11-06 19:38:44'),(2851,105,1,'2018-11-06 19:38:44','2018-11-06 19:38:44'),(2852,105,23,'2018-11-06 19:38:44','2018-11-06 19:38:44'),(2853,105,37,'2018-11-06 19:38:44','2018-11-06 19:38:44'),(2854,105,50,'2018-11-06 19:38:44','2018-11-06 19:38:44'),(2855,105,37,'2018-11-06 19:38:44','2018-11-06 19:38:44'),(2856,105,30,'2018-11-06 19:38:44','2018-11-06 19:38:44'),(2857,105,28,'2018-11-06 19:38:44','2018-11-06 19:38:44'),(2858,105,23,'2018-11-06 19:38:44','2018-11-06 19:38:44'),(2859,105,11,'2018-11-06 19:38:44','2018-11-06 19:38:44'),(2860,105,15,'2018-11-06 19:38:44','2018-11-06 19:38:44'),(2861,105,18,'2018-11-06 19:38:44','2018-11-06 19:38:44'),(2862,105,36,'2018-11-06 19:38:44','2018-11-06 19:38:44'),(2863,105,33,'2018-11-06 19:38:44','2018-11-06 19:38:44'),(2864,105,22,'2018-11-06 19:38:44','2018-11-06 19:38:44'),(2865,105,44,'2018-11-06 19:38:44','2018-11-06 19:38:44'),(2866,105,3,'2018-11-06 19:38:44','2018-11-06 19:38:44'),(2867,105,5,'2018-11-06 19:38:44','2018-11-06 19:38:44'),(2868,105,24,'2018-11-06 19:38:44','2018-11-06 19:38:44'),(2869,105,24,'2018-11-06 19:38:44','2018-11-06 19:38:44'),(2870,105,36,'2018-11-06 19:38:44','2018-11-06 19:38:44'),(2871,105,11,'2018-11-06 19:38:44','2018-11-06 19:38:44'),(2872,105,32,'2018-11-06 19:38:44','2018-11-06 19:38:44'),(2873,105,19,'2018-11-06 19:38:44','2018-11-06 19:38:44'),(2874,105,47,'2018-11-06 19:38:44','2018-11-06 19:38:44'),(2875,105,23,'2018-11-06 19:38:44','2018-11-06 19:38:44'),(2876,105,46,'2018-11-06 19:38:44','2018-11-06 19:38:44'),(2877,105,43,'2018-11-06 19:38:44','2018-11-06 19:38:44'),(2878,105,33,'2018-11-06 19:38:44','2018-11-06 19:38:44'),(2879,105,6,'2018-11-06 19:38:44','2018-11-06 19:38:44'),(2880,105,22,'2018-11-06 19:38:45','2018-11-06 19:38:45'),(2881,105,19,'2018-11-06 19:38:45','2018-11-06 19:38:45'),(2882,105,31,'2018-11-06 19:38:45','2018-11-06 19:38:45'),(2883,105,8,'2018-11-06 19:38:45','2018-11-06 19:38:45'),(2884,105,31,'2018-11-06 19:38:45','2018-11-06 19:38:45'),(2885,105,7,'2018-11-06 19:38:45','2018-11-06 19:38:45'),(2886,105,38,'2018-11-06 19:38:45','2018-11-06 19:38:45'),(2887,105,30,'2018-11-06 19:38:45','2018-11-06 19:38:45'),(2888,105,19,'2018-11-06 19:38:45','2018-11-06 19:38:45'),(2889,105,2,'2018-11-06 19:38:45','2018-11-06 19:38:45'),(2890,105,4,'2018-11-06 19:38:45','2018-11-06 19:38:45'),(2891,105,18,'2018-11-06 19:38:45','2018-11-06 19:38:45'),(2892,105,31,'2018-11-06 19:38:45','2018-11-06 19:38:45'),(2893,105,29,'2018-11-06 19:38:45','2018-11-06 19:38:45'),(2894,105,4,'2018-11-06 19:38:45','2018-11-06 19:38:45'),(2895,105,41,'2018-11-06 19:38:45','2018-11-06 19:38:45'),(2896,105,41,'2018-11-06 19:38:45','2018-11-06 19:38:45'),(2897,105,38,'2018-11-06 19:38:45','2018-11-06 19:38:45'),(2898,105,14,'2018-11-06 19:38:45','2018-11-06 19:38:45'),(2899,105,49,'2018-11-06 19:38:45','2018-11-06 19:38:45'),(2900,105,28,'2018-11-06 19:38:45','2018-11-06 19:38:45'),(2901,105,31,'2018-11-06 19:38:45','2018-11-06 19:38:45'),(2902,105,28,'2018-11-06 19:38:45','2018-11-06 19:38:45'),(2903,105,45,'2018-11-06 19:38:45','2018-11-06 19:38:45'),(2904,105,22,'2018-11-06 19:38:45','2018-11-06 19:38:45'),(2905,105,35,'2018-11-06 19:38:45','2018-11-06 19:38:45'),(2906,105,41,'2018-11-06 19:38:45','2018-11-06 19:38:45'),(2907,105,40,'2018-11-06 19:38:45','2018-11-06 19:38:45'),(2908,105,31,'2018-11-06 19:38:45','2018-11-06 19:38:45'),(2909,105,49,'2018-11-06 19:38:45','2018-11-06 19:38:45'),(2910,105,10,'2018-11-06 19:38:45','2018-11-06 19:38:45'),(2911,105,29,'2018-11-06 19:38:45','2018-11-06 19:38:45'),(2912,105,34,'2018-11-06 19:38:45','2018-11-06 19:38:45'),(2913,105,3,'2018-11-06 19:38:45','2018-11-06 19:38:45'),(2914,105,49,'2018-11-06 19:38:45','2018-11-06 19:38:45'),(2915,105,47,'2018-11-06 19:38:45','2018-11-06 19:38:45'),(2916,105,18,'2018-11-06 19:38:45','2018-11-06 19:38:45'),(2917,105,45,'2018-11-06 19:38:45','2018-11-06 19:38:45'),(2918,105,5,'2018-11-06 19:38:45','2018-11-06 19:38:45'),(2919,105,47,'2018-11-06 19:38:45','2018-11-06 19:38:45'),(2920,105,49,'2018-11-06 19:38:45','2018-11-06 19:38:45'),(2921,105,6,'2018-11-06 19:38:45','2018-11-06 19:38:45'),(2922,105,27,'2018-11-06 19:38:45','2018-11-06 19:38:45'),(2923,105,10,'2018-11-06 19:38:45','2018-11-06 19:38:45'),(2924,106,43,'2018-11-06 19:38:45','2018-11-06 19:38:45'),(2925,106,36,'2018-11-06 19:38:45','2018-11-06 19:38:45'),(2926,106,13,'2018-11-06 19:38:45','2018-11-06 19:38:45'),(2927,106,16,'2018-11-06 19:38:45','2018-11-06 19:38:45'),(2928,106,24,'2018-11-06 19:38:45','2018-11-06 19:38:45'),(2929,106,48,'2018-11-06 19:38:45','2018-11-06 19:38:45'),(2930,106,31,'2018-11-06 19:38:45','2018-11-06 19:38:45'),(2931,106,19,'2018-11-06 19:38:45','2018-11-06 19:38:45'),(2932,106,20,'2018-11-06 19:38:45','2018-11-06 19:38:45'),(2933,106,45,'2018-11-06 19:38:45','2018-11-06 19:38:45'),(2934,106,1,'2018-11-06 19:38:45','2018-11-06 19:38:45'),(2935,106,20,'2018-11-06 19:38:45','2018-11-06 19:38:45'),(2936,106,35,'2018-11-06 19:38:45','2018-11-06 19:38:45'),(2937,106,1,'2018-11-06 19:38:45','2018-11-06 19:38:45'),(2938,106,45,'2018-11-06 19:38:45','2018-11-06 19:38:45'),(2939,106,42,'2018-11-06 19:38:45','2018-11-06 19:38:45'),(2940,106,9,'2018-11-06 19:38:45','2018-11-06 19:38:45'),(2941,106,33,'2018-11-06 19:38:45','2018-11-06 19:38:45'),(2942,106,44,'2018-11-06 19:38:45','2018-11-06 19:38:45'),(2943,106,50,'2018-11-06 19:38:45','2018-11-06 19:38:45'),(2944,106,13,'2018-11-06 19:38:45','2018-11-06 19:38:45'),(2945,106,26,'2018-11-06 19:38:45','2018-11-06 19:38:45'),(2946,106,36,'2018-11-06 19:38:45','2018-11-06 19:38:45'),(2947,106,49,'2018-11-06 19:38:45','2018-11-06 19:38:45'),(2948,106,8,'2018-11-06 19:38:45','2018-11-06 19:38:45'),(2949,106,36,'2018-11-06 19:38:45','2018-11-06 19:38:45'),(2950,106,18,'2018-11-06 19:38:45','2018-11-06 19:38:45'),(2951,106,39,'2018-11-06 19:38:45','2018-11-06 19:38:45'),(2952,106,25,'2018-11-06 19:38:45','2018-11-06 19:38:45'),(2953,106,23,'2018-11-06 19:38:45','2018-11-06 19:38:45'),(2954,106,24,'2018-11-06 19:38:45','2018-11-06 19:38:45'),(2955,106,2,'2018-11-06 19:38:45','2018-11-06 19:38:45'),(2956,106,38,'2018-11-06 19:38:45','2018-11-06 19:38:45'),(2957,106,41,'2018-11-06 19:38:45','2018-11-06 19:38:45'),(2958,106,5,'2018-11-06 19:38:45','2018-11-06 19:38:45'),(2959,106,38,'2018-11-06 19:38:45','2018-11-06 19:38:45'),(2960,106,47,'2018-11-06 19:38:45','2018-11-06 19:38:45'),(2961,106,29,'2018-11-06 19:38:45','2018-11-06 19:38:45'),(2962,106,31,'2018-11-06 19:38:45','2018-11-06 19:38:45'),(2963,106,25,'2018-11-06 19:38:45','2018-11-06 19:38:45'),(2964,106,29,'2018-11-06 19:38:45','2018-11-06 19:38:45'),(2965,106,9,'2018-11-06 19:38:45','2018-11-06 19:38:45'),(2966,107,49,'2018-11-06 19:38:45','2018-11-06 19:38:45'),(2967,107,10,'2018-11-06 19:38:45','2018-11-06 19:38:45'),(2968,107,38,'2018-11-06 19:38:45','2018-11-06 19:38:45'),(2969,107,33,'2018-11-06 19:38:45','2018-11-06 19:38:45'),(2970,107,21,'2018-11-06 19:38:45','2018-11-06 19:38:45'),(2971,107,10,'2018-11-06 19:38:45','2018-11-06 19:38:45'),(2972,107,36,'2018-11-06 19:38:45','2018-11-06 19:38:45'),(2973,107,3,'2018-11-06 19:38:45','2018-11-06 19:38:45'),(2974,107,48,'2018-11-06 19:38:45','2018-11-06 19:38:45'),(2975,107,39,'2018-11-06 19:38:45','2018-11-06 19:38:45'),(2976,107,8,'2018-11-06 19:38:45','2018-11-06 19:38:45'),(2977,107,20,'2018-11-06 19:38:45','2018-11-06 19:38:45'),(2978,107,22,'2018-11-06 19:38:45','2018-11-06 19:38:45'),(2979,107,34,'2018-11-06 19:38:45','2018-11-06 19:38:45'),(2980,107,29,'2018-11-06 19:38:45','2018-11-06 19:38:45'),(2981,107,41,'2018-11-06 19:38:45','2018-11-06 19:38:45'),(2982,107,10,'2018-11-06 19:38:45','2018-11-06 19:38:45'),(2983,107,32,'2018-11-06 19:38:45','2018-11-06 19:38:45'),(2984,107,37,'2018-11-06 19:38:45','2018-11-06 19:38:45'),(2985,107,19,'2018-11-06 19:38:45','2018-11-06 19:38:45'),(2986,107,16,'2018-11-06 19:38:45','2018-11-06 19:38:45'),(2987,107,48,'2018-11-06 19:38:45','2018-11-06 19:38:45'),(2988,107,7,'2018-11-06 19:38:45','2018-11-06 19:38:45'),(2989,107,31,'2018-11-06 19:38:45','2018-11-06 19:38:45'),(2990,107,40,'2018-11-06 19:38:45','2018-11-06 19:38:45'),(2991,107,21,'2018-11-06 19:38:45','2018-11-06 19:38:45'),(2992,107,16,'2018-11-06 19:38:45','2018-11-06 19:38:45'),(2993,107,37,'2018-11-06 19:38:45','2018-11-06 19:38:45'),(2994,107,24,'2018-11-06 19:38:45','2018-11-06 19:38:45'),(2995,107,35,'2018-11-06 19:38:45','2018-11-06 19:38:45'),(2996,107,15,'2018-11-06 19:38:45','2018-11-06 19:38:45'),(2997,107,20,'2018-11-06 19:38:45','2018-11-06 19:38:45'),(2998,107,37,'2018-11-06 19:38:45','2018-11-06 19:38:45'),(2999,107,4,'2018-11-06 19:38:45','2018-11-06 19:38:45'),(3000,107,15,'2018-11-06 19:38:45','2018-11-06 19:38:45'),(3001,107,27,'2018-11-06 19:38:45','2018-11-06 19:38:45'),(3002,107,31,'2018-11-06 19:38:45','2018-11-06 19:38:45'),(3003,107,30,'2018-11-06 19:38:45','2018-11-06 19:38:45'),(3004,107,23,'2018-11-06 19:38:45','2018-11-06 19:38:45'),(3005,107,42,'2018-11-06 19:38:45','2018-11-06 19:38:45'),(3006,107,43,'2018-11-06 19:38:45','2018-11-06 19:38:45'),(3007,107,46,'2018-11-06 19:38:45','2018-11-06 19:38:45'),(3008,107,14,'2018-11-06 19:38:45','2018-11-06 19:38:45'),(3009,108,17,'2018-11-06 19:38:45','2018-11-06 19:38:45'),(3010,108,39,'2018-11-06 19:38:45','2018-11-06 19:38:45'),(3011,108,50,'2018-11-06 19:38:45','2018-11-06 19:38:45'),(3012,111,23,'2018-11-06 19:38:45','2018-11-06 19:38:45'),(3013,111,18,'2018-11-06 19:38:45','2018-11-06 19:38:45'),(3014,111,32,'2018-11-06 19:38:45','2018-11-06 19:38:45'),(3015,111,34,'2018-11-06 19:38:45','2018-11-06 19:38:45'),(3016,111,33,'2018-11-06 19:38:45','2018-11-06 19:38:45'),(3017,111,11,'2018-11-06 19:38:45','2018-11-06 19:38:45'),(3018,111,6,'2018-11-06 19:38:45','2018-11-06 19:38:45'),(3019,111,40,'2018-11-06 19:38:45','2018-11-06 19:38:45'),(3020,111,5,'2018-11-06 19:38:45','2018-11-06 19:38:45'),(3021,111,37,'2018-11-06 19:38:45','2018-11-06 19:38:45'),(3022,111,17,'2018-11-06 19:38:45','2018-11-06 19:38:45'),(3023,111,35,'2018-11-06 19:38:45','2018-11-06 19:38:45'),(3024,111,16,'2018-11-06 19:38:45','2018-11-06 19:38:45'),(3025,111,31,'2018-11-06 19:38:45','2018-11-06 19:38:45'),(3026,111,5,'2018-11-06 19:38:45','2018-11-06 19:38:45'),(3027,111,37,'2018-11-06 19:38:45','2018-11-06 19:38:45'),(3028,111,32,'2018-11-06 19:38:45','2018-11-06 19:38:45'),(3029,111,48,'2018-11-06 19:38:45','2018-11-06 19:38:45'),(3030,111,11,'2018-11-06 19:38:45','2018-11-06 19:38:45'),(3031,111,26,'2018-11-06 19:38:45','2018-11-06 19:38:45'),(3032,111,29,'2018-11-06 19:38:45','2018-11-06 19:38:45'),(3033,111,35,'2018-11-06 19:38:45','2018-11-06 19:38:45'),(3034,111,49,'2018-11-06 19:38:45','2018-11-06 19:38:45'),(3035,111,22,'2018-11-06 19:38:45','2018-11-06 19:38:45'),(3036,111,23,'2018-11-06 19:38:45','2018-11-06 19:38:45'),(3037,111,40,'2018-11-06 19:38:45','2018-11-06 19:38:45'),(3038,111,21,'2018-11-06 19:38:45','2018-11-06 19:38:45'),(3039,111,17,'2018-11-06 19:38:45','2018-11-06 19:38:45'),(3040,111,37,'2018-11-06 19:38:45','2018-11-06 19:38:45'),(3041,111,9,'2018-11-06 19:38:45','2018-11-06 19:38:45'),(3042,111,2,'2018-11-06 19:38:45','2018-11-06 19:38:45'),(3043,111,21,'2018-11-06 19:38:45','2018-11-06 19:38:45'),(3044,111,27,'2018-11-06 19:38:45','2018-11-06 19:38:45'),(3045,111,50,'2018-11-06 19:38:45','2018-11-06 19:38:45'),(3046,112,35,'2018-11-06 19:38:46','2018-11-06 19:38:46'),(3047,112,20,'2018-11-06 19:38:46','2018-11-06 19:38:46'),(3048,112,37,'2018-11-06 19:38:46','2018-11-06 19:38:46'),(3049,112,13,'2018-11-06 19:38:46','2018-11-06 19:38:46'),(3050,112,6,'2018-11-06 19:38:46','2018-11-06 19:38:46'),(3051,112,7,'2018-11-06 19:38:46','2018-11-06 19:38:46'),(3052,112,36,'2018-11-06 19:38:46','2018-11-06 19:38:46'),(3053,112,8,'2018-11-06 19:38:46','2018-11-06 19:38:46'),(3054,112,31,'2018-11-06 19:38:46','2018-11-06 19:38:46'),(3055,112,21,'2018-11-06 19:38:46','2018-11-06 19:38:46'),(3056,112,37,'2018-11-06 19:38:46','2018-11-06 19:38:46'),(3057,112,3,'2018-11-06 19:38:46','2018-11-06 19:38:46'),(3058,112,29,'2018-11-06 19:38:46','2018-11-06 19:38:46'),(3059,112,8,'2018-11-06 19:38:46','2018-11-06 19:38:46'),(3060,112,43,'2018-11-06 19:38:46','2018-11-06 19:38:46'),(3061,112,12,'2018-11-06 19:38:46','2018-11-06 19:38:46'),(3062,112,23,'2018-11-06 19:38:46','2018-11-06 19:38:46'),(3063,112,36,'2018-11-06 19:38:46','2018-11-06 19:38:46'),(3064,112,6,'2018-11-06 19:38:46','2018-11-06 19:38:46'),(3065,112,5,'2018-11-06 19:38:46','2018-11-06 19:38:46'),(3066,112,35,'2018-11-06 19:38:46','2018-11-06 19:38:46'),(3067,112,28,'2018-11-06 19:38:46','2018-11-06 19:38:46'),(3068,113,29,'2018-11-06 19:38:46','2018-11-06 19:38:46'),(3069,113,15,'2018-11-06 19:38:46','2018-11-06 19:38:46'),(3070,113,28,'2018-11-06 19:38:46','2018-11-06 19:38:46'),(3071,113,34,'2018-11-06 19:38:46','2018-11-06 19:38:46'),(3072,113,21,'2018-11-06 19:38:46','2018-11-06 19:38:46'),(3073,113,44,'2018-11-06 19:38:46','2018-11-06 19:38:46'),(3074,113,17,'2018-11-06 19:38:46','2018-11-06 19:38:46'),(3075,113,16,'2018-11-06 19:38:46','2018-11-06 19:38:46'),(3076,113,33,'2018-11-06 19:38:46','2018-11-06 19:38:46'),(3077,113,48,'2018-11-06 19:38:46','2018-11-06 19:38:46'),(3078,113,9,'2018-11-06 19:38:46','2018-11-06 19:38:46'),(3079,113,18,'2018-11-06 19:38:46','2018-11-06 19:38:46'),(3080,113,40,'2018-11-06 19:38:46','2018-11-06 19:38:46'),(3081,113,42,'2018-11-06 19:38:46','2018-11-06 19:38:46'),(3082,113,42,'2018-11-06 19:38:46','2018-11-06 19:38:46'),(3083,113,9,'2018-11-06 19:38:46','2018-11-06 19:38:46'),(3084,114,50,'2018-11-06 19:38:46','2018-11-06 19:38:46'),(3085,114,47,'2018-11-06 19:38:46','2018-11-06 19:38:46'),(3086,114,1,'2018-11-06 19:38:46','2018-11-06 19:38:46'),(3087,114,9,'2018-11-06 19:38:46','2018-11-06 19:38:46'),(3088,114,9,'2018-11-06 19:38:46','2018-11-06 19:38:46'),(3089,114,45,'2018-11-06 19:38:46','2018-11-06 19:38:46'),(3090,114,17,'2018-11-06 19:38:46','2018-11-06 19:38:46'),(3091,114,33,'2018-11-06 19:38:46','2018-11-06 19:38:46'),(3092,114,43,'2018-11-06 19:38:46','2018-11-06 19:38:46'),(3093,114,14,'2018-11-06 19:38:46','2018-11-06 19:38:46'),(3094,114,28,'2018-11-06 19:38:46','2018-11-06 19:38:46'),(3095,114,48,'2018-11-06 19:38:46','2018-11-06 19:38:46'),(3096,114,42,'2018-11-06 19:38:46','2018-11-06 19:38:46'),(3097,114,17,'2018-11-06 19:38:46','2018-11-06 19:38:46'),(3098,114,9,'2018-11-06 19:38:46','2018-11-06 19:38:46'),(3099,114,30,'2018-11-06 19:38:46','2018-11-06 19:38:46'),(3100,114,34,'2018-11-06 19:38:46','2018-11-06 19:38:46'),(3101,114,18,'2018-11-06 19:38:46','2018-11-06 19:38:46'),(3102,114,14,'2018-11-06 19:38:46','2018-11-06 19:38:46'),(3103,114,3,'2018-11-06 19:38:46','2018-11-06 19:38:46'),(3104,114,33,'2018-11-06 19:38:46','2018-11-06 19:38:46'),(3105,114,40,'2018-11-06 19:38:46','2018-11-06 19:38:46'),(3106,114,32,'2018-11-06 19:38:46','2018-11-06 19:38:46'),(3107,114,3,'2018-11-06 19:38:46','2018-11-06 19:38:46'),(3108,114,45,'2018-11-06 19:38:46','2018-11-06 19:38:46'),(3109,114,36,'2018-11-06 19:38:46','2018-11-06 19:38:46'),(3110,114,45,'2018-11-06 19:38:46','2018-11-06 19:38:46'),(3111,115,7,'2018-11-06 19:38:46','2018-11-06 19:38:46'),(3112,115,9,'2018-11-06 19:38:46','2018-11-06 19:38:46'),(3113,115,25,'2018-11-06 19:38:46','2018-11-06 19:38:46'),(3114,115,19,'2018-11-06 19:38:46','2018-11-06 19:38:46'),(3115,115,28,'2018-11-06 19:38:46','2018-11-06 19:38:46'),(3116,115,33,'2018-11-06 19:38:46','2018-11-06 19:38:46'),(3117,115,20,'2018-11-06 19:38:46','2018-11-06 19:38:46'),(3118,116,44,'2018-11-06 19:38:46','2018-11-06 19:38:46'),(3119,116,38,'2018-11-06 19:38:46','2018-11-06 19:38:46'),(3120,116,23,'2018-11-06 19:38:46','2018-11-06 19:38:46'),(3121,116,26,'2018-11-06 19:38:46','2018-11-06 19:38:46'),(3122,116,4,'2018-11-06 19:38:46','2018-11-06 19:38:46'),(3123,116,13,'2018-11-06 19:38:46','2018-11-06 19:38:46'),(3124,116,43,'2018-11-06 19:38:46','2018-11-06 19:38:46'),(3125,116,39,'2018-11-06 19:38:46','2018-11-06 19:38:46'),(3126,116,43,'2018-11-06 19:38:46','2018-11-06 19:38:46'),(3127,116,37,'2018-11-06 19:38:46','2018-11-06 19:38:46'),(3128,116,6,'2018-11-06 19:38:46','2018-11-06 19:38:46'),(3129,117,46,'2018-11-06 19:38:46','2018-11-06 19:38:46'),(3130,117,8,'2018-11-06 19:38:46','2018-11-06 19:38:46'),(3131,117,5,'2018-11-06 19:38:46','2018-11-06 19:38:46'),(3132,117,48,'2018-11-06 19:38:46','2018-11-06 19:38:46'),(3133,117,50,'2018-11-06 19:38:46','2018-11-06 19:38:46'),(3134,117,23,'2018-11-06 19:38:46','2018-11-06 19:38:46'),(3135,117,28,'2018-11-06 19:38:46','2018-11-06 19:38:46'),(3136,117,4,'2018-11-06 19:38:46','2018-11-06 19:38:46'),(3137,117,40,'2018-11-06 19:38:46','2018-11-06 19:38:46'),(3138,117,17,'2018-11-06 19:38:46','2018-11-06 19:38:46'),(3139,117,22,'2018-11-06 19:38:46','2018-11-06 19:38:46'),(3140,117,31,'2018-11-06 19:38:46','2018-11-06 19:38:46'),(3141,117,18,'2018-11-06 19:38:46','2018-11-06 19:38:46'),(3142,117,39,'2018-11-06 19:38:46','2018-11-06 19:38:46'),(3143,117,35,'2018-11-06 19:38:46','2018-11-06 19:38:46'),(3144,117,46,'2018-11-06 19:38:46','2018-11-06 19:38:46'),(3145,117,12,'2018-11-06 19:38:46','2018-11-06 19:38:46'),(3146,118,8,'2018-11-06 19:38:46','2018-11-06 19:38:46'),(3147,118,45,'2018-11-06 19:38:46','2018-11-06 19:38:46'),(3148,118,7,'2018-11-06 19:38:46','2018-11-06 19:38:46'),(3149,118,1,'2018-11-06 19:38:46','2018-11-06 19:38:46'),(3150,119,41,'2018-11-06 19:38:46','2018-11-06 19:38:46'),(3151,119,25,'2018-11-06 19:38:46','2018-11-06 19:38:46'),(3152,119,38,'2018-11-06 19:38:46','2018-11-06 19:38:46'),(3153,120,12,'2018-11-06 19:38:46','2018-11-06 19:38:46'),(3154,120,7,'2018-11-06 19:38:46','2018-11-06 19:38:46'),(3155,120,50,'2018-11-06 19:38:46','2018-11-06 19:38:46'),(3156,120,29,'2018-11-06 19:38:46','2018-11-06 19:38:46'),(3157,120,21,'2018-11-06 19:38:46','2018-11-06 19:38:46'),(3158,120,48,'2018-11-06 19:38:46','2018-11-06 19:38:46'),(3159,120,45,'2018-11-06 19:38:46','2018-11-06 19:38:46'),(3160,120,49,'2018-11-06 19:38:46','2018-11-06 19:38:46'),(3161,120,7,'2018-11-06 19:38:46','2018-11-06 19:38:46'),(3162,120,50,'2018-11-06 19:38:46','2018-11-06 19:38:46'),(3163,120,36,'2018-11-06 19:38:46','2018-11-06 19:38:46'),(3164,120,4,'2018-11-06 19:38:46','2018-11-06 19:38:46'),(3165,120,14,'2018-11-06 19:38:46','2018-11-06 19:38:46'),(3166,120,1,'2018-11-06 19:38:46','2018-11-06 19:38:46'),(3167,120,41,'2018-11-06 19:38:46','2018-11-06 19:38:46'),(3168,120,14,'2018-11-06 19:38:46','2018-11-06 19:38:46'),(3169,120,40,'2018-11-06 19:38:46','2018-11-06 19:38:46'),(3170,120,29,'2018-11-06 19:38:46','2018-11-06 19:38:46'),(3171,120,48,'2018-11-06 19:38:46','2018-11-06 19:38:46'),(3172,120,32,'2018-11-06 19:38:46','2018-11-06 19:38:46'),(3173,120,4,'2018-11-06 19:38:46','2018-11-06 19:38:46'),(3174,120,23,'2018-11-06 19:38:46','2018-11-06 19:38:46'),(3175,120,9,'2018-11-06 19:38:46','2018-11-06 19:38:46'),(3176,120,14,'2018-11-06 19:38:46','2018-11-06 19:38:46'),(3177,120,24,'2018-11-06 19:38:46','2018-11-06 19:38:46'),(3178,120,9,'2018-11-06 19:38:46','2018-11-06 19:38:46'),(3179,120,31,'2018-11-06 19:38:46','2018-11-06 19:38:46'),(3180,120,31,'2018-11-06 19:38:46','2018-11-06 19:38:46'),(3181,120,17,'2018-11-06 19:38:46','2018-11-06 19:38:46'),(3182,120,40,'2018-11-06 19:38:46','2018-11-06 19:38:46'),(3183,120,35,'2018-11-06 19:38:47','2018-11-06 19:38:47'),(3184,120,41,'2018-11-06 19:38:47','2018-11-06 19:38:47'),(3185,120,20,'2018-11-06 19:38:47','2018-11-06 19:38:47'),(3186,120,22,'2018-11-06 19:38:47','2018-11-06 19:38:47'),(3187,120,11,'2018-11-06 19:38:47','2018-11-06 19:38:47'),(3188,120,29,'2018-11-06 19:38:47','2018-11-06 19:38:47'),(3189,120,10,'2018-11-06 19:38:47','2018-11-06 19:38:47'),(3190,120,38,'2018-11-06 19:38:47','2018-11-06 19:38:47'),(3191,120,47,'2018-11-06 19:38:47','2018-11-06 19:38:47'),(3192,120,46,'2018-11-06 19:38:47','2018-11-06 19:38:47'),(3193,120,38,'2018-11-06 19:38:47','2018-11-06 19:38:47'),(3194,120,41,'2018-11-06 19:38:47','2018-11-06 19:38:47'),(3195,120,45,'2018-11-06 19:38:47','2018-11-06 19:38:47'),(3196,120,43,'2018-11-06 19:38:47','2018-11-06 19:38:47'),(3197,120,43,'2018-11-06 19:38:47','2018-11-06 19:38:47'),(3198,120,7,'2018-11-06 19:38:47','2018-11-06 19:38:47'),(3199,120,31,'2018-11-06 19:38:47','2018-11-06 19:38:47'),(3200,120,43,'2018-11-06 19:38:47','2018-11-06 19:38:47'),(3201,120,41,'2018-11-06 19:38:47','2018-11-06 19:38:47'),(3202,120,29,'2018-11-06 19:38:47','2018-11-06 19:38:47'),(3203,120,17,'2018-11-06 19:38:47','2018-11-06 19:38:47'),(3204,120,35,'2018-11-06 19:38:47','2018-11-06 19:38:47'),(3205,120,22,'2018-11-06 19:38:47','2018-11-06 19:38:47'),(3206,120,32,'2018-11-06 19:38:47','2018-11-06 19:38:47'),(3207,120,19,'2018-11-06 19:38:47','2018-11-06 19:38:47'),(3208,120,37,'2018-11-06 19:38:47','2018-11-06 19:38:47'),(3209,120,23,'2018-11-06 19:38:47','2018-11-06 19:38:47'),(3210,120,8,'2018-11-06 19:38:47','2018-11-06 19:38:47'),(3211,120,50,'2018-11-06 19:38:47','2018-11-06 19:38:47'),(3212,120,28,'2018-11-06 19:38:47','2018-11-06 19:38:47'),(3213,120,11,'2018-11-06 19:38:47','2018-11-06 19:38:47'),(3214,120,24,'2018-11-06 19:38:47','2018-11-06 19:38:47'),(3215,120,8,'2018-11-06 19:38:47','2018-11-06 19:38:47'),(3216,120,39,'2018-11-06 19:38:47','2018-11-06 19:38:47'),(3217,120,41,'2018-11-06 19:38:47','2018-11-06 19:38:47'),(3218,120,37,'2018-11-06 19:38:47','2018-11-06 19:38:47'),(3219,120,20,'2018-11-06 19:38:47','2018-11-06 19:38:47'),(3220,120,20,'2018-11-06 19:38:47','2018-11-06 19:38:47'),(3221,120,14,'2018-11-06 19:38:47','2018-11-06 19:38:47'),(3222,120,10,'2018-11-06 19:38:47','2018-11-06 19:38:47'),(3223,120,2,'2018-11-06 19:38:47','2018-11-06 19:38:47'),(3224,120,32,'2018-11-06 19:38:47','2018-11-06 19:38:47'),(3225,120,47,'2018-11-06 19:38:47','2018-11-06 19:38:47'),(3226,120,16,'2018-11-06 19:38:47','2018-11-06 19:38:47'),(3227,120,23,'2018-11-06 19:38:47','2018-11-06 19:38:47'),(3228,120,4,'2018-11-06 19:38:47','2018-11-06 19:38:47'),(3229,120,12,'2018-11-06 19:38:47','2018-11-06 19:38:47'),(3230,120,21,'2018-11-06 19:38:47','2018-11-06 19:38:47'),(3231,120,3,'2018-11-06 19:38:47','2018-11-06 19:38:47'),(3232,120,2,'2018-11-06 19:38:47','2018-11-06 19:38:47'),(3233,120,12,'2018-11-06 19:38:47','2018-11-06 19:38:47'),(3234,120,14,'2018-11-06 19:38:47','2018-11-06 19:38:47'),(3235,120,28,'2018-11-06 19:38:47','2018-11-06 19:38:47'),(3236,121,44,'2018-11-06 19:38:47','2018-11-06 19:38:47'),(3237,121,24,'2018-11-06 19:38:47','2018-11-06 19:38:47'),(3238,121,33,'2018-11-06 19:38:47','2018-11-06 19:38:47'),(3239,121,30,'2018-11-06 19:38:47','2018-11-06 19:38:47'),(3240,122,49,'2018-11-06 19:38:47','2018-11-06 19:38:47'),(3241,122,27,'2018-11-06 19:38:47','2018-11-06 19:38:47'),(3242,122,32,'2018-11-06 19:38:47','2018-11-06 19:38:47'),(3243,122,7,'2018-11-06 19:38:47','2018-11-06 19:38:47'),(3244,122,34,'2018-11-06 19:38:47','2018-11-06 19:38:47'),(3245,123,15,'2018-11-06 19:38:47','2018-11-06 19:38:47'),(3246,124,39,'2018-11-06 19:38:47','2018-11-06 19:38:47'),(3247,125,4,'2018-11-06 19:38:47','2018-11-06 19:38:47'),(3248,125,18,'2018-11-06 19:38:47','2018-11-06 19:38:47'),(3249,125,15,'2018-11-06 19:38:47','2018-11-06 19:38:47'),(3250,125,46,'2018-11-06 19:38:47','2018-11-06 19:38:47'),(3251,125,46,'2018-11-06 19:38:47','2018-11-06 19:38:47'),(3252,125,42,'2018-11-06 19:38:47','2018-11-06 19:38:47'),(3253,125,30,'2018-11-06 19:38:47','2018-11-06 19:38:47'),(3254,125,35,'2018-11-06 19:38:47','2018-11-06 19:38:47'),(3255,125,37,'2018-11-06 19:38:47','2018-11-06 19:38:47'),(3256,125,26,'2018-11-06 19:38:47','2018-11-06 19:38:47'),(3257,125,9,'2018-11-06 19:38:47','2018-11-06 19:38:47'),(3258,125,48,'2018-11-06 19:38:47','2018-11-06 19:38:47'),(3259,125,46,'2018-11-06 19:38:47','2018-11-06 19:38:47'),(3260,125,42,'2018-11-06 19:38:47','2018-11-06 19:38:47'),(3261,125,16,'2018-11-06 19:38:47','2018-11-06 19:38:47'),(3262,125,30,'2018-11-06 19:38:47','2018-11-06 19:38:47'),(3263,125,7,'2018-11-06 19:38:47','2018-11-06 19:38:47'),(3264,125,23,'2018-11-06 19:38:47','2018-11-06 19:38:47'),(3265,125,1,'2018-11-06 19:38:47','2018-11-06 19:38:47'),(3266,125,26,'2018-11-06 19:38:47','2018-11-06 19:38:47'),(3267,125,24,'2018-11-06 19:38:47','2018-11-06 19:38:47'),(3268,125,25,'2018-11-06 19:38:47','2018-11-06 19:38:47'),(3269,125,10,'2018-11-06 19:38:47','2018-11-06 19:38:47'),(3270,125,14,'2018-11-06 19:38:47','2018-11-06 19:38:47'),(3271,126,17,'2018-11-06 19:38:47','2018-11-06 19:38:47'),(3272,126,32,'2018-11-06 19:38:47','2018-11-06 19:38:47'),(3273,126,28,'2018-11-06 19:38:47','2018-11-06 19:38:47'),(3274,126,39,'2018-11-06 19:38:47','2018-11-06 19:38:47'),(3275,126,11,'2018-11-06 19:38:47','2018-11-06 19:38:47'),(3276,126,21,'2018-11-06 19:38:47','2018-11-06 19:38:47'),(3277,126,23,'2018-11-06 19:38:47','2018-11-06 19:38:47'),(3278,126,11,'2018-11-06 19:38:47','2018-11-06 19:38:47'),(3279,126,44,'2018-11-06 19:38:47','2018-11-06 19:38:47'),(3280,126,28,'2018-11-06 19:38:47','2018-11-06 19:38:47'),(3281,126,34,'2018-11-06 19:38:47','2018-11-06 19:38:47'),(3282,126,44,'2018-11-06 19:38:47','2018-11-06 19:38:47'),(3283,126,44,'2018-11-06 19:38:47','2018-11-06 19:38:47'),(3284,126,6,'2018-11-06 19:38:47','2018-11-06 19:38:47'),(3285,126,36,'2018-11-06 19:38:47','2018-11-06 19:38:47'),(3286,126,7,'2018-11-06 19:38:47','2018-11-06 19:38:47'),(3287,127,43,'2018-11-06 19:38:47','2018-11-06 19:38:47'),(3288,127,49,'2018-11-06 19:38:47','2018-11-06 19:38:47'),(3289,127,41,'2018-11-06 19:38:47','2018-11-06 19:38:47'),(3290,127,5,'2018-11-06 19:38:47','2018-11-06 19:38:47'),(3291,127,15,'2018-11-06 19:38:47','2018-11-06 19:38:47'),(3292,127,31,'2018-11-06 19:38:47','2018-11-06 19:38:47'),(3293,127,30,'2018-11-06 19:38:47','2018-11-06 19:38:47'),(3294,127,21,'2018-11-06 19:38:47','2018-11-06 19:38:47'),(3295,127,29,'2018-11-06 19:38:47','2018-11-06 19:38:47'),(3296,127,50,'2018-11-06 19:38:47','2018-11-06 19:38:47'),(3297,127,4,'2018-11-06 19:38:47','2018-11-06 19:38:47'),(3298,127,35,'2018-11-06 19:38:47','2018-11-06 19:38:47'),(3299,127,17,'2018-11-06 19:38:47','2018-11-06 19:38:47'),(3300,127,7,'2018-11-06 19:38:47','2018-11-06 19:38:47'),(3301,127,1,'2018-11-06 19:38:47','2018-11-06 19:38:47'),(3302,127,29,'2018-11-06 19:38:47','2018-11-06 19:38:47'),(3303,127,29,'2018-11-06 19:38:47','2018-11-06 19:38:47'),(3304,127,25,'2018-11-06 19:38:47','2018-11-06 19:38:47'),(3305,127,42,'2018-11-06 19:38:47','2018-11-06 19:38:47'),(3306,127,18,'2018-11-06 19:38:47','2018-11-06 19:38:47'),(3307,127,49,'2018-11-06 19:38:47','2018-11-06 19:38:47'),(3308,127,18,'2018-11-06 19:38:47','2018-11-06 19:38:47'),(3309,127,2,'2018-11-06 19:38:47','2018-11-06 19:38:47'),(3310,127,47,'2018-11-06 19:38:47','2018-11-06 19:38:47'),(3311,127,49,'2018-11-06 19:38:47','2018-11-06 19:38:47'),(3312,127,16,'2018-11-06 19:38:47','2018-11-06 19:38:47'),(3313,127,15,'2018-11-06 19:38:47','2018-11-06 19:38:47'),(3314,127,44,'2018-11-06 19:38:47','2018-11-06 19:38:47'),(3315,127,39,'2018-11-06 19:38:47','2018-11-06 19:38:47'),(3316,127,3,'2018-11-06 19:38:47','2018-11-06 19:38:47'),(3317,127,16,'2018-11-06 19:38:47','2018-11-06 19:38:47'),(3318,127,30,'2018-11-06 19:38:47','2018-11-06 19:38:47'),(3319,128,34,'2018-11-06 19:38:47','2018-11-06 19:38:47'),(3320,128,18,'2018-11-06 19:38:47','2018-11-06 19:38:47'),(3321,128,1,'2018-11-06 19:38:47','2018-11-06 19:38:47'),(3322,128,11,'2018-11-06 19:38:47','2018-11-06 19:38:47'),(3323,128,28,'2018-11-06 19:38:47','2018-11-06 19:38:47'),(3324,128,27,'2018-11-06 19:38:47','2018-11-06 19:38:47'),(3325,128,9,'2018-11-06 19:38:47','2018-11-06 19:38:47'),(3326,128,50,'2018-11-06 19:38:47','2018-11-06 19:38:47'),(3327,128,16,'2018-11-06 19:38:47','2018-11-06 19:38:47'),(3328,128,47,'2018-11-06 19:38:47','2018-11-06 19:38:47'),(3329,128,13,'2018-11-06 19:38:47','2018-11-06 19:38:47'),(3330,128,26,'2018-11-06 19:38:47','2018-11-06 19:38:47'),(3331,128,37,'2018-11-06 19:38:47','2018-11-06 19:38:47'),(3332,128,9,'2018-11-06 19:38:48','2018-11-06 19:38:48'),(3333,128,41,'2018-11-06 19:38:48','2018-11-06 19:38:48'),(3334,128,24,'2018-11-06 19:38:48','2018-11-06 19:38:48'),(3335,128,31,'2018-11-06 19:38:48','2018-11-06 19:38:48'),(3336,128,12,'2018-11-06 19:38:48','2018-11-06 19:38:48'),(3337,128,21,'2018-11-06 19:38:48','2018-11-06 19:38:48'),(3338,128,44,'2018-11-06 19:38:48','2018-11-06 19:38:48'),(3339,128,20,'2018-11-06 19:38:48','2018-11-06 19:38:48'),(3340,129,22,'2018-11-06 19:38:48','2018-11-06 19:38:48'),(3341,129,23,'2018-11-06 19:38:48','2018-11-06 19:38:48'),(3342,129,4,'2018-11-06 19:38:48','2018-11-06 19:38:48'),(3343,129,25,'2018-11-06 19:38:48','2018-11-06 19:38:48'),(3344,129,2,'2018-11-06 19:38:48','2018-11-06 19:38:48'),(3345,129,42,'2018-11-06 19:38:48','2018-11-06 19:38:48'),(3346,129,46,'2018-11-06 19:38:48','2018-11-06 19:38:48'),(3347,129,25,'2018-11-06 19:38:48','2018-11-06 19:38:48'),(3348,129,25,'2018-11-06 19:38:48','2018-11-06 19:38:48'),(3349,129,16,'2018-11-06 19:38:48','2018-11-06 19:38:48'),(3350,129,26,'2018-11-06 19:38:48','2018-11-06 19:38:48'),(3351,129,26,'2018-11-06 19:38:48','2018-11-06 19:38:48'),(3352,129,40,'2018-11-06 19:38:48','2018-11-06 19:38:48'),(3353,129,25,'2018-11-06 19:38:48','2018-11-06 19:38:48'),(3354,129,6,'2018-11-06 19:38:48','2018-11-06 19:38:48'),(3355,129,33,'2018-11-06 19:38:48','2018-11-06 19:38:48'),(3356,129,35,'2018-11-06 19:38:48','2018-11-06 19:38:48'),(3357,129,50,'2018-11-06 19:38:48','2018-11-06 19:38:48'),(3358,129,40,'2018-11-06 19:38:48','2018-11-06 19:38:48'),(3359,129,49,'2018-11-06 19:38:48','2018-11-06 19:38:48'),(3360,129,23,'2018-11-06 19:38:48','2018-11-06 19:38:48'),(3361,129,20,'2018-11-06 19:38:48','2018-11-06 19:38:48'),(3362,129,26,'2018-11-06 19:38:48','2018-11-06 19:38:48'),(3363,129,29,'2018-11-06 19:38:48','2018-11-06 19:38:48'),(3364,129,16,'2018-11-06 19:38:48','2018-11-06 19:38:48'),(3365,129,31,'2018-11-06 19:38:48','2018-11-06 19:38:48'),(3366,129,28,'2018-11-06 19:38:48','2018-11-06 19:38:48'),(3367,129,34,'2018-11-06 19:38:48','2018-11-06 19:38:48'),(3368,129,18,'2018-11-06 19:38:48','2018-11-06 19:38:48'),(3369,129,2,'2018-11-06 19:38:48','2018-11-06 19:38:48'),(3370,129,20,'2018-11-06 19:38:48','2018-11-06 19:38:48'),(3371,129,7,'2018-11-06 19:38:48','2018-11-06 19:38:48'),(3372,129,48,'2018-11-06 19:38:48','2018-11-06 19:38:48'),(3373,129,40,'2018-11-06 19:38:48','2018-11-06 19:38:48'),(3374,129,21,'2018-11-06 19:38:48','2018-11-06 19:38:48'),(3375,129,21,'2018-11-06 19:38:48','2018-11-06 19:38:48'),(3376,129,20,'2018-11-06 19:38:48','2018-11-06 19:38:48'),(3377,129,21,'2018-11-06 19:38:48','2018-11-06 19:38:48'),(3378,129,35,'2018-11-06 19:38:48','2018-11-06 19:38:48'),(3379,129,2,'2018-11-06 19:38:48','2018-11-06 19:38:48'),(3380,129,11,'2018-11-06 19:38:48','2018-11-06 19:38:48'),(3381,129,20,'2018-11-06 19:38:48','2018-11-06 19:38:48'),(3382,129,30,'2018-11-06 19:38:48','2018-11-06 19:38:48'),(3383,129,20,'2018-11-06 19:38:48','2018-11-06 19:38:48'),(3384,130,20,'2018-11-06 19:38:48','2018-11-06 19:38:48'),(3385,131,31,'2018-11-06 19:38:48','2018-11-06 19:38:48'),(3386,131,36,'2018-11-06 19:38:48','2018-11-06 19:38:48'),(3387,131,36,'2018-11-06 19:38:48','2018-11-06 19:38:48'),(3388,131,5,'2018-11-06 19:38:48','2018-11-06 19:38:48'),(3389,131,46,'2018-11-06 19:38:48','2018-11-06 19:38:48'),(3390,131,40,'2018-11-06 19:38:48','2018-11-06 19:38:48'),(3391,131,1,'2018-11-06 19:38:48','2018-11-06 19:38:48'),(3392,131,46,'2018-11-06 19:38:48','2018-11-06 19:38:48'),(3393,131,48,'2018-11-06 19:38:48','2018-11-06 19:38:48'),(3394,131,48,'2018-11-06 19:38:48','2018-11-06 19:38:48'),(3395,131,21,'2018-11-06 19:38:48','2018-11-06 19:38:48'),(3396,131,2,'2018-11-06 19:38:48','2018-11-06 19:38:48'),(3397,131,8,'2018-11-06 19:38:48','2018-11-06 19:38:48'),(3398,131,28,'2018-11-06 19:38:48','2018-11-06 19:38:48'),(3399,131,22,'2018-11-06 19:38:48','2018-11-06 19:38:48'),(3400,131,32,'2018-11-06 19:38:48','2018-11-06 19:38:48'),(3401,131,44,'2018-11-06 19:38:48','2018-11-06 19:38:48'),(3402,131,35,'2018-11-06 19:38:48','2018-11-06 19:38:48'),(3403,131,15,'2018-11-06 19:38:48','2018-11-06 19:38:48'),(3404,131,33,'2018-11-06 19:38:48','2018-11-06 19:38:48'),(3405,132,38,'2018-11-06 19:38:48','2018-11-06 19:38:48'),(3406,132,38,'2018-11-06 19:38:48','2018-11-06 19:38:48'),(3407,132,45,'2018-11-06 19:38:48','2018-11-06 19:38:48'),(3408,132,42,'2018-11-06 19:38:48','2018-11-06 19:38:48'),(3409,132,49,'2018-11-06 19:38:48','2018-11-06 19:38:48'),(3410,132,44,'2018-11-06 19:38:48','2018-11-06 19:38:48'),(3411,132,8,'2018-11-06 19:38:48','2018-11-06 19:38:48'),(3412,132,47,'2018-11-06 19:38:48','2018-11-06 19:38:48'),(3413,132,15,'2018-11-06 19:38:48','2018-11-06 19:38:48'),(3414,132,35,'2018-11-06 19:38:48','2018-11-06 19:38:48'),(3415,132,2,'2018-11-06 19:38:48','2018-11-06 19:38:48'),(3416,132,33,'2018-11-06 19:38:48','2018-11-06 19:38:48'),(3417,132,12,'2018-11-06 19:38:48','2018-11-06 19:38:48'),(3418,132,35,'2018-11-06 19:38:48','2018-11-06 19:38:48'),(3419,132,18,'2018-11-06 19:38:48','2018-11-06 19:38:48'),(3420,132,1,'2018-11-06 19:38:48','2018-11-06 19:38:48'),(3421,132,32,'2018-11-06 19:38:48','2018-11-06 19:38:48'),(3422,132,40,'2018-11-06 19:38:48','2018-11-06 19:38:48'),(3423,132,48,'2018-11-06 19:38:48','2018-11-06 19:38:48'),(3424,132,26,'2018-11-06 19:38:48','2018-11-06 19:38:48'),(3425,132,25,'2018-11-06 19:38:48','2018-11-06 19:38:48'),(3426,132,34,'2018-11-06 19:38:48','2018-11-06 19:38:48'),(3427,132,27,'2018-11-06 19:38:48','2018-11-06 19:38:48'),(3428,132,29,'2018-11-06 19:38:48','2018-11-06 19:38:48'),(3429,132,3,'2018-11-06 19:38:48','2018-11-06 19:38:48'),(3430,132,48,'2018-11-06 19:38:48','2018-11-06 19:38:48'),(3431,132,43,'2018-11-06 19:38:48','2018-11-06 19:38:48'),(3432,132,25,'2018-11-06 19:38:48','2018-11-06 19:38:48'),(3433,132,37,'2018-11-06 19:38:48','2018-11-06 19:38:48'),(3434,132,32,'2018-11-06 19:38:48','2018-11-06 19:38:48'),(3435,132,7,'2018-11-06 19:38:48','2018-11-06 19:38:48'),(3436,132,22,'2018-11-06 19:38:48','2018-11-06 19:38:48'),(3437,132,6,'2018-11-06 19:38:48','2018-11-06 19:38:48'),(3438,132,45,'2018-11-06 19:38:48','2018-11-06 19:38:48'),(3439,132,26,'2018-11-06 19:38:48','2018-11-06 19:38:48'),(3440,132,28,'2018-11-06 19:38:48','2018-11-06 19:38:48'),(3441,132,3,'2018-11-06 19:38:48','2018-11-06 19:38:48'),(3442,132,26,'2018-11-06 19:38:48','2018-11-06 19:38:48'),(3443,132,9,'2018-11-06 19:38:48','2018-11-06 19:38:48'),(3444,132,36,'2018-11-06 19:38:48','2018-11-06 19:38:48'),(3445,132,30,'2018-11-06 19:38:48','2018-11-06 19:38:48'),(3446,132,49,'2018-11-06 19:38:48','2018-11-06 19:38:48'),(3447,132,11,'2018-11-06 19:38:48','2018-11-06 19:38:48'),(3448,132,34,'2018-11-06 19:38:48','2018-11-06 19:38:48'),(3449,132,37,'2018-11-06 19:38:48','2018-11-06 19:38:48'),(3450,132,10,'2018-11-06 19:38:48','2018-11-06 19:38:48'),(3451,132,50,'2018-11-06 19:38:48','2018-11-06 19:38:48'),(3452,132,14,'2018-11-06 19:38:48','2018-11-06 19:38:48'),(3453,132,9,'2018-11-06 19:38:48','2018-11-06 19:38:48'),(3454,132,41,'2018-11-06 19:38:48','2018-11-06 19:38:48'),(3455,132,22,'2018-11-06 19:38:48','2018-11-06 19:38:48'),(3456,132,43,'2018-11-06 19:38:48','2018-11-06 19:38:48'),(3457,132,25,'2018-11-06 19:38:48','2018-11-06 19:38:48'),(3458,132,24,'2018-11-06 19:38:48','2018-11-06 19:38:48'),(3459,132,15,'2018-11-06 19:38:48','2018-11-06 19:38:48'),(3460,132,15,'2018-11-06 19:38:48','2018-11-06 19:38:48'),(3461,132,11,'2018-11-06 19:38:48','2018-11-06 19:38:48'),(3462,132,9,'2018-11-06 19:38:48','2018-11-06 19:38:48'),(3463,132,24,'2018-11-06 19:38:48','2018-11-06 19:38:48'),(3464,132,39,'2018-11-06 19:38:48','2018-11-06 19:38:48'),(3465,132,26,'2018-11-06 19:38:48','2018-11-06 19:38:48'),(3466,132,37,'2018-11-06 19:38:48','2018-11-06 19:38:48'),(3467,132,33,'2018-11-06 19:38:48','2018-11-06 19:38:48'),(3468,132,23,'2018-11-06 19:38:48','2018-11-06 19:38:48'),(3469,132,32,'2018-11-06 19:38:48','2018-11-06 19:38:48'),(3470,132,3,'2018-11-06 19:38:48','2018-11-06 19:38:48'),(3471,132,18,'2018-11-06 19:38:48','2018-11-06 19:38:48'),(3472,132,15,'2018-11-06 19:38:48','2018-11-06 19:38:48'),(3473,132,44,'2018-11-06 19:38:48','2018-11-06 19:38:48'),(3474,132,8,'2018-11-06 19:38:48','2018-11-06 19:38:48'),(3475,132,23,'2018-11-06 19:38:48','2018-11-06 19:38:48'),(3476,132,40,'2018-11-06 19:38:48','2018-11-06 19:38:48'),(3477,132,7,'2018-11-06 19:38:48','2018-11-06 19:38:48'),(3478,132,39,'2018-11-06 19:38:48','2018-11-06 19:38:48'),(3479,132,10,'2018-11-06 19:38:48','2018-11-06 19:38:48'),(3480,132,16,'2018-11-06 19:38:48','2018-11-06 19:38:48'),(3481,132,17,'2018-11-06 19:38:48','2018-11-06 19:38:48'),(3482,132,16,'2018-11-06 19:38:48','2018-11-06 19:38:48'),(3483,132,22,'2018-11-06 19:38:48','2018-11-06 19:38:48'),(3484,132,19,'2018-11-06 19:38:49','2018-11-06 19:38:49'),(3485,132,29,'2018-11-06 19:38:49','2018-11-06 19:38:49'),(3486,132,13,'2018-11-06 19:38:49','2018-11-06 19:38:49'),(3487,132,21,'2018-11-06 19:38:49','2018-11-06 19:38:49'),(3488,132,6,'2018-11-06 19:38:49','2018-11-06 19:38:49'),(3489,132,17,'2018-11-06 19:38:49','2018-11-06 19:38:49'),(3490,132,2,'2018-11-06 19:38:49','2018-11-06 19:38:49'),(3491,132,19,'2018-11-06 19:38:49','2018-11-06 19:38:49'),(3492,132,1,'2018-11-06 19:38:49','2018-11-06 19:38:49'),(3493,132,32,'2018-11-06 19:38:49','2018-11-06 19:38:49'),(3494,132,22,'2018-11-06 19:38:49','2018-11-06 19:38:49'),(3495,132,44,'2018-11-06 19:38:49','2018-11-06 19:38:49'),(3496,132,39,'2018-11-06 19:38:49','2018-11-06 19:38:49'),(3497,132,11,'2018-11-06 19:38:49','2018-11-06 19:38:49'),(3498,132,50,'2018-11-06 19:38:49','2018-11-06 19:38:49'),(3499,132,6,'2018-11-06 19:38:49','2018-11-06 19:38:49'),(3500,132,12,'2018-11-06 19:38:49','2018-11-06 19:38:49'),(3501,132,17,'2018-11-06 19:38:49','2018-11-06 19:38:49'),(3502,132,43,'2018-11-06 19:38:49','2018-11-06 19:38:49'),(3503,132,2,'2018-11-06 19:38:49','2018-11-06 19:38:49'),(3504,132,36,'2018-11-06 19:38:49','2018-11-06 19:38:49'),(3505,132,29,'2018-11-06 19:38:49','2018-11-06 19:38:49'),(3506,132,25,'2018-11-06 19:38:49','2018-11-06 19:38:49'),(3507,132,50,'2018-11-06 19:38:49','2018-11-06 19:38:49'),(3508,132,28,'2018-11-06 19:38:49','2018-11-06 19:38:49'),(3509,132,44,'2018-11-06 19:38:49','2018-11-06 19:38:49'),(3510,132,6,'2018-11-06 19:38:49','2018-11-06 19:38:49'),(3511,132,48,'2018-11-06 19:38:49','2018-11-06 19:38:49'),(3512,132,18,'2018-11-06 19:38:49','2018-11-06 19:38:49'),(3513,132,21,'2018-11-06 19:38:49','2018-11-06 19:38:49'),(3514,132,9,'2018-11-06 19:38:49','2018-11-06 19:38:49'),(3515,132,39,'2018-11-06 19:38:49','2018-11-06 19:38:49'),(3516,132,21,'2018-11-06 19:38:49','2018-11-06 19:38:49'),(3517,132,35,'2018-11-06 19:38:49','2018-11-06 19:38:49'),(3518,132,16,'2018-11-06 19:38:49','2018-11-06 19:38:49'),(3519,132,23,'2018-11-06 19:38:49','2018-11-06 19:38:49'),(3520,133,42,'2018-11-06 19:38:49','2018-11-06 19:38:49'),(3521,133,29,'2018-11-06 19:38:49','2018-11-06 19:38:49'),(3522,133,1,'2018-11-06 19:38:49','2018-11-06 19:38:49'),(3523,133,12,'2018-11-06 19:38:49','2018-11-06 19:38:49'),(3524,133,9,'2018-11-06 19:38:49','2018-11-06 19:38:49'),(3525,134,32,'2018-11-06 19:38:49','2018-11-06 19:38:49'),(3526,134,7,'2018-11-06 19:38:49','2018-11-06 19:38:49'),(3527,134,37,'2018-11-06 19:38:49','2018-11-06 19:38:49'),(3528,134,43,'2018-11-06 19:38:49','2018-11-06 19:38:49'),(3529,134,28,'2018-11-06 19:38:49','2018-11-06 19:38:49'),(3530,134,24,'2018-11-06 19:38:49','2018-11-06 19:38:49'),(3531,134,3,'2018-11-06 19:38:49','2018-11-06 19:38:49'),(3532,134,19,'2018-11-06 19:38:49','2018-11-06 19:38:49'),(3533,134,46,'2018-11-06 19:38:49','2018-11-06 19:38:49'),(3534,134,27,'2018-11-06 19:38:49','2018-11-06 19:38:49'),(3535,134,8,'2018-11-06 19:38:49','2018-11-06 19:38:49'),(3536,134,27,'2018-11-06 19:38:49','2018-11-06 19:38:49'),(3537,134,14,'2018-11-06 19:38:49','2018-11-06 19:38:49');
/*!40000 ALTER TABLE `ticket_orders` ENABLE KEYS */;
UNLOCK TABLES;

--
-- Table structure for table `users`
--

DROP TABLE IF EXISTS `users`;
/*!40101 SET @saved_cs_client     = @@character_set_client */;
/*!40101 SET character_set_client = utf8 */;
CREATE TABLE `users` (
  `id` int(10) unsigned NOT NULL AUTO_INCREMENT,
  `first_name` varchar(255) COLLATE utf8mb4_unicode_ci NOT NULL,
  `last_name` varchar(255) COLLATE utf8mb4_unicode_ci NOT NULL,
  `username` varchar(255) COLLATE utf8mb4_unicode_ci NOT NULL,
  `email` varchar(255) COLLATE utf8mb4_unicode_ci NOT NULL,
  `password` varchar(255) COLLATE utf8mb4_unicode_ci NOT NULL,
  `remember_token` varchar(100) COLLATE utf8mb4_unicode_ci DEFAULT NULL,
  `date_of_birth` timestamp NULL DEFAULT NULL,
  `created_at` timestamp NULL DEFAULT NULL,
  `updated_at` timestamp NULL DEFAULT NULL,
  PRIMARY KEY (`id`)
) ENGINE=InnoDB AUTO_INCREMENT=51 DEFAULT CHARSET=utf8mb4 COLLATE=utf8mb4_unicode_ci;
/*!40101 SET character_set_client = @saved_cs_client */;

--
-- Dumping data for table `users`
--

LOCK TABLES `users` WRITE;
/*!40000 ALTER TABLE `users` DISABLE KEYS */;
INSERT INTO `users` VALUES (1,'Emirhan','Abadan','burak.akyurek','berkay56@example.org','$2y$10$TKh8H1.PfQx37YgCzwiKb.KjNyWgaHb9cbcoQgdIVFlYg7B77UdFm','4rf0E03huJNGbIMCKd5KNe59TnygPgRBtAl9bYXk7KBYJ4ObykcyifHLimWK','1971-12-08 00:00:00','2018-11-06 19:38:23','2018-11-17 09:49:25'),(2,'Bartu','Tokgöz','koyuncu.esma','erez.irem@example.org','$2y$10$TKh8H1.PfQx37YgCzwiKb.KjNyWgaHb9cbcoQgdIVFlYg7B77UdFm',NULL,'1986-06-01 00:00:00','2018-11-06 19:38:23','2018-11-17 09:49:25'),(3,'Emre','Tuğluk','ferid.gumuspala','zakman@example.net','$2y$10$TKh8H1.PfQx37YgCzwiKb.KjNyWgaHb9cbcoQgdIVFlYg7B77UdFm',NULL,'1999-12-07 00:00:00','2018-11-06 19:38:23','2018-11-17 09:49:25'),(4,'Sinem','Kuzucu','orge.turker','burcu.fahri@example.org','$2y$10$TKh8H1.PfQx37YgCzwiKb.KjNyWgaHb9cbcoQgdIVFlYg7B77UdFm',NULL,'1996-11-15 00:00:00','2018-11-06 19:38:23','2018-11-17 09:49:25'),(5,'Dağhan','Yıldırım','kormukcu.daghan','kagan.kocabiyik@example.org','$2y$10$TKh8H1.PfQx37YgCzwiKb.KjNyWgaHb9cbcoQgdIVFlYg7B77UdFm',NULL,'1998-10-16 00:00:00','2018-11-06 19:38:23','2018-11-17 09:49:25'),(6,'Şahnur','Yıldırım','bora.numanoglu','kilicci.doruk@example.com','$2y$10$TKh8H1.PfQx37YgCzwiKb.KjNyWgaHb9cbcoQgdIVFlYg7B77UdFm',NULL,'1971-06-06 00:00:00','2018-11-06 19:38:23','2018-11-17 09:49:25'),(7,'Ebru','Pektemek','daghan.ozkok','xakyurek@example.org','$2y$10$TKh8H1.PfQx37YgCzwiKb.KjNyWgaHb9cbcoQgdIVFlYg7B77UdFm',NULL,'1993-01-03 00:00:00','2018-11-06 19:38:23','2018-11-17 09:49:25'),(8,'Emel','Tokgöz','erturk.sahnur','ebru47@example.org','$2y$10$TKh8H1.PfQx37YgCzwiKb.KjNyWgaHb9cbcoQgdIVFlYg7B77UdFm',NULL,'1984-01-21 00:00:00','2018-11-06 19:38:23','2018-11-17 09:49:25'),(9,'Deniz','Aybar','erkekli.ege','sinem.adal@example.org','$2y$10$TKh8H1.PfQx37YgCzwiKb.KjNyWgaHb9cbcoQgdIVFlYg7B77UdFm','n0r9gN17Bwfas6e7SloJbFIVBU0cdgL6pYNnnMPFMnYaoBh9QKTm42ROUro1','1995-03-08 00:00:00','2018-11-06 19:38:23','2018-11-17 09:49:25'),(10,'Burcu','Orbay','cevik.esma','kocabiyik.berke@example.com','$2y$10$TKh8H1.PfQx37YgCzwiKb.KjNyWgaHb9cbcoQgdIVFlYg7B77UdFm',NULL,'1975-03-19 00:00:00','2018-11-06 19:38:23','2018-11-17 09:49:25'),(11,'Burcu','Akşit','kkocoglu','besok.emel@example.net','$2y$10$TKh8H1.PfQx37YgCzwiKb.KjNyWgaHb9cbcoQgdIVFlYg7B77UdFm',NULL,'1989-07-28 00:00:00','2018-11-06 19:38:23','2018-11-17 09:49:25'),(12,'Burak','Elçiboğa','derin.gunday','irem.okumus@example.org','$2y$10$TKh8H1.PfQx37YgCzwiKb.KjNyWgaHb9cbcoQgdIVFlYg7B77UdFm',NULL,'1985-04-03 00:00:00','2018-11-06 19:38:23','2018-11-17 09:49:25'),(13,'Burak','Atan','sinem.bademci','cagan.arslanoglu@example.org','$2y$10$TKh8H1.PfQx37YgCzwiKb.KjNyWgaHb9cbcoQgdIVFlYg7B77UdFm',NULL,'1982-11-10 00:00:00','2018-11-06 19:38:23','2018-11-17 09:49:25'),(14,'Doruk','Öymen','canberk.balci','daghan.yalcin@example.net','$2y$10$TKh8H1.PfQx37YgCzwiKb.KjNyWgaHb9cbcoQgdIVFlYg7B77UdFm',NULL,'1974-08-18 00:00:00','2018-11-06 19:38:23','2018-11-17 09:49:25'),(15,'Sarp','Mertoğlu','dagdas.baran','ebru31@example.org','$2y$10$TKh8H1.PfQx37YgCzwiKb.KjNyWgaHb9cbcoQgdIVFlYg7B77UdFm',NULL,'1978-01-10 00:00:00','2018-11-06 19:38:23','2018-11-17 09:49:25'),(16,'Sarp','Kahveci','esma17','vkarabocek@example.net','$2y$10$TKh8H1.PfQx37YgCzwiKb.KjNyWgaHb9cbcoQgdIVFlYg7B77UdFm',NULL,'2000-05-07 00:00:00','2018-11-06 19:38:23','2018-11-17 09:49:25'),(17,'Barlas','Aybar','corekci.armagan','corekci.kutay@example.org','$2y$10$TKh8H1.PfQx37YgCzwiKb.KjNyWgaHb9cbcoQgdIVFlYg7B77UdFm',NULL,'1990-01-29 00:00:00','2018-11-06 19:38:23','2018-11-17 09:49:25'),(18,'Ümran','Arıcan','emel47','kasapoglu.gorkem@example.com','$2y$10$TKh8H1.PfQx37YgCzwiKb.KjNyWgaHb9cbcoQgdIVFlYg7B77UdFm',NULL,'1997-12-24 00:00:00','2018-11-06 19:38:23','2018-11-17 09:49:25'),(19,'Rüzgar','Sadıklar','serhan29','ykunt@example.net','$2y$10$TKh8H1.PfQx37YgCzwiKb.KjNyWgaHb9cbcoQgdIVFlYg7B77UdFm',NULL,'1994-12-21 00:00:00','2018-11-06 19:38:23','2018-11-17 09:49:25'),(20,'Rüya','Gürmen','zkorol','sahnur85@example.org','$2y$10$TKh8H1.PfQx37YgCzwiKb.KjNyWgaHb9cbcoQgdIVFlYg7B77UdFm',NULL,'1997-08-11 00:00:00','2018-11-06 19:38:23','2018-11-17 09:49:25'),(21,'Ümran','Saygıner','gadal','baran48@example.org','$2y$10$TKh8H1.PfQx37YgCzwiKb.KjNyWgaHb9cbcoQgdIVFlYg7B77UdFm',NULL,'1977-05-23 00:00:00','2018-11-06 19:38:23','2018-11-17 09:49:25'),(22,'Türker','Akışık','arican.kutay','tekand.turker@example.com','$2y$10$TKh8H1.PfQx37YgCzwiKb.KjNyWgaHb9cbcoQgdIVFlYg7B77UdFm',NULL,'1982-10-20 00:00:00','2018-11-06 19:38:23','2018-11-17 09:49:25'),(23,'Esma','Baturalp','ruya51','ebru07@example.com','$2y$10$TKh8H1.PfQx37YgCzwiKb.KjNyWgaHb9cbcoQgdIVFlYg7B77UdFm',NULL,'1999-06-13 00:00:00','2018-11-06 19:38:23','2018-11-17 09:49:25'),(24,'Ada','Durmaz','rbarbarosoglu','darican@example.com','$2y$10$TKh8H1.PfQx37YgCzwiKb.KjNyWgaHb9cbcoQgdIVFlYg7B77UdFm',NULL,'1975-01-09 00:00:00','2018-11-06 19:38:23','2018-11-17 09:49:25'),(25,'Esma','Biçer','egeli.berkay','tekelioglu.koray@example.com','$2y$10$TKh8H1.PfQx37YgCzwiKb.KjNyWgaHb9cbcoQgdIVFlYg7B77UdFm',NULL,'1984-05-21 00:00:00','2018-11-06 19:38:23','2018-11-17 09:49:25'),(26,'Utku','Velioğlu','sahnur.tokgoz','arican.mert@example.org','$2y$10$TKh8H1.PfQx37YgCzwiKb.KjNyWgaHb9cbcoQgdIVFlYg7B77UdFm',NULL,'1978-08-16 00:00:00','2018-11-06 19:38:23','2018-11-17 09:49:25'),(27,'Alp','Gürmen','akal.umran','ece43@example.org','$2y$10$TKh8H1.PfQx37YgCzwiKb.KjNyWgaHb9cbcoQgdIVFlYg7B77UdFm',NULL,'1984-07-11 00:00:00','2018-11-06 19:38:23','2018-11-17 09:49:25'),(28,'Burcu','Evliyaoğlu','ruya25','bolatli.cihan@example.org','$2y$10$TKh8H1.PfQx37YgCzwiKb.KjNyWgaHb9cbcoQgdIVFlYg7B77UdFm',NULL,'1979-12-14 00:00:00','2018-11-06 19:38:23','2018-11-17 09:49:25'),(29,'Toprak','Bademci','hayaydin','canberk35@example.org','$2y$10$TKh8H1.PfQx37YgCzwiKb.KjNyWgaHb9cbcoQgdIVFlYg7B77UdFm',NULL,'1977-10-14 00:00:00','2018-11-06 19:38:23','2018-11-17 09:49:25'),(30,'Derin','Çağıran','kutlay.cihan','nozdogan@example.com','$2y$10$TKh8H1.PfQx37YgCzwiKb.KjNyWgaHb9cbcoQgdIVFlYg7B77UdFm',NULL,'1991-12-04 00:00:00','2018-11-06 19:38:23','2018-11-17 09:49:25'),(31,'Ada','Akaydın','ncamdali','sahnur.akal@example.net','$2y$10$TKh8H1.PfQx37YgCzwiKb.KjNyWgaHb9cbcoQgdIVFlYg7B77UdFm',NULL,'1978-07-09 00:00:00','2018-11-06 19:38:23','2018-11-17 09:49:25'),(32,'İrem','Ertürk','emir26','ilicali.ece@example.com','$2y$10$TKh8H1.PfQx37YgCzwiKb.KjNyWgaHb9cbcoQgdIVFlYg7B77UdFm',NULL,'1992-03-11 00:00:00','2018-11-06 19:38:23','2018-11-17 09:49:25'),(33,'Ece','Ayaydın','umran.akman','atakan19@example.net','$2y$10$TKh8H1.PfQx37YgCzwiKb.KjNyWgaHb9cbcoQgdIVFlYg7B77UdFm',NULL,'1995-06-07 00:00:00','2018-11-06 19:38:23','2018-11-17 09:49:25'),(34,'Aşkın','Erez','kirac.ebru','cetin.berkay@example.com','$2y$10$TKh8H1.PfQx37YgCzwiKb.KjNyWgaHb9cbcoQgdIVFlYg7B77UdFm',NULL,'1994-03-07 00:00:00','2018-11-06 19:38:23','2018-11-17 09:49:25'),(35,'Ada','Öymen','akbulut.sinem','emir22@example.org','$2y$10$TKh8H1.PfQx37YgCzwiKb.KjNyWgaHb9cbcoQgdIVFlYg7B77UdFm',NULL,'1983-10-29 00:00:00','2018-11-06 19:38:23','2018-11-17 09:49:25'),(36,'Doruk','Duygulu','erginsoy.emre','koc.kagan@example.org','$2y$10$TKh8H1.PfQx37YgCzwiKb.KjNyWgaHb9cbcoQgdIVFlYg7B77UdFm',NULL,'1996-12-20 00:00:00','2018-11-06 19:38:23','2018-11-17 09:49:25'),(37,'Burcu','Kuday','kucukler.emre','erginsoy.ahmet@example.net','$2y$10$TKh8H1.PfQx37YgCzwiKb.KjNyWgaHb9cbcoQgdIVFlYg7B77UdFm',NULL,'1993-08-28 00:00:00','2018-11-06 19:38:23','2018-11-17 09:49:25'),(38,'Ahmet','Bolatlı','okormukcu','onur.sahnur@example.com','$2y$10$TKh8H1.PfQx37YgCzwiKb.KjNyWgaHb9cbcoQgdIVFlYg7B77UdFm',NULL,'1975-01-28 00:00:00','2018-11-06 19:38:23','2018-11-17 09:49:25'),(39,'Rüya','Orbay','emel72','gkaraduman@example.net','$2y$10$TKh8H1.PfQx37YgCzwiKb.KjNyWgaHb9cbcoQgdIVFlYg7B77UdFm',NULL,'1989-06-07 00:00:00','2018-11-06 19:38:23','2018-11-17 09:49:25'),(40,'Rüya','Çapanoğlu','berk.aydan','esma.akal@example.com','$2y$10$TKh8H1.PfQx37YgCzwiKb.KjNyWgaHb9cbcoQgdIVFlYg7B77UdFm',NULL,'1992-01-12 00:00:00','2018-11-06 19:38:23','2018-11-17 09:49:25'),(41,'Sinem','Adal','ada27','polat.yetkiner@example.net','$2y$10$TKh8H1.PfQx37YgCzwiKb.KjNyWgaHb9cbcoQgdIVFlYg7B77UdFm',NULL,'1999-06-09 00:00:00','2018-11-06 19:38:23','2018-11-17 09:49:25'),(42,'İrem','Saygıner','uyalcin','umran.berberoglu@example.net','$2y$10$TKh8H1.PfQx37YgCzwiKb.KjNyWgaHb9cbcoQgdIVFlYg7B77UdFm',NULL,'1974-03-24 00:00:00','2018-11-06 19:38:23','2018-11-17 09:49:25'),(43,'Ege','Ayverdi','abadan.turker','baran.numanoglu@example.net','$2y$10$TKh8H1.PfQx37YgCzwiKb.KjNyWgaHb9cbcoQgdIVFlYg7B77UdFm',NULL,'1976-01-12 00:00:00','2018-11-06 19:38:23','2018-11-17 09:49:25'),(44,'Sinem','Doğan','turker77','ebru.karadas@example.com','$2y$10$TKh8H1.PfQx37YgCzwiKb.KjNyWgaHb9cbcoQgdIVFlYg7B77UdFm',NULL,'1988-05-24 00:00:00','2018-11-06 19:38:23','2018-11-17 09:49:25'),(45,'Burak','Erbulak','akbulut.umran','burak.cetiner@example.org','$2y$10$TKh8H1.PfQx37YgCzwiKb.KjNyWgaHb9cbcoQgdIVFlYg7B77UdFm',NULL,'1987-07-18 00:00:00','2018-11-06 19:38:23','2018-11-17 09:49:25'),(46,'Ebru','Dalkıran','bora.tunaboylu','ydemirel@example.org','$2y$10$TKh8H1.PfQx37YgCzwiKb.KjNyWgaHb9cbcoQgdIVFlYg7B77UdFm',NULL,'1990-10-28 00:00:00','2018-11-06 19:38:23','2018-11-17 09:49:25'),(47,'Ece','Ayaydın','ada.eronat','burcu.akan@example.com','$2y$10$TKh8H1.PfQx37YgCzwiKb.KjNyWgaHb9cbcoQgdIVFlYg7B77UdFm',NULL,'1998-04-18 00:00:00','2018-11-06 19:38:23','2018-11-17 09:49:25'),(48,'Emirhan','Babacan','irem42','uluhan.ada@example.net','$2y$10$TKh8H1.PfQx37YgCzwiKb.KjNyWgaHb9cbcoQgdIVFlYg7B77UdFm',NULL,'1973-12-20 00:00:00','2018-11-06 19:38:23','2018-11-17 09:49:25'),(49,'Kerem','Menemencioğlu','mkececi','yorge@example.com','$2y$10$TKh8H1.PfQx37YgCzwiKb.KjNyWgaHb9cbcoQgdIVFlYg7B77UdFm',NULL,'1979-06-01 00:00:00','2018-11-06 19:38:23','2018-11-17 09:49:25'),(50,'Sinem','Adal','daghan53','xkoc@example.com','$2y$10$TKh8H1.PfQx37YgCzwiKb.KjNyWgaHb9cbcoQgdIVFlYg7B77UdFm',NULL,'1991-07-28 00:00:00','2018-11-06 19:38:23','2018-11-17 09:49:25');
/*!40000 ALTER TABLE `users` ENABLE KEYS */;
UNLOCK TABLES;

--
-- Table structure for table `venue_halls`
--

DROP TABLE IF EXISTS `venue_halls`;
/*!40101 SET @saved_cs_client     = @@character_set_client */;
/*!40101 SET character_set_client = utf8 */;
CREATE TABLE `venue_halls` (
  `id` int(10) unsigned NOT NULL AUTO_INCREMENT,
  `venue_id` int(10) unsigned NOT NULL,
  `venue_hall_name` varchar(255) COLLATE utf8mb4_unicode_ci DEFAULT NULL,
  `capacity` int(10) unsigned DEFAULT NULL,
  `created_at` timestamp NULL DEFAULT NULL,
  `updated_at` timestamp NULL DEFAULT NULL,
  PRIMARY KEY (`id`),
  KEY `venue_halls_venue_id_foreign` (`venue_id`),
  CONSTRAINT `venue_halls_venue_id_foreign` FOREIGN KEY (`venue_id`) REFERENCES `venues` (`id`)
) ENGINE=InnoDB AUTO_INCREMENT=57 DEFAULT CHARSET=utf8mb4 COLLATE=utf8mb4_unicode_ci;
/*!40101 SET character_set_client = @saved_cs_client */;

--
-- Dumping data for table `venue_halls`
--

LOCK TABLES `venue_halls` WRITE;
/*!40000 ALTER TABLE `venue_halls` DISABLE KEYS */;
INSERT INTO `venue_halls` VALUES (1,1,'Salon 1',195,'2018-11-06 19:38:23','2018-11-06 19:38:23'),(2,2,'Salon 1',55,'2018-11-06 19:38:23','2018-11-06 19:38:23'),(3,2,'Salon 2',165,'2018-11-06 19:38:23','2018-11-06 19:38:23'),(4,3,'Salon 1',60,'2018-11-06 19:38:23','2018-11-06 19:38:23'),(5,3,'Salon 2',10,'2018-11-06 19:38:23','2018-11-06 19:38:23'),(6,3,'Salon 3',40,'2018-11-06 19:38:23','2018-11-06 19:38:23'),(7,3,'Salon 4',165,'2018-11-06 19:38:23','2018-11-06 19:38:23'),(8,4,'Salon 1',140,'2018-11-06 19:38:23','2018-11-06 19:38:23'),(9,4,'Salon 2',205,'2018-11-06 19:38:23','2018-11-06 19:38:23'),(10,5,'Salon 1',230,'2018-11-06 19:38:23','2018-11-06 19:38:23'),(11,5,'Salon 2',185,'2018-11-06 19:38:23','2018-11-06 19:38:23'),(12,5,'Salon 3',120,'2018-11-06 19:38:23','2018-11-06 19:38:23'),(13,6,'Salon 1',195,'2018-11-06 19:38:23','2018-11-06 19:38:23'),(14,6,'Salon 2',135,'2018-11-06 19:38:23','2018-11-06 19:38:23'),(15,7,'Salon 1',135,'2018-11-06 19:38:23','2018-11-06 19:38:23'),(16,7,'Salon 2',165,'2018-11-06 19:38:23','2018-11-06 19:38:23'),(17,8,'Salon 1',180,'2018-11-06 19:38:23','2018-11-06 19:38:23'),(18,8,'Salon 2',250,'2018-11-06 19:38:23','2018-11-06 19:38:23'),(19,8,'Salon 3',15,'2018-11-06 19:38:23','2018-11-06 19:38:23'),(20,9,'Salon 1',45,'2018-11-06 19:38:23','2018-11-06 19:38:23'),(21,9,'Salon 2',20,'2018-11-06 19:38:23','2018-11-06 19:38:23'),(22,9,'Salon 3',100,'2018-11-06 19:38:23','2018-11-06 19:38:23'),(23,9,'Salon 4',235,'2018-11-06 19:38:23','2018-11-06 19:38:23'),(24,10,'Salon 1',60,'2018-11-06 19:38:23','2018-11-06 19:38:23'),(25,10,'Salon 2',120,'2018-11-06 19:38:23','2018-11-06 19:38:23'),(26,11,'Salon 1',205,'2018-11-06 19:38:23','2018-11-06 19:38:23'),(27,11,'Salon 2',60,'2018-11-06 19:38:23','2018-11-06 19:38:23'),(28,11,'Salon 3',10,'2018-11-06 19:38:23','2018-11-06 19:38:23'),(29,11,'Salon 4',165,'2018-11-06 19:38:23','2018-11-06 19:38:23'),(30,12,'Salon 1',115,'2018-11-06 19:38:23','2018-11-06 19:38:23'),(31,12,'Salon 2',35,'2018-11-06 19:38:23','2018-11-06 19:38:23'),(32,12,'Salon 3',125,'2018-11-06 19:38:23','2018-11-06 19:38:23'),(33,13,'Salon 1',150,'2018-11-06 19:38:23','2018-11-06 19:38:23'),(34,14,'Salon 1',85,'2018-11-06 19:38:23','2018-11-06 19:38:23'),(35,14,'Salon 2',130,'2018-11-06 19:38:23','2018-11-06 19:38:23'),(36,14,'Salon 3',180,'2018-11-06 19:38:23','2018-11-06 19:38:23'),(37,15,'Salon 1',40,'2018-11-06 19:38:23','2018-11-06 19:38:23'),(38,15,'Salon 2',240,'2018-11-06 19:38:23','2018-11-06 19:38:23'),(39,16,'Salon 1',130,'2018-11-06 19:38:23','2018-11-06 19:38:23'),(40,16,'Salon 2',185,'2018-11-06 19:38:23','2018-11-06 19:38:23'),(41,16,'Salon 3',70,'2018-11-06 19:38:23','2018-11-06 19:38:23'),(42,16,'Salon 4',90,'2018-11-06 19:38:23','2018-11-06 19:38:23'),(43,17,'Salon 1',240,'2018-11-06 19:38:23','2018-11-06 19:38:23'),(44,17,'Salon 2',165,'2018-11-06 19:38:23','2018-11-06 19:38:23'),(45,17,'Salon 3',55,'2018-11-06 19:38:23','2018-11-06 19:38:23'),(46,17,'Salon 4',10,'2018-11-06 19:38:23','2018-11-06 19:38:23'),(47,18,'Salon 1',160,'2018-11-06 19:38:23','2018-11-06 19:38:23'),(48,18,'Salon 2',165,'2018-11-06 19:38:23','2018-11-06 19:38:23'),(49,18,'Salon 3',40,'2018-11-06 19:38:23','2018-11-06 19:38:23'),(50,19,'Salon 1',225,'2018-11-06 19:38:23','2018-11-06 19:38:23'),(51,19,'Salon 2',185,'2018-11-06 19:38:23','2018-11-06 19:38:23'),(52,20,'Salon 1',40,'2018-11-06 19:38:23','2018-11-06 19:38:23'),(53,20,'Salon 2',130,'2018-11-06 19:38:23','2018-11-06 19:38:23'),(54,21,'Salon 1',85,'2018-11-06 19:38:23','2018-11-06 19:38:23'),(55,21,'Salon 2',200,'2018-11-06 19:38:23','2018-11-06 19:38:23'),(56,21,'Salon 3',205,'2018-11-06 19:38:23','2018-11-06 19:38:23');
/*!40000 ALTER TABLE `venue_halls` ENABLE KEYS */;
UNLOCK TABLES;

--
-- Table structure for table `venues`
--

DROP TABLE IF EXISTS `venues`;
/*!40101 SET @saved_cs_client     = @@character_set_client */;
/*!40101 SET character_set_client = utf8 */;
CREATE TABLE `venues` (
  `id` int(10) unsigned NOT NULL AUTO_INCREMENT,
  `venue_name` varchar(255) COLLATE utf8mb4_unicode_ci DEFAULT NULL,
  `display_name` varchar(255) COLLATE utf8mb4_unicode_ci DEFAULT NULL,
  `address` varchar(255) COLLATE utf8mb4_unicode_ci NOT NULL,
  `city` varchar(255) COLLATE utf8mb4_unicode_ci DEFAULT NULL,
  `country` varchar(255) COLLATE utf8mb4_unicode_ci DEFAULT NULL,
  `created_at` timestamp NULL DEFAULT NULL,
  `updated_at` timestamp NULL DEFAULT NULL,
  PRIMARY KEY (`id`)
) ENGINE=InnoDB AUTO_INCREMENT=22 DEFAULT CHARSET=utf8mb4 COLLATE=utf8mb4_unicode_ci;
/*!40101 SET character_set_client = @saved_cs_client */;

--
-- Dumping data for table `venues`
--

LOCK TABLES `venues` WRITE;
/*!40000 ALTER TABLE `venues` DISABLE KEYS */;
INSERT INTO `venues` VALUES (1,'uniq-hall','UNIQ Hall','Sarıyer','İstanbul','Turkey','2018-11-06 19:38:23','2018-11-06 19:38:23'),(2,'yapi-kredi-kultur-sanat-loca','Yapı Kredi Kültür Sanat - LOCA','Beyoğlu','İstanbul','Turkey','2018-11-06 19:38:23','2018-11-06 19:38:23'),(3,'crr','CRR Konser Salonu','Harbiye','İstanbul','Turkey','2018-11-06 19:38:23','2018-11-06 19:38:23'),(4,'entropi-sahne','Entropi Sahne','Kadıköy','İstanbul','Turkey','2018-11-06 19:38:23','2018-11-06 19:38:23'),(5,'zorlu-psm','Zorlu PSM','Beşiktaş','İstanbul','Turkey','2018-11-06 19:38:23','2018-11-06 19:38:23'),(6,'salon-iksv','Salon İKSV','Şişhane','İstanbul','Turkey','2018-11-06 19:38:23','2018-11-06 19:38:23'),(7,'elite-world-istanbul-hotel-jazz-company','Jazz Company','Taksim','İstanbul','Turkey','2018-11-06 19:38:23','2018-11-06 19:38:23'),(8,'if-performance-hall-atasehir','IF Performance Hall','Ataşehir','İstanbul','Turkey','2018-11-06 19:38:23','2018-11-06 19:38:23'),(9,'moda-kayikhane','Moda Kayıkhane','Moda','İstanbul','Turkey','2018-11-06 19:38:23','2018-11-06 19:38:23'),(10,'oyun-atolyesi','Oyun Atölyesi','Moda','İstanbul','Turkey','2018-11-06 19:38:23','2018-11-06 19:38:23'),(11,'bkm-mutfak','BKM Mutfak','Beşiktaş','İstanbul','Turkey','2018-11-06 19:38:23','2018-11-06 19:38:23'),(12,'yildiz-kenter-tiyatro-salonu','Yıldız Kenter Tiyatro Salonu','Yenimahalle','Ankara','Turkey','2018-11-06 19:38:23','2018-11-06 19:38:23'),(13,'if-performance-hall-ankara','IF Performance Hall','Kavaklıdere','Ankara','Turkey','2018-11-06 19:38:23','2018-11-06 19:38:23'),(14,'odtü-salonu','ODTÜ Kültür ve Kongre Merkezi','Balgat','Ankara','Turkey','2018-11-06 19:38:23','2018-11-06 19:38:23'),(15,'izmir-sanat','İzmir Sanat','Merkez','İzmir','Turkey','2018-11-06 19:38:23','2018-11-06 19:38:23'),(16,'6-45-kk-bornova','6:45 KK Bornova','Bornova','İzmir','Turkey','2018-11-06 19:38:23','2018-11-06 19:38:23'),(17,'232-park-bornova-sahne','232 Park Bornova Sahne','Bornova','İzmir','Turkey','2018-11-06 19:38:23','2018-11-06 19:38:23'),(18,'6-45-kk-adana','6:45 KK Adana','Seyhane','Adana','Turkey','2018-11-06 19:38:23','2018-11-06 19:38:23'),(19,'hayal-kahvesi-adana','Hayal Kahvesi Adana','Merkez','Adana','Turkey','2018-11-06 19:38:23','2018-11-06 19:38:23'),(20,'adiyaman-universitesi','Adıyaman Üniversitesi','Merkez','Adıyaman','Turkey','2018-11-06 19:38:23','2018-11-06 19:38:23'),(21,'aspendos-arena','Aspendos Arena','Serik','Antalya','Turkey','2018-11-06 19:38:23','2018-11-06 19:38:23');
/*!40000 ALTER TABLE `venues` ENABLE KEYS */;
UNLOCK TABLES;
/*!40103 SET TIME_ZONE=@OLD_TIME_ZONE */;

/*!40101 SET SQL_MODE=@OLD_SQL_MODE */;
/*!40014 SET FOREIGN_KEY_CHECKS=@OLD_FOREIGN_KEY_CHECKS */;
/*!40014 SET UNIQUE_CHECKS=@OLD_UNIQUE_CHECKS */;
/*!40101 SET CHARACTER_SET_CLIENT=@OLD_CHARACTER_SET_CLIENT */;
/*!40101 SET CHARACTER_SET_RESULTS=@OLD_CHARACTER_SET_RESULTS */;
/*!40101 SET COLLATION_CONNECTION=@OLD_COLLATION_CONNECTION */;
/*!40111 SET SQL_NOTES=@OLD_SQL_NOTES */;

-- Dump completed on 2018-11-20 18:15:10
