﻿--
-- Script was generated by Devart dbForge Studio for MySQL, Version 8.0.40.0
-- Product home page: http://www.devart.com/dbforge/mysql/studio
-- Script date 29/11/2020 13:44:01
-- Server version: 5.5.5-10.1.40-MariaDB
-- Client version: 4.1
--

-- 
-- Disable foreign keys
-- 
/*!40014 SET @OLD_FOREIGN_KEY_CHECKS=@@FOREIGN_KEY_CHECKS, FOREIGN_KEY_CHECKS=0 */;

-- 
-- Set SQL mode
-- 
/*!40101 SET @OLD_SQL_MODE=@@SQL_MODE, SQL_MODE='NO_AUTO_VALUE_ON_ZERO' */;

-- 
-- Set character set the client will use to send SQL statements to the server
--
SET NAMES 'utf8';

DROP DATABASE IF EXISTS proyecto_inicial;

CREATE DATABASE proyecto_inicial
CHARACTER SET latin1
COLLATE latin1_spanish_ci;

--
-- Set default database
--
USE proyecto_inicial;

--
-- Create table `festivales`
--
CREATE TABLE festivales (
  cod int(11) NOT NULL AUTO_INCREMENT,
  nombre varchar(20) DEFAULT NULL,
  fecha_inicio date DEFAULT NULL,
  fecha_fin date DEFAULT NULL,
  PRIMARY KEY (cod)
)
ENGINE = INNODB,
AUTO_INCREMENT = 9007,
AVG_ROW_LENGTH = 1638,
CHARACTER SET latin1,
COLLATE latin1_spanish_ci;

--
-- Create table `entradas`
--
CREATE TABLE entradas (
  cod int(11) NOT NULL AUTO_INCREMENT,
  num_entrada int(11) DEFAULT NULL,
  cod_festivales int(11) NOT NULL,
  PRIMARY KEY (cod, cod_festivales),
  UNIQUE INDEX UK_entradas_cod (cod)
)
ENGINE = INNODB,
AUTO_INCREMENT = 45251,
AVG_ROW_LENGTH = 1638,
CHARACTER SET latin1,
COLLATE latin1_spanish_ci;

--
-- Create foreign key
--
ALTER TABLE entradas
ADD CONSTRAINT FK_entradas_festivales FOREIGN KEY (cod_festivales)
REFERENCES festivales (cod) ON DELETE NO ACTION;

--
-- Create table `conciertos`
--
CREATE TABLE conciertos (
  cod int(11) NOT NULL AUTO_INCREMENT,
  fecha date DEFAULT NULL,
  hora_inicio time DEFAULT NULL,
  hora_fin time DEFAULT NULL,
  cod_festivales int(11) NOT NULL,
  PRIMARY KEY (cod, cod_festivales),
  UNIQUE INDEX UK_conciertos_cod (cod)
)
ENGINE = INNODB,
AUTO_INCREMENT = 995,
AVG_ROW_LENGTH = 1638,
CHARACTER SET latin1,
COLLATE latin1_spanish_ci;

--
-- Create foreign key
--
ALTER TABLE conciertos
ADD CONSTRAINT FK_conciertos_cod_festivales FOREIGN KEY (cod_festivales)
REFERENCES festivales (cod) ON DELETE NO ACTION;

--
-- Create table `instrumentos`
--
CREATE TABLE instrumentos (
  cod_conciertos int(11) NOT NULL,
  cod_festivales int(11) NOT NULL,
  instrumentos varchar(20) NOT NULL,
  PRIMARY KEY (instrumentos, cod_conciertos, cod_festivales)
)
ENGINE = INNODB,
AVG_ROW_LENGTH = 1638,
CHARACTER SET latin1,
COLLATE latin1_spanish_ci;

--
-- Create foreign key
--
ALTER TABLE instrumentos
ADD CONSTRAINT FK_instrumentos_cod_conciertos FOREIGN KEY (cod_conciertos)
REFERENCES conciertos (cod) ON DELETE NO ACTION;

--
-- Create foreign key
--
ALTER TABLE instrumentos
ADD CONSTRAINT FK_instrumentos_cod_festivales FOREIGN KEY (cod_festivales)
REFERENCES festivales (cod) ON DELETE NO ACTION;

--
-- Create table `clientes`
--
CREATE TABLE clientes (
  dni varchar(20) NOT NULL,
  nombre varchar(20) DEFAULT NULL,
  apellido varchar(20) DEFAULT NULL,
  correo varchar(20) DEFAULT NULL,
  fecha_nacimiento date DEFAULT NULL,
  edad int(11) DEFAULT NULL,
  PRIMARY KEY (dni)
)
ENGINE = INNODB,
AVG_ROW_LENGTH = 1638,
CHARACTER SET latin1,
COLLATE latin1_spanish_ci;

--
-- Create table `compran`
--
CREATE TABLE compran (
  cod_entradas int(11) NOT NULL,
  cod_fest int(11) NOT NULL,
  cod_festivales int(11) NOT NULL,
  dni varchar(20) NOT NULL,
  PRIMARY KEY (cod_entradas, cod_festivales, dni, cod_fest)
)
ENGINE = INNODB,
AVG_ROW_LENGTH = 1638,
CHARACTER SET latin1,
COLLATE latin1_spanish_ci;

--
-- Create index `UK_compran` on table `compran`
--
ALTER TABLE compran
ADD UNIQUE INDEX UK_compran (dni, cod_festivales);

--
-- Create index `UK_compran2` on table `compran`
--
ALTER TABLE compran
ADD UNIQUE INDEX UK_compran2 (cod_entradas, cod_fest, cod_festivales);

--
-- Create foreign key
--
ALTER TABLE compran
ADD CONSTRAINT FK_compran_cod_entradas FOREIGN KEY (cod_entradas)
REFERENCES entradas (cod) ON DELETE NO ACTION;

--
-- Create foreign key
--
ALTER TABLE compran
ADD CONSTRAINT FK_compran_cod_fest FOREIGN KEY (cod_fest)
REFERENCES festivales (cod) ON DELETE NO ACTION;

--
-- Create foreign key
--
ALTER TABLE compran
ADD CONSTRAINT FK_compran_cod_festivales FOREIGN KEY (cod_festivales)
REFERENCES festivales (cod) ON DELETE NO ACTION;

--
-- Create foreign key
--
ALTER TABLE compran
ADD CONSTRAINT FK_compran_dni FOREIGN KEY (dni)
REFERENCES clientes (dni) ON DELETE NO ACTION;

--
-- Create table `cantantes`
--
CREATE TABLE cantantes (
  cod int(11) NOT NULL AUTO_INCREMENT,
  nombre varchar(20) DEFAULT NULL,
  apellido varchar(20) DEFAULT NULL,
  PRIMARY KEY (cod)
)
ENGINE = INNODB,
AUTO_INCREMENT = 51,
AVG_ROW_LENGTH = 1638,
CHARACTER SET latin1,
COLLATE latin1_spanish_ci;

--
-- Create table `cantan`
--
CREATE TABLE cantan (
  cod_cant int(11) NOT NULL,
  cod_conciertos int(11) NOT NULL,
  cod_festivales int(11) NOT NULL,
  PRIMARY KEY (cod_cant, cod_conciertos, cod_festivales)
)
ENGINE = INNODB,
AVG_ROW_LENGTH = 1638,
CHARACTER SET latin1,
COLLATE latin1_spanish_ci;

--
-- Create foreign key
--
ALTER TABLE cantan
ADD CONSTRAINT FK_cantan_cod_cant FOREIGN KEY (cod_cant)
REFERENCES cantantes (cod) ON DELETE NO ACTION;

--
-- Create foreign key
--
ALTER TABLE cantan
ADD CONSTRAINT FK_cantan_cod_conciertos FOREIGN KEY (cod_conciertos)
REFERENCES conciertos (cod) ON DELETE NO ACTION;

--
-- Create foreign key
--
ALTER TABLE cantan
ADD CONSTRAINT FK_cantan_cod_festivales FOREIGN KEY (cod_festivales)
REFERENCES festivales (cod) ON DELETE NO ACTION;

-- 
-- Dumping data for table festivales
--
INSERT INTO festivales VALUES
(490, 'Medusa', '2020-09-18', '2020-12-05'),
(2437, 'Sunblast', '2020-08-14', '2020-12-03'),
(3437, 'Riverland', '2020-09-01', '2020-11-30'),
(3438, 'Tomorrowland', '2020-09-12', '2020-11-30'),
(6221, 'Sunblast', '2020-08-12', '2020-12-03'),
(8007, 'Arenal', '2020-09-04', '2020-12-05'),
(8008, 'Arenal', '2020-10-15', '2020-12-03'),
(8009, 'Riverland', '2020-10-31', '2020-11-30'),
(9005, 'Tomorrowland', '2020-09-19', '2020-12-04'),
(9006, 'Medusa', '2020-11-09', '2020-12-06');

-- 
-- Dumping data for table entradas
--
INSERT INTO entradas VALUES
(2565, 9741, 3438),
(7565, 2528, 9006),
(18050, 42502, 8007),
(21131, 6877, 8008),
(26132, 28882, 8009),
(34914, 5570, 2437),
(40252, 21191, 3437),
(40253, 11735, 6221),
(45249, 18871, 490),
(45250, 26845, 9005);

-- 
-- Dumping data for table clientes
--
INSERT INTO clientes VALUES
('043-40-1614', 'Luisa', 'Kloz', 'Blackwell@example.co', '1999-05-29', 34),
('121-67-4746', 'Lucio', 'Baumgarten', 'Rosena.Gaither@nowhe', '1994-08-18', 38),
('174-74-7859', 'Parker', 'chultz', 'ElvinaCarbajal166@ex', '2004-09-03', 34),
('246-23-5663', 'Adele', 'von Feierbach', 'Goebel@nowhere.com', '1980-01-13', 22),
('367-72-3439', 'Marielle', 'Zurbriggen', 'JackieKCrews@nowhere', '2008-05-22', 36),
('456-07-6000', 'Alexia', 'Baur', 'Merna.XMuller97@exam', '2019-03-31', 33),
('538-59-5059', 'Mel', 'Dörner', 'LoydBranham258@examp', '1976-08-15', 21),
('568-47-4734', 'Scot', 'Heckler', 'NorrisCalderon@examp', '2010-02-27', 21),
('604-64-6959', 'Giovanni', 'Liebknecht', 'Winters96@example.co', '1971-06-17', 28),
('979-75-0328', 'Catina', 'Klug', 'ErminiaGaskins31@exa', '1970-10-21', 28);

-- 
-- Dumping data for table conciertos
--
INSERT INTO conciertos VALUES
(1, '1970-01-04', '00:00:04', '17:52:09', 490),
(2, '1981-01-13', '13:55:06', '10:32:16', 9005),
(102, '1993-03-18', '07:56:36', '23:43:38', 3437),
(103, '1976-07-07', '09:51:15', '08:10:56', 3438),
(336, '1991-03-25', '08:35:20', '01:47:16', 8009),
(481, '2016-07-25', '11:14:01', '19:18:44', 8007),
(712, '1986-06-18', '01:40:13', '00:00:03', 8008),
(896, '1973-01-20', '03:01:07', '05:39:25', 9006),
(993, '2003-06-17', '00:23:15', '16:09:19', 2437),
(994, '1970-01-02', '00:00:02', '03:30:28', 6221);

-- 
-- Dumping data for table cantantes
--
INSERT INTO cantantes VALUES
(1, 'Adelisa ', 'Galindo'),
(5, 'Felin', 'Neeley'),
(6, 'Filiberta', 'Mathews'),
(11, 'Balintt ', 'Reyes'),
(26, 'Basileo ', 'Reyna'),
(31, 'Paschalis', 'Baumann'),
(38, 'Gotfrit', 'Neely'),
(46, 'Cathrine', 'Cary'),
(48, 'Filina', 'Keenan'),
(50, 'Joerge', 'Renteria');

-- 
-- Dumping data for table instrumentos
--
INSERT INTO instrumentos VALUES
(103, 490, 'Bajo'),
(336, 490, 'Bajo'),
(712, 490, 'Bajo'),
(103, 8007, 'Bateria'),
(336, 8007, 'Bateria'),
(481, 8007, 'Bateria'),
(336, 3437, 'Guitarra'),
(712, 3437, 'Guitarra'),
(2, 9005, 'Mesa de Mezclas'),
(712, 9005, 'Mesa de Mezclas');

-- 
-- Dumping data for table compran
--
INSERT INTO compran VALUES
(2565, 8007, 8007, '568-47-4734'),
(7565, 8008, 8008, '538-59-5059'),
(18050, 3438, 3438, '604-64-6959'),
(21131, 490, 490, '246-23-5663'),
(26132, 6221, 6221, '979-75-0328'),
(34914, 9006, 9006, '174-74-7859'),
(40252, 8009, 8009, '456-07-6000'),
(40253, 2437, 2437, '121-67-4746'),
(45249, 9005, 9005, '367-72-3439'),
(45250, 3437, 3437, '043-40-1614');

-- 
-- Dumping data for table cantan
--
INSERT INTO cantan VALUES
(1, 481, 8009),
(5, 103, 3437),
(6, 896, 2437),
(11, 994, 9005),
(26, 712, 6221),
(31, 2, 8007),
(38, 102, 9006),
(46, 336, 3438),
(48, 993, 8008),
(50, 1, 490);

-- 
-- Restore previous SQL mode
-- 
/*!40101 SET SQL_MODE=@OLD_SQL_MODE */;

-- 
-- Enable foreign keys
-- 
/*!40014 SET FOREIGN_KEY_CHECKS = @OLD_FOREIGN_KEY_CHECKS */;