﻿--
-- Script was generated by Devart dbForge Studio for MySQL, Version 8.0.40.0
-- Product home page: http://www.devart.com/dbforge/mysql/studio
-- Script date 12/06/2020 13:03:40
-- Server version: 5.5.5-10.1.38-MariaDB
-- Client version: 4.1
--

-- 
-- Disable foreign keys
-- 
/*!40014 SET @OLD_FOREIGN_KEY_CHECKS=@@FOREIGN_KEY_CHECKS, FOREIGN_KEY_CHECKS=0 */;

-- 
-- Set SQL mode
-- 
/*!40101 SET @OLD_SQL_MODE=@@SQL_MODE, SQL_MODE='NO_AUTO_VALUE_ON_ZERO' */;

-- 
-- Set character set the client will use to send SQL statements to the server
--
SET NAMES 'utf8';

--
-- Set default database
--
USE futbol;

--
-- Drop table `noticias`
--
DROP TABLE IF EXISTS noticias;

--
-- Drop table `estadios`
--
DROP TABLE IF EXISTS estadios;

--
-- Drop table `jugadores`
--
DROP TABLE IF EXISTS jugadores;

--
-- Drop table `participan`
--
DROP TABLE IF EXISTS participan;

--
-- Drop table `equipos`
--
DROP TABLE IF EXISTS equipos;

--
-- Drop table `ganadores`
--
DROP TABLE IF EXISTS ganadores;

--
-- Drop table `competiciones`
--
DROP TABLE IF EXISTS competiciones;

--
-- Set default database
--
USE futbol;

--
-- Create table `competiciones`
--
CREATE TABLE competiciones (
  id_competiciones int(10) NOT NULL AUTO_INCREMENT,
  nombre varchar(20) DEFAULT NULL,
  participantes varchar(20) NOT NULL,
  nom_ganador varchar(30) DEFAULT NULL,
  numero_veces int(5) DEFAULT NULL,
  PRIMARY KEY (id_competiciones)
)
ENGINE = INNODB,
AUTO_INCREMENT = 14,
AVG_ROW_LENGTH = 1489,
CHARACTER SET latin1,
COLLATE latin1_swedish_ci;

--
-- Create table `ganadores`
--
CREATE TABLE ganadores (
  id int(10) NOT NULL AUTO_INCREMENT,
  id_competiciones int(10) DEFAULT NULL,
  equipo_ganador varchar(50) DEFAULT NULL,
  PRIMARY KEY (id)
)
ENGINE = INNODB,
AUTO_INCREMENT = 11,
AVG_ROW_LENGTH = 1638,
CHARACTER SET latin1,
COLLATE latin1_swedish_ci;

--
-- Create foreign key
--
ALTER TABLE ganadores
ADD CONSTRAINT FK_COMPETICIONES FOREIGN KEY (id_competiciones)
REFERENCES competiciones (id_competiciones);

--
-- Create table `equipos`
--
CREATE TABLE equipos (
  id_equipos int(10) NOT NULL AUTO_INCREMENT,
  nombre varchar(20) DEFAULT NULL,
  titulos int(3) DEFAULT NULL,
  nom_presidente varchar(20) DEFAULT NULL,
  nom_entrenador varchar(20) DEFAULT NULL,
  PRIMARY KEY (id_equipos)
)
ENGINE = INNODB,
AUTO_INCREMENT = 43,
AVG_ROW_LENGTH = 390,
CHARACTER SET latin1,
COLLATE latin1_swedish_ci;

--
-- Create table `participan`
--
CREATE TABLE participan (
  id_participan int(10) NOT NULL AUTO_INCREMENT,
  id_equipos int(10) DEFAULT NULL,
  id_competiciones int(10) DEFAULT NULL,
  PRIMARY KEY (id_participan)
)
ENGINE = INNODB,
AUTO_INCREMENT = 91,
AVG_ROW_LENGTH = 167,
CHARACTER SET latin1,
COLLATE latin1_swedish_ci;

--
-- Create foreign key
--
ALTER TABLE participan
ADD CONSTRAINT FK_PARTICIPAN_COMPETICIONES FOREIGN KEY (id_competiciones)
REFERENCES competiciones (id_competiciones);

--
-- Create foreign key
--
ALTER TABLE participan
ADD CONSTRAINT FK_PARTICIPAN_EQUPOS FOREIGN KEY (id_equipos)
REFERENCES equipos (id_equipos);

--
-- Create table `jugadores`
--
CREATE TABLE jugadores (
  id_jugadores int(10) NOT NULL AUTO_INCREMENT,
  nombre varchar(20) DEFAULT NULL,
  edad int(3) DEFAULT NULL,
  posicion varchar(20) DEFAULT NULL,
  pjugados int(3) DEFAULT NULL,
  num_goles int(3) DEFAULT NULL,
  num_asistencias int(3) DEFAULT NULL,
  num_goles_encajados int(3) DEFAULT NULL,
  id_equipos int(10) DEFAULT NULL,
  PRIMARY KEY (id_jugadores)
)
ENGINE = INNODB,
AUTO_INCREMENT = 72,
AVG_ROW_LENGTH = 237,
CHARACTER SET latin1,
COLLATE latin1_swedish_ci;

--
-- Create foreign key
--
ALTER TABLE jugadores
ADD CONSTRAINT FK_JUGADORES_EQUIPOS FOREIGN KEY (id_equipos)
REFERENCES equipos (id_equipos);

--
-- Create table `estadios`
--
CREATE TABLE estadios (
  id_estadios int(10) NOT NULL AUTO_INCREMENT,
  nombre varchar(20) DEFAULT NULL,
  ciudad varchar(20) DEFAULT NULL,
  capacidad int(7) DEFAULT NULL,
  fecha_construccion int(4) DEFAULT NULL,
  id_equipos int(10) DEFAULT NULL,
  PRIMARY KEY (id_estadios)
)
ENGINE = INNODB,
AUTO_INCREMENT = 41,
AVG_ROW_LENGTH = 409,
CHARACTER SET latin1,
COLLATE latin1_swedish_ci;

--
-- Create foreign key
--
ALTER TABLE estadios
ADD CONSTRAINT FK_ESTADIOS_EQUIPOS FOREIGN KEY (id_equipos)
REFERENCES equipos (id_equipos);

--
-- Create table `noticias`
--
CREATE TABLE noticias (
  id int(10) NOT NULL,
  enunciado varchar(4000) DEFAULT NULL,
  PRIMARY KEY (id)
)
ENGINE = INNODB,
AVG_ROW_LENGTH = 5461,
CHARACTER SET latin1,
COLLATE latin1_swedish_ci;

-- 
-- Dumping data for table competiciones
--
INSERT INTO competiciones VALUES
(1, 'Bundesliga', '18', 'Bayern Munich', 29),
(2, 'Serie A', '20', 'Juventus', 35),
(3, 'Ligue 1', '20', 'Paris Saint-Germain', 8),
(4, 'Liga NOS', '18', 'Benfica', 37),
(5, 'Copa del rey', '115', 'Valencia CF', 8),
(6, 'Supercopa de España', '4', 'FC Barcelona', 11),
(7, 'Liga Santander', '20', 'FC Barcelona', 26),
(8, 'Champions League', '32', 'Liverpool', 6),
(9, 'Europa League', '48', 'Chelsea', 2),
(10, 'Premier League', '20', 'Manchester City', 6),
(12, '', '', '', NULL),
(13, '', '', '', NULL);

-- 
-- Dumping data for table equipos
--
INSERT INTO equipos VALUES
(1, 'Real Madrid', 120, 'Florentino Perez', 'Zinedine Zidane'),
(2, 'FC Barcelona', 128, 'Josep Maria Bartomeu', 'Quique Setién'),
(3, 'Betis', 3, 'Angel Haro', 'Rubi'),
(4, 'Atletico de Madrid', 31, 'Enrique Cerezo', 'Diego Pablo Simeone'),
(5, 'Sevilla FC', 13, 'Jose Castro\r\n', 'Julen Lopetegui'),
(6, 'Valencia FC', 23, 'Anil Murthy', 'Albert Celades'),
(7, 'Athletic Club', 34, 'Aitor Elizegi', 'Gaizka Garitano'),
(8, 'Real Sociedad', 14, 'Jokin Aperribay', 'Imanol Alguacil'),
(9, 'Getafe Club', 0, 'Angel Torres', 'José Bordalás'),
(10, 'RCD Espanyol', 4, 'Chen Yansheng', 'Abelardo Fernandez'),
(11, 'Villareal Club', 0, 'Fernando Roig', 'Javier Calleja'),
(12, 'Celta de Vigo', 0, 'Carlos Mouriño', 'Oscar Garcia'),
(13, 'Real Valladolid', 9, 'Ronaldo Nazario', 'Sergio Gonzalez'),
(14, 'Atletico Osasuna', 0, 'Luis Sabalza', 'Jagoba Arrasate'),
(15, 'Levante', 0, 'Francisco Catalán', 'Paco Lopez'),
(16, 'Eibar', 0, 'Amaia Gorostiza', 'José Luis Mendilibar'),
(17, 'RDC Mallorca', 2, 'Maheta Molango', 'Vicente Moreno'),
(18, 'CD Leganes', 0, 'María Victoria Pavo', 'Javier Aguirre'),
(19, 'Deportivo Alavés', 0, 'Alfonso Fernández', 'Asier Garitano'),
(20, 'Granada CF', 0, 'Jiang Lizhang', 'Diego Martinez'),
(21, 'Liverpool FC', 63, 'Tom Werner', 'Jurgen Klopp'),
(22, 'Manchester United', 75, 'Joel Glazer', 'Ole Gunnar Solskjaer'),
(23, 'Manchester City', 26, 'Khaldoon Mubarak', 'Pep Guardiola'),
(24, 'Chelsea FC', 33, 'Roman Abramovich', 'Frank Lampard'),
(25, 'Tottenham FC', 28, 'Daniel Levy', 'Jose Mourinho'),
(26, 'Juventus FC', 68, 'Andrea Agnelli', 'Mauricio Sarri'),
(27, 'Inter de Milán', 39, 'Steven Zhang', 'Antonio Conte'),
(28, 'AC Milán', 52, 'Paolo Scaroni', 'Stefano Pioli'),
(29, 'SSC Napoles', 13, 'Aurelio de Laurentii', 'Gennaro Gattuso'),
(30, 'AS Roma', 14, 'James Palotta', 'Paulo Fonseca'),
(31, 'Benfica FC', 84, 'Luis Filipe Vieira', 'Bruno Lage'),
(32, 'FC Oporto', 76, 'Jorge Pinto da Costa', 'Sergio Conceiçao'),
(33, 'Sporting de Lisboa', 50, 'Frederico Varandas', 'Ruben Amorim'),
(34, 'Paris Saint-Germain', 40, 'Nasser Al-Khelaifi', 'Thomas Tuchel'),
(35, 'AS Monaco', 16, 'Dmitri Rybolóvlev', 'Robert Moreno'),
(36, 'Olympique de Lyon', 25, 'Jean-Michel Aulas', 'Rudi Garcia'),
(37, 'Bayern de Munich', 72, 'Herbert Hainer', 'Hans-Dieter Flick'),
(38, 'Borussia Dortmund', 21, 'Reinhard Rauball', 'Lucien Favre'),
(39, 'RB Leipzig', 0, 'Oliver Mintzlaff', 'Julian Nagelsmann'),
(40, 'Bayer Leverkusen', 2, ' Rudi Völler', 'Peter Bosz'),
(41, '', NULL, '', ''),
(42, '', NULL, '', '');

-- 
-- Dumping data for table participan
--
INSERT INTO participan VALUES
(1, 1, 7),
(2, 2, 7),
(3, 3, 7),
(4, 4, 7),
(5, 5, 7),
(6, 6, 7),
(7, 7, 7),
(8, 8, 7),
(9, 9, 7),
(10, 10, 7),
(11, 11, 7),
(12, 12, 7),
(13, 13, 7),
(14, 14, 7),
(15, 15, 7),
(16, 16, 7),
(17, 17, 7),
(18, 18, 7),
(19, 19, 7),
(20, 20, 7),
(21, 21, 10),
(22, 22, 10),
(23, 23, 10),
(24, 24, 10),
(25, 25, 10),
(26, 26, 2),
(27, 27, 2),
(28, 28, 2),
(29, 29, 2),
(30, 30, 2),
(31, 31, 4),
(32, 32, 4),
(33, 33, 4),
(34, 34, 3),
(35, 35, 3),
(36, 36, 3),
(37, 37, 1),
(38, 38, 1),
(39, 39, 1),
(40, 40, 1),
(41, 1, 6),
(42, 2, 6),
(43, 4, 6),
(44, 6, 6),
(45, 1, 5),
(46, 2, 5),
(47, 3, 5),
(48, 4, 5),
(49, 5, 5),
(50, 6, 5),
(51, 7, 5),
(52, 8, 5),
(53, 9, 5),
(54, 10, 5),
(55, 11, 5),
(56, 12, 5),
(57, 13, 5),
(58, 14, 5),
(59, 15, 5),
(60, 16, 5),
(61, 17, 5),
(62, 18, 5),
(63, 19, 5),
(64, 20, 5),
(65, 1, 8),
(66, 2, 8),
(67, 4, 8),
(68, 6, 8),
(69, 21, 8),
(70, 23, 8),
(71, 25, 8),
(72, 26, 8),
(73, 29, 8),
(74, 31, 8),
(75, 32, 8),
(76, 34, 8),
(77, 35, 8),
(78, 37, 8),
(79, 38, 8),
(80, 39, 8),
(81, 5, 9),
(82, 7, 9),
(83, 10, 9),
(84, 22, 9),
(85, 24, 9),
(86, 27, 9),
(87, 30, 9),
(88, 33, 9),
(89, 36, 9),
(90, 40, 9);

-- 
-- Dumping data for table noticias
--
INSERT INTO noticias VALUES
(1, 'Tercer día de entrenamientos individuales en la Ciudad Deportiva de Valdebebas y la situación de Karim Benzema es la misma que a lo largo de toda la temporada. Con Jovic y Mariano en la enfermería, el delantero francés sigue solo como único ''9'' apto para Zidane. Eso si se considera a Benzema un ariete al uso, rol que viene asumiendo desde la marcha de Cristiano, aunque sus condiciones sean casi las de un ''10''.Benzema trabajó con normalidad y, mientras que Jovic y Mariano siguen fuera de la nueva dinámica de entrenamientos establecida desde el pasado lunes, sería a día de hoy la única alternativa de Zidane para ocupar la punta de lanza del ataque madridista. Una soledad, la de Karim, que viene de lejos. Desde la salida de Cristiano en el verano de 2018, ha sido el único jugador que ha dado un paso al frente para tratar de llenar el inmenso hueco dejado por la marcha del luso a la Juventus. La temporada pasada hizo 30 goles, el segundo mejor registro de su carrera, pero nadie le ayudó a acarrear la carga del gol en el Madrid. Gareth Bale anotó 14 dianas, pero no fue una alternativa válida para un Zidane que nunca ha acabado de confiar al 100% en el galés. El tercer máximo anotador del equipo fue un zaguero, Sergio Ramos, con once tantos.'),
(2, 'Ansu Fati es de los pocos jugadores intocables del Barcelona. Está en la reducida lista de intransferibles.Tampoco se irá cedido. El conjunto culé le quiere con Setién, desea controlar de primera mano su progresión. Pero al delantero se le presenta una temporada 20-21 con una gran exigencia a causa de la competencia que habrá en ataque. Tendrá dificultad para encontrar su sitio en el Camp Nou. Pero antes, debe aclarar su puesto este curso, y todo apunta a que en este tramo final reforzará el filial.El Barcelona aún no ha tomado una decisión sobre Ansu Fati en relación a su participación para lo que resta de temporada. La entidad culé está a la espera de conocer el calendario final de los play off de ascenso del filial para determinar qué hará con su joven atacante. De todas formas, los técnicos apuestan porque ayude al equipo B azulgrana a subir a Segunda, lo que implicaría, entre otras cosas, una gran entrada de dinero para la institución catalana que rondaría los 10 millones de euros.'),
(3, '17 de mayo de 2014. Barcelona y Atlético se juegan en 90 minutos el título de LaLiga en el césped del Camp Nou. La victoria local dejaba sin título a los rojiblancos, líderes del torneo durante 11 de las 37 jornadas. El empate y la victoria visitante culminaban el sueño de un equipo, el de Simeone, que se había colado en la fiesta de los dos grandes sin avisar. Faltaba un partido, un sólo punto, para ganar una Liga 18 años después de la celebrada con Radomir Antic en el banquillo. Y hacerlo, por si fuera poco, en la casa de Leo Messi.Diego Godín se convirtió en el héroe al marcar el tanto que supuso el empate a uno y el décimo título de Liga para los rojiblancos. Aquel tanto en el minuto 49 dejó sin validez el logrado por Alexis Sánchez 15 minutos antes. Aquel tanto supuso sin duda la mayor obra del cholismo en ocho largos años en los que el Atlético logró por fin volver a ser la alternativa al poder que sí logró ser durante muchas décadas. Motivo suficiente para que ese Atlético, el que pisó el césped del Camp Nou hace ahora seis años, pasara a la historia de una afición que celebró ese título como ninguno de los que ha llegado en esta década dorada.');

-- 
-- Dumping data for table jugadores
--
INSERT INTO jugadores VALUES
(1, 'Thibaut Courtois', 27, 'Portero', 24, 0, 0, 16, 1),
(2, 'Alphonso Areola', 27, 'Portero', 3, 0, 0, 3, 1),
(3, 'Diego Altube', 20, 'Portero', 0, 0, 0, 0, 1),
(4, 'Sergio Ramos', 34, 'Defensa', 25, 5, 0, 0, 1),
(5, 'Daniel Carvajal', 28, 'Defensa', 22, 1, 5, 0, 1),
(6, 'Rafael Varane', 26, 'Defensa', 23, 2, 1, 0, 1),
(7, 'Marcelo', 31, 'Defensa', 11, 0, 2, 0, 1),
(8, 'Ferlan Mendy', 24, 'Defensa', 16, 0, 1, 0, 1),
(9, 'Nacho Fernandez', 30, 'Defensa', 5, 1, 0, 0, 1),
(10, 'Eder Militao', 22, 'Defensa', 9, 0, 0, 0, 1),
(11, 'Casemiro', 28, 'Centrocampista', 25, 3, 2, 0, 1),
(12, 'Toni Kroos', 30, 'Centrocampista', 24, 3, 5, 0, 1),
(13, 'Luka Modric', 34, 'Centrocampista', 22, 3, 4, 0, 1),
(14, 'James Rodriguez', 28, 'Centrocampista', 7, 1, 1, 0, 1),
(15, 'Isco', 28, 'Centrocampista', 11, 1, 0, 0, 1),
(16, 'Fede Valverde', 21, 'Centrocampista', 22, 2, 4, 0, 1),
(17, 'Brahim Díaz', 20, 'Centrocampista', 3, 0, 0, 0, 1),
(18, 'Karim Benzema', 32, 'Delantero', 25, 14, 6, 0, 1),
(19, 'Eden Hazard', 29, 'Delantero', 10, 1, 1, 0, 1),
(20, 'Gareth Bale', 30, 'Delantero', 14, 2, 3, 0, 1),
(21, 'Luka Jovic', 22, 'Delantero', 15, 2, 1, 0, 1),
(22, 'Lucas Vazquez', 28, 'Delantero', 14, 2, 1, 0, 1),
(23, 'Vinicius Jr', 19, 'Delantero', 19, 2, 0, 0, 1),
(24, 'Rodrygo', 19, 'Delantero', 12, 2, 0, 0, 1),
(25, 'Mariano Diaz', 26, 'Delantero', 2, 1, 0, 0, 1),
(26, 'Marco Asensio', 24, 'Delantero', 0, 0, 0, 0, 1),
(27, 'Marc Ter Stegen', 27, 'Portero', 26, 0, 2, 29, 2),
(28, 'Gerard Piqué', 33, 'Defensa', 25, 1, 0, 0, 2),
(29, 'Sergio Busquets', 31, 'Centrocampista', 23, 2, 2, 0, 2),
(30, 'Luis Suárez', 33, 'Delantero', 17, 11, 7, 0, 2),
(31, 'Leo Messi', 32, 'Delantero', 22, 21, 12, 0, 2),
(32, 'Joaquín Sanchez', 38, 'Mediocampista', 26, 8, 2, 0, 3),
(33, 'Joao Felix', 20, 'Delantero', 20, 4, 1, 0, 4),
(34, 'Sergio Reguilon', 23, 'Defensa', 22, 1, 3, 0, 5),
(35, 'Jasper Cillessen', 31, 'Portero', 16, 0, 1, 19, 6),
(36, 'Iñaki Williams', 27, 'Delantero', 25, 6, 0, 0, 7),
(37, 'Martin Odegaard', 21, 'Mediocampista', 23, 4, 5, 0, 8),
(38, 'Ángel Rodríguez', 33, 'Delantero', 24, 10, 2, 0, 9),
(39, 'Diego López', 38, 'Portero', 27, 0, 0, 46, 10),
(40, 'Santi Cazorla', 35, 'Centrocampista', 24, 8, 6, 0, 11),
(41, 'Iago Aspas', 32, 'Delantero', 26, 9, 2, 0, 12),
(42, 'Mohammed Salisu', 21, 'Defensa', 27, 1, 1, 0, 13),
(43, 'Chimy Avila\t', 20, 'Delantero', 20, 9, 2, 0, 14),
(44, 'José Campaña', 26, 'Centrocampista', 26, 2, 5, 0, 15),
(45, 'Marko Dmitrovic', 28, 'Portero', 26, 0, 0, 41, 16),
(46, 'Takefusa Kubo', 18, 'Centrocampista', 24, 3, 2, 0, 17),
(47, 'Guido Carrillo', 28, 'Delantero', 20, 1, 2, 0, 18),
(48, 'Rubén Duarte', 24, 'Defensa', 25, 0, 1, 0, 19),
(49, 'Darwin Machís', 27, 'Delantero', 26, 6, 3, 9, 20),
(50, 'Mohamed Salah', 27, 'Delantero', 26, 16, 6, 0, 21),
(51, 'David de Gea', 29, 'Portero', 29, 0, 0, 30, 22),
(52, 'Sergio Aguero', 31, 'Delantero', 22, 16, 3, 0, 23),
(53, 'Tammy Abraham', 22, 'Delantero\t', 25, 13, 3, 0, 24),
(54, 'Harry Kane', 26, 'Delantero', 20, 11, 2, 0, 25),
(55, 'Cristiano Ronaldo', 35, 'Delantero', 22, 21, 3, 0, 26),
(56, 'Diego Godín', 34, 'Defensa', 16, 0, 1, 0, 27),
(57, 'Gianluigi Donnaruma', 21, 'Portero', 24, 0, 0, 30, 28),
(58, 'Lorenzo Insigne', 28, 'Delantero', 25, 5, 5, 0, 29),
(59, 'Chris Smalling', 30, 'Defensa', 21, 2, 1, 0, 30),
(60, 'Rafael Silva', 26, 'Centrocampista', 15, 5, 3, 0, 31),
(61, 'Alex Telles', 27, 'Defensa', 23, 8, 6, 0, 32),
(62, 'Luciano Vietto', 26, 'Delantero', 20, 4, 4, 0, 33),
(63, 'Kylian Mbappé', 21, 'Delantero', 20, 18, 5, 0, 34),
(64, 'Benjamin Lecomte', 29, 'Portero', 28, 0, 0, 44, 35),
(65, 'Memphis Depay', 26, 'Delantero', 13, 9, 2, 0, 36),
(66, 'Robert Lewandowski', 31, 'Delantero', 23, 25, 3, 0, 37),
(67, 'Marco Reus', 30, 'Mediocampista', 19, 11, 5, 0, 38),
(68, 'Dayot Upamecano', 21, 'Defensa', 21, 0, 0, 0, 39),
(69, 'Kai Havertz', 20, 'Mediocampista', 22, 6, 5, 0, 40),
(70, '', NULL, '', NULL, NULL, NULL, NULL, NULL),
(71, '', NULL, '', NULL, NULL, NULL, NULL, NULL);

-- 
-- Dumping data for table ganadores
--
INSERT INTO ganadores VALUES
(1, 1, '-'),
(2, 2, '-'),
(3, 3, '-'),
(4, 4, '-'),
(5, 5, '-'),
(6, 6, 'Real Madrid'),
(7, 7, '-'),
(8, 8, '-'),
(9, 9, '-'),
(10, 10, '-');

-- 
-- Dumping data for table estadios
--
INSERT INTO estadios VALUES
(1, 'Santiago Bernabeu', 'Madrid', 81044, 1947, 1),
(2, 'Camp Nou', 'Barcelona', 99354, 1957, 2),
(3, 'Wanda Metropolitano', 'Madrid', 68456, 2017, 4),
(4, 'Sanchez Pizjuan', 'Sevilla', 43883, 1958, 5),
(5, 'Benito Villamarin', 'Sevilla', 60721, 1929, 3),
(6, 'Nuevo San Mames', 'Bilbao', 53331, 2013, 7),
(7, 'Mestalla', 'Valencia', 48600, 1923, 6),
(8, 'Anoeta', 'San Sebastian', 40000, 1993, 8),
(9, 'Coliseum Alfonso Pér', 'Getafe', 17000, 1998, 9),
(10, 'RCDE Stadium ', 'Barcelona', 40500, 2009, 10),
(11, 'Estadio de la Cerami', 'Villareal', 23500, 1923, 11),
(12, 'Balaidos', 'Vigo', 29000, 1928, 12),
(13, 'Jose Zorrilla', 'Valladolid\r\n', 27618, 1982, 13),
(14, 'El Sadar', 'Pamplona', 18000, 1967, 14),
(15, 'Ciudad de Valencia', 'Valencia', 26354, 1969, 15),
(16, 'Ipurua', 'Eibar', 8164, 1947, 16),
(17, 'Son Moix', 'Mallorca', 20500, 1999, 17),
(18, 'Municipal de Butarqu', 'Leganes', 12450, 1998, 18),
(19, 'Mendizorroza', 'Alava', 19840, 1924, 19),
(20, 'Los Cármenes', 'Granada', 19336, 1995, 20),
(21, 'Anfield', 'Liverpool', 54074, 1884, 21),
(22, 'Old Trafford', 'Manchester', 74879, 1910, 22),
(23, 'Etihad Stadium', 'Manchester', 55097, 2002, 23),
(24, 'Stamford Bridge', 'Londres', 41841, 1877, 24),
(25, 'Tottenham Hotspur St', 'Tottenham', 36243, 2019, 25),
(26, 'Juventus Stadium', 'Turín', 41000, 2011, 26),
(27, 'Giuseppe Meazza', 'Milán', 80018, 1926, 27),
(28, 'San Siro', 'Milán', 80018, 1926, 28),
(29, 'San Paolo', 'Napolés', 55000, 1959, 29),
(30, 'Olímpico de Roma', 'Roma', 72700, 1953, 30),
(31, 'Estadio da Luz', 'Lisboa', 66500, 2003, 31),
(32, 'Estadio do Dragao', 'Oporto', 50033, 2003, 32),
(33, 'Estadio José Alvalad', 'Lisboa', 50044, 2003, 33),
(34, 'Parque de los Prínci', 'París', 48712, 1897, 34),
(35, 'Estadio Luis II', 'Monaco', 18525, 1985, 35),
(36, 'Parc Olympique Lyonn', 'Lyon', 59186, 2016, 36),
(37, 'Allianz Arena', 'Múnich', 75000, 2005, 37),
(38, 'Signal Iduna Park', 'Dortmund', 81365, 1974, 38),
(39, 'Red Bull Arena', 'Leipzig', 44159, 1956, 39),
(40, 'BayArena', 'Leverkusen', 30210, 1932, 40);

-- 
-- Restore previous SQL mode
-- 
/*!40101 SET SQL_MODE=@OLD_SQL_MODE */;

-- 
-- Enable foreign keys
-- 
/*!40014 SET FOREIGN_KEY_CHECKS = @OLD_FOREIGN_KEY_CHECKS */;