/*
Navicat MySQL Data Transfer

Source Server         : root
Source Server Version : 80016
Source Host           : localhost:3306
Source Database       : thecoloursofthailand

Target Server Type    : MYSQL
Target Server Version : 80016
File Encoding         : 65001

Date: 2019-10-22 07:01:47
*/

SET FOREIGN_KEY_CHECKS=0;
-- ----------------------------
-- Table structure for `admin_user`
-- ----------------------------
DROP TABLE IF EXISTS `admin_user`;
CREATE TABLE `admin_user` (
  `id` varchar(20) CHARACTER SET utf8 COLLATE utf8_unicode_ci NOT NULL,
  `firstname` text CHARACTER SET utf8 COLLATE utf8_unicode_ci,
  `lastname` text CHARACTER SET utf8 COLLATE utf8_unicode_ci,
  `username` text CHARACTER SET utf8 COLLATE utf8_unicode_ci,
  `password` text CHARACTER SET utf8 COLLATE utf8_unicode_ci,
  `email` text CHARACTER SET utf8 COLLATE utf8_unicode_ci,
  `prefix` text CHARACTER SET utf8 COLLATE utf8_unicode_ci,
  `phone` text CHARACTER SET utf8 COLLATE utf8_unicode_ci,
  PRIMARY KEY (`id`)
) ENGINE=InnoDB DEFAULT CHARSET=utf8 COLLATE=utf8_unicode_ci;

-- ----------------------------
-- Records of admin_user
-- ----------------------------
INSERT INTO `admin_user` VALUES ('1234567890', 'sadmins', 'sadmin', 'sadmin', 'sadmin', 'sereepap2029@gmail.com', 'นาย', null);

-- ----------------------------
-- Table structure for `ci_sessions`
-- ----------------------------
DROP TABLE IF EXISTS `ci_sessions`;
CREATE TABLE `ci_sessions` (
  `id` varchar(128) CHARACTER SET utf8 COLLATE utf8_unicode_ci NOT NULL,
  `ip_address` varchar(45) CHARACTER SET utf8 COLLATE utf8_unicode_ci NOT NULL,
  `timestamp` int(10) unsigned NOT NULL DEFAULT '0',
  `data` blob NOT NULL,
  KEY `ci_sessions_timestamp` (`timestamp`)
) ENGINE=InnoDB DEFAULT CHARSET=utf8 COLLATE=utf8_unicode_ci;

-- ----------------------------
-- Records of ci_sessions
-- ----------------------------
INSERT INTO `ci_sessions` VALUES ('c1t3h0ne63021brfsvc4nom8k2922esh', '127.0.0.1', '1569260910', 0x5F5F63695F6C6173745F726567656E65726174657C693A313536393236303931303B7374755F6B6579776F72647C733A303A22223B73746172745F646174657C733A303A22223B656E645F646174657C733A303A22223B6C696D69747C693A31323B);
INSERT INTO `ci_sessions` VALUES ('5og3kheqt0dridi8lvadjbhtoc15vj6c', '127.0.0.1', '1569261110', 0x5F5F63695F6C6173745F726567656E65726174657C693A313536393236303931303B7374755F6B6579776F72647C733A303A22223B73746172745F646174657C733A303A22223B656E645F646174657C733A303A22223B6C696D69747C693A31323B);
INSERT INTO `ci_sessions` VALUES ('faeivpuc4vepobtood9777j08los7h04', '127.0.0.1', '1571551337', 0x5F5F63695F6C6173745F726567656E65726174657C693A313537313535313333373B);
INSERT INTO `ci_sessions` VALUES ('em4grum57v85jemepq3vmlqogs9p5v6l', '127.0.0.1', '1571551588', 0x5F5F63695F6C6173745F726567656E65726174657C693A313537313535313333373B);
INSERT INTO `ci_sessions` VALUES ('hudnffboggr10j627biumbco61sgqq9b', '127.0.0.1', '1571648054', 0x5F5F63695F6C6173745F726567656E65726174657C693A313537313634383035343B7374755F6B6579776F72647C733A303A22223B73746172745F646174657C733A303A22223B656E645F646174657C733A303A22223B6C696D69747C693A31323B);
INSERT INTO `ci_sessions` VALUES ('gubctav107461afuuceci1driucfchhf', '127.0.0.1', '1571648448', 0x5F5F63695F6C6173745F726567656E65726174657C693A313537313634383434383B7374755F6B6579776F72647C733A303A22223B73746172745F646174657C733A303A22223B656E645F646174657C733A303A22223B6C696D69747C693A31323B);
INSERT INTO `ci_sessions` VALUES ('mfn1ao60o6ti94gvj8380se10qiuiuii', '127.0.0.1', '1571648977', 0x5F5F63695F6C6173745F726567656E65726174657C693A313537313634383937373B7374755F6B6579776F72647C733A303A22223B73746172745F646174657C733A303A22223B656E645F646174657C733A303A22223B6C696D69747C693A31323B);
INSERT INTO `ci_sessions` VALUES ('pi0l9fbk39omlko9jta25t9vi08u9ufs', '127.0.0.1', '1571650304', 0x5F5F63695F6C6173745F726567656E65726174657C693A313537313635303330343B7374755F6B6579776F72647C733A303A22223B73746172745F646174657C733A303A22223B656E645F646174657C733A303A22223B6C696D69747C693A31323B757365726E616D657C733A363A227361646D696E223B69647C733A31303A2231323334353637383930223B);
INSERT INTO `ci_sessions` VALUES ('cieqql855kte0a6g5ff90dkjpgu40pe1', '127.0.0.1', '1571652442', 0x5F5F63695F6C6173745F726567656E65726174657C693A313537313635323434323B7374755F6B6579776F72647C733A303A22223B73746172745F646174657C733A303A22223B656E645F646174657C733A303A22223B6C696D69747C693A31323B757365726E616D657C733A363A227361646D696E223B69647C733A31303A2231323334353637383930223B);
INSERT INTO `ci_sessions` VALUES ('bs4ou3lu5lqig5chs5janpl89j9gfcqe', '127.0.0.1', '1571653263', 0x5F5F63695F6C6173745F726567656E65726174657C693A313537313635333236333B7374755F6B6579776F72647C733A303A22223B73746172745F646174657C733A303A22223B656E645F646174657C733A303A22223B6C696D69747C693A31323B757365726E616D657C733A363A227361646D696E223B69647C733A31303A2231323334353637383930223B);
INSERT INTO `ci_sessions` VALUES ('uddefv0mmlgc2dghnvogpn17n47p5vfv', '127.0.0.1', '1571658486', 0x5F5F63695F6C6173745F726567656E65726174657C693A313537313635383438363B7374755F6B6579776F72647C733A303A22223B73746172745F646174657C733A303A22223B656E645F646174657C733A303A22223B6C696D69747C693A31323B757365726E616D657C733A363A227361646D696E223B69647C733A31303A2231323334353637383930223B);
INSERT INTO `ci_sessions` VALUES ('g8aiqhtb51ljbs7rq7jj63rviobmi8o3', '127.0.0.1', '1571659447', 0x5F5F63695F6C6173745F726567656E65726174657C693A313537313635393434373B7374755F6B6579776F72647C733A303A22223B73746172745F646174657C733A303A22223B656E645F646174657C733A303A22223B6C696D69747C693A31323B757365726E616D657C733A363A227361646D696E223B69647C733A31303A2231323334353637383930223B);
INSERT INTO `ci_sessions` VALUES ('8qn7jjkrca9avh92lki0tdr5c7ldtf31', '127.0.0.1', '1571659784', 0x5F5F63695F6C6173745F726567656E65726174657C693A313537313635393738343B7374755F6B6579776F72647C733A303A22223B73746172745F646174657C733A303A22223B656E645F646174657C733A303A22223B6C696D69747C693A31323B757365726E616D657C733A363A227361646D696E223B69647C733A31303A2231323334353637383930223B);
INSERT INTO `ci_sessions` VALUES ('j7814b201n4a1btrd34ro90p7lsleknc', '127.0.0.1', '1571661586', 0x5F5F63695F6C6173745F726567656E65726174657C693A313537313636313538363B7374755F6B6579776F72647C733A303A22223B73746172745F646174657C733A303A22223B656E645F646174657C733A303A22223B6C696D69747C693A31323B757365726E616D657C733A363A227361646D696E223B69647C733A31303A2231323334353637383930223B);
INSERT INTO `ci_sessions` VALUES ('8pjnbpq8fqh063a638db0786ovagdvgs', '127.0.0.1', '1571662547', 0x5F5F63695F6C6173745F726567656E65726174657C693A313537313636323534373B7374755F6B6579776F72647C733A303A22223B73746172745F646174657C733A303A22223B656E645F646174657C733A303A22223B6C696D69747C693A31323B757365726E616D657C733A363A227361646D696E223B69647C733A31303A2231323334353637383930223B);
INSERT INTO `ci_sessions` VALUES ('fg3p6tejrh7am3o8ht0t5u0df6fofkqr', '127.0.0.1', '1571662995', 0x5F5F63695F6C6173745F726567656E65726174657C693A313537313636323939353B7374755F6B6579776F72647C733A303A22223B73746172745F646174657C733A303A22223B656E645F646174657C733A303A22223B6C696D69747C693A31323B757365726E616D657C733A363A227361646D696E223B69647C733A31303A2231323334353637383930223B);
INSERT INTO `ci_sessions` VALUES ('mrp53r5cr4j8qi4lf56tqt2eordc9ml4', '127.0.0.1', '1571663522', 0x5F5F63695F6C6173745F726567656E65726174657C693A313537313636333532323B7374755F6B6579776F72647C733A303A22223B73746172745F646174657C733A303A22223B656E645F646174657C733A303A22223B6C696D69747C693A31323B757365726E616D657C733A363A227361646D696E223B69647C733A31303A2231323334353637383930223B);
INSERT INTO `ci_sessions` VALUES ('moseqec0appb4v1avgl7fjekpco819ka', '127.0.0.1', '1571664067', 0x5F5F63695F6C6173745F726567656E65726174657C693A313537313636343036373B7374755F6B6579776F72647C733A303A22223B73746172745F646174657C733A303A22223B656E645F646174657C733A303A22223B6C696D69747C693A31323B757365726E616D657C733A363A227361646D696E223B69647C733A31303A2231323334353637383930223B);
INSERT INTO `ci_sessions` VALUES ('akuk69nqel6hp0bei6b789b02to3isd4', '127.0.0.1', '1571665607', 0x5F5F63695F6C6173745F726567656E65726174657C693A313537313636353630373B7374755F6B6579776F72647C733A303A22223B73746172745F646174657C733A303A22223B656E645F646174657C733A303A22223B6C696D69747C693A31323B757365726E616D657C733A363A227361646D696E223B69647C733A31303A2231323334353637383930223B);
INSERT INTO `ci_sessions` VALUES ('6d1jginj7esi591n2voqvcqkgku5jp3r', '127.0.0.1', '1571665914', 0x5F5F63695F6C6173745F726567656E65726174657C693A313537313636353931343B7374755F6B6579776F72647C733A303A22223B73746172745F646174657C733A303A22223B656E645F646174657C733A303A22223B6C696D69747C693A31323B757365726E616D657C733A363A227361646D696E223B69647C733A31303A2231323334353637383930223B);
INSERT INTO `ci_sessions` VALUES ('7tb5r7d23uv2ge3hseduu7mp2l573og1', '127.0.0.1', '1571666248', 0x5F5F63695F6C6173745F726567656E65726174657C693A313537313636363234383B7374755F6B6579776F72647C733A303A22223B73746172745F646174657C733A303A22223B656E645F646174657C733A303A22223B6C696D69747C693A31323B757365726E616D657C733A363A227361646D696E223B69647C733A31303A2231323334353637383930223B);
INSERT INTO `ci_sessions` VALUES ('6qbk2v4vmafsfu9clicjacggfdq05e0b', '127.0.0.1', '1571666892', 0x5F5F63695F6C6173745F726567656E65726174657C693A313537313636363839323B7374755F6B6579776F72647C733A303A22223B73746172745F646174657C733A303A22223B656E645F646174657C733A303A22223B6C696D69747C693A31323B757365726E616D657C733A363A227361646D696E223B69647C733A31303A2231323334353637383930223B);
INSERT INTO `ci_sessions` VALUES ('ogf53323qgjkh9riejc8bl8aecaf40ug', '127.0.0.1', '1571667143', 0x5F5F63695F6C6173745F726567656E65726174657C693A313537313636363839323B7374755F6B6579776F72647C733A303A22223B73746172745F646174657C733A303A22223B656E645F646174657C733A303A22223B6C696D69747C693A31323B757365726E616D657C733A363A227361646D696E223B69647C733A31303A2231323334353637383930223B);
INSERT INTO `ci_sessions` VALUES ('k1tsugaesdl8e5rhojugt61stvtjqlcd', '127.0.0.1', '1571685902', 0x5F5F63695F6C6173745F726567656E65726174657C693A313537313638353930323B7374755F6B6579776F72647C733A303A22223B73746172745F646174657C733A303A22223B656E645F646174657C733A303A22223B6C696D69747C693A31323B757365726E616D657C733A363A227361646D696E223B69647C733A31303A2231323334353637383930223B);
INSERT INTO `ci_sessions` VALUES ('4rbk3beccgrakhgpf4n8f1iune8aiafn', '127.0.0.1', '1571686222', 0x5F5F63695F6C6173745F726567656E65726174657C693A313537313638363232323B7374755F6B6579776F72647C733A303A22223B73746172745F646174657C733A303A22223B656E645F646174657C733A303A22223B6C696D69747C693A31323B757365726E616D657C733A363A227361646D696E223B69647C733A31303A2231323334353637383930223B);
INSERT INTO `ci_sessions` VALUES ('uvllld5lrvh9p39q64bctkdsdkim3q3a', '127.0.0.1', '1571686674', 0x5F5F63695F6C6173745F726567656E65726174657C693A313537313638363637343B7374755F6B6579776F72647C733A303A22223B73746172745F646174657C733A303A22223B656E645F646174657C733A303A22223B6C696D69747C693A31323B757365726E616D657C733A363A227361646D696E223B69647C733A31303A2231323334353637383930223B);
INSERT INTO `ci_sessions` VALUES ('h95ss5neokjfinuqc8a4ar4sk691uvr9', '127.0.0.1', '1571687097', 0x5F5F63695F6C6173745F726567656E65726174657C693A313537313638373039373B7374755F6B6579776F72647C733A303A22223B73746172745F646174657C733A303A22223B656E645F646174657C733A303A22223B6C696D69747C693A31323B757365726E616D657C733A363A227361646D696E223B69647C733A31303A2231323334353637383930223B);
INSERT INTO `ci_sessions` VALUES ('ihlm32800s5o421fgks556jp8ir16tia', '127.0.0.1', '1571687447', 0x5F5F63695F6C6173745F726567656E65726174657C693A313537313638373434373B7374755F6B6579776F72647C733A303A22223B73746172745F646174657C733A303A22223B656E645F646174657C733A303A22223B6C696D69747C693A31323B757365726E616D657C733A363A227361646D696E223B69647C733A31303A2231323334353637383930223B);
INSERT INTO `ci_sessions` VALUES ('104iurhc2obhin0423tso7khlv748ojt', '127.0.0.1', '1571687752', 0x5F5F63695F6C6173745F726567656E65726174657C693A313537313638373735323B7374755F6B6579776F72647C733A303A22223B73746172745F646174657C733A303A22223B656E645F646174657C733A303A22223B6C696D69747C693A31323B757365726E616D657C733A363A227361646D696E223B69647C733A31303A2231323334353637383930223B);
INSERT INTO `ci_sessions` VALUES ('5qpub5orvd32bdfp4th2vtu39hdrp3u9', '127.0.0.1', '1571688087', 0x5F5F63695F6C6173745F726567656E65726174657C693A313537313638383038373B7374755F6B6579776F72647C733A303A22223B73746172745F646174657C733A303A22223B656E645F646174657C733A303A22223B6C696D69747C693A31323B757365726E616D657C733A363A227361646D696E223B69647C733A31303A2231323334353637383930223B);
INSERT INTO `ci_sessions` VALUES ('oald5bh22ffg2rn7ad9i1sh1ft7t0bve', '127.0.0.1', '1571688462', 0x5F5F63695F6C6173745F726567656E65726174657C693A313537313638383436323B7374755F6B6579776F72647C733A303A22223B73746172745F646174657C733A303A22223B656E645F646174657C733A303A22223B6C696D69747C693A31323B757365726E616D657C733A363A227361646D696E223B69647C733A31303A2231323334353637383930223B);
INSERT INTO `ci_sessions` VALUES ('lqkgupr48shg4omr124nmrkhn86kfjfn', '127.0.0.1', '1571689019', 0x5F5F63695F6C6173745F726567656E65726174657C693A313537313638393031393B7374755F6B6579776F72647C733A303A22223B73746172745F646174657C733A303A22223B656E645F646174657C733A303A22223B6C696D69747C693A31323B757365726E616D657C733A363A227361646D696E223B69647C733A31303A2231323334353637383930223B);
INSERT INTO `ci_sessions` VALUES ('1k6ishsm1bin0hrvfd9ipcbeajvjf0ro', '127.0.0.1', '1571689490', 0x5F5F63695F6C6173745F726567656E65726174657C693A313537313638393439303B7374755F6B6579776F72647C733A303A22223B73746172745F646174657C733A303A22223B656E645F646174657C733A303A22223B6C696D69747C693A31323B757365726E616D657C733A363A227361646D696E223B69647C733A31303A2231323334353637383930223B);
INSERT INTO `ci_sessions` VALUES ('mffmrihihmeicgndr8e786hli7lr7gdg', '127.0.0.1', '1571689999', 0x5F5F63695F6C6173745F726567656E65726174657C693A313537313638393939393B7374755F6B6579776F72647C733A303A22223B73746172745F646174657C733A303A22223B656E645F646174657C733A303A22223B6C696D69747C693A31323B757365726E616D657C733A363A227361646D696E223B69647C733A31303A2231323334353637383930223B);
INSERT INTO `ci_sessions` VALUES ('mftjspjpd098nb75h0egmmupjdmbbs6b', '127.0.0.1', '1571690603', 0x5F5F63695F6C6173745F726567656E65726174657C693A313537313639303630333B7374755F6B6579776F72647C733A303A22223B73746172745F646174657C733A303A22223B656E645F646174657C733A303A22223B6C696D69747C693A31323B757365726E616D657C733A363A227361646D696E223B69647C733A31303A2231323334353637383930223B);
INSERT INTO `ci_sessions` VALUES ('ibgbieb6g29kv4nohddgbcf56qcrcl72', '127.0.0.1', '1571692316', 0x5F5F63695F6C6173745F726567656E65726174657C693A313537313639323331363B7374755F6B6579776F72647C733A303A22223B73746172745F646174657C733A303A22223B656E645F646174657C733A303A22223B6C696D69747C693A31323B757365726E616D657C733A363A227361646D696E223B69647C733A31303A2231323334353637383930223B);
INSERT INTO `ci_sessions` VALUES ('ds3sesrgfn8il3qq58s4rpqqcvubheq6', '127.0.0.1', '1571693002', 0x5F5F63695F6C6173745F726567656E65726174657C693A313537313639333030323B7374755F6B6579776F72647C733A303A22223B73746172745F646174657C733A303A22223B656E645F646174657C733A303A22223B6C696D69747C693A31323B757365726E616D657C733A363A227361646D696E223B69647C733A31303A2231323334353637383930223B);
INSERT INTO `ci_sessions` VALUES ('0uv81mrl1p4fp7l6arl3rhp9mnct6fp9', '127.0.0.1', '1571693381', 0x5F5F63695F6C6173745F726567656E65726174657C693A313537313639333338313B7374755F6B6579776F72647C733A303A22223B73746172745F646174657C733A303A22223B656E645F646174657C733A303A22223B6C696D69747C693A31323B757365726E616D657C733A363A227361646D696E223B69647C733A31303A2231323334353637383930223B);
INSERT INTO `ci_sessions` VALUES ('rqjhk4c84srf6l482v95nofghte1uuot', '127.0.0.1', '1571693765', 0x5F5F63695F6C6173745F726567656E65726174657C693A313537313639333736353B7374755F6B6579776F72647C733A303A22223B73746172745F646174657C733A303A22223B656E645F646174657C733A303A22223B6C696D69747C693A31323B757365726E616D657C733A363A227361646D696E223B69647C733A31303A2231323334353637383930223B);
INSERT INTO `ci_sessions` VALUES ('5ihfai56e7n3r232vfcfi2d90t6rvrk7', '127.0.0.1', '1571695090', 0x5F5F63695F6C6173745F726567656E65726174657C693A313537313639353039303B7374755F6B6579776F72647C733A303A22223B73746172745F646174657C733A303A22223B656E645F646174657C733A303A22223B6C696D69747C693A31323B757365726E616D657C733A363A227361646D696E223B69647C733A31303A2231323334353637383930223B);
INSERT INTO `ci_sessions` VALUES ('ov79dkjtg85bsl0dlp8h32oiq2noe7je', '127.0.0.1', '1571695424', 0x5F5F63695F6C6173745F726567656E65726174657C693A313537313639353432343B7374755F6B6579776F72647C733A303A22223B73746172745F646174657C733A303A22223B656E645F646174657C733A303A22223B6C696D69747C693A31323B757365726E616D657C733A363A227361646D696E223B69647C733A31303A2231323334353637383930223B);
INSERT INTO `ci_sessions` VALUES ('07sms8qp30oigi8ltehaqrg7re4jdp42', '127.0.0.1', '1571697022', 0x5F5F63695F6C6173745F726567656E65726174657C693A313537313639373032323B7374755F6B6579776F72647C733A303A22223B73746172745F646174657C733A303A22223B656E645F646174657C733A303A22223B6C696D69747C693A31323B757365726E616D657C733A363A227361646D696E223B69647C733A31303A2231323334353637383930223B);
INSERT INTO `ci_sessions` VALUES ('2pboh4pugpaou1rrsur96qh017adescj', '127.0.0.1', '1571697409', 0x5F5F63695F6C6173745F726567656E65726174657C693A313537313639373430393B7374755F6B6579776F72647C733A303A22223B73746172745F646174657C733A303A22223B656E645F646174657C733A303A22223B6C696D69747C693A31323B757365726E616D657C733A363A227361646D696E223B69647C733A31303A2231323334353637383930223B);
INSERT INTO `ci_sessions` VALUES ('m91m28b7bk5e5dsvn6i9eku9so3llkk8', '127.0.0.1', '1571700577', 0x5F5F63695F6C6173745F726567656E65726174657C693A313537313730303537373B7374755F6B6579776F72647C733A303A22223B73746172745F646174657C733A303A22223B656E645F646174657C733A303A22223B6C696D69747C693A31323B757365726E616D657C733A363A227361646D696E223B69647C733A31303A2231323334353637383930223B);
INSERT INTO `ci_sessions` VALUES ('jmu2eu2b2s8on3b0ian9gi6su59msruv', '127.0.0.1', '1571700977', 0x5F5F63695F6C6173745F726567656E65726174657C693A313537313730303937373B7374755F6B6579776F72647C733A303A22223B73746172745F646174657C733A303A22223B656E645F646174657C733A303A22223B6C696D69747C693A31323B757365726E616D657C733A363A227361646D696E223B69647C733A31303A2231323334353637383930223B);
INSERT INTO `ci_sessions` VALUES ('aj5icpreouvn1h4t63cq620q90oj115d', '127.0.0.1', '1571701487', 0x5F5F63695F6C6173745F726567656E65726174657C693A313537313730313438373B7374755F6B6579776F72647C733A303A22223B73746172745F646174657C733A303A22223B656E645F646174657C733A303A22223B6C696D69747C693A31323B757365726E616D657C733A363A227361646D696E223B69647C733A31303A2231323334353637383930223B);
INSERT INTO `ci_sessions` VALUES ('njvpsht9ev7o0kr2ovo2bcorb4j05ebl', '127.0.0.1', '1571701627', 0x5F5F63695F6C6173745F726567656E65726174657C693A313537313730313438373B7374755F6B6579776F72647C733A303A22223B73746172745F646174657C733A303A22223B656E645F646174657C733A303A22223B6C696D69747C693A31323B757365726E616D657C733A363A227361646D696E223B69647C733A31303A2231323334353637383930223B);

-- ----------------------------
-- Table structure for `explore`
-- ----------------------------
DROP TABLE IF EXISTS `explore`;
CREATE TABLE `explore` (
  `id` varchar(20) COLLATE utf8_unicode_ci NOT NULL,
  `datecreate` bigint(11) DEFAULT NULL,
  `type` varchar(200) COLLATE utf8_unicode_ci DEFAULT NULL,
  `sort_order` bigint(11) NOT NULL DEFAULT '0',
  `location` text COLLATE utf8_unicode_ci,
  `what_is_it` text COLLATE utf8_unicode_ci,
  `how_to` text COLLATE utf8_unicode_ci,
  `main_pic` text COLLATE utf8_unicode_ci,
  PRIMARY KEY (`id`)
) ENGINE=InnoDB DEFAULT CHARSET=utf8 COLLATE=utf8_unicode_ci;

-- ----------------------------
-- Records of explore
-- ----------------------------
INSERT INTO `explore` VALUES ('6914530f93', '1571692473', 'Nature', '1', 'Red Lotus Lake, Udon Thani ', 'A large natural freshwater lake of pinkish red water lilies covering an area of 36 square kilometres with an abundance of aquatic animals, plants, and birds. It has an outstanding ecosystem that has attracted a lot of Thai as well as international researchers to visit for study. In December-February of every year, the pinkish red blossoms of water lilies will be in full bloom and blanket the vast surface of the Nong Han Lake as far as the eye can see, hence, the name “Red Lotus Sea”. During the said period, Udon Thani province holds the Red Lotus Sea Festival at Wat Ban Diam, Tambon Chiang Wae, Amphoe Kumphawapi. ', 'Daily fligts leaving from Bangkok to Udon Thani.\r\nFrom Amphoe Mueang Udon Thani, follow Highway No. 2 (Udon Thani -Khon Kaen) for 25 kilometres and turn left onto Udon Thani Rural Road No. 1071 towards Ban Na Di for approximately 15 kilometres.\r\n', '6914530f93-1571692473_main.jpg');
INSERT INTO `explore` VALUES ('d81b1d0da7', '1571689221', 'Flavor', '1', 'China town, Bangkok best street food', 'Bangkok’s famous Chinatown, locally known as Yaowarat, has long been the go-to spot for both tourists and locals hungry for a nighttime fix of tasty street food. It’s hot, busy and you might struggle to find a seat at some restaurants - but a visit to this iconic road is simply a must for any foodie wanting to experience the best of Bangkok. \r\n\r\nAs well as the crowded restaurants and street- side stalls, one problem you may be faced with in Chinatown is knowing exactly what, and how much, to order. Luckily, our local guide will be there to help point out the best dishes for you and your group to share, taking you to several recommended street food stalls over the course of the evening (so best come with an empty stomach).\r\n\r\nAfter dinner, the Chinatown tour continues with a quick tuk-tuk ride under the iconic neon lights of Yaowarat towards the river; here, you can cool down at a stunning riverside bar with a couple of cold beers to cap off the night.\r\n', 'Located in Bangkok \r\n\r\nGet off at MRT Hua Lamphong Station and walk 700 meters toward Yaowarat Road or take any of the buses mentioned above as they all pass the station.\r\n', 'd81b1d0da7-1571692389_main.jpg');
INSERT INTO `explore` VALUES ('f70b2d31ad', '1571692552', 'Splash', '1', 'Koh Mak ', 'Koh Mak is located in the eastern Gulf of Thailand and its famous for being Thailand\'s “eco-friendly island” with its sustainable development and low carbon tourism. The island is a unique, relax and calm atmosphere, which is becoming increasingly popular with couples and families.', 'Travel by bus: The bus can be taken from Ekamai Station in Bangkok or Suvarnabhumi Bus Terminal driving directly to Laem Ngob pier. From Laem Ngob pier to Koh Mak takes 45minutes. \r\nTravel by air: Direct flight from Bangkok to Trat, duration 50minutes. \r\nTravel by sea: From Trat (Lam Ngop Pier) to Koh Mak, 45minutes. From Trat (Laem Sok) to Koh Mak, 45minutes. ', 'f70b2d31ad-1571692552_main.jpg');
INSERT INTO `explore` VALUES ('fd012da5d6', '1571692587', 'Purity', '1', 'Thai Massage ', 'The history of traditional Thai massage goes back several centuries, drawing significant influence from India\'s ancient Ayurvedic traditions of medical practice. Ayurvedic medicine, also a holistic form of healing, plays an integral role in the practice of both Hinduism and Theravada Buddhism.', 'Wat Pho is considered the home of traditional Thai massage, with the guiding principles of massage actually inscribed in stone within the temple grounds.', 'fd012da5d6-1571692587_main.jpg');

-- ----------------------------
-- Table structure for `explore_pic`
-- ----------------------------
DROP TABLE IF EXISTS `explore_pic`;
CREATE TABLE `explore_pic` (
  `id` varchar(20) CHARACTER SET utf8 COLLATE utf8_unicode_ci NOT NULL,
  `sort_order` bigint(11) DEFAULT NULL,
  `filepath` text CHARACTER SET utf8 COLLATE utf8_unicode_ci,
  `explore_id` varchar(20) COLLATE utf8_unicode_ci DEFAULT NULL,
  PRIMARY KEY (`id`)
) ENGINE=InnoDB DEFAULT CHARSET=utf8 COLLATE=utf8_unicode_ci;

-- ----------------------------
-- Records of explore_pic
-- ----------------------------
INSERT INTO `explore_pic` VALUES ('0ebfafc299', '3', '0ebfafc299.jpg', 'fd012da5d6');
INSERT INTO `explore_pic` VALUES ('15c037f7a6', '2', '15c037f7a6.jpg', 'd81b1d0da7');
INSERT INTO `explore_pic` VALUES ('1ac5b9cb8c', '1', '1ac5b9cb8c.jpg', 'd81b1d0da7');
INSERT INTO `explore_pic` VALUES ('270aa44cc9', '2', '270aa44cc9.jpg', '6914530f93');
INSERT INTO `explore_pic` VALUES ('3ddd885347', '3', '3ddd885347.jpg', '6914530f93');
INSERT INTO `explore_pic` VALUES ('4c1dd179a4', '5', '4c1dd179a4.jpg', 'f70b2d31ad');
INSERT INTO `explore_pic` VALUES ('65c7c12d53', '3', '65c7c12d53.jpg', 'd81b1d0da7');
INSERT INTO `explore_pic` VALUES ('84f1a3b44a', '1', '84f1a3b44a.jpg', 'fd012da5d6');
INSERT INTO `explore_pic` VALUES ('9521fedc68', '1', '9521fedc68.jpg', 'f70b2d31ad');
INSERT INTO `explore_pic` VALUES ('ab459694e2', '2', 'ab459694e2.jpg', 'f70b2d31ad');
INSERT INTO `explore_pic` VALUES ('af624919f3', '4', 'af624919f3.jpg', 'f70b2d31ad');
INSERT INTO `explore_pic` VALUES ('c7270dd9c6', '4', 'c7270dd9c6.jpg', 'fd012da5d6');
INSERT INTO `explore_pic` VALUES ('e89b567fbb', '3', 'e89b567fbb.jpg', 'f70b2d31ad');
INSERT INTO `explore_pic` VALUES ('f2d2a83e54', '2', 'f2d2a83e54.jpg', 'fd012da5d6');
INSERT INTO `explore_pic` VALUES ('f819b67dd4', '1', 'f819b67dd4.jpg', '6914530f93');

-- ----------------------------
-- Table structure for `home`
-- ----------------------------
DROP TABLE IF EXISTS `home`;
CREATE TABLE `home` (
  `id` varchar(20) COLLATE utf8_unicode_ci NOT NULL,
  `bgvid1` text COLLATE utf8_unicode_ci,
  `bgvid2` text COLLATE utf8_unicode_ci,
  `ytvid1` text COLLATE utf8_unicode_ci,
  `ytvid2` text COLLATE utf8_unicode_ci,
  PRIMARY KEY (`id`)
) ENGINE=InnoDB DEFAULT CHARSET=utf8 COLLATE=utf8_unicode_ci;

-- ----------------------------
-- Records of home
-- ----------------------------
INSERT INTO `home` VALUES ('11', '11-1571701214_bgvid1.mp4', '11-1571701214_bgvid2.mp4', 'https://www.youtube.com/embed/EG_Oai3r5wA', 'https://www.youtube.com/embed/7YY2vsT89RY');

-- ----------------------------
-- Table structure for `perm`
-- ----------------------------
DROP TABLE IF EXISTS `perm`;
CREATE TABLE `perm` (
  `id` bigint(11) NOT NULL AUTO_INCREMENT,
  `admin_id` varchar(20) CHARACTER SET utf8 COLLATE utf8_unicode_ci DEFAULT NULL,
  `permission` enum('delete','data','account','req_withdraw','approve_withdraw','report','send_data','select_adjuster','super_data','inform','verify') CHARACTER SET utf8 COLLATE utf8_unicode_ci DEFAULT NULL,
  PRIMARY KEY (`id`)
) ENGINE=InnoDB AUTO_INCREMENT=118 DEFAULT CHARSET=utf8 COLLATE=utf8_unicode_ci;

-- ----------------------------
-- Records of perm
-- ----------------------------
INSERT INTO `perm` VALUES ('111', '1234567890', 'delete');
INSERT INTO `perm` VALUES ('112', '1234567890', 'data');
INSERT INTO `perm` VALUES ('113', '1234567890', 'account');

-- ----------------------------
-- Table structure for `support`
-- ----------------------------
DROP TABLE IF EXISTS `support`;
CREATE TABLE `support` (
  `id` varchar(20) CHARACTER SET utf8 COLLATE utf8_unicode_ci NOT NULL,
  `type` varchar(200) CHARACTER SET utf8 COLLATE utf8_unicode_ci DEFAULT NULL,
  `body_text` text CHARACTER SET utf8 COLLATE utf8_unicode_ci,
  `deal` text CHARACTER SET utf8 COLLATE utf8_unicode_ci,
  `web_link` text CHARACTER SET utf8 COLLATE utf8_unicode_ci,
  `main_pic` text CHARACTER SET utf8 COLLATE utf8_unicode_ci,
  `sort_order` bigint(11) NOT NULL DEFAULT '0',
  `name` text COLLATE utf8_unicode_ci,
  `datecreate` bigint(11) DEFAULT NULL,
  PRIMARY KEY (`id`)
) ENGINE=InnoDB DEFAULT CHARSET=utf8 COLLATE=utf8_unicode_ci;

-- ----------------------------
-- Records of support
-- ----------------------------
INSERT INTO `support` VALUES ('7666903956', 'transfer', 'Luggage Delivery, saving time and money instead of running back and forth for you luggage', '30% DISCOUNT! booking with code \"TATNORDIC\"', 'https://app.airportels.asia', '7666903956-1571693067_main.png', '1', 'AIRPORTELs', '1571693067');
INSERT INTO `support` VALUES ('774c2e90e7', 'gastronomy', 'Thailand’s unique dining offer web/app. We offer an exclusive fixed-price concept at normal À la carte restaurants!', 'AYCE : a 2-hour unlimited dining experience suitable for all party sizes', '#', '774c2e90e7-1571693490_main.png', '1', 'Hungry hub', '1571693490');
INSERT INTO `support` VALUES ('7c74b59540', 'sports', 'No.1 golf booking platform in Thailand with 150+ golf courses, book up to 60 days in advance.', 'Best price guarantee *save up to 80%* best golf guide in Thailand', 'https://golfdigg.com/nordic', '7c74b59540-1571693596_main.png', '1', 'Golfdigg', '1571693596');
INSERT INTO `support` VALUES ('92e005694e', 'planner', 'A visual-based trip curator for your next adventure.', 'Get FREE complete itineraries to travel like TATNORDIC video promos.', 'www.getsneak.com', '92e005694e-1571693561_main.png', '1', 'Sneak', '1571693561');
INSERT INTO `support` VALUES ('9e1f466126', 'wellness', 'Telemedicine mobile app where you can easily get access to personal health consultation with doctors and medical specialists anywhere and anytime.', 'Free health consultation via Chiiwii app with coupon code \"NORDIC\"', 'www.facebook.com/chiiwiidoctor', '9e1f466126-1571693527_main.png', '1', 'Chiiwi', '1571693527');
INSERT INTO `support` VALUES ('bdba2a31ed', 'lifestyles', 'You may have used a guide, but it\'s nothing like travelling with TakeMeTour\'s Local Expert.', 'Get a special 15% OFF (code: TATNORDIC) + free insurance on any tour!', 'http://takeme.tours/tat-nordic', 'bdba2a31ed-1571693442_main.png', '1', 'Take me tour', '1571693442');
