-- phpMyAdmin SQL Dump
-- version 5.2.0
-- https://www.phpmyadmin.net/
--
-- Host: db
-- Generation Time: Mar 11, 2023 at 10:55 PM
-- Server version: 8.0.30
-- PHP Version: 8.0.26

SET SQL_MODE = "NO_AUTO_VALUE_ON_ZERO";
START TRANSACTION;
SET time_zone = "+00:00";


/*!40101 SET @OLD_CHARACTER_SET_CLIENT=@@CHARACTER_SET_CLIENT */;
/*!40101 SET @OLD_CHARACTER_SET_RESULTS=@@CHARACTER_SET_RESULTS */;
/*!40101 SET @OLD_COLLATION_CONNECTION=@@COLLATION_CONNECTION */;
/*!40101 SET NAMES utf8mb4 */;

--
-- Database: `kf_production`
--

-- --------------------------------------------------------

--
-- Table structure for table `spack_batch_numbers`
--

CREATE TABLE `spack_batch_numbers` (
  `id` int NOT NULL,
  `location` varchar(15) NOT NULL,
  `no_batch` varchar(30) NOT NULL,
  `product_id` int NOT NULL,
  `sub_department_id` int NOT NULL,
  `created_by` int NOT NULL,
  `updated_by` int NOT NULL,
  `created_at` datetime NOT NULL DEFAULT CURRENT_TIMESTAMP,
  `updated_at` datetime NOT NULL
) ENGINE=InnoDB DEFAULT CHARSET=utf8mb4 COLLATE=utf8mb4_0900_ai_ci;

--
-- Dumping data for table `spack_batch_numbers`
--

INSERT INTO `spack_batch_numbers` (`id`, `location`, `no_batch`, `product_id`, `sub_department_id`, `created_by`, `updated_by`, `created_at`, `updated_at`) VALUES
(7, 'KF-JKT', 'C20415J', 70, 4, 405, 405, '2022-04-06 07:02:22', '2022-04-06 07:02:22'),
(8, 'KF-JKT', 'C20556J', 60, 4, 405, 405, '2022-04-07 10:27:35', '2022-04-07 10:27:35'),
(9, 'KF-JKT', 'C20395J', 19, 4, 405, 405, '2022-04-07 10:43:05', '2022-04-07 10:43:05'),
(10, 'KF-JKT', 'C20422J', 70, 4, 405, 405, '2022-04-08 07:11:40', '2022-04-08 07:11:40'),
(11, 'KF-JKT', 'C20558J', 41, 4, 405, 405, '2022-04-08 07:16:20', '2022-04-08 07:16:20'),
(12, 'KF-JKT', 'C20394J', 19, 4, 405, 405, '2022-04-08 07:18:42', '2022-04-08 07:18:42'),
(14, 'KF-JKT', 'C20402J', 102, 3, 328, 328, '2022-04-11 08:20:27', '2022-04-11 08:20:27'),
(15, 'KF-JKT', 'B20293J', 10, 4, 405, 405, '2022-04-14 08:14:51', '2022-04-14 08:14:51'),
(16, 'KF-JKT', 'B20313J', 50, 4, 405, 405, '2022-04-14 08:26:01', '2022-04-14 08:26:01'),
(18, 'KF-JKT', 'A20108J', 34, 4, 405, 405, '2022-04-18 07:33:14', '2022-04-18 07:33:14'),
(19, 'KF-JKT', 'B10138JR', 107, 4, 405, 405, '2022-04-18 14:00:02', '2022-04-18 14:00:02'),
(20, 'KF-JKT', 'B10139JR', 107, 4, 405, 405, '2022-04-19 09:35:57', '2022-04-19 09:35:57'),
(21, 'KF-JKT', 'D20814J', 74, 4, 405, 405, '2022-04-20 06:58:22', '2022-04-20 06:58:22'),
(22, 'KF-JKT', 'A20109J', 34, 4, 405, 405, '2022-04-20 09:03:02', '2022-04-20 09:03:02'),
(24, 'KF-JKT', 'D20769J', 101, 3, 103, 103, '2022-04-20 09:41:06', '2022-04-20 09:41:06'),
(25, 'KF-JKT', 'B10142JR', 107, 4, 405, 405, '2022-04-20 10:11:05', '2022-04-20 10:11:05'),
(26, 'KF-JKT', 'C20527J', 79, 4, 405, 405, '2022-04-20 10:46:27', '2022-04-20 10:46:27'),
(27, 'KF-JKT', 'D20850J', 72, 4, 405, 405, '2022-04-21 07:09:40', '2022-04-21 07:09:40'),
(28, 'KF-JKT', 'C20454J', 6, 4, 405, 405, '2022-04-21 08:18:48', '2022-04-21 08:18:48'),
(29, 'KF-JKT', 'C20531J', 79, 4, 405, 405, '2022-04-21 09:34:14', '2022-04-21 09:34:14'),
(30, 'KF-JKT', 'D20770J', 101, 3, 328, 328, '2022-04-21 09:36:29', '2022-04-21 09:36:29'),
(31, 'KF-JKT', 'C20568J', 82, 4, 405, 405, '2022-04-21 09:45:32', '2022-04-21 09:45:32'),
(32, 'KF-JKT', 'D20850X', 8, 5, 1, 1, '2022-04-21 09:46:40', '2022-04-21 09:46:40'),
(33, 'KF-JKT', 'B10140JR', 107, 4, 405, 405, '2022-04-21 13:02:41', '2022-04-21 13:02:41'),
(34, 'KF-JKT', 'D20771J', 101, 3, 328, 328, '2022-04-21 14:18:14', '2022-04-21 14:18:14'),
(35, 'KF-JKT', 'D20772J', 101, 3, 328, 328, '2022-04-22 13:10:41', '2022-04-22 13:10:41'),
(36, 'KF-JKT', 'C20423J', 70, 4, 405, 405, '2022-04-25 07:40:43', '2022-04-25 07:40:43'),
(37, 'KF-JKT', 'B10145JR', 107, 4, 405, 405, '2022-04-25 07:51:25', '2022-04-25 07:51:25'),
(38, 'KF-JKT', 'B20315J', 61, 4, 405, 405, '2022-04-25 08:02:20', '2022-04-25 08:02:20'),
(39, 'KF-JKT', 'B20356J', 51, 4, 405, 405, '2022-04-25 08:32:59', '2022-04-25 08:32:59'),
(40, 'KF-JKT', 'D20773J', 101, 3, 328, 328, '2022-04-25 09:45:01', '2022-04-25 09:45:01'),
(41, 'KF-JKT', 'C20582J', 41, 4, 405, 405, '2022-04-25 09:56:45', '2022-04-25 09:56:45'),
(42, 'KF-JKT', 'C20528J', 79, 4, 405, 405, '2022-04-25 10:07:24', '2022-04-25 10:07:24'),
(43, 'KF-JKT', 'D203774', 101, 3, 328, 328, '2022-04-25 14:25:04', '2022-04-25 14:25:04'),
(44, 'KF-JKT', 'D20774J', 101, 3, 328, 328, '2022-04-25 14:30:01', '2022-04-26 08:09:49'),
(45, 'KF-JKT', 'D20775J', 101, 3, 328, 328, '2022-04-26 10:22:04', '2022-04-26 10:22:04'),
(46, 'KF-JKT', 'D20776J', 101, 3, 328, 328, '2022-04-26 14:04:46', '2022-04-26 14:04:46'),
(47, 'KF-JKT', 'D20777J', 101, 3, 328, 328, '2022-04-27 11:07:05', '2022-04-27 11:07:05'),
(48, 'KF-JKT', 'C20407', 102, 3, 328, 328, '2022-04-28 08:12:22', '2022-04-28 08:12:22'),
(49, 'KF-JKT', 'C20407J', 102, 3, 328, 328, '2022-04-28 08:20:45', '2022-04-28 08:20:45'),
(50, 'KF-JKT', 'C20408J', 102, 3, 328, 328, '2022-05-09 09:10:47', '2022-05-09 09:10:47'),
(51, 'KF-JKT', 'C20409J', 102, 3, 328, 328, '2022-05-09 14:35:46', '2022-05-09 14:35:46'),
(52, 'KF-JKT', 'D20778J', 101, 3, 328, 328, '2022-05-10 10:24:00', '2022-05-10 10:24:00'),
(53, 'KF-JKT', 'E20887J', 102, 3, 328, 328, '2022-05-12 11:50:50', '2022-05-12 11:50:50'),
(55, 'KF-JKT', 'D20779J', 101, 3, 328, 328, '2022-05-23 08:29:17', '2022-05-23 08:29:17'),
(57, 'KF-JKT', 'D20780J', 101, 3, 328, 328, '2022-05-23 10:20:35', '2022-05-23 10:20:35'),
(58, 'KF-JKT', 'D20781J', 101, 3, 328, 328, '2022-05-23 14:07:36', '2022-05-23 14:07:36'),
(59, 'KF-JKT', 'D22781J', 101, 3, 328, 328, '2022-05-24 07:33:41', '2022-05-24 07:33:41'),
(60, 'KF-JKT', 'E20888J', 102, 3, 328, 328, '2022-06-22 07:44:42', '2022-06-22 07:44:42'),
(61, 'KF-JKT', 'E20889J', 102, 3, 328, 328, '2022-06-22 14:10:11', '2022-06-22 14:10:11'),
(62, 'KF-JKT', 'E20890J', 102, 3, 328, 328, '2022-06-23 11:05:10', '2022-06-23 11:05:10'),
(63, 'KF-JKT', 'E20891J', 102, 3, 328, 328, '2022-06-24 08:53:58', '2022-06-24 08:54:15'),
(64, 'KF-JKT', 'F21112J', 102, 3, 328, 328, '2022-06-27 09:34:47', '2022-06-27 09:34:47'),
(65, 'KF-JKT', 'F21113J', 102, 3, 328, 328, '2022-06-28 07:14:13', '2022-06-28 07:14:13'),
(66, 'KF-JKT', 'G21347J', 94, 3, 328, 328, '2022-07-25 11:04:52', '2022-07-25 11:04:52'),
(67, 'KF-JKT', 'G21348J', 94, 3, 328, 328, '2022-07-26 08:42:03', '2022-07-26 08:42:03'),
(68, 'KF-JKT', 'G21349J', 94, 3, 328, 328, '2022-07-26 10:38:11', '2022-07-26 10:38:11'),
(69, 'KF-JKT', 'G21353J', 89, 3, 328, 328, '2022-07-27 14:19:36', '2022-07-27 14:19:36'),
(70, 'KF-JKT', 'G21354J', 89, 3, 328, 328, '2022-07-28 07:50:31', '2022-07-28 07:50:31'),
(71, 'KF-JKT', 'G21355J', 89, 3, 328, 328, '2022-07-28 09:19:56', '2022-07-28 09:19:56'),
(72, 'KF-JKT', 'G21356J', 89, 3, 328, 328, '2022-07-28 10:50:03', '2022-07-28 10:50:03'),
(73, 'KF-JKT', 'G21357J', 89, 3, 328, 328, '2022-07-28 12:19:17', '2022-07-28 12:19:17'),
(74, 'KF-JKT', 'G21358J', 89, 3, 328, 328, '2022-07-28 14:37:27', '2022-07-28 14:37:27'),
(75, 'KF-JKT', 'G21359J', 89, 3, 328, 328, '2022-07-29 08:31:09', '2022-07-29 08:31:09'),
(76, 'KF-JKT', 'G21360J', 89, 3, 328, 328, '2022-07-29 09:29:18', '2022-07-29 09:29:18'),
(77, 'KF-JKT', 'G21361J', 89, 3, 328, 328, '2022-07-29 13:18:37', '2022-07-29 13:18:37'),
(78, 'KF-JKT', 'G21362J', 89, 3, 328, 328, '2022-07-29 14:02:11', '2022-07-29 14:02:11'),
(79, 'KF-JKT', 'G21363J', 89, 3, 328, 328, '2022-08-01 08:16:48', '2022-08-01 08:16:48'),
(80, 'KF-JKT', 'G21364J', 89, 3, 328, 328, '2022-08-01 10:02:12', '2022-08-01 10:02:12'),
(81, 'KF-JKT', 'G21365J', 89, 3, 328, 328, '2022-08-01 13:10:13', '2022-08-01 13:10:13'),
(82, 'KF-JKT', 'G21366J', 89, 3, 328, 328, '2022-08-02 07:34:24', '2022-08-02 07:34:24'),
(83, 'KF-JKT', 'G21368J1', 89, 3, 328, 328, '2022-08-02 10:16:27', '2022-08-02 10:30:19'),
(84, 'KF-JKT', 'G21367J', 89, 3, 328, 328, '2022-08-02 10:31:10', '2022-08-02 10:31:10'),
(85, 'KF-JKT', 'G21433J', 91, 3, 328, 328, '2022-08-02 14:01:00', '2022-08-02 14:01:00'),
(86, 'KF-JKT', 'G21434J', 91, 3, 328, 328, '2022-08-03 10:08:44', '2022-08-03 10:08:44'),
(87, 'KF-JKT', 'G21432J1', 91, 3, 328, 328, '2022-08-03 14:12:51', '2022-08-04 08:17:57'),
(88, 'KF-JKT', 'G21432J', 91, 3, 328, 328, '2022-08-04 08:18:29', '2022-08-04 08:18:29'),
(89, 'KF-JKT', 'H21435J', 91, 3, 328, 328, '2022-08-04 09:47:50', '2022-08-04 09:47:50'),
(90, 'KF-JKT', 'H21436J1', 91, 3, 328, 328, '2022-08-04 13:08:03', '2022-08-05 07:52:44'),
(91, 'KF-JKT', 'H21436J', 91, 3, 328, 328, '2022-08-05 07:53:05', '2022-08-05 07:53:05'),
(92, 'KF-JKT', 'H21437J', 91, 3, 328, 328, '2022-08-05 10:52:02', '2022-08-05 10:52:02'),
(93, 'KF-JKT', 'H21438J', 91, 3, 328, 328, '2022-08-08 08:49:05', '2022-08-08 08:49:05'),
(94, 'KF-JKT', 'H21439J', 91, 3, 328, 328, '2022-08-08 09:48:55', '2022-08-08 09:48:55'),
(95, 'KF-JKT', 'H21440J1', 91, 3, 328, 328, '2022-08-08 15:10:53', '2022-08-09 08:12:30'),
(96, 'KF-JKT', 'H21440J', 91, 3, 328, 328, '2022-08-09 08:12:44', '2022-08-09 08:12:44'),
(97, 'KF-JKT', 'H21441J', 91, 3, 328, 328, '2022-08-09 09:30:06', '2022-08-09 09:30:06'),
(98, 'KF-JKT', '1234', 91, 3, 103, 103, '2022-08-09 13:20:53', '2022-08-09 13:20:53'),
(99, 'KF-JKT', 'H21442J1', 91, 3, 103, 328, '2022-08-09 14:11:07', '2022-08-10 08:04:50'),
(100, 'KF-JKT', 'H21442J', 91, 3, 328, 328, '2022-08-10 08:05:10', '2022-08-10 08:05:10'),
(101, 'KF-JKT', 'H21443J', 91, 3, 328, 328, '2022-08-10 09:43:44', '2022-08-10 09:43:44'),
(102, 'KF-JKT', 'H21444J', 91, 3, 328, 328, '2022-08-10 12:39:53', '2022-08-10 12:39:53'),
(103, 'KF-JKT', 'H21446J', 91, 3, 328, 328, '2022-08-11 08:47:52', '2022-08-11 08:47:52'),
(104, 'KF-JKT', 'H21447J', 91, 3, 328, 328, '2022-08-11 11:37:27', '2022-08-11 11:37:27'),
(105, 'KF-JKT', 'H21448J', 91, 3, 328, 328, '2022-08-11 13:37:42', '2022-08-11 13:37:42'),
(106, 'KF-JKT', 'H21449J', 91, 3, 328, 328, '2022-08-12 08:07:00', '2022-08-12 08:07:00'),
(107, 'KF-JKT', 'H21450J', 91, 3, 328, 328, '2022-08-12 09:46:55', '2022-08-12 09:46:55'),
(108, 'KF-JKT', 'H21451J', 91, 3, 328, 328, '2022-08-12 12:45:39', '2022-08-12 12:45:39'),
(109, 'KF-JKT', 'H21452J', 91, 3, 328, 328, '2022-08-12 15:39:52', '2022-08-12 15:39:52'),
(110, 'KF-JKT', 'H21453J1', 91, 3, 328, 328, '2022-08-12 18:29:20', '2022-08-15 06:57:24'),
(111, 'KF-JKT', 'H21453J', 91, 3, 328, 328, '2022-08-15 06:57:45', '2022-08-15 06:57:45'),
(112, 'KF-JKT', 'H21454J', 91, 3, 328, 328, '2022-08-15 07:02:36', '2022-08-15 07:02:36'),
(113, 'KF-JKT', 'H21456J', 91, 3, 328, 328, '2022-08-15 09:29:17', '2022-08-15 09:29:17'),
(114, 'KF-JKT', 'H21457J', 91, 3, 328, 328, '2022-08-15 11:29:49', '2022-08-15 11:29:49'),
(115, 'KF-JKT', 'H21458J', 91, 3, 328, 328, '2022-08-15 15:00:37', '2022-08-15 15:00:37'),
(116, 'KF-JKT', 'H21459J', 91, 3, 328, 328, '2022-08-15 17:08:21', '2022-08-15 17:08:21'),
(117, 'KF-JKT', 'H21460J', 91, 3, 328, 328, '2022-08-15 21:04:33', '2022-08-15 21:04:33'),
(118, 'KF-JKT', 'H21461J', 91, 3, 328, 328, '2022-08-16 07:07:36', '2022-08-16 07:07:36'),
(119, 'KF-JKT', 'H21508J', 91, 3, 328, 328, '2022-08-16 08:45:19', '2022-08-16 08:45:19'),
(120, 'KF-JKT', 'H21509J', 91, 3, 328, 328, '2022-08-16 10:57:21', '2022-08-16 10:57:21'),
(121, 'KF-JKT', 'H21510J', 91, 3, 328, 328, '2022-08-16 12:46:14', '2022-08-16 12:46:14'),
(122, 'KF-JKT', 'H21511J', 91, 3, 328, 328, '2022-08-16 13:51:06', '2022-08-16 13:51:06'),
(123, 'KF-JKT', 'H21512J', 91, 3, 328, 328, '2022-08-16 17:25:52', '2022-08-16 17:25:52'),
(124, 'KF-JKT', 'H21513J', 91, 3, 328, 328, '2022-08-16 21:33:35', '2022-08-16 21:33:35'),
(125, 'KF-JKT', 'G21346J', 95, 3, 328, 328, '2022-08-18 08:29:19', '2022-08-18 08:29:19'),
(126, 'KF-JKT', 'H21514J', 91, 3, 328, 328, '2022-08-18 13:56:27', '2022-08-18 13:56:27'),
(127, 'KF-JKT', 'H21515J', 91, 3, 328, 328, '2022-08-18 15:23:57', '2022-08-18 15:23:57'),
(128, 'KF-JKT', 'H21516J', 91, 3, 328, 328, '2022-08-18 19:27:59', '2022-08-18 19:27:59'),
(129, 'KF-JKT', 'H21518J', 91, 3, 328, 328, '2022-08-19 07:04:42', '2022-08-19 07:04:42'),
(130, 'KF-JKT', 'H21522J', 91, 3, 328, 328, '2022-08-19 08:16:16', '2022-08-19 08:16:16'),
(131, 'KF-JKT', 'H21523J', 91, 3, 328, 328, '2022-08-19 10:22:50', '2022-08-19 10:22:50'),
(132, 'KF-JKT', 'H21525J1', 91, 3, 328, 328, '2022-08-19 13:12:18', '2022-08-19 14:06:25'),
(133, 'KF-JKT', 'H21525J', 91, 3, 328, 328, '2022-08-19 14:06:46', '2022-08-19 14:06:46'),
(134, 'KF-JKT', 'H21526J', 91, 3, 328, 328, '2022-08-19 14:58:49', '2022-08-19 14:58:49'),
(135, 'KF-JKT', 'G21350J', 94, 3, 328, 328, '2022-08-19 18:08:06', '2022-08-19 18:08:06'),
(138, 'KF-JKT', 'G21351J', 94, 3, 328, 328, '2022-08-22 07:45:57', '2022-08-22 07:45:57'),
(139, 'KF-JKT', 'G21352J', 94, 3, 328, 328, '2022-08-22 09:09:11', '2022-08-22 09:11:17'),
(140, 'KF-JKT', 'H21403J', 94, 3, 328, 328, '2022-08-22 11:46:13', '2022-08-22 11:46:13'),
(141, 'KF-JKT', 'H21404J', 94, 3, 328, 328, '2022-08-22 18:26:24', '2022-08-22 18:26:24'),
(142, 'KF-JKT', 'H21405J', 94, 3, 328, 328, '2022-08-23 06:26:58', '2022-08-23 06:26:58'),
(143, 'KF-JKT', 'H21406J', 94, 3, 328, 328, '2022-08-23 10:39:17', '2022-08-23 10:39:17'),
(144, 'KF-JKT', 'H21407J', 94, 3, 328, 328, '2022-08-23 13:47:00', '2022-08-23 13:47:00'),
(146, 'KF-JKT', 'H21408J', 94, 3, 328, 328, '2022-08-24 07:36:13', '2022-08-24 07:36:13'),
(147, 'KF-JKT', 'H21409J', 94, 3, 328, 328, '2022-08-24 08:48:23', '2022-08-24 08:48:23'),
(148, 'KF-JKT', 'H21410J', 94, 3, 328, 328, '2022-08-24 11:54:20', '2022-08-24 11:54:20'),
(149, 'KF-JKT', 'H21411J', 94, 3, 328, 328, '2022-08-24 14:33:27', '2022-08-24 14:33:27'),
(150, 'KF-JKT', 'H21412J', 94, 3, 328, 328, '2022-08-24 19:31:29', '2022-08-24 19:31:29'),
(151, 'KF-JKT', 'H21413J', 94, 3, 328, 328, '2022-08-25 10:07:30', '2022-08-25 10:07:30'),
(152, 'KF-JKT', 'H21414J', 94, 3, 328, 328, '2022-08-25 13:33:44', '2022-08-25 13:33:44'),
(154, 'KF-JKT', 'H21415J', 94, 3, 328, 328, '2022-08-26 06:40:38', '2022-08-26 06:40:38'),
(155, 'KF-JKT', 'H21416J', 94, 3, 328, 328, '2022-08-26 07:41:17', '2022-08-26 07:41:17'),
(157, 'KF-JKT', 'H21417J', 94, 3, 328, 328, '2022-08-26 10:08:06', '2022-08-26 10:08:06'),
(158, 'KF-JKT', 'H21418J', 94, 3, 328, 328, '2022-08-26 14:16:04', '2022-08-26 14:16:04'),
(159, 'KF-JKT', 'H21419J', 94, 3, 328, 328, '2022-08-26 18:59:42', '2022-08-26 18:59:42'),
(160, 'KF-JKT', 'H21420J', 94, 3, 328, 328, '2022-08-27 07:21:32', '2022-08-27 07:21:32'),
(161, 'KF-JKT', 'H21421J', 94, 3, 328, 328, '2022-08-27 09:42:07', '2022-08-27 09:42:07'),
(162, 'KF-JKT', 'H21422J', 94, 3, 328, 328, '2022-08-27 12:31:01', '2022-08-27 12:31:01'),
(163, 'KF-JKT', 'H21604J', 94, 3, 328, 328, '2022-08-27 14:50:18', '2022-08-27 14:50:18'),
(164, 'KF-JKT', 'H21605J', 94, 3, 328, 328, '2022-08-27 19:37:59', '2022-08-27 19:37:59'),
(165, 'KF-JKT', 'H21606J', 94, 3, 328, 328, '2022-08-27 22:13:37', '2022-08-27 22:13:37'),
(166, 'KF-JKT', 'H21607J', 94, 3, 328, 328, '2022-08-28 06:18:30', '2022-08-28 06:18:30'),
(167, 'KF-JKT', 'H21608J', 94, 3, 328, 328, '2022-08-28 09:33:28', '2022-08-28 09:33:28'),
(168, 'KF-JKT', 'H21609J', 94, 3, 328, 328, '2022-08-28 11:12:39', '2022-08-28 11:12:39'),
(169, 'KF-JKT', 'H21610J', 94, 3, 328, 328, '2022-08-28 14:50:50', '2022-08-28 14:50:50'),
(170, 'KF-JKT', 'H21611J', 94, 3, 328, 328, '2022-08-28 17:20:31', '2022-08-28 17:20:31'),
(171, 'KF-JKT', 'H21612J', 94, 3, 328, 328, '2022-08-28 21:50:13', '2022-08-28 21:50:13'),
(173, 'KF-JKT', 'H21613J', 94, 3, 328, 328, '2022-08-29 03:13:28', '2022-08-29 03:13:28'),
(174, 'KF-JKT', 'H21614J', 94, 3, 328, 328, '2022-08-29 08:31:15', '2022-08-29 08:31:15'),
(175, 'KF-JKT', 'H21615J', 94, 3, 328, 328, '2022-08-29 10:58:51', '2022-08-29 10:58:51'),
(176, 'KF-JKT', 'H21616J', 94, 3, 328, 328, '2022-08-29 14:22:20', '2022-08-29 14:22:20'),
(179, 'KF-JKT', 'H21617J', 94, 3, 328, 328, '2022-09-03 07:50:58', '2022-09-03 07:50:58'),
(180, 'KF-JKT', 'H21618J', 94, 3, 328, 328, '2022-09-03 10:02:42', '2022-09-03 10:02:42'),
(181, 'KF-JKT', 'H21619J', 94, 3, 328, 328, '2022-09-03 13:25:24', '2022-09-03 13:25:24'),
(182, 'KF-JKT', 'H21620J', 94, 3, 328, 328, '2022-09-03 15:24:40', '2022-09-03 15:24:40'),
(183, 'KF-JKT', 'H21621J', 94, 3, 328, 328, '2022-09-03 19:41:10', '2022-09-03 19:41:10'),
(184, 'KF-JKT', 'H21622J', 94, 3, 328, 328, '2022-09-04 00:08:39', '2022-09-04 00:08:39'),
(185, 'KF-JKT', 'H21623J', 94, 3, 328, 328, '2022-09-04 04:56:17', '2022-09-04 04:56:17'),
(186, 'KF-JKT', 'H21624J', 94, 3, 328, 328, '2022-09-05 10:13:23', '2022-09-05 10:13:23'),
(187, 'KF-JKT', 'H21625J', 94, 3, 328, 328, '2022-09-06 06:41:53', '2022-09-06 06:41:53'),
(188, 'KF-JKT', 'H21626J', 94, 3, 328, 328, '2022-09-06 10:00:49', '2022-09-06 10:00:49'),
(189, 'KF-JKT', 'H21627J', 94, 3, 328, 328, '2022-09-06 13:50:37', '2022-09-06 13:50:37'),
(190, 'KF-JKT', 'H21628J', 94, 3, 328, 328, '2022-09-06 17:11:01', '2022-09-06 17:11:01'),
(191, 'KF-JKT', 'H21629J', 94, 3, 328, 328, '2022-09-06 21:27:21', '2022-09-06 21:27:21'),
(192, 'KF-JKT', 'H21630J', 94, 3, 328, 328, '2022-09-06 22:09:04', '2022-09-06 22:09:04'),
(193, 'KF-JKT', 'H21631J', 94, 3, 328, 328, '2022-09-07 04:59:31', '2022-09-07 04:59:31'),
(194, 'KF-JKT', 'H21632', 94, 3, 328, 328, '2022-09-07 09:23:18', '2022-09-07 09:23:18'),
(195, 'KF-JKT', 'H21633', 94, 3, 328, 328, '2022-09-07 11:29:54', '2022-09-07 11:29:54'),
(196, 'KF-JKT', 'H21633J', 94, 3, 328, 328, '2022-09-07 11:32:23', '2022-09-07 11:32:23'),
(197, 'KF-JKT', 'H212632J', 94, 3, 328, 328, '2022-09-07 13:12:36', '2022-09-07 13:12:36'),
(198, 'KF-JKT', 'H21634J', 94, 3, 328, 328, '2022-09-07 14:52:02', '2022-09-07 14:52:02'),
(199, 'KF-JKT', 'H21635J', 94, 3, 328, 328, '2022-09-07 19:54:52', '2022-09-07 19:54:52'),
(200, 'KF-JKT', 'H21636J', 94, 3, 328, 328, '2022-09-07 22:22:18', '2022-09-07 22:22:18'),
(201, 'KF-JKT', 'H21637J', 94, 3, 328, 328, '2022-09-08 00:40:24', '2022-09-08 00:40:24'),
(202, 'KF-JKT', 'H21632J', 94, 3, 328, 328, '2022-09-08 05:52:01', '2022-09-08 05:52:01'),
(203, 'KF-JKT', 'H21788J', 94, 3, 328, 328, '2022-09-08 08:14:58', '2022-09-08 08:14:58'),
(204, 'KF-JKT', 'H21789J', 94, 3, 328, 328, '2022-09-08 11:21:11', '2022-09-08 11:21:11'),
(205, 'KF-JKT', 'H21790J', 94, 3, 328, 328, '2022-09-08 15:24:14', '2022-09-08 15:24:14'),
(206, 'KF-JKT', 'H21791J', 94, 3, 328, 328, '2022-09-08 20:13:46', '2022-09-08 20:13:46'),
(207, 'KF-JKT', 'H21792J', 94, 3, 328, 328, '2022-09-09 00:29:48', '2022-09-09 00:29:48'),
(208, 'KF-JKT', 'H21793J', 94, 3, 328, 328, '2022-09-09 04:38:16', '2022-09-09 04:38:16'),
(209, 'KF-JKT', 'H21794J', 94, 3, 328, 328, '2022-09-09 09:17:31', '2022-09-09 09:17:31'),
(210, 'KF-JKT', 'I21795J', 94, 3, 328, 328, '2022-09-09 14:34:57', '2022-09-09 14:34:57'),
(211, 'KF-JKT', 'I21796J', 94, 3, 328, 328, '2022-09-09 18:15:24', '2022-09-09 18:15:24'),
(212, 'KF-JKT', 'I21797J', 94, 3, 328, 328, '2022-09-09 23:11:12', '2022-09-09 23:11:12'),
(213, 'KF-JKT', 'I21798J', 94, 3, 328, 328, '2022-09-10 03:11:39', '2022-09-10 03:11:39'),
(214, 'KF-JKT', 'H21378J', 89, 3, 328, 328, '2022-09-12 09:04:09', '2022-09-12 09:04:09'),
(215, 'KF-JKT', 'H21379J', 89, 3, 328, 328, '2022-09-12 10:17:50', '2022-09-12 10:17:50'),
(216, 'KF-JKT', 'H21380J', 89, 3, 328, 328, '2022-09-12 11:30:50', '2022-09-12 11:30:50'),
(217, 'KF-JKT', 'H21381J', 89, 3, 328, 328, '2022-09-12 13:48:56', '2022-09-12 13:48:56'),
(218, 'KF-JKT', 'H21382J', 89, 3, 328, 328, '2022-09-12 15:08:25', '2022-09-12 15:08:25'),
(219, 'KF-JKT', 'H21383J', 89, 3, 328, 328, '2022-09-13 08:55:07', '2022-09-13 08:55:07'),
(220, 'KF-JKT', 'H21384J', 89, 3, 328, 328, '2022-09-13 10:13:43', '2022-09-13 10:13:43'),
(221, 'KF-JKT', 'H21385J', 89, 3, 328, 328, '2022-09-13 11:57:39', '2022-09-13 11:57:39'),
(222, 'KF-JKT', 'H21386J', 89, 3, 328, 328, '2022-09-13 14:25:22', '2022-09-13 14:25:22'),
(223, 'KF-JKT', 'H21387J', 89, 3, 328, 328, '2022-09-14 07:43:41', '2022-09-14 07:43:41'),
(224, 'KF-JKT', 'H21521J', 91, 3, 328, 328, '2022-09-14 09:36:56', '2022-09-14 09:36:56'),
(225, 'KF-JKT', 'H21529J', 91, 3, 328, 328, '2022-09-14 13:20:54', '2022-09-14 13:20:54'),
(226, 'KF-JKT', 'H21524J', 91, 3, 328, 328, '2022-09-15 09:32:44', '2022-09-15 09:32:44'),
(227, 'KF-JKT', 'F21114J', 102, 3, 328, 328, '2022-09-16 10:15:50', '2022-09-16 10:15:50'),
(228, 'KF-JKT', 'I21932J', 102, 3, 328, 328, '2022-09-19 07:31:19', '2022-09-19 07:31:19'),
(229, 'KF-JKT', 'I21933J', 102, 3, 328, 328, '2022-09-19 11:32:51', '2022-09-19 11:32:51'),
(230, 'KF-JKT', 'I21934J', 102, 3, 328, 328, '2022-09-19 14:19:51', '2022-09-19 14:19:51'),
(232, 'KF-JKT', 'I21920J', 90, 3, 328, 328, '2022-09-20 07:45:33', '2022-09-20 07:45:33'),
(233, 'KF-JKT', 'I21533J', 91, 3, 328, 328, '2022-09-20 15:19:37', '2022-09-20 15:19:37'),
(234, 'KF-JKT', 'I21532J', 91, 3, 328, 328, '2022-09-20 17:39:40', '2022-09-20 17:39:40'),
(235, 'KF-JKT', 'H21588J', 19, 3, 328, 328, '2022-09-20 21:38:14', '2022-09-20 21:38:14'),
(236, 'KF-JKT', 'I21535J', 91, 3, 328, 328, '2022-09-21 06:51:36', '2022-09-21 06:51:36'),
(237, 'KF-JKT', 'I22005J', 89, 3, 328, 328, '2022-09-28 15:08:20', '2022-09-28 15:08:20'),
(238, 'KF-JKT', 'I21540J', 91, 3, 328, 328, '2022-10-07 15:18:27', '2022-10-07 15:18:27'),
(239, 'KF-JKT', 'J21541J', 91, 3, 328, 328, '2022-10-08 11:16:55', '2022-10-08 11:16:55'),
(240, 'KF-JKT', 'J21543J', 91, 3, 328, 328, '2022-10-09 07:20:07', '2022-10-09 07:20:07'),
(241, 'KF-JKT', 'J21542J', 91, 3, 328, 328, '2022-10-10 08:07:41', '2022-10-10 08:07:41'),
(242, 'KF-JKT', 'J21544J', 91, 3, 328, 328, '2022-10-11 09:03:44', '2022-10-11 09:03:44'),
(243, 'KF-JKT', 'J21545J', 91, 3, 328, 328, '2022-10-11 12:26:03', '2022-10-11 12:26:03'),
(244, 'KF-JKT', 'J21973J', 91, 3, 328, 328, '2022-10-11 16:05:42', '2022-10-11 16:05:42'),
(245, 'KF-JKT', 'J21974J', 91, 3, 328, 328, '2022-10-11 19:05:25', '2022-10-11 19:05:25'),
(246, 'KF-JKT', 'J21975J', 91, 3, 328, 328, '2022-10-11 20:04:51', '2022-10-11 20:04:51'),
(247, 'KF-JKT', 'J21976J', 91, 3, 328, 328, '2022-10-12 00:35:09', '2022-10-12 00:35:09'),
(248, 'KF-JKT', 'J21977J', 91, 3, 328, 328, '2022-10-12 02:32:44', '2022-10-12 02:32:44'),
(249, 'KF-JKT', 'J21978J', 91, 3, 328, 328, '2022-10-12 03:58:36', '2022-10-12 03:58:36'),
(250, 'KF-JKT', 'J21979J', 91, 3, 328, 328, '2022-10-12 06:32:09', '2022-10-12 06:32:09'),
(251, 'KF-JKT', 'J21980J', 91, 3, 328, 328, '2022-10-12 12:20:37', '2022-10-12 12:20:37'),
(252, 'KF-JKT', 'J21981J', 91, 3, 328, 328, '2022-10-12 16:17:38', '2022-10-12 16:17:38'),
(253, 'KF-JKT', 'J21982J', 91, 3, 328, 328, '2022-10-12 19:48:44', '2022-10-12 19:48:44'),
(254, 'KF-JKT', 'J21983J', 91, 3, 328, 328, '2022-10-12 23:15:27', '2022-10-12 23:15:27'),
(255, 'KF-JKT', 'J21984J', 91, 3, 328, 328, '2022-10-13 02:43:48', '2022-10-13 02:43:48'),
(256, 'KF-JKT', 'J21989J', 91, 3, 328, 328, '2022-10-13 05:04:56', '2022-10-13 05:04:56'),
(257, 'KF-JKT', 'J21990J', 91, 3, 328, 328, '2022-10-13 11:00:53', '2022-10-13 11:00:53'),
(258, 'KF-JKT', 'J21985J', 91, 3, 328, 328, '2022-10-13 13:57:17', '2022-10-13 13:57:17'),
(259, 'KF-JKT', 'J21991J', 91, 3, 328, 328, '2022-10-13 17:37:49', '2022-10-13 17:37:49'),
(260, 'KF-JKT', 'J21992J', 91, 3, 328, 328, '2022-10-14 01:58:26', '2022-10-14 01:58:26'),
(261, 'KF-JKT', 'J21986J', 91, 3, 328, 328, '2022-10-14 09:09:15', '2022-10-14 09:12:49'),
(262, 'KF-JKT', 'J22089J', 91, 3, 328, 328, '2022-10-14 15:17:11', '2022-10-14 15:17:11'),
(263, 'KF-JKT', 'J22090J', 91, 3, 328, 328, '2022-10-14 19:39:52', '2022-10-14 19:39:52'),
(264, 'KF-JKT', 'J21987J', 91, 3, 328, 328, '2022-10-15 02:32:21', '2022-10-15 02:32:21'),
(265, 'KF-JKT', 'J22091J', 91, 3, 328, 328, '2022-10-15 04:12:38', '2022-10-15 04:12:38'),
(266, 'KF-JKT', 'J21988J', 91, 3, 328, 328, '2022-10-15 11:04:43', '2022-10-15 11:04:43'),
(267, 'KF-JKT', 'J22092J', 91, 3, 328, 328, '2022-10-15 13:55:23', '2022-10-15 13:55:23'),
(268, 'KF-JKT', 'J22093J', 91, 3, 328, 328, '2022-10-15 16:55:27', '2022-10-15 16:55:27'),
(269, 'KF-JKT', 'J22094J', 91, 3, 328, 328, '2022-10-15 21:18:49', '2022-10-15 21:18:49'),
(270, 'KF-JKT', 'J22095J', 91, 3, 328, 328, '2022-10-16 02:36:44', '2022-10-16 02:36:44'),
(271, 'KF-JKT', 'J22096J', 91, 3, 328, 328, '2022-10-16 03:27:22', '2022-10-16 03:27:22'),
(272, 'KF-JKT', 'J22097J', 91, 3, 328, 328, '2022-10-16 08:01:17', '2022-10-16 08:01:17'),
(273, 'KF-JKT', 'J22099J', 91, 3, 328, 328, '2022-10-16 09:48:22', '2022-10-16 09:48:22'),
(274, 'KF-JKT', 'J22098J', 91, 3, 328, 328, '2022-10-16 13:10:21', '2022-10-16 13:10:21'),
(275, 'KF-JKT', 'J22102J', 91, 3, 328, 328, '2022-10-16 16:33:16', '2022-10-16 16:33:16'),
(276, 'KF-JKT', 'J22100J', 91, 3, 328, 328, '2022-10-16 21:04:00', '2022-10-16 21:04:00'),
(277, 'KF-JKT', 'J22103J', 91, 3, 328, 328, '2022-10-17 02:45:56', '2022-10-17 02:45:56'),
(278, 'KF-JKT', 'J22104J', 91, 3, 328, 328, '2022-10-17 05:15:04', '2022-10-17 05:15:04'),
(279, 'KF-JKT', 'J22101J', 91, 3, 328, 328, '2022-10-17 08:38:47', '2022-10-17 08:38:47'),
(280, 'KF-JKT', 'J22120J', 91, 3, 328, 328, '2022-10-17 11:49:49', '2022-10-17 11:49:49'),
(281, 'KF-JKT', 'J22105J', 91, 3, 328, 328, '2022-10-17 15:36:15', '2022-10-17 15:36:15'),
(282, 'KF-JKT', 'J22121J', 91, 3, 328, 328, '2022-10-17 19:47:39', '2022-10-17 19:47:39'),
(284, 'KF-JKT', 'J22118J', 91, 3, 328, 328, '2022-10-18 01:47:34', '2022-10-18 01:47:34'),
(285, 'KF-JKT', 'J22122J', 91, 3, 328, 328, '2022-10-18 03:03:08', '2022-10-18 03:03:08'),
(286, 'KF-JKT', 'J22126J', 91, 3, 328, 328, '2022-10-18 06:51:46', '2022-10-18 06:51:46'),
(287, 'KF-JKT', 'J22127J', 91, 3, 328, 328, '2022-10-18 10:18:34', '2022-10-18 10:18:34'),
(288, 'KF-JKT', 'J21426J', 95, 3, 328, 328, '2022-10-18 13:21:48', '2022-10-18 13:21:48'),
(289, 'KF-JKT', 'J22119J', 91, 3, 328, 328, '2022-10-19 01:33:54', '2022-10-19 01:33:54'),
(290, 'KF-JKT', 'J22123J', 91, 3, 328, 328, '2022-10-19 04:51:44', '2022-10-19 04:51:44'),
(291, 'KF-JKT', 'J22129J', 91, 3, 328, 328, '2022-10-19 08:39:58', '2022-10-19 08:40:52'),
(292, 'KF-JKT', 'J22124J', 91, 3, 328, 328, '2022-10-19 10:47:57', '2022-10-19 10:47:57'),
(293, 'KF-JKT', 'J22130J', 91, 3, 328, 328, '2022-10-19 15:04:55', '2022-10-19 15:04:55'),
(294, 'KF-JKT', 'J22131J', 91, 3, 328, 328, '2022-10-19 18:24:48', '2022-10-19 18:24:48'),
(296, 'KF-JKT', 'J22132J', 91, 3, 328, 328, '2022-10-19 22:58:02', '2022-10-19 22:58:02'),
(297, 'KF-JKT', 'J22125J', 91, 3, 328, 328, '2022-10-19 23:00:02', '2022-10-19 23:00:02'),
(298, 'KF-JKT', 'J22128J', 91, 3, 328, 328, '2022-10-20 03:54:54', '2022-10-20 03:54:54'),
(299, 'KF-JKT', 'J22135J', 91, 3, 328, 328, '2022-10-20 06:45:18', '2022-10-20 06:45:18'),
(300, 'KF-JKT', 'J22136J', 91, 3, 328, 328, '2022-10-20 09:27:27', '2022-10-20 09:27:27'),
(301, 'KF-JKT', 'J21427J', 95, 3, 328, 328, '2022-10-20 11:09:13', '2022-10-20 11:09:13'),
(302, 'KF-JKT', 'J22133J', 91, 3, 328, 328, '2022-10-20 20:29:12', '2022-10-20 20:29:12'),
(303, 'KF-JKT', 'J22134J', 91, 3, 328, 328, '2022-10-20 23:47:27', '2022-10-20 23:47:27'),
(304, 'KF-JKT', 'J22137J', 91, 3, 328, 328, '2022-10-21 03:35:06', '2022-10-21 03:35:06'),
(305, 'KF-JKT', 'J22138J', 91, 3, 328, 328, '2022-10-21 05:08:54', '2022-10-21 05:08:54'),
(306, 'KF-JKT', 'J22141J', 91, 3, 328, 328, '2022-10-21 08:27:23', '2022-10-21 08:27:23'),
(307, 'KF-JKT', 'J22142J', 91, 3, 328, 328, '2022-10-21 11:08:53', '2022-10-21 11:08:53'),
(308, 'KF-JKT', 'J22143J', 91, 3, 328, 328, '2022-10-21 14:32:56', '2022-10-21 14:32:56'),
(309, 'KF-JKT', 'I21935J', 102, 3, 328, 328, '2022-10-21 17:31:47', '2022-10-21 17:31:47'),
(310, 'KF-JKT', 'I21936J', 102, 3, 328, 328, '2022-10-21 21:12:11', '2022-10-21 21:12:11'),
(311, 'KF-JKT', 'J22139J', 91, 3, 328, 328, '2022-10-22 02:56:38', '2022-10-22 02:56:38'),
(312, 'KF-JKT', 'J22144J', 91, 3, 328, 328, '2022-10-22 04:34:46', '2022-10-22 04:34:46'),
(313, 'KF-JKT', 'J22145J', 91, 3, 328, 328, '2022-10-22 08:50:42', '2022-10-22 08:50:42'),
(314, 'KF-JKT', 'J22146J', 91, 3, 328, 328, '2022-10-22 10:50:59', '2022-10-22 10:50:59'),
(315, 'KF-JKT', 'J22140J', 91, 3, 328, 328, '2022-10-22 14:35:55', '2022-10-22 14:35:55'),
(316, 'KF-JKT', 'J22149J', 91, 3, 328, 328, '2022-10-22 15:41:09', '2022-10-22 15:41:09'),
(317, 'KF-JKT', 'J22150J', 91, 3, 328, 328, '2022-10-22 19:39:15', '2022-10-22 19:39:15'),
(318, 'KF-JKT', 'J22147J', 91, 3, 328, 328, '2022-10-22 23:51:45', '2022-10-22 23:51:45'),
(319, 'KF-JKT', 'J22151J', 91, 3, 328, 328, '2022-10-23 03:13:45', '2022-10-23 03:13:45'),
(320, 'KF-JKT', 'J22152J', 91, 3, 328, 328, '2022-10-23 04:51:59', '2022-10-23 04:51:59'),
(321, 'KF-JKT', 'J22148J', 91, 3, 328, 328, '2022-10-23 09:39:45', '2022-10-23 09:39:45'),
(322, 'KF-JKT', 'J22154J', 91, 3, 328, 328, '2022-10-23 11:55:14', '2022-10-23 11:55:14'),
(323, 'KF-JKT', 'J22155J', 91, 3, 328, 328, '2022-10-23 15:59:00', '2022-10-23 15:59:00'),
(324, 'KF-JKT', 'J22156J', 91, 3, 328, 328, '2022-10-23 17:57:09', '2022-10-23 17:57:09'),
(325, 'KF-JKT', 'J22157J', 91, 3, 328, 328, '2022-10-24 03:16:33', '2022-10-24 03:16:33'),
(326, 'KF-JKT', 'J21539J', 91, 3, 328, 328, '2022-10-24 07:09:15', '2022-10-24 07:09:15'),
(327, 'KF-JKT', 'J22160J', 91, 3, 328, 328, '2022-10-24 09:34:21', '2022-10-24 09:34:21'),
(328, 'KF-JKT', 'J22153J', 91, 3, 328, 328, '2022-10-24 13:28:44', '2022-10-24 13:28:44'),
(329, 'KF-JKT', 'J22161J', 91, 3, 328, 328, '2022-10-24 17:05:20', '2022-10-24 17:05:20'),
(330, 'KF-JKT', 'J22162J', 91, 3, 328, 328, '2022-10-24 20:48:18', '2022-10-24 20:48:18'),
(331, 'KF-JKT', 'J22158J', 91, 3, 328, 328, '2022-10-24 22:25:38', '2022-10-24 22:25:38'),
(333, 'KF-JKT', 'J22163J', 91, 3, 328, 328, '2022-10-25 02:26:26', '2022-10-25 02:26:26'),
(334, 'KF-JKT', 'J22159J', 91, 3, 328, 328, '2022-10-25 09:16:03', '2022-10-25 09:16:03'),
(335, 'KF-JKT', 'J22164J', 91, 3, 328, 328, '2022-10-25 11:34:50', '2022-10-25 11:34:50'),
(336, 'KF-JKT', 'J22165J', 91, 3, 328, 328, '2022-10-25 15:53:03', '2022-10-25 15:53:03'),
(337, 'KF-JKT', 'J22166J', 91, 3, 328, 328, '2022-10-25 17:22:29', '2022-10-25 17:22:29'),
(338, 'KF-JKT', 'J22167J', 91, 3, 328, 328, '2022-10-25 21:02:47', '2022-10-25 21:02:47'),
(339, 'KF-JKT', 'J22168J', 91, 3, 328, 328, '2022-10-25 23:16:34', '2022-10-25 23:16:34'),
(340, 'KF-JKT', 'J22169J', 91, 3, 328, 328, '2022-10-26 01:46:30', '2022-10-26 01:46:30'),
(341, 'KF-JKT', 'J22170J', 91, 3, 328, 328, '2022-10-26 07:39:49', '2022-10-26 07:39:49'),
(342, 'KF-JKT', 'J22205J', 91, 3, 328, 328, '2022-10-26 11:57:25', '2022-10-26 11:57:25'),
(343, 'KF-JKT', 'J22206J', 91, 3, 328, 328, '2022-10-26 15:16:05', '2022-10-26 15:16:05'),
(344, 'KF-JKT', 'J22207J', 91, 3, 328, 328, '2022-10-26 19:40:50', '2022-10-26 19:40:50'),
(345, 'KF-JKT', 'J22208J', 91, 3, 328, 328, '2022-10-27 01:38:14', '2022-10-27 01:38:14'),
(346, 'KF-JKT', 'J22209J', 91, 3, 328, 328, '2022-10-27 03:39:51', '2022-10-27 03:39:51'),
(347, 'KF-JKT', 'J22210J', 91, 3, 328, 328, '2022-10-27 06:38:04', '2022-10-27 06:38:04'),
(348, 'KF-JKT', 'J22212J', 91, 3, 328, 328, '2022-10-27 15:03:23', '2022-10-27 15:03:23'),
(349, 'KF-JKT', 'J22211J', 91, 3, 328, 328, '2022-10-27 17:37:01', '2022-10-27 17:37:01'),
(350, 'KF-JKT', 'J22213J', 91, 3, 328, 328, '2022-10-27 21:17:48', '2022-10-27 21:17:48'),
(351, 'KF-JKT', 'J22214J', 91, 3, 328, 328, '2022-10-27 23:46:50', '2022-10-27 23:46:50'),
(352, 'KF-JKT', 'J22215J', 91, 3, 328, 328, '2022-10-28 05:08:51', '2022-10-28 05:08:51'),
(353, 'KF-JKT', 'J22216J', 91, 3, 328, 328, '2022-10-28 08:51:30', '2022-10-28 08:51:30'),
(354, 'KF-JKT', 'J22217J', 91, 3, 328, 328, '2022-10-28 11:15:49', '2022-10-28 11:15:49'),
(355, 'KF-JKT', 'J22218J', 91, 3, 328, 328, '2022-10-28 17:25:12', '2022-10-28 17:25:12'),
(356, 'KF-JKT', 'J22219J', 91, 3, 328, 328, '2022-10-28 19:59:37', '2022-10-28 19:59:37'),
(357, 'KF-JKT', 'J22220J', 91, 3, 328, 328, '2022-10-28 22:43:21', '2022-10-28 22:43:21'),
(358, 'KF-JKT', 'J22221J', 91, 3, 328, 328, '2022-10-29 03:29:54', '2022-10-29 03:29:54'),
(359, 'KF-JKT', 'J22222J', 91, 3, 328, 328, '2022-10-29 06:58:40', '2022-10-29 06:58:40'),
(360, 'KF-JKT', 'J22223J', 91, 3, 328, 328, '2022-10-29 11:15:14', '2022-10-29 11:15:14'),
(361, 'KF-JKT', 'J22224J', 91, 3, 328, 328, '2022-10-29 16:02:46', '2022-10-29 16:02:46'),
(362, 'KF-JKT', 'J22225J', 91, 3, 328, 328, '2022-10-29 20:52:35', '2022-10-29 20:52:35'),
(363, 'KF-JKT', 'J22226J', 91, 3, 328, 328, '2022-10-29 22:13:48', '2022-10-29 22:13:48'),
(364, 'KF-JKT', 'J22227J', 91, 3, 328, 328, '2022-10-29 22:19:25', '2022-10-29 22:19:25'),
(365, 'KF-JKT', 'I25136J', 91, 3, 328, 328, '2022-11-14 10:14:41', '2022-11-14 10:14:41'),
(366, 'KF-JKT', 'I21536J', 91, 3, 328, 328, '2022-11-14 10:32:44', '2022-11-14 10:32:44'),
(367, 'KF-JKT', 'I21528J', 91, 3, 328, 328, '2022-11-18 09:32:47', '2022-11-18 09:32:47'),
(368, 'KF-JKT', 'I21527J', 91, 3, 328, 328, '2022-11-22 09:08:40', '2022-11-22 09:08:40'),
(369, 'KF-JKT', 'I21531J', 91, 3, 328, 328, '2022-11-24 08:08:51', '2022-11-24 08:08:51'),
(370, 'KF-JKT', 'I21538J', 91, 3, 328, 328, '2022-11-30 08:59:18', '2022-11-30 08:59:18'),
(371, 'KF-JKT', 'I21537J', 91, 3, 328, 328, '2022-12-07 08:33:46', '2022-12-07 08:33:46'),
(372, 'KF-JKT', 'I21530J', 91, 3, 328, 328, '2022-12-14 08:13:48', '2022-12-14 08:13:48'),
(373, 'KF-JKT', 'H21455J', 91, 3, 328, 328, '2022-12-21 10:10:41', '2022-12-21 10:10:41'),
(374, 'KF-JKT', 'L22464J', 103, 3, 328, 328, '2022-12-23 14:35:10', '2022-12-23 14:35:10'),
(377, 'KF-JKT', 'L22464J1', 111, 3, 328, 328, '2022-12-26 13:50:08', '2022-12-26 13:50:08'),
(378, 'KF-JKT', 'H21445J', 91, 3, 328, 328, '2022-12-28 08:17:41', '2022-12-28 08:17:41'),
(379, 'KF-JKT', 'H21517J', 91, 3, 328, 328, '2022-12-30 08:59:05', '2022-12-30 08:59:05'),
(380, 'KF-JKT', 'A30063J', 101, 3, 328, 328, '2023-01-16 08:59:48', '2023-01-16 08:59:48'),
(381, 'KF-JKT', 'A30064J', 101, 3, 328, 328, '2023-01-16 14:05:01', '2023-01-16 14:05:01'),
(382, 'KF-JKT', 'A30065J', 101, 3, 328, 328, '2023-01-17 09:07:32', '2023-01-17 09:07:32'),
(383, 'KF-JKT', 'A30066J', 101, 3, 328, 328, '2023-01-17 13:47:53', '2023-01-17 13:47:53'),
(384, 'KF-JKT', 'A30067J', 101, 3, 328, 328, '2023-01-18 10:31:36', '2023-01-18 10:31:36'),
(385, 'KF-JKT', 'A30068J', 101, 3, 328, 328, '2023-01-18 14:24:09', '2023-01-18 14:24:09'),
(386, 'KF-JKT', 'A30069J', 101, 3, 328, 328, '2023-01-19 10:23:14', '2023-01-19 10:23:14'),
(387, 'KF-JKT', 'A30070J', 101, 3, 328, 328, '2023-01-20 07:32:25', '2023-01-20 07:32:25'),
(388, 'KF-JKT', 'A30071J', 101, 3, 328, 328, '2023-01-20 10:47:15', '2023-01-20 10:47:15'),
(389, 'KF-JKT', 'A30072J', 101, 3, 328, 328, '2023-01-24 08:16:18', '2023-01-24 08:16:18'),
(390, 'KF-JKT', 'A30073J', 101, 3, 328, 328, '2023-01-24 11:02:52', '2023-01-24 11:02:52'),
(391, 'KF-JKT', 'A30074J', 101, 3, 328, 328, '2023-01-25 07:18:52', '2023-01-25 07:18:52'),
(392, 'KF-JKT', 'A30123J', 102, 3, 328, 328, '2023-01-25 10:13:54', '2023-01-25 10:13:54'),
(393, 'KF-JKT', 'A30140J', 90, 3, 328, 328, '2023-01-26 07:35:57', '2023-01-26 07:35:57'),
(395, 'KF-JKT', 'A30139J', 102, 3, 328, 328, '2023-01-30 08:54:27', '2023-01-30 08:54:27');

-- --------------------------------------------------------

--
-- Table structure for table `spack_locations`
--

CREATE TABLE `spack_locations` (
  `id` int NOT NULL,
  `location` varchar(15) NOT NULL,
  `name` varchar(50) NOT NULL,
  `created_by` int NOT NULL,
  `updated_by` int NOT NULL,
  `created_at` datetime NOT NULL DEFAULT CURRENT_TIMESTAMP,
  `updated_at` datetime NOT NULL
) ENGINE=InnoDB DEFAULT CHARSET=utf8mb4 COLLATE=utf8mb4_0900_ai_ci;

--
-- Dumping data for table `spack_locations`
--

INSERT INTO `spack_locations` (`id`, `location`, `name`, `created_by`, `updated_by`, `created_at`, `updated_at`) VALUES
(1, 'KF-JKT', 'Jakarta', 1, 1, '2022-03-30 08:29:54', '2022-03-30 15:29:54'),
(2, 'KF-JKT', 'Sidoarjo', 1, 1, '2022-03-30 08:29:57', '2022-03-30 15:29:57'),
(3, 'KF-JKT', 'Semarang', 1, 1, '2022-03-30 08:30:02', '2022-03-30 15:30:02'),
(4, 'KF-JKT', 'Gresik', 1, 1, '2022-03-30 08:30:05', '2022-03-30 15:30:05'),
(5, 'KF-JKT', 'Serpong', 1, 1, '2022-03-31 08:17:06', '2022-03-31 15:17:06'),
(6, 'KF-JKT', 'Bandung', 1, 1, '2022-03-31 08:17:16', '2022-03-31 15:17:16'),
(7, 'KF-JKT', 'Bogor', 1, 1, '2022-03-31 08:17:25', '2022-03-31 15:17:25'),
(8, 'KF-JKT', 'Cianjur', 1, 1, '2022-03-31 08:17:29', '2022-03-31 15:17:29'),
(9, 'KF-JKT', 'Cikande', 1, 1, '2022-03-31 08:17:46', '2022-03-31 15:17:46'),
(10, 'KF-JKT', 'Cikarang', 1, 1, '2022-03-31 08:18:01', '2022-03-31 15:18:01'),
(11, 'KF-JKT', 'Klaten', 1, 1, '2022-03-31 08:18:13', '2022-03-31 15:18:13'),
(12, 'KF-JKT', 'Pasuruan', 1, 1, '2022-03-31 08:18:34', '2022-03-31 15:18:34'),
(13, 'KF-JKT', 'Mojokerto', 1, 1, '2022-03-31 08:19:01', '2022-03-31 15:19:01'),
(14, 'KF-JKT', 'Pulogadung', 1, 1, '2022-03-31 08:19:27', '2022-03-31 15:19:27'),
(15, 'KF-JKT', 'Tanahabang', 1, 1, '2022-03-31 08:19:41', '2022-03-31 15:19:41'),
(16, 'KF-JKT', 'Kalimantan', 1, 1, '2022-03-31 08:19:58', '2022-03-31 15:19:58');

-- --------------------------------------------------------

--
-- Table structure for table `spack_makloons`
--

CREATE TABLE `spack_makloons` (
  `id` int NOT NULL,
  `location` varchar(15) NOT NULL,
  `name` varchar(30) NOT NULL,
  `created_by` int NOT NULL,
  `updated_by` int NOT NULL,
  `created_at` datetime NOT NULL DEFAULT CURRENT_TIMESTAMP,
  `updated_at` datetime NOT NULL
) ENGINE=InnoDB DEFAULT CHARSET=utf8mb4 COLLATE=utf8mb4_0900_ai_ci;

--
-- Dumping data for table `spack_makloons`
--

INSERT INTO `spack_makloons` (`id`, `location`, `name`, `created_by`, `updated_by`, `created_at`, `updated_at`) VALUES
(3, 'KF-JKT', 'PT. CORONET CROWN', 1, 1, '2022-03-30 08:29:41', '2022-03-30 15:29:41'),
(4, 'KF-JKT', 'PT. SAMPHARINDO', 1, 1, '2022-03-31 07:17:33', '2022-03-31 14:17:33'),
(5, 'KF-JKT', 'BATAN', 1, 1, '2022-03-31 07:17:52', '2022-03-31 14:17:52'),
(6, 'KF-JKT', 'PT. GRACIA PHARMINDO', 1, 1, '2022-03-31 07:18:03', '2022-03-31 14:18:03'),
(7, 'KF-JKT', 'PT. PHYTOCHEMINDO REKSA', 1, 1, '2022-03-31 07:18:14', '2022-03-31 14:18:14'),
(8, 'KF-JKT', 'PT. PYRIDAM FARMA', 1, 1, '2022-03-31 07:18:26', '2022-03-31 14:18:26'),
(9, 'KF-JKT', 'PT. KIMIA FARMA PLANT BANJARAN', 1, 1, '2022-03-31 07:18:39', '2022-03-31 14:18:39'),
(10, 'KF-JKT', 'PT. ORYZA FARMA INDONESIA', 1, 1, '2022-03-31 07:18:50', '2022-03-31 14:18:50'),
(11, 'KF-JKT', 'PT. CKD OTTO PHARMACEUTICAL', 1, 1, '2022-03-31 07:19:00', '2022-03-31 14:19:00'),
(12, 'KF-JKT', 'PT. DELTA ATSRI', 1, 1, '2022-03-31 07:19:12', '2022-03-31 14:19:12'),
(13, 'KF-JKT', 'PT. DRAGON PRIMA FARMA', 1, 1, '2022-03-31 07:19:24', '2022-03-31 14:19:24'),
(14, 'KF-JKT', 'PT. PHAPROS', 1, 1, '2022-03-31 07:19:46', '2022-03-31 14:19:46'),
(15, 'KF-JKT', 'PT. MJB (MENYEHATKAN JASMANI B', 1, 1, '2022-03-31 07:20:16', '2022-03-31 14:20:16'),
(16, 'KF-JKT', 'PT. RAMA EMERALD MULTI SUKSES', 1, 1, '2022-03-31 07:20:38', '2022-03-31 14:20:38'),
(17, 'KF-JKT', 'PT. BERNOFARM', 1, 1, '2022-03-31 07:21:18', '2022-03-31 14:21:18'),
(18, 'KF-JKT', 'PT. KIMIA FARMA PLANT WATUDAKO', 1, 1, '2022-03-31 07:21:32', '2022-03-31 14:21:32'),
(19, 'KF-JKT', 'PT. MAHAKAM BETA FARMA', 1, 1, '2022-03-31 07:21:43', '2022-03-31 14:21:43'),
(20, 'KF-JKT', 'PT. SRI REZEKI ISMAN', 1, 1, '2022-03-31 07:21:58', '2022-03-31 14:21:58'),
(21, 'KF-JKT', 'PT. INSIGHT MEDICA FAME', 1, 1, '2022-03-31 07:22:07', '2022-03-31 14:22:07');

-- --------------------------------------------------------

--
-- Table structure for table `spack_prints`
--

CREATE TABLE `spack_prints` (
  `id` int NOT NULL,
  `no_batch` varchar(30) NOT NULL,
  `location_id` int NOT NULL,
  `product_id` int NOT NULL,
  `packing_by` int DEFAULT NULL,
  `spv_by` int DEFAULT NULL,
  `mfg_month` int NOT NULL,
  `mfg_year` int NOT NULL,
  `exp_month` int NOT NULL,
  `exp_year` int NOT NULL,
  `letter_date` date DEFAULT NULL,
  `makloon` int DEFAULT NULL,
  `created_by` int NOT NULL,
  `created_at` datetime NOT NULL DEFAULT CURRENT_TIMESTAMP
) ENGINE=InnoDB DEFAULT CHARSET=utf8mb4 COLLATE=utf8mb4_0900_ai_ci;

--
-- Dumping data for table `spack_prints`
--

INSERT INTO `spack_prints` (`id`, `no_batch`, `location_id`, `product_id`, `packing_by`, `spv_by`, `mfg_month`, `mfg_year`, `exp_month`, `exp_year`, `letter_date`, `makloon`, `created_by`, `created_at`) VALUES
(14, 'C20415J', 1, 70, 470, 164, 1, 2022, 1, 2024, '2022-04-06', 0, 405, '2022-04-07 10:21:37'),
(15, 'C20556J', 2, 60, NULL, NULL, 1, 2022, 1, 2024, '0000-00-00', 3, 405, '2022-04-07 10:27:56'),
(17, 'C20395J', 1, 19, 459, 164, 3, 2022, 3, 2024, '2022-04-07', 0, 405, '2022-04-07 10:46:08'),
(18, 'C20422J', 1, 70, 458, 61, 3, 2022, 3, 2024, '2022-04-08', 0, 405, '2022-04-08 07:13:38'),
(19, 'C20558J', 1, 41, 475, 61, 3, 2022, 3, 2025, '2022-04-08', 0, 405, '2022-04-08 07:17:14'),
(20, 'C20394J', 1, 19, 506, 61, 3, 2022, 3, 2024, '2022-04-08', 0, 405, '2022-04-08 07:19:33'),
(22, 'C20402J', 1, 102, 613, 103, 3, 2022, 3, 2025, '2022-04-07', 0, 328, '2022-04-11 08:21:33'),
(23, 'B20293J', 1, 10, 473, 61, 2, 2022, 2, 2024, '0000-00-00', 0, 405, '2022-04-14 08:15:46'),
(24, 'B20293J', 1, 10, 473, 61, 2, 2022, 2, 2024, '2022-04-14', 0, 405, '2022-04-14 08:18:51'),
(25, 'B20313J', 1, 50, 457, 61, 2, 2022, 2, 2026, '2022-04-14', 0, 405, '2022-04-14 08:26:49'),
(27, 'A20108J', 1, 34, 501, 61, 1, 2022, 1, 2027, '2022-04-18', 0, 405, '2022-04-18 07:34:16'),
(28, 'B10138JR', 1, 107, 475, 61, 2, 2021, 2, 2024, '2022-04-18', 0, 405, '2022-04-18 14:24:31'),
(29, 'B10138JR', 1, 107, 475, 61, 2, 2021, 2, 2024, '2022-04-19', 0, 405, '2022-04-19 08:16:16'),
(30, 'B10139JR', 1, 107, 470, 61, 2, 2021, 2, 2024, '2022-04-19', 0, 405, '2022-04-19 09:37:06'),
(32, 'D20814J', 1, 74, 515, 61, 3, 2022, 3, 2025, '2022-04-20', 0, 405, '2022-04-20 07:19:02'),
(33, 'A20109J', 1, 34, 498, 61, 1, 2022, 1, 2027, '2022-04-20', 0, 405, '2022-04-20 09:08:19'),
(34, 'A20108J', 1, 34, 501, 61, 1, 2022, 1, 2027, '2022-04-20', 0, 405, '2022-04-20 09:40:52'),
(36, 'D20769J', 1, 101, 613, 103, 4, 2022, 4, 2025, '2022-04-20', 0, 103, '2022-04-20 09:52:32'),
(37, 'B10142JR', 1, 107, 507, 61, 2, 2021, 2, 2024, '2022-04-20', 0, 405, '2022-04-20 10:12:15'),
(38, 'C20527J', 1, 79, 513, 401, 3, 2022, 3, 2026, '2022-04-20', 0, 405, '2022-04-20 10:47:49'),
(39, 'D20850J', 1, 72, 454, 61, 3, 2022, 3, 2025, '2022-04-21', 0, 405, '2022-04-21 07:10:25'),
(40, 'B10142JR', 1, 107, 482, 61, 2, 2021, 2, 2024, '2022-04-21', 0, 405, '2022-04-21 07:57:41'),
(41, 'C20454J', 1, 6, 455, 61, 3, 2022, 3, 2026, '2022-04-21', 0, 405, '2022-04-21 08:19:43'),
(42, 'C20531J', 1, 79, 506, 61, 3, 2022, 3, 2026, '2022-04-21', 0, 405, '2022-04-21 09:34:51'),
(43, 'D20770J', 1, 101, 618, 103, 4, 2022, 4, 2025, '2022-04-21', 0, 328, '2022-04-21 09:37:20'),
(44, 'D20850X', 1, 8, 431, 196, 1, 2021, 1, 2022, '2022-04-01', 0, 1, '2022-04-21 09:46:58'),
(45, 'C20568J', 1, 82, 453, 61, 3, 2022, 3, 2025, '2022-04-21', 0, 405, '2022-04-21 09:48:07'),
(46, 'B10140JR', 1, 107, 466, 61, 2, 2021, 2, 2024, '2022-04-21', 0, 405, '2022-04-21 13:03:44'),
(47, 'D20771J', 1, 101, 618, 103, 4, 2022, 4, 2025, '2022-04-21', 0, 328, '2022-04-21 14:19:27'),
(48, 'D20771J', 1, 101, 614, 103, 4, 2022, 4, 2025, '2022-04-22', 0, 328, '2022-04-22 07:45:38'),
(49, 'C20454J', 1, 6, 455, 61, 3, 2022, 3, 2026, '2022-04-22', 0, 405, '2022-04-22 11:22:09'),
(50, 'B10140JR', 1, 107, 466, 61, 2, 2021, 2, 2024, '2022-04-22', 0, 405, '2022-04-22 11:50:19'),
(51, 'D20772J', 1, 101, 614, 103, 4, 2022, 4, 2025, '2022-04-22', 0, 328, '2022-04-22 13:13:24'),
(52, 'C20423J', 1, 70, 455, 61, 3, 2022, 3, 2024, '2022-04-25', 0, 405, '2022-04-25 07:43:08'),
(53, 'B10145JR', 1, 107, 495, 61, 2, 2021, 2, 2024, '2022-04-25', 0, 405, '2022-04-25 07:52:02'),
(54, 'B20315J', 1, 61, 490, 61, 2, 2022, 2, 2027, '2022-04-25', 0, 405, '2022-04-25 08:02:57'),
(55, 'D20772J', 1, 101, 627, 103, 4, 2022, 4, 2025, '2022-04-25', 0, 328, '2022-04-25 08:05:18'),
(56, 'B20356J', 1, 51, 449, 61, 2, 2022, 2, 2024, '2022-04-25', 0, 405, '2022-04-25 08:33:30'),
(57, 'C20454J', 1, 6, 513, 61, 3, 2022, 3, 2026, '2022-04-25', 0, 405, '2022-04-25 08:45:05'),
(58, 'C20454J', 1, 6, 513, 61, 3, 2021, 3, 2026, '2022-04-25', 0, 405, '2022-04-25 09:12:27'),
(59, 'D20773J', 1, 101, 627, 103, 4, 2022, 4, 2025, '2022-04-25', 0, 328, '2022-04-25 09:47:56'),
(60, 'C20582J', 1, 41, 476, 61, 3, 2022, 3, 2025, '2022-04-25', 0, 405, '2022-04-25 09:57:23'),
(61, 'C20528J', 1, 79, 456, 61, 3, 2022, 3, 2026, '2022-04-25', 0, 405, '2022-04-25 10:08:03'),
(62, 'D203774', 1, 101, 627, 103, 4, 2022, 4, 2025, '2022-04-25', 0, 328, '2022-04-25 14:27:19'),
(63, 'D203774J', 1, 101, 627, 103, 4, 2022, 4, 2025, '2022-04-25', 0, 328, '2022-04-25 14:30:42'),
(64, 'D203774J', 1, 101, 613, 103, 4, 2022, 4, 2025, '2022-04-26', 0, 328, '2022-04-26 08:04:50'),
(65, 'D20774J', 1, 101, 613, 103, 4, 2022, 4, 2025, '2022-04-26', 0, 328, '2022-04-26 08:10:22'),
(66, 'C20423J', 1, 70, 455, 61, 3, 2022, 3, 2024, '2022-04-26', 0, 405, '2022-04-26 08:26:35'),
(67, 'D20775J', 1, 101, 613, 103, 4, 2022, 4, 2025, '2022-04-26', 0, 328, '2022-04-26 10:23:21'),
(68, 'D20776J', 1, 101, 613, 103, 4, 2022, 4, 2025, '2022-04-27', 0, 328, '2022-04-26 14:05:20'),
(69, 'D20777J', 1, 101, 618, 103, 4, 2022, 4, 2025, '2022-04-27', 0, 328, '2022-04-27 11:07:55'),
(70, 'C20407', 1, 102, 614, 103, 3, 2022, 3, 2025, '2022-04-28', 0, 328, '2022-04-28 08:13:06'),
(71, 'C20407J', 1, 102, 614, 103, 3, 2022, 3, 2025, '2022-04-28', 0, 328, '2022-04-28 08:21:48'),
(72, 'C20408J', 1, 102, 627, 103, 3, 2022, 3, 2025, '2022-05-09', 0, 328, '2022-05-09 09:12:26'),
(73, 'C20409J', 1, 102, 627, 103, 3, 2022, 3, 2025, '2022-05-09', 0, 328, '2022-05-09 14:37:07'),
(74, 'C20409J', 1, 102, 613, 103, 3, 2022, 3, 2025, '2022-05-10', 0, 328, '2022-05-10 08:35:15'),
(75, 'D20778J', 1, 101, 613, 103, 4, 2022, 4, 2025, '2022-05-10', 0, 328, '2022-05-10 10:25:20'),
(77, 'D20778J', 1, 101, 618, 103, 4, 2022, 4, 2025, '2022-05-11', 0, 328, '2022-05-11 11:04:07'),
(80, 'E20887J', 1, 102, 614, 103, 5, 2022, 5, 2025, '2022-05-12', 0, 328, '2022-05-12 11:57:34'),
(82, 'E20887J', 1, 102, 627, 103, 5, 2022, 5, 2025, '2022-05-13', 0, 328, '2022-05-17 13:32:08'),
(84, 'D20779J', 1, 101, 613, 103, 4, 2022, 4, 2025, '2022-05-23', 0, 328, '2022-05-23 08:30:19'),
(85, 'D20780J', 1, 101, 613, 103, 4, 2022, 4, 2025, '2022-05-23', 0, 328, '2022-05-23 10:21:26'),
(86, 'D20780J', 1, 101, 613, 103, 4, 2022, 4, 2025, '0000-00-00', 0, 328, '2022-05-23 10:27:30'),
(87, 'D20781J', 1, 101, 613, 103, 4, 2022, 4, 2025, '2022-05-23', 0, 328, '2022-05-23 14:08:37'),
(88, 'D22781J', 1, 101, 618, 103, 4, 2022, 4, 2025, '2022-05-24', 0, 328, '2022-05-24 07:35:06'),
(89, 'D20781J', 1, 101, 618, 103, 4, 2022, 4, 2025, '2022-05-24', 0, 328, '2022-05-24 07:48:24'),
(90, 'E20888J', 1, 102, 618, 103, 5, 2022, 5, 2025, '2022-06-22', 0, 328, '2022-06-22 07:46:05'),
(91, 'E20889J', 1, 102, 613, 103, 5, 2022, 5, 2025, '2022-06-22', 0, 328, '2022-06-22 14:11:36'),
(92, 'E20889J', 1, 102, 613, 103, 5, 2022, 5, 2025, '2022-06-23', 0, 328, '2022-06-23 07:28:05'),
(93, 'E20890J', 1, 102, 613, 103, 5, 2022, 5, 2025, '2022-06-23', 0, 328, '2022-06-23 11:06:10'),
(94, 'E20890J', 1, 102, 157, 614, 6, 2022, 6, 2025, '2022-06-24', 0, 328, '2022-06-23 15:01:54'),
(95, 'E20891J', 1, 102, 614, 103, 5, 2022, 5, 2025, '2022-06-24', 0, 328, '2022-06-24 08:55:38'),
(96, 'F21112J', 1, 102, 627, 103, 6, 2025, 6, 2025, '2022-06-27', 0, 328, '2022-06-27 09:36:29'),
(97, 'F21112J', 1, 102, 627, 103, 6, 2022, 6, 2025, '2022-06-27', 0, 328, '2022-06-27 09:42:29'),
(98, 'F21113J', 1, 102, 613, 103, 6, 2022, 6, 2025, '2022-06-28', 0, 328, '2022-06-28 07:15:05'),
(99, 'G21347J', 1, 94, 618, 103, 7, 2022, 7, 2027, '2022-07-25', 0, 328, '2022-07-25 11:05:33'),
(100, 'G21348J', 1, 94, 618, 103, 7, 2022, 7, 2027, '2022-07-26', 0, 328, '2022-07-26 08:43:31'),
(101, 'G21349J', 1, 94, 618, 103, 7, 2022, 7, 2027, '2022-07-26', 0, 328, '2022-07-26 10:38:47'),
(102, 'G21353J', 1, 89, 618, 103, 7, 2022, 7, 2024, '2022-07-27', 0, 328, '2022-07-27 14:20:15'),
(103, 'G21354J', 1, 89, 618, 103, 7, 2022, 7, 2024, '2022-07-28', 0, 328, '2022-07-28 07:51:13'),
(104, 'G21355J', 1, 89, 618, 103, 7, 2022, 7, 2024, '2022-07-28', 0, 328, '2022-07-28 09:21:13'),
(105, 'G21356J', 1, 89, 618, 103, 7, 2022, 7, 2024, '2022-07-28', 0, 328, '2022-07-28 10:51:20'),
(106, 'G21357J', 1, 89, 618, 103, 7, 2022, 7, 2024, '2022-07-28', 0, 328, '2022-07-28 12:19:54'),
(107, 'G21358J', 1, 89, 618, 103, 7, 2022, 7, 2024, '2022-07-28', 0, 328, '2022-07-28 14:37:54'),
(108, 'G21359J', 1, 89, 618, 103, 7, 2022, 7, 2024, '2022-07-29', 0, 328, '2022-07-29 08:31:39'),
(109, 'G21360J', 1, 89, 618, 103, 7, 2022, 7, 2024, '2022-07-29', 0, 328, '2022-07-29 09:29:45'),
(110, 'G21361J', 1, 89, 618, 103, 7, 2022, 7, 2024, '2022-07-29', 0, 328, '2022-07-29 13:19:04'),
(111, 'G21362J', 1, 89, 618, 103, 6, 2024, 7, 2024, '2022-07-29', 0, 328, '2022-07-29 14:02:49'),
(112, 'G21363J', 1, 89, 618, 103, 7, 2022, 7, 2024, '2022-08-01', 0, 328, '2022-08-01 08:17:34'),
(113, 'G21364J', 1, 89, 618, 103, 7, 2022, 7, 2024, '2022-08-01', 0, 328, '2022-08-01 10:02:43'),
(114, 'G21365J', 1, 89, 618, 103, 7, 2022, 7, 2024, '2022-08-01', 0, 328, '2022-08-01 13:11:43'),
(115, 'G21366J', 1, 89, 618, 103, 7, 2022, 7, 2024, '2022-08-02', 0, 328, '2022-08-02 07:34:59'),
(116, 'G21367J', 1, 89, 618, 103, 7, 2022, 6, 2024, '2022-08-02', 0, 328, '2022-08-02 10:16:52'),
(117, 'G21367J', 1, 89, 618, 103, 7, 2022, 7, 2024, '2022-08-02', 0, 328, '2022-08-02 10:32:06'),
(118, 'G21433J', 1, 91, 618, 103, 7, 2022, 7, 2025, '2022-08-02', 0, 328, '2022-08-02 14:01:28'),
(119, 'G21434J', 1, 91, 618, 103, 7, 2022, 7, 2025, '2022-08-03', 0, 328, '2022-08-03 10:09:13'),
(120, 'G21432J', 1, 91, 618, 103, 7, 2022, 7, 2025, '2022-08-03', 0, 328, '2022-08-03 14:13:25'),
(121, 'G21432J', 1, 91, 618, 103, 7, 2022, 7, 2025, '2022-08-04', 0, 328, '2022-08-04 08:19:06'),
(122, 'H21435J', 1, 91, 618, 103, 8, 2022, 7, 2025, '2022-08-04', 0, 328, '2022-08-04 09:48:26'),
(123, 'H21436J', 1, 91, 618, 103, 8, 2022, 7, 2025, '2022-08-04', 0, 328, '2022-08-04 13:08:42'),
(124, 'H21436J', 1, 91, 618, 103, 8, 2022, 7, 2025, '2022-08-05', 0, 328, '2022-08-05 07:53:34'),
(125, 'H21437J', 1, 91, 618, 103, 8, 2022, 7, 2025, '2022-08-05', 0, 328, '2022-08-05 10:52:32'),
(126, 'H21438J', 1, 91, 618, 103, 8, 2022, 7, 2025, '2022-08-08', 0, 328, '2022-08-08 08:49:46'),
(127, 'H21439J', 1, 91, 618, 103, 8, 2022, 7, 2025, '2022-08-08', 0, 328, '2022-08-08 09:49:30'),
(128, 'H21440J', 1, 91, 618, 103, 8, 2022, 7, 2025, '2022-08-08', 0, 328, '2022-08-08 15:11:48'),
(129, 'H21440J', 1, 91, 618, 103, 8, 2022, 7, 2025, '2022-08-09', 0, 328, '2022-08-09 08:13:20'),
(130, 'H21441J', 1, 91, 618, 103, 8, 2022, 8, 2025, '2022-08-09', 0, 328, '2022-08-09 09:30:46'),
(131, '1234', 1, 91, 432, 196, 1, 2022, 1, 2024, '2022-08-09', 0, 103, '2022-08-09 13:21:28'),
(135, 'H21444J', 1, 91, 618, 103, 8, 2022, 8, 2025, '2022-08-10', 0, 328, '2022-08-10 12:40:19'),
(136, 'H21446J', 1, 91, 614, 103, 8, 2022, 8, 2025, '2022-08-11', 0, 328, '2022-08-11 08:48:58'),
(137, 'H21442J', 1, 91, 618, 103, 8, 2022, 8, 2025, '2022-08-10', 0, 328, '2022-08-11 09:06:00'),
(138, 'H21442J', 1, 91, 618, 103, 8, 2022, 8, 2025, '2022-08-09', 0, 328, '2022-08-11 09:15:44'),
(139, 'H21447J', 1, 91, 614, 103, 8, 2022, 8, 2025, '2022-08-11', 0, 328, '2022-08-11 11:38:19'),
(142, 'H21448J', 1, 91, 614, 103, 8, 2022, 8, 2025, '2022-08-12', 0, 328, '2022-08-12 06:38:37'),
(143, 'H21449J', 1, 91, 614, 103, 8, 2022, 8, 2025, '2022-08-12', 0, 328, '2022-08-12 08:08:32'),
(144, 'H21450J', 1, 91, 614, 103, 8, 2022, 8, 2025, '2022-08-12', 0, 328, '2022-08-12 09:47:41'),
(145, 'H21451J', 1, 91, 614, 103, 8, 2022, 8, 2025, '2022-08-12', 0, 328, '2022-08-12 12:46:22'),
(146, 'H21452J', 1, 91, 618, 103, 8, 2022, 8, 2025, '2022-08-12', 0, 328, '2022-08-12 15:40:31'),
(147, 'H21453J', 1, 91, 618, 103, 8, 2022, 8, 2025, '2022-08-12', 0, 328, '2022-08-12 18:30:03'),
(148, 'H21453J', 1, 91, 618, 103, 8, 2022, 8, 2025, '2022-08-15', 0, 328, '2022-08-15 06:58:19'),
(149, 'H21454J', 1, 91, 618, 103, 8, 2022, 8, 2025, '2022-08-15', 0, 328, '2022-08-15 07:03:10'),
(150, 'H21456J', 1, 91, 618, 103, 8, 2022, 8, 2025, '2022-08-15', 0, 328, '2022-08-15 09:29:58'),
(151, 'H21457J', 1, 91, 618, 103, 8, 2022, 8, 2025, '2022-08-15', 0, 328, '2022-08-15 11:30:15'),
(152, 'H21458J', 1, 91, 627, 103, 8, 2022, 8, 2025, '2022-08-15', 0, 328, '2022-08-15 15:01:48'),
(153, 'H21459J', 1, 91, 627, 103, 8, 2022, 8, 2025, '2022-08-15', 0, 328, '2022-08-15 17:08:52'),
(154, 'H21460J', 1, 91, 627, 103, 8, 2022, 8, 2025, '2022-08-15', 0, 328, '2022-08-15 21:05:02'),
(155, 'H21461J', 1, 91, 614, 103, 8, 2022, 8, 2025, '2022-08-16', 0, 328, '2022-08-16 07:08:18'),
(156, 'H21508J', 1, 91, 614, 103, 8, 2022, 8, 2025, '2022-08-16', 0, 328, '2022-08-16 08:45:59'),
(157, 'H21509J', 1, 91, 614, 103, 8, 2022, 8, 2025, '2022-08-16', 0, 328, '2022-08-16 10:58:02'),
(158, 'H21510J', 1, 91, 614, 103, 8, 2022, 8, 2025, '2022-08-16', 0, 328, '2022-08-16 12:46:54'),
(159, 'H21511J', 1, 91, 614, 103, 8, 2022, 8, 2025, '2022-08-16', 0, 328, '2022-08-16 13:52:15'),
(160, 'H21512J', 1, 91, 627, 103, 8, 2022, 8, 2025, '2022-08-16', 0, 328, '2022-08-16 17:26:24'),
(161, 'H21513J', 1, 91, 627, 103, 8, 2021, 8, 2025, '2022-08-16', 0, 328, '2022-08-16 21:34:05'),
(162, 'H21513J', 1, 91, 627, 103, 8, 2022, 8, 2025, '2022-08-16', 0, 328, '2022-08-16 21:37:58'),
(163, 'H21513J', 1, 91, 614, 103, 8, 2022, 8, 2025, '2022-08-18', 0, 328, '2022-08-18 06:21:02'),
(166, 'G21346J', 1, 95, 614, 103, 7, 2022, 7, 2025, '2022-08-18', 0, 328, '2022-08-18 11:11:19'),
(167, 'H21514J', 1, 91, 614, 103, 8, 2022, 8, 2025, '2022-08-18', 0, 328, '2022-08-18 13:57:03'),
(168, 'H21515J', 1, 91, 627, 103, 8, 2022, 8, 2025, '2022-08-18', 0, 328, '2022-08-18 15:25:13'),
(169, 'H21516J', 1, 91, 627, 103, 8, 2022, 8, 2025, '2022-08-18', 0, 328, '2022-08-18 19:28:32'),
(170, 'H21518J', 1, 91, 618, 103, 8, 2022, 8, 2025, '2022-08-19', 0, 328, '2022-08-19 07:05:20'),
(171, 'H21522J', 1, 91, 618, 103, 8, 2022, 8, 2025, '2022-08-19', 0, 328, '2022-08-19 08:16:51'),
(172, 'H21523J', 1, 91, 618, 103, 8, 2022, 8, 2025, '2022-08-19', 0, 328, '2022-08-19 10:23:41'),
(173, 'H21525J', 1, 91, 618, 103, 8, 2022, 8, 2025, '2022-08-19', 0, 328, '2022-08-19 13:12:52'),
(174, 'H21526J', 1, 91, 627, 103, 8, 2022, 8, 2025, '2022-08-19', 0, 328, '2022-08-19 14:59:28'),
(175, 'G21350J', 1, 94, 627, 103, 7, 2022, 7, 2027, '2022-08-19', 0, 328, '2022-08-19 18:08:46'),
(176, 'G21351J', 1, 94, 627, 103, 7, 2022, 7, 2025, '2022-08-19', 0, 328, '2022-08-19 20:50:43'),
(177, 'G21351J', 1, 94, 618, 103, 7, 2022, 7, 2025, '2022-08-22', 0, 328, '2022-08-22 06:41:51'),
(178, 'G21351J', 1, 94, 618, 103, 7, 2022, 7, 2027, '2022-08-22', 0, 328, '2022-08-22 07:46:32'),
(180, 'G21352J', 1, 94, 618, 103, 7, 2022, 7, 2027, '2022-08-22', 0, 328, '2022-08-22 09:17:30'),
(183, 'H21403J', 1, 94, 614, 103, 8, 2022, 8, 2027, '2022-08-22', 0, 328, '2022-08-22 14:39:17'),
(184, 'H21404J', 1, 94, 614, 103, 8, 2022, 8, 2027, '2022-08-22', 0, 328, '2022-08-22 18:27:06'),
(185, 'H21405J', 1, 94, 627, 103, 8, 2022, 8, 2027, '2022-08-23', 0, 328, '2022-08-23 06:27:40'),
(186, 'H21406J', 1, 94, 627, 103, 8, 2022, 8, 2027, '2022-08-23', 0, 328, '2022-08-23 10:39:56'),
(188, 'H21407J', 1, 94, 613, 103, 8, 2022, 8, 2027, '2022-08-23', 0, 328, '2022-08-23 14:19:12'),
(189, 'H21408J', 1, 94, 613, 103, 8, 2022, 8, 2027, '2022-08-23', 0, 328, '2022-08-23 19:32:57'),
(190, 'H21408J', 1, 94, 618, 103, 8, 2022, 8, 2027, '2022-08-24', 0, 328, '2022-08-24 07:36:54'),
(191, 'H21409J', 1, 94, 618, 103, 8, 2022, 8, 2027, '2022-08-24', 0, 328, '2022-08-24 08:48:58'),
(192, 'H21410J', 1, 94, 618, 103, 8, 2022, 8, 2027, '2022-08-24', 0, 328, '2022-08-24 11:55:26'),
(193, 'H21411J', 1, 94, 613, 103, 8, 2022, 8, 2027, '2022-08-24', 0, 328, '2022-08-24 14:34:08'),
(194, 'H21412J', 1, 94, 613, 103, 8, 2022, 8, 2027, '2022-08-24', 0, 328, '2022-08-24 19:32:25'),
(195, 'H21413J', 1, 94, 649, 103, 8, 2022, 8, 2027, '2022-08-25', 0, 328, '2022-08-25 10:08:41'),
(196, 'H21414J', 1, 94, 649, 103, 8, 2022, 8, 2027, '2022-08-25', 0, 328, '2022-08-25 13:34:24'),
(198, 'H21415J', 1, 94, 618, 103, 8, 2022, 8, 2027, '2022-08-26', 0, 328, '2022-08-26 06:42:38'),
(199, 'H21416J', 1, 94, 618, 103, 8, 2022, 8, 2027, '2022-08-26', 0, 328, '2022-08-26 07:41:48'),
(201, 'H21417J', 1, 94, 618, 103, 8, 2022, 8, 2027, '2022-08-26', 0, 328, '2022-08-26 10:08:49'),
(202, 'H21418J', 1, 94, 613, 103, 8, 2022, 8, 2027, '2022-08-26', 0, 328, '2022-08-26 14:17:49'),
(204, 'H21419J', 1, 94, 649, 103, 8, 2022, 8, 2027, '2022-08-27', 0, 328, '2022-08-27 06:36:51'),
(205, 'H21420J', 1, 94, 649, 103, 8, 2022, 8, 2027, '2022-08-27', 0, 328, '2022-08-27 07:22:03'),
(206, 'H21421J', 1, 94, 649, 103, 8, 2022, 8, 2027, '2022-08-27', 0, 328, '2022-08-27 09:42:39'),
(207, 'H21422J', 1, 94, 649, 103, 8, 2022, 8, 2027, '2022-08-27', 0, 328, '2022-08-27 12:31:38'),
(208, 'H21604J', 1, 94, 613, 103, 8, 2022, 8, 2027, '2022-08-27', 0, 328, '2022-08-27 14:50:59'),
(209, 'H21605J', 1, 94, 613, 103, 8, 2022, 8, 2027, '2022-08-27', 0, 328, '2022-08-27 19:38:33'),
(210, 'H21606J', 1, 94, 329, 103, 8, 2022, 8, 2027, '2022-08-27', 0, 328, '2022-08-27 22:14:34'),
(211, 'H21607J', 1, 94, 627, 103, 8, 2022, 8, 2027, '2022-08-28', 0, 328, '2022-08-28 06:19:04'),
(212, 'H21608J', 1, 94, 627, 103, 8, 2022, 8, 2027, '2022-08-28', 0, 328, '2022-08-28 09:34:05'),
(213, 'H21609J', 1, 94, 627, 103, 8, 2022, 8, 2027, '2022-08-28', 0, 328, '2022-08-28 11:13:19'),
(214, 'H21610J', 1, 94, 613, 103, 8, 2022, 8, 2027, '2022-08-28', 0, 328, '2022-08-28 14:52:00'),
(215, 'H21611J', 1, 94, 613, 103, 8, 2022, 8, 2027, '2022-08-28', 0, 328, '2022-08-28 17:21:05'),
(216, 'H21612J', 1, 94, 613, 103, 8, 2022, 8, 2027, '2022-08-28', 0, 328, '2022-08-28 21:50:45'),
(218, 'H21613J', 1, 94, 329, 103, 8, 2022, 8, 2027, '2022-08-29', 0, 328, '2022-08-29 03:14:13'),
(219, 'H21614J', 1, 94, 613, 103, 8, 2022, 8, 2027, '2022-08-29', 0, 328, '2022-08-29 08:32:01'),
(220, 'H21615J', 1, 94, 613, 103, 8, 2022, 8, 2027, '2022-08-29', 0, 328, '2022-08-29 10:59:39'),
(221, 'H21616J', 1, 94, 649, 103, 8, 2022, 8, 2027, '2022-08-29', 0, 328, '2022-08-29 14:22:58'),
(223, 'H21616J', 1, 94, 628, 103, 8, 2022, 8, 2027, '2022-09-03', 0, 328, '2022-09-03 06:55:17'),
(225, 'H21618J', 1, 94, 628, 103, 8, 2022, 8, 2027, '2022-09-03', 0, 328, '2022-09-03 10:03:13'),
(227, 'H21619J', 1, 94, 630, 103, 8, 2022, 8, 2027, '2022-09-03', 0, 328, '2022-09-03 14:14:03'),
(228, 'H21620J', 1, 94, 630, 103, 8, 2022, 8, 2027, '2022-09-03', 0, 328, '2022-09-03 15:25:53'),
(230, 'H21621J', 1, 94, 630, 103, 8, 2022, 8, 2027, '2022-09-03', 0, 328, '2022-09-03 19:48:52'),
(231, 'H21622J', 1, 94, 618, 103, 8, 2022, 8, 2027, '2022-09-04', 0, 328, '2022-09-04 00:09:19'),
(232, 'H21623J', 1, 94, 618, 103, 8, 2022, 8, 2027, '2022-09-04', 0, 328, '2022-09-04 04:56:46'),
(233, 'H21624J', 1, 94, 618, 103, 8, 2022, 8, 2027, '2022-09-05', 0, 328, '2022-09-05 10:13:53'),
(234, 'H21625J', 1, 94, 613, 103, 8, 2022, 8, 2027, '2022-09-06', 0, 328, '2022-09-06 06:42:49'),
(235, 'H21626J', 1, 94, 613, 103, 8, 2022, 8, 2027, '2022-09-06', 0, 328, '2022-09-06 10:02:03'),
(236, 'H21625J', 1, 94, 613, 103, 8, 2022, 8, 2027, '2022-08-31', 0, 328, '2022-09-06 10:16:13'),
(237, 'H21626J', 1, 94, 613, 103, 8, 2022, 8, 2027, '2022-08-31', 0, 328, '2022-09-06 10:20:29'),
(240, 'H21628J', 1, 94, 627, 103, 8, 2022, 8, 2027, '2022-09-06', 0, 328, '2022-09-06 17:11:51'),
(241, 'H21629J', 1, 94, 627, 103, 8, 2022, 8, 2027, '2022-09-06', 0, 328, '2022-09-06 21:28:00'),
(244, 'H21630J', 1, 94, 613, 103, 8, 2022, 8, 2027, '2022-09-07', 0, 328, '2022-09-07 03:14:21'),
(247, 'H21631J', 1, 94, 614, 103, 8, 2022, 8, 2027, '2022-09-07', 0, 328, '2022-09-07 06:51:16'),
(248, 'H21632', 1, 94, 614, 103, 8, 2022, 8, 2027, '2022-09-07', 0, 328, '2022-09-07 09:24:00'),
(249, 'H21633', 1, 94, 614, 103, 8, 2022, 8, 2027, '2022-09-07', 0, 328, '2022-09-07 11:30:35'),
(250, 'H21633J', 1, 94, 614, 103, 8, 2022, 8, 2027, '2022-09-07', 0, 328, '2022-09-07 11:33:16'),
(251, 'H212632J', 1, 94, 614, 103, 8, 2022, 8, 2027, '2022-09-07', 0, 328, '2022-09-07 13:13:10'),
(252, 'H21634J', 1, 94, 649, 103, 8, 2022, 8, 2027, '2022-09-07', 0, 328, '2022-09-07 14:53:25'),
(253, 'H21635J', 1, 94, 649, 103, 8, 2022, 8, 2027, '2022-09-07', 0, 328, '2022-09-07 19:55:42'),
(254, 'H21636J', 1, 94, 613, 103, 8, 2022, 8, 2027, '2022-09-07', 0, 328, '2022-09-07 22:24:05'),
(255, 'H21637J', 1, 94, 613, 103, 8, 2022, 8, 2027, '2022-09-08', 0, 328, '2022-09-08 00:41:31'),
(256, 'H21632J', 1, 94, 614, 103, 8, 2022, 8, 2027, '2022-09-07', 0, 328, '2022-09-08 05:52:53'),
(257, 'H21788J', 1, 94, 618, 103, 8, 2022, 8, 2027, '2022-09-08', 0, 328, '2022-09-08 08:15:35'),
(258, 'H21789J', 1, 94, 618, 103, 8, 2022, 8, 2027, '2022-09-08', 0, 328, '2022-09-08 11:21:45'),
(259, 'H21790J', 1, 94, 627, 103, 8, 2022, 8, 2027, '2022-09-08', 0, 328, '2022-09-08 15:26:08'),
(261, 'H21791J', 1, 94, 613, 103, 8, 2022, 8, 2027, '2022-09-08', 0, 328, '2022-09-08 22:10:54'),
(262, 'H21792J', 1, 94, 613, 103, 8, 2022, 8, 2027, '2022-09-09', 0, 328, '2022-09-09 00:31:34'),
(263, 'H21793J', 1, 94, 613, 103, 8, 2022, 8, 2027, '2022-09-09', 0, 328, '2022-09-09 04:39:10'),
(264, 'H21794J', 1, 94, 613, 103, 8, 2022, 8, 2027, '2022-09-09', 0, 328, '2022-09-09 09:18:36'),
(265, 'I21795J', 1, 94, 627, 103, 9, 2022, 8, 2027, '2022-09-09', 0, 328, '2022-09-09 14:36:00'),
(269, 'I21798J', 1, 94, 613, 103, 9, 2022, 8, 2027, '2022-09-10', 0, 328, '2022-09-10 03:12:13'),
(270, 'H21378J', 1, 89, 627, 103, 8, 2022, 8, 2024, '2022-09-12', 0, 328, '2022-09-12 09:05:55'),
(271, 'H21379J', 1, 89, 627, 103, 8, 2022, 8, 2024, '2022-09-12', 0, 328, '2022-09-12 10:18:19'),
(272, 'I21796J', 1, 94, 627, 103, 8, 2022, 8, 2027, '2022-09-09', 0, 328, '2022-09-12 11:22:20'),
(273, 'I21797J', 1, 94, 627, 103, 8, 2022, 8, 2027, '2022-09-09', 0, 328, '2022-09-12 11:23:36'),
(274, 'H21380J', 1, 89, 627, 103, 8, 2022, 8, 2024, '2022-09-12', 0, 328, '2022-09-12 11:31:18'),
(275, 'H21381J', 1, 89, 627, 103, 8, 2022, 8, 2024, '2022-09-12', 0, 328, '2022-09-12 13:49:27'),
(277, 'H21382J', 1, 89, 627, 103, 8, 2022, 8, 2024, '2022-09-12', 0, 328, '2022-09-12 15:11:34'),
(278, 'H21383J', 1, 89, 618, 103, 8, 2022, 8, 2024, '2022-09-13', 0, 328, '2022-09-13 08:57:38'),
(279, 'H21384J', 1, 89, 618, 103, 8, 2022, 8, 2024, '2022-09-13', 0, 328, '2022-09-13 10:15:15'),
(280, 'H21385J', 1, 89, 618, 103, 8, 2022, 8, 2024, '2022-09-13', 0, 328, '2022-09-13 11:58:54'),
(281, 'H21386J', 1, 89, 618, 103, 8, 2022, 8, 2024, '2022-09-13', 0, 328, '2022-09-13 14:26:29'),
(282, 'H21387J', 1, 89, 613, 103, 8, 2022, 8, 2024, '2022-09-14', 0, 328, '2022-09-14 07:44:35'),
(283, 'H21521J', 1, 91, 613, 103, 8, 2022, 8, 2025, '2022-09-14', 0, 328, '2022-09-14 09:37:43'),
(284, 'H21529J', 1, 91, 613, 103, 8, 2022, 8, 2025, '2022-09-14', 0, 328, '2022-09-14 13:22:34'),
(285, 'H21524J', 1, 91, 627, 103, 8, 2022, 8, 2025, '2022-09-15', 0, 328, '2022-09-15 09:33:15'),
(286, 'F21114J', 1, 102, 618, 103, 6, 2022, 6, 2025, '2022-09-16', 0, 328, '2022-09-16 10:17:32'),
(288, 'I21933J', 1, 102, 618, 103, 9, 2022, 9, 2025, '2022-09-19', 0, 328, '2022-09-19 11:35:06'),
(289, 'I21934J', 1, 102, 627, 103, 9, 2022, 9, 2025, '2022-09-19', 0, 328, '2022-09-19 14:20:44'),
(294, 'I21920J', 1, 90, 618, 103, 9, 2022, 9, 2024, '2022-09-20', 0, 328, '2022-09-20 07:46:10'),
(295, 'I21533J', 1, 91, 649, 103, 9, 2022, 9, 2025, '2022-09-20', 0, 328, '2022-09-20 15:20:15'),
(297, 'I21532J', 1, 91, 649, 103, 9, 2022, 9, 2025, '2022-09-20', 0, 328, '2022-09-20 17:45:41'),
(298, 'H21588J', 1, 19, 613, 103, 0, 0, 8, 2024, '2022-09-21', 0, 328, '2022-09-20 21:39:36'),
(299, 'H21588J', 1, 19, 613, 103, 8, 2022, 8, 2024, '2022-09-21', 0, 328, '2022-09-20 21:40:39'),
(300, 'I21535J', 1, 91, 618, 103, 9, 2022, 9, 2025, '2022-09-21', 0, 328, '2022-09-21 06:55:02'),
(301, 'H21617J', 1, 94, 628, 103, 8, 2022, 8, 2027, '2022-08-29', 0, 328, '2022-09-26 09:43:05'),
(302, 'H21618J', 1, 94, 649, 103, 8, 2022, 8, 2027, '2022-08-29', 0, 328, '2022-09-26 09:45:22'),
(303, 'H21619J', 1, 94, 649, 103, 8, 2022, 8, 2027, '2022-08-30', 0, 328, '2022-09-26 09:47:57'),
(304, 'H21620J', 1, 94, 649, 103, 8, 2022, 8, 2027, '2022-08-30', 0, 328, '2022-09-26 09:51:56'),
(305, 'I22005J', 1, 89, 613, 103, 9, 2022, 9, 2024, '2022-09-28', 0, 328, '2022-09-28 15:09:16'),
(306, 'I21540J', 1, 91, 551, 103, 9, 2022, 9, 2025, '2022-10-07', 0, 328, '2022-10-07 15:19:28'),
(307, 'I21540J', 1, 91, 551, 103, 9, 2022, 9, 2025, '2022-10-08', 0, 328, '2022-10-08 07:21:58'),
(308, 'J21541J', 1, 91, 551, 103, 10, 2022, 9, 2025, '2022-10-08', 0, 328, '2022-10-08 11:17:29'),
(309, 'J21543J', 1, 91, 551, 103, 10, 2022, 10, 2025, '2022-10-09', 0, 328, '2022-10-09 07:21:00'),
(310, 'J21541J', 1, 91, 551, 103, 10, 2022, 9, 2025, '2022-10-09', 0, 328, '2022-10-09 10:46:45'),
(311, 'J21542J', 1, 91, 551, 103, 10, 2022, 10, 2025, '2022-10-10', 0, 328, '2022-10-10 08:09:25'),
(312, 'J21544J', 1, 91, 551, 103, 10, 2022, 10, 2025, '2022-10-11', 0, 328, '2022-10-11 09:05:41'),
(314, 'J21545J', 1, 91, 649, 103, 10, 2022, 10, 2025, '2022-10-11', 0, 328, '2022-10-11 14:35:33'),
(315, 'J21973J', 1, 91, 618, 103, 10, 2022, 10, 2025, '2022-10-11', 0, 328, '2022-10-11 16:06:24'),
(316, 'J21974J', 1, 91, 618, 103, 10, 2022, 10, 2025, '2022-10-11', 0, 328, '2022-10-11 19:05:52'),
(317, 'J21975J', 1, 91, 618, 103, 10, 2022, 10, 2025, '2022-10-11', 0, 328, '2022-10-11 20:05:17'),
(321, 'J21978J', 1, 91, 613, 103, 10, 2022, 10, 2025, '2022-10-12', 0, 328, '2022-10-12 04:02:57'),
(322, 'J21979J', 1, 91, 618, 103, 10, 2022, 10, 2025, '2022-10-12', 0, 328, '2022-10-12 06:32:49'),
(323, 'J21980J', 1, 91, 618, 103, 10, 2022, 10, 2025, '2022-10-12', 0, 328, '2022-10-12 12:21:19'),
(325, 'J21982J', 1, 91, 618, 103, 10, 2022, 10, 2025, '2022-10-12', 0, 328, '2022-10-12 19:49:44'),
(326, 'J21981J', 1, 91, 618, 103, 10, 2022, 10, 2025, '2022-10-12', 0, 328, '2022-10-12 21:45:15'),
(327, 'J21983J', 1, 91, 613, 103, 10, 2022, 10, 2025, '2022-10-12', 0, 328, '2022-10-12 23:16:06'),
(328, 'J21984J', 1, 91, 613, 103, 10, 2022, 10, 2025, '2022-10-13', 0, 328, '2022-10-13 02:44:49'),
(330, 'J21989J', 1, 91, 618, 103, 10, 2022, 10, 2025, '2022-10-13', 0, 328, '2022-10-13 08:50:14'),
(334, 'J21992J', 1, 91, 613, 103, 10, 2022, 10, 2025, '2022-10-14', 0, 328, '2022-10-14 01:59:47'),
(335, 'H21986J', 1, 91, 649, 103, 10, 2022, 10, 2025, '2022-10-14', 0, 328, '2022-10-14 09:10:13'),
(336, 'J21986J', 1, 91, 649, 103, 10, 2022, 10, 2025, '2022-10-14', 0, 328, '2022-10-14 09:13:48'),
(337, 'J21990J', 1, 91, 649, 103, 10, 2022, 10, 2025, '2022-10-13', 0, 328, '2022-10-14 10:55:05'),
(338, 'J22089J', 1, 91, 649, 103, 10, 2022, 10, 2025, '2022-10-14', 0, 328, '2022-10-14 15:18:11'),
(339, 'J21991J', 1, 91, 618, 103, 10, 2022, 10, 2025, '2022-10-13', 0, 328, '2022-10-14 17:53:54'),
(340, 'J22090J', 1, 91, 613, 103, 10, 2022, 10, 2025, '2022-10-14', 0, 328, '2022-10-14 19:42:05'),
(341, 'J21987J', 1, 91, 613, 103, 10, 2022, 10, 2025, '2022-10-15', 0, 328, '2022-10-15 02:35:19'),
(343, 'J22091J', 1, 91, 618, 103, 10, 2022, 10, 2025, '2022-10-15', 0, 328, '2022-10-15 07:22:42'),
(344, 'J21988J', 1, 91, 618, 103, 10, 2022, 10, 2025, '2022-10-15', 0, 328, '2022-10-15 11:05:11'),
(345, 'J22092J', 1, 91, 618, 103, 10, 2022, 10, 2025, '2022-10-15', 0, 328, '2022-10-15 13:55:50'),
(347, 'J22094J', 1, 91, 649, 103, 10, 2022, 10, 2025, '2022-10-15', 0, 328, '2022-10-15 21:19:46'),
(348, 'J22095J', 1, 91, 613, 103, 10, 2022, 10, 2025, '2022-10-16', 0, 328, '2022-10-16 02:37:27'),
(349, 'J22096J', 1, 91, 613, 103, 10, 2022, 10, 2025, '2022-10-16', 0, 328, '2022-10-16 03:29:17'),
(350, 'J22097J', 1, 91, 618, 103, 10, 2022, 10, 2025, '2022-10-16', 0, 328, '2022-10-16 08:02:12'),
(351, 'J22099J', 1, 91, 618, 103, 10, 2022, 10, 2025, '2022-10-16', 0, 328, '2022-10-16 09:49:12'),
(352, 'J22098J', 1, 91, 618, 103, 10, 2022, 10, 2025, '2022-10-16', 0, 328, '2022-10-16 13:11:03'),
(353, 'J22102J', 1, 91, 649, 103, 10, 2022, 10, 2025, '2022-10-16', 0, 328, '2022-10-16 16:34:00'),
(354, 'J22100J', 1, 91, 649, 103, 10, 2022, 10, 2025, '2022-10-16', 0, 328, '2022-10-16 21:04:39'),
(355, 'J22103J', 1, 91, 613, 103, 10, 2022, 10, 2025, '2022-10-17', 0, 328, '2022-10-17 02:47:18'),
(357, 'J22104J', 1, 91, 649, 103, 10, 2022, 10, 2025, '2022-10-17', 0, 328, '2022-10-17 07:27:46'),
(358, 'J22101J', 1, 91, 649, 103, 10, 2022, 10, 2025, '2022-10-17', 0, 328, '2022-10-17 08:39:24'),
(359, 'J22120J', 1, 91, 649, 103, 10, 2022, 10, 2025, '2022-10-17', 0, 328, '2022-10-17 11:51:18'),
(360, 'J22105J', 1, 91, 613, 103, 10, 2022, 10, 2025, '2022-10-17', 0, 328, '2022-10-17 15:37:37'),
(361, 'J22121J', 1, 91, 613, 103, 10, 2022, 10, 2025, '2022-10-17', 0, 328, '2022-10-17 19:48:39'),
(363, 'J22118J', 1, 91, 618, 103, 10, 2022, 10, 2025, '2022-10-18', 0, 328, '2022-10-18 01:48:04'),
(364, 'J22122J', 1, 91, 618, 103, 10, 2022, 10, 2025, '2022-10-18', 0, 328, '2022-10-18 03:03:59'),
(365, 'J22126J', 1, 91, 649, 103, 10, 2022, 10, 2025, '2022-10-18', 0, 328, '2022-10-18 06:52:32'),
(366, 'J22127J', 1, 91, 649, 103, 10, 2022, 10, 2025, '2022-10-18', 0, 328, '2022-10-18 10:20:59'),
(368, 'J21426J', 1, 95, 613, 103, 10, 2022, 10, 2025, '2022-10-18', 0, 328, '2022-10-18 16:26:55'),
(369, 'J22119J', 1, 91, 618, 103, 10, 2022, 10, 2025, '2022-10-19', 0, 328, '2022-10-19 01:34:29'),
(370, 'J22123J', 1, 91, 618, 103, 10, 2022, 10, 2025, '2022-10-19', 0, 328, '2022-10-19 04:52:17'),
(372, 'J22129J', 1, 91, 649, 103, 10, 2022, 10, 2025, '2022-10-19', 0, 328, '2022-10-19 08:41:30'),
(373, 'J22124J', 1, 91, 649, 103, 10, 2022, 10, 2025, '2022-10-19', 0, 328, '2022-10-19 10:49:23'),
(374, 'J22130J', 1, 91, 613, 103, 10, 2022, 10, 2025, '2022-10-19', 0, 328, '2022-10-19 15:06:05'),
(375, 'J22131J', 1, 91, 613, 103, 10, 2022, 10, 2025, '2022-10-19', 0, 328, '2022-10-19 18:25:20'),
(378, 'J22132J', 1, 91, 618, 103, 10, 2022, 10, 2025, '2022-10-19', 0, 328, '2022-10-19 22:58:50'),
(379, 'J22125J', 1, 91, 618, 103, 10, 2022, 10, 2025, '2022-10-19', 0, 328, '2022-10-19 23:01:07'),
(380, 'J22128J', 1, 91, 618, 103, 10, 2022, 10, 2025, '2022-10-20', 0, 328, '2022-10-20 03:55:23'),
(381, 'J22135J', 1, 91, 649, 103, 10, 2022, 10, 2025, '2022-10-20', 0, 328, '2022-10-20 06:45:50'),
(382, 'J22136J', 1, 91, 649, 103, 10, 2022, 10, 2025, '2022-10-20', 0, 328, '2022-10-20 09:28:02'),
(386, 'J21427J', 1, 95, 613, 103, 10, 2022, 10, 2025, '2022-10-20', 0, 328, '2022-10-20 14:10:44'),
(387, 'J22133J', 1, 91, 613, 103, 10, 2022, 10, 2025, '2022-10-20', 0, 328, '2022-10-20 20:30:39'),
(388, 'J22134J', 1, 91, 618, 103, 10, 2022, 10, 2025, '2022-10-20', 0, 328, '2022-10-20 23:48:29'),
(389, 'J22137J', 1, 91, 618, 103, 10, 2022, 10, 2025, '2022-10-21', 0, 328, '2022-10-21 03:35:48'),
(391, 'J22138J', 1, 91, 649, 103, 10, 2022, 10, 2025, '2022-10-21', 0, 328, '2022-10-21 06:47:00'),
(392, 'J22141J', 1, 91, 649, 103, 10, 2022, 10, 2025, '2022-10-21', 0, 328, '2022-10-21 08:27:56'),
(393, 'J22142J', 1, 91, 649, 103, 10, 2022, 10, 2025, '2022-10-21', 0, 328, '2022-10-21 11:10:11'),
(394, 'J22143J', 1, 91, 613, 103, 10, 2022, 10, 2025, '2022-10-21', 0, 328, '2022-10-21 14:34:21'),
(395, 'I21935J', 1, 102, 613, 103, 9, 2022, 9, 2025, '2022-10-21', 0, 328, '2022-10-21 17:33:21'),
(397, 'I21936J', 1, 102, 618, 103, 9, 2022, 9, 2025, '2022-10-21', 0, 328, '2022-10-21 23:18:39'),
(398, 'J22139J', 1, 91, 618, 103, 10, 2022, 10, 2025, '2022-10-22', 0, 328, '2022-10-22 02:57:45'),
(400, 'J22144J', 1, 91, 649, 103, 10, 2022, 10, 2025, '2022-10-22', 0, 328, '2022-10-22 06:24:05'),
(401, 'J22145J', 1, 91, 649, 103, 10, 2022, 10, 2025, '2022-10-22', 0, 328, '2022-10-22 08:51:26'),
(402, 'J22146J', 1, 91, 649, 103, 10, 2022, 10, 2025, '2022-10-22', 0, 328, '2022-10-22 10:51:30'),
(403, 'J22140J', 1, 91, 613, 103, 10, 2022, 10, 2025, '2022-10-22', 0, 328, '2022-10-22 14:36:57'),
(404, 'J22149J', 1, 91, 613, 103, 10, 2022, 10, 2025, '2022-10-22', 0, 328, '2022-10-22 15:42:09'),
(405, 'J22150J', 1, 91, 613, 103, 10, 2022, 10, 2025, '2022-10-22', 0, 328, '2022-10-22 19:40:09'),
(406, 'J22147J', 1, 91, 618, 103, 10, 2022, 10, 2025, '2022-10-22', 0, 328, '2022-10-22 23:52:34'),
(407, 'J22151J', 1, 91, 618, 103, 10, 2022, 10, 2025, '2022-10-23', 0, 328, '2022-10-23 03:14:22'),
(409, 'J22152J', 1, 91, 649, 103, 10, 2022, 10, 2025, '2022-10-23', 0, 328, '2022-10-23 06:52:12'),
(411, 'J22154J', 1, 91, 649, 103, 10, 2022, 10, 2025, '2022-10-23', 0, 328, '2022-10-23 11:56:19'),
(412, 'J22155J', 1, 91, 613, 103, 10, 2022, 10, 2025, '2022-10-23', 0, 328, '2022-10-23 15:59:56'),
(413, 'J22156J', 1, 91, 613, 103, 10, 2022, 10, 2025, '2022-10-23', 0, 328, '2022-10-23 17:58:51'),
(415, 'J21539J', 1, 91, 613, 103, 10, 2022, 10, 2025, '2022-10-24', 0, 328, '2022-10-24 07:10:26'),
(416, 'J22160J', 1, 91, 613, 103, 10, 2022, 10, 2025, '2022-10-24', 0, 328, '2022-10-24 09:35:21'),
(417, 'J22153J', 1, 91, 613, 103, 10, 2022, 10, 2025, '2022-10-24', 0, 328, '2022-10-24 13:29:42'),
(418, 'J22157J', 1, 91, 618, 103, 10, 2022, 10, 2025, '2022-10-24', 0, 328, '2022-10-24 13:32:49'),
(419, 'J22161J', 1, 91, 618, 103, 10, 2022, 10, 2025, '2022-10-24', 0, 328, '2022-10-24 17:05:53'),
(420, 'J22162J', 1, 91, 618, 103, 10, 2022, 10, 2025, '2022-10-24', 0, 328, '2022-10-24 21:04:06'),
(422, 'J22158J', 1, 91, 614, 103, 10, 2022, 10, 2025, '2022-10-24', 0, 328, '2022-10-24 22:41:37'),
(423, 'J22163J', 1, 91, 614, 103, 10, 2022, 10, 2025, '2022-10-25', 0, 328, '2022-10-25 02:28:45'),
(424, 'J22159J', 1, 91, 613, 103, 10, 2022, 10, 2025, '2022-10-25', 0, 328, '2022-10-25 09:17:17'),
(425, 'J22164J', 1, 91, 613, 103, 10, 2022, 10, 2025, '2022-10-25', 0, 328, '2022-10-25 11:35:47'),
(426, 'J22165J', 1, 91, 618, 103, 10, 2022, 10, 2025, '2022-10-25', 0, 328, '2022-10-25 15:54:47'),
(427, 'J22166J', 1, 91, 618, 103, 10, 2022, 10, 2025, '2022-10-25', 0, 328, '2022-10-25 17:23:16'),
(430, 'J22168J', 1, 91, 614, 103, 10, 2022, 10, 2025, '2022-10-26', 0, 328, '2022-10-25 23:17:13'),
(432, 'J22169J', 1, 91, 614, 103, 10, 2022, 10, 2025, '2022-10-26', 0, 328, '2022-10-26 03:21:57'),
(433, 'J22170J', 1, 91, 613, 103, 10, 2022, 10, 2025, '2022-10-26', 0, 328, '2022-10-26 07:40:59'),
(434, 'J22205J', 1, 91, 613, 103, 10, 2022, 10, 2025, '2022-10-26', 0, 328, '2022-10-26 11:59:10'),
(435, 'J22206J', 1, 91, 649, 103, 10, 2022, 10, 2025, '2022-10-26', 0, 328, '2022-10-26 15:17:53'),
(436, 'J22207J', 1, 91, 649, 103, 10, 2022, 10, 2025, '2022-10-26', 0, 328, '2022-10-26 19:41:50'),
(437, 'J22208J', 1, 91, 618, 103, 10, 2022, 10, 2025, '2022-10-27', 0, 328, '2022-10-27 01:38:42'),
(438, 'J22209J', 1, 91, 618, 103, 10, 2022, 10, 2025, '2022-10-27', 0, 328, '2022-10-27 03:40:16'),
(439, 'J22210J', 1, 91, 613, 103, 10, 2022, 10, 2025, '2022-10-27', 0, 328, '2022-10-27 06:39:01'),
(440, 'J22212J', 1, 91, 618, 103, 10, 2022, 10, 2025, '2022-10-27', 0, 328, '2022-10-27 15:04:01'),
(441, 'J22211J', 1, 91, 618, 103, 10, 2022, 10, 2025, '2022-10-27', 0, 328, '2022-10-27 17:38:04'),
(443, 'J22213J', 1, 91, 614, 103, 10, 2022, 10, 2025, '2022-10-27', 0, 328, '2022-10-27 22:07:31'),
(444, 'J22214J', 1, 91, 614, 103, 10, 2022, 10, 2025, '2022-10-28', 0, 328, '2022-10-27 23:47:45'),
(445, 'J22215J', 1, 91, 614, 103, 10, 2022, 10, 2025, '2022-10-28', 0, 328, '2022-10-28 05:10:20'),
(446, 'J22216J', 1, 91, 613, 103, 10, 2022, 10, 2025, '2022-10-28', 0, 328, '2022-10-28 08:52:29'),
(447, 'J22217J', 1, 91, 613, 103, 10, 2022, 10, 2025, '2022-10-28', 0, 328, '2022-10-28 11:16:33'),
(448, 'J22218J', 1, 91, 618, 103, 10, 2022, 10, 2025, '2022-10-28', 0, 328, '2022-10-28 17:25:45'),
(449, 'J22219J', 1, 91, 618, 103, 10, 2022, 10, 2025, '2022-10-28', 0, 328, '2022-10-28 20:00:03'),
(450, 'J22220J', 1, 91, 614, 103, 10, 2022, 10, 2025, '2022-10-28', 0, 328, '2022-10-28 22:44:06'),
(451, 'J22221J', 1, 91, 614, 103, 10, 2022, 10, 2025, '2022-10-29', 0, 328, '2022-10-29 03:30:28'),
(452, 'J22222J', 1, 91, 613, 103, 10, 2022, 10, 2025, '2022-10-29', 0, 328, '2022-10-29 06:59:54'),
(453, 'J22223J', 1, 91, 613, 103, 10, 2022, 10, 2025, '2022-10-29', 0, 328, '2022-10-29 11:16:09'),
(454, 'J22224J', 1, 91, 618, 103, 10, 2022, 10, 2025, '2022-10-29', 0, 328, '2022-10-29 16:03:12'),
(455, 'J22225J', 1, 91, 618, 103, 10, 2022, 10, 2025, '2022-10-29', 0, 328, '2022-10-29 20:53:02'),
(457, 'J22226J', 1, 91, 614, 103, 10, 2022, 10, 2025, '2022-10-29', 0, 328, '2022-10-29 22:16:33'),
(458, 'J22227J', 1, 91, 614, 103, 10, 2022, 10, 2025, '2022-10-30', 0, 328, '2022-10-29 22:20:58'),
(459, 'H21621J', 1, 94, 329, 103, 8, 2022, 8, 2027, '2022-08-30', 0, 328, '2022-11-02 14:10:55'),
(460, 'H21622J', 1, 94, 329, 103, 8, 2022, 8, 2027, '2022-08-30', 0, 328, '2022-11-03 08:55:52'),
(461, 'H21623J', 1, 94, 618, 103, 8, 2022, 8, 2027, '2022-08-30', 0, 328, '2022-11-03 10:31:51'),
(462, 'H21624J', 1, 94, 618, 103, 8, 2022, 8, 2027, '2022-08-31', 0, 328, '2022-11-07 08:50:38'),
(463, 'I25136J', 1, 91, 329, 103, 9, 2022, 9, 2025, '2022-11-15', 0, 328, '2022-11-14 10:16:26'),
(464, 'I21536J', 1, 91, 329, 103, 9, 2022, 9, 2025, '2022-11-15', 0, 328, '2022-11-14 10:34:14'),
(465, 'I21536J', 1, 91, 329, 103, 9, 2022, 9, 2025, '2022-11-17', 0, 328, '2022-11-17 10:49:49'),
(466, 'I21528J', 1, 91, 338, 103, 9, 2022, 9, 2025, '2022-11-18', 0, 328, '2022-11-18 09:33:55'),
(467, 'I21527J', 1, 91, 631, 103, 9, 2022, 9, 2025, '2022-11-22', 0, 328, '2022-11-22 09:09:50'),
(468, 'I21531J', 1, 91, 338, 103, 9, 2022, 9, 2025, '2022-11-24', 0, 328, '2022-11-24 08:09:37'),
(469, 'I21538J', 1, 91, 338, 103, 9, 2022, 9, 2025, '2022-11-30', 0, 328, '2022-11-30 08:59:58'),
(470, 'I21537J', 1, 91, 329, 103, 9, 2022, 9, 2025, '2022-12-07', 0, 328, '2022-12-07 08:35:02'),
(471, 'I21530J', 1, 91, 329, 103, 9, 2022, 9, 2025, '2022-12-14', 0, 328, '2022-12-14 08:15:43'),
(472, 'H21455J', 1, 91, 329, 103, 8, 2022, 8, 2025, '2022-12-21', 0, 328, '2022-12-21 10:11:35'),
(473, 'L22464J', 1, 103, 338, 103, 12, 2022, 12, 2024, '2022-12-23', 0, 328, '2022-12-23 14:35:59'),
(474, 'L22464J', 1, 103, 638, 103, 12, 2022, 12, 2024, '2022-12-26', 0, 328, '2022-12-26 08:24:40'),
(477, 'L22464J1', 1, 111, 338, 103, 12, 2022, 12, 2024, '2022-12-26', 0, 328, '2022-12-26 13:51:01'),
(478, 'H21445J', 1, 91, 654, 103, 8, 2022, 8, 2025, '0000-00-00', 0, 328, '2022-12-28 08:18:36'),
(479, 'H21445J', 1, 91, 654, 103, 8, 2022, 8, 2025, '2022-12-28', 0, 328, '2022-12-29 11:02:24'),
(480, 'H21517J', 1, 91, 654, 103, 8, 2022, 8, 2025, '2022-12-30', 0, 328, '2022-12-30 08:59:53'),
(481, 'A30063J', 1, 101, 613, 103, 1, 2023, 1, 2026, '2023-01-16', 0, 328, '2023-01-16 09:00:51'),
(482, 'A30064J', 1, 101, 613, 103, 1, 2023, 1, 2026, '2023-01-16', 0, 328, '2023-01-16 14:05:42'),
(483, 'A30064J', 1, 101, 613, 103, 1, 2023, 1, 2026, '2023-01-17', 0, 328, '2023-01-17 07:32:02'),
(484, 'A30065J', 1, 101, 613, 103, 1, 2023, 1, 2026, '2023-01-17', 0, 328, '2023-01-17 09:08:32'),
(485, 'A30066J', 1, 101, 613, 103, 1, 2023, 1, 2026, '2023-01-17', 0, 328, '2023-01-17 13:48:25'),
(486, 'A30066J', 1, 101, 613, 103, 1, 2023, 1, 2026, '2023-01-18', 0, 328, '2023-01-18 07:15:54'),
(487, 'A30067J', 1, 101, 613, 103, 1, 2023, 1, 2026, '2023-01-18', 0, 328, '2023-01-18 10:32:16'),
(488, 'A30068J', 1, 101, 613, 103, 1, 2023, 1, 2026, '2023-01-18', 0, 328, '2023-01-18 14:25:41'),
(489, 'A30068J', 1, 101, 613, 103, 1, 2023, 1, 2026, '2023-01-19', 0, 328, '2023-01-19 07:13:20'),
(491, 'A30069J', 1, 101, 613, 103, 1, 2023, 1, 2026, '2023-01-19', 0, 328, '2023-01-19 10:25:22'),
(493, 'A30070J', 1, 101, 613, 103, 1, 2023, 1, 2026, '2023-01-20', 0, 328, '2023-01-20 07:41:01'),
(494, 'A30071J', 1, 101, 613, 103, 1, 2023, 1, 2026, '2023-01-20', 0, 328, '2023-01-20 10:48:02'),
(495, 'A30072J', 1, 101, 613, 103, 1, 2023, 1, 2026, '2023-01-24', 0, 328, '2023-01-24 08:16:47'),
(496, 'A30073J', 1, 101, 613, 103, 1, 2023, 1, 2026, '2023-01-24', 0, 328, '2023-01-24 11:03:56'),
(497, 'A30074J', 1, 101, 613, 103, 1, 2023, 1, 2026, '2023-01-25', 0, 328, '2023-01-25 07:19:43'),
(499, 'A30123J', 1, 102, 613, 103, 1, 2023, 1, 2026, '2023-01-25', 0, 328, '2023-01-25 10:15:30'),
(502, 'A30140J', 1, 90, 649, 103, 1, 2023, 1, 2025, '2023-01-30', 0, 328, '2023-01-30 07:16:00'),
(503, 'A30139J', 1, 102, 627, 103, 1, 2023, 1, 2026, '2023-01-30', 0, 328, '2023-01-30 08:55:27');

-- --------------------------------------------------------

--
-- Table structure for table `spack_products`
--

CREATE TABLE `spack_products` (
  `id` int NOT NULL,
  `location` varchar(15) NOT NULL,
  `name` varchar(120) NOT NULL,
  `package_desc` varchar(255) NOT NULL,
  `product_type` int DEFAULT NULL,
  `filename` varchar(30) CHARACTER SET utf8mb4 COLLATE utf8mb4_0900_ai_ci NOT NULL,
  `created_by` int NOT NULL,
  `updated_by` int NOT NULL,
  `created_at` datetime NOT NULL DEFAULT CURRENT_TIMESTAMP,
  `updated_at` datetime NOT NULL
) ENGINE=InnoDB DEFAULT CHARSET=utf8mb4 COLLATE=utf8mb4_0900_ai_ci;

--
-- Dumping data for table `spack_products`
--

INSERT INTO `spack_products` (`id`, `location`, `name`, `package_desc`, `product_type`, `filename`, `created_by`, `updated_by`, `created_at`, `updated_at`) VALUES
(3, 'KF-JKT', 'Acyclovir 200 mg ', '65 Dus @ 100 Tablet', 9, '', 1, 405, '2022-03-31 07:22:49', '2022-04-01 15:22:59'),
(4, 'KF-JKT', 'Acyclovir 400 mg ', '56 Dus @ 100 Tablet', 9, '', 1, 405, '2022-03-31 07:23:31', '2022-04-01 15:23:22'),
(5, 'KF-JKT', 'Alergine 10 mg ', '110 Dus @ 50 Tablet', 10, '', 1, 405, '2022-03-31 07:25:09', '2022-04-01 14:33:47'),
(6, 'KF-JKT', 'Alprazolam 0,5 mg ', '62 Dus @ 100 Tablet', 9, '', 1, 405, '2022-03-31 07:25:38', '2022-04-01 14:46:30'),
(7, 'KF-JKT', 'Alprazolam 1 mg ', '58 Dus @ 100 Tablet', 9, '', 1, 405, '2022-03-31 07:25:54', '2022-04-01 14:55:36'),
(8, 'KF-JKT', 'Amoxicillin Tablet 500 mg ', '42 Dus @ 10 Strip @ 10 Tablet', 9, '', 1, 405, '2022-03-31 07:29:30', '2022-04-07 14:17:14'),
(9, 'KF-JKT', 'Atorvastatin 10 mg ', '122 Dus @ 3 Strip @ 10 Tablet', 9, '', 1, 405, '2022-03-31 07:29:48', '2022-04-07 14:16:21'),
(10, 'KF-JKT', 'Atorvastatin 20 mg ', '181 Dus @ 3 Strip @ 10 Tablet', 9, '', 1, 405, '2022-03-31 07:30:05', '2022-04-01 14:13:42'),
(11, 'KF-JKT', 'Atorvastatin 40 mg ', '96 Dus @ 30 Tablet', 9, '', 1, 405, '2022-03-31 07:30:22', '2022-04-01 15:24:17'),
(12, 'KF-JKT', 'Azithromycin 500 mg Tablet', '146 Dus @ 2 Strip @ 10 Tablet', 9, '', 1, 405, '2022-03-31 07:30:38', '2022-04-01 14:21:26'),
(13, 'KF-JKT', 'Bonescan Kaef', '5 Dus @ 5 Vial', 10, '', 1, 405, '2022-03-31 07:30:59', '2022-04-01 15:19:40'),
(14, 'KF-JKT', 'CARDIOSCAN Kaef', '5 Dus @ 5 Vial', 10, '', 1, 405, '2022-03-31 07:31:38', '2022-04-01 15:26:03'),
(15, 'KF-JKT', 'CEFADROXIL 125 MG/5 ML', 'Box @ 36 Botol', 9, '', 1, 405, '2022-03-31 07:33:32', '2022-04-01 14:34:49'),
(16, 'KF-JKT', 'Cefixime 100 mg', 'Box @ 125 Dus @ 30 Kapsul', 9, '', 1, 405, '2022-03-31 07:33:53', '2022-04-01 14:28:58'),
(17, 'KF-JKT', 'Cetirizine 10 mg ', '110 Dus @ 30 Tablet', 9, '', 1, 405, '2022-03-31 07:34:09', '2022-04-01 15:31:11'),
(18, 'KF-JKT', 'Chloramfecort Cream', '27 Dus @ 24 Tube @ 10 Gram', 10, '', 1, 405, '2022-03-31 07:34:52', '2022-04-01 15:31:50'),
(19, 'KF-JKT', 'CHLORAMFECORT-H CREAM', '27 Dus @ 24 Tube @ 10 Gram', 10, '', 1, 405, '2022-03-31 07:35:09', '2022-04-01 14:12:22'),
(20, 'KF-JKT', 'Ciprofloxacin 500 mg ', '70 Dus @ 50 Tablet Salut', 9, '', 1, 405, '2022-03-31 07:35:29', '2022-04-07 14:15:40'),
(21, 'KF-JKT', 'Codeine 10 mg ', '67 Dus @ 100 Tablet', 10, '', 1, 405, '2022-03-31 07:35:45', '2022-04-01 14:16:09'),
(22, 'KF-JKT', 'Codeine 15 mg ', '62 Dus @ 100 Tablet', 10, '', 1, 405, '2022-03-31 07:36:05', '2022-04-01 15:30:24'),
(23, 'KF-JKT', 'Codeine 20 mg ', '65 Dus @ 100 Tablet', 10, '', 1, 405, '2022-03-31 07:36:19', '2022-04-01 15:26:34'),
(24, 'KF-JKT', 'Codikaf 10 mg Tablet', '58 Dus @ 10 Strip @ 10 Tablet', 10, '', 1, 405, '2022-03-31 07:37:08', '2022-04-01 14:15:25'),
(25, 'KF-JKT', 'Codikaf 15 mg Tablet', '60 Dus @ 10 Strip @ 10 Tablet', 10, '', 1, 405, '2022-03-31 07:37:21', '2022-04-01 15:18:24'),
(26, 'KF-JKT', 'Codikaf 20 mg Tablet', '64 Dus @ 10 Strip @ 10 Tablet', 10, '', 1, 405, '2022-03-31 07:38:27', '2022-04-01 15:14:17'),
(27, 'KF-JKT', 'Codipront Cum Expect.Kapsul', '96 Dus @ 1 Strip @ 10 Kapsul', 10, '', 1, 405, '2022-03-31 07:39:40', '2022-04-01 14:22:25'),
(28, 'KF-JKT', 'Codipront Cum Expect.Sirup', '50 Botol @ 60 Ml', 10, '', 1, 405, '2022-03-31 07:39:54', '2022-04-01 15:16:47'),
(29, 'KF-JKT', 'Codipront Kapsul (10)', '200 Dus @ 10 Kapsul', 10, '', 1, 405, '2022-03-31 07:40:40', '2022-04-01 15:07:39'),
(30, 'KF-JKT', 'Codipront Kapsul (100)', '50 Dus @ 1 Btl @ 100 Kapsul', 10, '', 1, 405, '2022-03-31 07:40:58', '2022-04-01 15:25:15'),
(31, 'KF-JKT', 'Coditam Tablet', '56 Dus @ 10 Strip @ 10 Tablet', 10, '', 1, 405, '2022-03-31 07:41:17', '2022-04-01 15:12:02'),
(32, 'KF-JKT', 'Dexocort 0,25% krim ', '26 Dus @ 25 Tube @ 10 Gram', 9, '', 1, 405, '2022-03-31 07:41:34', '2022-04-01 14:32:53'),
(33, 'KF-JKT', 'Diazepam 2 mg ', '48 Botol @ 100 Tablet', 9, '', 1, 405, '2022-03-31 07:47:38', '2022-04-01 14:35:47'),
(34, 'KF-JKT', 'Diclofenac Sodium 25 mg', '110 Dus @ 50 Tablet Salut', 9, '', 1, 405, '2022-03-31 07:47:54', '2022-04-01 14:26:12'),
(35, 'KF-JKT', 'Diclofenac Sodium 50 mg', '126 Dus @ 50 Tablet Salut', 9, '', 1, 405, '2022-03-31 07:48:07', '2022-04-01 14:25:07'),
(36, 'KF-JKT', 'DOXEF 125 MG/ML SIRUP KERING', 'Box @ 36 Botol', 9, '', 1, 405, '2022-03-31 07:48:55', '2022-04-01 14:31:56'),
(37, 'KF-JKT', 'Doxycycline 100 mg Kapsul', '42 Dus @ 100 Kapsul', 9, '', 1, 405, '2022-03-31 07:49:12', '2022-04-01 15:20:13'),
(38, 'KF-JKT', 'Duvadilan Tablet', '75 Dus @ 50 Tablet', 10, '', 1, 405, '2022-03-31 07:51:50', '2022-04-01 14:48:06'),
(39, 'KF-JKT', 'Erythromycin Sirup Kering', '24 Botol @ 30 Gram', 9, '', 1, 405, '2022-03-31 07:55:16', '2022-04-01 14:53:50'),
(40, 'KF-JKT', 'Eugenol', '-', 9, '', 1, 1, '2022-03-31 07:56:02', '2022-03-31 14:56:02'),
(41, 'KF-JKT', 'FDC 2 KAT 1', '90 Dus @ 6 Blister @ 28 Tablet', 9, '', 1, 405, '2022-03-31 07:57:07', '2022-04-01 15:09:36'),
(42, 'KF-JKT', 'FDC 2 OAT Anak', '78 Dus @ 12 Blister @ 28 Tablet', 9, '', 1, 405, '2022-03-31 07:57:22', '2022-04-01 14:17:24'),
(43, 'KF-JKT', 'FDC 3 OAT Anak', '138 Dus @ 6 Blister @ 28 Tablet', 9, '', 1, 405, '2022-03-31 07:57:33', '2022-04-01 14:11:08'),
(44, 'KF-JKT', 'Fluconazole 150 mg Kapsul', '96 Dus @ 1 Strip @ 10 Kapsul', 9, '', 1, 405, '2022-03-31 07:57:49', '2022-04-01 14:40:23'),
(45, 'KF-JKT', 'Gabapentin 300 mg ', '66 Dus @ 10 Blister @ 10 Kapsul', 9, '', 1, 405, '2022-03-31 07:58:01', '2022-04-07 14:13:43'),
(46, 'KF-JKT', 'Glibenclamide 5 mg Tablet', '67 Dus @ 100 Tablet', 9, '', 1, 405, '2022-03-31 07:58:17', '2022-04-01 15:19:01'),
(47, 'KF-JKT', 'Glimepiride 1 mg Tablet', '110 Dus @ 50 Tablet', 9, '', 1, 405, '2022-03-31 07:58:30', '2022-04-01 15:06:58'),
(48, 'KF-JKT', 'Glimepiride 2 mg', '126 Dus @ 50 Tablet', 9, '', 1, 405, '2022-03-31 07:58:45', '2022-04-01 14:52:42'),
(49, 'KF-JKT', 'Glimepiride 3 mg Tablet', '126 Dus @ 50 Tablet', 9, '', 1, 405, '2022-03-31 07:58:59', '2022-04-01 14:39:10'),
(50, 'KF-JKT', 'Glimepiride 4 mg Tablet', '126 Dus @ 50 Tablet', 9, '', 1, 405, '2022-03-31 07:59:11', '2022-04-01 14:18:42'),
(51, 'KF-JKT', 'Kamaflam 50 mg ', '126 Dus @ 50 Tablet Salut', 10, '', 1, 405, '2022-03-31 07:59:26', '2022-04-01 15:20:47'),
(52, 'KF-JKT', 'Kifarox 500 Tablet Salut', '150 Dus @ 30 Tablet', 10, '', 1, 405, '2022-03-31 07:59:41', '2022-04-07 14:12:53'),
(53, 'KF-JKT', 'Klotaren 25 mg ', '110 Dus @ 50 Tablet', 10, '', 1, 405, '2022-03-31 08:00:32', '2022-04-01 15:29:52'),
(54, 'KF-JKT', 'Klotaren 50 mg ', '126 Dus @ 50 Tablet', 10, '', 1, 405, '2022-03-31 08:00:43', '2022-04-01 15:17:32'),
(55, 'KF-JKT', 'KOMBIPAK AZIT - CEFIXIME', '60 Dus Induk @ 10 Dus Paket', 9, '', 1, 405, '2022-03-31 08:00:58', '2022-04-07 14:14:29'),
(56, 'KF-JKT', 'Lipidef 20 mg Tablet', '181 Dus @ 3 Strip @ 10 Tablet', 10, '', 1, 405, '2022-03-31 08:01:13', '2022-04-07 14:11:53'),
(57, 'KF-JKT', 'Lipidef 40 mg Tablet', '96 Dus @ 3 Strip @ 10 Tablet', 10, '', 1, 405, '2022-03-31 08:01:24', '2022-04-07 14:10:42'),
(58, 'KF-JKT', 'Loprezole 30 mg Kapsul', '110 Dus @ 30 Kapsul', 10, '', 1, 405, '2022-03-31 08:01:45', '2022-04-01 14:56:47'),
(59, 'KF-JKT', 'Magasida Tablet', '34 Dus @ 100 Tablet', 11, '', 1, 405, '2022-03-31 08:02:53', '2022-04-01 14:56:08'),
(60, 'KF-JKT', 'MEROPENEM INJ 1 G', '27 Dus @ 10 Vial', 9, '', 1, 405, '2022-03-31 08:03:53', '2022-04-01 14:31:00'),
(61, 'KF-JKT', 'Methylergometrine 0,125 mg ', '67 Dus @ 100 Tablet Salut', 9, '', 1, 405, '2022-03-31 08:04:06', '2022-04-07 12:26:42'),
(62, 'KF-JKT', 'Morfikaf 10 mg Tablet', '147 Dus @ 30 Tablet', 10, '', 1, 405, '2022-03-31 08:04:20', '2022-04-01 15:28:05'),
(63, 'KF-JKT', 'Morfina 10 mg/ml Injeksi', '24 Dus @ 10 Ampul @ 1 Ml', 9, '', 1, 405, '2022-03-31 08:04:56', '2022-04-01 15:27:26'),
(64, 'KF-JKT', 'Morphine 10 mg Tablet', '147 Botol @ 30 Tablet', 9, '', 1, 405, '2022-03-31 08:05:23', '2022-04-01 15:15:28'),
(65, 'KF-JKT', 'Neurovit E', '28 Dus @ 25 Pouch', 11, '', 1, 405, '2022-03-31 08:05:34', '2022-04-01 14:37:00'),
(66, 'KF-JKT', 'Nevalin 150 mg ', '234 Dus @ 30 Kapsul', 10, '', 1, 405, '2022-03-31 08:06:25', '2022-04-01 15:16:10'),
(67, 'KF-JKT', 'Nevalin 75 mg ', '234 Dus @ 30 Kapsul', 10, '', 1, 405, '2022-03-31 08:06:40', '2022-04-01 15:21:27'),
(68, 'KF-JKT', 'Nitrokaf Retard', '148 Dus @ 100 Kapsul', 10, '', 1, 405, '2022-03-31 08:06:54', '2022-04-01 14:23:35'),
(69, 'KF-JKT', 'Nitrokaf Retard Forte', '148 Dus @ 100 Kapsul', 10, '', 1, 405, '2022-03-31 08:07:08', '2022-04-01 14:37:57'),
(70, 'KF-JKT', 'Omeprazole 20 mg Kapsul', '110 Dus @ 30 Kapsul', 9, '', 1, 405, '2022-03-31 08:07:47', '2022-04-01 14:14:36'),
(71, 'KF-JKT', 'Oracef 100 mg ', 'Box @ 125 Dus @ 30 Kapsul', 10, '', 1, 405, '2022-03-31 08:08:10', '2022-04-01 14:29:39'),
(72, 'KF-JKT', 'Paket OAT Anak', '16 Dus Induk', 9, '', 1, 405, '2022-03-31 08:09:12', '2022-04-01 14:54:38'),
(73, 'KF-JKT', 'Paket OAT Anak-KDT', '16 Dus Paket', 9, '', 1, 405, '2022-03-31 08:09:37', '2022-04-01 15:10:16'),
(74, 'KF-JKT', 'Paket OAT Kat 1', '16 Dus Paket', 9, '', 1, 405, '2022-03-31 08:09:51', '2022-04-01 15:13:01'),
(75, 'KF-JKT', 'Pethidina Injeksi 50 mg/ml', '24 Dus @ 10 Ampul', 9, '', 1, 405, '2022-03-31 08:10:27', '2022-04-01 15:28:50'),
(76, 'KF-JKT', 'Pregabalin 75 mg Kapsul', '263 Dus @ 30 Kapsul', 9, '', 1, 405, '2022-03-31 08:10:38', '2022-04-07 12:25:10'),
(77, 'KF-JKT', 'RENALSCAN Kaef', '5 Dus @ 5 Vial', 10, '', 1, 405, '2022-03-31 08:10:50', '2022-04-01 15:29:21'),
(78, 'KF-JKT', 'Rifampicin 450 mg ', '42 Dus @ 100 Kablet', 9, '', 1, 405, '2022-03-31 08:11:04', '2022-04-01 14:23:02'),
(79, 'KF-JKT', 'Rifampicin 600 mg ', '42 Dus @ 100 Tablet', 9, '', 1, 405, '2022-03-31 08:11:17', '2022-04-01 14:37:31'),
(80, 'KF-JKT', 'TB-SCAN VIAL 3,5 mg', '5 Dus @ 5 Vial', 10, '', 1, 405, '2022-03-31 08:11:29', '2022-04-07 12:26:01'),
(81, 'KF-JKT', 'Tetracycline Hcl 500 mg ', '27 Dus @ 100 Kapsul', 9, '', 1, 405, '2022-03-31 08:14:12', '2022-04-01 14:48:58'),
(82, 'KF-JKT', 'Tibiq 1 (FDC 4) KAT 1', '95 Dus @ 6 Blister @ 28 Tablet', 9, '', 1, 405, '2022-03-31 08:14:22', '2022-04-01 14:51:36'),
(83, 'KF-JKT', 'Topgesic 500 mg ', '42 Dus @ 100 Tablet Salut', 10, '', 1, 405, '2022-03-31 08:14:38', '2022-04-01 14:38:28'),
(84, 'KF-JKT', 'Trimate-E', '42 Dus @ 100 Kapsul', 10, '', 1, 405, '2022-03-31 08:14:52', '2022-04-01 14:50:54'),
(85, 'KF-JKT', 'Vertikaf 24 mg ', '89 Dus @ 100 Tablet', 10, '', 1, 405, '2022-03-31 08:15:07', '2022-04-07 12:24:18'),
(86, 'KF-JKT', 'Vertikaf 8 mg ', '67 Dus @ 100 Tablet', 10, '', 1, 405, '2022-03-31 08:15:19', '2022-04-07 12:23:40'),
(87, 'KF-JKT', 'Zinc Sulfate Heptahydrate', '60 Dus @ 100 Tablet', 9, '', 1, 405, '2022-03-31 08:15:32', '2022-04-01 14:19:41'),
(88, 'KF-JKT', 'Cefadroxil 500 mg kapsul', '53 Dus  @ 50 Kapsul', 9, '', 405, 405, '2022-04-04 13:52:25', '2022-04-04 13:52:25'),
(89, 'KF-JKT', 'EFAVIRENZ 600 MG TSS', 'BOX @75 DUS @30 TABLET', 9, '', 1, 103, '2022-04-08 08:09:42', '2022-04-20 09:56:00'),
(90, 'KF-JKT', 'HEPLAV TABLET', 'BOX @48 DUS @30 TABLET', 10, '', 1, 328, '2022-04-08 08:10:22', '2022-09-19 18:01:53'),
(91, 'KF-JKT', 'LAMIVUDINE 150 MG  ZIDOVUDINE 300 MG TAB', 'BOX @75 DUS @60 KAPLET', 9, '', 1, 328, '2022-04-08 08:10:48', '2022-08-11 09:09:00'),
(92, 'KF-JKT', 'LAMIVUDINE 100 MG TABLET', 'BOX @75 DUS @30 TABLET', 9, '', 1, 1, '2022-04-08 08:11:07', '2022-04-08 08:11:07'),
(93, 'KF-JKT', 'LAMIVUDINE 150 MG TABLET', 'BOX @75 DUS @60 TABLET', 9, '', 1, 1, '2022-04-08 08:11:29', '2022-04-08 08:11:29'),
(94, 'KF-JKT', 'NEVIRAPINE 200 MG KAPLET', 'BOX @75 DUS @60 KAPLET', 9, '', 1, 328, '2022-04-08 08:11:48', '2022-07-25 11:04:03'),
(95, 'KF-JKT', 'ZIDOVUDIN 100 MG KAPSUL', 'BOX @75 DUS @60 KAPSUL', 9, '', 1, 328, '2022-04-08 08:12:06', '2022-08-18 11:09:18'),
(96, 'KF-JKT', 'DUVIRAL TABLET', 'BOX @75 DUS @60 TABLET', 10, '', 1, 1, '2022-04-08 08:12:33', '2022-04-08 08:12:33'),
(97, 'KF-JKT', 'EVIRAL 600 MG TABLET SALUT SELAPUT', 'BOX @75 DUS @30 TABLET', 10, '', 1, 1, '2022-04-08 08:12:58', '2022-04-08 08:12:58'),
(98, 'KF-JKT', 'HIVIRAL 150 MG TAB ', 'BOX @75 DUS @60 TABLET', 10, '', 1, 1, '2022-04-08 08:13:27', '2022-04-08 08:13:27'),
(99, 'KF-JKT', 'NEVIRAL 200 MG TABLET', 'BOX @75 DUS @60 TABLET', 10, '', 1, 1, '2022-04-08 08:13:45', '2022-04-08 08:13:45'),
(100, 'KF-JKT', 'STAVUDIN 30 MG TABLET', 'BOX @75 DUS @60 TABLET', 10, '', 1, 1, '2022-04-08 08:14:06', '2022-04-08 08:14:06'),
(101, 'KF-JKT', 'TENOFOVIR 300MG TSS', 'BOX @75 DUS @30 TABLET', 9, '', 1, 103, '2022-04-08 08:14:26', '2022-04-20 11:36:54'),
(102, 'KF-JKT', 'KIFOVIR 300MG TSS', 'BOX @75 DUS @30 TABLET', 10, '', 1, 328, '2022-04-08 08:14:48', '2022-04-28 08:20:22'),
(103, 'KF-JKT', 'ENTECAVIR 0,5 MG TSS', 'BOX @136 DUS @30 TAB', 9, '', 1, 328, '2022-04-08 08:15:07', '2022-12-23 14:54:11'),
(104, 'KF-JKT', 'ENTECAVIR 1 MG TABLET SALUT SELAPUT', 'BOX @3 DUS @10 STRIP', 0, '', 1, 1, '2022-04-08 08:15:29', '2022-04-08 08:16:49'),
(105, 'KF-JKT', 'TECAVIR 1 MG TABLET SALUT SELAPUT', 'BOX @3 DUS @10 STRIP', 10, '', 1, 1, '2022-04-08 08:15:58', '2022-04-08 08:15:58'),
(106, 'KF-JKT', 'ABACAVIR SULFATE 300 MG TSS', 'BOX @75 DUS @60 TABLET', 9, '', 1, 1, '2022-04-08 08:16:27', '2022-04-08 08:16:27'),
(107, 'KF-JKT', 'Kimiavit-E', '25 Dus @ 10 Strip @ 10 Tablet', 10, '', 405, 405, '2022-04-18 13:58:33', '2022-04-18 13:58:33'),
(111, 'KF-JKT', 'TECAVIR 0,5 MG TSS', 'BOX @136 DUS @30 TABLET', 10, '', 1, 1, '2022-12-26 13:49:44', '2022-12-26 13:49:44');

-- --------------------------------------------------------

--
-- Table structure for table `spack_product_types`
--

CREATE TABLE `spack_product_types` (
  `id` int NOT NULL,
  `location` varchar(15) NOT NULL,
  `name` varchar(30) NOT NULL,
  `created_by` int NOT NULL,
  `updated_by` int NOT NULL,
  `created_at` datetime NOT NULL DEFAULT CURRENT_TIMESTAMP,
  `updated_at` datetime NOT NULL
) ENGINE=InnoDB DEFAULT CHARSET=utf8mb4 COLLATE=utf8mb4_0900_ai_ci;

--
-- Dumping data for table `spack_product_types`
--

INSERT INTO `spack_product_types` (`id`, `location`, `name`, `created_by`, `updated_by`, `created_at`, `updated_at`) VALUES
(9, 'KF-JKT', 'OGB & PRODUK KHUSUS', 1, 1, '2022-03-31 07:16:36', '2022-03-31 14:16:36'),
(10, 'KF-JKT', 'ETIKAL', 1, 1, '2022-03-31 07:16:45', '2022-03-31 14:16:45'),
(11, 'KF-JKT', 'OTC & HERBAL', 1, 1, '2022-03-31 07:17:02', '2022-03-31 14:17:02');

--
-- Indexes for dumped tables
--

--
-- Indexes for table `spack_batch_numbers`
--
ALTER TABLE `spack_batch_numbers`
  ADD PRIMARY KEY (`id`),
  ADD KEY `no_batch` (`no_batch`);

--
-- Indexes for table `spack_locations`
--
ALTER TABLE `spack_locations`
  ADD PRIMARY KEY (`id`),
  ADD KEY `name` (`name`);

--
-- Indexes for table `spack_makloons`
--
ALTER TABLE `spack_makloons`
  ADD PRIMARY KEY (`id`),
  ADD KEY `name` (`name`);

--
-- Indexes for table `spack_prints`
--
ALTER TABLE `spack_prints`
  ADD PRIMARY KEY (`id`),
  ADD KEY `no_batch` (`no_batch`);

--
-- Indexes for table `spack_products`
--
ALTER TABLE `spack_products`
  ADD PRIMARY KEY (`id`),
  ADD KEY `code` (`name`);

--
-- Indexes for table `spack_product_types`
--
ALTER TABLE `spack_product_types`
  ADD PRIMARY KEY (`id`),
  ADD KEY `name` (`name`);

--
-- AUTO_INCREMENT for dumped tables
--

--
-- AUTO_INCREMENT for table `spack_batch_numbers`
--
ALTER TABLE `spack_batch_numbers`
  MODIFY `id` int NOT NULL AUTO_INCREMENT, AUTO_INCREMENT=396;

--
-- AUTO_INCREMENT for table `spack_locations`
--
ALTER TABLE `spack_locations`
  MODIFY `id` int NOT NULL AUTO_INCREMENT, AUTO_INCREMENT=18;

--
-- AUTO_INCREMENT for table `spack_makloons`
--
ALTER TABLE `spack_makloons`
  MODIFY `id` int NOT NULL AUTO_INCREMENT, AUTO_INCREMENT=22;

--
-- AUTO_INCREMENT for table `spack_prints`
--
ALTER TABLE `spack_prints`
  MODIFY `id` int NOT NULL AUTO_INCREMENT, AUTO_INCREMENT=504;

--
-- AUTO_INCREMENT for table `spack_products`
--
ALTER TABLE `spack_products`
  MODIFY `id` int NOT NULL AUTO_INCREMENT, AUTO_INCREMENT=112;

--
-- AUTO_INCREMENT for table `spack_product_types`
--
ALTER TABLE `spack_product_types`
  MODIFY `id` int NOT NULL AUTO_INCREMENT, AUTO_INCREMENT=12;
COMMIT;

/*!40101 SET CHARACTER_SET_CLIENT=@OLD_CHARACTER_SET_CLIENT */;
/*!40101 SET CHARACTER_SET_RESULTS=@OLD_CHARACTER_SET_RESULTS */;
/*!40101 SET COLLATION_CONNECTION=@OLD_COLLATION_CONNECTION */;
