-- phpMyAdmin SQL Dump
-- version 4.8.2
-- https://www.phpmyadmin.net/
--
-- Host: 127.0.0.1
-- Generation Time: Sep 11, 2019 at 04:50 PM
-- Server version: 10.1.34-MariaDB
-- PHP Version: 7.2.7

SET SQL_MODE = "NO_AUTO_VALUE_ON_ZERO";
SET AUTOCOMMIT = 0;
START TRANSACTION;
SET time_zone = "+00:00";


/*!40101 SET @OLD_CHARACTER_SET_CLIENT=@@CHARACTER_SET_CLIENT */;
/*!40101 SET @OLD_CHARACTER_SET_RESULTS=@@CHARACTER_SET_RESULTS */;
/*!40101 SET @OLD_COLLATION_CONNECTION=@@COLLATION_CONNECTION */;
/*!40101 SET NAMES utf8mb4 */;

--
-- Database: `ci_backpro`
--

-- --------------------------------------------------------

--
-- Table structure for table `learnings`
--

CREATE TABLE `learnings` (
  `learning_id` int(10) NOT NULL,
  `train_data` int(10) NOT NULL,
  `target` double NOT NULL,
  `last_mse` double NOT NULL,
  `target_mse` double NOT NULL,
  `last_epoch` int(10) NOT NULL,
  `status` varchar(255) NOT NULL,
  `created_at` datetime NOT NULL DEFAULT CURRENT_TIMESTAMP
) ENGINE=InnoDB DEFAULT CHARSET=latin1;

--
-- Dumping data for table `learnings`
--

INSERT INTO `learnings` (`learning_id`, `train_data`, `target`, `last_mse`, `target_mse`, `last_epoch`, `status`, `created_at`) VALUES
(10, 3, 0.42850596871686, 0.0000982062, 0.0001, 92, 'success', '2019-08-08 11:38:18'),
(12, 3, 0.42850596871686, 0.0000999755, 0.0001, 324, 'success', '2019-08-08 11:51:03'),
(13, 3, 0.42850596871686, 0.0000992624, 0.0001, 103, 'success', '2019-08-08 11:51:06'),
(14, 3, 0.42850596871686, 0.0000958859, 0.0001, 21, 'success', '2019-08-08 11:51:09'),
(19, 3, 0.42850596871686, 0.0000998491, 0.0001, 27, 'success', '2019-08-08 11:51:22'),
(20, 3, 0.42850596871686, 0.0000992879, 0.0001, 154, 'success', '2019-08-19 18:45:59'),
(21, 3, 0.42850596871686, 0.0000994239, 0.0001, 190, 'success', '2019-08-28 13:24:55');

-- --------------------------------------------------------

--
-- Table structure for table `learn_mse`
--

CREATE TABLE `learn_mse` (
  `mse_id` int(10) NOT NULL,
  `learning_id` int(10) NOT NULL,
  `mse` text NOT NULL,
  `created_at` datetime NOT NULL DEFAULT CURRENT_TIMESTAMP
) ENGINE=InnoDB DEFAULT CHARSET=latin1;

--
-- Dumping data for table `learn_mse`
--

INSERT INTO `learn_mse` (`mse_id`, `learning_id`, `mse`, `created_at`) VALUES
(10, 10, 'a:92:{i:0;s:12:\"0.0084987089\";i:1;s:12:\"0.0044479191\";i:2;s:12:\"0.0040568793\";i:3;s:12:\"0.0038490148\";i:4;s:12:\"0.0036637993\";i:5;s:12:\"0.0034897295\";i:6;s:12:\"0.0033253501\";i:7;s:12:\"0.0031699610\";i:8;s:12:\"0.0030229637\";i:9;s:12:\"0.0028838113\";i:10;s:12:\"0.0027520003\";i:11;s:12:\"0.0026270666\";i:12;s:12:\"0.0025085817\";i:13;s:12:\"0.0023961495\";i:14;s:12:\"0.0022894033\";i:15;s:12:\"0.0021880034\";i:16;s:12:\"0.0020916344\";i:17;s:12:\"0.0020000035\";i:18;s:12:\"0.0019128382\";i:19;s:12:\"0.0018298850\";i:20;s:12:\"0.0017509075\";i:21;s:12:\"0.0016756853\";i:22;s:12:\"0.0016040125\";i:23;s:12:\"0.0015356965\";i:24;s:12:\"0.0014705573\";i:25;s:12:\"0.0014084264\";i:26;s:12:\"0.0013491456\";i:27;s:12:\"0.0012925668\";i:28;s:12:\"0.0012385506\";i:29;s:12:\"0.0011869665\";i:30;s:12:\"0.0011376913\";i:31;s:12:\"0.0010906094\";i:32;s:12:\"0.0010456119\";i:33;s:12:\"0.0010025960\";i:34;s:12:\"0.0009614650\";i:35;s:12:\"0.0009221275\";i:36;s:12:\"0.0008844973\";i:37;s:12:\"0.0008484928\";i:38;s:12:\"0.0008140370\";i:39;s:12:\"0.0007810570\";i:40;s:12:\"0.0007494839\";i:41;s:12:\"0.0007192523\";i:42;s:12:\"0.0006903005\";i:43;s:12:\"0.0006625697\";i:44;s:12:\"0.0006360042\";i:45;s:12:\"0.0006105515\";i:46;s:12:\"0.0005861612\";i:47;s:12:\"0.0005627859\";i:48;s:12:\"0.0005403803\";i:49;s:12:\"0.0005189015\";i:50;s:12:\"0.0004983085\";i:51;s:12:\"0.0004785626\";i:52;s:12:\"0.0004596268\";i:53;s:12:\"0.0004414657\";i:54;s:12:\"0.0004240460\";i:55;s:12:\"0.0004073355\";i:56;s:12:\"0.0003913040\";i:57;s:12:\"0.0003759223\";i:58;s:12:\"0.0003611627\";i:59;s:12:\"0.0003469990\";i:60;s:12:\"0.0003334059\";i:61;s:12:\"0.0003203593\";i:62;s:12:\"0.0003078363\";i:63;s:12:\"0.0002958151\";i:64;s:12:\"0.0002842745\";i:65;s:12:\"0.0002731948\";i:66;s:12:\"0.0002625567\";i:67;s:12:\"0.0002523420\";i:68;s:12:\"0.0002425332\";i:69;s:12:\"0.0002331136\";i:70;s:12:\"0.0002240673\";i:71;s:12:\"0.0002153790\";i:72;s:12:\"0.0002070340\";i:73;s:12:\"0.0001990184\";i:74;s:12:\"0.0001913188\";i:75;s:12:\"0.0001839224\";i:76;s:12:\"0.0001768169\";i:77;s:12:\"0.0001699905\";i:78;s:12:\"0.0001634320\";i:79;s:12:\"0.0001571307\";i:80;s:12:\"0.0001510761\";i:81;s:12:\"0.0001452584\";i:82;s:12:\"0.0001396681\";i:83;s:12:\"0.0001342961\";i:84;s:12:\"0.0001291338\";i:85;s:12:\"0.0001241726\";i:86;s:12:\"0.0001194048\";i:87;s:12:\"0.0001148225\";i:88;s:12:\"0.0001104184\";i:89;s:12:\"0.0001061855\";i:90;s:12:\"0.0001021169\";i:91;s:12:\"0.0000982062\";}', '2019-08-08 11:38:18'),
(12, 12, 'a:324:{i:0;s:12:\"0.3280946034\";i:1;s:12:\"0.0022365752\";i:2;s:12:\"0.0014718399\";i:3;s:12:\"0.0014703422\";i:4;s:12:\"0.0014526944\";i:5;s:12:\"0.0014342418\";i:6;s:12:\"0.0014160661\";i:7;s:12:\"0.0013982216\";i:8;s:12:\"0.0013807034\";i:9;s:12:\"0.0013635033\";i:10;s:12:\"0.0013466132\";i:11;s:12:\"0.0013300251\";i:12;s:12:\"0.0013137314\";i:13;s:12:\"0.0012977248\";i:14;s:12:\"0.0012819982\";i:15;s:12:\"0.0012665448\";i:16;s:12:\"0.0012513578\";i:17;s:12:\"0.0012364307\";i:18;s:12:\"0.0012217575\";i:19;s:12:\"0.0012073320\";i:20;s:12:\"0.0011931483\";i:21;s:12:\"0.0011792008\";i:22;s:12:\"0.0011654841\";i:23;s:12:\"0.0011519928\";i:24;s:12:\"0.0011387216\";i:25;s:12:\"0.0011256657\";i:26;s:12:\"0.0011128201\";i:27;s:12:\"0.0011001802\";i:28;s:12:\"0.0010877414\";i:29;s:12:\"0.0010754991\";i:30;s:12:\"0.0010634492\";i:31;s:12:\"0.0010515874\";i:32;s:12:\"0.0010399097\";i:33;s:12:\"0.0010284121\";i:34;s:12:\"0.0010170908\";i:35;s:12:\"0.0010059420\";i:36;s:12:\"0.0009949622\";i:37;s:12:\"0.0009841477\";i:38;s:12:\"0.0009734952\";i:39;s:12:\"0.0009630013\";i:40;s:12:\"0.0009526627\";i:41;s:12:\"0.0009424764\";i:42;s:12:\"0.0009324393\";i:43;s:12:\"0.0009225483\";i:44;s:12:\"0.0009128005\";i:45;s:12:\"0.0009031931\";i:46;s:12:\"0.0008937234\";i:47;s:12:\"0.0008843886\";i:48;s:12:\"0.0008751861\";i:49;s:12:\"0.0008661134\";i:50;s:12:\"0.0008571679\";i:51;s:12:\"0.0008483473\";i:52;s:12:\"0.0008396491\";i:53;s:12:\"0.0008310711\";i:54;s:12:\"0.0008226111\";i:55;s:12:\"0.0008142667\";i:56;s:12:\"0.0008060359\";i:57;s:12:\"0.0007979166\";i:58;s:12:\"0.0007899067\";i:59;s:12:\"0.0007820043\";i:60;s:12:\"0.0007742073\";i:61;s:12:\"0.0007665140\";i:62;s:12:\"0.0007589224\";i:63;s:12:\"0.0007514307\";i:64;s:12:\"0.0007440372\";i:65;s:12:\"0.0007367402\";i:66;s:12:\"0.0007295379\";i:67;s:12:\"0.0007224286\";i:68;s:12:\"0.0007154109\";i:69;s:12:\"0.0007084831\";i:70;s:12:\"0.0007016436\";i:71;s:12:\"0.0006948910\";i:72;s:12:\"0.0006882238\";i:73;s:12:\"0.0006816405\";i:74;s:12:\"0.0006751398\";i:75;s:12:\"0.0006687203\";i:76;s:12:\"0.0006623805\";i:77;s:12:\"0.0006561192\";i:78;s:12:\"0.0006499352\";i:79;s:12:\"0.0006438270\";i:80;s:12:\"0.0006377936\";i:81;s:12:\"0.0006318337\";i:82;s:12:\"0.0006259460\";i:83;s:12:\"0.0006201296\";i:84;s:12:\"0.0006143831\";i:85;s:12:\"0.0006087055\";i:86;s:12:\"0.0006030957\";i:87;s:12:\"0.0005975526\";i:88;s:12:\"0.0005920753\";i:89;s:12:\"0.0005866626\";i:90;s:12:\"0.0005813135\";i:91;s:12:\"0.0005760272\";i:92;s:12:\"0.0005708025\";i:93;s:12:\"0.0005656386\";i:94;s:12:\"0.0005605346\";i:95;s:12:\"0.0005554895\";i:96;s:12:\"0.0005505024\";i:97;s:12:\"0.0005455725\";i:98;s:12:\"0.0005406989\";i:99;s:12:\"0.0005358808\";i:100;s:12:\"0.0005311173\";i:101;s:12:\"0.0005264076\";i:102;s:12:\"0.0005217510\";i:103;s:12:\"0.0005171467\";i:104;s:12:\"0.0005125939\";i:105;s:12:\"0.0005080918\";i:106;s:12:\"0.0005036397\";i:107;s:12:\"0.0004992370\";i:108;s:12:\"0.0004948828\";i:109;s:12:\"0.0004905765\";i:110;s:12:\"0.0004863174\";i:111;s:12:\"0.0004821049\";i:112;s:12:\"0.0004779383\";i:113;s:12:\"0.0004738169\";i:114;s:12:\"0.0004697401\";i:115;s:12:\"0.0004657072\";i:116;s:12:\"0.0004617178\";i:117;s:12:\"0.0004577711\";i:118;s:12:\"0.0004538666\";i:119;s:12:\"0.0004500037\";i:120;s:12:\"0.0004461818\";i:121;s:12:\"0.0004424004\";i:122;s:12:\"0.0004386589\";i:123;s:12:\"0.0004349568\";i:124;s:12:\"0.0004312935\";i:125;s:12:\"0.0004276685\";i:126;s:12:\"0.0004240814\";i:127;s:12:\"0.0004205316\";i:128;s:12:\"0.0004170185\";i:129;s:12:\"0.0004135418\";i:130;s:12:\"0.0004101010\";i:131;s:12:\"0.0004066955\";i:132;s:12:\"0.0004033249\";i:133;s:12:\"0.0003999887\";i:134;s:12:\"0.0003966866\";i:135;s:12:\"0.0003934180\";i:136;s:12:\"0.0003901826\";i:137;s:12:\"0.0003869798\";i:138;s:12:\"0.0003838094\";i:139;s:12:\"0.0003806708\";i:140;s:12:\"0.0003775637\";i:141;s:12:\"0.0003744876\";i:142;s:12:\"0.0003714422\";i:143;s:12:\"0.0003684271\";i:144;s:12:\"0.0003654419\";i:145;s:12:\"0.0003624862\";i:146;s:12:\"0.0003595597\";i:147;s:12:\"0.0003566619\";i:148;s:12:\"0.0003537926\";i:149;s:12:\"0.0003509514\";i:150;s:12:\"0.0003481379\";i:151;s:12:\"0.0003453519\";i:152;s:12:\"0.0003425929\";i:153;s:12:\"0.0003398606\";i:154;s:12:\"0.0003371547\";i:155;s:12:\"0.0003344749\";i:156;s:12:\"0.0003318209\";i:157;s:12:\"0.0003291924\";i:158;s:12:\"0.0003265890\";i:159;s:12:\"0.0003240105\";i:160;s:12:\"0.0003214565\";i:161;s:12:\"0.0003189267\";i:162;s:12:\"0.0003164210\";i:163;s:12:\"0.0003139389\";i:164;s:12:\"0.0003114803\";i:165;s:12:\"0.0003090448\";i:166;s:12:\"0.0003066322\";i:167;s:12:\"0.0003042421\";i:168;s:12:\"0.0003018744\";i:169;s:12:\"0.0002995288\";i:170;s:12:\"0.0002972049\";i:171;s:12:\"0.0002949027\";i:172;s:12:\"0.0002926218\";i:173;s:12:\"0.0002903619\";i:174;s:12:\"0.0002881229\";i:175;s:12:\"0.0002859044\";i:176;s:12:\"0.0002837063\";i:177;s:12:\"0.0002815284\";i:178;s:12:\"0.0002793703\";i:179;s:12:\"0.0002772320\";i:180;s:12:\"0.0002751130\";i:181;s:12:\"0.0002730133\";i:182;s:12:\"0.0002709327\";i:183;s:12:\"0.0002688708\";i:184;s:12:\"0.0002668275\";i:185;s:12:\"0.0002648026\";i:186;s:12:\"0.0002627959\";i:187;s:12:\"0.0002608072\";i:188;s:12:\"0.0002588363\";i:189;s:12:\"0.0002568829\";i:190;s:12:\"0.0002549470\";i:191;s:12:\"0.0002530283\";i:192;s:12:\"0.0002511266\";i:193;s:12:\"0.0002492417\";i:194;s:12:\"0.0002473734\";i:195;s:12:\"0.0002455217\";i:196;s:12:\"0.0002436862\";i:197;s:12:\"0.0002418669\";i:198;s:12:\"0.0002400635\";i:199;s:12:\"0.0002382759\";i:200;s:12:\"0.0002365039\";i:201;s:12:\"0.0002347473\";i:202;s:12:\"0.0002330060\";i:203;s:12:\"0.0002312798\";i:204;s:12:\"0.0002295686\";i:205;s:12:\"0.0002278721\";i:206;s:12:\"0.0002261903\";i:207;s:12:\"0.0002245230\";i:208;s:12:\"0.0002228701\";i:209;s:12:\"0.0002212313\";i:210;s:12:\"0.0002196065\";i:211;s:12:\"0.0002179957\";i:212;s:12:\"0.0002163986\";i:213;s:12:\"0.0002148151\";i:214;s:12:\"0.0002132450\";i:215;s:12:\"0.0002116883\";i:216;s:12:\"0.0002101448\";i:217;s:12:\"0.0002086143\";i:218;s:12:\"0.0002070968\";i:219;s:12:\"0.0002055920\";i:220;s:12:\"0.0002040999\";i:221;s:12:\"0.0002026203\";i:222;s:12:\"0.0002011532\";i:223;s:12:\"0.0001996983\";i:224;s:12:\"0.0001982555\";i:225;s:12:\"0.0001968248\";i:226;s:12:\"0.0001954061\";i:227;s:12:\"0.0001939991\";i:228;s:12:\"0.0001926037\";i:229;s:12:\"0.0001912200\";i:230;s:12:\"0.0001898476\";i:231;s:12:\"0.0001884867\";i:232;s:12:\"0.0001871369\";i:233;s:12:\"0.0001857982\";i:234;s:12:\"0.0001844705\";i:235;s:12:\"0.0001831538\";i:236;s:12:\"0.0001818478\";i:237;s:12:\"0.0001805524\";i:238;s:12:\"0.0001792677\";i:239;s:12:\"0.0001779934\";i:240;s:12:\"0.0001767295\";i:241;s:12:\"0.0001754758\";i:242;s:12:\"0.0001742323\";i:243;s:12:\"0.0001729989\";i:244;s:12:\"0.0001717755\";i:245;s:12:\"0.0001705619\";i:246;s:12:\"0.0001693581\";i:247;s:12:\"0.0001681640\";i:248;s:12:\"0.0001669795\";i:249;s:12:\"0.0001658045\";i:250;s:12:\"0.0001646389\";i:251;s:12:\"0.0001634826\";i:252;s:12:\"0.0001623356\";i:253;s:12:\"0.0001611977\";i:254;s:12:\"0.0001600689\";i:255;s:12:\"0.0001589490\";i:256;s:12:\"0.0001578381\";i:257;s:12:\"0.0001567359\";i:258;s:12:\"0.0001556425\";i:259;s:12:\"0.0001545577\";i:260;s:12:\"0.0001534815\";i:261;s:12:\"0.0001524137\";i:262;s:12:\"0.0001513544\";i:263;s:12:\"0.0001503033\";i:264;s:12:\"0.0001492606\";i:265;s:12:\"0.0001482260\";i:266;s:12:\"0.0001471995\";i:267;s:12:\"0.0001461810\";i:268;s:12:\"0.0001451705\";i:269;s:12:\"0.0001441678\";i:270;s:12:\"0.0001431729\";i:271;s:12:\"0.0001421858\";i:272;s:12:\"0.0001412063\";i:273;s:12:\"0.0001402345\";i:274;s:12:\"0.0001392701\";i:275;s:12:\"0.0001383132\";i:276;s:12:\"0.0001373637\";i:277;s:12:\"0.0001364215\";i:278;s:12:\"0.0001354866\";i:279;s:12:\"0.0001345588\";i:280;s:12:\"0.0001336382\";i:281;s:12:\"0.0001327246\";i:282;s:12:\"0.0001318181\";i:283;s:12:\"0.0001309184\";i:284;s:12:\"0.0001300257\";i:285;s:12:\"0.0001291397\";i:286;s:12:\"0.0001282605\";i:287;s:12:\"0.0001273880\";i:288;s:12:\"0.0001265221\";i:289;s:12:\"0.0001256628\";i:290;s:12:\"0.0001248100\";i:291;s:12:\"0.0001239636\";i:292;s:12:\"0.0001231237\";i:293;s:12:\"0.0001222901\";i:294;s:12:\"0.0001214628\";i:295;s:12:\"0.0001206417\";i:296;s:12:\"0.0001198268\";i:297;s:12:\"0.0001190180\";i:298;s:12:\"0.0001182153\";i:299;s:12:\"0.0001174187\";i:300;s:12:\"0.0001166279\";i:301;s:12:\"0.0001158431\";i:302;s:12:\"0.0001150642\";i:303;s:12:\"0.0001142911\";i:304;s:12:\"0.0001135237\";i:305;s:12:\"0.0001127620\";i:306;s:12:\"0.0001120061\";i:307;s:12:\"0.0001112557\";i:308;s:12:\"0.0001105109\";i:309;s:12:\"0.0001097716\";i:310;s:12:\"0.0001090378\";i:311;s:12:\"0.0001083094\";i:312;s:12:\"0.0001075864\";i:313;s:12:\"0.0001068687\";i:314;s:12:\"0.0001061563\";i:315;s:12:\"0.0001054491\";i:316;s:12:\"0.0001047472\";i:317;s:12:\"0.0001040504\";i:318;s:12:\"0.0001033587\";i:319;s:12:\"0.0001026721\";i:320;s:12:\"0.0001019905\";i:321;s:12:\"0.0001013139\";i:322;s:12:\"0.0001006423\";i:323;s:12:\"0.0000999755\";}', '2019-08-08 11:51:03'),
(13, 13, 'a:103:{i:0;s:12:\"0.4219670965\";i:1;s:12:\"0.0047439316\";i:2;s:12:\"0.0030776779\";i:3;s:12:\"0.0029017295\";i:4;s:12:\"0.0027686977\";i:5;s:12:\"0.0026439337\";i:6;s:12:\"0.0025259102\";i:7;s:12:\"0.0024141725\";i:8;s:12:\"0.0023083296\";i:9;s:12:\"0.0022080194\";i:10;s:12:\"0.0021129058\";i:11;s:12:\"0.0020226759\";i:12;s:12:\"0.0019370388\";i:13;s:12:\"0.0018557233\";i:14;s:12:\"0.0017784767\";i:15;s:12:\"0.0017050629\";i:16;s:12:\"0.0016352617\";i:17;s:12:\"0.0015688671\";i:18;s:12:\"0.0015056867\";i:19;s:12:\"0.0014455402\";i:20;s:12:\"0.0013882587\";i:21;s:12:\"0.0013336842\";i:22;s:12:\"0.0012816683\";i:23;s:12:\"0.0012320719\";i:24;s:12:\"0.0011847644\";i:25;s:12:\"0.0011396232\";i:26;s:12:\"0.0010965328\";i:27;s:12:\"0.0010553849\";i:28;s:12:\"0.0010160777\";i:29;s:12:\"0.0009785151\";i:30;s:12:\"0.0009426068\";i:31;s:12:\"0.0009082677\";i:32;s:12:\"0.0008754177\";i:33;s:12:\"0.0008439812\";i:34;s:12:\"0.0008138868\";i:35;s:12:\"0.0007850675\";i:36;s:12:\"0.0007574598\";i:37;s:12:\"0.0007310036\";i:38;s:12:\"0.0007056426\";i:39;s:12:\"0.0006813232\";i:40;s:12:\"0.0006579950\";i:41;s:12:\"0.0006356101\";i:42;s:12:\"0.0006141236\";i:43;s:12:\"0.0005934927\";i:44;s:12:\"0.0005736769\";i:45;s:12:\"0.0005546381\";i:46;s:12:\"0.0005363400\";i:47;s:12:\"0.0005187485\";i:48;s:12:\"0.0005018309\";i:49;s:12:\"0.0004855566\";i:50;s:12:\"0.0004698964\";i:51;s:12:\"0.0004548226\";i:52;s:12:\"0.0004403090\";i:53;s:12:\"0.0004263308\";i:54;s:12:\"0.0004128644\";i:55;s:12:\"0.0003998873\";i:56;s:12:\"0.0003873784\";i:57;s:12:\"0.0003753173\";i:58;s:12:\"0.0003636850\";i:59;s:12:\"0.0003524632\";i:60;s:12:\"0.0003416346\";i:61;s:12:\"0.0003311827\";i:62;s:12:\"0.0003210920\";i:63;s:12:\"0.0003113474\";i:64;s:12:\"0.0003019348\";i:65;s:12:\"0.0002928408\";i:66;s:12:\"0.0002840525\";i:67;s:12:\"0.0002755576\";i:68;s:12:\"0.0002673446\";i:69;s:12:\"0.0002594023\";i:70;s:12:\"0.0002517202\";i:71;s:12:\"0.0002442882\";i:72;s:12:\"0.0002370966\";i:73;s:12:\"0.0002301364\";i:74;s:12:\"0.0002233986\";i:75;s:12:\"0.0002168751\";i:76;s:12:\"0.0002105577\";i:77;s:12:\"0.0002044390\";i:78;s:12:\"0.0001985115\";i:79;s:12:\"0.0001927684\";i:80;s:12:\"0.0001872029\";i:81;s:12:\"0.0001818088\";i:82;s:12:\"0.0001765799\";i:83;s:12:\"0.0001715104\";i:84;s:12:\"0.0001665948\";i:85;s:12:\"0.0001618276\";i:86;s:12:\"0.0001572038\";i:87;s:12:\"0.0001527184\";i:88;s:12:\"0.0001483668\";i:89;s:12:\"0.0001441445\";i:90;s:12:\"0.0001400470\";i:91;s:12:\"0.0001360704\";i:92;s:12:\"0.0001322105\";i:93;s:12:\"0.0001284636\";i:94;s:12:\"0.0001248260\";i:95;s:12:\"0.0001212941\";i:96;s:12:\"0.0001178645\";i:97;s:12:\"0.0001145341\";i:98;s:12:\"0.0001112996\";i:99;s:12:\"0.0001081581\";i:100;s:12:\"0.0001051065\";i:101;s:12:\"0.0001021422\";i:102;s:12:\"0.0000992624\";}', '2019-08-08 11:51:06'),
(14, 14, 'a:21:{i:0;s:12:\"0.1457845464\";i:1;s:12:\"0.0011165710\";i:2;s:12:\"0.0002431556\";i:3;s:12:\"0.0002114782\";i:4;s:12:\"0.0002008329\";i:5;s:12:\"0.0001917284\";i:6;s:12:\"0.0001830939\";i:7;s:12:\"0.0001748488\";i:8;s:12:\"0.0001669723\";i:9;s:12:\"0.0001594477\";i:10;s:12:\"0.0001522594\";i:11;s:12:\"0.0001453923\";i:12;s:12:\"0.0001388323\";i:13;s:12:\"0.0001325655\";i:14;s:12:\"0.0001265791\";i:15;s:12:\"0.0001208605\";i:16;s:12:\"0.0001153978\";i:17;s:12:\"0.0001101796\";i:18;s:12:\"0.0001051950\";i:19;s:12:\"0.0001004338\";i:20;s:12:\"0.0000958859\";}', '2019-08-08 11:51:09'),
(19, 19, 'a:27:{i:0;s:12:\"0.0315714544\";i:1;s:12:\"0.0006589603\";i:2;s:12:\"0.0001859505\";i:3;s:12:\"0.0001608852\";i:4;s:12:\"0.0001557580\";i:5;s:12:\"0.0001524167\";i:6;s:12:\"0.0001493109\";i:7;s:12:\"0.0001462890\";i:8;s:12:\"0.0001433348\";i:9;s:12:\"0.0001404452\";i:10;s:12:\"0.0001376185\";i:11;s:12:\"0.0001348533\";i:12;s:12:\"0.0001321481\";i:13;s:12:\"0.0001295015\";i:14;s:12:\"0.0001269121\";i:15;s:12:\"0.0001243786\";i:16;s:12:\"0.0001218996\";i:17;s:12:\"0.0001194740\";i:18;s:12:\"0.0001171005\";i:19;s:12:\"0.0001147779\";i:20;s:12:\"0.0001125049\";i:21;s:12:\"0.0001102805\";i:22;s:12:\"0.0001081036\";i:23;s:12:\"0.0001059731\";i:24;s:12:\"0.0001038878\";i:25;s:12:\"0.0001018468\";i:26;s:12:\"0.0000998491\";}', '2019-08-08 11:51:22'),
(20, 20, 'a:154:{i:0;s:12:\"0.0172843407\";i:1;s:12:\"0.0013394100\";i:2;s:12:\"0.0009927945\";i:3;s:12:\"0.0009549255\";i:4;s:12:\"0.0009365159\";i:5;s:12:\"0.0009200865\";i:6;s:12:\"0.0009041422\";i:7;s:12:\"0.0008885426\";i:8;s:12:\"0.0008732674\";i:9;s:12:\"0.0008583073\";i:10;s:12:\"0.0008436539\";i:11;s:12:\"0.0008292995\";i:12;s:12:\"0.0008152365\";i:13;s:12:\"0.0008014575\";i:14;s:12:\"0.0007879555\";i:15;s:12:\"0.0007747234\";i:16;s:12:\"0.0007617547\";i:17;s:12:\"0.0007490428\";i:18;s:12:\"0.0007365814\";i:19;s:12:\"0.0007243645\";i:20;s:12:\"0.0007123862\";i:21;s:12:\"0.0007006407\";i:22;s:12:\"0.0006891225\";i:23;s:12:\"0.0006778261\";i:24;s:12:\"0.0006667464\";i:25;s:12:\"0.0006558781\";i:26;s:12:\"0.0006452165\";i:27;s:12:\"0.0006347567\";i:28;s:12:\"0.0006244940\";i:29;s:12:\"0.0006144239\";i:30;s:12:\"0.0006045421\";i:31;s:12:\"0.0005948442\";i:32;s:12:\"0.0005853260\";i:33;s:12:\"0.0005759836\";i:34;s:12:\"0.0005668130\";i:35;s:12:\"0.0005578104\";i:36;s:12:\"0.0005489721\";i:37;s:12:\"0.0005402944\";i:38;s:12:\"0.0005317739\";i:39;s:12:\"0.0005234071\";i:40;s:12:\"0.0005151907\";i:41;s:12:\"0.0005071214\";i:42;s:12:\"0.0004991961\";i:43;s:12:\"0.0004914117\";i:44;s:12:\"0.0004837652\";i:45;s:12:\"0.0004762537\";i:46;s:12:\"0.0004688744\";i:47;s:12:\"0.0004616245\";i:48;s:12:\"0.0004545012\";i:49;s:12:\"0.0004475020\";i:50;s:12:\"0.0004406243\";i:51;s:12:\"0.0004338656\";i:52;s:12:\"0.0004272235\";i:53;s:12:\"0.0004206955\";i:54;s:12:\"0.0004142794\";i:55;s:12:\"0.0004079729\";i:56;s:12:\"0.0004017738\";i:57;s:12:\"0.0003956800\";i:58;s:12:\"0.0003896893\";i:59;s:12:\"0.0003837997\";i:60;s:12:\"0.0003780092\";i:61;s:12:\"0.0003723159\";i:62;s:12:\"0.0003667178\";i:63;s:12:\"0.0003612132\";i:64;s:12:\"0.0003558000\";i:65;s:12:\"0.0003504767\";i:66;s:12:\"0.0003452415\";i:67;s:12:\"0.0003400926\";i:68;s:12:\"0.0003350284\";i:69;s:12:\"0.0003300474\";i:70;s:12:\"0.0003251479\";i:71;s:12:\"0.0003203283\";i:72;s:12:\"0.0003155873\";i:73;s:12:\"0.0003109232\";i:74;s:12:\"0.0003063347\";i:75;s:12:\"0.0003018204\";i:76;s:12:\"0.0002973788\";i:77;s:12:\"0.0002930087\";i:78;s:12:\"0.0002887087\";i:79;s:12:\"0.0002844775\";i:80;s:12:\"0.0002803139\";i:81;s:12:\"0.0002762166\";i:82;s:12:\"0.0002721845\";i:83;s:12:\"0.0002682163\";i:84;s:12:\"0.0002643109\";i:85;s:12:\"0.0002604671\";i:86;s:12:\"0.0002566840\";i:87;s:12:\"0.0002529603\";i:88;s:12:\"0.0002492950\";i:89;s:12:\"0.0002456871\";i:90;s:12:\"0.0002421355\";i:91;s:12:\"0.0002386394\";i:92;s:12:\"0.0002351976\";i:93;s:12:\"0.0002318092\";i:94;s:12:\"0.0002284734\";i:95;s:12:\"0.0002251892\";i:96;s:12:\"0.0002219557\";i:97;s:12:\"0.0002187719\";i:98;s:12:\"0.0002156372\";i:99;s:12:\"0.0002125506\";i:100;s:12:\"0.0002095112\";i:101;s:12:\"0.0002065183\";i:102;s:12:\"0.0002035712\";i:103;s:12:\"0.0002006689\";i:104;s:12:\"0.0001978108\";i:105;s:12:\"0.0001949960\";i:106;s:12:\"0.0001922240\";i:107;s:12:\"0.0001894939\";i:108;s:12:\"0.0001868050\";i:109;s:12:\"0.0001841567\";i:110;s:12:\"0.0001815483\";i:111;s:12:\"0.0001789791\";i:112;s:12:\"0.0001764484\";i:113;s:12:\"0.0001739557\";i:114;s:12:\"0.0001715003\";i:115;s:12:\"0.0001690815\";i:116;s:12:\"0.0001666988\";i:117;s:12:\"0.0001643517\";i:118;s:12:\"0.0001620394\";i:119;s:12:\"0.0001597614\";i:120;s:12:\"0.0001575173\";i:121;s:12:\"0.0001553063\";i:122;s:12:\"0.0001531281\";i:123;s:12:\"0.0001509820\";i:124;s:12:\"0.0001488676\";i:125;s:12:\"0.0001467843\";i:126;s:12:\"0.0001447316\";i:127;s:12:\"0.0001427091\";i:128;s:12:\"0.0001407163\";i:129;s:12:\"0.0001387526\";i:130;s:12:\"0.0001368176\";i:131;s:12:\"0.0001349110\";i:132;s:12:\"0.0001330321\";i:133;s:12:\"0.0001311806\";i:134;s:12:\"0.0001293561\";i:135;s:12:\"0.0001275581\";i:136;s:12:\"0.0001257862\";i:137;s:12:\"0.0001240400\";i:138;s:12:\"0.0001223191\";i:139;s:12:\"0.0001206231\";i:140;s:12:\"0.0001189516\";i:141;s:12:\"0.0001173042\";i:142;s:12:\"0.0001156806\";i:143;s:12:\"0.0001140804\";i:144;s:12:\"0.0001125032\";i:145;s:12:\"0.0001109487\";i:146;s:12:\"0.0001094165\";i:147;s:12:\"0.0001079063\";i:148;s:12:\"0.0001064177\";i:149;s:12:\"0.0001049504\";i:150;s:12:\"0.0001035041\";i:151;s:12:\"0.0001020785\";i:152;s:12:\"0.0001006732\";i:153;s:12:\"0.0000992879\";}', '2019-08-19 18:45:59'),
(21, 21, 'a:190:{i:0;s:12:\"0.0482666358\";i:1;s:12:\"0.0031828081\";i:2;s:12:\"0.0022397419\";i:3;s:12:\"0.0021260266\";i:4;s:12:\"0.0020628542\";i:5;s:12:\"0.0020056755\";i:6;s:12:\"0.0019509066\";i:7;s:12:\"0.0018981668\";i:8;s:12:\"0.0018473403\";i:9;s:12:\"0.0017983375\";i:10;s:12:\"0.0017510754\";i:11;s:12:\"0.0017054758\";i:12;s:12:\"0.0016614648\";i:13;s:12:\"0.0016189726\";i:14;s:12:\"0.0015779328\";i:15;s:12:\"0.0015382829\";i:16;s:12:\"0.0014999634\";i:17;s:12:\"0.0014629182\";i:18;s:12:\"0.0014270937\";i:19;s:12:\"0.0013924394\";i:20;s:12:\"0.0013589072\";i:21;s:12:\"0.0013264512\";i:22;s:12:\"0.0012950281\";i:23;s:12:\"0.0012645965\";i:24;s:12:\"0.0012351172\";i:25;s:12:\"0.0012065527\";i:26;s:12:\"0.0011788673\";i:27;s:12:\"0.0011520271\";i:28;s:12:\"0.0011259998\";i:29;s:12:\"0.0011007543\";i:30;s:12:\"0.0010762614\";i:31;s:12:\"0.0010524929\";i:32;s:12:\"0.0010294219\";i:33;s:12:\"0.0010070228\";i:34;s:12:\"0.0009852711\";i:35;s:12:\"0.0009641434\";i:36;s:12:\"0.0009436173\";i:37;s:12:\"0.0009236713\";i:38;s:12:\"0.0009042850\";i:39;s:12:\"0.0008854386\";i:40;s:12:\"0.0008671134\";i:41;s:12:\"0.0008492914\";i:42;s:12:\"0.0008319553\";i:43;s:12:\"0.0008150886\";i:44;s:12:\"0.0007986753\";i:45;s:12:\"0.0007827002\";i:46;s:12:\"0.0007671488\";i:47;s:12:\"0.0007520069\";i:48;s:12:\"0.0007372612\";i:49;s:12:\"0.0007228986\";i:50;s:12:\"0.0007089068\";i:51;s:12:\"0.0006952738\";i:52;s:12:\"0.0006819880\";i:53;s:12:\"0.0006690385\";i:54;s:12:\"0.0006564147\";i:55;s:12:\"0.0006441062\";i:56;s:12:\"0.0006321033\";i:57;s:12:\"0.0006203965\";i:58;s:12:\"0.0006089766\";i:59;s:12:\"0.0005978350\";i:60;s:12:\"0.0005869630\";i:61;s:12:\"0.0005763527\";i:62;s:12:\"0.0005659960\";i:63;s:12:\"0.0005558854\";i:64;s:12:\"0.0005460137\";i:65;s:12:\"0.0005363737\";i:66;s:12:\"0.0005269587\";i:67;s:12:\"0.0005177621\";i:68;s:12:\"0.0005087776\";i:69;s:12:\"0.0004999990\";i:70;s:12:\"0.0004914205\";i:71;s:12:\"0.0004830364\";i:72;s:12:\"0.0004748411\";i:73;s:12:\"0.0004668293\";i:74;s:12:\"0.0004589959\";i:75;s:12:\"0.0004513359\";i:76;s:12:\"0.0004438445\";i:77;s:12:\"0.0004365170\";i:78;s:12:\"0.0004293490\";i:79;s:12:\"0.0004223362\";i:80;s:12:\"0.0004154742\";i:81;s:12:\"0.0004087591\";i:82;s:12:\"0.0004021869\";i:83;s:12:\"0.0003957537\";i:84;s:12:\"0.0003894560\";i:85;s:12:\"0.0003832900\";i:86;s:12:\"0.0003772525\";i:87;s:12:\"0.0003713399\";i:88;s:12:\"0.0003655491\";i:89;s:12:\"0.0003598769\";i:90;s:12:\"0.0003543202\";i:91;s:12:\"0.0003488761\";i:92;s:12:\"0.0003435418\";i:93;s:12:\"0.0003383144\";i:94;s:12:\"0.0003331912\";i:95;s:12:\"0.0003281697\";i:96;s:12:\"0.0003232472\";i:97;s:12:\"0.0003184214\";i:98;s:12:\"0.0003136898\";i:99;s:12:\"0.0003090502\";i:100;s:12:\"0.0003045002\";i:101;s:12:\"0.0003000378\";i:102;s:12:\"0.0002956607\";i:103;s:12:\"0.0002913669\";i:104;s:12:\"0.0002871544\";i:105;s:12:\"0.0002830212\";i:106;s:12:\"0.0002789656\";i:107;s:12:\"0.0002749856\";i:108;s:12:\"0.0002710795\";i:109;s:12:\"0.0002672455\";i:110;s:12:\"0.0002634819\";i:111;s:12:\"0.0002597872\";i:112;s:12:\"0.0002561597\";i:113;s:12:\"0.0002525979\";i:114;s:12:\"0.0002491002\";i:115;s:12:\"0.0002456652\";i:116;s:12:\"0.0002422916\";i:117;s:12:\"0.0002389778\";i:118;s:12:\"0.0002357226\";i:119;s:12:\"0.0002325247\";i:120;s:12:\"0.0002293827\";i:121;s:12:\"0.0002262954\";i:122;s:12:\"0.0002232617\";i:123;s:12:\"0.0002202803\";i:124;s:12:\"0.0002173502\";i:125;s:12:\"0.0002144701\";i:126;s:12:\"0.0002116390\";i:127;s:12:\"0.0002088558\";i:128;s:12:\"0.0002061196\";i:129;s:12:\"0.0002034293\";i:130;s:12:\"0.0002007839\";i:131;s:12:\"0.0001981825\";i:132;s:12:\"0.0001956242\";i:133;s:12:\"0.0001931080\";i:134;s:12:\"0.0001906331\";i:135;s:12:\"0.0001881986\";i:136;s:12:\"0.0001858037\";i:137;s:12:\"0.0001834475\";i:138;s:12:\"0.0001811293\";i:139;s:12:\"0.0001788483\";i:140;s:12:\"0.0001766037\";i:141;s:12:\"0.0001743948\";i:142;s:12:\"0.0001722208\";i:143;s:12:\"0.0001700811\";i:144;s:12:\"0.0001679750\";i:145;s:12:\"0.0001659018\";i:146;s:12:\"0.0001638609\";i:147;s:12:\"0.0001618516\";i:148;s:12:\"0.0001598733\";i:149;s:12:\"0.0001579254\";i:150;s:12:\"0.0001560072\";i:151;s:12:\"0.0001541183\";i:152;s:12:\"0.0001522581\";i:153;s:12:\"0.0001504260\";i:154;s:12:\"0.0001486214\";i:155;s:12:\"0.0001468439\";i:156;s:12:\"0.0001450928\";i:157;s:12:\"0.0001433679\";i:158;s:12:\"0.0001416684\";i:159;s:12:\"0.0001399940\";i:160;s:12:\"0.0001383442\";i:161;s:12:\"0.0001367185\";i:162;s:12:\"0.0001351165\";i:163;s:12:\"0.0001335377\";i:164;s:12:\"0.0001319818\";i:165;s:12:\"0.0001304483\";i:166;s:12:\"0.0001289367\";i:167;s:12:\"0.0001274467\";i:168;s:12:\"0.0001259780\";i:169;s:12:\"0.0001245300\";i:170;s:12:\"0.0001231026\";i:171;s:12:\"0.0001216952\";i:172;s:12:\"0.0001203075\";i:173;s:12:\"0.0001189392\";i:174;s:12:\"0.0001175899\";i:175;s:12:\"0.0001162593\";i:176;s:12:\"0.0001149471\";i:177;s:12:\"0.0001136530\";i:178;s:12:\"0.0001123766\";i:179;s:12:\"0.0001111176\";i:180;s:12:\"0.0001098758\";i:181;s:12:\"0.0001086508\";i:182;s:12:\"0.0001074424\";i:183;s:12:\"0.0001062502\";i:184;s:12:\"0.0001050740\";i:185;s:12:\"0.0001039136\";i:186;s:12:\"0.0001027686\";i:187;s:12:\"0.0001016389\";i:188;s:12:\"0.0001005240\";i:189;s:12:\"0.0000994239\";}', '2019-08-28 13:24:55');

-- --------------------------------------------------------

--
-- Table structure for table `learn_output`
--

CREATE TABLE `learn_output` (
  `output_id` int(10) NOT NULL,
  `learning_id` int(10) NOT NULL,
  `outputs` text NOT NULL,
  `created_at` datetime NOT NULL DEFAULT CURRENT_TIMESTAMP
) ENGINE=InnoDB DEFAULT CHARSET=latin1;

--
-- Dumping data for table `learn_output`
--

INSERT INTO `learn_output` (`output_id`, `learning_id`, `outputs`, `created_at`) VALUES
(10, 10, 'a:3:{i:0;d:0.4421438731608113;i:1;d:0.4229685287781621;i:2;d:0.41967630829812697;}', '2019-08-08 11:38:18'),
(12, 12, 'a:3:{i:0;d:0.4243850987617808;i:1;d:0.44228067626581025;i:2;d:0.41885183263157794;}', '2019-08-08 11:51:03'),
(13, 13, 'a:3:{i:0;d:0.4312406844365143;i:1;d:0.4150909123462919;i:2;d:0.4390104837916979;}', '2019-08-08 11:51:06'),
(14, 14, 'a:3:{i:0;d:0.4143794111875753;i:1;d:0.43581597184821813;i:2;d:0.43439339832922236;}', '2019-08-08 11:51:09'),
(19, 19, 'a:3:{i:0;d:0.44184417189582936;i:1;d:0.42643555741666067;i:2;d:0.41767300643401645;}', '2019-08-08 11:51:22'),
(20, 20, 'a:3:{i:0;d:0.44133478646469826;i:1;d:0.41704090528762416;i:2;d:0.4271504295537306;}', '2019-08-19 18:45:59'),
(21, 21, 'a:3:{i:0;d:0.4178551374776043;i:1;d:0.4417915642921589;i:2;d:0.4256207541055777;}', '2019-08-28 13:24:55');

-- --------------------------------------------------------

--
-- Table structure for table `learn_param`
--

CREATE TABLE `learn_param` (
  `param_id` int(10) NOT NULL,
  `learning_id` int(10) NOT NULL,
  `lr_input` double NOT NULL,
  `lr_bias_input` double NOT NULL,
  `lr_hidden` double NOT NULL,
  `lr_bias_hidden` double NOT NULL,
  `target_mse` double NOT NULL,
  `max_epoch` int(10) NOT NULL,
  `created_at` datetime NOT NULL DEFAULT CURRENT_TIMESTAMP
) ENGINE=InnoDB DEFAULT CHARSET=latin1;

--
-- Dumping data for table `learn_param`
--

INSERT INTO `learn_param` (`param_id`, `learning_id`, `lr_input`, `lr_bias_input`, `lr_hidden`, `lr_bias_hidden`, `target_mse`, `max_epoch`, `created_at`) VALUES
(10, 10, 0.25, 0.25, 0.25, 0.25, 0.0001, 10000, '2019-08-08 11:38:18'),
(12, 12, 0.25, 0.25, 0.25, 0.25, 0.0001, 10000, '2019-08-08 11:51:03'),
(13, 13, 0.25, 0.25, 0.25, 0.25, 0.0001, 10000, '2019-08-08 11:51:06'),
(14, 14, 0.25, 0.25, 0.25, 0.25, 0.0001, 10000, '2019-08-08 11:51:09'),
(19, 19, 0.25, 0.25, 0.25, 0.25, 0.0001, 10000, '2019-08-08 11:51:22'),
(20, 20, 0.25, 0.25, 0.25, 0.25, 0.0001, 10000, '2019-08-19 18:45:59'),
(21, 21, 0.25, 0.25, 0.25, 0.25, 0.0001, 10000, '2019-08-28 13:24:55');

-- --------------------------------------------------------

--
-- Table structure for table `learn_weight`
--

CREATE TABLE `learn_weight` (
  `weight_id` int(10) NOT NULL,
  `learning_id` int(10) NOT NULL,
  `x1` text NOT NULL,
  `x2` text NOT NULL,
  `x3` text NOT NULL,
  `x4` text NOT NULL,
  `x5` text NOT NULL,
  `b1` text NOT NULL,
  `w` text NOT NULL,
  `created_at` datetime NOT NULL DEFAULT CURRENT_TIMESTAMP
) ENGINE=InnoDB DEFAULT CHARSET=latin1;

--
-- Dumping data for table `learn_weight`
--

INSERT INTO `learn_weight` (`weight_id`, `learning_id`, `x1`, `x2`, `x3`, `x4`, `x5`, `b1`, `w`, `created_at`) VALUES
(10, 10, 'a:5:{s:3:\"v11\";d:-0.003263625795498892;s:3:\"v12\";d:0.12080159846736245;s:3:\"v13\";d:-0.2894574902875493;s:3:\"v14\";d:-0.35425701074075294;s:3:\"v15\";d:0.2596830142130916;}', 'a:5:{s:3:\"v21\";d:-0.011467122289690478;s:3:\"v22\";d:-0.44787679032928285;s:3:\"v23\";d:-0.1956817478820184;s:3:\"v24\";d:-0.18212727003468987;s:3:\"v25\";d:0.1711314662886786;}', 'a:5:{s:3:\"v31\";d:0.38482487481804756;s:3:\"v32\";d:0.3499713702511454;s:3:\"v33\";d:0.24969783560752987;s:3:\"v34\";d:0.10931596809541547;s:3:\"v35\";d:-0.41141176927701256;}', 'a:5:{s:3:\"v41\";d:0.005064742819389944;s:3:\"v42\";d:-0.30565791325931624;s:3:\"v43\";d:0.17360230135096427;s:3:\"v44\";d:-0.2253446868891673;s:3:\"v45\";d:0.3630066853242567;}', 'a:5:{s:3:\"v51\";d:-0.3409998326111853;s:3:\"v52\";d:-0.3218723428015545;s:3:\"v53\";d:-0.3247362340991853;s:3:\"v54\";d:0.09278598584614112;s:3:\"v55\";d:-0.2736801927982312;}', 'a:5:{s:3:\"v01\";d:0.44197094886935195;s:3:\"v02\";d:0.2185596647363822;s:3:\"v03\";d:-0.41098374762948986;s:3:\"v04\";d:0.3611335263630706;s:3:\"v05\";d:-0.15169555929245146;}', 'a:6:{s:2:\"w0\";d:0.3454073779234925;s:2:\"w1\";d:0.25470231535021964;s:2:\"w2\";d:-0.24711371446240946;s:2:\"w3\";d:-0.07987390771542112;s:2:\"w4\";d:0.4254577856528652;s:2:\"w5\";d:-0.2867105145960813;}', '2019-08-08 11:38:18'),
(12, 12, 'a:5:{s:3:\"v11\";d:0.308722556099564;s:3:\"v12\";d:-0.33483794655940013;s:3:\"v13\";d:0.48722015316200423;s:3:\"v14\";d:0.02533598898970297;s:3:\"v15\";d:0.30936973711926075;}', 'a:5:{s:3:\"v21\";d:-0.24532364976997184;s:3:\"v22\";d:-0.06984245558826498;s:3:\"v23\";d:0.023391365152306626;s:3:\"v24\";d:0.3267261917001554;s:3:\"v25\";d:0.465143666815552;}', 'a:5:{s:3:\"v31\";d:0.308613069178429;s:3:\"v32\";d:-0.22408500447584687;s:3:\"v33\";d:0.3162427143302419;s:3:\"v34\";d:-0.0038263805469416013;s:3:\"v35\";d:-0.25619097181274086;}', 'a:5:{s:3:\"v41\";d:0.05350322587070245;s:3:\"v42\";d:-0.12369991790630543;s:3:\"v43\";d:0.32278348138435853;s:3:\"v44\";d:0.3056806493469615;s:3:\"v45\";d:0.1788373114729341;}', 'a:5:{s:3:\"v51\";d:0.3052487026033175;s:3:\"v52\";d:0.07486140178169683;s:3:\"v53\";d:0.38053600556125333;s:3:\"v54\";d:-0.15412698613807116;s:3:\"v55\";d:-0.2714054471518987;}', 'a:5:{s:3:\"v01\";d:-0.2339918241541502;s:3:\"v02\";d:0.3075722995668152;s:3:\"v03\";d:-0.2741571547673673;s:3:\"v04\";d:-0.4259339949387898;s:3:\"v05\";d:-0.24986533131385985;}', 'a:6:{s:2:\"w0\";d:0.30191113628200406;s:2:\"w1\";d:0.2646758461509684;s:2:\"w2\";d:-0.1284264325058513;s:2:\"w3\";d:-0.20207804515714128;s:2:\"w4\";d:0.25094776974297583;s:2:\"w5\";d:0.11350923767829943;}', '2019-08-08 11:51:03'),
(13, 13, 'a:5:{s:3:\"v11\";d:-0.1774181473053184;s:3:\"v12\";d:-0.11207522143281749;s:3:\"v13\";d:0.28534558297296614;s:3:\"v14\";d:0.1244636999778516;s:3:\"v15\";d:-0.23392573589781737;}', 'a:5:{s:3:\"v21\";d:0.10208505632489008;s:3:\"v22\";d:-0.16976247987402907;s:3:\"v23\";d:0.07509290428333308;s:3:\"v24\";d:-0.48534084740840205;s:3:\"v25\";d:-0.3544051132202482;}', 'a:5:{s:3:\"v31\";d:0.422164600501377;s:3:\"v32\";d:-0.5606677999643334;s:3:\"v33\";d:0.020756228501582114;s:3:\"v34\";d:0.4064339682555069;s:3:\"v35\";d:0.17458965200735202;}', 'a:5:{s:3:\"v41\";d:-0.06365966905054035;s:3:\"v42\";d:0.09694603364434945;s:3:\"v43\";d:-0.021525212143998666;s:3:\"v44\";d:-0.3682063557379779;s:3:\"v45\";d:0.45633547709939776;}', 'a:5:{s:3:\"v51\";d:-0.1260658691658811;s:3:\"v52\";d:0.2247096018063367;s:3:\"v53\";d:0.42342864712678513;s:3:\"v54\";d:-0.11464818655939048;s:3:\"v55\";d:0.3494163437367765;}', 'a:5:{s:3:\"v01\";d:0.31477815266258613;s:3:\"v02\";d:0.416491538605175;s:3:\"v03\";d:0.37141023114279953;s:3:\"v04\";d:0.23501338092422233;s:3:\"v05\";d:0.04249249669955305;}', 'a:6:{s:2:\"w0\";d:0.23191243927914518;s:2:\"w1\";d:-0.07533810822163524;s:2:\"w2\";d:-0.3686121890018011;s:2:\"w3\";d:0.4461774916165181;s:2:\"w4\";d:-0.17132118648099837;s:2:\"w5\";d:0.41319663781821997;}', '2019-08-08 11:51:06'),
(14, 14, 'a:5:{s:3:\"v11\";d:-0.3633900087721482;s:3:\"v12\";d:0.39020893178720334;s:3:\"v13\";d:0.1371200349261766;s:3:\"v14\";d:-0.4033785043008094;s:3:\"v15\";d:-0.2313268287115222;}', 'a:5:{s:3:\"v21\";d:-0.0120803759731082;s:3:\"v22\";d:-0.22572410404135507;s:3:\"v23\";d:-0.07302866725253906;s:3:\"v24\";d:0.46944699185086036;s:3:\"v25\";d:0.3906383238314403;}', 'a:5:{s:3:\"v31\";d:-0.42560828191807076;s:3:\"v32\";d:-0.14708712119875217;s:3:\"v33\";d:0.12756587117349819;s:3:\"v34\";d:0.30454546913268177;s:3:\"v35\";d:-0.12280182043079996;}', 'a:5:{s:3:\"v41\";d:0.06239407218284639;s:3:\"v42\";d:0.08036799052613289;s:3:\"v43\";d:-0.5144110845241707;s:3:\"v44\";d:-0.2344099750433145;s:3:\"v45\";d:-0.2331341492544689;}', 'a:5:{s:3:\"v51\";d:0.49384229642792665;s:3:\"v52\";d:-0.06158792761584098;s:3:\"v53\";d:0.02716230773761909;s:3:\"v54\";d:-0.12448672851059162;s:3:\"v55\";d:-0.15908203910593796;}', 'a:5:{s:3:\"v01\";d:-0.0730228967217547;s:3:\"v02\";d:0.13717188227410254;s:3:\"v03\";d:0.038703142312434984;s:3:\"v04\";d:0.38828333731735165;s:3:\"v05\";d:-0.06057341029163974;}', 'a:6:{s:2:\"w0\";d:0.20768636752496944;s:2:\"w1\";d:-0.16288913490194218;s:2:\"w2\";d:0.5314597056818623;s:2:\"w3\";d:-0.2526453372909866;s:2:\"w4\";d:-0.23598474807378203;s:2:\"w5\";d:0.5822302235805425;}', '2019-08-08 11:51:09'),
(19, 19, 'a:5:{s:3:\"v11\";d:-0.23287632063423444;s:3:\"v12\";d:0.06333303728789706;s:3:\"v13\";d:0.48416526538307375;s:3:\"v14\";d:-0.3867298050246385;s:3:\"v15\";d:-0.018214496304899876;}', 'a:5:{s:3:\"v21\";d:-0.06948163494078548;s:3:\"v22\";d:0.18470974534929963;s:3:\"v23\";d:0.10335216796101893;s:3:\"v24\";d:0.3742410006698808;s:3:\"v25\";d:-0.1099891497125209;}', 'a:5:{s:3:\"v31\";d:-0.29509493588452246;s:3:\"v32\";d:-0.10031002948905211;s:3:\"v33\";d:0.002487179633215555;s:3:\"v34\";d:0.11334259433216398;s:3:\"v35\";d:0.3513817577972134;}', 'a:5:{s:3:\"v41\";d:-0.20800508421189717;s:3:\"v42\";d:0.368141499022395;s:3:\"v43\";d:-0.16911141887135855;s:3:\"v44\";d:-0.00032928102871578583;s:3:\"v45\";d:-0.2373708910056026;}', 'a:5:{s:3:\"v51\";d:-0.1469848755104306;s:3:\"v52\";d:-0.3716729407762912;s:3:\"v53\";d:0.0731080985237371;s:3:\"v54\";d:0.386607322053738;s:3:\"v55\";d:-0.02690964873649525;}', 'a:5:{s:3:\"v01\";d:0.08690870631046055;s:3:\"v02\";d:0.13599343684506301;s:3:\"v03\";d:-0.2510342922044157;s:3:\"v04\";d:-0.3493485279362209;s:3:\"v05\";d:-0.38274431759856514;}', 'a:6:{s:2:\"w0\";d:0.139738393889822;s:2:\"w1\";d:0.09735695321676437;s:2:\"w2\";d:0.36007170392687815;s:2:\"w3\";d:0.04881833347345429;s:2:\"w4\";d:0.05004584999030423;s:2:\"w5\";d:0.011194604905231907;}', '2019-08-08 11:51:22'),
(20, 20, 'a:5:{s:3:\"v11\";d:-0.3078707679645417;s:3:\"v12\";d:-0.2106098284921449;s:3:\"v13\";d:0.05987783787227222;s:3:\"v14\";d:-0.3437304445720267;s:3:\"v15\";d:-0.26984518971753485;}', 'a:5:{s:3:\"v21\";d:-0.12356195302127636;s:3:\"v22\";d:0.2297022735892651;s:3:\"v23\";d:0.20182667970402773;s:3:\"v24\";d:0.2897050450102951;s:3:\"v25\";d:0.1442858261726919;}', 'a:5:{s:3:\"v31\";d:-0.1618864712447018;s:3:\"v32\";d:0.17960581053618463;s:3:\"v33\";d:-0.22250397675390332;s:3:\"v34\";d:-0.3431607006884364;s:3:\"v35\";d:0.10002572590844307;}', 'a:5:{s:3:\"v41\";d:-0.4202499364779398;s:3:\"v42\";d:-0.3198466061090168;s:3:\"v43\";d:0.21823222496691477;s:3:\"v44\";d:0.13437059994999553;s:3:\"v45\";d:0.08517129359392785;}', 'a:5:{s:3:\"v51\";d:-0.30264642733409947;s:3:\"v52\";d:-0.14206629032521037;s:3:\"v53\";d:-0.25540599682240694;s:3:\"v54\";d:0.49372878062304376;s:3:\"v55\";d:-0.07937995747634863;}', 'a:5:{s:3:\"v01\";d:0.47996796454190954;s:3:\"v02\";d:0.3904685266691923;s:3:\"v03\";d:-0.2405123018635265;s:3:\"v04\";d:0.013453470752464622;s:3:\"v05\";d:-0.20411563401953256;}', 'a:6:{s:2:\"w0\";d:-0.09274134638172303;s:2:\"w1\";d:0.2356806931273242;s:2:\"w2\";d:0.1443122663145691;s:2:\"w3\";d:0.2535107551053538;s:2:\"w4\";d:0.1719001016282356;s:2:\"w5\";d:0.29747830189854046;}', '2019-08-19 18:45:59'),
(21, 21, 'a:5:{s:3:\"v11\";d:0.2824574155285061;s:3:\"v12\";d:0.141112156731884;s:3:\"v13\";d:0.04101553685849826;s:3:\"v14\";d:0.406335739343251;s:3:\"v15\";d:-0.44554073794817156;}', 'a:5:{s:3:\"v21\";d:-0.47173686515687524;s:3:\"v22\";d:-0.0008044908873574436;s:3:\"v23\";d:-0.11080334099268165;s:3:\"v24\";d:-0.40691662137905216;s:3:\"v25\";d:-0.08123962725387174;}', 'a:5:{s:3:\"v31\";d:-0.22476709841352452;s:3:\"v32\";d:0.24690159630913316;s:3:\"v33\";d:0.3243728764810736;s:3:\"v34\";d:0.45101837123918814;s:3:\"v35\";d:-0.46976380317866173;}', 'a:5:{s:3:\"v41\";d:-0.3838679111069816;s:3:\"v42\";d:0.02254444634073759;s:3:\"v43\";d:0.24604096135543105;s:3:\"v44\";d:-0.04734494344050896;s:3:\"v45\";d:-0.45372980692305603;}', 'a:5:{s:3:\"v51\";d:0.30084993020195666;s:3:\"v52\";d:0.0694829642184873;s:3:\"v53\";d:-0.30734917445901505;s:3:\"v54\";d:0.3443676404223456;s:3:\"v55\";d:-0.2149646796886448;}', 'a:5:{s:3:\"v01\";d:-0.36018174317090973;s:3:\"v02\";d:-0.47364691445653173;s:3:\"v03\";d:0.22383035169438975;s:3:\"v04\";d:0.06156612035622912;s:3:\"v05\";d:0.3138995569147836;}', 'a:6:{s:2:\"w0\";d:0.29566114922413533;s:2:\"w1\";d:0.2533666989055233;s:2:\"w2\";d:0.37217523621333015;s:2:\"w3\";d:0.1111834076430657;s:2:\"w4\";d:-0.1825346236108569;s:2:\"w5\";d:-0.21042633980083023;}', '2019-08-28 13:24:55');

-- --------------------------------------------------------

--
-- Table structure for table `logs`
--

CREATE TABLE `logs` (
  `log_id` int(10) NOT NULL,
  `user_id` int(10) NOT NULL,
  `name` varchar(30) NOT NULL,
  `log` text NOT NULL,
  `created_at` datetime NOT NULL DEFAULT CURRENT_TIMESTAMP
) ENGINE=InnoDB DEFAULT CHARSET=latin1;

--
-- Dumping data for table `logs`
--

INSERT INTO `logs` (`log_id`, `user_id`, `name`, `log`, `created_at`) VALUES
(1, 2, 'Admin', 'Upload new target', '2019-07-31 15:17:48'),
(2, 2, 'Admin', 'Upload new target', '2019-07-31 15:17:55'),
(3, 2, 'Admin', 'Upload new target', '2019-07-31 15:18:05'),
(4, 2, 'Admin', 'Upload new target', '2019-07-31 15:18:19'),
(5, 2, 'Admin', 'Upload new target', '2019-07-31 15:18:29'),
(6, 2, 'Admin', 'Save new training data', '2019-07-31 15:19:49'),
(7, 2, 'Admin', 'Save new training data', '2019-07-31 15:20:48'),
(8, 2, 'Admin', 'Save new training data', '2019-07-31 15:44:57'),
(9, 2, 'Admin', 'New normalize of training data', '2019-07-31 15:45:00'),
(10, 2, 'Admin', 'New Learning Data has been added with status : mse_stop', '2019-07-31 15:45:09'),
(11, 2, 'Admin', 'New Learning Data has been added with status : success', '2019-07-31 15:45:12'),
(12, 2, 'Admin', 'New Learning Data has been added with status : success', '2019-07-31 15:45:51'),
(13, 2, 'Admin', 'Save new training data', '2019-07-31 15:47:33'),
(14, 2, 'Admin', 'New normalize of training data', '2019-07-31 15:47:37'),
(15, 2, 'Admin', 'New Learning Data has been added with status : mse_stop', '2019-07-31 15:47:47'),
(16, 2, 'Admin', 'New Learning Data has been added with status : success', '2019-07-31 15:47:50'),
(17, 2, 'Admin', 'New Learning Data has been added with status : success', '2019-08-06 21:57:02'),
(18, 2, 'Admin', 'Delete learning sample  in table : learnings', '2019-08-08 11:24:31'),
(19, 2, 'Admin', 'Delete learning sample 2 in table : learnings', '2019-08-08 11:26:20'),
(20, 2, 'Admin', 'Delete learning sample 1 in table : learnings', '2019-08-08 11:26:27'),
(21, 2, 'Admin', 'Delete learning sample 4 in table : learnings', '2019-08-08 11:26:36'),
(22, 2, 'Admin', 'Delete learning sample 5 in table : learnings', '2019-08-08 11:26:41'),
(23, 2, 'Admin', 'Delete learning sample 3 in table : learnings', '2019-08-08 11:26:45'),
(24, 2, 'Admin', 'Delete learning sample 6 in table : learnings', '2019-08-08 11:26:50'),
(25, 2, 'Admin', 'New Learning Data has been added with status : success', '2019-08-08 11:35:54'),
(26, 2, 'Admin', 'New Learning Data has been added with status : mse_stop', '2019-08-08 11:35:56'),
(27, 2, 'Admin', 'New Learning Data has been added with status : success', '2019-08-08 11:36:00'),
(28, 2, 'Admin', 'Delete learning sample 8 in table : learnings', '2019-08-08 11:38:01'),
(29, 2, 'Admin', 'Delete learning sample 7 in table : learnings', '2019-08-08 11:38:05'),
(30, 2, 'Admin', 'Delete learning sample 9 in table : learnings', '2019-08-08 11:38:14'),
(31, 2, 'Admin', 'New Learning Data has been added with status : success', '2019-08-08 11:38:18'),
(32, 2, 'Admin', 'New Learning Data has been added with status : mse_stop', '2019-08-08 11:42:15'),
(33, 2, 'Admin', 'New Learning Data has been added with status : success', '2019-08-08 11:51:03'),
(34, 2, 'Admin', 'New Learning Data has been added with status : success', '2019-08-08 11:51:06'),
(35, 2, 'Admin', 'New Learning Data has been added with status : success', '2019-08-08 11:51:09'),
(36, 2, 'Admin', 'New Learning Data has been added with status : mse_stop', '2019-08-08 11:51:12'),
(37, 2, 'Admin', 'New Learning Data has been added with status : mse_stop', '2019-08-08 11:51:14'),
(38, 2, 'Admin', 'New Learning Data has been added with status : mse_stop', '2019-08-08 11:51:17'),
(39, 2, 'Admin', 'New Learning Data has been added with status : mse_stop', '2019-08-08 11:51:19'),
(40, 2, 'Admin', 'New Learning Data has been added with status : success', '2019-08-08 11:51:22'),
(41, 2, 'Admin', 'Upload new target', '2019-08-12 22:47:44'),
(42, 2, 'Admin', 'New Learning Data has been added with status : success', '2019-08-19 18:45:59'),
(43, 2, 'Admin', 'New Learning Data has been added with status : success', '2019-08-28 13:24:55'),
(44, 2, 'Admin', 'Delete learning sample 15 in table : learnings', '2019-08-28 13:43:07'),
(45, 2, 'Admin', 'Delete learning sample 11 in table : learnings', '2019-08-28 13:43:12'),
(46, 2, 'Admin', 'Delete learning sample 16 in table : learnings', '2019-08-28 13:43:19'),
(47, 2, 'Admin', 'Delete learning sample 18 in table : learnings', '2019-08-28 13:43:24'),
(48, 2, 'Admin', 'Delete learning sample 17 in table : learnings', '2019-08-28 13:43:29');

-- --------------------------------------------------------

--
-- Table structure for table `roles`
--

CREATE TABLE `roles` (
  `role_id` int(10) NOT NULL,
  `name` varchar(10) NOT NULL,
  `display_name` varchar(30) NOT NULL,
  `created_at` datetime NOT NULL DEFAULT CURRENT_TIMESTAMP
) ENGINE=InnoDB DEFAULT CHARSET=latin1;

--
-- Dumping data for table `roles`
--

INSERT INTO `roles` (`role_id`, `name`, `display_name`, `created_at`) VALUES
(1, 'admin', 'Admin', '2018-06-20 20:37:17');

-- --------------------------------------------------------

--
-- Table structure for table `settings`
--

CREATE TABLE `settings` (
  `setting_id` int(10) NOT NULL,
  `protocol` varchar(10) NOT NULL,
  `mail_host` varchar(20) NOT NULL,
  `mail_port` int(5) NOT NULL,
  `send_mail` varchar(50) NOT NULL,
  `send_pass` varchar(50) NOT NULL
) ENGINE=InnoDB DEFAULT CHARSET=latin1;

--
-- Dumping data for table `settings`
--

INSERT INTO `settings` (`setting_id`, `protocol`, `mail_host`, `mail_port`, `send_mail`, `send_pass`) VALUES
(1, 'smtp', 'ssl://smtp.gmail.com', 465, 'alternate.septian@gmail.com', 'januari1993');

-- --------------------------------------------------------

--
-- Table structure for table `target`
--

CREATE TABLE `target` (
  `id` int(10) NOT NULL,
  `name` varchar(50) NOT NULL,
  `rgb_value` double NOT NULL,
  `created_at` datetime NOT NULL DEFAULT CURRENT_TIMESTAMP
) ENGINE=InnoDB DEFAULT CHARSET=latin1;

--
-- Dumping data for table `target`
--

INSERT INTO `target` (`id`, `name`, `rgb_value`, `created_at`) VALUES
(1, '0c2c3d0cdfe39db21eaae9df4c08a89f.jpg', 31327.956928839, '2019-07-31 15:17:48'),
(2, 'a15a8e05149e90f234d1fe081d35389c.jpg', 31327.956928839, '2019-07-31 15:17:55'),
(3, 'c534bf23d5970015a4dbd46c68c9d51e.jpg', 31365.546296296, '2019-07-31 15:18:05'),
(4, 'af981bbc55cf130d133cf191cbda85b1.jpg', 31293.138738739, '2019-07-31 15:18:19'),
(5, 'da9bbe3191cab914b9237a928989c82f.jpg', 31428.012477718, '2019-07-31 15:18:29');

-- --------------------------------------------------------

--
-- Table structure for table `test_result`
--

CREATE TABLE `test_result` (
  `id` int(10) NOT NULL,
  `learning_id` int(10) NOT NULL,
  `identity` varchar(50) NOT NULL,
  `x1` double NOT NULL,
  `x2` double NOT NULL,
  `x3` double NOT NULL,
  `x4` double NOT NULL,
  `x5` double NOT NULL,
  `result` double NOT NULL,
  `target` double NOT NULL,
  `created_at` datetime NOT NULL DEFAULT CURRENT_TIMESTAMP
) ENGINE=InnoDB DEFAULT CHARSET=latin1;

--
-- Dumping data for table `test_result`
--

INSERT INTO `test_result` (`id`, `learning_id`, `identity`, `x1`, `x2`, `x3`, `x4`, `x5`, `result`, `target`, `created_at`) VALUES
(1, 10, 'test 1', -4.3827834789022, -0.36778636856542, -0.30972572681462, -0.29233951810065, 0.22861978739183, 0.64586447451084, 0.42850596871686, '2019-08-21 22:19:11'),
(2, 10, 'test1', -4.3827834789022, -0.36778636856542, -0.30972572681462, -0.29233951810065, 0.22861978739183, 0.64586447451084, 0.42850596871686, '2019-08-21 22:20:04'),
(3, 19, 'tes 2', -4.3827834789022, -0.36778636856542, -0.30972572681462, -0.29233951810065, 0.22861978739183, 0.41046409322811, 0.42850596871686, '2019-08-21 22:20:59'),
(4, 20, 'test2', -4.3827834789022, -0.36778636856542, -0.30972572681462, -0.29233951810065, 0.22861978739183, 0.6655229485257, 0.42850596871686, '2019-08-21 22:21:28'),
(5, 14, 'test1', -4.3827834789022, -0.36778636856542, -0.30972572681462, -0.29233951810065, 0.22861978739183, 0.27241539334961, 0.42850596871686, '2019-08-21 22:24:49'),
(6, 10, 'No lot', -4.3827834789022, -0.36778636856542, -0.30972572681462, -0.29233951810065, 0.22861978739183, 0.64586447451084, 0.42850596871686, '2019-08-28 13:13:50');

-- --------------------------------------------------------

--
-- Table structure for table `test_temps`
--

CREATE TABLE `test_temps` (
  `id` int(10) NOT NULL,
  `name` varchar(50) NOT NULL,
  `rgb_value` double NOT NULL,
  `created_at` datetime NOT NULL DEFAULT CURRENT_TIMESTAMP
) ENGINE=InnoDB DEFAULT CHARSET=latin1;

--
-- Dumping data for table `test_temps`
--

INSERT INTO `test_temps` (`id`, `name`, `rgb_value`, `created_at`) VALUES
(8, '1b2f4d33b268c60672b9ec4db7da4680.jpg', 70996.988086374, '2019-08-28 13:47:11'),
(9, '65f0aab0e53289e8304591ed26d441b4.jpg', 47735.070907886, '2019-08-28 13:47:33'),
(10, 'f34f95c944c6b988fa81d17a3516ca72.jpg', 65398.502278943, '2019-08-28 13:47:47'),
(11, 'efc55a5b5e3ecb3137eb5270423ecfe1.jpg', 55571.915121549, '2019-08-28 13:48:10'),
(12, '601263304804302638fe088b41cfef26.jpg', 83478.630815545, '2019-08-28 13:48:27');

-- --------------------------------------------------------

--
-- Table structure for table `tokens`
--

CREATE TABLE `tokens` (
  `token_id` int(10) NOT NULL,
  `email` varchar(50) NOT NULL,
  `token` text NOT NULL,
  `created_at` datetime NOT NULL DEFAULT CURRENT_TIMESTAMP
) ENGINE=InnoDB DEFAULT CHARSET=latin1;

-- --------------------------------------------------------

--
-- Table structure for table `trainings`
--

CREATE TABLE `trainings` (
  `training_id` int(10) NOT NULL,
  `name` varchar(20) NOT NULL,
  `d1o` double NOT NULL,
  `d1n` double NOT NULL,
  `d2o` double NOT NULL,
  `d2n` double NOT NULL,
  `d3o` double NOT NULL,
  `d3n` double NOT NULL,
  `d4o` double NOT NULL,
  `d4n` double NOT NULL,
  `d5o` double NOT NULL,
  `d5n` double NOT NULL,
  `image` text NOT NULL,
  `created_at` datetime NOT NULL DEFAULT CURRENT_TIMESTAMP
) ENGINE=InnoDB DEFAULT CHARSET=latin1;

--
-- Dumping data for table `trainings`
--

INSERT INTO `trainings` (`training_id`, `name`, `d1o`, `d1n`, `d2o`, `d2n`, `d3o`, `d3n`, `d4o`, `d4n`, `d5o`, `d5n`, `image`, `created_at`) VALUES
(3, 'Sample 03', 31321.272222222, 0.1, 31265.187943262, 0.1, 31388.955801105, 0.66618696268712, 31397.65018315, 0.9, 31321.272222222, 0.1, 'a:5:{i:0;s:36:\"a4606962987b114baadbb566b3c13588.jpg\";i:1;s:36:\"b542883d82c4b6ab3c1520169cd6932f.jpg\";i:2;s:36:\"5af384ce8f6288b09b9c3d6fb9435341.jpg\";i:3;s:36:\"a09759b13272e11eef2d13963d6dc31b.jpg\";i:4;s:36:\"ace5027ea5b31e053e2b2077d05059fa.jpg\";}', '2019-07-31 15:44:57'),
(4, 'Sample 02', 31327.956928839, 0.9, 31321.272222222, 0.81480242600001, 31414.145945946, 0.9, 31321.272222222, 0.1, 31397.65018315, 0.12104013060744, 'a:5:{i:0;s:36:\"10de996840cc9feb99a11b73734c8a1d.jpg\";i:1;s:36:\"babdabf6383ff04838852fea5453732c.jpg\";i:2;s:36:\"29c945f4ef49a5d96cf9fe082587503b.jpg\";i:3;s:36:\"aa585f554a5342fa6e99c9f12e3f1c9a.jpg\";i:4;s:36:\"60dd8b978f95f43ab50cdb72be15b5ef.jpg\";}', '2019-07-31 15:20:48'),
(5, 'Sample 05', 31327.956928839, 0.9, 31327.956928839, 0.9, 31327.956928839, 0.1, 31327.956928839, 0.17001712573398, 34225.359173127, 0.9, 'a:5:{i:0;s:36:\"44671aa9836f593f02ef6fc36b907fc6.jpg\";i:1;s:36:\"98a35a27d0e947043bc2028a6b286cdd.jpg\";i:2;s:36:\"78bcbd1bab1986571422041bb9e6611d.jpg\";i:3;s:36:\"04e364c1639c555eb5f499e2e85daa62.jpg\";i:4;s:36:\"7be32f111a6ac0ae724c95cb1fb84464.jpg\";}', '2019-07-31 15:47:33');

-- --------------------------------------------------------

--
-- Table structure for table `training_temps`
--

CREATE TABLE `training_temps` (
  `id` int(10) NOT NULL,
  `name` varchar(50) NOT NULL,
  `rgb_value` double NOT NULL,
  `created_at` datetime NOT NULL DEFAULT CURRENT_TIMESTAMP
) ENGINE=InnoDB DEFAULT CHARSET=latin1;

-- --------------------------------------------------------

--
-- Table structure for table `training_test`
--

CREATE TABLE `training_test` (
  `t_test_id` int(10) NOT NULL,
  `learning_id` int(10) NOT NULL,
  `t_test` text NOT NULL,
  `created_at` datetime NOT NULL DEFAULT CURRENT_TIMESTAMP
) ENGINE=InnoDB DEFAULT CHARSET=latin1;

--
-- Dumping data for table `training_test`
--

INSERT INTO `training_test` (`t_test_id`, `learning_id`, `t_test`, `created_at`) VALUES
(1, 2, 'a:3:{i:0;d:0.43216730267366144;i:1;d:0.4151455858729371;i:2;d:0.41882664798414826;}', '2019-07-31 15:45:17'),
(2, 3, 'a:2:{i:0;d:0.4379804637364223;i:1;d:0.4234350690289471;}', '2019-07-31 15:45:56'),
(3, 5, 'a:3:{i:0;d:0.4195910866376082;i:1;d:0.43657152074837813;i:2;d:0.42671074674395854;}', '2019-07-31 15:47:56'),
(4, 1, 'a:3:{i:0;d:0.4406349983596553;i:1;d:0.47431883134806935;i:2;d:0.42372608265067435;}', '2019-08-06 21:56:29'),
(5, 6, 'a:3:{i:0;d:0.4342508773227485;i:1;d:0.4181463822623943;i:2;d:0.431207198856824;}', '2019-08-06 21:57:30'),
(6, 10, 'a:3:{i:0;d:0.44188155241366156;i:1;d:0.43120883991089126;i:2;d:0.42429056883631555;}', '2019-08-08 11:50:41'),
(7, 11, 'a:3:{i:0;d:0.4575885741973754;i:1;d:0.43919017013065;i:2;d:0.4218018564621977;}', '2019-08-08 11:50:56'),
(8, 12, 'a:3:{i:0;d:0.4243977405106942;i:1;d:0.43982405290026;i:2;d:0.42488174690579367;}', '2019-08-08 11:51:31'),
(9, 19, 'a:3:{i:0;d:0.4416995510085934;i:1;d:0.43348939892666133;i:2;d:0.4235938820142024;}', '2019-08-08 11:51:46'),
(10, 13, 'a:3:{i:0;d:0.4312823826571745;i:1;d:0.41712075640826735;i:2;d:0.4318844232298683;}', '2019-08-08 11:51:55'),
(11, 20, 'a:3:{i:0;d:0.4412485068863749;i:1;d:0.424188486660921;i:2;d:0.4279228904598676;}', '2019-08-19 18:46:34'),
(12, 21, 'a:3:{i:0;d:0.41792578455115537;i:1;d:0.4358133375578035;i:2;d:0.427185083851732;}', '2019-08-28 13:25:04');

-- --------------------------------------------------------

--
-- Table structure for table `t_transform`
--

CREATE TABLE `t_transform` (
  `id` int(1) NOT NULL,
  `target` double NOT NULL,
  `created_at` datetime NOT NULL DEFAULT CURRENT_TIMESTAMP
) ENGINE=InnoDB DEFAULT CHARSET=latin1;

--
-- Dumping data for table `t_transform`
--

INSERT INTO `t_transform` (`id`, `target`, `created_at`) VALUES
(1, 0.42850596871686, '2019-07-31 15:18:33');

-- --------------------------------------------------------

--
-- Table structure for table `users`
--

CREATE TABLE `users` (
  `user_id` int(10) NOT NULL,
  `name` varchar(30) NOT NULL,
  `email` varchar(50) NOT NULL,
  `password` varchar(50) NOT NULL,
  `role_id` int(1) NOT NULL,
  `created_at` datetime NOT NULL DEFAULT CURRENT_TIMESTAMP
) ENGINE=InnoDB DEFAULT CHARSET=latin1;

--
-- Dumping data for table `users`
--

INSERT INTO `users` (`user_id`, `name`, `email`, `password`, `role_id`, `created_at`) VALUES
(2, 'Admin', 'septian.arman009@gmail.com', '5456db00ec97635f7d998e3290a01b6d', 1, '2018-08-09 01:53:24');

--
-- Indexes for dumped tables
--

--
-- Indexes for table `learnings`
--
ALTER TABLE `learnings`
  ADD PRIMARY KEY (`learning_id`);

--
-- Indexes for table `learn_mse`
--
ALTER TABLE `learn_mse`
  ADD PRIMARY KEY (`mse_id`),
  ADD UNIQUE KEY `learning_id` (`learning_id`);

--
-- Indexes for table `learn_output`
--
ALTER TABLE `learn_output`
  ADD PRIMARY KEY (`output_id`),
  ADD UNIQUE KEY `learning_id` (`learning_id`);

--
-- Indexes for table `learn_param`
--
ALTER TABLE `learn_param`
  ADD PRIMARY KEY (`param_id`),
  ADD UNIQUE KEY `learning_id` (`learning_id`);

--
-- Indexes for table `learn_weight`
--
ALTER TABLE `learn_weight`
  ADD PRIMARY KEY (`weight_id`),
  ADD UNIQUE KEY `learning_id` (`learning_id`);

--
-- Indexes for table `logs`
--
ALTER TABLE `logs`
  ADD PRIMARY KEY (`log_id`);

--
-- Indexes for table `roles`
--
ALTER TABLE `roles`
  ADD PRIMARY KEY (`role_id`);

--
-- Indexes for table `settings`
--
ALTER TABLE `settings`
  ADD PRIMARY KEY (`setting_id`);

--
-- Indexes for table `target`
--
ALTER TABLE `target`
  ADD PRIMARY KEY (`id`);

--
-- Indexes for table `test_result`
--
ALTER TABLE `test_result`
  ADD PRIMARY KEY (`id`);

--
-- Indexes for table `test_temps`
--
ALTER TABLE `test_temps`
  ADD PRIMARY KEY (`id`);

--
-- Indexes for table `tokens`
--
ALTER TABLE `tokens`
  ADD PRIMARY KEY (`token_id`);

--
-- Indexes for table `trainings`
--
ALTER TABLE `trainings`
  ADD PRIMARY KEY (`training_id`);

--
-- Indexes for table `training_temps`
--
ALTER TABLE `training_temps`
  ADD PRIMARY KEY (`id`);

--
-- Indexes for table `training_test`
--
ALTER TABLE `training_test`
  ADD PRIMARY KEY (`t_test_id`);

--
-- Indexes for table `t_transform`
--
ALTER TABLE `t_transform`
  ADD PRIMARY KEY (`id`);

--
-- Indexes for table `users`
--
ALTER TABLE `users`
  ADD PRIMARY KEY (`user_id`);

--
-- AUTO_INCREMENT for dumped tables
--

--
-- AUTO_INCREMENT for table `learnings`
--
ALTER TABLE `learnings`
  MODIFY `learning_id` int(10) NOT NULL AUTO_INCREMENT, AUTO_INCREMENT=22;

--
-- AUTO_INCREMENT for table `learn_mse`
--
ALTER TABLE `learn_mse`
  MODIFY `mse_id` int(10) NOT NULL AUTO_INCREMENT, AUTO_INCREMENT=22;

--
-- AUTO_INCREMENT for table `learn_output`
--
ALTER TABLE `learn_output`
  MODIFY `output_id` int(10) NOT NULL AUTO_INCREMENT, AUTO_INCREMENT=22;

--
-- AUTO_INCREMENT for table `learn_param`
--
ALTER TABLE `learn_param`
  MODIFY `param_id` int(10) NOT NULL AUTO_INCREMENT, AUTO_INCREMENT=22;

--
-- AUTO_INCREMENT for table `learn_weight`
--
ALTER TABLE `learn_weight`
  MODIFY `weight_id` int(10) NOT NULL AUTO_INCREMENT, AUTO_INCREMENT=22;

--
-- AUTO_INCREMENT for table `logs`
--
ALTER TABLE `logs`
  MODIFY `log_id` int(10) NOT NULL AUTO_INCREMENT, AUTO_INCREMENT=49;

--
-- AUTO_INCREMENT for table `roles`
--
ALTER TABLE `roles`
  MODIFY `role_id` int(10) NOT NULL AUTO_INCREMENT, AUTO_INCREMENT=2;

--
-- AUTO_INCREMENT for table `settings`
--
ALTER TABLE `settings`
  MODIFY `setting_id` int(10) NOT NULL AUTO_INCREMENT, AUTO_INCREMENT=2;

--
-- AUTO_INCREMENT for table `target`
--
ALTER TABLE `target`
  MODIFY `id` int(10) NOT NULL AUTO_INCREMENT, AUTO_INCREMENT=6;

--
-- AUTO_INCREMENT for table `test_result`
--
ALTER TABLE `test_result`
  MODIFY `id` int(10) NOT NULL AUTO_INCREMENT, AUTO_INCREMENT=7;

--
-- AUTO_INCREMENT for table `test_temps`
--
ALTER TABLE `test_temps`
  MODIFY `id` int(10) NOT NULL AUTO_INCREMENT, AUTO_INCREMENT=13;

--
-- AUTO_INCREMENT for table `tokens`
--
ALTER TABLE `tokens`
  MODIFY `token_id` int(10) NOT NULL AUTO_INCREMENT;

--
-- AUTO_INCREMENT for table `trainings`
--
ALTER TABLE `trainings`
  MODIFY `training_id` int(10) NOT NULL AUTO_INCREMENT, AUTO_INCREMENT=6;

--
-- AUTO_INCREMENT for table `training_temps`
--
ALTER TABLE `training_temps`
  MODIFY `id` int(10) NOT NULL AUTO_INCREMENT;

--
-- AUTO_INCREMENT for table `training_test`
--
ALTER TABLE `training_test`
  MODIFY `t_test_id` int(10) NOT NULL AUTO_INCREMENT, AUTO_INCREMENT=13;

--
-- AUTO_INCREMENT for table `t_transform`
--
ALTER TABLE `t_transform`
  MODIFY `id` int(1) NOT NULL AUTO_INCREMENT, AUTO_INCREMENT=2;

--
-- AUTO_INCREMENT for table `users`
--
ALTER TABLE `users`
  MODIFY `user_id` int(10) NOT NULL AUTO_INCREMENT, AUTO_INCREMENT=3;
COMMIT;

/*!40101 SET CHARACTER_SET_CLIENT=@OLD_CHARACTER_SET_CLIENT */;
/*!40101 SET CHARACTER_SET_RESULTS=@OLD_CHARACTER_SET_RESULTS */;
/*!40101 SET COLLATION_CONNECTION=@OLD_COLLATION_CONNECTION */;
