-- phpMyAdmin SQL Dump
-- version 4.8.2
-- https://www.phpmyadmin.net/
--
-- Host: 127.0.0.1
-- Generation Time: Jul 30, 2019 at 08:37 PM
-- Server version: 10.1.34-MariaDB
-- PHP Version: 7.2.7

SET SQL_MODE = "NO_AUTO_VALUE_ON_ZERO";
SET AUTOCOMMIT = 0;
START TRANSACTION;
SET time_zone = "+00:00";


/*!40101 SET @OLD_CHARACTER_SET_CLIENT=@@CHARACTER_SET_CLIENT */;
/*!40101 SET @OLD_CHARACTER_SET_RESULTS=@@CHARACTER_SET_RESULTS */;
/*!40101 SET @OLD_COLLATION_CONNECTION=@@COLLATION_CONNECTION */;
/*!40101 SET NAMES utf8mb4 */;

--
-- Database: `ci_backpro`
--

-- --------------------------------------------------------

--
-- Table structure for table `learnings`
--

CREATE TABLE `learnings` (
  `learning_id` int(10) NOT NULL,
  `train_data` int(10) NOT NULL,
  `target` double NOT NULL,
  `last_mse` double NOT NULL,
  `last_epoch` int(10) NOT NULL,
  `status` varchar(255) NOT NULL,
  `created_at` datetime NOT NULL DEFAULT CURRENT_TIMESTAMP
) ENGINE=InnoDB DEFAULT CHARSET=latin1;

--
-- Dumping data for table `learnings`
--

INSERT INTO `learnings` (`learning_id`, `train_data`, `target`, `last_mse`, `last_epoch`, `status`, `created_at`) VALUES
(1, 8, 0.53339456480565, 0.00009937, 38, 'success', '2019-07-31 00:55:58'),
(2, 8, 0.53339456480565, 0.00017662, 3, 'mse_stop', '2019-07-31 01:01:03'),
(3, 8, 0.53339456480565, 0.00009732, 50, 'success', '2019-07-31 01:01:05'),
(4, 8, 0.53339456480565, 0.00009985, 10, 'success', '2019-07-31 01:01:07'),
(5, 9, 0.53339456480565, 0.00009986, 227, 'success', '2019-07-31 01:05:36'),
(6, 2, 0.50057114552317, 0.00091984, 4, 'mse_stop', '2019-07-31 01:31:07'),
(7, 2, 0.50057114552317, 0.00087696, 5, 'mse_stop', '2019-07-31 01:31:10'),
(8, 2, 0.50057114552317, 0.0056055, 3, 'mse_stop', '2019-07-31 01:31:12'),
(9, 2, 0.50057114552317, 0.00002732, 3, 'success', '2019-07-31 01:31:15'),
(10, 2, 0.50057114552317, 0.0000974803, 57, 'success', '2019-07-31 01:32:44'),
(11, 2, 0.50057114552317, 0.0000377185, 4, 'success', '2019-07-31 01:32:47');

-- --------------------------------------------------------

--
-- Table structure for table `learn_mse`
--

CREATE TABLE `learn_mse` (
  `mse_id` int(10) NOT NULL,
  `learning_id` int(10) NOT NULL,
  `mse` text NOT NULL,
  `created_at` datetime NOT NULL DEFAULT CURRENT_TIMESTAMP
) ENGINE=InnoDB DEFAULT CHARSET=latin1;

--
-- Dumping data for table `learn_mse`
--

INSERT INTO `learn_mse` (`mse_id`, `learning_id`, `mse`, `created_at`) VALUES
(1, 1, 'a:38:{i:0;s:10:\"0.06850930\";i:1;s:10:\"0.00016835\";i:2;s:10:\"0.00016642\";i:3;s:10:\"0.00016362\";i:4;s:10:\"0.00016089\";i:5;s:10:\"0.00015822\";i:6;s:10:\"0.00015561\";i:7;s:10:\"0.00015307\";i:8;s:10:\"0.00015059\";i:9;s:10:\"0.00014817\";i:10;s:10:\"0.00014580\";i:11;s:10:\"0.00014349\";i:12;s:10:\"0.00014124\";i:13;s:10:\"0.00013904\";i:14;s:10:\"0.00013690\";i:15;s:10:\"0.00013480\";i:16;s:10:\"0.00013276\";i:17;s:10:\"0.00013076\";i:18;s:10:\"0.00012881\";i:19;s:10:\"0.00012691\";i:20;s:10:\"0.00012505\";i:21;s:10:\"0.00012324\";i:22;s:10:\"0.00012146\";i:23;s:10:\"0.00011973\";i:24;s:10:\"0.00011804\";i:25;s:10:\"0.00011640\";i:26;s:10:\"0.00011479\";i:27;s:10:\"0.00011321\";i:28;s:10:\"0.00011168\";i:29;s:10:\"0.00011018\";i:30;s:10:\"0.00010871\";i:31;s:10:\"0.00010728\";i:32;s:10:\"0.00010589\";i:33;s:10:\"0.00010452\";i:34;s:10:\"0.00010319\";i:35;s:10:\"0.00010189\";i:36;s:10:\"0.00010062\";i:37;s:10:\"0.00009937\";}', '2019-07-31 00:55:58'),
(2, 2, 'a:3:{i:0;s:10:\"0.09109934\";i:1;s:10:\"0.00017529\";i:2;s:10:\"0.00017662\";}', '2019-07-31 01:01:03'),
(3, 3, 'a:50:{i:0;s:10:\"0.08726135\";i:1;s:10:\"0.00075643\";i:2;s:10:\"0.00071828\";i:3;s:10:\"0.00068508\";i:4;s:10:\"0.00065354\";i:5;s:10:\"0.00062357\";i:6;s:10:\"0.00059509\";i:7;s:10:\"0.00056802\";i:8;s:10:\"0.00054228\";i:9;s:10:\"0.00051779\";i:10;s:10:\"0.00049450\";i:11;s:10:\"0.00047234\";i:12;s:10:\"0.00045126\";i:13;s:10:\"0.00043119\";i:14;s:10:\"0.00041209\";i:15;s:10:\"0.00039390\";i:16;s:10:\"0.00037658\";i:17;s:10:\"0.00036009\";i:18;s:10:\"0.00034438\";i:19;s:10:\"0.00032942\";i:20;s:10:\"0.00031517\";i:21;s:10:\"0.00030158\";i:22;s:10:\"0.00028865\";i:23;s:10:\"0.00027632\";i:24;s:10:\"0.00026457\";i:25;s:10:\"0.00025337\";i:26;s:10:\"0.00024269\";i:27;s:10:\"0.00023252\";i:28;s:10:\"0.00022282\";i:29;s:10:\"0.00021358\";i:30;s:10:\"0.00020476\";i:31;s:10:\"0.00019636\";i:32;s:10:\"0.00018835\";i:33;s:10:\"0.00018072\";i:34;s:10:\"0.00017344\";i:35;s:10:\"0.00016650\";i:36;s:10:\"0.00015988\";i:37;s:10:\"0.00015357\";i:38;s:10:\"0.00014756\";i:39;s:10:\"0.00014182\";i:40;s:10:\"0.00013635\";i:41;s:10:\"0.00013114\";i:42;s:10:\"0.00012617\";i:43;s:10:\"0.00012143\";i:44;s:10:\"0.00011692\";i:45;s:10:\"0.00011261\";i:46;s:10:\"0.00010851\";i:47;s:10:\"0.00010460\";i:48;s:10:\"0.00010087\";i:49;s:10:\"0.00009732\";}', '2019-07-31 01:01:05'),
(4, 4, 'a:10:{i:0;s:10:\"0.25652779\";i:1;s:10:\"0.00012790\";i:2;s:10:\"0.00011660\";i:3;s:10:\"0.00011391\";i:4;s:10:\"0.00011133\";i:5;s:10:\"0.00010886\";i:6;s:10:\"0.00010647\";i:7;s:10:\"0.00010418\";i:8;s:10:\"0.00010198\";i:9;s:10:\"0.00009985\";}', '2019-07-31 01:01:07'),
(5, 5, 'a:227:{i:0;s:10:\"0.02025565\";i:1;s:10:\"0.00028310\";i:2;s:10:\"0.00028147\";i:3;s:10:\"0.00027966\";i:4;s:10:\"0.00027788\";i:5;s:10:\"0.00027612\";i:6;s:10:\"0.00027439\";i:7;s:10:\"0.00027268\";i:8;s:10:\"0.00027099\";i:9;s:10:\"0.00026932\";i:10;s:10:\"0.00026767\";i:11;s:10:\"0.00026604\";i:12;s:10:\"0.00026443\";i:13;s:10:\"0.00026284\";i:14;s:10:\"0.00026127\";i:15;s:10:\"0.00025972\";i:16;s:10:\"0.00025818\";i:17;s:10:\"0.00025666\";i:18;s:10:\"0.00025515\";i:19;s:10:\"0.00025367\";i:20;s:10:\"0.00025219\";i:21;s:10:\"0.00025074\";i:22;s:10:\"0.00024930\";i:23;s:10:\"0.00024787\";i:24;s:10:\"0.00024645\";i:25;s:10:\"0.00024506\";i:26;s:10:\"0.00024367\";i:27;s:10:\"0.00024230\";i:28;s:10:\"0.00024094\";i:29;s:10:\"0.00023959\";i:30;s:10:\"0.00023826\";i:31;s:10:\"0.00023694\";i:32;s:10:\"0.00023563\";i:33;s:10:\"0.00023433\";i:34;s:10:\"0.00023305\";i:35;s:10:\"0.00023177\";i:36;s:10:\"0.00023051\";i:37;s:10:\"0.00022926\";i:38;s:10:\"0.00022802\";i:39;s:10:\"0.00022679\";i:40;s:10:\"0.00022557\";i:41;s:10:\"0.00022436\";i:42;s:10:\"0.00022316\";i:43;s:10:\"0.00022197\";i:44;s:10:\"0.00022079\";i:45;s:10:\"0.00021962\";i:46;s:10:\"0.00021845\";i:47;s:10:\"0.00021730\";i:48;s:10:\"0.00021616\";i:49;s:10:\"0.00021503\";i:50;s:10:\"0.00021390\";i:51;s:10:\"0.00021279\";i:52;s:10:\"0.00021168\";i:53;s:10:\"0.00021058\";i:54;s:10:\"0.00020949\";i:55;s:10:\"0.00020841\";i:56;s:10:\"0.00020734\";i:57;s:10:\"0.00020628\";i:58;s:10:\"0.00020522\";i:59;s:10:\"0.00020417\";i:60;s:10:\"0.00020313\";i:61;s:10:\"0.00020210\";i:62;s:10:\"0.00020107\";i:63;s:10:\"0.00020005\";i:64;s:10:\"0.00019904\";i:65;s:10:\"0.00019804\";i:66;s:10:\"0.00019705\";i:67;s:10:\"0.00019606\";i:68;s:10:\"0.00019508\";i:69;s:10:\"0.00019410\";i:70;s:10:\"0.00019314\";i:71;s:10:\"0.00019218\";i:72;s:10:\"0.00019122\";i:73;s:10:\"0.00019028\";i:74;s:10:\"0.00018934\";i:75;s:10:\"0.00018841\";i:76;s:10:\"0.00018748\";i:77;s:10:\"0.00018656\";i:78;s:10:\"0.00018565\";i:79;s:10:\"0.00018474\";i:80;s:10:\"0.00018384\";i:81;s:10:\"0.00018295\";i:82;s:10:\"0.00018206\";i:83;s:10:\"0.00018118\";i:84;s:10:\"0.00018031\";i:85;s:10:\"0.00017944\";i:86;s:10:\"0.00017857\";i:87;s:10:\"0.00017772\";i:88;s:10:\"0.00017687\";i:89;s:10:\"0.00017602\";i:90;s:10:\"0.00017518\";i:91;s:10:\"0.00017435\";i:92;s:10:\"0.00017352\";i:93;s:10:\"0.00017270\";i:94;s:10:\"0.00017188\";i:95;s:10:\"0.00017107\";i:96;s:10:\"0.00017027\";i:97;s:10:\"0.00016947\";i:98;s:10:\"0.00016867\";i:99;s:10:\"0.00016788\";i:100;s:10:\"0.00016710\";i:101;s:10:\"0.00016632\";i:102;s:10:\"0.00016555\";i:103;s:10:\"0.00016478\";i:104;s:10:\"0.00016402\";i:105;s:10:\"0.00016326\";i:106;s:10:\"0.00016251\";i:107;s:10:\"0.00016176\";i:108;s:10:\"0.00016102\";i:109;s:10:\"0.00016028\";i:110;s:10:\"0.00015955\";i:111;s:10:\"0.00015882\";i:112;s:10:\"0.00015809\";i:113;s:10:\"0.00015738\";i:114;s:10:\"0.00015666\";i:115;s:10:\"0.00015595\";i:116;s:10:\"0.00015525\";i:117;s:10:\"0.00015455\";i:118;s:10:\"0.00015386\";i:119;s:10:\"0.00015317\";i:120;s:10:\"0.00015248\";i:121;s:10:\"0.00015180\";i:122;s:10:\"0.00015112\";i:123;s:10:\"0.00015045\";i:124;s:10:\"0.00014978\";i:125;s:10:\"0.00014912\";i:126;s:10:\"0.00014846\";i:127;s:10:\"0.00014781\";i:128;s:10:\"0.00014716\";i:129;s:10:\"0.00014651\";i:130;s:10:\"0.00014587\";i:131;s:10:\"0.00014523\";i:132;s:10:\"0.00014460\";i:133;s:10:\"0.00014397\";i:134;s:10:\"0.00014334\";i:135;s:10:\"0.00014272\";i:136;s:10:\"0.00014211\";i:137;s:10:\"0.00014149\";i:138;s:10:\"0.00014088\";i:139;s:10:\"0.00014028\";i:140;s:10:\"0.00013968\";i:141;s:10:\"0.00013908\";i:142;s:10:\"0.00013849\";i:143;s:10:\"0.00013790\";i:144;s:10:\"0.00013731\";i:145;s:10:\"0.00013673\";i:146;s:10:\"0.00013615\";i:147;s:10:\"0.00013557\";i:148;s:10:\"0.00013500\";i:149;s:10:\"0.00013444\";i:150;s:10:\"0.00013387\";i:151;s:10:\"0.00013331\";i:152;s:10:\"0.00013275\";i:153;s:10:\"0.00013220\";i:154;s:10:\"0.00013165\";i:155;s:10:\"0.00013111\";i:156;s:10:\"0.00013056\";i:157;s:10:\"0.00013002\";i:158;s:10:\"0.00012949\";i:159;s:10:\"0.00012896\";i:160;s:10:\"0.00012843\";i:161;s:10:\"0.00012790\";i:162;s:10:\"0.00012738\";i:163;s:10:\"0.00012686\";i:164;s:10:\"0.00012634\";i:165;s:10:\"0.00012583\";i:166;s:10:\"0.00012532\";i:167;s:10:\"0.00012482\";i:168;s:10:\"0.00012431\";i:169;s:10:\"0.00012381\";i:170;s:10:\"0.00012332\";i:171;s:10:\"0.00012282\";i:172;s:10:\"0.00012233\";i:173;s:10:\"0.00012184\";i:174;s:10:\"0.00012136\";i:175;s:10:\"0.00012088\";i:176;s:10:\"0.00012040\";i:177;s:10:\"0.00011992\";i:178;s:10:\"0.00011945\";i:179;s:10:\"0.00011898\";i:180;s:10:\"0.00011852\";i:181;s:10:\"0.00011805\";i:182;s:10:\"0.00011759\";i:183;s:10:\"0.00011713\";i:184;s:10:\"0.00011668\";i:185;s:10:\"0.00011623\";i:186;s:10:\"0.00011578\";i:187;s:10:\"0.00011533\";i:188;s:10:\"0.00011488\";i:189;s:10:\"0.00011444\";i:190;s:10:\"0.00011400\";i:191;s:10:\"0.00011357\";i:192;s:10:\"0.00011314\";i:193;s:10:\"0.00011270\";i:194;s:10:\"0.00011228\";i:195;s:10:\"0.00011185\";i:196;s:10:\"0.00011143\";i:197;s:10:\"0.00011101\";i:198;s:10:\"0.00011059\";i:199;s:10:\"0.00011017\";i:200;s:10:\"0.00010976\";i:201;s:10:\"0.00010935\";i:202;s:10:\"0.00010894\";i:203;s:10:\"0.00010854\";i:204;s:10:\"0.00010814\";i:205;s:10:\"0.00010773\";i:206;s:10:\"0.00010734\";i:207;s:10:\"0.00010694\";i:208;s:10:\"0.00010655\";i:209;s:10:\"0.00010616\";i:210;s:10:\"0.00010577\";i:211;s:10:\"0.00010538\";i:212;s:10:\"0.00010500\";i:213;s:10:\"0.00010462\";i:214;s:10:\"0.00010424\";i:215;s:10:\"0.00010386\";i:216;s:10:\"0.00010348\";i:217;s:10:\"0.00010311\";i:218;s:10:\"0.00010274\";i:219;s:10:\"0.00010237\";i:220;s:10:\"0.00010201\";i:221;s:10:\"0.00010164\";i:222;s:10:\"0.00010128\";i:223;s:10:\"0.00010092\";i:224;s:10:\"0.00010056\";i:225;s:10:\"0.00010021\";i:226;s:10:\"0.00009986\";}', '2019-07-31 01:05:36'),
(6, 6, 'a:4:{i:0;s:10:\"0.02917759\";i:1;s:10:\"0.00177197\";i:2;s:10:\"0.00086752\";i:3;s:10:\"0.00091984\";}', '2019-07-31 01:31:07'),
(7, 7, 'a:5:{i:0;s:10:\"0.19152866\";i:1;s:10:\"0.00956010\";i:2;s:10:\"0.00102381\";i:3;s:10:\"0.00084427\";i:4;s:10:\"0.00087696\";}', '2019-07-31 01:31:10'),
(8, 8, 'a:3:{i:0;s:10:\"0.04188615\";i:1;s:10:\"0.00531467\";i:2;s:10:\"0.00560550\";}', '2019-07-31 01:31:12'),
(9, 9, 'a:3:{i:0;s:10:\"0.20237957\";i:1;s:10:\"0.00172599\";i:2;s:10:\"0.00002732\";}', '2019-07-31 01:31:15'),
(10, 10, 'a:57:{i:0;s:12:\"0.0802992732\";i:1;s:12:\"0.0035027096\";i:2;s:12:\"0.0013866915\";i:3;s:12:\"0.0011950344\";i:4;s:12:\"0.0011242621\";i:5;s:12:\"0.0010690691\";i:6;s:12:\"0.0010181106\";i:7;s:12:\"0.0009698704\";i:8;s:12:\"0.0009240417\";i:9;s:12:\"0.0008804759\";i:10;s:12:\"0.0008390510\";i:11;s:12:\"0.0007996541\";i:12;s:12:\"0.0007621794\";i:13;s:12:\"0.0007265271\";i:14;s:12:\"0.0006926029\";i:15;s:12:\"0.0006603182\";i:16;s:12:\"0.0006295890\";i:17;s:12:\"0.0006003364\";i:18;s:12:\"0.0005724854\";i:19;s:12:\"0.0005459654\";i:20;s:12:\"0.0005207097\";i:21;s:12:\"0.0004966549\";i:22;s:12:\"0.0004737415\";i:23;s:12:\"0.0004519126\";i:24;s:12:\"0.0004311148\";i:25;s:12:\"0.0004112974\";i:26;s:12:\"0.0003924121\";i:27;s:12:\"0.0003744135\";i:28;s:12:\"0.0003572584\";i:29;s:12:\"0.0003409057\";i:30;s:12:\"0.0003253166\";i:31;s:12:\"0.0003104543\";i:32;s:12:\"0.0002962837\";i:33;s:12:\"0.0002827717\";i:34;s:12:\"0.0002698867\";i:35;s:12:\"0.0002575987\";i:36;s:12:\"0.0002458793\";i:37;s:12:\"0.0002347014\";i:38;s:12:\"0.0002240394\";i:39;s:12:\"0.0002138689\";i:40;s:12:\"0.0002041666\";i:41;s:12:\"0.0001949105\";i:42;s:12:\"0.0001860795\";i:43;s:12:\"0.0001776538\";i:44;s:12:\"0.0001696143\";i:45;s:12:\"0.0001619429\";i:46;s:12:\"0.0001546225\";i:47;s:12:\"0.0001476366\";i:48;s:12:\"0.0001409698\";i:49;s:12:\"0.0001346071\";i:50;s:12:\"0.0001285345\";i:51;s:12:\"0.0001227386\";i:52;s:12:\"0.0001172064\";i:53;s:12:\"0.0001119258\";i:54;s:12:\"0.0001068852\";i:55;s:12:\"0.0001020736\";i:56;s:12:\"0.0000974803\";}', '2019-07-31 01:32:44'),
(11, 11, 'a:4:{i:0;s:12:\"0.0630681393\";i:1;s:12:\"0.0024246238\";i:2;s:12:\"0.0001450489\";i:3;s:12:\"0.0000377185\";}', '2019-07-31 01:32:47');

-- --------------------------------------------------------

--
-- Table structure for table `learn_output`
--

CREATE TABLE `learn_output` (
  `output_id` int(10) NOT NULL,
  `learning_id` int(10) NOT NULL,
  `outputs` text NOT NULL,
  `created_at` datetime NOT NULL DEFAULT CURRENT_TIMESTAMP
) ENGINE=InnoDB DEFAULT CHARSET=latin1;

--
-- Dumping data for table `learn_output`
--

INSERT INTO `learn_output` (`output_id`, `learning_id`, `outputs`, `created_at`) VALUES
(1, 1, 'a:8:{i:0;d:0.5357342566719384;i:1;d:0.5413105885858823;i:2;d:0.5271594757054503;i:3;d:0.5447475560746251;i:4;d:0.5202607332020307;i:5;d:0.5391165720168245;i:6;d:0.5411162869721837;i:7;d:0.5162416053480049;}', '2019-07-31 00:55:58'),
(2, 2, 'a:8:{i:0;d:0.5545412617174889;i:1;d:0.5313830378553803;i:2;d:0.5462185418067719;i:3;d:0.5226821473542284;i:4;d:0.5448788287173096;i:5;d:0.5268776143455438;i:6;d:0.5296708280809292;i:7;d:0.5111616329000511;}', '2019-07-31 01:01:03'),
(3, 3, 'a:8:{i:0;d:0.5278097776647602;i:1;d:0.5249036117931861;i:2;d:0.5264540053738641;i:3;d:0.5315041991264556;i:4;d:0.5333971984276943;i:5;d:0.5361304402312697;i:6;d:0.5290832725631692;i:7;d:0.5578370683654393;}', '2019-07-31 01:01:05'),
(4, 4, 'a:8:{i:0;d:0.5192195090477786;i:1;d:0.5323279838926733;i:2;d:0.521517462512184;i:3;d:0.5402768910962829;i:4;d:0.5513798827422272;i:5;d:0.5276071680251342;i:6;d:0.533522434977016;i:7;d:0.5405593901237224;}', '2019-07-31 01:01:07'),
(5, 5, 'a:9:{i:0;d:0.5427395168442867;i:1;d:0.5248123141227629;i:2;d:0.5241882110843887;i:3;d:0.533114219858805;i:4;d:0.5567019839071271;i:5;d:0.5247217139079042;i:6;d:0.5313270085247721;i:7;d:0.5280817587977751;i:8;d:0.5347837858678013;}', '2019-07-31 01:05:36'),
(6, 6, 'a:2:{i:0;d:0.5281314902279394;i:1;d:0.46770630033434846;}', '2019-07-31 01:31:07'),
(7, 7, 'a:2:{i:0;d:0.5290441065639768;i:1;d:0.46985956460216044;}', '2019-07-31 01:31:10'),
(8, 8, 'a:2:{i:0;d:0.5673885974012026;i:1;d:0.41843449738938443;}', '2019-07-31 01:31:12'),
(9, 9, 'a:2:{i:0;d:0.500770337583844;i:1;d:0.4931824295758214;}', '2019-07-31 01:31:15'),
(10, 10, 'a:2:{i:0;d:0.4904776484657025;i:1;d:0.5102190450718305;}', '2019-07-31 01:32:44'),
(11, 11, 'a:2:{i:0;d:0.508032397847755;i:1;d:0.4961251770809218;}', '2019-07-31 01:32:47');

-- --------------------------------------------------------

--
-- Table structure for table `learn_param`
--

CREATE TABLE `learn_param` (
  `param_id` int(10) NOT NULL,
  `learning_id` int(10) NOT NULL,
  `lr_input` double NOT NULL,
  `lr_bias_input` double NOT NULL,
  `lr_hidden` double NOT NULL,
  `lr_bias_hidden` double NOT NULL,
  `target_mse` double NOT NULL,
  `max_epoch` int(10) NOT NULL,
  `created_at` datetime NOT NULL DEFAULT CURRENT_TIMESTAMP
) ENGINE=InnoDB DEFAULT CHARSET=latin1;

--
-- Dumping data for table `learn_param`
--

INSERT INTO `learn_param` (`param_id`, `learning_id`, `lr_input`, `lr_bias_input`, `lr_hidden`, `lr_bias_hidden`, `target_mse`, `max_epoch`, `created_at`) VALUES
(1, 1, 0.25, 0.25, 0.25, 0.25, 0.0001, 10000, '2019-07-31 00:55:58'),
(2, 2, 0.25, 0.25, 0.25, 0.25, 0.0001, 10000, '2019-07-31 01:01:03'),
(3, 3, 0.25, 0.25, 0.25, 0.25, 0.0001, 10000, '2019-07-31 01:01:05'),
(4, 4, 0.25, 0.25, 0.25, 0.25, 0.0001, 10000, '2019-07-31 01:01:07'),
(5, 5, 0.25, 0.25, 0.25, 0.25, 0.0001, 10000, '2019-07-31 01:05:36'),
(6, 6, 0.25, 0.25, 0.25, 0.25, 0.0001, 10000, '2019-07-31 01:31:07'),
(7, 7, 0.25, 0.25, 0.25, 0.25, 0.0001, 10000, '2019-07-31 01:31:10'),
(8, 8, 0.25, 0.25, 0.25, 0.25, 0.0001, 10000, '2019-07-31 01:31:12'),
(9, 9, 0.25, 0.25, 0.25, 0.25, 0.0001, 10000, '2019-07-31 01:31:15'),
(10, 10, 0.25, 0.25, 0.25, 0.25, 0.0001, 10000, '2019-07-31 01:32:44'),
(11, 11, 0.25, 0.25, 0.25, 0.25, 0.0001, 10000, '2019-07-31 01:32:47');

-- --------------------------------------------------------

--
-- Table structure for table `learn_weight`
--

CREATE TABLE `learn_weight` (
  `weight_id` int(10) NOT NULL,
  `learning_id` int(10) NOT NULL,
  `x1` text NOT NULL,
  `x2` text NOT NULL,
  `x3` text NOT NULL,
  `x4` text NOT NULL,
  `x5` text NOT NULL,
  `b1` text NOT NULL,
  `w` text NOT NULL,
  `created_at` datetime NOT NULL DEFAULT CURRENT_TIMESTAMP
) ENGINE=InnoDB DEFAULT CHARSET=latin1;

--
-- Dumping data for table `learn_weight`
--

INSERT INTO `learn_weight` (`weight_id`, `learning_id`, `x1`, `x2`, `x3`, `x4`, `x5`, `b1`, `w`, `created_at`) VALUES
(1, 1, 'a:5:{s:3:\"v11\";d:-0.461443281171805;s:3:\"v12\";d:-0.08211341833762832;s:3:\"v13\";d:0.10128305524457978;s:3:\"v14\";d:0.09105771081487794;s:3:\"v15\";d:-0.29537735018933053;}', 'a:5:{s:3:\"v21\";d:0.039753085332952354;s:3:\"v22\";d:-0.400952164699531;s:3:\"v23\";d:-0.11109001583730248;s:3:\"v24\";d:-0.442623892512651;s:3:\"v25\";d:0.2677784189018431;}', 'a:5:{s:3:\"v31\";d:-0.20488617724750985;s:3:\"v32\";d:0.48690447707006246;s:3:\"v33\";d:-0.4727702251195917;s:3:\"v34\";d:-0.12456562345553529;s:3:\"v35\";d:0.38008091717068065;}', 'a:5:{s:3:\"v41\";d:0.46617253149591015;s:3:\"v42\";d:0.10502586477258447;s:3:\"v43\";d:0.24859945259854924;s:3:\"v44\";d:0.19841784979671986;s:3:\"v45\";d:0.4143804270549421;}', 'a:5:{s:3:\"v51\";d:0.30978336998808037;s:3:\"v52\";d:0.05000876250963595;s:3:\"v53\";d:-0.003361044847544581;s:3:\"v54\";d:0.28040703296739944;s:3:\"v55\";d:0.2605459113365817;}', 'a:5:{s:3:\"v01\";d:-0.12967104798884269;s:3:\"v02\";d:-0.3879979073263448;s:3:\"v03\";d:0.4017371265760822;s:3:\"v04\";d:-0.12121630912816571;s:3:\"v05\";d:0.12047042681359961;}', 'a:6:{s:2:\"w0\";d:0.4283880506995005;s:2:\"w1\";d:0.22412113858146201;s:2:\"w2\";d:-0.28094154623825135;s:2:\"w3\";d:0.10080174780870431;s:2:\"w4\";d:-0.0034465050655067358;s:2:\"w5\";d:0.08716373269463504;}', '2019-07-31 00:55:58'),
(2, 2, 'a:5:{s:3:\"v11\";d:0.04322704945364797;s:3:\"v12\";d:-0.21519377948027765;s:3:\"v13\";d:0.4719937806372913;s:3:\"v14\";d:-0.08415260143304726;s:3:\"v15\";d:-0.0724049754416489;}', 'a:5:{s:3:\"v21\";d:0.05714711243636832;s:3:\"v22\";d:-0.07568268750509935;s:3:\"v23\";d:0.12117695458225755;s:3:\"v24\";d:-0.08127638982249352;s:3:\"v25\";d:-0.48153372228039126;}', 'a:5:{s:3:\"v31\";d:0.4435941143501663;s:3:\"v32\";d:0.1490284770914556;s:3:\"v33\";d:0.18923535550386358;s:3:\"v34\";d:-0.20418056794314393;s:3:\"v35\";d:-0.4241245773344878;}', 'a:5:{s:3:\"v41\";d:-0.35785143186042595;s:3:\"v42\";d:-0.32741912547993207;s:3:\"v43\";d:0.07608654573727726;s:3:\"v44\";d:-0.20370023296493092;s:3:\"v45\";d:-0.21060621186145925;}', 'a:5:{s:3:\"v51\";d:-0.18731577191806176;s:3:\"v52\";d:-0.35062556671822315;s:3:\"v53\";d:0.48637712120221993;s:3:\"v54\";d:-0.17627458013038244;s:3:\"v55\";d:-0.04264496271505262;}', 'a:5:{s:3:\"v01\";d:-0.1585798806070962;s:3:\"v02\";d:0.4372311156340644;s:3:\"v03\";d:-0.24555811431360727;s:3:\"v04\";d:-0.4723458403188152;s:3:\"v05\";d:0.22518045393750769;}', 'a:6:{s:2:\"w0\";d:0.13091883440123311;s:2:\"w1\";d:0.5256179212962533;s:2:\"w2\";d:-0.17108392584671223;s:2:\"w3\";d:0.25780751527113194;s:2:\"w4\";d:0.06432623724548299;s:2:\"w5\";d:0.2013753193808847;}', '2019-07-31 01:01:03'),
(3, 3, 'a:5:{s:3:\"v11\";d:-0.09759174886597224;s:3:\"v12\";d:0.2113647568032852;s:3:\"v13\";d:0.15964498257477797;s:3:\"v14\";d:-0.32338092740216;s:3:\"v15\";d:-0.19975330059035373;}', 'a:5:{s:3:\"v21\";d:0.24092272109349747;s:3:\"v22\";d:-0.1277751517309474;s:3:\"v23\";d:-0.2545366581900383;s:3:\"v24\";d:-0.21260682585781368;s:3:\"v25\";d:0.3390112931980441;}', 'a:5:{s:3:\"v31\";d:-0.32004798823660496;s:3:\"v32\";d:0.2480514016950454;s:3:\"v33\";d:-0.21965652892327125;s:3:\"v34\";d:0.16644088656825748;s:3:\"v35\";d:0.38686080585537513;}', 'a:5:{s:3:\"v41\";d:0.09256614211132197;s:3:\"v42\";d:0.3081720943285803;s:3:\"v43\";d:0.062264810861473494;s:3:\"v44\";d:-0.13312160911379478;s:3:\"v45\";d:-0.2447981685647792;}', 'a:5:{s:3:\"v51\";d:-0.34461895790916036;s:3:\"v52\";d:-0.40559282572435545;s:3:\"v53\";d:-0.05391116813509073;s:3:\"v54\";d:0.23730625380433024;s:3:\"v55\";d:-0.00910427200553624;}', 'a:5:{s:3:\"v01\";d:0.4258650355818241;s:3:\"v02\";d:0.43062671912169953;s:3:\"v03\";d:-0.20698472428971854;s:3:\"v04\";d:0.3481591023414359;s:3:\"v05\";d:0.15372682090240813;}', 'a:6:{s:2:\"w0\";d:-0.1800217730318045;s:2:\"w1\";d:-0.05622199733935446;s:2:\"w2\";d:0.22932926153316105;s:2:\"w3\";d:0.5031843222458765;s:2:\"w4\";d:0.42926117860994717;s:2:\"w5\";d:0.2650834144778459;}', '2019-07-31 01:01:05'),
(4, 4, 'a:5:{s:3:\"v11\";d:-0.44697512198689626;s:3:\"v12\";d:-0.22056548558863798;s:3:\"v13\";d:0.3617649645873776;s:3:\"v14\";d:0.3123208163622101;s:3:\"v15\";d:-0.16937954417641457;}', 'a:5:{s:3:\"v21\";d:0.34174063163493995;s:3:\"v22\";d:0.12310352600271399;s:3:\"v23\";d:0.3175775652657175;s:3:\"v24\";d:0.09692887876840853;s:3:\"v25\";d:0.037239824498685486;}', 'a:5:{s:3:\"v31\";d:0.18800617766293679;s:3:\"v32\";d:-0.2484232566131559;s:3:\"v33\";d:-0.3247780181374603;s:3:\"v34\";d:-0.314571110511294;s:3:\"v35\";d:-0.10774230241610253;}', 'a:5:{s:3:\"v41\";d:-0.3693644919012769;s:3:\"v42\";d:-0.15183145109254875;s:3:\"v43\";d:0.22679043676863256;s:3:\"v44\";d:-0.17487998239422212;s:3:\"v45\";d:-0.2603512124153792;}', 'a:5:{s:3:\"v51\";d:-0.22257176254395306;s:3:\"v52\";d:-0.05532765811378455;s:3:\"v53\";d:0.2837444874108629;s:3:\"v54\";d:0.2587095301857953;s:3:\"v55\";d:-0.5120451988472694;}', 'a:5:{s:3:\"v01\";d:0.1975806864461714;s:3:\"v02\";d:0.46669347646434933;s:3:\"v03\";d:-0.14756928107405082;s:3:\"v04\";d:-0.1710330408234386;s:3:\"v05\";d:-0.35532347626656163;}', 'a:6:{s:2:\"w0\";d:0.3516867729819119;s:2:\"w1\";d:0.30461620432410896;s:2:\"w2\";d:0.23627016107569937;s:2:\"w3\";d:-0.10294183200822224;s:2:\"w4\";d:0.09042338524496804;s:2:\"w5\";d:-0.2903350398714272;}', '2019-07-31 01:01:07'),
(5, 5, 'a:5:{s:3:\"v11\";d:-0.06225112150679995;s:3:\"v12\";d:-0.2560724797010644;s:3:\"v13\";d:0.3402312421776491;s:3:\"v14\";d:-0.35325207504936484;s:3:\"v15\";d:0.3938708602618525;}', 'a:5:{s:3:\"v21\";d:0.2411832195948267;s:3:\"v22\";d:0.07732368863467078;s:3:\"v23\";d:-0.4073835613433561;s:3:\"v24\";d:0.07194974910381587;s:3:\"v25\";d:0.4179127459070986;}', 'a:5:{s:3:\"v31\";d:0.30804454322499797;s:3:\"v32\";d:-0.20150459016808198;s:3:\"v33\";d:0.006489928491776048;s:3:\"v34\";d:0.3623469358524592;s:3:\"v35\";d:0.02838086992329386;}', 'a:5:{s:3:\"v41\";d:-0.3009731106634003;s:3:\"v42\";d:0.4568066586662149;s:3:\"v43\";d:0.4574325225668328;s:3:\"v44\";d:-0.4211471037745802;s:3:\"v45\";d:-0.030520647375425765;}', 'a:5:{s:3:\"v51\";d:0.43633969513295673;s:3:\"v52\";d:-0.012085816151621492;s:3:\"v53\";d:-0.2196715156332285;s:3:\"v54\";d:-0.4285566913807062;s:3:\"v55\";d:-0.3345850479120191;}', 'a:5:{s:3:\"v01\";d:-0.416637788196177;s:3:\"v02\";d:0.41199240246275226;s:3:\"v03\";d:-0.1931011770206342;s:3:\"v04\";d:-0.007955497710779686;s:3:\"v05\";d:0.17033632732648712;}', 'a:6:{s:2:\"w0\";d:0.53822397615726;s:2:\"w1\";d:0.4119598080496265;s:2:\"w2\";d:-0.18589503040976;s:2:\"w3\";d:-0.033722277828436086;s:2:\"w4\";d:0.13936495372744134;s:2:\"w5\";d:-0.21245662829877696;}', '2019-07-31 01:05:36'),
(6, 6, 'a:5:{s:3:\"v11\";d:-0.37792276994791474;s:3:\"v12\";d:-0.33536423261083237;s:3:\"v13\";d:0.33291878566621835;s:3:\"v14\";d:-0.4635195869298874;s:3:\"v15\";d:0.3303963519729529;}', 'a:5:{s:3:\"v21\";d:-0.3219134043948285;s:3:\"v22\";d:0.020865275888698232;s:3:\"v23\";d:-0.12782566026115164;s:3:\"v24\";d:0.09199605333593656;s:3:\"v25\";d:0.07387055286290019;}', 'a:5:{s:3:\"v31\";d:-0.37817273996365874;s:3:\"v32\";d:0.41434422958923695;s:3:\"v33\";d:0.38120295020692857;s:3:\"v34\";d:-0.4929263020052202;s:3:\"v35\";d:0.3145352159504806;}', 'a:5:{s:3:\"v41\";d:-0.0522993248456732;s:3:\"v42\";d:0.28202216610095165;s:3:\"v43\";d:-0.08309059334056858;s:3:\"v44\";d:-0.19689575247696386;s:3:\"v45\";d:-0.3877298116185597;}', 'a:5:{s:3:\"v51\";d:-0.05980180756542745;s:3:\"v52\";d:-0.08274634660777745;s:3:\"v53\";d:-0.09336261537022246;s:3:\"v54\";d:0.12998041886484196;s:3:\"v55\";d:0.009581196081096338;}', 'a:5:{s:3:\"v01\";d:0.010118583684347256;s:3:\"v02\";d:-0.1994506001713089;s:3:\"v03\";d:0.061452947410209915;s:3:\"v04\";d:0.055080177592466584;s:3:\"v05\";d:-0.39075071860285165;}', 'a:6:{s:2:\"w0\";d:-0.00010478311464501289;s:2:\"w1\";d:0.23012461242597243;s:2:\"w2\";d:-0.0605857115149334;s:2:\"w3\";d:0.4751975710456357;s:2:\"w4\";d:0.264050504492534;s:2:\"w5\";d:0.1792641070430303;}', '2019-07-31 01:31:07'),
(7, 7, 'a:5:{s:3:\"v11\";d:-0.28258681161675964;s:3:\"v12\";d:-0.07435298641336717;s:3:\"v13\";d:-0.20945993534008003;s:3:\"v14\";d:-0.29206537452851405;s:3:\"v15\";d:0.4172847971413587;}', 'a:5:{s:3:\"v21\";d:0.28972425365695836;s:3:\"v22\";d:-0.12946558696751145;s:3:\"v23\";d:-0.44460288848422963;s:3:\"v24\";d:-0.37597686278804826;s:3:\"v25\";d:0.09461123979104928;}', 'a:5:{s:3:\"v31\";d:-0.009397468533229888;s:3:\"v32\";d:-0.25007165117796;s:3:\"v33\";d:0.147987088217991;s:3:\"v34\";d:0.19076142811450555;s:3:\"v35\";d:0.08649787251283024;}', 'a:5:{s:3:\"v41\";d:-0.11522523654892548;s:3:\"v42\";d:-0.2694192539617575;s:3:\"v43\";d:0.46085890347532926;s:3:\"v44\";d:0.11627798276748044;s:3:\"v45\";d:-0.24525732550281404;}', 'a:5:{s:3:\"v51\";d:0.11208037268872847;s:3:\"v52\";d:-0.4360822354040566;s:3:\"v53\";d:-0.42048286688696884;s:3:\"v54\";d:-0.39759201169542613;s:3:\"v55\";d:0.0908383219302815;}', 'a:5:{s:3:\"v01\";d:-0.10616333253097213;s:3:\"v02\";d:-0.17366913555074054;s:3:\"v03\";d:0.03676066549015894;s:3:\"v04\";d:-0.19652305148359786;s:3:\"v05\";d:0.21511822968867533;}', 'a:6:{s:2:\"w0\";d:0.21163613063103326;s:2:\"w1\";d:0.1472621617062128;s:2:\"w2\";d:-0.2780827320744058;s:2:\"w3\";d:-0.11361457524021826;s:2:\"w4\";d:0.487892604435996;s:2:\"w5\";d:0.3145280175872114;}', '2019-07-31 01:31:10'),
(8, 8, 'a:5:{s:3:\"v11\";d:0.49778434495170126;s:3:\"v12\";d:0.0837070605890599;s:3:\"v13\";d:0.042433758605490264;s:3:\"v14\";d:-0.3090524514768108;s:3:\"v15\";d:-0.4353449460261468;}', 'a:5:{s:3:\"v21\";d:-0.3433049988515768;s:3:\"v22\";d:-0.2062801060515456;s:3:\"v23\";d:-0.46580841506040194;s:3:\"v24\";d:-0.44556356995017754;s:3:\"v25\";d:0.02002728668883234;}', 'a:5:{s:3:\"v31\";d:0.15189974543040888;s:3:\"v32\";d:-0.012946022097414486;s:3:\"v33\";d:0.1703515815254766;s:3:\"v34\";d:0.44442335864245974;s:3:\"v35\";d:0.09920951584602804;}', 'a:5:{s:3:\"v41\";d:-0.2766808166831733;s:3:\"v42\";d:0.4097931937814724;s:3:\"v43\";d:-0.16784346304494313;s:3:\"v44\";d:-0.0017249919001522114;s:3:\"v45\";d:0.06330263934157529;}', 'a:5:{s:3:\"v51\";d:0.1929254592290587;s:3:\"v52\";d:-0.204760061872969;s:3:\"v53\";d:0.03617655501232989;s:3:\"v54\";d:-0.49134122722143947;s:3:\"v55\";d:0.06975797249270847;}', 'a:5:{s:3:\"v01\";d:0.13964401922451847;s:3:\"v02\";d:0.3623850129362826;s:3:\"v03\";d:-0.3068379420313743;s:3:\"v04\";d:0.4914074861000519;s:3:\"v05\";d:-0.26809023424821377;}', 'a:6:{s:2:\"w0\";d:-0.3621679484677173;s:2:\"w1\";d:0.46326903731435176;s:2:\"w2\";d:0.4267693665918424;s:2:\"w3\";d:0.16902543514315976;s:2:\"w4\";d:0.5589897196518923;s:2:\"w5\";d:0.022384679091555854;}', '2019-07-31 01:31:12'),
(9, 9, 'a:5:{s:3:\"v11\";d:-0.30187814199576907;s:3:\"v12\";d:-0.2781721282967135;s:3:\"v13\";d:0.17323877492560064;s:3:\"v14\";d:0.15645929979629433;s:3:\"v15\";d:-0.009650134187138254;}', 'a:5:{s:3:\"v21\";d:0.41371598102621826;s:3:\"v22\";d:-0.2225284236752189;s:3:\"v23\";d:0.45730959909125035;s:3:\"v24\";d:-0.3332457037534342;s:3:\"v25\";d:0.15966617472740682;}', 'a:5:{s:3:\"v31\";d:0.39516858808908717;s:3:\"v32\";d:-0.3834316662015215;s:3:\"v33\";d:0.4411077156561804;s:3:\"v34\";d:0.22873379012384962;s:3:\"v35\";d:0.12689445078735137;}', 'a:5:{s:3:\"v41\";d:0.01773497104562314;s:3:\"v42\";d:-0.2673402442965788;s:3:\"v43\";d:0.11821145539117575;s:3:\"v44\";d:0.2536388332920192;s:3:\"v45\";d:-0.1909332177093457;}', 'a:5:{s:3:\"v51\";d:-0.23175248065214205;s:3:\"v52\";d:0.21112861827740576;s:3:\"v53\";d:-0.021608702296782023;s:3:\"v54\";d:0.021830538359898097;s:3:\"v55\";d:-0.2147151073129973;}', 'a:5:{s:3:\"v01\";d:-0.4087748003472056;s:3:\"v02\";d:0.3534848985468149;s:3:\"v03\";d:0.28681732086895184;s:3:\"v04\";d:0.43698205909586985;s:3:\"v05\";d:0.4708962341480987;}', 'a:6:{s:2:\"w0\";d:-0.1189282954723729;s:2:\"w1\";d:0.3580916793224056;s:2:\"w2\";d:0.30777311041448613;s:2:\"w3\";d:0.3197122399456975;s:2:\"w4\";d:-0.30055912653317457;s:2:\"w5\";d:0.48161825279744436;}', '2019-07-31 01:31:15'),
(10, 10, 'a:5:{s:3:\"v11\";d:0.1244842327958331;s:3:\"v12\";d:-0.04476578228774499;s:3:\"v13\";d:-0.14750094111975764;s:3:\"v14\";d:-0.012921103425462403;s:3:\"v15\";d:0.07294397360631355;}', 'a:5:{s:3:\"v21\";d:-0.07404269019668308;s:3:\"v22\";d:-0.3011264834275594;s:3:\"v23\";d:-0.24826698312597334;s:3:\"v24\";d:0.36057566868442636;s:3:\"v25\";d:0.02608328493002319;}', 'a:5:{s:3:\"v31\";d:-0.09100228490018086;s:3:\"v32\";d:-0.19683313012898698;s:3:\"v33\";d:0.3982325556409019;s:3:\"v34\";d:0.3287833267354473;s:3:\"v35\";d:-0.22171497273389013;}', 'a:5:{s:3:\"v41\";d:0.10072734341801537;s:3:\"v42\";d:-0.46967330205793495;s:3:\"v43\";d:0.35463585496613953;s:3:\"v44\";d:0.4996364056307361;s:3:\"v45\";d:0.15557733664712867;}', 'a:5:{s:3:\"v51\";d:0.489008063896983;s:3:\"v52\";d:-0.36109407992254794;s:3:\"v53\";d:-0.1537574933057836;s:3:\"v54\";d:-0.15548593502436217;s:3:\"v55\";d:-0.3290617171199519;}', 'a:5:{s:3:\"v01\";d:0.20793697416062845;s:3:\"v02\";d:-0.046895831662010716;s:3:\"v03\";d:0.13850710927978183;s:3:\"v04\";d:0.29204344063001536;s:3:\"v05\";d:-0.03571675294973607;}', 'a:6:{s:2:\"w0\";d:0.41398937998968854;s:2:\"w1\";d:-0.012951537592156828;s:2:\"w2\";d:0.5103251612074533;s:2:\"w3\";d:-0.10562706241407566;s:2:\"w4\";d:-0.2811594727586386;s:2:\"w5\";d:0.3907826333574158;}', '2019-07-31 01:32:44'),
(11, 11, 'a:5:{s:3:\"v11\";d:-0.050785920338278626;s:3:\"v12\";d:-0.4483552555249116;s:3:\"v13\";d:-0.1925412289363778;s:3:\"v14\";d:-0.22692146013931086;s:3:\"v15\";d:-0.3000553853096543;}', 'a:5:{s:3:\"v21\";d:-0.2776649393979149;s:3:\"v22\";d:-0.188899850107799;s:3:\"v23\";d:0.19893197076282512;s:3:\"v24\";d:0.032440472249345376;s:3:\"v25\";d:0.15158570154506743;}', 'a:5:{s:3:\"v31\";d:-0.23945065550167668;s:3:\"v32\";d:0.22549848282803986;s:3:\"v33\";d:0.1715762494320323;s:3:\"v34\";d:0.37636358001960213;s:3:\"v35\";d:-0.02841157217589439;}', 'a:5:{s:3:\"v41\";d:0.49627186053344263;s:3:\"v42\";d:0.4691729286730394;s:3:\"v43\";d:-0.4630950133604926;s:3:\"v44\";d:0.17102730820757212;s:3:\"v45\";d:0.49294208041154747;}', 'a:5:{s:3:\"v51\";d:-0.2712570657570843;s:3:\"v52\";d:-0.4499525173249896;s:3:\"v53\";d:0.2592679240881514;s:3:\"v54\";d:0.3674986413109602;s:3:\"v55\";d:-0.003363306075592413;}', 'a:5:{s:3:\"v01\";d:-0.3354094995905149;s:3:\"v02\";d:0.3968653004415612;s:3:\"v03\";d:-0.277325043054521;s:3:\"v04\";d:0.0943137420115149;s:3:\"v05\";d:-0.21887598270679337;}', 'a:6:{s:2:\"w0\";d:0.32570143878226865;s:2:\"w1\";d:0.04855367428207247;s:2:\"w2\";d:-0.0038121846118929076;s:2:\"w3\";d:0.09653431977268548;s:2:\"w4\";d:0.06477603038178362;s:2:\"w5\";d:0.16391109880004054;}', '2019-07-31 01:32:47');

-- --------------------------------------------------------

--
-- Table structure for table `logs`
--

CREATE TABLE `logs` (
  `log_id` int(10) NOT NULL,
  `user_id` int(10) NOT NULL,
  `name` varchar(30) NOT NULL,
  `log` text NOT NULL,
  `created_at` datetime NOT NULL DEFAULT CURRENT_TIMESTAMP
) ENGINE=InnoDB DEFAULT CHARSET=latin1;

--
-- Dumping data for table `logs`
--

INSERT INTO `logs` (`log_id`, `user_id`, `name`, `log`, `created_at`) VALUES
(1, 2, 'Perceptron Admin', 'Change data user with ID : 2, Email : admin@gmail.com on 22/06/2019 15:49:11', '2019-06-22 15:49:11'),
(2, 2, 'Perceptron Admin', 'Change data user with ID : 2, Email : admin@gmail.com on 22/06/2019 15:49:30', '2019-06-22 15:49:30'),
(3, 2, 'Admin', 'Update user with email : alternate.septian@gmail.com', '2019-07-16 14:15:22'),
(4, 2, 'Admin', 'Update user with email : ariel@gmail.com', '2019-07-16 14:19:04'),
(5, 2, 'Admin', 'Update user with email : ariel@gmail.com', '2019-07-16 14:20:16'),
(6, 2, 'Admin', 'Update user with email : ariel@gmail.com', '2019-07-16 14:23:06'),
(7, 2, 'Admin', 'Update user with email : ariel@gmail.com', '2019-07-16 14:24:59'),
(8, 2, 'Admin', 'Registered new user with email : ariel@gmail.com', '2019-07-16 14:37:44'),
(9, 2, 'Admin', 'Update user with email : septian.arman009@gmail.com', '2019-07-16 14:51:19'),
(10, 2, 'Admin', 'Delete row in table : users where email : ', '2019-07-16 14:57:26'),
(11, 2, 'Admin', 'Update user with email : septian.arman009@gmail.com', '2019-07-16 22:56:27'),
(12, 2, 'Admin', 'Update user with email : septian.arman009@gmail.com', '2019-07-16 22:56:29'),
(13, 2, 'Admin', 'Delete row in table : trainings where email : ', '2019-07-17 00:17:01'),
(14, 2, 'Admin', 'Delete row in table : trainings where email : ', '2019-07-17 00:43:12'),
(15, 2, 'Admin', 'Delete row in table : trainings where email : ', '2019-07-18 00:25:54'),
(16, 2, 'Admin', 'Delete row in table : target where email : ', '2019-07-21 06:19:47'),
(17, 2, 'Admin', 'Delete row in table : target where email : ', '2019-07-21 06:20:43'),
(18, 2, 'Admin', 'Delete row in table : target where email : septian.arman009@gmail.com', '2019-07-21 06:24:19'),
(19, 2, 'Admin', 'Change password', '2019-07-29 22:13:26'),
(20, 2, 'Admin', 'Update email sender email : ', '2019-07-29 22:16:41'),
(21, 2, 'Admin', 'Update email sender email : alternate.septian@gmail.com', '2019-07-29 22:19:51'),
(22, 2, 'Admin', 'Update email sender email : alternate.septian@gmail.com', '2019-07-29 22:20:03'),
(23, 2, 'Admin', 'Update email sender email : alternate.septian@gmail.com', '2019-07-29 22:20:13'),
(24, 2, 'Admin', 'Update user with email : septian.arman009@gmail.com', '2019-07-29 22:24:22'),
(25, 2, 'Admin', 'New Learning Data has been added with status : mse_stop', '2019-07-30 21:48:32'),
(26, 2, 'Admin', 'New Learning Data has been added with status : mse_stop', '2019-07-30 22:04:59'),
(27, 2, 'Admin', 'New Learning Data has been added with status : success', '2019-07-30 22:05:01'),
(28, 2, 'Admin', 'New Learning Data has been added with status : success', '2019-07-30 22:05:03'),
(29, 2, 'Admin', 'New Learning Data has been added with status : success', '2019-07-30 22:05:10'),
(30, 2, 'Admin', 'New Learning Data has been added with status : success', '2019-07-30 22:05:13'),
(31, 2, 'Admin', 'New Learning Data has been added with status : mse_stop', '2019-07-30 22:55:11'),
(32, 2, 'Admin', 'New Learning Data has been added with status : success', '2019-07-30 22:55:13'),
(33, 2, 'Admin', 'New Learning Data has been added with status : mse_stop', '2019-07-30 23:08:28'),
(34, 2, 'Admin', 'New Learning Data has been added with status : success', '2019-07-30 23:08:31'),
(35, 2, 'Admin', 'New Learning Data has been added with status : success', '2019-07-30 23:08:33'),
(36, 2, 'Admin', 'New Learning Data has been added with status : success', '2019-07-30 23:08:35'),
(37, 2, 'Admin', 'New Learning Data has been added with status : success', '2019-07-30 23:08:39'),
(38, 2, 'Admin', 'New Learning Data has been added with status : success', '2019-07-30 23:11:58'),
(39, 2, 'Admin', 'New Learning Data has been added with status : success', '2019-07-30 23:12:01'),
(40, 2, 'Admin', 'Delete row in table : target', '2019-07-30 23:19:51'),
(41, 2, 'Admin', 'Upload new target', '2019-07-30 23:20:11'),
(42, 2, 'Admin', 'Upload new target', '2019-07-30 23:33:13'),
(43, 2, 'Admin', 'Upload new target', '2019-07-30 23:37:58'),
(44, 2, 'Admin', 'Upload new target', '2019-07-30 23:38:10'),
(45, 2, 'Admin', 'Upload new target', '2019-07-30 23:38:19'),
(46, 2, 'Admin', 'New Learning Data has been added with status : success', '2019-07-30 23:48:21'),
(47, 2, 'Admin', 'New Learning Data has been added with status : success', '2019-07-30 23:48:22'),
(48, 2, 'Admin', 'New Learning Data has been added with status : success', '2019-07-30 23:48:29'),
(49, 2, 'Admin', 'New Learning Data has been added with status : success', '2019-07-30 23:48:42'),
(50, 2, 'Admin', 'New Learning Data has been added with status : success', '2019-07-30 23:48:46'),
(51, 2, 'Admin', 'New Learning Data has been added with status : success', '2019-07-30 23:48:48'),
(52, 2, 'Admin', 'New Learning Data has been added with status : success', '2019-07-30 23:48:51'),
(53, 2, 'Admin', 'Delete row in table : target', '2019-07-30 23:49:38'),
(54, 2, 'Admin', 'Upload new target', '2019-07-30 23:49:46'),
(55, 2, 'Admin', 'New Learning Data has been added with status : success', '2019-07-30 23:49:54'),
(56, 2, 'Admin', 'New Learning Data has been added with status : success', '2019-07-30 23:52:46'),
(57, 2, 'Admin', 'New Learning Data has been added with status : success', '2019-07-31 00:51:59'),
(58, 2, 'Admin', 'New Learning Data has been added with status : success', '2019-07-31 00:54:02'),
(59, 2, 'Admin', 'New Learning Data has been added with status : success', '2019-07-31 00:55:58'),
(60, 2, 'Admin', 'New Learning Data has been added with status : mse_stop', '2019-07-31 01:01:03'),
(61, 2, 'Admin', 'New Learning Data has been added with status : success', '2019-07-31 01:01:05'),
(62, 2, 'Admin', 'New Learning Data has been added with status : success', '2019-07-31 01:01:07'),
(63, 2, 'Admin', 'Save new training data', '2019-07-31 01:05:23'),
(64, 2, 'Admin', 'New normalize of training data', '2019-07-31 01:05:29'),
(65, 2, 'Admin', 'New Learning Data has been added with status : success', '2019-07-31 01:05:36'),
(66, 2, 'Admin', 'Save new training data', '2019-07-31 01:21:06'),
(67, 2, 'Admin', 'New normalize of training data', '2019-07-31 01:21:10'),
(68, 2, 'Admin', 'Delete row in table : target', '2019-07-31 01:27:09'),
(69, 2, 'Admin', 'Save new training data', '2019-07-31 01:28:30'),
(70, 2, 'Admin', 'Save new training data', '2019-07-31 01:29:16'),
(71, 2, 'Admin', 'New normalize of training data', '2019-07-31 01:29:20'),
(72, 2, 'Admin', 'Upload new target', '2019-07-31 01:29:32'),
(73, 2, 'Admin', 'Upload new target', '2019-07-31 01:29:49'),
(74, 2, 'Admin', 'Upload new target', '2019-07-31 01:29:58'),
(75, 2, 'Admin', 'Upload new target', '2019-07-31 01:30:12'),
(76, 2, 'Admin', 'Upload new target', '2019-07-31 01:30:21'),
(77, 2, 'Admin', 'New Learning Data has been added with status : mse_stop', '2019-07-31 01:31:07'),
(78, 2, 'Admin', 'New Learning Data has been added with status : mse_stop', '2019-07-31 01:31:10'),
(79, 2, 'Admin', 'New Learning Data has been added with status : mse_stop', '2019-07-31 01:31:12'),
(80, 2, 'Admin', 'New Learning Data has been added with status : success', '2019-07-31 01:31:15'),
(81, 2, 'Admin', 'New Learning Data has been added with status : success', '2019-07-31 01:32:44'),
(82, 2, 'Admin', 'New Learning Data has been added with status : success', '2019-07-31 01:32:47');

-- --------------------------------------------------------

--
-- Table structure for table `roles`
--

CREATE TABLE `roles` (
  `role_id` int(10) NOT NULL,
  `name` varchar(10) NOT NULL,
  `display_name` varchar(30) NOT NULL,
  `created_at` datetime NOT NULL DEFAULT CURRENT_TIMESTAMP
) ENGINE=InnoDB DEFAULT CHARSET=latin1;

--
-- Dumping data for table `roles`
--

INSERT INTO `roles` (`role_id`, `name`, `display_name`, `created_at`) VALUES
(1, 'admin', 'Admin', '2018-06-20 20:37:17');

-- --------------------------------------------------------

--
-- Table structure for table `settings`
--

CREATE TABLE `settings` (
  `setting_id` int(10) NOT NULL,
  `protocol` varchar(10) NOT NULL,
  `mail_host` varchar(20) NOT NULL,
  `mail_port` int(5) NOT NULL,
  `send_mail` varchar(50) NOT NULL,
  `send_pass` varchar(50) NOT NULL
) ENGINE=InnoDB DEFAULT CHARSET=latin1;

--
-- Dumping data for table `settings`
--

INSERT INTO `settings` (`setting_id`, `protocol`, `mail_host`, `mail_port`, `send_mail`, `send_pass`) VALUES
(1, 'smtp', 'ssl://smtp.gmail.com', 465, 'alternate.septian@gmail.com', 'januari1993');

-- --------------------------------------------------------

--
-- Table structure for table `target`
--

CREATE TABLE `target` (
  `id` int(10) NOT NULL,
  `name` varchar(50) NOT NULL,
  `rgb_value` double NOT NULL,
  `created_at` datetime NOT NULL DEFAULT CURRENT_TIMESTAMP
) ENGINE=InnoDB DEFAULT CHARSET=latin1;

--
-- Dumping data for table `target`
--

INSERT INTO `target` (`id`, `name`, `rgb_value`, `created_at`) VALUES
(8, '40f9cdac68016013e969776adfdded00.jpg', 379176527989, '2019-07-31 01:29:32'),
(9, 'b099e014bfeba643ea37fadfaafbc0ee.jpg', 337845016138, '2019-07-31 01:29:49'),
(10, 'da0754dbf8d2d46845f8f4d5090aa626.jpg', 336215614028, '2019-07-31 01:29:58'),
(11, '46c6d8b11a87ae7bcfbf50bbae596c98.jpg', 356220024734, '2019-07-31 01:30:12'),
(12, 'cedc5667dfaebd5e384889842df90217.jpg', 379176527989, '2019-07-31 01:30:21');

-- --------------------------------------------------------

--
-- Table structure for table `tokens`
--

CREATE TABLE `tokens` (
  `token_id` int(10) NOT NULL,
  `email` varchar(50) NOT NULL,
  `token` text NOT NULL,
  `created_at` datetime NOT NULL DEFAULT CURRENT_TIMESTAMP
) ENGINE=InnoDB DEFAULT CHARSET=latin1;

-- --------------------------------------------------------

--
-- Table structure for table `trainings`
--

CREATE TABLE `trainings` (
  `training_id` int(10) NOT NULL,
  `name` varchar(20) NOT NULL,
  `d1o` double NOT NULL,
  `d1n` double NOT NULL,
  `d2o` double NOT NULL,
  `d2n` double NOT NULL,
  `d3o` double NOT NULL,
  `d3n` double NOT NULL,
  `d4o` double NOT NULL,
  `d4n` double NOT NULL,
  `d5o` double NOT NULL,
  `d5n` double NOT NULL,
  `image` text NOT NULL,
  `created_at` datetime NOT NULL DEFAULT CURRENT_TIMESTAMP
) ENGINE=InnoDB DEFAULT CHARSET=latin1;

--
-- Dumping data for table `trainings`
--

INSERT INTO `trainings` (`training_id`, `name`, `d1o`, `d1n`, `d2o`, `d2n`, `d3o`, `d3n`, `d4o`, `d4n`, `d5o`, `d5n`, `image`, `created_at`) VALUES
(12, 'Sample 12', 375036528067, 0.1, 292249412706, 0.1, 186605514400, 0.9, 186384148915, 0.1, 408607229997, 0.9, 'a:5:{i:0;s:36:\"584600097d2e8656891bde100f00d555.jpg\";i:1;s:36:\"06e0988bb46d55e28d37f581d1594a9f.jpg\";i:2;s:36:\"091fae129376bf987a9fdcb20ee093c1.jpg\";i:3;s:36:\"c1a44ba18d8ab28453e5001ebef2ea8f.jpg\";i:4;s:36:\"a3dbd41032c91e6df1fa79d46990f7c9.jpg\";}', '2019-07-31 01:28:30'),
(13, 'Sample 13', 510007466514, 0.9, 510007466514, 0.9, 39652801861, 0.1, 326492727717, 0.9, 317915857719, 0.1, 'a:5:{i:0;s:36:\"d0cdbba791d844abe7050f0872d98371.jpg\";i:1;s:36:\"1f107a376c2f7d442a484944727c5260.jpg\";i:2;s:36:\"64116e714277a9d0dfec5bf6604f6bb4.jpg\";i:3;s:36:\"ae73a4a03370759f05654f501b26b00f.jpg\";i:4;s:36:\"0c1062b4b224637a15d8d9279da35c00.jpg\";}', '2019-07-31 01:29:16');

-- --------------------------------------------------------

--
-- Table structure for table `training_temps`
--

CREATE TABLE `training_temps` (
  `id` int(10) NOT NULL,
  `name` varchar(50) NOT NULL,
  `rgb_value` double NOT NULL,
  `created_at` datetime NOT NULL DEFAULT CURRENT_TIMESTAMP
) ENGINE=InnoDB DEFAULT CHARSET=latin1;

-- --------------------------------------------------------

--
-- Table structure for table `training_test`
--

CREATE TABLE `training_test` (
  `t_test_id` int(10) NOT NULL,
  `learning_id` int(10) NOT NULL,
  `t_test` text NOT NULL,
  `created_at` datetime NOT NULL DEFAULT CURRENT_TIMESTAMP
) ENGINE=InnoDB DEFAULT CHARSET=latin1;

--
-- Dumping data for table `training_test`
--

INSERT INTO `training_test` (`t_test_id`, `learning_id`, `t_test`, `created_at`) VALUES
(3, 1, 'a:8:{i:0;d:0.5355815994061615;i:1;d:0.5426978321680305;i:2;d:0.5334731686944922;i:3;d:0.54725077847478;i:4;d:0.5294897953896666;i:5;d:0.540888308078954;i:6;d:0.5464353725515959;i:7;d:0.5260157137367947;}', '2019-07-31 00:59:57'),
(4, 2, 'a:8:{i:0;d:0.5538897247899082;i:1;d:0.5421872384886341;i:2;d:0.5559908750309888;i:3;d:0.5392436880744177;i:4;d:0.5560820977164829;i:5;d:0.5440457731270654;i:6;d:0.5432931487677891;i:7;d:0.5234874172662428;}', '2019-07-31 01:01:13'),
(5, 3, 'a:8:{i:0;d:0.5281939969502604;i:1;d:0.5215363293460071;i:2;d:0.5176085350777386;i:3;d:0.5180915739038312;i:4;d:0.5186987030830147;i:5;d:0.5214764416482995;i:6;d:0.5162200199238127;i:7;d:0.5420012783482832;}', '2019-07-31 01:03:10'),
(6, 4, 'a:8:{i:0;d:0.5194454912519586;i:1;d:0.5247138805652207;i:2;d:0.5133389693289354;i:3;d:0.5253952260173025;i:4;d:0.5401340715937888;i:5;d:0.5267930308104436;i:6;d:0.5294617148414834;i:7;d:0.5365042384084793;}', '2019-07-31 01:04:05'),
(7, 5, 'a:9:{i:0;d:0.542740780547041;i:1;d:0.5305726352026645;i:2;d:0.5246924634585655;i:3;d:0.5279698473044876;i:4;d:0.5513445077986445;i:5;d:0.533587788569128;i:6;d:0.5349175163224176;i:7;d:0.5303570952671027;i:8;d:0.5339858794732896;}', '2019-07-31 01:05:42'),
(8, 9, 'a:2:{i:0;d:0.5056752642723378;i:1;d:0.49830845531076107;}', '2019-07-31 01:31:22'),
(9, 7, 'a:2:{i:0;d:0.5298474428768567;i:1;d:0.4859519993845396;}', '2019-07-31 01:31:51'),
(10, 10, 'a:2:{i:0;d:0.49070744787208376;i:1;d:0.5038193176829264;}', '2019-07-31 01:32:53'),
(11, 11, 'a:2:{i:0;d:0.5061500394366895;i:1;d:0.4985606688812172;}', '2019-07-31 01:33:16'),
(12, 0, 'a:2:{i:0;d:0;i:1;d:0;}', '2019-07-31 01:33:55');

-- --------------------------------------------------------

--
-- Table structure for table `t_transform`
--

CREATE TABLE `t_transform` (
  `id` int(1) NOT NULL,
  `target` double NOT NULL,
  `created_at` datetime NOT NULL DEFAULT CURRENT_TIMESTAMP
) ENGINE=InnoDB DEFAULT CHARSET=latin1;

--
-- Dumping data for table `t_transform`
--

INSERT INTO `t_transform` (`id`, `target`, `created_at`) VALUES
(1, 0.50057114552317, '2019-07-30 23:31:50');

-- --------------------------------------------------------

--
-- Table structure for table `users`
--

CREATE TABLE `users` (
  `user_id` int(10) NOT NULL,
  `name` varchar(30) NOT NULL,
  `email` varchar(50) NOT NULL,
  `password` varchar(50) NOT NULL,
  `role_id` int(1) NOT NULL,
  `created_at` datetime NOT NULL DEFAULT CURRENT_TIMESTAMP
) ENGINE=InnoDB DEFAULT CHARSET=latin1;

--
-- Dumping data for table `users`
--

INSERT INTO `users` (`user_id`, `name`, `email`, `password`, `role_id`, `created_at`) VALUES
(2, 'Admin', 'septian.arman009@gmail.com', '5456db00ec97635f7d998e3290a01b6d', 1, '2018-08-09 01:53:24');

--
-- Indexes for dumped tables
--

--
-- Indexes for table `learnings`
--
ALTER TABLE `learnings`
  ADD PRIMARY KEY (`learning_id`);

--
-- Indexes for table `learn_mse`
--
ALTER TABLE `learn_mse`
  ADD PRIMARY KEY (`mse_id`),
  ADD UNIQUE KEY `learning_id` (`learning_id`);

--
-- Indexes for table `learn_output`
--
ALTER TABLE `learn_output`
  ADD PRIMARY KEY (`output_id`),
  ADD UNIQUE KEY `learning_id` (`learning_id`);

--
-- Indexes for table `learn_param`
--
ALTER TABLE `learn_param`
  ADD PRIMARY KEY (`param_id`),
  ADD UNIQUE KEY `learning_id` (`learning_id`);

--
-- Indexes for table `learn_weight`
--
ALTER TABLE `learn_weight`
  ADD PRIMARY KEY (`weight_id`),
  ADD UNIQUE KEY `learning_id` (`learning_id`);

--
-- Indexes for table `logs`
--
ALTER TABLE `logs`
  ADD PRIMARY KEY (`log_id`);

--
-- Indexes for table `roles`
--
ALTER TABLE `roles`
  ADD PRIMARY KEY (`role_id`);

--
-- Indexes for table `settings`
--
ALTER TABLE `settings`
  ADD PRIMARY KEY (`setting_id`);

--
-- Indexes for table `target`
--
ALTER TABLE `target`
  ADD PRIMARY KEY (`id`);

--
-- Indexes for table `tokens`
--
ALTER TABLE `tokens`
  ADD PRIMARY KEY (`token_id`);

--
-- Indexes for table `trainings`
--
ALTER TABLE `trainings`
  ADD PRIMARY KEY (`training_id`);

--
-- Indexes for table `training_temps`
--
ALTER TABLE `training_temps`
  ADD PRIMARY KEY (`id`);

--
-- Indexes for table `training_test`
--
ALTER TABLE `training_test`
  ADD PRIMARY KEY (`t_test_id`);

--
-- Indexes for table `t_transform`
--
ALTER TABLE `t_transform`
  ADD PRIMARY KEY (`id`);

--
-- Indexes for table `users`
--
ALTER TABLE `users`
  ADD PRIMARY KEY (`user_id`);

--
-- AUTO_INCREMENT for dumped tables
--

--
-- AUTO_INCREMENT for table `learnings`
--
ALTER TABLE `learnings`
  MODIFY `learning_id` int(10) NOT NULL AUTO_INCREMENT, AUTO_INCREMENT=12;

--
-- AUTO_INCREMENT for table `learn_mse`
--
ALTER TABLE `learn_mse`
  MODIFY `mse_id` int(10) NOT NULL AUTO_INCREMENT, AUTO_INCREMENT=12;

--
-- AUTO_INCREMENT for table `learn_output`
--
ALTER TABLE `learn_output`
  MODIFY `output_id` int(10) NOT NULL AUTO_INCREMENT, AUTO_INCREMENT=12;

--
-- AUTO_INCREMENT for table `learn_param`
--
ALTER TABLE `learn_param`
  MODIFY `param_id` int(10) NOT NULL AUTO_INCREMENT, AUTO_INCREMENT=12;

--
-- AUTO_INCREMENT for table `learn_weight`
--
ALTER TABLE `learn_weight`
  MODIFY `weight_id` int(10) NOT NULL AUTO_INCREMENT, AUTO_INCREMENT=12;

--
-- AUTO_INCREMENT for table `logs`
--
ALTER TABLE `logs`
  MODIFY `log_id` int(10) NOT NULL AUTO_INCREMENT, AUTO_INCREMENT=83;

--
-- AUTO_INCREMENT for table `roles`
--
ALTER TABLE `roles`
  MODIFY `role_id` int(10) NOT NULL AUTO_INCREMENT, AUTO_INCREMENT=2;

--
-- AUTO_INCREMENT for table `settings`
--
ALTER TABLE `settings`
  MODIFY `setting_id` int(10) NOT NULL AUTO_INCREMENT, AUTO_INCREMENT=2;

--
-- AUTO_INCREMENT for table `target`
--
ALTER TABLE `target`
  MODIFY `id` int(10) NOT NULL AUTO_INCREMENT, AUTO_INCREMENT=13;

--
-- AUTO_INCREMENT for table `tokens`
--
ALTER TABLE `tokens`
  MODIFY `token_id` int(10) NOT NULL AUTO_INCREMENT;

--
-- AUTO_INCREMENT for table `trainings`
--
ALTER TABLE `trainings`
  MODIFY `training_id` int(10) NOT NULL AUTO_INCREMENT, AUTO_INCREMENT=14;

--
-- AUTO_INCREMENT for table `training_temps`
--
ALTER TABLE `training_temps`
  MODIFY `id` int(10) NOT NULL AUTO_INCREMENT;

--
-- AUTO_INCREMENT for table `training_test`
--
ALTER TABLE `training_test`
  MODIFY `t_test_id` int(10) NOT NULL AUTO_INCREMENT, AUTO_INCREMENT=13;

--
-- AUTO_INCREMENT for table `t_transform`
--
ALTER TABLE `t_transform`
  MODIFY `id` int(1) NOT NULL AUTO_INCREMENT, AUTO_INCREMENT=2;

--
-- AUTO_INCREMENT for table `users`
--
ALTER TABLE `users`
  MODIFY `user_id` int(10) NOT NULL AUTO_INCREMENT, AUTO_INCREMENT=3;
COMMIT;

/*!40101 SET CHARACTER_SET_CLIENT=@OLD_CHARACTER_SET_CLIENT */;
/*!40101 SET CHARACTER_SET_RESULTS=@OLD_CHARACTER_SET_RESULTS */;
/*!40101 SET COLLATION_CONNECTION=@OLD_COLLATION_CONNECTION */;
