-- phpMyAdmin SQL Dump
-- version 4.9.1
-- https://www.phpmyadmin.net/
--
-- Host: localhost
-- Waktu pembuatan: 18 Jun 2020 pada 18.11
-- Versi server: 10.4.8-MariaDB
-- Versi PHP: 7.1.33

SET SQL_MODE = "NO_AUTO_VALUE_ON_ZERO";
SET AUTOCOMMIT = 0;
START TRANSACTION;
SET time_zone = "+00:00";


/*!40101 SET @OLD_CHARACTER_SET_CLIENT=@@CHARACTER_SET_CLIENT */;
/*!40101 SET @OLD_CHARACTER_SET_RESULTS=@@CHARACTER_SET_RESULTS */;
/*!40101 SET @OLD_COLLATION_CONNECTION=@@COLLATION_CONNECTION */;
/*!40101 SET NAMES utf8mb4 */;

--
-- Database: `yii_lkta`
--

-- --------------------------------------------------------

--
-- Struktur dari tabel `auth_assignment`
--

CREATE TABLE `auth_assignment` (
  `item_name` varchar(64) COLLATE utf8_unicode_ci NOT NULL,
  `user_id` varchar(64) COLLATE utf8_unicode_ci NOT NULL,
  `created_at` int(11) DEFAULT NULL
) ENGINE=InnoDB DEFAULT CHARSET=utf8 COLLATE=utf8_unicode_ci;

--
-- Dumping data untuk tabel `auth_assignment`
--

INSERT INTO `auth_assignment` (`item_name`, `user_id`, `created_at`) VALUES
('Administrator', '2', 1591628164),
('Dosen Pembimbing', '1', 1591628828),
('Operator Tugas Akhir', '4', 1591669382);

-- --------------------------------------------------------

--
-- Struktur dari tabel `auth_item`
--

CREATE TABLE `auth_item` (
  `name` varchar(64) COLLATE utf8_unicode_ci NOT NULL,
  `type` smallint(6) NOT NULL,
  `description` text COLLATE utf8_unicode_ci DEFAULT NULL,
  `rule_name` varchar(64) COLLATE utf8_unicode_ci DEFAULT NULL,
  `data` blob DEFAULT NULL,
  `created_at` int(11) DEFAULT NULL,
  `updated_at` int(11) DEFAULT NULL
) ENGINE=InnoDB DEFAULT CHARSET=utf8 COLLATE=utf8_unicode_ci;

--
-- Dumping data untuk tabel `auth_item`
--

INSERT INTO `auth_item` (`name`, `type`, `description`, `rule_name`, `data`, `created_at`, `updated_at`) VALUES
('/*', 2, NULL, NULL, NULL, 1591627389, 1591627389),
('/admin/*', 2, NULL, NULL, NULL, 1591627388, 1591627388),
('/admin/assignment/*', 2, NULL, NULL, NULL, 1591627385, 1591627385),
('/admin/assignment/assign', 2, NULL, NULL, NULL, 1591627385, 1591627385),
('/admin/assignment/index', 2, NULL, NULL, NULL, 1591627385, 1591627385),
('/admin/assignment/revoke', 2, NULL, NULL, NULL, 1591627385, 1591627385),
('/admin/assignment/view', 2, NULL, NULL, NULL, 1591627385, 1591627385),
('/admin/default/*', 2, NULL, NULL, NULL, 1591627385, 1591627385),
('/admin/default/index', 2, NULL, NULL, NULL, 1591627385, 1591627385),
('/admin/menu/*', 2, NULL, NULL, NULL, 1591627386, 1591627386),
('/admin/menu/create', 2, NULL, NULL, NULL, 1591627386, 1591627386),
('/admin/menu/delete', 2, NULL, NULL, NULL, 1591627386, 1591627386),
('/admin/menu/index', 2, NULL, NULL, NULL, 1591627385, 1591627385),
('/admin/menu/update', 2, NULL, NULL, NULL, 1591627386, 1591627386),
('/admin/menu/view', 2, NULL, NULL, NULL, 1591627385, 1591627385),
('/admin/permission/*', 2, NULL, NULL, NULL, 1591627386, 1591627386),
('/admin/permission/assign', 2, NULL, NULL, NULL, 1591627386, 1591627386),
('/admin/permission/create', 2, NULL, NULL, NULL, 1591627386, 1591627386),
('/admin/permission/delete', 2, NULL, NULL, NULL, 1591627386, 1591627386),
('/admin/permission/index', 2, NULL, NULL, NULL, 1591627386, 1591627386),
('/admin/permission/remove', 2, NULL, NULL, NULL, 1591627386, 1591627386),
('/admin/permission/update', 2, NULL, NULL, NULL, 1591627386, 1591627386),
('/admin/permission/view', 2, NULL, NULL, NULL, 1591627386, 1591627386),
('/admin/role/*', 2, NULL, NULL, NULL, 1591627387, 1591627387),
('/admin/role/assign', 2, NULL, NULL, NULL, 1591627386, 1591627386),
('/admin/role/create', 2, NULL, NULL, NULL, 1591627386, 1591627386),
('/admin/role/delete', 2, NULL, NULL, NULL, 1591627386, 1591627386),
('/admin/role/index', 2, NULL, NULL, NULL, 1591627386, 1591627386),
('/admin/role/remove', 2, NULL, NULL, NULL, 1591627386, 1591627386),
('/admin/role/update', 2, NULL, NULL, NULL, 1591627386, 1591627386),
('/admin/role/view', 2, NULL, NULL, NULL, 1591627386, 1591627386),
('/admin/route/*', 2, NULL, NULL, NULL, 1591627387, 1591627387),
('/admin/route/assign', 2, NULL, NULL, NULL, 1591627387, 1591627387),
('/admin/route/create', 2, NULL, NULL, NULL, 1591627387, 1591627387),
('/admin/route/index', 2, NULL, NULL, NULL, 1591627387, 1591627387),
('/admin/route/refresh', 2, NULL, NULL, NULL, 1591627387, 1591627387),
('/admin/route/remove', 2, NULL, NULL, NULL, 1591627387, 1591627387),
('/admin/rule/*', 2, NULL, NULL, NULL, 1591627387, 1591627387),
('/admin/rule/create', 2, NULL, NULL, NULL, 1591627387, 1591627387),
('/admin/rule/delete', 2, NULL, NULL, NULL, 1591627387, 1591627387),
('/admin/rule/index', 2, NULL, NULL, NULL, 1591627387, 1591627387),
('/admin/rule/update', 2, NULL, NULL, NULL, 1591627387, 1591627387),
('/admin/rule/view', 2, NULL, NULL, NULL, 1591627387, 1591627387),
('/admin/user/*', 2, NULL, NULL, NULL, 1591627388, 1591627388),
('/admin/user/activate', 2, NULL, NULL, NULL, 1591627388, 1591627388),
('/admin/user/change-password', 2, NULL, NULL, NULL, 1591627388, 1591627388),
('/admin/user/delete', 2, NULL, NULL, NULL, 1591627387, 1591627387),
('/admin/user/index', 2, NULL, NULL, NULL, 1591627387, 1591627387),
('/admin/user/login', 2, NULL, NULL, NULL, 1591627388, 1591627388),
('/admin/user/logout', 2, NULL, NULL, NULL, 1591627388, 1591627388),
('/admin/user/request-password-reset', 2, NULL, NULL, NULL, 1591627388, 1591627388),
('/admin/user/reset-password', 2, NULL, NULL, NULL, 1591627388, 1591627388),
('/admin/user/signup', 2, NULL, NULL, NULL, 1591627388, 1591627388),
('/admin/user/view', 2, NULL, NULL, NULL, 1591627387, 1591627387),
('/agama/*', 2, NULL, NULL, NULL, 1591668826, 1591668826),
('/agama/create', 2, NULL, NULL, NULL, 1591668826, 1591668826),
('/agama/delete', 2, NULL, NULL, NULL, 1591668826, 1591668826),
('/agama/index', 2, NULL, NULL, NULL, 1591668826, 1591668826),
('/agama/update', 2, NULL, NULL, NULL, 1591668826, 1591668826),
('/agama/view', 2, NULL, NULL, NULL, 1591668826, 1591668826),
('/city/*', 2, NULL, NULL, NULL, 1591668826, 1591668826),
('/city/create', 2, NULL, NULL, NULL, 1591668826, 1591668826),
('/city/delete', 2, NULL, NULL, NULL, 1591668826, 1591668826),
('/city/index', 2, NULL, NULL, NULL, 1591668826, 1591668826),
('/city/update', 2, NULL, NULL, NULL, 1591668826, 1591668826),
('/city/view', 2, NULL, NULL, NULL, 1591668826, 1591668826),
('/debug/*', 2, NULL, NULL, NULL, 1591627388, 1591627388),
('/debug/default/*', 2, NULL, NULL, NULL, 1591627388, 1591627388),
('/debug/default/db-explain', 2, NULL, NULL, NULL, 1591627388, 1591627388),
('/debug/default/download-mail', 2, NULL, NULL, NULL, 1591627388, 1591627388),
('/debug/default/index', 2, NULL, NULL, NULL, 1591627388, 1591627388),
('/debug/default/toolbar', 2, NULL, NULL, NULL, 1591627388, 1591627388),
('/debug/default/view', 2, NULL, NULL, NULL, 1591627388, 1591627388),
('/debug/user/*', 2, NULL, NULL, NULL, 1591627388, 1591627388),
('/debug/user/reset-identity', 2, NULL, NULL, NULL, 1591627388, 1591627388),
('/debug/user/set-identity', 2, NULL, NULL, NULL, 1591627388, 1591627388),
('/divisi/*', 2, NULL, NULL, NULL, 1591668827, 1591668827),
('/divisi/create', 2, NULL, NULL, NULL, 1591668827, 1591668827),
('/divisi/delete', 2, NULL, NULL, NULL, 1591668827, 1591668827),
('/divisi/index', 2, NULL, NULL, NULL, 1591668826, 1591668826),
('/divisi/update', 2, NULL, NULL, NULL, 1591668827, 1591668827),
('/divisi/view', 2, NULL, NULL, NULL, 1591668826, 1591668826),
('/dynamic-form/*', 2, NULL, NULL, NULL, 1591687393, 1591687393),
('/dynamic-form/create', 2, NULL, NULL, NULL, 1591687392, 1591687392),
('/dynamic-form/delete', 2, NULL, NULL, NULL, 1591687393, 1591687393),
('/dynamic-form/index', 2, NULL, NULL, NULL, 1591687392, 1591687392),
('/dynamic-form/update', 2, NULL, NULL, NULL, 1591687392, 1591687392),
('/dynamic-form/view', 2, NULL, NULL, NULL, 1591687392, 1591687392),
('/gii/*', 2, NULL, NULL, NULL, 1591627389, 1591627389),
('/gii/default/*', 2, NULL, NULL, NULL, 1591627389, 1591627389),
('/gii/default/action', 2, NULL, NULL, NULL, 1591627389, 1591627389),
('/gii/default/diff', 2, NULL, NULL, NULL, 1591627389, 1591627389),
('/gii/default/index', 2, NULL, NULL, NULL, 1591627388, 1591627388),
('/gii/default/preview', 2, NULL, NULL, NULL, 1591627389, 1591627389),
('/gii/default/view', 2, NULL, NULL, NULL, 1591627388, 1591627388),
('/jabatan/*', 2, NULL, NULL, NULL, 1591668828, 1591668828),
('/jabatan/create', 2, NULL, NULL, NULL, 1591668827, 1591668827),
('/jabatan/delete', 2, NULL, NULL, NULL, 1591668828, 1591668828),
('/jabatan/index', 2, NULL, NULL, NULL, 1591668827, 1591668827),
('/jabatan/update', 2, NULL, NULL, NULL, 1591668827, 1591668827),
('/jabatan/view', 2, NULL, NULL, NULL, 1591668827, 1591668827),
('/lkta/*', 2, NULL, NULL, NULL, 1591860898, 1591860898),
('/lkta/create', 2, NULL, NULL, NULL, 1591860898, 1591860898),
('/lkta/delete', 2, NULL, NULL, NULL, 1591860898, 1591860898),
('/lkta/index', 2, NULL, NULL, NULL, 1591860898, 1591860898),
('/lkta/update', 2, NULL, NULL, NULL, 1591860898, 1591860898),
('/lkta/view', 2, NULL, NULL, NULL, 1591860898, 1591860898),
('/pegawai/*', 2, NULL, NULL, NULL, 1591668828, 1591668828),
('/pegawai/create', 2, NULL, NULL, NULL, 1591668828, 1591668828),
('/pegawai/delete', 2, NULL, NULL, NULL, 1591668828, 1591668828),
('/pegawai/index', 2, NULL, NULL, NULL, 1591668828, 1591668828),
('/pegawai/update', 2, NULL, NULL, NULL, 1591668828, 1591668828),
('/pegawai/view', 2, NULL, NULL, NULL, 1591668828, 1591668828),
('/pembimbing/*', 2, NULL, NULL, NULL, 1591860899, 1591860899),
('/pembimbing/create', 2, NULL, NULL, NULL, 1591860899, 1591860899),
('/pembimbing/delete', 2, NULL, NULL, NULL, 1591860899, 1591860899),
('/pembimbing/index', 2, NULL, NULL, NULL, 1591860899, 1591860899),
('/pembimbing/update', 2, NULL, NULL, NULL, 1591860899, 1591860899),
('/pembimbing/view', 2, NULL, NULL, NULL, 1591860899, 1591860899),
('/penguji/*', 2, NULL, NULL, NULL, 1591860899, 1591860899),
('/penguji/create', 2, NULL, NULL, NULL, 1591860899, 1591860899),
('/penguji/delete', 2, NULL, NULL, NULL, 1591860899, 1591860899),
('/penguji/index', 2, NULL, NULL, NULL, 1591860899, 1591860899),
('/penguji/update', 2, NULL, NULL, NULL, 1591860899, 1591860899),
('/penguji/view', 2, NULL, NULL, NULL, 1591860899, 1591860899),
('/programstudi/*', 2, NULL, NULL, NULL, 1591861115, 1591861115),
('/programstudi/create', 2, NULL, NULL, NULL, 1591861115, 1591861115),
('/programstudi/delete', 2, NULL, NULL, NULL, 1591861115, 1591861115),
('/programstudi/index', 2, NULL, NULL, NULL, 1591861115, 1591861115),
('/programstudi/update', 2, NULL, NULL, NULL, 1591861115, 1591861115),
('/programstudi/view', 2, NULL, NULL, NULL, 1591861115, 1591861115),
('/province/*', 2, NULL, NULL, NULL, 1591668828, 1591668828),
('/province/create', 2, NULL, NULL, NULL, 1591668828, 1591668828),
('/province/delete', 2, NULL, NULL, NULL, 1591668828, 1591668828),
('/province/index', 2, NULL, NULL, NULL, 1591668828, 1591668828),
('/province/update', 2, NULL, NULL, NULL, 1591668828, 1591668828),
('/province/view', 2, NULL, NULL, NULL, 1591668828, 1591668828),
('/ruangan/*', 2, NULL, NULL, NULL, 1591860900, 1591860900),
('/ruangan/create', 2, NULL, NULL, NULL, 1591860899, 1591860899),
('/ruangan/delete', 2, NULL, NULL, NULL, 1591860900, 1591860900),
('/ruangan/index', 2, NULL, NULL, NULL, 1591860899, 1591860899),
('/ruangan/update', 2, NULL, NULL, NULL, 1591860900, 1591860900),
('/ruangan/view', 2, NULL, NULL, NULL, 1591860899, 1591860899),
('/site/*', 2, NULL, NULL, NULL, 1591627389, 1591627389),
('/site/about', 2, NULL, NULL, NULL, 1591627389, 1591627389),
('/site/captcha', 2, NULL, NULL, NULL, 1591627389, 1591627389),
('/site/contact', 2, NULL, NULL, NULL, 1591627389, 1591627389),
('/site/error', 2, NULL, NULL, NULL, 1591627389, 1591627389),
('/site/index', 2, NULL, NULL, NULL, 1591627389, 1591627389),
('/site/login', 2, NULL, NULL, NULL, 1591627389, 1591627389),
('/site/logout', 2, NULL, NULL, NULL, 1591627389, 1591627389),
('/site/report', 2, NULL, NULL, NULL, 1591687393, 1591687393),
('/tahun/*', 2, NULL, NULL, NULL, 1592495129, 1592495129),
('/tahun/create', 2, NULL, NULL, NULL, 1592495129, 1592495129),
('/tahun/delete', 2, NULL, NULL, NULL, 1592495129, 1592495129),
('/tahun/index', 2, NULL, NULL, NULL, 1592495128, 1592495128),
('/tahun/update', 2, NULL, NULL, NULL, 1592495129, 1592495129),
('/tahun/view', 2, NULL, NULL, NULL, 1592495129, 1592495129),
('/user/*', 2, NULL, NULL, NULL, 1591627385, 1591627385),
('/user/admin/*', 2, NULL, NULL, NULL, 1591627384, 1591627384),
('/user/admin/assignments', 2, NULL, NULL, NULL, 1591627383, 1591627383),
('/user/admin/block', 2, NULL, NULL, NULL, 1591627383, 1591627383),
('/user/admin/confirm', 2, NULL, NULL, NULL, 1591627383, 1591627383),
('/user/admin/create', 2, NULL, NULL, NULL, 1591627383, 1591627383),
('/user/admin/delete', 2, NULL, NULL, NULL, 1591627383, 1591627383),
('/user/admin/index', 2, NULL, NULL, NULL, 1591627383, 1591627383),
('/user/admin/info', 2, NULL, NULL, NULL, 1591627383, 1591627383),
('/user/admin/resend-password', 2, NULL, NULL, NULL, 1591627384, 1591627384),
('/user/admin/switch', 2, NULL, NULL, NULL, 1591627383, 1591627383),
('/user/admin/update', 2, NULL, NULL, NULL, 1591627383, 1591627383),
('/user/admin/update-profile', 2, NULL, NULL, NULL, 1591627383, 1591627383),
('/user/profile/*', 2, NULL, NULL, NULL, 1591627384, 1591627384),
('/user/profile/index', 2, NULL, NULL, NULL, 1591627384, 1591627384),
('/user/profile/show', 2, NULL, NULL, NULL, 1591627384, 1591627384),
('/user/recovery/*', 2, NULL, NULL, NULL, 1591627384, 1591627384),
('/user/recovery/request', 2, NULL, NULL, NULL, 1591627384, 1591627384),
('/user/recovery/reset', 2, NULL, NULL, NULL, 1591627384, 1591627384),
('/user/registration/*', 2, NULL, NULL, NULL, 1591627384, 1591627384),
('/user/registration/confirm', 2, NULL, NULL, NULL, 1591627384, 1591627384),
('/user/registration/connect', 2, NULL, NULL, NULL, 1591627384, 1591627384),
('/user/registration/register', 2, NULL, NULL, NULL, 1591627384, 1591627384),
('/user/registration/resend', 2, NULL, NULL, NULL, 1591627384, 1591627384),
('/user/security/*', 2, NULL, NULL, NULL, 1591627385, 1591627385),
('/user/security/auth', 2, NULL, NULL, NULL, 1591627384, 1591627384),
('/user/security/login', 2, NULL, NULL, NULL, 1591627384, 1591627384),
('/user/security/logout', 2, NULL, NULL, NULL, 1591627384, 1591627384),
('/user/settings/*', 2, NULL, NULL, NULL, 1591627385, 1591627385),
('/user/settings/account', 2, NULL, NULL, NULL, 1591627385, 1591627385),
('/user/settings/confirm', 2, NULL, NULL, NULL, 1591627385, 1591627385),
('/user/settings/delete', 2, NULL, NULL, NULL, 1591627385, 1591627385),
('/user/settings/disconnect', 2, NULL, NULL, NULL, 1591627385, 1591627385),
('/user/settings/networks', 2, NULL, NULL, NULL, 1591627385, 1591627385),
('/user/settings/profile', 2, NULL, NULL, NULL, 1591627385, 1591627385),
('Administrator', 1, 'User Administrator', NULL, NULL, 1591627789, 1591627789),
('Dosen Pembimbing', 1, 'User Dosen Pembimbing', NULL, NULL, 1591627809, 1591861428),
('Mahasiswa', 1, 'User Mahasiswa', NULL, NULL, 1591861485, 1591861485),
('manage data lkta', 2, 'Halaman manage data lkta', NULL, NULL, 1591861224, 1591861224),
('manage data pembimbing', 2, 'Halaman manage data pembimbing', NULL, NULL, 1591861192, 1591861192),
('manage data penguji', 2, 'Halaman manage data penguji', NULL, NULL, 1591861170, 1591861170),
('manage data program studi', 2, 'Halaman manage data program studi', NULL, NULL, 1591861008, 1591861008),
('manage data ruangan', 2, 'Halaman manage data ruangan', NULL, NULL, 1591860932, 1591860932),
('manage rbac', 2, 'Manage RBAC', NULL, NULL, 1591628999, 1591628999),
('manage user', 2, 'Halaman Manage User', NULL, NULL, 1591627894, 1591627894),
('Operator Tugas Akhir', 1, 'Role Operator Tugas Akhir', NULL, NULL, 1591669050, 1591861717),
('user auth', 2, 'Halaman yang bisa diakses oleh user terotentikasi', NULL, NULL, 1591628310, 1591628310);

-- --------------------------------------------------------

--
-- Struktur dari tabel `auth_item_child`
--

CREATE TABLE `auth_item_child` (
  `parent` varchar(64) COLLATE utf8_unicode_ci NOT NULL,
  `child` varchar(64) COLLATE utf8_unicode_ci NOT NULL
) ENGINE=InnoDB DEFAULT CHARSET=utf8 COLLATE=utf8_unicode_ci;

--
-- Dumping data untuk tabel `auth_item_child`
--

INSERT INTO `auth_item_child` (`parent`, `child`) VALUES
('Administrator', '/admin/user/*'),
('Administrator', '/user/admin/*'),
('Administrator', 'manage data lkta'),
('Administrator', 'manage data pembimbing'),
('Administrator', 'manage data penguji'),
('Administrator', 'manage data program studi'),
('Administrator', 'manage data ruangan'),
('Administrator', 'manage rbac'),
('Administrator', 'manage user'),
('Administrator', 'user auth'),
('Dosen Pembimbing', 'manage data lkta'),
('Dosen Pembimbing', 'user auth'),
('Mahasiswa', '/lkta/view'),
('Mahasiswa', 'user auth'),
('manage data lkta', '/lkta/*'),
('manage data pembimbing', '/pembimbing/*'),
('manage data penguji', '/penguji/*'),
('manage data program studi', '/programstudi/*'),
('manage data ruangan', '/ruangan/*'),
('manage rbac', '/admin/*'),
('manage user', '/user/admin/*'),
('Operator Tugas Akhir', 'manage data lkta'),
('Operator Tugas Akhir', 'manage data pembimbing'),
('Operator Tugas Akhir', 'manage data penguji'),
('Operator Tugas Akhir', 'manage data program studi'),
('Operator Tugas Akhir', 'manage data ruangan'),
('Operator Tugas Akhir', 'user auth'),
('user auth', '/user/profile/*'),
('user auth', '/user/security/logout'),
('user auth', '/user/settings/*');

-- --------------------------------------------------------

--
-- Struktur dari tabel `auth_rule`
--

CREATE TABLE `auth_rule` (
  `name` varchar(64) COLLATE utf8_unicode_ci NOT NULL,
  `data` blob DEFAULT NULL,
  `created_at` int(11) DEFAULT NULL,
  `updated_at` int(11) DEFAULT NULL
) ENGINE=InnoDB DEFAULT CHARSET=utf8 COLLATE=utf8_unicode_ci;

-- --------------------------------------------------------

--
-- Struktur dari tabel `lkta`
--

CREATE TABLE `lkta` (
  `id` int(11) NOT NULL,
  `nama` varchar(100) DEFAULT NULL,
  `nim` varchar(45) DEFAULT NULL,
  `idstudi` int(11) NOT NULL,
  `masastudi` varchar(45) NOT NULL,
  `idpembimbing` int(11) NOT NULL,
  `judulta` varchar(100) NOT NULL,
  `tglpengta` varchar(45) NOT NULL,
  `status` varchar(45) NOT NULL,
  `tglsp` varchar(45) NOT NULL,
  `semsp` varchar(100) NOT NULL,
  `statussp` varchar(45) NOT NULL,
  `waktupengsp` varchar(45) NOT NULL,
  `idruangansp` int(11) NOT NULL,
  `idpengujisp` int(11) NOT NULL,
  `nilaipemsp` varchar(45) NOT NULL,
  `nilaipengsp` varchar(45) NOT NULL,
  `rataratasp` varchar(45) NOT NULL,
  `semsh` varchar(100) NOT NULL,
  `tglmulaish` varchar(45) NOT NULL,
  `tglakhirsh` varchar(45) NOT NULL,
  `tglpengsh` varchar(45) NOT NULL,
  `persyaratansh` varchar(100) NOT NULL,
  `statussh` varchar(45) NOT NULL,
  `idruangansh` int(11) NOT NULL,
  `idpengujish` int(11) NOT NULL,
  `nilaipemsh` varchar(45) NOT NULL,
  `nilaipengsh` varchar(45) NOT NULL,
  `rataratash` varchar(45) NOT NULL,
  `tglsidangsta` varchar(45) NOT NULL,
  `persidangsta` varchar(100) NOT NULL,
  `persyaratanuangsta` varchar(100) NOT NULL,
  `statussta` varchar(45) NOT NULL,
  `waktusta` varchar(45) NOT NULL,
  `idruangansta` int(11) NOT NULL,
  `idpengujusta` int(11) NOT NULL,
  `idpengujustaa` int(11) NOT NULL,
  `nilaipemsta` varchar(45) NOT NULL,
  `nilaipengsta` varchar(45) NOT NULL,
  `nilaipengstaa` varchar(45) NOT NULL,
  `ratasta` varchar(45) NOT NULL,
  `total` varchar(45) NOT NULL,
  `abjad` varchar(45) NOT NULL,
  `ipk` varchar(45) NOT NULL
) ENGINE=InnoDB DEFAULT CHARSET=utf8mb4;

--
-- Dumping data untuk tabel `lkta`
--

INSERT INTO `lkta` (`id`, `nama`, `nim`, `idstudi`, `masastudi`, `idpembimbing`, `judulta`, `tglpengta`, `status`, `tglsp`, `semsp`, `statussp`, `waktupengsp`, `idruangansp`, `idpengujisp`, `nilaipemsp`, `nilaipengsp`, `rataratasp`, `semsh`, `tglmulaish`, `tglakhirsh`, `tglpengsh`, `persyaratansh`, `statussh`, `idruangansh`, `idpengujish`, `nilaipemsh`, `nilaipengsh`, `rataratash`, `tglsidangsta`, `persidangsta`, `persyaratanuangsta`, `statussta`, `waktusta`, `idruangansta`, `idpengujusta`, `idpengujustaa`, `nilaipemsta`, `nilaipengsta`, `nilaipengstaa`, `ratasta`, `total`, `abjad`, `ipk`) VALUES
(1, 'Muhammad Ardiansyah', '0110218049', 1, '2020-06-02', 1, '1', '2020-06-02', '2', '2020-06-02', 'w', 'w', '2020-06-02', 2, 1, '1', '1', '1', '1', '2020-06-02', '2020-06-02', '2020-06-02', '3', '2', 2, 2, '2', '2', '2', '2020-06-02', '2', '1', '1', '2020-06-02', 1, 1, 1, '1', '1', '1', '1', '1', '1', '1');

-- --------------------------------------------------------

--
-- Struktur dari tabel `migration`
--

CREATE TABLE `migration` (
  `version` varchar(180) NOT NULL,
  `apply_time` int(11) DEFAULT NULL
) ENGINE=InnoDB DEFAULT CHARSET=utf8mb4;

--
-- Dumping data untuk tabel `migration`
--

INSERT INTO `migration` (`version`, `apply_time`) VALUES
('m000000_000000_base', 1591622986),
('m140209_132017_init', 1591622994),
('m140403_174025_create_account_table', 1591622996),
('m140504_113157_update_tables', 1591622998),
('m140504_130429_create_token_table', 1591623000),
('m140506_102106_rbac_init', 1591626657),
('m140830_171933_fix_ip_field', 1591623001),
('m140830_172703_change_account_table_name', 1591623002),
('m141222_110026_update_ip_field', 1591623003),
('m141222_135246_alter_username_length', 1591623003),
('m150614_103145_update_social_account_table', 1591623004),
('m150623_212711_fix_username_notnull', 1591623004),
('m151218_234654_add_timezone_to_profile', 1591623004),
('m160929_103127_add_last_login_at_to_user_table', 1591623004),
('m170907_052038_rbac_add_index_on_auth_assignment_user_id', 1591626657),
('m180523_151638_rbac_updates_indexes_without_prefix', 1591626658),
('m200409_110543_rbac_update_mssql_trigger', 1591626658);

-- --------------------------------------------------------

--
-- Struktur dari tabel `pembimbing`
--

CREATE TABLE `pembimbing` (
  `id` int(11) NOT NULL,
  `nama` varchar(45) NOT NULL
) ENGINE=InnoDB DEFAULT CHARSET=utf8mb4;

--
-- Dumping data untuk tabel `pembimbing`
--

INSERT INTO `pembimbing` (`id`, `nama`) VALUES
(1, 'adas'),
(2, 'asdasd');

-- --------------------------------------------------------

--
-- Struktur dari tabel `penguji`
--

CREATE TABLE `penguji` (
  `id` int(11) NOT NULL,
  `nama` varchar(45) NOT NULL
) ENGINE=InnoDB DEFAULT CHARSET=utf8mb4;

--
-- Dumping data untuk tabel `penguji`
--

INSERT INTO `penguji` (`id`, `nama`) VALUES
(1, 'dian'),
(2, 'asd');

-- --------------------------------------------------------

--
-- Struktur dari tabel `profile`
--

CREATE TABLE `profile` (
  `user_id` int(11) NOT NULL,
  `name` varchar(255) COLLATE utf8_unicode_ci DEFAULT NULL,
  `public_email` varchar(255) COLLATE utf8_unicode_ci DEFAULT NULL,
  `gravatar_email` varchar(255) COLLATE utf8_unicode_ci DEFAULT NULL,
  `gravatar_id` varchar(32) COLLATE utf8_unicode_ci DEFAULT NULL,
  `location` varchar(255) COLLATE utf8_unicode_ci DEFAULT NULL,
  `website` varchar(255) COLLATE utf8_unicode_ci DEFAULT NULL,
  `bio` text COLLATE utf8_unicode_ci DEFAULT NULL,
  `timezone` varchar(40) COLLATE utf8_unicode_ci DEFAULT NULL
) ENGINE=InnoDB DEFAULT CHARSET=utf8 COLLATE=utf8_unicode_ci;

--
-- Dumping data untuk tabel `profile`
--

INSERT INTO `profile` (`user_id`, `name`, `public_email`, `gravatar_email`, `gravatar_id`, `location`, `website`, `bio`, `timezone`) VALUES
(1, NULL, NULL, NULL, NULL, NULL, NULL, NULL, NULL),
(2, NULL, NULL, NULL, NULL, NULL, NULL, NULL, NULL),
(4, NULL, NULL, NULL, NULL, NULL, NULL, NULL, NULL),
(5, NULL, NULL, NULL, NULL, NULL, NULL, NULL, NULL),
(6, NULL, NULL, NULL, NULL, NULL, NULL, NULL, NULL);

-- --------------------------------------------------------

--
-- Struktur dari tabel `programstudi`
--

CREATE TABLE `programstudi` (
  `id` int(11) NOT NULL,
  `nama` varchar(45) NOT NULL
) ENGINE=InnoDB DEFAULT CHARSET=utf8mb4;

--
-- Dumping data untuk tabel `programstudi`
--

INSERT INTO `programstudi` (`id`, `nama`) VALUES
(1, 'Teknik Informatika'),
(2, 'Sistem Informasi');

-- --------------------------------------------------------

--
-- Struktur dari tabel `ruangan`
--

CREATE TABLE `ruangan` (
  `id` int(11) NOT NULL,
  `nama` varchar(45) NOT NULL
) ENGINE=InnoDB DEFAULT CHARSET=utf8mb4;

--
-- Dumping data untuk tabel `ruangan`
--

INSERT INTO `ruangan` (`id`, `nama`) VALUES
(1, 'B2-204'),
(2, 'B2-205');

-- --------------------------------------------------------

--
-- Struktur dari tabel `social_account`
--

CREATE TABLE `social_account` (
  `id` int(11) NOT NULL,
  `user_id` int(11) DEFAULT NULL,
  `provider` varchar(255) COLLATE utf8_unicode_ci NOT NULL,
  `client_id` varchar(255) COLLATE utf8_unicode_ci NOT NULL,
  `data` text COLLATE utf8_unicode_ci DEFAULT NULL,
  `code` varchar(32) COLLATE utf8_unicode_ci DEFAULT NULL,
  `created_at` int(11) DEFAULT NULL,
  `email` varchar(255) COLLATE utf8_unicode_ci DEFAULT NULL,
  `username` varchar(255) COLLATE utf8_unicode_ci DEFAULT NULL
) ENGINE=InnoDB DEFAULT CHARSET=utf8 COLLATE=utf8_unicode_ci;

-- --------------------------------------------------------

--
-- Struktur dari tabel `status`
--

CREATE TABLE `status` (
  `id` int(11) NOT NULL,
  `nama` varchar(45) NOT NULL
) ENGINE=InnoDB DEFAULT CHARSET=utf8mb4;

--
-- Dumping data untuk tabel `status`
--

INSERT INTO `status` (`id`, `nama`) VALUES
(1, 'Sudah'),
(2, 'Belum');

-- --------------------------------------------------------

--
-- Struktur dari tabel `tahun`
--

CREATE TABLE `tahun` (
  `id` int(11) NOT NULL,
  `tahun` varchar(45) NOT NULL
) ENGINE=InnoDB DEFAULT CHARSET=utf8mb4;

--
-- Dumping data untuk tabel `tahun`
--

INSERT INTO `tahun` (`id`, `tahun`) VALUES
(1, '2017/2018'),
(2, '2016/2017'),
(3, '2015/2016'),
(4, '2014/2015'),
(5, '2013/2014'),
(6, '2012/2013'),
(7, '2011/2012'),
(8, '2010/2011');

-- --------------------------------------------------------

--
-- Struktur dari tabel `token`
--

CREATE TABLE `token` (
  `user_id` int(11) NOT NULL,
  `code` varchar(32) COLLATE utf8_unicode_ci NOT NULL,
  `created_at` int(11) NOT NULL,
  `type` smallint(6) NOT NULL
) ENGINE=InnoDB DEFAULT CHARSET=utf8 COLLATE=utf8_unicode_ci;

--
-- Dumping data untuk tabel `token`
--

INSERT INTO `token` (`user_id`, `code`, `created_at`, `type`) VALUES
(1, 'whu1AQlPrx8gAe7EDzF137S04FIt6o-K', 1591623450, 0),
(2, '-MAHcwN4XsGR_bk_NKQylWEjav1nh36A', 1591623710, 0);

-- --------------------------------------------------------

--
-- Struktur dari tabel `user`
--

CREATE TABLE `user` (
  `id` int(11) NOT NULL,
  `username` varchar(255) COLLATE utf8_unicode_ci NOT NULL,
  `email` varchar(255) COLLATE utf8_unicode_ci NOT NULL,
  `password_hash` varchar(60) COLLATE utf8_unicode_ci NOT NULL,
  `auth_key` varchar(32) COLLATE utf8_unicode_ci NOT NULL,
  `confirmed_at` int(11) DEFAULT NULL,
  `unconfirmed_email` varchar(255) COLLATE utf8_unicode_ci DEFAULT NULL,
  `blocked_at` int(11) DEFAULT NULL,
  `registration_ip` varchar(45) COLLATE utf8_unicode_ci DEFAULT NULL,
  `created_at` int(11) NOT NULL,
  `updated_at` int(11) NOT NULL,
  `flags` int(11) NOT NULL DEFAULT 0,
  `last_login_at` int(11) DEFAULT NULL
) ENGINE=InnoDB DEFAULT CHARSET=utf8 COLLATE=utf8_unicode_ci;

--
-- Dumping data untuk tabel `user`
--

INSERT INTO `user` (`id`, `username`, `email`, `password_hash`, `auth_key`, `confirmed_at`, `unconfirmed_email`, `blocked_at`, `registration_ip`, `created_at`, `updated_at`, `flags`, `last_login_at`) VALUES
(1, 'dianbugas', 'dianbugas@gmail.com', '$2y$12$iiOMg1EluLZS3ccLQaUbluToiBUJ1Wjk8bCe4w8wfjij0/H6b/H5q', 'Ydm5UYFpl8WWT1ytgjLfj67jYHByVvsW', 1591628664, NULL, NULL, '::1', 1591623450, 1591623450, 0, 1592495240),
(2, 'admin', 'dianynf@gmail.com', '$2y$12$MStrmjpoW30VwySvBajgxuJBvFM.G.cOIQE7tZI3iOcc/W3JQg9de', 'Bsc8EBXd8OECODnluU_e7SLbEvL901WO', NULL, NULL, NULL, '::1', 1591623710, 1591623710, 0, 1592495620),
(4, 'operator1', 'operator1@gmail.com', '$2y$12$e525Ov1WWLtMuHdA2ZzW2OGTcBm5kHrsPKlXMR/bYaimJ0NuJrLJ.', '-bt3p58bkbbED1-3mDRTzyz9F9JFO-Xm', 1591669339, NULL, NULL, '::1', 1591669339, 1591669339, 0, 1591669473),
(5, 'mahasiswa', 'dianbugas33@gmail.com', '$2y$12$v0KO4wp4zDy4AYqeQO80Hu0BqAY8ewcDG47j1dCCAwzaXv/2s.gJq', '-_ySShz_QqpQPykGiHSGvnB-bKuF-CxS', 1591862268, NULL, NULL, '::1', 1591862268, 1591862268, 0, 1592495301),
(6, 'mahasiswi', 'mahasiswi@s.s', '$2y$12$uVHDqCBHNwWdQ2cUcTagHuXFqe9RzRr5WN0fR1yQdNDet6nsfNMES', 'yLjnyfO037rKpkdsKQL8B1Mim83FChE6', 1592495404, NULL, NULL, '::1', 1592495404, 1592495453, 0, 1592495470);

--
-- Indexes for dumped tables
--

--
-- Indeks untuk tabel `auth_assignment`
--
ALTER TABLE `auth_assignment`
  ADD PRIMARY KEY (`item_name`,`user_id`),
  ADD KEY `idx-auth_assignment-user_id` (`user_id`);

--
-- Indeks untuk tabel `auth_item`
--
ALTER TABLE `auth_item`
  ADD PRIMARY KEY (`name`),
  ADD KEY `rule_name` (`rule_name`),
  ADD KEY `idx-auth_item-type` (`type`);

--
-- Indeks untuk tabel `auth_item_child`
--
ALTER TABLE `auth_item_child`
  ADD PRIMARY KEY (`parent`,`child`),
  ADD KEY `child` (`child`);

--
-- Indeks untuk tabel `auth_rule`
--
ALTER TABLE `auth_rule`
  ADD PRIMARY KEY (`name`);

--
-- Indeks untuk tabel `lkta`
--
ALTER TABLE `lkta`
  ADD PRIMARY KEY (`id`);

--
-- Indeks untuk tabel `migration`
--
ALTER TABLE `migration`
  ADD PRIMARY KEY (`version`);

--
-- Indeks untuk tabel `pembimbing`
--
ALTER TABLE `pembimbing`
  ADD PRIMARY KEY (`id`);

--
-- Indeks untuk tabel `penguji`
--
ALTER TABLE `penguji`
  ADD PRIMARY KEY (`id`);

--
-- Indeks untuk tabel `profile`
--
ALTER TABLE `profile`
  ADD PRIMARY KEY (`user_id`);

--
-- Indeks untuk tabel `programstudi`
--
ALTER TABLE `programstudi`
  ADD PRIMARY KEY (`id`);

--
-- Indeks untuk tabel `ruangan`
--
ALTER TABLE `ruangan`
  ADD PRIMARY KEY (`id`);

--
-- Indeks untuk tabel `social_account`
--
ALTER TABLE `social_account`
  ADD PRIMARY KEY (`id`),
  ADD UNIQUE KEY `account_unique` (`provider`,`client_id`),
  ADD UNIQUE KEY `account_unique_code` (`code`),
  ADD KEY `fk_user_account` (`user_id`);

--
-- Indeks untuk tabel `status`
--
ALTER TABLE `status`
  ADD PRIMARY KEY (`id`);

--
-- Indeks untuk tabel `tahun`
--
ALTER TABLE `tahun`
  ADD PRIMARY KEY (`id`);

--
-- Indeks untuk tabel `token`
--
ALTER TABLE `token`
  ADD UNIQUE KEY `token_unique` (`user_id`,`code`,`type`);

--
-- Indeks untuk tabel `user`
--
ALTER TABLE `user`
  ADD PRIMARY KEY (`id`),
  ADD UNIQUE KEY `user_unique_username` (`username`),
  ADD UNIQUE KEY `user_unique_email` (`email`);

--
-- AUTO_INCREMENT untuk tabel yang dibuang
--

--
-- AUTO_INCREMENT untuk tabel `lkta`
--
ALTER TABLE `lkta`
  MODIFY `id` int(11) NOT NULL AUTO_INCREMENT, AUTO_INCREMENT=4;

--
-- AUTO_INCREMENT untuk tabel `pembimbing`
--
ALTER TABLE `pembimbing`
  MODIFY `id` int(11) NOT NULL AUTO_INCREMENT, AUTO_INCREMENT=3;

--
-- AUTO_INCREMENT untuk tabel `penguji`
--
ALTER TABLE `penguji`
  MODIFY `id` int(11) NOT NULL AUTO_INCREMENT, AUTO_INCREMENT=3;

--
-- AUTO_INCREMENT untuk tabel `programstudi`
--
ALTER TABLE `programstudi`
  MODIFY `id` int(11) NOT NULL AUTO_INCREMENT, AUTO_INCREMENT=3;

--
-- AUTO_INCREMENT untuk tabel `ruangan`
--
ALTER TABLE `ruangan`
  MODIFY `id` int(11) NOT NULL AUTO_INCREMENT, AUTO_INCREMENT=3;

--
-- AUTO_INCREMENT untuk tabel `social_account`
--
ALTER TABLE `social_account`
  MODIFY `id` int(11) NOT NULL AUTO_INCREMENT;

--
-- AUTO_INCREMENT untuk tabel `status`
--
ALTER TABLE `status`
  MODIFY `id` int(11) NOT NULL AUTO_INCREMENT, AUTO_INCREMENT=3;

--
-- AUTO_INCREMENT untuk tabel `tahun`
--
ALTER TABLE `tahun`
  MODIFY `id` int(11) NOT NULL AUTO_INCREMENT, AUTO_INCREMENT=9;

--
-- AUTO_INCREMENT untuk tabel `user`
--
ALTER TABLE `user`
  MODIFY `id` int(11) NOT NULL AUTO_INCREMENT, AUTO_INCREMENT=7;

--
-- Ketidakleluasaan untuk tabel pelimpahan (Dumped Tables)
--

--
-- Ketidakleluasaan untuk tabel `auth_assignment`
--
ALTER TABLE `auth_assignment`
  ADD CONSTRAINT `auth_assignment_ibfk_1` FOREIGN KEY (`item_name`) REFERENCES `auth_item` (`name`) ON DELETE CASCADE ON UPDATE CASCADE;

--
-- Ketidakleluasaan untuk tabel `auth_item`
--
ALTER TABLE `auth_item`
  ADD CONSTRAINT `auth_item_ibfk_1` FOREIGN KEY (`rule_name`) REFERENCES `auth_rule` (`name`) ON DELETE SET NULL ON UPDATE CASCADE;

--
-- Ketidakleluasaan untuk tabel `auth_item_child`
--
ALTER TABLE `auth_item_child`
  ADD CONSTRAINT `auth_item_child_ibfk_1` FOREIGN KEY (`parent`) REFERENCES `auth_item` (`name`) ON DELETE CASCADE ON UPDATE CASCADE,
  ADD CONSTRAINT `auth_item_child_ibfk_2` FOREIGN KEY (`child`) REFERENCES `auth_item` (`name`) ON DELETE CASCADE ON UPDATE CASCADE;

--
-- Ketidakleluasaan untuk tabel `profile`
--
ALTER TABLE `profile`
  ADD CONSTRAINT `fk_user_profile` FOREIGN KEY (`user_id`) REFERENCES `user` (`id`) ON DELETE CASCADE;

--
-- Ketidakleluasaan untuk tabel `social_account`
--
ALTER TABLE `social_account`
  ADD CONSTRAINT `fk_user_account` FOREIGN KEY (`user_id`) REFERENCES `user` (`id`) ON DELETE CASCADE;

--
-- Ketidakleluasaan untuk tabel `token`
--
ALTER TABLE `token`
  ADD CONSTRAINT `fk_user_token` FOREIGN KEY (`user_id`) REFERENCES `user` (`id`) ON DELETE CASCADE;
COMMIT;

/*!40101 SET CHARACTER_SET_CLIENT=@OLD_CHARACTER_SET_CLIENT */;
/*!40101 SET CHARACTER_SET_RESULTS=@OLD_CHARACTER_SET_RESULTS */;
/*!40101 SET COLLATION_CONNECTION=@OLD_COLLATION_CONNECTION */;
