INSERT INTO aluno (id, cidade, complemento, cpf, email, endereco, estado, nome, numero) VALUES (1, 'Vitoria', 'Quadra 16', '54654654', 'dasdasd@com.br', 'Rua i', 'ES', 'Adinaldo', '121');
INSERT INTO aluno (id, cidade, complemento, cpf, email, endereco, estado, nome, numero) VALUES (2, 'Vitoria', 'Quadra 16', '45466545', 'dasdasd@com.br', 'Rua i', 'ES', 'Bruno', '121');
INSERT INTO aluno (id, cidade, complemento, cpf, email, endereco, estado, nome, numero) VALUES (3, 'Vitoria', 'Quadra 16', '54654651', 'dasdasd@com.br', 'Rua i', 'ES', 'Diego', '121');
INSERT INTO aluno (id, cidade, complemento, cpf, email, endereco, estado, nome, numero) VALUES (4, 'Vitoria', 'Quadra 16', '54654652', 'dasdasd@com.br', 'Rua i', 'ES', 'Fellipe', '121');
INSERT INTO aluno (id, cidade, complemento, cpf, email, endereco, estado, nome, numero) VALUES (5, 'Vitoria', 'Quadra 16', '54654600', 'dasdasd@com.br', 'Rua i', 'ES', 'Fernando', '121');
INSERT INTO aluno (id, cidade, complemento, cpf, email, endereco, estado, nome, numero) VALUES (6, 'Vitoria', 'Quadra 16', '54654657', 'dasdasd@com.br', 'Rua i', 'ES', 'Glauberth', '121');
INSERT INTO aluno (id, cidade, complemento, cpf, email, endereco, estado, nome, numero) VALUES (7, 'Vitoria', 'Quadra 16', '54654658', 'dasdasd@com.br', 'Rua i', 'ES', 'Jonathan', '121');
INSERT INTO aluno (id, cidade, complemento, cpf, email, endereco, estado, nome, numero) VALUES (8, 'Vitoria', 'Quadra 16', '54656654', 'dasdasd@com.br', 'Rua i', 'ES', 'Jose Felipy', '121');
INSERT INTO aluno (id, cidade, complemento, cpf, email, endereco, estado, nome, numero) VALUES (9, 'Vitoria', 'Quadra 16', '54654676', 'dasdasd@com.br', 'Rua i', 'ES', 'Luiz Gustavo', '121');
INSERT INTO aluno (id, cidade, complemento, cpf, email, endereco, estado, nome, numero) VALUES (10, 'Vitoria', 'Quadra 16', '54654634', 'dasdasd@com.br', 'Rua i', 'ES', 'Matheus', '121');
INSERT INTO aluno (id, cidade, complemento, cpf, email, endereco, estado, nome, numero) VALUES (11, 'Vitoria', 'Quadra 16', '54654642', 'dasdasd@com.br', 'Rua i', 'ES', 'Mirelly', '121');
INSERT INTO aluno (id, cidade, complemento, cpf, email, endereco, estado, nome, numero) VALUES (12, 'Vitoria', 'Quadra 16', '54654655', 'dasdasd@com.br', 'Rua i', 'ES', 'Thikago', '121');

					




INSERT INTO professor (id, cidade, cpf, email, endereco, estado, nome, numero) VALUES (1, 'Serra', '34234234', 'daniel@gmail.com', 'Rua I', 'ES', 'Daniel Santiago', '2');
INSERT INTO professor (id, cidade, cpf, email, endereco, estado, nome, numero) VALUES (2, 'Vila Velha', '12345678', 'luiz@gmail.com', 'Rua II', 'ES', 'Luiz', '3');
INSERT INTO professor (id, cidade, cpf, email, endereco, estado, nome, numero) VALUES (3, 'Vix', '87654321', 'gustavo@gmail.com', 'Rua III', 'ES', 'Gustavo', '4');

INSERT INTO curso (id, nome, idProfessor) VALUES (1, 'Tecnico de Informática', 1);


INSERT INTO curso_aluno (curso_id, alunos_id) VALUES (1,1);
INSERT INTO curso_aluno (curso_id, alunos_id) VALUES (1,2);
INSERT INTO curso_aluno (curso_id, alunos_id) VALUES (1,3);
INSERT INTO curso_aluno (curso_id, alunos_id) VALUES (1,4);
INSERT INTO curso_aluno (curso_id, alunos_id) VALUES (1,5);
INSERT INTO curso_aluno (curso_id, alunos_id) VALUES (1,6);
INSERT INTO curso_aluno (curso_id, alunos_id) VALUES (1,7);
INSERT INTO curso_aluno (curso_id, alunos_id) VALUES (1,8);
INSERT INTO curso_aluno (curso_id, alunos_id) VALUES (1,9);
INSERT INTO curso_aluno (curso_id, alunos_id) VALUES (1,10);
INSERT INTO curso_aluno (curso_id, alunos_id) VALUES (1,11);
INSERT INTO curso_aluno (curso_id, alunos_id) VALUES (1,12);
