-- --------------------------------------------------------
-- Host:                         127.0.0.1
-- Server version:               5.6.21 - MySQL Community Server (GPL)
-- Server OS:                    Win32
-- HeidiSQL Version:             11.0.0.5919
-- --------------------------------------------------------

/*!40101 SET @OLD_CHARACTER_SET_CLIENT=@@CHARACTER_SET_CLIENT */;
/*!40101 SET NAMES utf8 */;
/*!50503 SET NAMES utf8mb4 */;
/*!40014 SET @OLD_FOREIGN_KEY_CHECKS=@@FOREIGN_KEY_CHECKS, FOREIGN_KEY_CHECKS=0 */;
/*!40101 SET @OLD_SQL_MODE=@@SQL_MODE, SQL_MODE='NO_AUTO_VALUE_ON_ZERO' */;


-- Dumping database structure for web-sovelluskehitys
DROP DATABASE IF EXISTS `web-sovelluskehitys`;
CREATE DATABASE IF NOT EXISTS `web-sovelluskehitys` /*!40100 DEFAULT CHARACTER SET latin1 */;
USE `web-sovelluskehitys`;

-- Dumping structure for table web-sovelluskehitys.entertainment
DROP TABLE IF EXISTS `entertainment`;
CREATE TABLE IF NOT EXISTS `entertainment` (
  `id` int(11) NOT NULL AUTO_INCREMENT,
  `name` varchar(250) NOT NULL,
  `released` year(4) NOT NULL,
  `ended` year(4) DEFAULT NULL,
  `budget` int(11) DEFAULT NULL,
  `gross` bigint(20) DEFAULT NULL,
  `type_id` int(11) NOT NULL,
  PRIMARY KEY (`id`),
  KEY `type_id` (`type_id`),
  CONSTRAINT `entertainment_ibfk_1` FOREIGN KEY (`type_id`) REFERENCES `types` (`id`)
) ENGINE=InnoDB AUTO_INCREMENT=69 DEFAULT CHARSET=latin1;

-- Dumping data for table web-sovelluskehitys.entertainment: ~64 rows (approximately)
DELETE FROM `entertainment`;
/*!40000 ALTER TABLE `entertainment` DISABLE KEYS */;
INSERT INTO `entertainment` (`id`, `name`, `released`, `ended`, `budget`, `gross`, `type_id`) VALUES
	(1, 'Steamboat Willie', '1928', NULL, NULL, NULL, 2),
	(2, 'Modern Times', '1936', NULL, NULL, NULL, 1),
	(3, 'Snow White and the Seven Dwarfs', '1937', NULL, NULL, NULL, 1),
	(4, 'The Wizard of Oz', '1939', NULL, NULL, NULL, 1),
	(5, 'Citizen Kane', '1941', NULL, NULL, NULL, 1),
	(6, 'Casablanca', '1942', NULL, NULL, NULL, 1),
	(7, 'Seven Samurai', '1954', NULL, NULL, NULL, 1),
	(8, 'Rebel Without a Cause', '1955', NULL, NULL, NULL, 1),
	(9, 'The Searchers', '1956', NULL, NULL, NULL, 1),
	(10, 'The Ten Commandments', '1956', NULL, NULL, NULL, 1),
	(11, '12 Angry Men', '1957', NULL, NULL, NULL, 1),
	(12, 'Some Like It Hot', '1959', NULL, NULL, NULL, 1),
	(13, 'Psycho', '1960', NULL, NULL, NULL, 1),
	(14, 'Lawrence of Arabia', '1962', NULL, NULL, NULL, 1),
	(15, 'Dr. Strangelove', '1964', NULL, NULL, NULL, 1),
	(16, 'A Fistful of Dollars', '1964', NULL, NULL, NULL, 1),
	(17, 'The Good, the Bad and the Ugly', '1966', NULL, NULL, NULL, 1),
	(18, 'The Graduate', '1967', NULL, NULL, NULL, 1),
	(19, 'Planet of the Apes', '1968', NULL, NULL, NULL, 1),
	(20, '2001: A Space Odyssey', '1968', NULL, NULL, NULL, 1),
	(21, 'Night of the Living Dead', '1968', NULL, NULL, NULL, 1),
	(22, 'Butch Cassidy and the Sundance Kid', '1969', NULL, NULL, NULL, 1),
	(23, 'A Clockwork Orange', '1971', NULL, NULL, NULL, 1),
	(24, 'The Godfather', '1972', NULL, NULL, NULL, 1),
	(25, 'The Godfather: Part II', '1974', NULL, NULL, NULL, 1),
	(26, 'Chinatown', '1974', NULL, NULL, NULL, 1),
	(27, 'Monty Python and the Holy Grail', '1975', NULL, NULL, NULL, 1),
	(28, 'Jaws', '1975', NULL, NULL, NULL, 1),
	(29, 'One Flew Over the Cuckoo\'s Nest', '1975', NULL, NULL, NULL, 1),
	(30, 'Taxi Driver', '1976', NULL, NULL, NULL, 1),
	(31, 'Star Wars: Episode IV - A New Hope', '1977', NULL, NULL, NULL, 1),
	(32, 'The Deer Hunter', '1978', NULL, NULL, NULL, 1),
	(33, 'Alien', '1979', NULL, NULL, NULL, 1),
	(34, 'The Shining', '1980', NULL, NULL, NULL, 1),
	(35, 'Airplane!', '1980', NULL, NULL, NULL, 1),
	(36, 'Raging Bull', '1980', NULL, NULL, NULL, 1),
	(37, 'Das Boot', '1981', NULL, NULL, NULL, 1),
	(38, 'Raiders of the Lost Ark', '1981', NULL, NULL, NULL, 1),
	(39, 'E.T. the Extra-Terrestrial', '1982', NULL, NULL, NULL, 1),
	(40, 'Blade Runner', '1982', NULL, NULL, NULL, 1),
	(41, 'Brazil', '1985', NULL, NULL, NULL, 1),
	(42, 'Platoon', '1986', NULL, NULL, NULL, 1),
	(43, 'The Last Temptation of Christ', '1988', NULL, NULL, NULL, 1),
	(44, 'Indiana Jones and the Last Crusade', '1989', NULL, NULL, NULL, 1),
	(45, 'Do the Right Thing', '1989', NULL, NULL, NULL, 1),
	(46, 'Goodfellas', '1990', NULL, NULL, NULL, 1),
	(47, 'The Silence of the Lambs', '1991', NULL, NULL, NULL, 1),
	(48, 'Schindler\'s List', '1993', NULL, NULL, NULL, 1),
	(49, 'Philadelphia', '1993', NULL, NULL, NULL, 1),
	(50, 'Pulp Fiction', '1994', NULL, NULL, NULL, 1),
	(51, 'Se7en', '1995', NULL, NULL, NULL, 1),
	(52, 'Toy Story', '1995', NULL, NULL, NULL, 1),
	(53, 'Saving Private Ryan', '1998', NULL, NULL, NULL, 1),
	(54, 'The Matrix', '1999', NULL, NULL, NULL, 1),
	(55, 'Crouching Tiger, Hidden Dragon', '2000', NULL, NULL, NULL, 1),
	(56, 'Spirited Away', '2000', NULL, NULL, NULL, 1),
	(57, 'Bowling for Columbine', '2002', NULL, NULL, NULL, 3),
	(58, 'City of God', '2002', NULL, NULL, NULL, 1),
	(59, 'Crash', '2004', NULL, NULL, NULL, 1),
	(60, 'Pan\'s Labyrinth', '2006', NULL, NULL, NULL, 1),
	(61, 'The Dark Knight', '2008', NULL, NULL, NULL, 1),
	(62, 'Avatar', '2009', NULL, NULL, NULL, 1),
	(63, 'The Social Network', '2010', NULL, NULL, NULL, 1),
	(64, '12 Years a Slave', '2013', NULL, 20000000, 187733202, 1),
	(65, 'The Great Escape', '1963', NULL, 4000000, NULL, 1),
	(66, 'Spider-Man: Into the Spider-Verse', '2018', NULL, 90000000, 375540831, 1),
	(67, 'Spider-Man', '2002', NULL, 139000000, 825025036, 1),
	(68, 'Spider-Man', '2018', NULL, NULL, NULL, 10);
/*!40000 ALTER TABLE `entertainment` ENABLE KEYS */;

-- Dumping structure for table web-sovelluskehitys.genres
DROP TABLE IF EXISTS `genres`;
CREATE TABLE IF NOT EXISTS `genres` (
  `id` int(11) NOT NULL AUTO_INCREMENT,
  `name` varchar(50) NOT NULL,
  PRIMARY KEY (`id`)
) ENGINE=InnoDB AUTO_INCREMENT=22 DEFAULT CHARSET=latin1;

-- Dumping data for table web-sovelluskehitys.genres: ~18 rows (approximately)
DELETE FROM `genres`;
/*!40000 ALTER TABLE `genres` DISABLE KEYS */;
INSERT INTO `genres` (`id`, `name`) VALUES
	(1, 'Comedy'),
	(2, 'Action'),
	(3, 'Thriller'),
	(4, 'Horror'),
	(5, 'Animation'),
	(6, 'Romance'),
	(7, 'Drama'),
	(8, 'Musical'),
	(9, 'Mystery'),
	(10, 'Sci-fi'),
	(11, 'Adventure'),
	(12, 'Biography'),
	(13, 'Western'),
	(14, 'Fantasy'),
	(15, 'Family'),
	(16, 'War'),
	(17, 'Crime'),
	(19, 'Music'),
	(21, 'Sport');
/*!40000 ALTER TABLE `genres` ENABLE KEYS */;

-- Dumping structure for table web-sovelluskehitys.jobs
DROP TABLE IF EXISTS `jobs`;
CREATE TABLE IF NOT EXISTS `jobs` (
  `id` int(11) NOT NULL AUTO_INCREMENT,
  `name` varchar(100) NOT NULL,
  PRIMARY KEY (`id`)
) ENGINE=InnoDB AUTO_INCREMENT=7 DEFAULT CHARSET=latin1;

-- Dumping data for table web-sovelluskehitys.jobs: ~6 rows (approximately)
DELETE FROM `jobs`;
/*!40000 ALTER TABLE `jobs` DISABLE KEYS */;
INSERT INTO `jobs` (`id`, `name`) VALUES
	(1, 'Actor'),
	(2, 'Director'),
	(3, 'Writer'),
	(4, 'Composer'),
	(5, 'Producer'),
	(6, 'Based on works by');
/*!40000 ALTER TABLE `jobs` ENABLE KEYS */;

-- Dumping structure for table web-sovelluskehitys.people
DROP TABLE IF EXISTS `people`;
CREATE TABLE IF NOT EXISTS `people` (
  `id` int(11) NOT NULL AUTO_INCREMENT,
  `name` varchar(100) NOT NULL,
  `born` date DEFAULT NULL,
  `died` date DEFAULT NULL,
  `known_for` int(11) DEFAULT NULL,
  PRIMARY KEY (`id`),
  KEY `known_for` (`known_for`),
  CONSTRAINT `people_ibfk_1` FOREIGN KEY (`known_for`) REFERENCES `works` (`id`)
) ENGINE=InnoDB AUTO_INCREMENT=210 DEFAULT CHARSET=latin1;

-- Dumping data for table web-sovelluskehitys.people: ~204 rows (approximately)
DELETE FROM `people`;
/*!40000 ALTER TABLE `people` DISABLE KEYS */;
INSERT INTO `people` (`id`, `name`, `born`, `died`, `known_for`) VALUES
	(1, 'Walt Disney', NULL, NULL, NULL),
	(2, 'Charlie Chaplin', NULL, NULL, NULL),
	(3, 'Judy Garland', NULL, NULL, NULL),
	(4, 'Orson Welles', NULL, NULL, NULL),
	(5, 'Herman J. Mankiewicz', NULL, NULL, NULL),
	(6, 'Humphrey Bogart', NULL, NULL, NULL),
	(7, 'Michael Curtiz', NULL, NULL, NULL),
	(8, 'Ingrid Bergman', NULL, NULL, NULL),
	(9, 'Akira Kurosawa', NULL, NULL, NULL),
	(10, 'James Dean', NULL, NULL, NULL),
	(11, 'John Ford', NULL, NULL, NULL),
	(12, 'John Wayne', NULL, NULL, NULL),
	(13, 'Vera Miles', NULL, NULL, NULL),
	(14, 'Charlton Heston', NULL, NULL, NULL),
	(15, 'Yul Brynner', NULL, NULL, NULL),
	(16, 'Sidney Lumet', NULL, NULL, NULL),
	(17, 'Henry Fonda', NULL, NULL, NULL),
	(18, 'Marilyn Monroe', NULL, NULL, NULL),
	(19, 'Billy Wilder', NULL, NULL, NULL),
	(20, 'Jack Lemmon', NULL, NULL, NULL),
	(21, 'Alfred Hitchcock', NULL, NULL, NULL),
	(22, 'Peter O\'Toole', NULL, NULL, NULL),
	(23, 'Anthony Quinn', NULL, NULL, NULL),
	(24, 'Sergio Leone', NULL, NULL, NULL),
	(25, 'Clint Eastwood', NULL, NULL, NULL),
	(26, 'Ennio Morricone', NULL, NULL, NULL),
	(27, 'Stanley Kubrick', NULL, NULL, NULL),
	(28, 'Peter Sellers', NULL, NULL, NULL),
	(29, 'Dustin Hoffman', NULL, NULL, NULL),
	(30, 'Mike Nichols', NULL, NULL, NULL),
	(31, 'George A. Romero', NULL, NULL, NULL),
	(32, 'Paul Newman', NULL, NULL, NULL),
	(33, 'Robert Redford', NULL, NULL, NULL),
	(34, 'Malcolm McDowell', NULL, NULL, NULL),
	(35, 'Mario Puzo', NULL, NULL, NULL),
	(36, 'Francis Ford Coppola', NULL, NULL, NULL),
	(37, 'Al Pacino', NULL, NULL, NULL),
	(38, 'Marlon Brando', NULL, NULL, NULL),
	(39, 'James Caan', NULL, NULL, NULL),
	(40, 'Robert Duvall', NULL, NULL, NULL),
	(41, 'Diane Keaton', NULL, NULL, NULL),
	(42, 'Abe Vigoda', NULL, NULL, NULL),
	(43, 'Robert De Niro', NULL, NULL, NULL),
	(44, 'Roman Polanski', NULL, NULL, NULL),
	(45, 'Jack Nicholson', NULL, NULL, NULL),
	(46, 'Faye Dunaway', NULL, NULL, NULL),
	(47, 'John Cleese', NULL, NULL, NULL),
	(48, 'Graham Chapman', NULL, NULL, NULL),
	(49, 'Eric Idle', NULL, NULL, NULL),
	(50, 'Terry Gilliam', NULL, NULL, NULL),
	(51, 'Terry Jones', NULL, NULL, NULL),
	(52, 'Michael Palin', NULL, NULL, NULL),
	(53, 'Steven Spielberg', NULL, NULL, NULL),
	(54, 'Richard Dreyfuss', NULL, NULL, NULL),
	(55, 'John Williams', NULL, NULL, NULL),
	(56, 'Milos Forman', NULL, NULL, NULL),
	(57, 'Danny DeVito', NULL, NULL, NULL),
	(58, 'Martin Scorsese', NULL, NULL, NULL),
	(59, 'Jodie Foster', NULL, NULL, NULL),
	(60, 'Paul Schrader', NULL, NULL, NULL),
	(61, 'Cybill Shepherd', NULL, NULL, NULL),
	(62, 'Harvey Keitel', NULL, NULL, NULL),
	(63, 'Albert Brooks', NULL, NULL, NULL),
	(64, 'George Lucas', NULL, NULL, NULL),
	(65, 'Harrison Ford', NULL, NULL, NULL),
	(66, 'Carrie Fisher', NULL, NULL, NULL),
	(67, 'Mark Hamill', NULL, NULL, NULL),
	(68, 'Alec Guinness', NULL, NULL, NULL),
	(69, 'James Earl Jones', NULL, NULL, NULL),
	(70, 'Christopher Walken', NULL, NULL, NULL),
	(71, 'Ridley Scott', NULL, NULL, NULL),
	(72, 'Sigourney Weaver', NULL, NULL, NULL),
	(73, 'John Hurt', NULL, NULL, NULL),
	(74, 'Harry Dean Stanton', NULL, NULL, NULL),
	(75, 'Ian Holm', NULL, NULL, NULL),
	(76, 'Shelley Duvall', NULL, NULL, NULL),
	(77, 'Stephen King', NULL, NULL, NULL),
	(78, 'Jim Abrahams', NULL, NULL, NULL),
	(79, 'David Zucker', NULL, NULL, NULL),
	(80, 'Jerry Zucker', NULL, NULL, NULL),
	(81, 'Leslie Nielsen', NULL, NULL, NULL),
	(82, 'Lloyd Bridges', NULL, NULL, NULL),
	(83, 'Jonathan Banks', NULL, NULL, NULL),
	(84, 'Joe Pesci', NULL, NULL, NULL),
	(85, 'Wolfgang Petersen', NULL, NULL, NULL),
	(86, 'Lawrence Kasdan', NULL, NULL, NULL),
	(87, 'John Rhys-Davies', NULL, NULL, NULL),
	(88, 'Alfred Molina', NULL, NULL, NULL),
	(89, 'Paul Freeman', NULL, NULL, NULL),
	(90, 'Drew Barrymore', NULL, NULL, NULL),
	(91, 'C. Thomas Howell', NULL, NULL, NULL),
	(92, 'Philip K. Dick', NULL, NULL, NULL),
	(93, 'Rutger Hauer', NULL, NULL, NULL),
	(94, 'Edward James Olmos', NULL, NULL, NULL),
	(95, 'M. Emmet Walsh', NULL, NULL, NULL),
	(96, 'Sean Young', NULL, NULL, NULL),
	(97, 'Daryl Hannah', NULL, NULL, NULL),
	(98, 'James Hong', NULL, NULL, NULL),
	(99, 'Jonathan Pryce', NULL, NULL, NULL),
	(100, 'Bob Hoskins', NULL, NULL, NULL),
	(101, 'Peter Vaughan', NULL, NULL, NULL),
	(102, 'Jim Broadbent', NULL, NULL, NULL),
	(103, 'Oliver Stone', NULL, NULL, NULL),
	(104, 'Charlie Sheen', NULL, NULL, NULL),
	(105, 'Tom Berenger', NULL, NULL, NULL),
	(106, 'Willem Dafoe', NULL, NULL, NULL),
	(107, 'Keith David', NULL, NULL, NULL),
	(108, 'Forest Whitaker', NULL, NULL, NULL),
	(109, 'Kevin Dillon', NULL, NULL, NULL),
	(110, 'John C. McGinley', NULL, NULL, NULL),
	(111, 'Johnny Depp', NULL, NULL, NULL),
	(112, 'Irvin Kershner', NULL, NULL, NULL),
	(113, 'Sean Connery', NULL, NULL, NULL),
	(114, 'Julian Glover', NULL, NULL, NULL),
	(115, 'River Phoenix', NULL, NULL, NULL),
	(116, 'Spike Lee', NULL, NULL, 164),
	(117, 'Giancarlo Esposito', NULL, NULL, NULL),
	(118, 'John Torturro', NULL, NULL, NULL),
	(119, 'Frankie Faison', NULL, NULL, NULL),
	(120, 'Bill Nunn', NULL, NULL, NULL),
	(121, 'Miguel Sandoval', NULL, NULL, NULL),
	(122, 'Ray Liotta', NULL, NULL, 175),
	(123, 'Jonathan Demme', NULL, NULL, NULL),
	(124, 'Thomas Harris', NULL, NULL, NULL),
	(125, 'Anthony Hopkins', NULL, NULL, NULL),
	(126, 'Scott Glenn', NULL, NULL, NULL),
	(127, 'Tom Hanks', NULL, NULL, NULL),
	(128, 'Denzel Washington', NULL, NULL, NULL),
	(129, 'Steven Zaillian', NULL, NULL, NULL),
	(130, 'Liam Neeson', NULL, NULL, NULL),
	(131, 'Ralph Fiennes', NULL, NULL, NULL),
	(132, 'Ben Kingsley', NULL, NULL, NULL),
	(133, 'Quentin Tarantino', NULL, NULL, NULL),
	(134, 'John Travolta', NULL, NULL, NULL),
	(135, 'Uma Thurman', NULL, NULL, NULL),
	(136, 'Samuel L. Jackson', NULL, NULL, NULL),
	(137, 'Tim Roth', NULL, NULL, NULL),
	(138, 'Bruce Willis', NULL, NULL, NULL),
	(139, 'Ving Rhames', NULL, NULL, NULL),
	(140, 'David Fincher', NULL, NULL, NULL),
	(141, 'Morgan Freeman', NULL, NULL, NULL),
	(142, 'Brad Pitt', NULL, NULL, NULL),
	(143, 'Kevin Spacey', NULL, NULL, NULL),
	(144, 'Gwyneth Paltrow', NULL, NULL, NULL),
	(145, 'John Lasseter', NULL, NULL, NULL),
	(146, 'Tim Allen', NULL, NULL, NULL),
	(147, 'Matt Damon', NULL, NULL, NULL),
	(148, 'Barry Pepper', NULL, NULL, NULL),
	(149, 'Vin Diesel', NULL, NULL, NULL),
	(150, 'Giovanni Ribisi', NULL, NULL, NULL),
	(151, 'Jeremy Davies', NULL, NULL, NULL),
	(152, 'Ted Danson', NULL, NULL, NULL),
	(153, 'Paul Giamatti', NULL, NULL, NULL),
	(154, 'Dennis Farina', NULL, NULL, NULL),
	(155, 'Lana Wachowski', NULL, NULL, NULL),
	(156, 'Lilly Wachowski', NULL, NULL, NULL),
	(157, 'Keanu Reeves', NULL, NULL, NULL),
	(158, 'Laurence Fishburne', NULL, NULL, NULL),
	(159, 'Carrie-Anne Moss', NULL, NULL, NULL),
	(160, 'Hugo Weaving', NULL, NULL, NULL),
	(161, 'Joe Pantoliano', NULL, NULL, NULL),
	(162, 'Hayao Miyazaki', NULL, NULL, NULL),
	(163, 'Ang Lee', NULL, NULL, NULL),
	(164, 'Yun-Fat Chow', NULL, NULL, NULL),
	(165, 'Michelle Yeoh', NULL, NULL, NULL),
	(166, 'Ziyi Zhang', NULL, NULL, NULL),
	(167, 'Michael Moore', NULL, NULL, NULL),
	(168, 'Fernando Meirelles', NULL, NULL, NULL),
	(169, 'Paul Haggis', NULL, NULL, NULL),
	(170, 'Don Cheadle', NULL, NULL, NULL),
	(171, 'Sandra Bullock', NULL, NULL, NULL),
	(172, 'Thandie Newton', NULL, NULL, NULL),
	(173, 'Matt Dillon', NULL, NULL, NULL),
	(174, 'William Fichtner', NULL, NULL, NULL),
	(175, 'Brendan Fraser', NULL, NULL, NULL),
	(176, 'Terrence Howard', NULL, NULL, NULL),
	(177, 'Chris Bridges', NULL, NULL, NULL),
	(178, 'Ryan Phillippe', NULL, NULL, NULL),
	(179, 'Shaun Taub', NULL, NULL, NULL),
	(180, 'Guillermo del Toro', NULL, NULL, NULL),
	(181, 'Doug Jones', NULL, NULL, NULL),
	(182, 'Christopher Nolan', NULL, NULL, NULL),
	(183, 'Jonathan Nolan', NULL, NULL, NULL),
	(184, 'David S. Goyer', NULL, NULL, NULL),
	(185, 'Christian Bale', NULL, NULL, NULL),
	(186, 'Heath Ledger', NULL, NULL, NULL),
	(187, 'Aaron Eckhart', NULL, NULL, NULL),
	(188, 'Michael Caine', NULL, NULL, NULL),
	(189, 'Maggie Gyllenhaal', NULL, NULL, NULL),
	(190, 'Gary Oldman', NULL, NULL, NULL),
	(191, 'James Cameron', NULL, NULL, NULL),
	(192, 'Sam Worthington', NULL, NULL, NULL),
	(193, 'Zoe Saldana', NULL, NULL, NULL),
	(194, 'Stephen Lang', NULL, NULL, NULL),
	(195, 'Michelle Rodriguez', NULL, NULL, NULL),
	(196, 'CCH Pounder', NULL, NULL, NULL),
	(197, 'Aaron Sorkin', NULL, NULL, NULL),
	(198, 'Jesse Eisenberg', NULL, NULL, NULL),
	(199, 'Andrew Garfield', NULL, NULL, NULL),
	(200, 'Justin Timberlake', NULL, NULL, NULL),
	(201, 'Rooney Mara', NULL, NULL, NULL),
	(202, 'Rashida Jones', NULL, NULL, NULL),
	(203, 'Armie Hammer', NULL, NULL, NULL),
	(204, 'Michael Peña', NULL, NULL, NULL),
	(205, 'Steve McQueen', '1930-03-23', '1980-11-06', 283),
	(206, 'Steve McQueen', '1969-10-07', NULL, 282),
	(207, 'Michael Fassbender', '1977-03-23', NULL, 286),
	(208, 'Charles Bronson', '1921-11-03', '2003-08-30', NULL),
	(209, 'Richard Attenborough', '1923-08-29', '2014-08-24', NULL);
/*!40000 ALTER TABLE `people` ENABLE KEYS */;

-- Dumping structure for table web-sovelluskehitys.related_genres
DROP TABLE IF EXISTS `related_genres`;
CREATE TABLE IF NOT EXISTS `related_genres` (
  `title_id` int(11) NOT NULL,
  `genre_id` int(11) NOT NULL,
  PRIMARY KEY (`title_id`,`genre_id`),
  KEY `genre_id` (`genre_id`),
  CONSTRAINT `related_genres_ibfk_1` FOREIGN KEY (`title_id`) REFERENCES `entertainment` (`id`),
  CONSTRAINT `related_genres_ibfk_2` FOREIGN KEY (`title_id`) REFERENCES `entertainment` (`id`),
  CONSTRAINT `related_genres_ibfk_3` FOREIGN KEY (`genre_id`) REFERENCES `genres` (`id`)
) ENGINE=InnoDB DEFAULT CHARSET=latin1;

-- Dumping data for table web-sovelluskehitys.related_genres: ~22 rows (approximately)
DELETE FROM `related_genres`;
/*!40000 ALTER TABLE `related_genres` DISABLE KEYS */;
INSERT INTO `related_genres` (`title_id`, `genre_id`) VALUES
	(1, 1),
	(2, 1),
	(7, 2),
	(66, 2),
	(67, 2),
	(68, 2),
	(1, 5),
	(3, 5),
	(66, 5),
	(6, 6),
	(2, 7),
	(5, 7),
	(6, 7),
	(7, 7),
	(5, 9),
	(67, 10),
	(4, 11),
	(7, 11),
	(66, 11),
	(67, 11),
	(68, 11),
	(3, 14),
	(4, 14),
	(68, 14),
	(2, 15),
	(3, 15),
	(4, 15),
	(6, 16);
/*!40000 ALTER TABLE `related_genres` ENABLE KEYS */;

-- Dumping structure for table web-sovelluskehitys.roles
DROP TABLE IF EXISTS `roles`;
CREATE TABLE IF NOT EXISTS `roles` (
  `name` varchar(250) NOT NULL,
  `work_id` int(11) NOT NULL,
  KEY `work_id` (`work_id`),
  CONSTRAINT `roles_ibfk_1` FOREIGN KEY (`work_id`) REFERENCES `works` (`id`)
) ENGINE=InnoDB DEFAULT CHARSET=latin1;

-- Dumping data for table web-sovelluskehitys.roles: ~2 rows (approximately)
DELETE FROM `roles`;
/*!40000 ALTER TABLE `roles` DISABLE KEYS */;
INSERT INTO `roles` (`name`, `work_id`) VALUES
	('Danny', 284),
	('Bartlett \'Big X\'', 285),
	('Edwin Epps', 286);
/*!40000 ALTER TABLE `roles` ENABLE KEYS */;

-- Dumping structure for table web-sovelluskehitys.types
DROP TABLE IF EXISTS `types`;
CREATE TABLE IF NOT EXISTS `types` (
  `id` int(11) NOT NULL AUTO_INCREMENT,
  `name` varchar(50) NOT NULL,
  PRIMARY KEY (`id`)
) ENGINE=InnoDB AUTO_INCREMENT=11 DEFAULT CHARSET=latin1;

-- Dumping data for table web-sovelluskehitys.types: ~10 rows (approximately)
DELETE FROM `types`;
/*!40000 ALTER TABLE `types` DISABLE KEYS */;
INSERT INTO `types` (`id`, `name`) VALUES
	(1, 'Feature Film'),
	(2, 'Short Film'),
	(3, 'Documentary'),
	(4, 'TV Series'),
	(5, 'TV Short'),
	(6, 'TV Movie'),
	(7, 'TV Special'),
	(8, 'Miniseries'),
	(9, 'Video'),
	(10, 'Video Game');
/*!40000 ALTER TABLE `types` ENABLE KEYS */;

-- Dumping structure for table web-sovelluskehitys.works
DROP TABLE IF EXISTS `works`;
CREATE TABLE IF NOT EXISTS `works` (
  `id` int(11) NOT NULL AUTO_INCREMENT,
  `person_id` int(11) NOT NULL,
  `title_id` int(11) NOT NULL,
  `job_id` int(11) NOT NULL,
  PRIMARY KEY (`id`),
  KEY `title_id` (`title_id`),
  KEY `job_id` (`job_id`),
  KEY `person_id` (`person_id`),
  CONSTRAINT `works_ibfk_1` FOREIGN KEY (`title_id`) REFERENCES `entertainment` (`id`),
  CONSTRAINT `works_ibfk_2` FOREIGN KEY (`job_id`) REFERENCES `jobs` (`id`),
  CONSTRAINT `works_ibfk_3` FOREIGN KEY (`person_id`) REFERENCES `people` (`id`)
) ENGINE=InnoDB AUTO_INCREMENT=287 DEFAULT CHARSET=latin1;

-- Dumping data for table web-sovelluskehitys.works: ~280 rows (approximately)
DELETE FROM `works`;
/*!40000 ALTER TABLE `works` DISABLE KEYS */;
INSERT INTO `works` (`id`, `person_id`, `title_id`, `job_id`) VALUES
	(1, 1, 1, 1),
	(2, 1, 1, 1),
	(3, 1, 1, 5),
	(4, 2, 2, 1),
	(5, 2, 2, 2),
	(6, 2, 2, 3),
	(7, 3, 4, 1),
	(8, 4, 5, 1),
	(9, 4, 5, 2),
	(10, 4, 5, 3),
	(11, 5, 5, 3),
	(12, 6, 6, 1),
	(13, 7, 6, 2),
	(14, 8, 6, 1),
	(15, 9, 7, 2),
	(16, 10, 8, 1),
	(17, 11, 9, 2),
	(18, 12, 9, 1),
	(19, 13, 9, 1),
	(20, 14, 10, 1),
	(21, 15, 10, 1),
	(22, 16, 11, 2),
	(23, 17, 11, 1),
	(24, 18, 12, 1),
	(25, 19, 12, 2),
	(26, 19, 12, 3),
	(27, 20, 12, 1),
	(28, 21, 13, 2),
	(29, 13, 13, 1),
	(30, 22, 14, 1),
	(31, 23, 14, 1),
	(32, 24, 16, 2),
	(33, 25, 16, 1),
	(34, 26, 16, 4),
	(35, 27, 15, 2),
	(36, 28, 15, 1),
	(37, 25, 17, 1),
	(38, 24, 17, 2),
	(39, 26, 17, 4),
	(40, 29, 18, 1),
	(41, 30, 18, 2),
	(42, 14, 19, 1),
	(43, 27, 20, 2),
	(44, 27, 20, 3),
	(45, 31, 21, 2),
	(46, 32, 22, 1),
	(47, 33, 22, 1),
	(48, 27, 23, 2),
	(49, 34, 23, 1),
	(50, 35, 24, 6),
	(51, 35, 24, 3),
	(52, 36, 24, 2),
	(53, 37, 24, 1),
	(54, 38, 24, 1),
	(55, 39, 24, 1),
	(56, 40, 24, 1),
	(57, 41, 24, 1),
	(58, 42, 24, 1),
	(59, 43, 25, 1),
	(60, 35, 25, 3),
	(61, 35, 25, 6),
	(62, 36, 25, 2),
	(63, 37, 25, 1),
	(64, 40, 25, 1),
	(65, 41, 25, 1),
	(66, 42, 25, 1),
	(67, 44, 26, 2),
	(68, 45, 26, 1),
	(69, 46, 26, 1),
	(70, 47, 27, 1),
	(71, 48, 27, 1),
	(72, 49, 27, 1),
	(73, 50, 27, 1),
	(74, 51, 27, 1),
	(75, 52, 27, 1),
	(76, 53, 28, 2),
	(77, 54, 28, 1),
	(78, 55, 28, 4),
	(79, 45, 29, 1),
	(80, 56, 29, 2),
	(81, 57, 29, 1),
	(82, 58, 30, 2),
	(83, 59, 30, 1),
	(84, 60, 30, 3),
	(85, 61, 30, 1),
	(86, 62, 30, 1),
	(87, 63, 30, 1),
	(88, 64, 31, 2),
	(89, 64, 31, 3),
	(90, 55, 31, 4),
	(91, 66, 31, 1),
	(92, 65, 31, 1),
	(93, 67, 31, 1),
	(94, 68, 31, 1),
	(95, 69, 31, 1),
	(96, 70, 32, 1),
	(97, 71, 33, 2),
	(98, 72, 33, 1),
	(99, 73, 33, 1),
	(100, 74, 33, 1),
	(101, 75, 33, 1),
	(102, 76, 34, 1),
	(103, 27, 34, 2),
	(104, 77, 34, 6),
	(105, 78, 35, 2),
	(106, 78, 35, 3),
	(107, 79, 35, 2),
	(108, 79, 35, 3),
	(109, 80, 35, 2),
	(110, 80, 35, 3),
	(111, 81, 35, 1),
	(112, 82, 35, 1),
	(113, 83, 35, 1),
	(114, 84, 36, 1),
	(115, 58, 36, 2),
	(116, 43, 36, 1),
	(117, 85, 37, 2),
	(118, 53, 38, 2),
	(119, 55, 38, 4),
	(120, 64, 38, 3),
	(121, 65, 38, 1),
	(122, 86, 38, 3),
	(123, 87, 38, 1),
	(124, 88, 38, 1),
	(125, 89, 38, 1),
	(126, 90, 39, 1),
	(127, 53, 39, 2),
	(128, 91, 39, 1),
	(129, 55, 39, 4),
	(130, 92, 40, 6),
	(131, 71, 40, 2),
	(132, 65, 40, 1),
	(133, 93, 40, 1),
	(134, 94, 40, 1),
	(135, 95, 40, 1),
	(136, 96, 40, 1),
	(137, 97, 40, 1),
	(138, 98, 40, 1),
	(139, 99, 41, 1),
	(140, 50, 41, 2),
	(141, 100, 41, 1),
	(142, 101, 41, 1),
	(143, 102, 41, 1),
	(144, 103, 42, 2),
	(145, 103, 42, 3),
	(146, 104, 42, 1),
	(147, 105, 42, 1),
	(148, 106, 42, 1),
	(149, 107, 42, 1),
	(150, 108, 42, 1),
	(151, 109, 42, 1),
	(152, 110, 42, 1),
	(153, 111, 42, 1),
	(154, 58, 43, 2),
	(155, 106, 43, 1),
	(156, 112, 43, 1),
	(157, 53, 43, 2),
	(158, 64, 44, 3),
	(159, 65, 44, 1),
	(160, 87, 44, 1),
	(161, 113, 44, 1),
	(162, 114, 44, 1),
	(163, 115, 44, 1),
	(164, 116, 45, 2),
	(165, 116, 45, 3),
	(166, 116, 45, 1),
	(167, 117, 45, 1),
	(168, 118, 45, 1),
	(169, 119, 45, 1),
	(170, 120, 45, 1),
	(171, 121, 45, 1),
	(172, 43, 46, 1),
	(173, 58, 46, 2),
	(174, 84, 46, 1),
	(175, 122, 46, 1),
	(176, 123, 47, 2),
	(177, 124, 47, 6),
	(178, 125, 47, 1),
	(179, 59, 47, 1),
	(180, 119, 47, 1),
	(181, 126, 47, 1),
	(182, 123, 49, 2),
	(183, 127, 49, 1),
	(184, 128, 49, 1),
	(185, 129, 48, 3),
	(186, 53, 48, 2),
	(187, 130, 48, 1),
	(188, 55, 48, 4),
	(189, 131, 48, 1),
	(190, 132, 48, 1),
	(191, 62, 50, 1),
	(192, 133, 50, 2),
	(193, 133, 50, 3),
	(194, 134, 50, 1),
	(195, 135, 50, 1),
	(196, 136, 50, 1),
	(197, 137, 50, 1),
	(198, 138, 50, 1),
	(199, 139, 50, 1),
	(200, 140, 51, 2),
	(201, 141, 51, 1),
	(202, 142, 51, 1),
	(203, 143, 51, 1),
	(204, 144, 51, 1),
	(205, 145, 52, 2),
	(206, 145, 52, 3),
	(207, 127, 52, 1),
	(208, 146, 52, 1),
	(209, 53, 53, 2),
	(210, 55, 53, 4),
	(211, 127, 53, 1),
	(212, 147, 53, 1),
	(213, 148, 53, 1),
	(214, 149, 53, 1),
	(215, 150, 53, 1),
	(216, 151, 53, 1),
	(217, 152, 53, 1),
	(218, 153, 53, 1),
	(219, 154, 53, 1),
	(220, 155, 54, 2),
	(221, 156, 54, 2),
	(222, 155, 54, 3),
	(223, 156, 54, 3),
	(224, 157, 54, 1),
	(225, 158, 54, 1),
	(226, 159, 54, 1),
	(227, 160, 54, 1),
	(228, 161, 54, 1),
	(229, 162, 56, 2),
	(230, 162, 56, 3),
	(231, 163, 55, 2),
	(232, 164, 55, 1),
	(233, 165, 55, 1),
	(234, 166, 55, 1),
	(235, 167, 57, 2),
	(236, 167, 57, 3),
	(237, 168, 58, 2),
	(238, 169, 59, 2),
	(239, 169, 59, 3),
	(240, 170, 59, 1),
	(241, 171, 59, 1),
	(242, 172, 59, 1),
	(243, 173, 59, 1),
	(244, 174, 59, 1),
	(245, 175, 59, 1),
	(246, 176, 59, 1),
	(247, 177, 59, 1),
	(248, 178, 59, 1),
	(249, 179, 59, 1),
	(250, 204, 59, 1),
	(251, 180, 60, 2),
	(252, 181, 60, 1),
	(253, 174, 61, 1),
	(254, 182, 61, 2),
	(255, 182, 61, 3),
	(256, 183, 61, 3),
	(257, 184, 61, 3),
	(258, 185, 61, 1),
	(259, 186, 61, 1),
	(260, 187, 61, 1),
	(261, 188, 61, 1),
	(262, 189, 61, 1),
	(263, 190, 61, 1),
	(264, 191, 62, 2),
	(265, 191, 62, 3),
	(266, 150, 62, 1),
	(267, 192, 62, 1),
	(268, 193, 62, 1),
	(269, 194, 62, 1),
	(270, 195, 62, 1),
	(271, 196, 62, 1),
	(272, 72, 62, 1),
	(273, 140, 63, 2),
	(274, 197, 63, 3),
	(275, 198, 63, 1),
	(276, 199, 63, 1),
	(277, 200, 63, 1),
	(278, 201, 63, 1),
	(279, 202, 63, 1),
	(280, 203, 63, 1),
	(281, 58, 30, 2),
	(282, 206, 64, 2),
	(283, 205, 65, 1),
	(284, 208, 65, 1),
	(285, 209, 65, 1),
	(286, 207, 64, 1);
/*!40000 ALTER TABLE `works` ENABLE KEYS */;

/*!40101 SET SQL_MODE=IFNULL(@OLD_SQL_MODE, '') */;
/*!40014 SET FOREIGN_KEY_CHECKS=IF(@OLD_FOREIGN_KEY_CHECKS IS NULL, 1, @OLD_FOREIGN_KEY_CHECKS) */;
/*!40101 SET CHARACTER_SET_CLIENT=@OLD_CHARACTER_SET_CLIENT */;
