SET statement_timeout = 0;
SET lock_timeout = 0;
SET idle_in_transaction_session_timeout = 0;
SET client_encoding = 'UTF8';
SET standard_conforming_strings = on;
SELECT pg_catalog.set_config('search_path', '', false);
SET check_function_bodies = false;
SET xmloption = content;
SET client_min_messages = warning;
SET row_security = off;

DROP DATABASE universe;


CREATE DATABASE universe WITH TEMPLATE = template0 ENCODING = 'UTF8' LC_COLLATE = 'C.UTF-8' LC_CTYPE = 'C.UTF-8';


ALTER DATABASE universe OWNER TO freecodecamp;

\connect universe

SET statement_timeout = 0;
SET lock_timeout = 0;
SET idle_in_transaction_session_timeout = 0;
SET client_encoding = 'UTF8';
SET standard_conforming_strings = on;
SELECT pg_catalog.set_config('search_path', '', false);
SET check_function_bodies = false;
SET xmloption = content;
SET client_min_messages = warning;
SET row_security = off;

SET default_tablespace = '';

SET default_table_access_method = heap;


CREATE TABLE public.galaxy (
    galaxy_id integer NOT NULL,
    name character varying(30) NOT NULL,
    age_in_millions_of_years numeric(4,1) NOT NULL,
    distance_from_earth_millions_of_km numeric(4,1) NOT NULL,
    galaxy_types_id integer NOT NULL,
    number_of_stars integer DEFAULT 0 NOT NULL
);


ALTER TABLE public.galaxy OWNER TO freecodecamp;

CREATE SEQUENCE public.galaxy_galaxy_id_seq
    AS integer
    START WITH 1
    INCREMENT BY 1
    NO MINVALUE
    NO MAXVALUE
    CACHE 1;


ALTER TABLE public.galaxy_galaxy_id_seq OWNER TO freecodecamp;



ALTER SEQUENCE public.galaxy_galaxy_id_seq OWNED BY public.galaxy.galaxy_id;




CREATE TABLE public.galaxy_types (
    galaxy_types_id integer NOT NULL,
    name character varying(30) NOT NULL,
    description text
);


ALTER TABLE public.galaxy_types OWNER TO freecodecamp;



CREATE SEQUENCE public.galaxy_types_galaxy_types_id_seq
    AS integer
    START WITH 1
    INCREMENT BY 1
    NO MINVALUE
    NO MAXVALUE
    CACHE 1;


ALTER TABLE public.galaxy_types_galaxy_types_id_seq OWNER TO freecodecamp;


ALTER SEQUENCE public.galaxy_types_galaxy_types_id_seq OWNED BY public.galaxy_types.galaxy_types_id;


--
-- Name: moon; Type: TABLE; Schema: public; Owner: freecodecamp
--

CREATE TABLE public.moon (
    moon_id integer NOT NULL,
    name character varying(30) NOT NULL,
    description text,
    planet_id integer NOT NULL,
    distance_from_planet_km numeric(4,1) DEFAULT 0 NOT NULL
);


ALTER TABLE public.moon OWNER TO freecodecamp;

--
-- Name: moon_moon_id_seq; Type: SEQUENCE; Schema: public; Owner: freecodecamp
--

CREATE SEQUENCE public.moon_moon_id_seq
    AS integer
    START WITH 1
    INCREMENT BY 1
    NO MINVALUE
    NO MAXVALUE
    CACHE 1;


ALTER TABLE public.moon_moon_id_seq OWNER TO freecodecamp;

--
-- Name: moon_moon_id_seq; Type: SEQUENCE OWNED BY; Schema: public; Owner: freecodecamp
--

ALTER SEQUENCE public.moon_moon_id_seq OWNED BY public.moon.moon_id;



CREATE TABLE public.planet (
    planet_id integer NOT NULL,
    name character varying(30) NOT NULL,
    has_life boolean NOT NULL,
    is_spherical boolean NOT NULL,
    planet_types_id integer NOT NULL,
    star_id integer,
    number_of_moons integer DEFAULT 0 NOT NULL
);


ALTER TABLE public.planet OWNER TO freecodecamp;

-

CREATE SEQUENCE public.planet_planet_id_seq
    AS integer
    START WITH 1
    INCREMENT BY 1
    NO MINVALUE
    NO MAXVALUE
    CACHE 1;


ALTER TABLE public.planet_planet_id_seq OWNER TO freecodecamp;


ALTER SEQUENCE public.planet_planet_id_seq OWNED BY public.planet.planet_id;



CREATE TABLE public.planet_types (
    planet_types_id integer NOT NULL,
    name character varying(30) NOT NULL,
    description text
);


ALTER TABLE public.planet_types OWNER TO freecodecamp;

CREATE SEQUENCE public.planet_types_planet_types_id_seq
    AS integer
    START WITH 1
    INCREMENT BY 1
    NO MINVALUE
    NO MAXVALUE
    CACHE 1;


ALTER TABLE public.planet_types_planet_types_id_seq OWNER TO freecodecamp;


ALTER SEQUENCE public.planet_types_planet_types_id_seq OWNED BY public.planet_types.planet_types_id;


CREATE TABLE public.star (
    star_id integer NOT NULL,
    name character varying(30) NOT NULL,
    description text,
    galaxy_id integer NOT NULL,
    number_of_planets integer DEFAULT 0
);


ALTER TABLE public.star OWNER TO freecodecamp;


CREATE SEQUENCE public.star_star_id_seq
    AS integer
    START WITH 1
    INCREMENT BY 1
    NO MINVALUE
    NO MAXVALUE
    CACHE 1;


ALTER TABLE public.star_star_id_seq OWNER TO freecodecamp;


ALTER SEQUENCE public.star_star_id_seq OWNED BY public.star.star_id;


ALTER TABLE ONLY public.galaxy ALTER COLUMN galaxy_id SET DEFAULT nextval('public.galaxy_galaxy_id_seq'::regclass);


ALTER TABLE ONLY public.galaxy_types ALTER COLUMN galaxy_types_id SET DEFAULT nextval('public.galaxy_types_galaxy_types_id_seq'::regclass);

ALTER TABLE ONLY public.moon ALTER COLUMN moon_id SET DEFAULT nextval('public.moon_moon_id_seq'::regclass);

ALTER TABLE ONLY public.planet ALTER COLUMN planet_id SET DEFAULT nextval('public.planet_planet_id_seq'::regclass);

ALTER TABLE ONLY public.planet_types ALTER COLUMN planet_types_id SET DEFAULT nextval('public.planet_types_planet_types_id_seq'::regclass);

ALTER TABLE ONLY public.star ALTER COLUMN star_id SET DEFAULT nextval('public.star_star_id_seq'::regclass);

INSERT INTO public.galaxy VALUES (1, 'Milky Way', 540.5, 160.0, 2, 0);
INSERT INTO public.galaxy VALUES (2, 'Large Magellanic Cloud', 54.6, 160.0, 1, 0);
INSERT INTO public.galaxy VALUES (3, 'Small Magellanic Cloud ', 660.0, 200.0, 3, 0);
INSERT INTO public.galaxy VALUES (4, 'Andromeda Galaxy', 30.4, 770.0, 4, 0);
INSERT INTO public.galaxy VALUES (5, 'Triangulum Galaxy', 50.7, 890.0, 5, 0);
INSERT INTO public.galaxy VALUES (6, 'Centaurus A', 60.8, 40.2, 6, 0);



INSERT INTO public.galaxy_types VALUES (1, 'Elliptical', NULL);
INSERT INTO public.galaxy_types VALUES (2, 'Spiral', NULL);
INSERT INTO public.galaxy_types VALUES (3, 'Irregular', NULL);
INSERT INTO public.galaxy_types VALUES (4, 'ESO 325-G004', NULL);
INSERT INTO public.galaxy_types VALUES (5, 'M101', NULL);
INSERT INTO public.galaxy_types VALUES (6, 'MGC 1965', NULL);


INSERT INTO public.moon VALUES (1, 'Moon', NULL, 3, 0.0);
INSERT INTO public.moon VALUES (2, 'Phobos', NULL, 4, 0.0);
INSERT INTO public.moon VALUES (3, 'Deimos', NULL, 4, 0.0);
INSERT INTO public.moon VALUES (4, 'Amalthea', NULL, 4, 0.0);
INSERT INTO public.moon VALUES (5, 'Io', NULL, 4, 0.0);
INSERT INTO public.moon VALUES (6, 'Europa', NULL, 5, 0.0);
INSERT INTO public.moon VALUES (7, 'Ganymede', NULL, 5, 0.0);
INSERT INTO public.moon VALUES (8, 'Callisto', NULL, 5, 0.0);
INSERT INTO public.moon VALUES (9, 'Himalia', NULL, 5, 0.0);
INSERT INTO public.moon VALUES (10, 'Pan', NULL, 5, 0.0);
INSERT INTO public.moon VALUES (11, 'Atlas', NULL, 5, 0.0);
INSERT INTO public.moon VALUES (12, 'Prometheus', NULL, 5, 0.0);
INSERT INTO public.moon VALUES (13, 'Enceladus', NULL, 6, 0.0);
INSERT INTO public.moon VALUES (14, 'Tethys', NULL, 6, 0.0);
INSERT INTO public.moon VALUES (15, 'Dione', NULL, 6, 0.0);
INSERT INTO public.moon VALUES (16, 'Rhea', NULL, 6, 0.0);
INSERT INTO public.moon VALUES (17, 'Titan', NULL, 6, 0.0);
INSERT INTO public.moon VALUES (18, 'Hyperion', NULL, 6, 0.0);
INSERT INTO public.moon VALUES (19, 'Umbriel', NULL, 7, 0.0);
INSERT INTO public.moon VALUES (20, 'Titania', NULL, 7, 0.0);
INSERT INTO public.moon VALUES (21, 'Triton', NULL, 8, 0.0);
INSERT INTO public.moon VALUES (22, 'Kerberos', NULL, 2, 0.0);


INSERT INTO public.planet VALUES (1, 'Mercury', false, true, 1, 2, 0);
INSERT INTO public.planet VALUES (2, 'Venus', false, false, 2, 2, 0);
INSERT INTO public.planet VALUES (3, 'Earth', true, true, 4, 2, 0);
INSERT INTO public.planet VALUES (4, 'Mars', false, false, 5, 2, 0);
INSERT INTO public.planet VALUES (5, 'Jupiter', false, true, 7, 3, 0);
INSERT INTO public.planet VALUES (6, 'Saturn', false, true, 7, 3, 0);
INSERT INTO public.planet VALUES (7, 'Uranus', false, false, 6, 3, 0);
INSERT INTO public.planet VALUES (8, 'Neptune', false, false, 6, 3, 0);
INSERT INTO public.planet VALUES (9, '14 Andromedae b', false, false, 4, 6, 0);
INSERT INTO public.planet VALUES (10, '18 Delphini b', false, false, 3, 6, 0);
INSERT INTO public.planet VALUES (11, '42 Draconis b', false, false, 4, 6, 0);
INSERT INTO public.planet VALUES (12, '47 Ursae Majoris b', false, false, 2, 6, 0);


INSERT INTO public.planet_types VALUES (1, 'Circumbinary planet', 'An exoplanet that orbits two stars.
');
INSERT INTO public.planet_types VALUES (2, 'Double planet', 'Also known as a binary planet. Two planetary-mass objects orbiting each other.');
INSERT INTO public.planet_types VALUES (4, 'Exoplanet', 'A planet that does not orbit the Sun, but a different star, a stellar remnant, or a brown dwarf.
');
INSERT INTO public.planet_types VALUES (5, 'Extragalactic planet', 'An exoplanet outside the Milky Way.
');
INSERT INTO public.planet_types VALUES (6, 'Goldilocks planet', 'A planet with an orbit that falls within the star''s habitable zone.');
INSERT INTO public.planet_types VALUES (7, 'Hot Jupiter', 'A class of extrasolar planets whose characteristics are similar to Jupiter.');
INSERT INTO public.planet_types VALUES (3, 'Eccentric Jupiter', 'A gas giant that orbits its star in a eccentric orbit');


INSERT INTO public.star VALUES (1, 'Lynx', NULL, 1, 0);
INSERT INTO public.star VALUES (2, 'Eridanus', NULL, 2, 0);
INSERT INTO public.star VALUES (3, 'Cassiopeia', NULL, 3, 0);
INSERT INTO public.star VALUES (4, 'Scorpius', NULL, 4, 0);
INSERT INTO public.star VALUES (5, 'Crux', NULL, 5, 0);
INSERT INTO public.star VALUES (6, 'Leo', NULL, 6, 0);


SELECT pg_catalog.setval('public.galaxy_galaxy_id_seq', 6, true);


SELECT pg_catalog.setval('public.galaxy_types_galaxy_types_id_seq', 6, true);


SELECT pg_catalog.setval('public.moon_moon_id_seq', 22, true);


SELECT pg_catalog.setval('public.planet_planet_id_seq', 12, true);

SELECT pg_catalog.setval('public.planet_types_planet_types_id_seq', 7, true);


SELECT pg_catalog.setval('public.star_star_id_seq', 6, true);



ALTER TABLE ONLY public.galaxy
    ADD CONSTRAINT galaxy_name_key UNIQUE (name);



ALTER TABLE ONLY public.galaxy
    ADD CONSTRAINT galaxy_pkey PRIMARY KEY (galaxy_id);



ALTER TABLE ONLY public.galaxy_types
    ADD CONSTRAINT galaxy_types_name_key UNIQUE (name);



ALTER TABLE ONLY public.galaxy_types
    ADD CONSTRAINT galaxy_types_pkey PRIMARY KEY (galaxy_types_id);



ALTER TABLE ONLY public.moon
    ADD CONSTRAINT moon_name_key UNIQUE (name);


ALTER TABLE ONLY public.moon
    ADD CONSTRAINT moon_pkey PRIMARY KEY (moon_id);

-

ALTER TABLE ONLY public.planet
    ADD CONSTRAINT planet_name_key UNIQUE (name);



ALTER TABLE ONLY public.planet
    ADD CONSTRAINT planet_pkey PRIMARY KEY (planet_id);


--
-- Name: planet_types planet_types_name_key; Type: CONSTRAINT; Schema: public; Owner: freecodecamp
--

ALTER TABLE ONLY public.planet_types
    ADD CONSTRAINT planet_types_name_key UNIQUE (name);


--
-- Name: planet_types planet_types_pkey; Type: CONSTRAINT; Schema: public; Owner: freecodecamp
--

ALTER TABLE ONLY public.planet_types
    ADD CONSTRAINT planet_types_pkey PRIMARY KEY (planet_types_id);


--
-- Name: star star_name_key; Type: CONSTRAINT; Schema: public; Owner: freecodecamp
--

ALTER TABLE ONLY public.star
    ADD CONSTRAINT star_name_key UNIQUE (name);


--
-- Name: star star_pkey; Type: CONSTRAINT; Schema: public; Owner: freecodecamp
--

ALTER TABLE ONLY public.star
    ADD CONSTRAINT star_pkey PRIMARY KEY (star_id);


--
-- Name: galaxy galaxy_galaxy_type_id_fkey; Type: FK CONSTRAINT; Schema: public; Owner: freecodecamp
--

ALTER TABLE ONLY public.galaxy
    ADD CONSTRAINT galaxy_galaxy_type_id_fkey FOREIGN KEY (galaxy_types_id) REFERENCES public.galaxy_types(galaxy_types_id);


--
-- Name: moon moon_planet_id_fkey; Type: FK CONSTRAINT; Schema: public; Owner: freecodecamp
--

ALTER TABLE ONLY public.moon
    ADD CONSTRAINT moon_planet_id_fkey FOREIGN KEY (planet_id) REFERENCES public.planet(planet_id);
--
-- Name: planet planet_planet_type_id_fkey; Type: FK CONSTRAINT; Schema: public; Owner: freecodecamp
--

ALTER TABLE ONLY public.planet
    ADD CONSTRAINT planet_planet_type_id_fkey FOREIGN KEY (planet_types_id) REFERENCES public.planet_types(planet_types_id);


--
-- Name: planet planet_star_id_fkey; Type: FK CONSTRAINT; Schema: public; Owner: freecodecamp
--

ALTER TABLE ONLY public.planet
    ADD CONSTRAINT planet_star_id_fkey FOREIGN KEY (star_id) REFERENCES public.star(star_id);


--
-- Name: star star_galaxy_id_fkey; Type: FK CONSTRAINT; Schema: public; Owner: freecodecamp
--

ALTER TABLE ONLY public.star
    ADD CONSTRAINT star_galaxy_id_fkey FOREIGN KEY (galaxy_id) REFERENCES public.galaxy(galaxy_id);


--
-- PostgreSQL database dump complete
--
