
/* inserting data  */
insert  into productline(productline,textdescription,htmldescription,image) values 
('classic cars','attention car enthusiasts: make your wildest car ownership dreams come true. whether you are looking for classic muscle cars, dream sports cars or movie-inspired miniatures, you will find great choices in this category. these replicas feature superb attention to detail and craftsmanship and offer features such as working steering system, opening forward compartment, opening rear trunk with removable spare wheel, 4-wheel independent spring suspension, and so on. the models range in size from 1:10 to 1:24 scale and include numerous limited edition and several out-of-production vehicles. all models include a certificate of authenticity from their manufacturers and come fully assembled and ready for display in the home or office.',null,null),('motorcycles','our motorcycles are state of the art replicas of classic as well as contemporary motorcycle legends such as harley davidson, ducati and vespa. models contain stunning details such as official logos, rotating wheels, working kickstand, front suspension, gear-shift lever, footbrake lever, and drive chain. materials used include diecast and plastic. the models range in size from 1:10 to 1:50 scale and include numerous limited edition and several out-of-production vehicles. all models come fully assembled and ready for display in the home or office. most include a certificate of authenticity.',null,null),('planes','unique, diecast airplane and helicopter replicas suitable for collections, as well as home, office or classroom decorations. models contain stunning details such as official logos and insignias, rotating jet engines and propellers, retractable wheels, and so on. most come fully assembled and with a certificate of authenticity from their manufacturers.',null,null),('ships','the perfect holiday or anniversary gift for executives, clients, friends, and family. these handcrafted model ships are unique, stunning works of art that will be treasured for generations! they come fully assembled and ready for display in the home or office. we guarantee the highest quality, and best value.',null,null),('trains','model trains are a rewarding hobby for enthusiasts of all ages. whether you\'re looking for collectible wooden trains, electric streetcars or locomotives, you\'ll find a number of great choices for any budget within this category. the interactive aspect of trains makes toy trains perfect for young children. the wooden train sets are ideal for children under the age of 5.',null,null),('trucks and buses','the truck and bus models are realistic replicas of buses and specialized trucks produced from the early 1920s to present. the models range in size from 1:12 to 1:50 scale and include numerous limited edition and several out-of-production vehicles. materials used include tin, diecast and plastic. all models include a certificate of authenticity from their manufacturers and are a perfect ornament for the home and office.',null,null),('vintage cars','our vintage car models realistically portray automobiles produced from the early 1900s through the 1940s. materials used include bakelite, diecast, plastic and wood. most of the replicas are in the 1:18 and 1:24 scale sizes, which provide the optimum in detail and accuracy. prices range from $30.00 up to $180.00 for some special limited edition replicas. all models include a certificate of authenticity from their manufacturers and come fully assembled and ready for display in the home or office.',null,null);

insert  into product(productcode,productname,productline,productcale,productvendor,productdescription,quantityinstock,buyprice,msrp) values 
('s10_1678','1969 harley davidson ultimate chopper','motorcycles','1:10','min lin diecast','this replica features working kickstand, front suspension, gear-shift lever, footbrake lever, drive chain, wheels and steering. all parts are particularly delicate due to their precise scale and require special care and attention.',7933,'48.81','95.70'),('s10_1949','1952 alpine renault 1300','classic cars','1:10','classic metal creations','turnable front wheels; steering function; detailed interior; detailed engine; opening hood; opening trunk; opening doors; and detailed chassis.',7305,'98.58','214.30'),('s10_2016','1996 moto guzzi 1100i','motorcycles','1:10','highway 66 mini classics','official moto guzzi logos and insignias, saddle bags located on side of motorcycle, detailed engine, working steering, working suspension, two leather seats, luggage rack, dual exhaust pipes, small saddle bag located on handle bars, two-tone paint with chrome accents, superior die-cast detail , rotating wheels , working kick stand, diecast metal with plastic parts and baked enamel finish.',6625,'68.99','118.94'),('s10_4698','2003 harley-davidson eagle drag bike','motorcycles','1:10','red start diecast','model features, official harley davidson logos and insignias, detachable rear wheelie bar, heavy diecast metal with resin parts, authentic multi-color tampo-printed graphics, separate engine drive belts, free-turning front fork, rotating tires and rear racing slick, certificate of authenticity, detailed engine, display stand\r\n, precision diecast replica, baked enamel finish, 1:10 scale model, removable fender, seat and tank cover piece for displaying the superior detail of the v-twin engine',5582,'91.02','193.66'),('s10_4757','1972 alfa romeo gta','classic cars','1:10','motor city art classics','features include: turnable front wheels; steering function; detailed interior; detailed engine; opening hood; opening trunk; opening doors; and detailed chassis.',3252,'85.68','136.00'),('s10_4962','1962 lanciaa delta 16v','classic cars','1:10','second gear diecast','features include: turnable front wheels; steering function; detailed interior; detailed engine; opening hood; opening trunk; opening doors; and detailed chassis.',6791,'103.42','147.74'),('s12_1099','1968 ford mustang','classic cars','1:12','autoart studio design','hood, doors and trunk all open to reveal highly detailed interior features. steering wheel actually turns the front wheels. color dark green.',68,'95.34','194.57'),('s12_1108','2001 ferrari enzo','classic cars','1:12','second gear diecast','turnable front wheels; steering function; detailed interior; detailed engine; opening hood; opening trunk; opening doors; and detailed chassis.',3619,'95.59','207.80'),('s12_1666','1958 setra bus','trucks and buses','1:12','welly diecast productions','model features 30 windows, skylights & glare resistant glass, working steering system, original logos',1579,'77.90','136.67'),('s12_2823','2002 suzuki xreo','motorcycles','1:12','unimax art galleries','official logos and insignias, saddle bags located on side of motorcycle, detailed engine, working steering, working suspension, two leather seats, luggage rack, dual exhaust pipes, small saddle bag located on handle bars, two-tone paint with chrome accents, superior die-cast detail , rotating wheels , working kick stand, diecast metal with plastic parts and baked enamel finish.',9997,'66.27','150.62'),('s12_3148','1969 corvair monza','classic cars','1:18','welly diecast productions','1:18 scale die-cast about 10\" long doors open, hood opens, trunk opens and wheels roll',6906,'89.14','151.08'),('s12_3380','1968 dodge charger','classic cars','1:12','welly diecast productions','1:12 scale model of a 1968 dodge charger. hood, doors and trunk all open to reveal highly detailed interior features. steering wheel actually turns the front wheels. color black',9123,'75.16','117.44'),('s12_3891','1969 ford falcon','classic cars','1:12','second gear diecast','turnable front wheels; steering function; detailed interior; detailed engine; opening hood; opening trunk; opening doors; and detailed chassis.',1049,'83.05','173.02'),('s12_3990','1970 plymouth hemi cuda','classic cars','1:12','studio m art models','very detailed 1970 plymouth cuda model in 1:12 scale. the cuda is generally accepted as one of the fastest original muscle cars from the 1970s. this model is a reproduction of one of the orginal 652 cars built in 1970. red color.',5663,'31.92','79.80'),('s12_4473','1957 chevy pickup','trucks and buses','1:12','exoto designs','1:12 scale die-cast about 20\" long hood opens, rubber wheels',6125,'55.70','118.50'),('s12_4675','1969 dodge charger','classic cars','1:12','welly diecast productions','detailed model of the 1969 dodge charger. this model includes finely detailed interior and exterior features. painted in red and white.',7323,'58.73','115.16'),('s18_1097','1940 ford pickup truck','trucks and buses','1:18','studio m art models','this model features soft rubber tires, working steering, rubber mud guards, authentic ford logos, detailed undercarriage, opening doors and hood,  removable split rear gate, full size spare mounted in bed, detailed interior with opening glove box',2613,'58.33','116.67'),('s18_1129','1993 mazda rx-7','classic cars','1:18','highway 66 mini classics','this model features, opening hood, opening doors, detailed engine, rear spoiler, opening trunk, working steering, tinted windows, baked enamel finish. color red.',3975,'83.51','141.54'),('s18_1342','1937 lincoln berline','vintage cars','1:18','motor city art classics','features opening engine cover, doors, trunk, and fuel filler cap. color black',8693,'60.62','102.74'),('s18_1367','1936 mercedes-benz 500k special roadster','vintage cars','1:18','studio m art models','this 1:18 scale replica is constructed of heavy die-cast metal and has all the features of the original: working doors and rumble seat, independent spring suspension, detailed interior, working steering system, and a bifold hood that reveals an engine so accurate that it even includes the wiring. all this is topped off with a baked enamel finish. color white.',8635,'24.26','53.91'),('s18_1589','1965 aston martin db5','classic cars','1:18','classic metal creations','die-cast model of the silver 1965 aston martin db5 in silver. this model includes full wire wheels and doors that open with fully detailed passenger compartment. in 1:18 scale, this model measures approximately 10 inches/20 cm long.',9042,'65.96','124.44'),('s18_1662','1980s black hawk helicopter','planes','1:18','red start diecast','1:18 scale replica of actual army\'s uh-60l black hawk helicopter. 100% hand-assembled. features rotating rotor blades, propeller blades and rubber wheels.',5330,'77.27','157.69'),('s18_1749','1917 grand touring sedan','vintage cars','1:18','welly diecast productions','this 1:18 scale replica of the 1917 grand touring car has all the features you would expect from museum quality reproductions: all four doors and bi-fold hood opening, detailed engine and instrument panel, chrome-look trim, and tufted upholstery, all topped off with a factory baked-enamel finish.',2724,'86.70','170.00'),('s18_1889','1948 porsche 356-a roadster','classic cars','1:18','gearbox collectibles','this precision die-cast replica features opening doors, superb detail and craftsmanship, working steering system, opening forward compartment, opening rear trunk with removable spare, 4 wheel independent spring suspension as well as factory baked enamel finish.',8826,'53.90','77.00'),('s18_1984','1995 honda civic','classic cars','1:18','min lin diecast','this model features, opening hood, opening doors, detailed engine, rear spoiler, opening trunk, working steering, tinted windows, baked enamel finish. color yellow.',9772,'93.89','142.25'),('s18_2238','1998 chrysler plymouth prowler','classic cars','1:18','gearbox collectibles','turnable front wheels; steering function; detailed interior; detailed engine; opening hood; opening trunk; opening doors; and detailed chassis.',4724,'101.51','163.73'),('s18_2248','1911 ford town car','vintage cars','1:18','motor city art classics','features opening hood, opening doors, opening trunk, wide white wall tires, front door arm rests, working steering system.',540,'33.30','60.54'),('s18_2319','1964 mercedes tour bus','trucks and buses','1:18','unimax art galleries','exact replica. 100+ parts. working steering system, original logos',8258,'74.86','122.73'),('s18_2325','1932 model a ford j-coupe','vintage cars','1:18','autoart studio design','this model features grille-mounted chrome horn, lift-up louvered hood, fold-down rumble seat, working steering system, chrome-covered spare, opening doors, detailed and wired engine',9354,'58.48','127.13'),('s18_2432','1926 ford fire engine','trucks and buses','1:18','carousel diecast legends','gleaming red handsome appearance. everything is here the fire hoses, ladder, axes, bells, lanterns, ready to fight any inferno.',2018,'24.92','60.77'),('s18_2581','p-51-d mustang','planes','1:72','gearbox collectibles','has retractable wheels and comes with a stand',992,'49.00','84.48'),('s18_2625','1936 harley davidson el knucklehead','motorcycles','1:18','welly diecast productions','intricately detailed with chrome accents and trim, official die-struck logos and baked enamel finish.',4357,'24.23','60.57'),('s18_2795','1928 mercedes-benz ssk','vintage cars','1:18','gearbox collectibles','this 1:18 replica features grille-mounted chrome horn, lift-up louvered hood, fold-down rumble seat, working steering system, chrome-covered spare, opening doors, detailed and wired engine. color black.',548,'72.56','168.75'),('s18_2870','1999 indy 500 monte carlo ss','classic cars','1:18','red start diecast','features include opening and closing doors. color: red',8164,'56.76','132.00'),('s18_2949','1913 ford model t speedster','vintage cars','1:18','carousel diecast legends','this 250 part reproduction includes moving handbrakes, clutch, throttle and foot pedals, squeezable horn, detailed wired engine, removable water, gas, and oil cans, pivoting monocle windshield, all topped with a baked enamel red finish. each replica comes with an owners title and certificate of authenticity. color red.',4189,'60.78','101.31'),('s18_2957','1934 ford v8 coupe','vintage cars','1:18','min lin diecast','chrome trim, chrome grille, opening hood, opening doors, opening trunk, detailed engine, working steering system',5649,'34.35','62.46'),('s18_3029','1999 yamaha speed boat','ships','1:18','min lin diecast','exact replica. wood and metal. many extras including rigging, long boats, pilot house, anchors, etc. comes with three masts, all square-rigged.',4259,'51.61','86.02'),('s18_3136','18th century vintage horse carriage','vintage cars','1:18','red start diecast','hand crafted diecast-like metal horse carriage is re-created in about 1:18 scale of antique horse carriage. this antique style metal stagecoach is all hand-assembled with many different parts.\r\n\r\nthis collectible metal horse carriage is painted in classic red, and features turning steering wheel and is entirely hand-finished.',5992,'60.74','104.72'),('s18_3140','1903 ford model a','vintage cars','1:18','unimax art galleries','features opening trunk,  working steering system',3913,'68.30','136.59'),('s18_3232','1992 ferrari 360 spider red','classic cars','1:18','unimax art galleries','his replica features opening doors, superb detail and craftsmanship, working steering system, opening forward compartment, opening rear trunk with removable spare, 4 wheel independent spring suspension as well as factory baked enamel finish.',8347,'77.90','169.34'),('s18_3233','1985 toyota supra','classic cars','1:18','highway 66 mini classics','this model features soft rubber tires, working steering, rubber mud guards, authentic ford logos, detailed undercarriage, opening doors and hood, removable split rear gate, full size spare mounted in bed, detailed interior with opening glove box',7733,'57.01','107.57'),('s18_3259','collectable wooden train','trains','1:18','carousel diecast legends','hand crafted wooden toy train set is in about 1:18 scale, 25 inches in total length including 2 additional carts, of actual vintage train. this antique style wooden toy train model set is all hand-assembled with 100% wood.',6450,'67.56','100.84'),('s18_3278','1969 dodge super bee','classic cars','1:18','min lin diecast','this replica features opening doors, superb detail and craftsmanship, working steering system, opening forward compartment, opening rear trunk with removable spare, 4 wheel independent spring suspension as well as factory baked enamel finish.',1917,'49.05','80.41'),('s18_3320','1917 maxwell touring car','vintage cars','1:18','exoto designs','features gold trim, full size spare tire, chrome trim, chrome grille, opening hood, opening doors, opening trunk, detailed engine, working steering system',7913,'57.54','99.21'),('s18_3482','1976 ford gran torino','classic cars','1:18','gearbox collectibles','highly detailed 1976 ford gran torino \"starsky and hutch\" diecast model. very well constructed and painted in red and white patterns.',9127,'73.49','146.99'),('s18_3685','1948 porsche type 356 roadster','classic cars','1:18','gearbox collectibles','this model features working front and rear suspension on accurately replicated and actuating shock absorbers as well as opening engine cover, rear stabilizer flap,  and 4 opening doors.',8990,'62.16','141.28'),('s18_3782','1957 vespa gs150','motorcycles','1:18','studio m art models','features rotating wheels , working kick stand. comes with stand.',7689,'32.95','62.17'),('s18_3856','1941 chevrolet special deluxe cabriolet','vintage cars','1:18','exoto designs','features opening hood, opening doors, opening trunk, wide white wall tires, front door arm rests, working steering system, leather upholstery. color black.',2378,'64.58','105.87'),('s18_4027','1970 triumph spitfire','classic cars','1:18','min lin diecast','features include opening and closing doors. color: white.',5545,'91.92','143.62'),('s18_4409','1932 alfa romeo 8c2300 spider sport','vintage cars','1:18','exoto designs','this 1:18 scale precision die cast replica features the 6 front headlights of the original, plus a detailed version of the 142 horsepower straight 8 engine, dual spares and their famous comprehensive dashboard. color black.',6553,'43.26','92.03'),('s18_4522','1904 buick runabout','vintage cars','1:18','exoto designs','features opening trunk,  working steering system',8290,'52.66','87.77'),('s18_4600','1940s ford truck','trucks and buses','1:18','motor city art classics','this 1940s ford pick-up truck is re-created in 1:18 scale of original 1940s ford truck. this antique style metal 1940s ford flatbed truck is all hand-assembled. this collectible 1940\'s pick-up truck is painted in classic dark green color, and features rotating wheels.',3128,'84.76','121.08'),('s18_4668','1939 cadillac limousine','vintage cars','1:18','studio m art models','features completely detailed interior including velvet flocked drapes,deluxe wood grain floor, and a wood grain casket with seperate chrome handles',6645,'23.14','50.31'),('s18_4721','1957 corvette convertible','classic cars','1:18','classic metal creations','1957 die cast corvette convertible in roman red with white sides and whitewall tires. 1:18 scale quality die-cast with detailed engine and underbvody. now you can own the classic corvette.',1249,'69.93','148.80'),('s18_4933','1957 ford thunderbird','classic cars','1:18','studio m art models','this 1:18 scale precision die-cast replica, with its optional porthole hardtop and factory baked-enamel thunderbird bronze finish, is a 100% accurate rendition of this american classic.',3209,'34.21','71.27'),('s24_1046','1970 chevy chevelle ss 454','classic cars','1:24','unimax art galleries','this model features rotating wheels, working streering system and opening doors. all parts are particularly delicate due to their precise scale and require special care and attention. it should not be picked up by the doors, roof, hood or trunk.',1005,'49.24','73.49'),('s24_1444','1970 dodge coronet','classic cars','1:24','highway 66 mini classics','1:24 scale die-cast about 18\" long doors open, hood opens and rubber wheels',4074,'32.37','57.80'),('s24_1578','1997 bmw r 1100 s','motorcycles','1:24','autoart studio design','detailed scale replica with working suspension and constructed from over 70 parts',7003,'60.86','112.70'),('s24_1628','1966 shelby cobra 427 s/c','classic cars','1:24','carousel diecast legends','this diecast model of the 1966 shelby cobra 427 s/c includes many authentic details and operating parts. the 1:24 scale model of this iconic lighweight sports car from the 1960s comes in silver and it\'s own display case.',8197,'29.18','50.31'),('s24_1785','1928 british royal navy airplane','planes','1:24','classic metal creations','official logos and insignias',3627,'66.74','109.42'),('s24_1937','1939 chevrolet deluxe coupe','vintage cars','1:24','motor city art classics','this 1:24 scale die-cast replica of the 1939 chevrolet deluxe coupe has the same classy look as the original. features opening trunk, hood and doors and a showroom quality baked enamel finish.',7332,'22.57','33.19'),('s24_2000','1960 bsa gold star dbd34','motorcycles','1:24','highway 66 mini classics','detailed scale replica with working suspension and constructed from over 70 parts',15,'37.32','76.17'),('s24_2011','18th century schooner','ships','1:24','carousel diecast legends','all wood with canvas sails. many extras including rigging, long boats, pilot house, anchors, etc. comes with 4 masts, all square-rigged.',1898,'82.34','122.89'),('s24_2022','1938 cadillac v-16 presidential limousine','vintage cars','1:24','classic metal creations','this 1:24 scale precision die cast replica of the 1938 cadillac v-16 presidential limousine has all the details of the original, from the flags on the front to an opening back seat compartment complete with telephone and rifle. features factory baked-enamel black finish, hood goddess ornament, working jump seats.',2847,'20.61','44.80'),('s24_2300','1962 volkswagen microbus','trucks and buses','1:24','autoart studio design','this 1:18 scale die cast replica of the 1962 microbus is loaded with features: a working steering system, opening front doors and tailgate, and famous two-tone factory baked enamel finish, are all topped of by the sliding, real fabric, sunroof.',2327,'61.34','127.79'),('s24_2360','1982 ducati 900 monster','motorcycles','1:24','highway 66 mini classics','features two-tone paint with chrome accents, superior die-cast detail , rotating wheels , working kick stand',6840,'47.10','69.26'),('s24_2766','1949 jaguar xk 120','classic cars','1:24','classic metal creations','precision-engineered from original jaguar specification in perfect scale ratio. features opening doors, superb detail and craftsmanship, working steering system, opening forward compartment, opening rear trunk with removable spare, 4 wheel independent spring suspension as well as factory baked enamel finish.',2350,'47.25','90.87'),('s24_2840','1958 chevy corvette limited edition','classic cars','1:24','carousel diecast legends','the operating parts of this 1958 chevy corvette limited edition are particularly delicate due to their precise scale and require special care and attention. features rotating wheels, working streering, opening doors and trunk. color dark green.',2542,'15.91','35.36'),('s24_2841','1900s vintage bi-plane','planes','1:24','autoart studio design','hand crafted diecast-like metal bi-plane is re-created in about 1:24 scale of antique pioneer airplane. all hand-assembled with many different parts. hand-painted in classic yellow and features correct markings of original airplane.',5942,'34.25','68.51'),('s24_2887','1952 citroen-15cv','classic cars','1:24','exoto designs','precision crafted hand-assembled 1:18 scale reproduction of the 1952 15cv, with its independent spring suspension, working steering system, opening doors and hood, detailed engine and instrument panel, all topped of with a factory fresh baked enamel finish.',1452,'72.82','117.44'),('s24_2972','1982 lamborghini diablo','classic cars','1:24','second gear diecast','this replica features opening doors, superb detail and craftsmanship, working steering system, opening forward compartment, opening rear trunk with removable spare, 4 wheel independent spring suspension as well as factory baked enamel finish.',7723,'16.24','37.76'),('s24_3151','1912 ford model t delivery wagon','vintage cars','1:24','min lin diecast','this model features chrome trim and grille, opening hood, opening doors, opening trunk, detailed engine, working steering system. color white.',9173,'46.91','88.51'),('s24_3191','1969 chevrolet camaro z28','classic cars','1:24','exoto designs','1969 z/28 chevy camaro 1:24 scale replica. the operating parts of this limited edition 1:24 scale diecast model car 1969 chevy camaro z28- hood, trunk, wheels, streering, suspension and doors- are particularly delicate due to their precise scale and require special care and attention.',4695,'50.51','85.61'),('s24_3371','1971 alpine renault 1600s','classic cars','1:24','welly diecast productions','this 1971 alpine renault 1600s replica features opening doors, superb detail and craftsmanship, working steering system, opening forward compartment, opening rear trunk with removable spare, 4 wheel independent spring suspension as well as factory baked enamel finish.',7995,'38.58','61.23'),('s24_3420','1937 horch 930v limousine','vintage cars','1:24','autoart studio design','features opening hood, opening doors, opening trunk, wide white wall tires, front door arm rests, working steering system',2902,'26.30','65.75'),('s24_3432','2002 chevy corvette','classic cars','1:24','gearbox collectibles','the operating parts of this limited edition diecast 2002 chevy corvette 50th anniversary pace car limited edition are particularly delicate due to their precise scale and require special care and attention. features rotating wheels, poseable streering, opening doors and trunk.',9446,'62.11','107.08'),('s24_3816','1940 ford delivery sedan','vintage cars','1:24','carousel diecast legends','chrome trim, chrome grille, opening hood, opening doors, opening trunk, detailed engine, working steering system. color black.',6621,'48.64','83.86'),('s24_3856','1956 porsche 356a coupe','classic cars','1:18','classic metal creations','features include: turnable front wheels; steering function; detailed interior; detailed engine; opening hood; opening trunk; opening doors; and detailed chassis.',6600,'98.30','140.43'),('s24_3949','corsair f4u ( bird cage)','planes','1:24','second gear diecast','has retractable wheels and comes with a stand. official logos and insignias.',6812,'29.34','68.24'),('s24_3969','1936 mercedes benz 500k roadster','vintage cars','1:24','red start diecast','this model features grille-mounted chrome horn, lift-up louvered hood, fold-down rumble seat, working steering system and rubber wheels. color black.',2081,'21.75','41.03'),('s24_4048','1992 porsche cayenne turbo silver','classic cars','1:24','exoto designs','this replica features opening doors, superb detail and craftsmanship, working steering system, opening forward compartment, opening rear trunk with removable spare, 4 wheel independent spring suspension as well as factory baked enamel finish.',6582,'69.78','118.28'),('s24_4258','1936 chrysler airflow','vintage cars','1:24','second gear diecast','features opening trunk,  working steering system. color dark green.',4710,'57.46','97.39'),('s24_4278','1900s vintage tri-plane','planes','1:24','unimax art galleries','hand crafted diecast-like metal triplane is re-created in about 1:24 scale of antique pioneer airplane. this antique style metal triplane is all hand-assembled with many different parts.',2756,'36.23','72.45'),('s24_4620','1961 chevrolet impala','classic cars','1:18','classic metal creations','this 1:18 scale precision die-cast reproduction of the 1961 chevrolet impala has all the features-doors, hood and trunk that open; detailed 409 cubic-inch engine; chrome dashboard and stick shift, two-tone interior; working steering system; all topped of with a factory baked-enamel finish.',7869,'32.33','80.84'),('s32_1268','1980’s gm manhattan express','trucks and buses','1:32','motor city art classics','this 1980’s era new look manhattan express is still active, running from the bronx to mid-town manhattan. has 35 opeining windows and working lights. needs a battery.',5099,'53.93','96.31'),('s32_1374','1997 bmw f650 st','motorcycles','1:32','exoto designs','features official die-struck logos and baked enamel finish. comes with stand.',178,'66.92','99.89'),('s32_2206','1982 ducati 996 r','motorcycles','1:32','gearbox collectibles','features rotating wheels , working kick stand. comes with stand.',9241,'24.14','40.23'),('s32_2509','1954 greyhound scenicruiser','trucks and buses','1:32','classic metal creations','model features bi-level seating, 50 windows, skylights & glare resistant glass, working steering system, original logos',2874,'25.98','54.11'),('s32_3207','1950\'s chicago surface lines streetcar','trains','1:32','gearbox collectibles','this streetcar is a joy to see. it has 80 separate windows, electric wire guides, detailed interiors with seats, poles and drivers controls, rolling and turning wheel assemblies, plus authentic factory baked-enamel finishes (green hornet for chicago and cream and crimson for boston).',8601,'26.72','62.14'),('s32_3522','1996 peterbilt 379 stake bed with outrigger','trucks and buses','1:32','red start diecast','this model features, opening doors, detailed engine, working steering, tinted windows, detailed interior, die-struck logos, removable stakes operating outriggers, detachable second trailer, functioning 360-degree self loader, precision molded resin trailer and trim, baked enamel finish on cab',814,'33.61','64.64'),('s32_4289','1928 ford phaeton deluxe','vintage cars','1:32','highway 66 mini classics','this model features grille-mounted chrome horn, lift-up louvered hood, fold-down rumble seat, working steering system',136,'33.02','68.79'),('s32_4485','1974 ducati 350 mk3 desmo','motorcycles','1:32','second gear diecast','this model features two-tone paint with chrome accents, superior die-cast detail , rotating wheels , working kick stand',3341,'56.13','102.05'),('s50_1341','1930 buick marquette phaeton','vintage cars','1:50','studio m art models','features opening trunk,  working steering system',7062,'27.06','43.64'),('s50_1392','diamond t620 semi-skirted tanker','trucks and buses','1:50','highway 66 mini classics','this limited edition model is licensed and perfectly scaled for lionel trains. the diamond t620 has been produced in solid precision diecast and painted with a fire baked enamel finish. it comes with a removable tanker and is a perfect model to add authenticity to your static train or car layout or to just have on display.',1016,'68.29','115.75'),('s50_1514','1962 city of detroit streetcar','trains','1:50','classic metal creations','this streetcar is a joy to see. it has 99 separate windows, electric wire guides, detailed interiors with seats, poles and drivers controls, rolling and turning wheel assemblies, plus authentic factory baked-enamel finishes (green hornet for chicago and cream and crimson for boston).',1645,'37.49','58.58'),('s50_4713','2002 yamaha yzr m1','motorcycles','1:50','autoart studio design','features rotating wheels , working kick stand. comes with stand.',600,'34.17','81.36'),('s700_1138','the schooner bluenose','ships','1:700','autoart studio design','all wood with canvas sails. measures 31 1/2 inches in length, 22 inches high and 4 3/4 inches wide. many extras.\r\nthe schooner bluenose was built in nova scotia in 1921 to fish the rough waters off the coast of newfoundland. because of the bluenose racing prowess she became the pride of all canadians. still featured on stamps and the canadian dime, the bluenose was lost off haiti in 1946.',1897,'34.00','66.67'),('s700_1691','american airlines: b767-300','planes','1:700','min lin diecast','exact replia with official logos and insignias and retractable wheels',5841,'51.15','91.34'),('s700_1938','the mayflower','ships','1:700','studio m art models','measures 31 1/2 inches long x 25 1/2 inches high x 10 5/8 inches wide\r\nall wood with canvas sail. extras include long boats, rigging, ladders, railing, anchors, side cannons, hand painted, etc.',737,'43.30','86.61'),('s700_2047','hms bounty','ships','1:700','unimax art galleries','measures 30 inches long x 27 1/2 inches high x 4 3/4 inches wide. \r\nmany extras including rigging, long boats, pilot house, anchors, etc. comes with three masts, all square-rigged.',3501,'39.83','90.52'),('s700_2466','america west airlines b757-200','planes','1:700','motor city art classics','official logos and insignias. working steering system. rotating jet engines',9653,'68.80','99.72'),('s700_2610','the uss constitution ship','ships','1:700','red start diecast','all wood with canvas sails. measures 31 1/2\" length x 22 3/8\" high x 8 1/4\" width. extras include 4 boats on deck, sea sprite on bow, anchors, copper railing, pilot houses, etc.',7083,'33.97','72.28'),('s700_2824','1982 camaro z28','classic cars','1:18','carousel diecast legends','features include opening and closing doors. color: white. \r\nmeasures approximately 9 1/2\" long.',6934,'46.53','101.15'),('s700_2834','ata: b757-300','planes','1:700','highway 66 mini classics','exact replia with official logos and insignias and retractable wheels',7106,'59.33','118.65'),('s700_3167','f/a 18 hornet 1/72','planes','1:72','motor city art classics','10\" wingspan with retractable landing gears.comes with pilot',551,'54.40','80.00'),('s700_3505','the titanic','ships','1:700','carousel diecast legends','completed model measures 19 1/2 inches long, 9 inches high, 3inches wide and is in barn red/black. all wood and metal.',1956,'51.09','100.17'),('s700_3962','the queen mary','ships','1:700','welly diecast productions','exact replica. wood and metal. many extras including rigging, long boats, pilot house, anchors, etc. comes with three masts, all square-rigged.',5088,'53.63','99.31'),('s700_4002','american airlines: md-11s','planes','1:700','second gear diecast','polished finish. exact replia with official logos and insignias and retractable wheels',8820,'36.27','74.03'),('s72_1253','boeing x-32a jsf','planes','1:72','motor city art classics','10\" wingspan with retractable landing gears.comes with pilot',4857,'32.77','49.66'),('s72_3212','pont yacht','ships','1:72','unimax art galleries','measures 38 inches long x 33 3/4 inches high. includes a stand.\r\nmany extras including rigging, long boats, pilot house, anchors, etc. comes with 2 masts, all square-rigged',414,'33.30','54.60');

insert  into office(officecode,city,phone,addressline1,addressline2,state,country,postalcode,territory) values 
('1','san francisco','+1 650 219 4782','100 market street','suite 300','ca','usa','94080','na'),('2','boston','+1 215 837 0825','1550 court place','suite 102','ma','usa','02107','na'),('3','nyc','+1 212 555 3000','523 east 53rd street','apt. 5a','ny','usa','10022','na'),('4','paris','+33 14 723 4404','43 rue jouffroy d\'abbans',null,null,'france','75017','emea'),('5','tokyo','+81 33 224 5000','4-1 kioicho',null,'chiyoda-ku','japan','102-8578','japan'),('6','sydney','+61 2 9264 2451','5-11 wentworth avenue','floor #2',null,'australia','nsw 2010','apac'),('7','london','+44 20 7877 2041','25 old broad street','level 7',null,'uk','ec2n 1hn','emea');

insert  into employee(employeenumber,lastname,firstname,extension,email,officecode,reportsto,jobtitle) values 
(1002,'murphy','diane','x5800','dmurphy@classicmodelcars.com','1',null,'president'),(1056,'patterson','mary','x4611','mpatterso@classicmodelcars.com','1',1002,'vp sales'),(1076,'firrelli','jeff','x9273','jfirrelli@classicmodelcars.com','1',1002,'vp marketing'),(1088,'patterson','william','x4871','wpatterson@classicmodelcars.com','6',1056,'sales manager (apac)'),(1102,'bondur','gerard','x5408','gbondur@classicmodelcars.com','4',1056,'sale manager (emea)'),(1143,'bow','anthony','x5428','abow@classicmodelcars.com','1',1056,'sales manager (na)'),(1165,'jennings','leslie','x3291','ljennings@classicmodelcars.com','1',1143,'sales rep'),(1166,'thompson','leslie','x4065','lthompson@classicmodelcars.com','1',1143,'sales rep'),(1188,'firrelli','julie','x2173','jfirrelli@classicmodelcars.com','2',1143,'sales rep'),(1216,'patterson','steve','x4334','spatterson@classicmodelcars.com','2',1143,'sales rep'),(1286,'tseng','foon yue','x2248','ftseng@classicmodelcars.com','3',1143,'sales rep'),(1323,'vanauf','george','x4102','gvanauf@classicmodelcars.com','3',1143,'sales rep'),(1337,'bondur','loui','x6493','lbondur@classicmodelcars.com','4',1102,'sales rep'),(1370,'hernandez','gerard','x2028','ghernande@classicmodelcars.com','4',1102,'sales rep'),(1401,'castillo','pamela','x2759','pcastillo@classicmodelcars.com','4',1102,'sales rep'),(1501,'bott','larry','x2311','lbott@classicmodelcars.com','7',1102,'sales rep'),(1504,'jones','barry','x102','bjones@classicmodelcars.com','7',1102,'sales rep'),(1611,'fixter','andy','x101','afixter@classicmodelcars.com','6',1088,'sales rep'),(1612,'marsh','peter','x102','pmarsh@classicmodelcars.com','6',1088,'sales rep'),(1619,'king','tom','x103','tking@classicmodelcars.com','6',1088,'sales rep'),(1621,'nishi','mami','x101','mnishi@classicmodelcars.com','5',1056,'sales rep'),(1625,'kato','yoshimi','x102','ykato@classicmodelcars.com','5',1621,'sales rep'),(1702,'gerard','martin','x2312','mgerard@classicmodelcars.com','4',1102,'sales rep');

insert  into customer(customernumber,customername,contactlastname,contactfirstname,phone,addressline1,addressline2,city,state,postalcode,country,salesrepemployeenumber,creditlimit) values 
(103,'atelier graphique','schmitt','carine ','40.32.2555','54, rue royale',null,'nantes',null,'44000','france',1370,'21000.00'),(112,'signal gift stores','king','jean','7025551838','8489 strong st.',null,'las vegas','nv','83030','usa',1166,'71800.00'),(114,'australian collectors, co.','ferguson','peter','03 9520 4555','636 st kilda road','level 3','melbourne','victoria','3004','australia',1611,'117300.00'),(119,'la rochelle gifts','labrune','janine ','40.67.8555','67, rue des cinquante otages',null,'nantes',null,'44000','france',1370,'118200.00'),(121,'baane mini imports','bergulfsen','jonas ','07-98 9555','erling skakkes gate 78',null,'stavern',null,'4110','norway',1504,'81700.00'),(124,'mini gifts distributors ltd.','nelson','susan','4155551450','5677 strong st.',null,'san rafael','ca','97562','usa',1165,'210500.00'),(125,'havel & zbyszek co','piestrzeniewicz','zbyszek ','(26) 642-7555','ul. filtrowa 68',null,'warszawa',null,'01-012','poland',null,'0.00'),(128,'blauer see auto, co.','keitel','roland','+49 69 66 90 2555','lyonerstr. 34',null,'frankfurt',null,'60528','germany',1504,'59700.00'),(129,'mini wheels co.','murphy','julie','6505555787','5557 north pendale street',null,'san francisco','ca','94217','usa',1165,'64600.00'),(131,'land of toys inc.','lee','kwai','2125557818','897 long airport avenue',null,'nyc','ny','10022','usa',1323,'114900.00'),(141,'euro+ shopping channel','freyre','diego ','(91) 555 94 44','c/ moralzarzal, 86',null,'madrid',null,'28034','spain',1370,'227600.00'),(144,'volvo model replicas, co','berglund','christina ','0921-12 3555','berguvsvägen  8',null,'luleå',null,'s-958 22','sweden',1504,'53100.00'),(145,'danish wholesale imports','petersen','jytte ','31 12 3555','vinbæltet 34',null,'kobenhavn',null,'1734','denmark',1401,'83400.00'),(146,'saveley & henriot, co.','saveley','mary ','78.32.5555','2, rue du commerce',null,'lyon',null,'69004','france',1337,'123900.00'),(148,'dragon souveniers, ltd.','natividad','eric','+65 221 7555','bronz sok.','bronz apt. 3/6 tesvikiye','singapore',null,'079903','singapore',1621,'103800.00'),(151,'muscle machine inc','young','jeff','2125557413','4092 furth circle','suite 400','nyc','ny','10022','usa',1286,'138500.00'),(157,'diecast classics inc.','leong','kelvin','2155551555','7586 pompton st.',null,'allentown','pa','70267','usa',1216,'100600.00'),(161,'technics stores inc.','hashimoto','juri','6505556809','9408 furth circle',null,'burlingame','ca','94217','usa',1165,'84600.00'),(166,'handji gifts& co','victorino','wendy','+65 224 1555','106 linden road sandown','2nd floor','singapore',null,'069045','singapore',1612,'97900.00'),(167,'herkku gifts','oeztan','veysel','+47 2267 3215','brehmen st. 121','pr 334 sentrum','bergen',null,'n 5804','norway  ',1504,'96800.00'),(168,'american souvenirs inc','franco','keith','2035557845','149 spinnaker dr.','suite 101','new haven','ct','97823','usa',1286,'0.00'),(169,'porto imports co.','de castro','isabel ','(1) 356-5555','estrada da saúde n. 58',null,'lisboa',null,'1756','portugal',null,'0.00'),(171,'daedalus designs imports','rancé','martine ','20.16.1555','184, chaussée de tournai',null,'lille',null,'59000','france',1370,'82900.00'),(172,'la corne d\'abondance, co.','bertrand','marie','(1) 42.34.2555','265, boulevard charonne',null,'paris',null,'75012','france',1337,'84300.00'),(173,'cambridge collectables co.','tseng','jerry','6175555555','4658 baden av.',null,'cambridge','ma','51247','usa',1188,'43400.00'),(175,'gift depot inc.','king','julie','2035552570','25593 south bay ln.',null,'bridgewater','ct','97562','usa',1323,'84300.00'),(177,'osaka souveniers co.','kentary','mory','+81 06 6342 5555','1-6-20 dojima',null,'kita-ku','osaka',' 530-0003','japan',1621,'81200.00'),(181,'vitachrome inc.','frick','michael','2125551500','2678 kingston rd.','suite 101','nyc','ny','10022','usa',1286,'76400.00'),(186,'toys of finland, co.','karttunen','matti','90-224 8555','keskuskatu 45',null,'helsinki',null,'21240','finland',1501,'96500.00'),(187,'av stores, co.','ashworth','rachel','(171) 555-1555','fauntleroy circus',null,'manchester',null,'ec2 5nt','uk',1501,'136800.00'),(189,'clover collections, co.','cassidy','dean','+353 1862 1555','25 maiden lane','floor no. 4','dublin',null,'2','ireland',1504,'69400.00'),(198,'auto-moto classics inc.','taylor','leslie','6175558428','16780 pompton st.',null,'brickhaven','ma','58339','usa',1216,'23000.00'),(201,'uk collectables, ltd.','devon','elizabeth','(171) 555-2282','12, berkeley gardens blvd',null,'liverpool',null,'wx1 6lt','uk',1501,'92700.00'),(202,'canadian gift exchange network','tamuri','yoshi ','(604) 555-3392','1900 oak st.',null,'vancouver','bc','v3f 2k1','canada',1323,'90300.00'),(204,'online mini collectables','barajas','miguel','6175557555','7635 spinnaker dr.',null,'brickhaven','ma','58339','usa',1188,'68700.00'),(205,'toys4grownups.com','young','julie','6265557265','78934 hillside dr.',null,'pasadena','ca','90003','usa',1166,'90700.00'),(206,'asian shopping network, co','walker','brydey','+612 9411 1555','suntec tower three','8 temasek','singapore',null,'038988','singapore',null,'0.00'),(209,'mini caravy','citeaux','frédérique ','88.60.1555','24, place kléber',null,'strasbourg',null,'67000','france',1370,'53800.00'),(211,'king kong collectables, co.','gao','mike','+852 2251 1555','bank of china tower','1 garden road','central hong kong',null,null,'hong kong',1621,'58600.00'),(216,'enaco distributors','saavedra','eduardo ','(93) 203 4555','rambla de cataluña, 23',null,'barcelona',null,'08022','spain',1702,'60300.00'),(219,'boards & toys co.','young','mary','3105552373','4097 douglas av.',null,'glendale','ca','92561','usa',1166,'11000.00'),(223,'natürlich autos','kloss','horst ','0372-555188','taucherstraße 10',null,'cunewalde',null,'01307','germany',null,'0.00'),(227,'heintze collectables','ibsen','palle','86 21 3555','smagsloget 45',null,'århus',null,'8200','denmark',1401,'120800.00'),(233,'québec home shopping network','fresnière','jean ','(514) 555-8054','43 rue st. laurent',null,'montréal','québec','h1j 1c3','canada',1286,'48700.00'),(237,'ang resellers','camino','alejandra ','(91) 745 6555','gran vía, 1',null,'madrid',null,'28001','spain',null,'0.00'),(239,'collectable mini designs co.','thompson','valarie','7605558146','361 furth circle',null,'san diego','ca','91217','usa',1166,'105000.00'),(240,'giftsbymail.co.uk','bennett','helen ','(198) 555-8888','garden house','crowther way 23','cowes','isle of wight','po31 7pj','uk',1501,'93900.00'),(242,'alpha cognac','roulet','annette ','61.77.6555','1 rue alsace-lorraine',null,'toulouse',null,'31000','france',1370,'61100.00'),(247,'messner shopping network','messner','renate ','069-0555984','magazinweg 7',null,'frankfurt',null,'60528','germany',null,'0.00'),(249,'amica models & co.','accorti','paolo ','011-4988555','via monte bianco 34',null,'torino',null,'10100','italy',1401,'113000.00'),(250,'lyon souveniers','da silva','daniel','+33 1 46 62 7555','27 rue du colonel pierre avia',null,'paris',null,'75508','france',1337,'68100.00'),(256,'auto associés & cie.','tonini','daniel ','30.59.8555','67, avenue de l\'europe',null,'versailles',null,'78000','france',1370,'77900.00'),(259,'toms spezialitäten, ltd','pfalzheim','henriette ','0221-5554327','mehrheimerstr. 369',null,'köln',null,'50739','germany',1504,'120400.00'),(260,'royal canadian collectables, ltd.','lincoln','elizabeth ','(604) 555-4555','23 tsawassen blvd.',null,'tsawassen','bc','t2f 8m4','canada',1323,'89600.00'),(273,'franken gifts, co','franken','peter ','089-0877555','berliner platz 43',null,'münchen',null,'80805','germany',null,'0.00'),(276,'anna\'s decorations, ltd','o\'hara','anna','02 9936 8555','201 miller street','level 15','north sydney','nsw','2060','australia',1611,'107800.00'),(278,'rovelli gifts','rovelli','giovanni ','035-640555','via ludovico il moro 22',null,'bergamo',null,'24100','italy',1401,'119600.00'),(282,'souveniers and things co.','huxley','adrian','+61 2 9495 8555','monitor money building','815 pacific hwy','chatswood','nsw','2067','australia',1611,'93300.00'),(286,'marta\'s replicas co.','hernandez','marta','6175558555','39323 spinnaker dr.',null,'cambridge','ma','51247','usa',1216,'123700.00'),(293,'bg&e collectables','harrison','ed','+41 26 425 50 01','rte des arsenaux 41 ',null,'fribourg',null,'1700','switzerland',null,'0.00'),(298,'vida sport, ltd','holz','mihael','0897-034555','grenzacherweg 237',null,'genève',null,'1203','switzerland',1702,'141300.00'),(299,'norway gifts by mail, co.','klaeboe','jan','+47 2212 1555','drammensveien 126a','pb 211 sentrum','oslo',null,'n 0106','norway  ',1504,'95100.00'),(303,'schuyler imports','schuyler','bradley','+31 20 491 9555','kingsfordweg 151',null,'amsterdam',null,'1043 gr','netherlands',null,'0.00'),(307,'der hund imports','andersen','mel','030-0074555','obere str. 57',null,'berlin',null,'12209','germany',null,'0.00'),(311,'oulu toy supplies, inc.','koskitalo','pirkko','981-443655','torikatu 38',null,'oulu',null,'90110','finland',1501,'90500.00'),(314,'petit auto','dewey','catherine ','(02) 5554 67','rue joseph-bens 532',null,'bruxelles',null,'b-1180','belgium',1401,'79900.00'),(319,'mini classics','frick','steve','9145554562','3758 north pendale street',null,'white plains','ny','24067','usa',1323,'102700.00'),(320,'mini creations ltd.','huang','wing','5085559555','4575 hillside dr.',null,'new bedford','ma','50553','usa',1188,'94500.00'),(321,'corporate gift ideas co.','brown','julie','6505551386','7734 strong st.',null,'san francisco','ca','94217','usa',1165,'105000.00'),(323,'down under souveniers, inc','graham','mike','+64 9 312 5555','162-164 grafton road','level 2','auckland  ',null,null,'new zealand',1612,'88000.00'),(324,'stylish desk decors, co.','brown','ann ','(171) 555-0297','35 king george',null,'london',null,'wx3 6fw','uk',1501,'77000.00'),(328,'tekni collectables inc.','brown','william','2015559350','7476 moss rd.',null,'newark','nj','94019','usa',1323,'43000.00'),(333,'australian gift network, co','calaghan','ben','61-7-3844-6555','31 duncan st. west end',null,'south brisbane','queensland','4101','australia',1611,'51600.00'),(334,'suominen souveniers','suominen','kalle','+358 9 8045 555','software engineering center','sec oy','espoo',null,'fin-02271','finland',1501,'98800.00'),(335,'cramer spezialitäten, ltd','cramer','philip ','0555-09555','maubelstr. 90',null,'brandenburg',null,'14776','germany',null,'0.00'),(339,'classic gift ideas, inc','cervantes','francisca','2155554695','782 first street',null,'philadelphia','pa','71270','usa',1188,'81100.00'),(344,'caf imports','fernandez','jesus','+34 913 728 555','merchants house','27-30 merchant\'s quay','madrid',null,'28023','spain',1702,'59600.00'),(347,'men \'r\' us retailers, ltd.','chandler','brian','2155554369','6047 douglas av.',null,'los angeles','ca','91003','usa',1166,'57700.00'),(348,'asian treasures, inc.','mckenna','patricia ','2967 555','8 johnstown road',null,'cork','co. cork',null,'ireland',null,'0.00'),(350,'marseille mini autos','lebihan','laurence ','91.24.4555','12, rue des bouchers',null,'marseille',null,'13008','france',1337,'65000.00'),(353,'reims collectables','henriot','paul ','26.47.1555','59 rue de l\'abbaye',null,'reims',null,'51100','france',1337,'81100.00'),(356,'sar distributors, co','kuger','armand','+27 21 550 3555','1250 pretorius street',null,'hatfield','pretoria','0028','south africa',null,'0.00'),(357,'giftsforhim.com','mackinlay','wales','64-9-3763555','199 great north road',null,'auckland',null,null,'new zealand',1612,'77700.00'),(361,'kommission auto','josephs','karin','0251-555259','luisenstr. 48',null,'münster',null,'44087','germany',null,'0.00'),(362,'gifts4allages.com','yoshido','juri','6175559555','8616 spinnaker dr.',null,'boston','ma','51003','usa',1216,'41900.00'),(363,'online diecast creations co.','young','dorothy','6035558647','2304 long airport avenue',null,'nashua','nh','62005','usa',1216,'114200.00'),(369,'lisboa souveniers, inc','rodriguez','lino ','(1) 354-2555','jardim das rosas n. 32',null,'lisboa',null,'1675','portugal',null,'0.00'),(376,'precious collectables','urs','braun','0452-076555','hauptstr. 29',null,'bern',null,'3012','switzerland',1702,'0.00'),(379,'collectables for less inc.','nelson','allen','6175558555','7825 douglas av.',null,'brickhaven','ma','58339','usa',1188,'70700.00'),(381,'royale belge','cartrain','pascale ','(071) 23 67 2555','boulevard tirou, 255',null,'charleroi',null,'b-6000','belgium',1401,'23500.00'),(382,'salzburg collectables','pipps','georg ','6562-9555','geislweg 14',null,'salzburg',null,'5020','austria',1401,'71700.00'),(385,'cruz & sons co.','cruz','arnold','+63 2 555 3587','15 mccallum street','natwest center #13-03','makati city',null,'1227 mm','philippines',1621,'81500.00'),(386,'l\'ordine souveniers','moroni','maurizio ','0522-556555','strada provinciale 124',null,'reggio emilia',null,'42100','italy',1401,'121400.00'),(398,'tokyo collectables, ltd','shimamura','akiko','+81 3 3584 0555','2-2-8 roppongi',null,'minato-ku','tokyo','106-0032','japan',1621,'94400.00'),(406,'auto canal+ petit','perrier','dominique','(1) 47.55.6555','25, rue lauriston',null,'paris',null,'75016','france',1337,'95000.00'),(409,'stuttgart collectable exchange','müller','rita ','0711-555361','adenauerallee 900',null,'stuttgart',null,'70563','germany',null,'0.00'),(412,'extreme desk decorations, ltd','mcroy','sarah','04 499 9555','101 lambton quay','level 11','wellington',null,null,'new zealand',1612,'86800.00'),(415,'bavarian collectables imports, co.','donnermeyer','michael',' +49 89 61 08 9555','hansastr. 15',null,'munich',null,'80686','germany',1504,'77000.00'),(424,'classic legends inc.','hernandez','maria','2125558493','5905 pompton st.','suite 750','nyc','ny','10022','usa',1286,'67500.00'),(443,'feuer online stores, inc','feuer','alexander ','0342-555176','heerstr. 22',null,'leipzig',null,'04179','germany',null,'0.00'),(447,'gift ideas corp.','lewis','dan','2035554407','2440 pompton st.',null,'glendale','ct','97561','usa',1323,'49700.00'),(448,'scandinavian gift ideas','larsson','martha','0695-34 6555','åkergatan 24',null,'bräcke',null,'s-844 67','sweden',1504,'116400.00'),(450,'the sharp gifts warehouse','frick','sue','4085553659','3086 ingle ln.',null,'san jose','ca','94217','usa',1165,'77600.00'),(452,'mini auto werke','mendel','roland ','7675-3555','kirchgasse 6',null,'graz',null,'8010','austria',1401,'45300.00'),(455,'super scale inc.','murphy','leslie','2035559545','567 north pendale street',null,'new haven','ct','97823','usa',1286,'95400.00'),(456,'microscale inc.','choi','yu','2125551957','5290 north pendale street','suite 200','nyc','ny','10022','usa',1286,'39800.00'),(458,'corrida auto replicas, ltd','sommer','martín ','(91) 555 22 82','c/ araquil, 67',null,'madrid',null,'28023','spain',1702,'104600.00'),(459,'warburg exchange','ottlieb','sven ','0241-039123','walserweg 21',null,'aachen',null,'52066','germany',null,'0.00'),(462,'fungiftideas.com','benitez','violeta','5085552555','1785 first street',null,'new bedford','ma','50553','usa',1216,'85800.00'),(465,'anton designs, ltd.','anton','carmen','+34 913 728555','c/ gobelas, 19-1 urb. la florida',null,'madrid',null,'28023','spain',null,'0.00'),(471,'australian collectables, ltd','clenahan','sean','61-9-3844-6555','7 allen street',null,'glen waverly','victoria','3150','australia',1611,'60300.00'),(473,'frau da collezione','ricotti','franco','+39 022515555','20093 cologno monzese','alessandro volta 16','milan',null,null,'italy',1401,'34800.00'),(475,'west coast collectables co.','thompson','steve','3105553722','3675 furth circle',null,'burbank','ca','94019','usa',1166,'55400.00'),(477,'mit vergnügen & co.','moos','hanna ','0621-08555','forsterstr. 57',null,'mannheim',null,'68306','germany',null,'0.00'),(480,'kremlin collectables, co.','semenov','alexander ','+7 812 293 0521','2 pobedy square',null,'saint petersburg',null,'196143','russia',null,'0.00'),(481,'raanan stores, inc','altagar,g m','raanan','+ 972 9 959 8555','3 hagalim blv.',null,'herzlia',null,'47625','israel',null,'0.00'),(484,'iberia gift imports, corp.','roel','josé pedro ','(95) 555 82 82','c/ romero, 33',null,'sevilla',null,'41101','spain',1702,'65700.00'),(486,'motor mint distributors inc.','salazar','rosa','2155559857','11328 douglas av.',null,'philadelphia','pa','71270','usa',1323,'72600.00'),(487,'signal collectibles ltd.','taylor','sue','4155554312','2793 furth circle',null,'brisbane','ca','94217','usa',1165,'60300.00'),(489,'double decker gift stores, ltd','smith','thomas ','(171) 555-7555','120 hanover sq.',null,'london',null,'wa1 1dp','uk',1501,'43300.00'),(495,'diecast collectables','franco','valarie','6175552555','6251 ingle ln.',null,'boston','ma','51003','usa',1188,'85100.00'),(496,'kelly\'s gift shop','snowden','tony','+64 9 5555500','arenales 1938 3\'a\'',null,'auckland  ',null,null,'new zealand',1612,'110000.00');

insert  into ordernumberdetail(ordernumber,orderdate,requireddate,shippeddate,status,comments,customernumber) values 
(10100,'2003-01-06','2003-01-13','2003-01-10','shipped',null,363),(10101,'2003-01-09','2003-01-18','2003-01-11','shipped','check on availability.',128),(10102,'2003-01-10','2003-01-18','2003-01-14','shipped',null,181),(10103,'2003-01-29','2003-02-07','2003-02-02','shipped',null,121),(10104,'2003-01-31','2003-02-09','2003-02-01','shipped',null,141),(10105,'2003-02-11','2003-02-21','2003-02-12','shipped',null,145),(10106,'2003-02-17','2003-02-24','2003-02-21','shipped',null,278),(10107,'2003-02-24','2003-03-03','2003-02-26','shipped','difficult to negotiate with customer. we need more marketing materials',131),(10108,'2003-03-03','2003-03-12','2003-03-08','shipped',null,385),(10109,'2003-03-10','2003-03-19','2003-03-11','shipped','customer requested that fedex ground is used for this shipping',486),(10110,'2003-03-18','2003-03-24','2003-03-20','shipped',null,187),(10111,'2003-03-25','2003-03-31','2003-03-30','shipped',null,129),(10112,'2003-03-24','2003-04-03','2003-03-29','shipped','customer requested that ad materials (such as posters, pamphlets) be included in the shippment',144),(10113,'2003-03-26','2003-04-02','2003-03-27','shipped',null,124),(10114,'2003-04-01','2003-04-07','2003-04-02','shipped',null,172),(10115,'2003-04-04','2003-04-12','2003-04-07','shipped',null,424),(10116,'2003-04-11','2003-04-19','2003-04-13','shipped',null,381),(10117,'2003-04-16','2003-04-24','2003-04-17','shipped',null,148),(10118,'2003-04-21','2003-04-29','2003-04-26','shipped','customer has worked with some of our vendors in the past and is aware of their msrp',216),(10119,'2003-04-28','2003-05-05','2003-05-02','shipped',null,382),(10120,'2003-04-29','2003-05-08','2003-05-01','shipped',null,114),(10121,'2003-05-07','2003-05-13','2003-05-13','shipped',null,353),(10122,'2003-05-08','2003-05-16','2003-05-13','shipped',null,350),(10123,'2003-05-20','2003-05-29','2003-05-22','shipped',null,103),(10124,'2003-05-21','2003-05-29','2003-05-25','shipped','customer very concerned about the exact color of the models. there is high risk that he may dispute the order because there is a slight color mismatch',112),(10125,'2003-05-21','2003-05-27','2003-05-24','shipped',null,114),(10126,'2003-05-28','2003-06-07','2003-06-02','shipped',null,458),(10127,'2003-06-03','2003-06-09','2003-06-06','shipped','customer requested special shippment. the instructions were passed along to the warehouse',151),(10128,'2003-06-06','2003-06-12','2003-06-11','shipped',null,141),(10129,'2003-06-12','2003-06-18','2003-06-14','shipped',null,324),(10130,'2003-06-16','2003-06-24','2003-06-21','shipped',null,198),(10131,'2003-06-16','2003-06-25','2003-06-21','shipped',null,447),(10132,'2003-06-25','2003-07-01','2003-06-28','shipped',null,323),(10133,'2003-06-27','2003-07-04','2003-07-03','shipped',null,141),(10134,'2003-07-01','2003-07-10','2003-07-05','shipped',null,250),(10135,'2003-07-02','2003-07-12','2003-07-03','shipped',null,124),(10136,'2003-07-04','2003-07-14','2003-07-06','shipped','customer is interested in buying more ferrari models',242),(10137,'2003-07-10','2003-07-20','2003-07-14','shipped',null,353),(10138,'2003-07-07','2003-07-16','2003-07-13','shipped',null,496),(10139,'2003-07-16','2003-07-23','2003-07-21','shipped',null,282),(10140,'2003-07-24','2003-08-02','2003-07-30','shipped',null,161),(10141,'2003-08-01','2003-08-09','2003-08-04','shipped',null,334),(10142,'2003-08-08','2003-08-16','2003-08-13','shipped',null,124),(10143,'2003-08-10','2003-08-18','2003-08-12','shipped','can we deliver the new ford mustang models by end-of-quarter?',320),(10144,'2003-08-13','2003-08-21','2003-08-14','shipped',null,381),(10145,'2003-08-25','2003-09-02','2003-08-31','shipped',null,205),(10146,'2003-09-03','2003-09-13','2003-09-06','shipped',null,447),(10147,'2003-09-05','2003-09-12','2003-09-09','shipped',null,379),(10148,'2003-09-11','2003-09-21','2003-09-15','shipped','they want to reevaluate their terms agreement with finance.',276),(10149,'2003-09-12','2003-09-18','2003-09-17','shipped',null,487),(10150,'2003-09-19','2003-09-27','2003-09-21','shipped','they want to reevaluate their terms agreement with finance.',148),(10151,'2003-09-21','2003-09-30','2003-09-24','shipped',null,311),(10152,'2003-09-25','2003-10-03','2003-10-01','shipped',null,333),(10153,'2003-09-28','2003-10-05','2003-10-03','shipped',null,141),(10154,'2003-10-02','2003-10-12','2003-10-08','shipped',null,219),(10155,'2003-10-06','2003-10-13','2003-10-07','shipped',null,186),(10156,'2003-10-08','2003-10-17','2003-10-11','shipped',null,141),(10157,'2003-10-09','2003-10-15','2003-10-14','shipped',null,473),(10158,'2003-10-10','2003-10-18','2003-10-15','shipped',null,121),(10159,'2003-10-10','2003-10-19','2003-10-16','shipped',null,321),(10160,'2003-10-11','2003-10-17','2003-10-17','shipped',null,347),(10161,'2003-10-17','2003-10-25','2003-10-20','shipped',null,227),(10162,'2003-10-18','2003-10-26','2003-10-19','shipped',null,321),(10163,'2003-10-20','2003-10-27','2003-10-24','shipped',null,424),(10164,'2003-10-21','2003-10-30','2003-10-23','resolved','this order was disputed, but resolved on 11/1/2003; customer doesn\'t like the colors and precision of the models.',452),(10165,'2003-10-22','2003-10-31','2003-12-26','shipped','this order was on hold because customer\'s credit limit had been exceeded. order will ship when payment is received',148),(10166,'2003-10-21','2003-10-30','2003-10-27','shipped',null,462),(10167,'2003-10-23','2003-10-30',null,'cancelled','customer called to cancel. the warehouse was notified in time and the order didn\'t ship. they have a new vp of sales and are shifting their sales model. our vp of sales should contact them.',448),(10168,'2003-10-28','2003-11-03','2003-11-01','shipped',null,161),(10169,'2003-11-04','2003-11-14','2003-11-09','shipped',null,276),(10170,'2003-11-04','2003-11-12','2003-11-07','shipped',null,452),(10171,'2003-11-05','2003-11-13','2003-11-07','shipped',null,233),(10172,'2003-11-05','2003-11-14','2003-11-11','shipped',null,175),(10173,'2003-11-05','2003-11-15','2003-11-09','shipped','cautious optimism. we have happy customer here, if we can keep them well stocked.  i need all the information i can get on the planned shippments of porches',278),(10174,'2003-11-06','2003-11-15','2003-11-10','shipped',null,333),(10175,'2003-11-06','2003-11-14','2003-11-09','shipped',null,324),(10176,'2003-11-06','2003-11-15','2003-11-12','shipped',null,386),(10177,'2003-11-07','2003-11-17','2003-11-12','shipped',null,344),(10178,'2003-11-08','2003-11-16','2003-11-10','shipped','custom shipping instructions sent to warehouse',242),(10179,'2003-11-11','2003-11-17','2003-11-13','cancelled','customer cancelled due to urgent budgeting issues. must be cautious when dealing with them in the future. since order shipped already we must discuss who would cover the shipping charges.',496),(10180,'2003-11-11','2003-11-19','2003-11-14','shipped',null,171),(10181,'2003-11-12','2003-11-19','2003-11-15','shipped',null,167),(10182,'2003-11-12','2003-11-21','2003-11-18','shipped',null,124),(10183,'2003-11-13','2003-11-22','2003-11-15','shipped','we need to keep in close contact with their marketing vp. he is the decision maker for all their purchases.',339),(10184,'2003-11-14','2003-11-22','2003-11-20','shipped',null,484),(10185,'2003-11-14','2003-11-21','2003-11-20','shipped',null,320),(10186,'2003-11-14','2003-11-20','2003-11-18','shipped','they want to reevaluate their terms agreement with the vp of sales',489),(10187,'2003-11-15','2003-11-24','2003-11-16','shipped',null,211),(10188,'2003-11-18','2003-11-26','2003-11-24','shipped',null,167),(10189,'2003-11-18','2003-11-25','2003-11-24','shipped','they want to reevaluate their terms agreement with finance.',205),(10190,'2003-11-19','2003-11-29','2003-11-20','shipped',null,141),(10191,'2003-11-20','2003-11-30','2003-11-24','shipped','we must be cautions with this customer. their vp of sales resigned. company may be heading down.',259),(10192,'2003-11-20','2003-11-29','2003-11-25','shipped',null,363),(10193,'2003-11-21','2003-11-28','2003-11-27','shipped',null,471),(10194,'2003-11-25','2003-12-02','2003-11-26','shipped',null,146),(10195,'2003-11-25','2003-12-01','2003-11-28','shipped',null,319),(10196,'2003-11-26','2003-12-03','2003-12-01','shipped',null,455),(10197,'2003-11-26','2003-12-02','2003-12-01','shipped','customer inquired about remote controlled models and gold models.',216),(10198,'2003-11-27','2003-12-06','2003-12-03','shipped',null,385),(10199,'2003-12-01','2003-12-10','2003-12-06','shipped',null,475),(10200,'2003-12-01','2003-12-09','2003-12-06','shipped',null,211),(10201,'2003-12-01','2003-12-11','2003-12-02','shipped',null,129),(10202,'2003-12-02','2003-12-09','2003-12-06','shipped',null,357),(10203,'2003-12-02','2003-12-11','2003-12-07','shipped',null,141),(10204,'2003-12-02','2003-12-10','2003-12-04','shipped',null,151),(10205,'2003-12-03','2003-12-09','2003-12-07','shipped',' i need all the information i can get on our competitors.',141),(10206,'2003-12-05','2003-12-13','2003-12-08','shipped','can we renegotiate this one?',202),(10207,'2003-12-09','2003-12-17','2003-12-11','shipped','check on availability.',495),(10208,'2004-01-02','2004-01-11','2004-01-04','shipped',null,146),(10209,'2004-01-09','2004-01-15','2004-01-12','shipped',null,347),(10210,'2004-01-12','2004-01-22','2004-01-20','shipped',null,177),(10211,'2004-01-15','2004-01-25','2004-01-18','shipped',null,406),(10212,'2004-01-16','2004-01-24','2004-01-18','shipped',null,141),(10213,'2004-01-22','2004-01-28','2004-01-27','shipped','difficult to negotiate with customer. we need more marketing materials',489),(10214,'2004-01-26','2004-02-04','2004-01-29','shipped',null,458),(10215,'2004-01-29','2004-02-08','2004-02-01','shipped','customer requested that fedex ground is used for this shipping',475),(10216,'2004-02-02','2004-02-10','2004-02-04','shipped',null,256),(10217,'2004-02-04','2004-02-14','2004-02-06','shipped',null,166),(10218,'2004-02-09','2004-02-16','2004-02-11','shipped','customer requested that ad materials (such as posters, pamphlets) be included in the shippment',473),(10219,'2004-02-10','2004-02-17','2004-02-12','shipped',null,487),(10220,'2004-02-12','2004-02-19','2004-02-16','shipped',null,189),(10221,'2004-02-18','2004-02-26','2004-02-19','shipped',null,314),(10222,'2004-02-19','2004-02-27','2004-02-20','shipped',null,239),(10223,'2004-02-20','2004-02-29','2004-02-24','shipped',null,114),(10224,'2004-02-21','2004-03-02','2004-02-26','shipped','customer has worked with some of our vendors in the past and is aware of their msrp',171),(10225,'2004-02-22','2004-03-01','2004-02-24','shipped',null,298),(10226,'2004-02-26','2004-03-06','2004-03-02','shipped',null,239),(10227,'2004-03-02','2004-03-12','2004-03-08','shipped',null,146),(10228,'2004-03-10','2004-03-18','2004-03-13','shipped',null,173),(10229,'2004-03-11','2004-03-20','2004-03-12','shipped',null,124),(10230,'2004-03-15','2004-03-24','2004-03-20','shipped','customer very concerned about the exact color of the models. there is high risk that he may dispute the order because there is a slight color mismatch',128),(10231,'2004-03-19','2004-03-26','2004-03-25','shipped',null,344),(10232,'2004-03-20','2004-03-30','2004-03-25','shipped',null,240),(10233,'2004-03-29','2004-04-04','2004-04-02','shipped','customer requested special shippment. the instructions were passed along to the warehouse',328),(10234,'2004-03-30','2004-04-05','2004-04-02','shipped',null,412),(10235,'2004-04-02','2004-04-12','2004-04-06','shipped',null,260),(10236,'2004-04-03','2004-04-11','2004-04-08','shipped',null,486),(10237,'2004-04-05','2004-04-12','2004-04-10','shipped',null,181),(10238,'2004-04-09','2004-04-16','2004-04-10','shipped',null,145),(10239,'2004-04-12','2004-04-21','2004-04-17','shipped',null,311),(10240,'2004-04-13','2004-04-20','2004-04-20','shipped',null,177),(10241,'2004-04-13','2004-04-20','2004-04-19','shipped',null,209),(10242,'2004-04-20','2004-04-28','2004-04-25','shipped','customer is interested in buying more ferrari models',456),(10243,'2004-04-26','2004-05-03','2004-04-28','shipped',null,495),(10244,'2004-04-29','2004-05-09','2004-05-04','shipped',null,141),(10245,'2004-05-04','2004-05-12','2004-05-09','shipped',null,455),(10246,'2004-05-05','2004-05-13','2004-05-06','shipped',null,141),(10247,'2004-05-05','2004-05-11','2004-05-08','shipped',null,334),(10248,'2004-05-07','2004-05-14',null,'cancelled','order was mistakenly placed. the warehouse noticed the lack of documentation.',131),(10249,'2004-05-08','2004-05-17','2004-05-11','shipped','can we deliver the new ford mustang models by end-of-quarter?',173),(10250,'2004-05-11','2004-05-19','2004-05-15','shipped',null,450),(10251,'2004-05-18','2004-05-24','2004-05-24','shipped',null,328),(10252,'2004-05-26','2004-06-04','2004-05-29','shipped',null,406),(10253,'2004-06-01','2004-06-09','2004-06-02','cancelled','customer disputed the order and we agreed to cancel it. we must be more cautions with this customer going forward, since they are very hard to please. we must cover the shipping fees.',201),(10254,'2004-06-03','2004-06-13','2004-06-04','shipped','customer requested that dhl is used for this shipping',323),(10255,'2004-06-04','2004-06-12','2004-06-09','shipped',null,209),(10256,'2004-06-08','2004-06-16','2004-06-10','shipped',null,145),(10257,'2004-06-14','2004-06-24','2004-06-15','shipped',null,450),(10258,'2004-06-15','2004-06-25','2004-06-23','shipped',null,398),(10259,'2004-06-15','2004-06-22','2004-06-17','shipped',null,166),(10260,'2004-06-16','2004-06-22',null,'cancelled','customer heard complaints from their customer and called to cancel this order. will notify the sales manager.',357),(10261,'2004-06-17','2004-06-25','2004-06-22','shipped',null,233),(10262,'2004-06-24','2004-07-01',null,'cancelled','this customer found a better offer from one of our competitors. will call back to renegotiate.',141),(10263,'2004-06-28','2004-07-04','2004-07-02','shipped',null,175),(10264,'2004-06-30','2004-07-06','2004-07-01','shipped','customer will send a truck to our local warehouse on 7/1/2004',362),(10265,'2004-07-02','2004-07-09','2004-07-07','shipped',null,471),(10266,'2004-07-06','2004-07-14','2004-07-10','shipped',null,386),(10267,'2004-07-07','2004-07-17','2004-07-09','shipped',null,151),(10268,'2004-07-12','2004-07-18','2004-07-14','shipped',null,412),(10269,'2004-07-16','2004-07-22','2004-07-18','shipped',null,382),(10270,'2004-07-19','2004-07-27','2004-07-24','shipped','can we renegotiate this one?',282),(10271,'2004-07-20','2004-07-29','2004-07-23','shipped',null,124),(10272,'2004-07-20','2004-07-26','2004-07-22','shipped',null,157),(10273,'2004-07-21','2004-07-28','2004-07-22','shipped',null,314),(10274,'2004-07-21','2004-07-29','2004-07-22','shipped',null,379),(10275,'2004-07-23','2004-08-02','2004-07-29','shipped',null,119),(10276,'2004-08-02','2004-08-11','2004-08-08','shipped',null,204),(10277,'2004-08-04','2004-08-12','2004-08-05','shipped',null,148),(10278,'2004-08-06','2004-08-16','2004-08-09','shipped',null,112),(10279,'2004-08-09','2004-08-19','2004-08-15','shipped','cautious optimism. we have happy customer here, if we can keep them well stocked.  i need all the information i can get on the planned shippments of porches',141),(10280,'2004-08-17','2004-08-27','2004-08-19','shipped',null,249),(10281,'2004-08-19','2004-08-28','2004-08-23','shipped',null,157),(10282,'2004-08-20','2004-08-26','2004-08-22','shipped',null,124),(10283,'2004-08-20','2004-08-30','2004-08-23','shipped',null,260),(10284,'2004-08-21','2004-08-29','2004-08-26','shipped','custom shipping instructions sent to warehouse',299),(10285,'2004-08-27','2004-09-04','2004-08-31','shipped',null,286),(10286,'2004-08-28','2004-09-06','2004-09-01','shipped',null,172),(10287,'2004-08-30','2004-09-06','2004-09-01','shipped',null,298),(10288,'2004-09-01','2004-09-11','2004-09-05','shipped',null,166),(10289,'2004-09-03','2004-09-13','2004-09-04','shipped','we need to keep in close contact with their marketing vp. he is the decision maker for all their purchases.',167),(10290,'2004-09-07','2004-09-15','2004-09-13','shipped',null,198),(10291,'2004-09-08','2004-09-17','2004-09-14','shipped',null,448),(10292,'2004-09-08','2004-09-18','2004-09-11','shipped','they want to reevaluate their terms agreement with finance.',131),(10293,'2004-09-09','2004-09-18','2004-09-14','shipped',null,249),(10294,'2004-09-10','2004-09-17','2004-09-14','shipped',null,204),(10295,'2004-09-10','2004-09-17','2004-09-14','shipped','they want to reevaluate their terms agreement with finance.',362),(10296,'2004-09-15','2004-09-22','2004-09-16','shipped',null,415),(10297,'2004-09-16','2004-09-22','2004-09-21','shipped','we must be cautions with this customer. their vp of sales resigned. company may be heading down.',189),(10298,'2004-09-27','2004-10-05','2004-10-01','shipped',null,103),(10299,'2004-09-30','2004-10-10','2004-10-01','shipped',null,186),(10300,'2003-10-04','2003-10-13','2003-10-09','shipped',null,128),(10301,'2003-10-05','2003-10-15','2003-10-08','shipped',null,299),(10302,'2003-10-06','2003-10-16','2003-10-07','shipped',null,201),(10303,'2004-10-06','2004-10-14','2004-10-09','shipped','customer inquired about remote controlled models and gold models.',484),(10304,'2004-10-11','2004-10-20','2004-10-17','shipped',null,256),(10305,'2004-10-13','2004-10-22','2004-10-15','shipped','check on availability.',286),(10306,'2004-10-14','2004-10-21','2004-10-17','shipped',null,187),(10307,'2004-10-14','2004-10-23','2004-10-20','shipped',null,339),(10308,'2004-10-15','2004-10-24','2004-10-20','shipped','customer requested that fedex ground is used for this shipping',319),(10309,'2004-10-15','2004-10-24','2004-10-18','shipped',null,121),(10310,'2004-10-16','2004-10-24','2004-10-18','shipped',null,259),(10311,'2004-10-16','2004-10-23','2004-10-20','shipped','difficult to negotiate with customer. we need more marketing materials',141),(10312,'2004-10-21','2004-10-27','2004-10-23','shipped',null,124),(10313,'2004-10-22','2004-10-28','2004-10-25','shipped','customer requested that fedex ground is used for this shipping',202),(10314,'2004-10-22','2004-11-01','2004-10-23','shipped',null,227),(10315,'2004-10-29','2004-11-08','2004-10-30','shipped',null,119),(10316,'2004-11-01','2004-11-09','2004-11-07','shipped','customer requested that ad materials (such as posters, pamphlets) be included in the shippment',240),(10317,'2004-11-02','2004-11-12','2004-11-08','shipped',null,161),(10318,'2004-11-02','2004-11-09','2004-11-07','shipped',null,157),(10319,'2004-11-03','2004-11-11','2004-11-06','shipped','customer requested that dhl is used for this shipping',456),(10320,'2004-11-03','2004-11-13','2004-11-07','shipped',null,144),(10321,'2004-11-04','2004-11-12','2004-11-07','shipped',null,462),(10322,'2004-11-04','2004-11-12','2004-11-10','shipped','customer has worked with some of our vendors in the past and is aware of their msrp',363),(10323,'2004-11-05','2004-11-12','2004-11-09','shipped',null,128),(10324,'2004-11-05','2004-11-11','2004-11-08','shipped',null,181),(10325,'2004-11-05','2004-11-13','2004-11-08','shipped',null,121),(10326,'2004-11-09','2004-11-16','2004-11-10','shipped',null,144),(10327,'2004-11-10','2004-11-19','2004-11-13','resolved','order was disputed and resolved on 12/1/04. the sales manager was involved. customer claims the scales of the models don\'t match what was discussed.',145),(10328,'2004-11-12','2004-11-21','2004-11-18','shipped','customer very concerned about the exact color of the models. there is high risk that he may dispute the order because there is a slight color mismatch',278),(10329,'2004-11-15','2004-11-24','2004-11-16','shipped',null,131),(10330,'2004-11-16','2004-11-25','2004-11-21','shipped',null,385),(10331,'2004-11-17','2004-11-23','2004-11-23','shipped','customer requested special shippment. the instructions were passed along to the warehouse',486),(10332,'2004-11-17','2004-11-25','2004-11-18','shipped',null,187),(10333,'2004-11-18','2004-11-27','2004-11-20','shipped',null,129),(10334,'2004-11-19','2004-11-28',null,'on hold','the outstaniding balance for this customer exceeds their credit limit. order will be shipped when a payment is received.',144),(10335,'2004-11-19','2004-11-29','2004-11-23','shipped',null,124),(10336,'2004-11-20','2004-11-26','2004-11-24','shipped','customer requested that dhl is used for this shipping',172),(10337,'2004-11-21','2004-11-30','2004-11-26','shipped',null,424),(10338,'2004-11-22','2004-12-02','2004-11-27','shipped',null,381),(10339,'2004-11-23','2004-11-30','2004-11-30','shipped',null,398),(10340,'2004-11-24','2004-12-01','2004-11-25','shipped','customer is interested in buying more ferrari models',216),(10341,'2004-11-24','2004-12-01','2004-11-29','shipped',null,382),(10342,'2004-11-24','2004-12-01','2004-11-29','shipped',null,114),(10343,'2004-11-24','2004-12-01','2004-11-26','shipped',null,353),(10344,'2004-11-25','2004-12-02','2004-11-29','shipped',null,350),(10345,'2004-11-25','2004-12-01','2004-11-26','shipped',null,103),(10346,'2004-11-29','2004-12-05','2004-11-30','shipped',null,112),(10347,'2004-11-29','2004-12-07','2004-11-30','shipped','can we deliver the new ford mustang models by end-of-quarter?',114),(10348,'2004-11-01','2004-11-08','2004-11-05','shipped',null,458),(10349,'2004-12-01','2004-12-07','2004-12-03','shipped',null,151),(10350,'2004-12-02','2004-12-08','2004-12-05','shipped',null,141),(10351,'2004-12-03','2004-12-11','2004-12-07','shipped',null,324),(10352,'2004-12-03','2004-12-12','2004-12-09','shipped',null,198),(10353,'2004-12-04','2004-12-11','2004-12-05','shipped',null,447),(10354,'2004-12-04','2004-12-10','2004-12-05','shipped',null,323),(10355,'2004-12-07','2004-12-14','2004-12-13','shipped',null,141),(10356,'2004-12-09','2004-12-15','2004-12-12','shipped',null,250),(10357,'2004-12-10','2004-12-16','2004-12-14','shipped',null,124),(10358,'2004-12-10','2004-12-16','2004-12-16','shipped','customer requested that dhl is used for this shipping',141),(10359,'2004-12-15','2004-12-23','2004-12-18','shipped',null,353),(10360,'2004-12-16','2004-12-22','2004-12-18','shipped',null,496),(10361,'2004-12-17','2004-12-24','2004-12-20','shipped',null,282),(10362,'2005-01-05','2005-01-16','2005-01-10','shipped',null,161),(10363,'2005-01-06','2005-01-12','2005-01-10','shipped',null,334),(10364,'2005-01-06','2005-01-17','2005-01-09','shipped',null,350),(10365,'2005-01-07','2005-01-18','2005-01-11','shipped',null,320),(10366,'2005-01-10','2005-01-19','2005-01-12','shipped',null,381),(10367,'2005-01-12','2005-01-21','2005-01-16','resolved','this order was disputed and resolved on 2/1/2005. customer claimed that container with shipment was damaged. fedex\'s investigation proved this wrong.',205),(10368,'2005-01-19','2005-01-27','2005-01-24','shipped','can we renegotiate this one?',124),(10369,'2005-01-20','2005-01-28','2005-01-24','shipped',null,379),(10370,'2005-01-20','2005-02-01','2005-01-25','shipped',null,276),(10371,'2005-01-23','2005-02-03','2005-01-25','shipped',null,124),(10372,'2005-01-26','2005-02-05','2005-01-28','shipped',null,398),(10373,'2005-01-31','2005-02-08','2005-02-06','shipped',null,311),(10374,'2005-02-02','2005-02-09','2005-02-03','shipped',null,333),(10375,'2005-02-03','2005-02-10','2005-02-06','shipped',null,119),(10376,'2005-02-08','2005-02-18','2005-02-13','shipped',null,219),(10377,'2005-02-09','2005-02-21','2005-02-12','shipped','cautious optimism. we have happy customer here, if we can keep them well stocked.  i need all the information i can get on the planned shippments of porches',186),(10378,'2005-02-10','2005-02-18','2005-02-11','shipped',null,141),(10379,'2005-02-10','2005-02-18','2005-02-11','shipped',null,141),(10380,'2005-02-16','2005-02-24','2005-02-18','shipped',null,141),(10381,'2005-02-17','2005-02-25','2005-02-18','shipped',null,321),(10382,'2005-02-17','2005-02-23','2005-02-18','shipped','custom shipping instructions sent to warehouse',124),(10383,'2005-02-22','2005-03-02','2005-02-25','shipped',null,141),(10384,'2005-02-23','2005-03-06','2005-02-27','shipped',null,321),(10385,'2005-02-28','2005-03-09','2005-03-01','shipped',null,124),(10386,'2005-03-01','2005-03-09','2005-03-06','resolved','disputed then resolved on 3/15/2005. customer doesn\'t like the craftsmaship of the models.',141),(10387,'2005-03-02','2005-03-09','2005-03-06','shipped','we need to keep in close contact with their marketing vp. he is the decision maker for all their purchases.',148),(10388,'2005-03-03','2005-03-11','2005-03-09','shipped',null,462),(10389,'2005-03-03','2005-03-09','2005-03-08','shipped',null,448),(10390,'2005-03-04','2005-03-11','2005-03-07','shipped','they want to reevaluate their terms agreement with finance.',124),(10391,'2005-03-09','2005-03-20','2005-03-15','shipped',null,276),(10392,'2005-03-10','2005-03-18','2005-03-12','shipped',null,452),(10393,'2005-03-11','2005-03-22','2005-03-14','shipped','they want to reevaluate their terms agreement with finance.',323),(10394,'2005-03-15','2005-03-25','2005-03-19','shipped',null,141),(10395,'2005-03-17','2005-03-24','2005-03-23','shipped','we must be cautions with this customer. their vp of sales resigned. company may be heading down.',250),(10396,'2005-03-23','2005-04-02','2005-03-28','shipped',null,124),(10397,'2005-03-28','2005-04-09','2005-04-01','shipped',null,242),(10398,'2005-03-30','2005-04-09','2005-03-31','shipped',null,353),(10399,'2005-04-01','2005-04-12','2005-04-03','shipped',null,496),(10400,'2005-04-01','2005-04-11','2005-04-04','shipped','customer requested that dhl is used for this shipping',450),(10401,'2005-04-03','2005-04-14',null,'on hold','customer credit limit exceeded. will ship when a payment is received.',328),(10402,'2005-04-07','2005-04-14','2005-04-12','shipped',null,406),(10403,'2005-04-08','2005-04-18','2005-04-11','shipped',null,201),(10404,'2005-04-08','2005-04-14','2005-04-11','shipped',null,323),(10405,'2005-04-14','2005-04-24','2005-04-20','shipped',null,209),(10406,'2005-04-15','2005-04-25','2005-04-21','disputed','customer claims container with shipment was damaged during shipping and some items were missing. i am talking to fedex about this.',145),(10407,'2005-04-22','2005-05-04',null,'on hold','customer credit limit exceeded. will ship when a payment is received.',450),(10408,'2005-04-22','2005-04-29','2005-04-27','shipped',null,398),(10409,'2005-04-23','2005-05-05','2005-04-24','shipped',null,166),(10410,'2005-04-29','2005-05-10','2005-04-30','shipped',null,357),(10411,'2005-05-01','2005-05-08','2005-05-06','shipped',null,233),(10412,'2005-05-03','2005-05-13','2005-05-05','shipped',null,141),(10413,'2005-05-05','2005-05-14','2005-05-09','shipped','customer requested that dhl is used for this shipping',175),(10414,'2005-05-06','2005-05-13',null,'on hold','customer credit limit exceeded. will ship when a payment is received.',362),(10415,'2005-05-09','2005-05-20','2005-05-12','disputed','customer claims the scales of the models don\'t match what was discussed. i keep all the paperwork though to prove otherwise',471),(10416,'2005-05-10','2005-05-16','2005-05-14','shipped',null,386),(10417,'2005-05-13','2005-05-19','2005-05-19','disputed','customer doesn\'t like the colors and precision of the models.',141),(10418,'2005-05-16','2005-05-24','2005-05-20','shipped',null,412),(10419,'2005-05-17','2005-05-28','2005-05-19','shipped',null,382),(10420,'2005-05-29','2005-06-07',null,'in process',null,282),(10421,'2005-05-29','2005-06-06',null,'in process','custom shipping instructions were sent to warehouse',124),(10422,'2005-05-30','2005-06-11',null,'in process',null,157),(10423,'2005-05-30','2005-06-05',null,'in process',null,314),(10424,'2005-05-31','2005-06-08',null,'in process',null,141),(10425,'2005-05-31','2005-06-07',null,'in process',null,119);

insert  into payment(customernumber,checknumber,paymentdate,amount) values 
(103,'hq336336','2004-10-19','6066.78'),(103,'jm555205','2003-06-05','14571.44'),(103,'om314933','2004-12-18','1676.14'),(112,'bo864823','2004-12-17','14191.12'),(112,'hq55022','2003-06-06','32641.98'),(112,'nd748579','2004-08-20','33347.88'),(114,'gg31455','2003-05-20','45864.03'),(114,'ma765515','2004-12-15','82261.22'),(114,'np603840','2003-05-31','7565.08'),(114,'nr27552','2004-03-10','44894.74'),(119,'db933704','2004-11-14','19501.82'),(119,'ln373447','2004-08-08','47924.19'),(119,'ng94694','2005-02-22','49523.67'),(121,'db889831','2003-02-16','50218.95'),(121,'fd317790','2003-10-28','1491.38'),(121,'ki831359','2004-11-04','17876.32'),(121,'ma302151','2004-11-28','34638.14'),(124,'ae215433','2005-03-05','101244.59'),(124,'bg255406','2004-08-28','85410.87'),(124,'cq287967','2003-04-11','11044.30'),(124,'et64396','2005-04-16','83598.04'),(124,'hi366474','2004-12-27','47142.70'),(124,'hr86578','2004-11-02','55639.66'),(124,'ki131716','2003-08-15','111654.40'),(124,'lf217299','2004-03-26','43369.30'),(124,'nt141748','2003-11-25','45084.38'),(128,'di925118','2003-01-28','10549.01'),(128,'fa465482','2003-10-18','24101.81'),(128,'fh668230','2004-03-24','33820.62'),(128,'ip383901','2004-11-18','7466.32'),(129,'dm826140','2004-12-08','26248.78'),(129,'id449593','2003-12-11','23923.93'),(129,'pi42991','2003-04-09','16537.85'),(131,'cl442705','2003-03-12','22292.62'),(131,'ma724562','2004-12-02','50025.35'),(131,'nb445135','2004-09-11','35321.97'),(141,'au364101','2003-07-19','36251.03'),(141,'db583216','2004-11-01','36140.38'),(141,'dl460618','2005-05-19','46895.48'),(141,'hj32686','2004-01-30','59830.55'),(141,'id10962','2004-12-31','116208.40'),(141,'in446258','2005-03-25','65071.26'),(141,'je105477','2005-03-18','120166.58'),(141,'jn355280','2003-10-26','49539.37'),(141,'jn722010','2003-02-25','40206.20'),(141,'kt52578','2003-12-09','63843.55'),(141,'mc46946','2004-07-09','35420.74'),(141,'mf629602','2004-08-16','20009.53'),(141,'nu627706','2004-05-17','26155.91'),(144,'ir846303','2004-12-12','36005.71'),(144,'la685678','2003-04-09','7674.94'),(145,'cn328545','2004-07-03','4710.73'),(145,'ed39322','2004-04-26','28211.70'),(145,'hr182688','2004-12-01','20564.86'),(145,'jj246391','2003-02-20','53959.21'),(146,'fp549817','2004-03-18','40978.53'),(146,'fu793410','2004-01-16','49614.72'),(146,'lj160635','2003-12-10','39712.10'),(148,'bi507030','2003-04-22','44380.15'),(148,'dd635282','2004-08-11','2611.84'),(148,'km172879','2003-12-26','105743.00'),(148,'me497970','2005-03-27','3516.04'),(151,'bf686658','2003-12-22','58793.53'),(151,'gb852215','2004-07-26','20314.44'),(151,'ip568906','2003-06-18','58841.35'),(151,'ki884577','2004-12-14','39964.63'),(157,'hi618861','2004-11-19','35152.12'),(157,'nn711988','2004-09-07','63357.13'),(161,'br352384','2004-11-14','2434.25'),(161,'br478494','2003-11-18','50743.65'),(161,'kg644125','2005-02-02','12692.19'),(161,'ni908214','2003-08-05','38675.13'),(166,'bq327613','2004-09-16','38785.48'),(166,'dc979307','2004-07-07','44160.92'),(166,'la318629','2004-02-28','22474.17'),(167,'ed743615','2004-09-19','12538.01'),(167,'gn228846','2003-12-03','85024.46'),(171,'gb878038','2004-03-15','18997.89'),(171,'il104425','2003-11-22','42783.81'),(172,'ad832091','2004-09-09','1960.80'),(172,'ce51751','2004-12-04','51209.58'),(172,'eh208589','2003-04-20','33383.14'),(173,'gp545698','2004-05-13','11843.45'),(173,'ig462397','2004-03-29','20355.24'),(175,'citi3434344','2005-05-19','28500.78'),(175,'io448913','2003-11-19','24879.08'),(175,'pi15215','2004-07-10','42044.77'),(177,'au750837','2004-04-17','15183.63'),(177,'ci381435','2004-01-19','47177.59'),(181,'cm564612','2004-04-25','22602.36'),(181,'gq132144','2003-01-30','5494.78'),(181,'oh367219','2004-11-16','44400.50'),(186,'ae192287','2005-03-10','23602.90'),(186,'ak412714','2003-10-27','37602.48'),(186,'ka602407','2004-10-21','34341.08'),(187,'am968797','2004-11-03','52825.29'),(187,'bq39062','2004-12-08','47159.11'),(187,'kl124726','2003-03-27','48425.69'),(189,'bo711618','2004-10-03','17359.53'),(189,'nm916675','2004-03-01','32538.74'),(198,'fi192930','2004-12-06','9658.74'),(198,'hq920205','2003-07-06','6036.96'),(198,'is946883','2004-09-21','5858.56'),(201,'dp677013','2003-10-20','23908.24'),(201,'oo846801','2004-06-15','37258.94'),(202,'hi358554','2003-12-18','36527.61'),(202,'iq627690','2004-11-08','33594.58'),(204,'gc697638','2004-08-13','51152.86'),(204,'is150005','2004-09-24','4424.40'),(205,'gl756480','2003-12-04','3879.96'),(205,'ll562733','2003-09-05','50342.74'),(205,'nm739638','2005-02-06','39580.60'),(209,'boaf82044','2005-05-03','35157.75'),(209,'ed520529','2004-06-21','4632.31'),(209,'ph785937','2004-05-04','36069.26'),(211,'bj535230','2003-12-09','45480.79'),(216,'bg407567','2003-05-09','3101.40'),(216,'ml780814','2004-12-06','24945.21'),(216,'mm342086','2003-12-14','40473.86'),(219,'bn17870','2005-03-02','3452.75'),(219,'br941480','2003-10-18','4465.85'),(227,'mq413968','2003-10-31','36164.46'),(227,'nu21326','2004-11-02','53745.34'),(233,'bofa23232','2005-05-20','29070.38'),(233,'ii180006','2004-07-01','22997.45'),(233,'jg981190','2003-11-18','16909.84'),(239,'nq865547','2004-03-15','80375.24'),(240,'if245157','2004-11-16','46788.14'),(240,'jo719695','2004-03-28','24995.61'),(242,'af40894','2003-11-22','33818.34'),(242,'hr224331','2005-06-03','12432.32'),(242,'ki744716','2003-07-21','14232.70'),(249,'ij399820','2004-09-19','33924.24'),(249,'ne404084','2004-09-04','48298.99'),(250,'eq12267','2005-05-17','17928.09'),(250,'hd284647','2004-12-30','26311.63'),(250,'hn114306','2003-07-18','23419.47'),(256,'ep227123','2004-02-10','5759.42'),(256,'he84936','2004-10-22','53116.99'),(259,'eu280955','2004-11-06','61234.67'),(259,'gb361972','2003-12-07','27988.47'),(260,'io164641','2004-08-30','37527.58'),(260,'nh776924','2004-04-24','29284.42'),(276,'em979878','2005-02-09','27083.78'),(276,'km841847','2003-11-13','38547.19'),(276,'le432182','2003-09-28','41554.73'),(276,'oj819725','2005-04-30','29848.52'),(278,'bj483870','2004-12-05','37654.09'),(278,'gp636783','2003-03-02','52151.81'),(278,'ni983021','2003-11-24','37723.79'),(282,'ia793562','2003-08-03','24013.52'),(282,'jt819493','2004-08-02','35806.73'),(282,'od327378','2005-01-03','31835.36'),(286,'dr578578','2004-10-28','47411.33'),(286,'kh910279','2004-09-05','43134.04'),(298,'aj574927','2004-03-13','47375.92'),(298,'lf501133','2004-09-18','61402.00'),(299,'ad304085','2003-10-24','36798.88'),(299,'nr157385','2004-09-05','32260.16'),(311,'dg336041','2005-02-15','46770.52'),(311,'fa728475','2003-10-06','32723.04'),(311,'nq966143','2004-04-25','16212.59'),(314,'lq244073','2004-08-09','45352.47'),(314,'md809704','2004-03-03','16901.38'),(319,'hl685576','2004-11-06','42339.76'),(319,'om548174','2003-12-07','36092.40'),(320,'gj597719','2005-01-18','8307.28'),(320,'ho576374','2003-08-20','41016.75'),(320,'mu817160','2003-11-24','52548.49'),(321,'dj15149','2003-11-03','85559.12'),(321,'la556321','2005-03-15','46781.66'),(323,'al493079','2005-05-23','75020.13'),(323,'es347491','2004-06-24','37281.36'),(323,'hg738664','2003-07-05','2880.00'),(323,'pq803830','2004-12-24','39440.59'),(324,'dq409197','2004-12-13','13671.82'),(324,'fp443161','2003-07-07','29429.14'),(324,'hb150714','2003-11-23','37455.77'),(328,'en930356','2004-04-16','7178.66'),(328,'nr631421','2004-05-30','31102.85'),(333,'hl209210','2003-11-15','23936.53'),(333,'jk479662','2003-10-17','9821.32'),(333,'nf959653','2005-03-01','21432.31'),(334,'cs435306','2005-01-27','45785.34'),(334,'hh517378','2003-08-16','29716.86'),(334,'lf737277','2004-05-22','28394.54'),(339,'ap286625','2004-10-24','23333.06'),(339,'da98827','2003-11-28','34606.28'),(344,'af246722','2003-11-24','31428.21'),(344,'nj906924','2004-04-02','15322.93'),(347,'dg700707','2004-01-18','21053.69'),(347,'lg808674','2003-10-24','20452.50'),(350,'bq602907','2004-12-11','18888.31'),(350,'ci471510','2003-05-25','50824.66'),(350,'ob648482','2005-01-29','1834.56'),(353,'co351193','2005-01-10','49705.52'),(353,'ed878227','2003-07-21','13920.26'),(353,'gt878649','2003-05-21','16700.47'),(353,'hj618252','2005-06-09','46656.94'),(357,'ag240323','2003-12-16','20220.04'),(357,'nb291497','2004-05-15','36442.34'),(362,'fp170292','2004-07-11','18473.71'),(362,'og208861','2004-09-21','15059.76'),(363,'hl575273','2004-11-17','50799.69'),(363,'is232033','2003-01-16','10223.83'),(363,'pn238558','2003-12-05','55425.77'),(379,'ca762595','2005-02-12','28322.83'),(379,'fr499138','2003-09-16','32680.31'),(379,'gb890854','2004-08-02','12530.51'),(381,'bc726082','2004-12-03','12081.52'),(381,'cc475233','2003-04-19','1627.56'),(381,'gb117430','2005-02-03','14379.90'),(381,'ms154481','2003-08-22','1128.20'),(382,'cc871084','2003-05-12','35826.33'),(382,'ct821147','2004-08-01','6419.84'),(382,'ph29054','2004-11-27','42813.83'),(385,'bn347084','2003-12-02','20644.24'),(385,'cp804873','2004-11-19','15822.84'),(385,'ek785462','2003-03-09','51001.22'),(386,'do106109','2003-11-18','38524.29'),(386,'hg438769','2004-07-18','51619.02'),(398,'aj478695','2005-02-14','33967.73'),(398,'do787644','2004-06-21','22037.91'),(398,'jpmr4544','2005-05-18','615.45'),(398,'kb54275','2004-11-29','48927.64'),(406,'bjmpr4545','2005-04-23','12190.85'),(406,'hj217687','2004-01-28','49165.16'),(406,'na197101','2004-06-17','25080.96'),(412,'gh197075','2004-07-25','35034.57'),(412,'pj434867','2004-04-14','31670.37'),(415,'er54537','2004-09-28','31310.09'),(424,'kf480160','2004-12-07','25505.98'),(424,'lm271923','2003-04-16','21665.98'),(424,'oa595449','2003-10-31','22042.37'),(447,'ao757239','2003-09-15','6631.36'),(447,'er615123','2003-06-25','17032.29'),(447,'ou516561','2004-12-17','26304.13'),(448,'fs299615','2005-04-18','27966.54'),(448,'kr822727','2004-09-30','48809.90'),(450,'ef485824','2004-06-21','59551.38'),(452,'ed473873','2003-11-15','27121.90'),(452,'fn640986','2003-11-20','15130.97'),(452,'hg635467','2005-05-03','8807.12'),(455,'ha777606','2003-12-05','38139.18'),(455,'ir662429','2004-05-12','32239.47'),(456,'gj715659','2004-11-13','27550.51'),(456,'mo743231','2004-04-30','1679.92'),(458,'dd995006','2004-11-15','33145.56'),(458,'na377824','2004-02-06','22162.61'),(458,'oo606861','2003-06-13','57131.92'),(462,'ed203908','2005-04-15','30293.77'),(462,'gc60330','2003-11-08','9977.85'),(462,'pe176846','2004-11-27','48355.87'),(471,'ab661578','2004-07-28','9415.13'),(471,'co645196','2003-12-10','35505.63'),(473,'ll427009','2004-02-17','7612.06'),(473,'pc688499','2003-10-27','17746.26'),(475,'jp113227','2003-12-09','7678.25'),(475,'pb951268','2004-02-13','36070.47'),(484,'gk294076','2004-10-26','3474.66'),(484,'jh546765','2003-11-29','47513.19'),(486,'bl66528','2004-04-14','5899.38'),(486,'hs86661','2004-11-23','45994.07'),(486,'jb117768','2003-03-20','25833.14'),(487,'ah612904','2003-09-28','29997.09'),(487,'pt550181','2004-02-29','12573.28'),(489,'oc773849','2003-12-04','22275.73'),(489,'po860906','2004-01-31','7310.42'),(495,'bh167026','2003-12-26','59265.14'),(495,'fn155234','2004-05-14','6276.60'),(496,'eu531600','2005-05-25','30253.75'),(496,'mb342426','2003-07-16','32077.44'),(496,'mn89921','2004-12-31','52166.00');

insert  into orderdetail(ordernumber,productcode,quantityordered,priceeach,orderlinenumber) values 
(10100,'s18_1749',30,'136.00',3),(10100,'s18_2248',50,'55.09',2),(10100,'s18_4409',22,'75.46',4),(10100,'s24_3969',49,'35.29',1),(10101,'s18_2325',25,'108.06',4),(10101,'s18_2795',26,'167.06',1),(10101,'s24_1937',45,'32.53',3),(10101,'s24_2022',46,'44.35',2),(10102,'s18_1342',39,'95.55',2),(10102,'s18_1367',41,'43.13',1),(10103,'s10_1949',26,'214.30',11),(10103,'s10_4962',42,'119.67',4),(10103,'s12_1666',27,'121.64',8),(10103,'s18_1097',35,'94.50',10),(10103,'s18_2432',22,'58.34',2),(10103,'s18_2949',27,'92.19',12),(10103,'s18_2957',35,'61.84',14),(10103,'s18_3136',25,'86.92',13),(10103,'s18_3320',46,'86.31',16),(10103,'s18_4600',36,'98.07',5),(10103,'s18_4668',41,'40.75',9),(10103,'s24_2300',36,'107.34',1),(10103,'s24_4258',25,'88.62',15),(10103,'s32_1268',31,'92.46',3),(10103,'s32_3522',45,'63.35',7),(10103,'s700_2824',42,'94.07',6),(10104,'s12_3148',34,'131.44',1),(10104,'s12_4473',41,'111.39',9),(10104,'s18_2238',24,'135.90',8),(10104,'s18_2319',29,'122.73',12),(10104,'s18_3232',23,'165.95',13),(10104,'s18_4027',38,'119.20',3),(10104,'s24_1444',35,'52.02',6),(10104,'s24_2840',44,'30.41',10),(10104,'s24_4048',26,'106.45',5),(10104,'s32_2509',35,'51.95',11),(10104,'s32_3207',49,'56.55',4),(10104,'s50_1392',33,'114.59',7),(10104,'s50_1514',32,'53.31',2),(10105,'s10_4757',50,'127.84',2),(10105,'s12_1108',41,'205.72',15),(10105,'s12_3891',29,'141.88',14),(10105,'s18_3140',22,'136.59',11),(10105,'s18_3259',38,'87.73',13),(10105,'s18_4522',41,'75.48',10),(10105,'s24_2011',43,'117.97',9),(10105,'s24_3151',44,'73.46',4),(10105,'s24_3816',50,'75.47',1),(10105,'s700_1138',41,'54.00',5),(10105,'s700_1938',29,'86.61',12),(10105,'s700_2610',31,'60.72',3),(10105,'s700_3505',39,'92.16',6),(10105,'s700_3962',22,'99.31',7),(10105,'s72_3212',25,'44.77',8),(10106,'s18_1662',36,'134.04',12),(10106,'s18_2581',34,'81.10',2),(10106,'s18_3029',41,'80.86',18),(10106,'s18_3856',41,'94.22',17),(10106,'s24_1785',28,'107.23',4),(10106,'s24_2841',49,'65.77',13),(10106,'s24_3420',31,'55.89',14),(10106,'s24_3949',50,'55.96',11),(10106,'s24_4278',26,'71.00',3),(10106,'s32_4289',33,'65.35',5),(10106,'s50_1341',39,'35.78',6),(10106,'s700_1691',31,'91.34',7),(10106,'s700_2047',30,'85.09',16),(10106,'s700_2466',34,'99.72',9),(10106,'s700_2834',32,'113.90',1),(10106,'s700_3167',44,'76.00',8),(10106,'s700_4002',48,'70.33',10),(10106,'s72_1253',48,'43.70',15),(10107,'s10_1678',30,'81.35',2),(10107,'s10_2016',39,'105.86',5),(10107,'s10_4698',27,'172.36',4),(10107,'s12_2823',21,'122.00',1),(10107,'s18_2625',29,'52.70',6),(10107,'s24_1578',25,'96.92',3),(10107,'s24_2000',38,'73.12',7),(10107,'s32_1374',20,'88.90',8),(10108,'s12_1099',33,'165.38',6),(10108,'s12_3380',45,'96.30',4),(10108,'s12_3990',39,'75.81',7),(10108,'s12_4675',36,'107.10',3),(10108,'s18_1889',38,'67.76',2),(10108,'s18_3278',26,'73.17',9),(10108,'s18_3482',29,'132.29',8),(10108,'s18_3782',43,'52.84',12),(10108,'s18_4721',44,'139.87',11),(10108,'s24_2360',35,'64.41',15),(10108,'s24_3371',30,'60.01',5),(10108,'s24_3856',40,'132.00',1),(10108,'s24_4620',31,'67.10',10),(10108,'s32_2206',27,'36.21',13),(10108,'s32_4485',31,'87.76',16),(10108,'s50_4713',34,'74.85',14),(10109,'s18_1129',26,'117.48',4),(10109,'s18_1984',38,'137.98',3),(10109,'s18_2870',26,'126.72',1),(10109,'s18_3232',46,'160.87',5),(10109,'s18_3685',47,'125.74',2),(10109,'s24_2972',29,'32.10',6),(10110,'s18_1589',37,'118.22',16),(10110,'s18_1749',42,'153.00',7),(10110,'s18_2248',32,'51.46',6),(10110,'s18_2325',33,'115.69',4),(10110,'s18_2795',31,'163.69',1),(10110,'s18_4409',28,'81.91',8),(10110,'s18_4933',42,'62.00',9),(10110,'s24_1046',36,'72.02',13),(10110,'s24_1628',29,'43.27',15),(10110,'s24_1937',20,'28.88',3),(10110,'s24_2022',39,'40.77',2),(10110,'s24_2766',43,'82.69',11),(10110,'s24_2887',46,'112.74',10),(10110,'s24_3191',27,'80.47',12),(10110,'s24_3432',37,'96.37',14),(10110,'s24_3969',48,'35.29',5),(10111,'s18_1342',33,'87.33',6),(10111,'s18_1367',48,'48.52',5),(10111,'s18_2957',28,'53.09',2),(10111,'s18_3136',43,'94.25',1),(10111,'s18_3320',39,'91.27',4),(10111,'s24_4258',26,'85.70',3),(10112,'s10_1949',29,'197.16',1),(10112,'s18_2949',23,'85.10',2),(10113,'s12_1666',21,'121.64',2),(10113,'s18_1097',49,'101.50',4),(10113,'s18_4668',50,'43.27',3),(10113,'s32_3522',23,'58.82',1),(10114,'s10_4962',31,'128.53',8),(10114,'s18_2319',39,'106.78',3),(10114,'s18_2432',45,'53.48',6),(10114,'s18_3232',48,'169.34',4),(10114,'s18_4600',41,'105.34',9),(10114,'s24_2300',21,'102.23',5),(10114,'s24_2840',24,'28.64',1),(10114,'s32_1268',32,'88.61',7),(10114,'s32_2509',28,'43.83',2),(10114,'s700_2824',42,'82.94',10),(10115,'s12_4473',46,'111.39',5),(10115,'s18_2238',46,'140.81',4),(10115,'s24_1444',47,'56.64',2),(10115,'s24_4048',44,'106.45',1),(10115,'s50_1392',27,'100.70',3),(10116,'s32_3207',27,'60.28',1),(10117,'s12_1108',33,'195.33',9),(10117,'s12_3148',43,'148.06',10),(10117,'s12_3891',39,'173.02',8),(10117,'s18_3140',26,'121.57',5),(10117,'s18_3259',21,'81.68',7),(10117,'s18_4027',22,'122.08',12),(10117,'s18_4522',23,'73.73',4),(10117,'s24_2011',41,'119.20',3),(10117,'s50_1514',21,'55.65',11),(10117,'s700_1938',38,'75.35',6),(10117,'s700_3962',45,'89.38',1),(10117,'s72_3212',50,'52.42',2),(10118,'s700_3505',36,'86.15',1),(10119,'s10_4757',46,'112.88',11),(10119,'s18_1662',43,'151.38',3),(10119,'s18_3029',21,'74.84',9),(10119,'s18_3856',27,'95.28',8),(10119,'s24_2841',41,'64.40',4),(10119,'s24_3151',35,'72.58',13),(10119,'s24_3420',20,'63.12',5),(10119,'s24_3816',35,'82.18',10),(10119,'s24_3949',28,'62.10',2),(10119,'s700_1138',25,'57.34',14),(10119,'s700_2047',29,'74.23',7),(10119,'s700_2610',38,'67.22',12),(10119,'s700_4002',26,'63.67',1),(10119,'s72_1253',28,'40.22',6),(10120,'s10_2016',29,'118.94',3),(10120,'s10_4698',46,'158.80',2),(10120,'s18_2581',29,'82.79',8),(10120,'s18_2625',46,'57.54',4),(10120,'s24_1578',35,'110.45',1),(10120,'s24_1785',39,'93.01',10),(10120,'s24_2000',34,'72.36',5),(10120,'s24_4278',29,'71.73',9),(10120,'s32_1374',22,'94.90',6),(10120,'s32_4289',29,'68.79',11),(10120,'s50_1341',49,'41.46',12),(10120,'s700_1691',47,'91.34',13),(10120,'s700_2466',24,'81.77',15),(10120,'s700_2834',24,'106.79',7),(10120,'s700_3167',43,'72.00',14),(10121,'s10_1678',34,'86.13',5),(10121,'s12_2823',50,'126.52',4),(10121,'s24_2360',32,'58.18',2),(10121,'s32_4485',25,'95.93',3),(10121,'s50_4713',44,'72.41',1),(10122,'s12_1099',42,'155.66',10),(10122,'s12_3380',37,'113.92',8),(10122,'s12_3990',32,'65.44',11),(10122,'s12_4675',20,'104.80',7),(10122,'s18_1129',34,'114.65',2),(10122,'s18_1889',43,'62.37',6),(10122,'s18_1984',31,'113.80',1),(10122,'s18_3232',25,'137.17',3),(10122,'s18_3278',21,'69.15',13),(10122,'s18_3482',21,'133.76',12),(10122,'s18_3782',35,'59.06',16),(10122,'s18_4721',28,'145.82',15),(10122,'s24_2972',39,'34.74',4),(10122,'s24_3371',34,'50.82',9),(10122,'s24_3856',43,'136.22',5),(10122,'s24_4620',29,'67.10',14),(10122,'s32_2206',31,'33.79',17),(10123,'s18_1589',26,'120.71',2),(10123,'s18_2870',46,'114.84',3),(10123,'s18_3685',34,'117.26',4),(10123,'s24_1628',50,'43.27',1),(10124,'s18_1749',21,'153.00',6),(10124,'s18_2248',42,'58.12',5),(10124,'s18_2325',42,'111.87',3),(10124,'s18_4409',36,'75.46',7),(10124,'s18_4933',23,'66.28',8),(10124,'s24_1046',22,'62.47',12),(10124,'s24_1937',45,'30.53',2),(10124,'s24_2022',22,'36.29',1),(10124,'s24_2766',32,'74.51',10),(10124,'s24_2887',25,'93.95',9),(10124,'s24_3191',49,'76.19',11),(10124,'s24_3432',43,'101.73',13),(10124,'s24_3969',46,'36.11',4),(10125,'s18_1342',32,'89.38',1),(10125,'s18_2795',34,'138.38',2),(10126,'s10_1949',38,'205.73',11),(10126,'s10_4962',22,'122.62',4),(10126,'s12_1666',21,'135.30',8),(10126,'s18_1097',38,'116.67',10),(10126,'s18_1367',42,'51.21',17),(10126,'s18_2432',43,'51.05',2),(10126,'s18_2949',31,'93.21',12),(10126,'s18_2957',46,'61.84',14),(10126,'s18_3136',30,'93.20',13),(10126,'s18_3320',38,'94.25',16),(10126,'s18_4600',50,'102.92',5),(10126,'s18_4668',43,'47.29',9),(10126,'s24_2300',27,'122.68',1),(10126,'s24_4258',34,'83.76',15),(10126,'s32_1268',43,'82.83',3),(10126,'s32_3522',26,'62.05',7),(10126,'s700_2824',45,'97.10',6),(10127,'s12_1108',46,'193.25',2),(10127,'s12_3148',46,'140.50',3),(10127,'s12_3891',42,'169.56',1),(10127,'s12_4473',24,'100.73',11),(10127,'s18_2238',45,'140.81',10),(10127,'s18_2319',45,'114.14',14),(10127,'s18_3232',22,'149.02',15),(10127,'s18_4027',25,'126.39',5),(10127,'s24_1444',20,'50.86',8),(10127,'s24_2840',39,'34.30',12),(10127,'s24_4048',20,'107.63',7),(10127,'s32_2509',45,'46.53',13),(10127,'s32_3207',29,'60.90',6),(10127,'s50_1392',46,'111.12',9),(10127,'s50_1514',46,'55.65',4),(10128,'s18_3140',41,'120.20',2),(10128,'s18_3259',41,'80.67',4),(10128,'s18_4522',43,'77.24',1),(10128,'s700_1938',32,'72.75',3),(10129,'s10_4757',33,'123.76',2),(10129,'s24_2011',45,'113.06',9),(10129,'s24_3151',41,'81.43',4),(10129,'s24_3816',50,'76.31',1),(10129,'s700_1138',31,'58.67',5),(10129,'s700_2610',45,'72.28',3),(10129,'s700_3505',42,'90.15',6),(10129,'s700_3962',30,'94.34',7),(10129,'s72_3212',32,'44.23',8),(10130,'s18_3029',40,'68.82',2),(10130,'s18_3856',33,'99.52',1),(10131,'s18_1662',21,'141.92',4),(10131,'s24_2841',35,'60.97',5),(10131,'s24_3420',29,'52.60',6),(10131,'s24_3949',50,'54.59',3),(10131,'s700_2047',22,'76.94',8),(10131,'s700_2466',40,'86.76',1),(10131,'s700_4002',26,'63.67',2),(10131,'s72_1253',21,'40.22',7),(10132,'s700_3167',36,'80.00',1),(10133,'s18_2581',49,'80.26',3),(10133,'s24_1785',41,'109.42',5),(10133,'s24_4278',46,'61.58',4),(10133,'s32_1374',23,'80.91',1),(10133,'s32_4289',49,'67.41',6),(10133,'s50_1341',27,'37.09',7),(10133,'s700_1691',24,'76.73',8),(10133,'s700_2834',27,'115.09',2),(10134,'s10_1678',41,'90.92',2),(10134,'s10_2016',27,'116.56',5),(10134,'s10_4698',31,'187.85',4),(10134,'s12_2823',20,'131.04',1),(10134,'s18_2625',30,'51.48',6),(10134,'s24_1578',35,'94.67',3),(10134,'s24_2000',43,'75.41',7),(10135,'s12_1099',42,'173.17',7),(10135,'s12_3380',48,'110.39',5),(10135,'s12_3990',24,'72.62',8),(10135,'s12_4675',29,'103.64',4),(10135,'s18_1889',48,'66.99',3),(10135,'s18_3278',45,'65.94',10),(10135,'s18_3482',42,'139.64',9),(10135,'s18_3782',45,'49.74',13),(10135,'s18_4721',31,'133.92',12),(10135,'s24_2360',29,'67.18',16),(10135,'s24_2972',20,'34.36',1),(10135,'s24_3371',27,'52.05',6),(10135,'s24_3856',47,'139.03',2),(10135,'s24_4620',23,'76.80',11),(10135,'s32_2206',33,'38.62',14),(10135,'s32_4485',30,'91.85',17),(10135,'s50_4713',44,'78.92',15),(10136,'s18_1129',25,'117.48',2),(10136,'s18_1984',36,'120.91',1),(10136,'s18_3232',41,'169.34',3),(10137,'s18_1589',44,'115.73',2),(10137,'s18_2870',37,'110.88',3),(10137,'s18_3685',31,'118.68',4),(10137,'s24_1628',26,'40.25',1),(10138,'s18_1749',33,'149.60',6),(10138,'s18_2248',22,'51.46',5),(10138,'s18_2325',38,'114.42',3),(10138,'s18_4409',47,'79.15',7),(10138,'s18_4933',23,'64.86',8),(10138,'s24_1046',45,'59.53',12),(10138,'s24_1937',22,'33.19',2),(10138,'s24_2022',33,'38.53',1),(10138,'s24_2766',28,'73.60',10),(10138,'s24_2887',30,'96.30',9),(10138,'s24_3191',49,'77.05',11),(10138,'s24_3432',21,'99.58',13),(10138,'s24_3969',29,'32.82',4),(10139,'s18_1342',31,'89.38',7),(10139,'s18_1367',49,'52.83',6),(10139,'s18_2795',41,'151.88',8),(10139,'s18_2949',46,'91.18',1),(10139,'s18_2957',20,'52.47',3),(10139,'s18_3136',20,'101.58',2),(10139,'s18_3320',30,'81.35',5),(10139,'s24_4258',29,'93.49',4),(10140,'s10_1949',37,'186.44',11),(10140,'s10_4962',26,'131.49',4),(10140,'s12_1666',38,'118.90',8),(10140,'s18_1097',32,'95.67',10),(10140,'s18_2432',46,'51.05',2),(10140,'s18_4600',40,'100.50',5),(10140,'s18_4668',29,'40.25',9),(10140,'s24_2300',47,'118.84',1),(10140,'s32_1268',26,'87.64',3),(10140,'s32_3522',28,'62.05',7),(10140,'s700_2824',36,'101.15',6),(10141,'s12_4473',21,'114.95',5),(10141,'s18_2238',39,'160.46',4),(10141,'s18_2319',47,'103.09',8),(10141,'s18_3232',34,'143.94',9),(10141,'s24_1444',20,'50.86',2),(10141,'s24_2840',21,'32.18',6),(10141,'s24_4048',40,'104.09',1),(10141,'s32_2509',24,'53.03',7),(10141,'s50_1392',44,'94.92',3),(10142,'s12_1108',33,'166.24',12),(10142,'s12_3148',33,'140.50',13),(10142,'s12_3891',46,'167.83',11),(10142,'s18_3140',47,'129.76',8),(10142,'s18_3259',22,'95.80',10),(10142,'s18_4027',24,'122.08',15),(10142,'s18_4522',24,'79.87',7),(10142,'s24_2011',33,'114.29',6),(10142,'s24_3151',49,'74.35',1),(10142,'s32_3207',42,'60.90',16),(10142,'s50_1514',42,'56.24',14),(10142,'s700_1138',41,'55.34',2),(10142,'s700_1938',43,'77.08',9),(10142,'s700_3505',21,'92.16',3),(10142,'s700_3962',38,'91.37',4),(10142,'s72_3212',39,'46.96',5),(10143,'s10_4757',49,'133.28',15),(10143,'s18_1662',32,'126.15',7),(10143,'s18_3029',46,'70.54',13),(10143,'s18_3856',34,'99.52',12),(10143,'s24_2841',27,'63.71',8),(10143,'s24_3420',33,'59.83',9),(10143,'s24_3816',23,'74.64',14),(10143,'s24_3949',28,'55.96',6),(10143,'s50_1341',34,'34.91',1),(10143,'s700_1691',36,'86.77',2),(10143,'s700_2047',26,'87.80',11),(10143,'s700_2466',26,'79.78',4),(10143,'s700_2610',31,'69.39',16),(10143,'s700_3167',28,'70.40',3),(10143,'s700_4002',34,'65.15',5),(10143,'s72_1253',37,'49.66',10),(10144,'s32_4289',20,'56.41',1),(10145,'s10_1678',45,'76.56',6),(10145,'s10_2016',37,'104.67',9),(10145,'s10_4698',33,'154.93',8),(10145,'s12_2823',49,'146.10',5),(10145,'s18_2581',30,'71.81',14),(10145,'s18_2625',30,'52.70',10),(10145,'s24_1578',43,'103.68',7),(10145,'s24_1785',40,'87.54',16),(10145,'s24_2000',47,'63.98',11),(10145,'s24_2360',27,'56.10',3),(10145,'s24_4278',33,'71.73',15),(10145,'s32_1374',33,'99.89',12),(10145,'s32_2206',31,'39.43',1),(10145,'s32_4485',27,'95.93',4),(10145,'s50_4713',38,'73.22',2),(10145,'s700_2834',20,'113.90',13),(10146,'s18_3782',47,'60.30',2),(10146,'s18_4721',29,'130.94',1),(10147,'s12_1099',48,'161.49',7),(10147,'s12_3380',31,'110.39',5),(10147,'s12_3990',21,'74.21',8),(10147,'s12_4675',33,'97.89',4),(10147,'s18_1889',26,'70.84',3),(10147,'s18_3278',36,'74.78',10),(10147,'s18_3482',37,'129.35',9),(10147,'s24_2972',25,'33.23',1),(10147,'s24_3371',30,'48.98',6),(10147,'s24_3856',23,'123.58',2),(10147,'s24_4620',31,'72.76',11),(10148,'s18_1129',23,'114.65',13),(10148,'s18_1589',47,'108.26',9),(10148,'s18_1984',25,'136.56',12),(10148,'s18_2870',27,'113.52',10),(10148,'s18_3232',32,'143.94',14),(10148,'s18_3685',28,'135.63',11),(10148,'s18_4409',34,'83.75',1),(10148,'s18_4933',29,'66.28',2),(10148,'s24_1046',25,'65.41',6),(10148,'s24_1628',47,'46.29',8),(10148,'s24_2766',21,'77.24',4),(10148,'s24_2887',34,'115.09',3),(10148,'s24_3191',31,'71.91',5),(10148,'s24_3432',27,'96.37',7),(10149,'s18_1342',50,'87.33',4),(10149,'s18_1367',30,'48.52',3),(10149,'s18_1749',34,'156.40',11),(10149,'s18_2248',24,'50.85',10),(10149,'s18_2325',33,'125.86',8),(10149,'s18_2795',23,'167.06',5),(10149,'s18_3320',42,'89.29',2),(10149,'s24_1937',36,'31.20',7),(10149,'s24_2022',49,'39.87',6),(10149,'s24_3969',26,'38.57',9),(10149,'s24_4258',20,'90.57',1),(10150,'s10_1949',45,'182.16',8),(10150,'s10_4962',20,'121.15',1),(10150,'s12_1666',30,'135.30',5),(10150,'s18_1097',34,'95.67',7),(10150,'s18_2949',47,'93.21',9),(10150,'s18_2957',30,'56.21',11),(10150,'s18_3136',26,'97.39',10),(10150,'s18_4600',49,'111.39',2),(10150,'s18_4668',30,'47.29',6),(10150,'s32_3522',49,'62.05',4),(10150,'s700_2824',20,'95.08',3),(10151,'s12_4473',24,'114.95',3),(10151,'s18_2238',43,'152.27',2),(10151,'s18_2319',49,'106.78',6),(10151,'s18_2432',39,'58.34',9),(10151,'s18_3232',21,'167.65',7),(10151,'s24_2300',42,'109.90',8),(10151,'s24_2840',30,'29.35',4),(10151,'s32_1268',27,'84.75',10),(10151,'s32_2509',41,'43.29',5),(10151,'s50_1392',26,'108.81',1),(10152,'s18_4027',35,'117.77',1),(10152,'s24_1444',25,'49.13',4),(10152,'s24_4048',23,'112.37',3),(10152,'s32_3207',33,'57.17',2),(10153,'s12_1108',20,'201.57',11),(10153,'s12_3148',42,'128.42',12),(10153,'s12_3891',49,'155.72',10),(10153,'s18_3140',31,'125.66',7),(10153,'s18_3259',29,'82.69',9),(10153,'s18_4522',22,'82.50',6),(10153,'s24_2011',40,'111.83',5),(10153,'s50_1514',31,'53.31',13),(10153,'s700_1138',43,'58.00',1),(10153,'s700_1938',31,'80.55',8),(10153,'s700_3505',50,'87.15',2),(10153,'s700_3962',20,'85.41',3),(10153,'s72_3212',50,'51.87',4),(10154,'s24_3151',31,'75.23',2),(10154,'s700_2610',36,'59.27',1),(10155,'s10_4757',32,'129.20',13),(10155,'s18_1662',38,'138.77',5),(10155,'s18_3029',44,'83.44',11),(10155,'s18_3856',29,'105.87',10),(10155,'s24_2841',23,'62.34',6),(10155,'s24_3420',34,'56.55',7),(10155,'s24_3816',37,'76.31',12),(10155,'s24_3949',44,'58.69',4),(10155,'s700_2047',32,'89.61',9),(10155,'s700_2466',20,'87.75',2),(10155,'s700_3167',43,'76.80',1),(10155,'s700_4002',44,'70.33',3),(10155,'s72_1253',34,'49.16',8),(10156,'s50_1341',20,'43.64',1),(10156,'s700_1691',48,'77.64',2),(10157,'s18_2581',33,'69.27',3),(10157,'s24_1785',40,'89.72',5),(10157,'s24_4278',33,'66.65',4),(10157,'s32_1374',34,'83.91',1),(10157,'s32_4289',28,'56.41',6),(10157,'s700_2834',48,'109.16',2),(10158,'s24_2000',22,'67.79',1),(10159,'s10_1678',49,'81.35',14),(10159,'s10_2016',37,'101.10',17),(10159,'s10_4698',22,'170.42',16),(10159,'s12_1099',41,'188.73',2),(10159,'s12_2823',38,'131.04',13),(10159,'s12_3990',24,'67.03',3),(10159,'s18_2625',42,'51.48',18),(10159,'s18_3278',21,'66.74',5),(10159,'s18_3482',25,'129.35',4),(10159,'s18_3782',21,'54.71',8),(10159,'s18_4721',32,'142.85',7),(10159,'s24_1578',44,'100.30',15),(10159,'s24_2360',27,'67.18',11),(10159,'s24_3371',50,'49.60',1),(10159,'s24_4620',23,'80.84',6),(10159,'s32_2206',35,'39.43',9),(10159,'s32_4485',23,'86.74',12),(10159,'s50_4713',31,'78.11',10),(10160,'s12_3380',46,'96.30',6),(10160,'s12_4675',50,'93.28',5),(10160,'s18_1889',38,'70.84',4),(10160,'s18_3232',20,'140.55',1),(10160,'s24_2972',42,'30.59',2),(10160,'s24_3856',35,'130.60',3),(10161,'s18_1129',28,'121.72',12),(10161,'s18_1589',43,'102.04',8),(10161,'s18_1984',48,'139.41',11),(10161,'s18_2870',23,'125.40',9),(10161,'s18_3685',36,'132.80',10),(10161,'s18_4933',25,'62.72',1),(10161,'s24_1046',37,'73.49',5),(10161,'s24_1628',23,'47.29',7),(10161,'s24_2766',20,'82.69',3),(10161,'s24_2887',25,'108.04',2),(10161,'s24_3191',20,'72.77',4),(10161,'s24_3432',30,'94.23',6),(10162,'s18_1342',48,'87.33',2),(10162,'s18_1367',45,'45.28',1),(10162,'s18_1749',29,'141.10',9),(10162,'s18_2248',27,'53.28',8),(10162,'s18_2325',38,'113.15',6),(10162,'s18_2795',48,'156.94',3),(10162,'s18_4409',39,'86.51',10),(10162,'s24_1937',37,'27.55',5),(10162,'s24_2022',43,'38.98',4),(10162,'s24_3969',37,'32.82',7),(10163,'s10_1949',21,'212.16',1),(10163,'s18_2949',31,'101.31',2),(10163,'s18_2957',48,'59.96',4),(10163,'s18_3136',40,'101.58',3),(10163,'s18_3320',43,'80.36',6),(10163,'s24_4258',42,'96.42',5),(10164,'s10_4962',21,'143.31',2),(10164,'s12_1666',49,'121.64',6),(10164,'s18_1097',36,'103.84',8),(10164,'s18_4600',45,'107.76',3),(10164,'s18_4668',25,'46.29',7),(10164,'s32_1268',24,'91.49',1),(10164,'s32_3522',49,'57.53',5),(10164,'s700_2824',39,'86.99',4),(10165,'s12_1108',44,'168.32',3),(10165,'s12_3148',34,'123.89',4),(10165,'s12_3891',27,'152.26',2),(10165,'s12_4473',48,'109.02',12),(10165,'s18_2238',29,'134.26',11),(10165,'s18_2319',46,'120.28',15),(10165,'s18_2432',31,'60.77',18),(10165,'s18_3232',47,'154.10',16),(10165,'s18_3259',50,'84.71',1),(10165,'s18_4027',28,'123.51',6),(10165,'s24_1444',25,'46.82',9),(10165,'s24_2300',32,'117.57',17),(10165,'s24_2840',27,'31.12',13),(10165,'s24_4048',24,'106.45',8),(10165,'s32_2509',48,'50.86',14),(10165,'s32_3207',44,'55.30',7),(10165,'s50_1392',48,'106.49',10),(10165,'s50_1514',38,'49.21',5),(10166,'s18_3140',43,'136.59',2),(10166,'s18_4522',26,'72.85',1),(10166,'s700_1938',29,'76.22',3),(10167,'s10_4757',44,'123.76',9),(10167,'s18_1662',43,'141.92',1),(10167,'s18_3029',46,'69.68',7),(10167,'s18_3856',34,'84.70',6),(10167,'s24_2011',33,'110.60',16),(10167,'s24_2841',21,'54.81',2),(10167,'s24_3151',20,'77.00',11),(10167,'s24_3420',32,'64.44',3),(10167,'s24_3816',29,'73.80',8),(10167,'s700_1138',43,'66.00',12),(10167,'s700_2047',29,'87.80',5),(10167,'s700_2610',46,'62.16',10),(10167,'s700_3505',24,'85.14',13),(10167,'s700_3962',28,'83.42',14),(10167,'s72_1253',40,'42.71',4),(10167,'s72_3212',38,'43.68',15),(10168,'s10_1678',36,'94.74',1),(10168,'s10_2016',27,'97.53',4),(10168,'s10_4698',20,'160.74',3),(10168,'s18_2581',21,'75.19',9),(10168,'s18_2625',46,'49.06',5),(10168,'s24_1578',50,'103.68',2),(10168,'s24_1785',49,'93.01',11),(10168,'s24_2000',29,'72.36',6),(10168,'s24_3949',27,'57.32',18),(10168,'s24_4278',48,'68.10',10),(10168,'s32_1374',28,'89.90',7),(10168,'s32_4289',31,'57.78',12),(10168,'s50_1341',48,'39.71',13),(10168,'s700_1691',28,'91.34',14),(10168,'s700_2466',31,'87.75',16),(10168,'s700_2834',36,'94.92',8),(10168,'s700_3167',48,'72.00',15),(10168,'s700_4002',39,'67.37',17),(10169,'s12_1099',30,'163.44',2),(10169,'s12_2823',35,'126.52',13),(10169,'s12_3990',36,'71.82',3),(10169,'s18_3278',32,'65.13',5),(10169,'s18_3482',36,'136.70',4),(10169,'s18_3782',38,'52.84',8),(10169,'s18_4721',33,'120.53',7),(10169,'s24_2360',38,'66.49',11),(10169,'s24_3371',34,'53.27',1),(10169,'s24_4620',24,'77.61',6),(10169,'s32_2206',26,'37.01',9),(10169,'s32_4485',34,'83.68',12),(10169,'s50_4713',48,'75.66',10),(10170,'s12_3380',47,'116.27',4),(10170,'s12_4675',41,'93.28',3),(10170,'s18_1889',20,'70.07',2),(10170,'s24_3856',34,'130.60',1),(10171,'s18_1129',35,'134.46',2),(10171,'s18_1984',35,'128.03',1),(10171,'s18_3232',39,'165.95',3),(10171,'s24_2972',36,'34.74',4),(10172,'s18_1589',42,'109.51',6),(10172,'s18_2870',39,'117.48',7),(10172,'s18_3685',48,'139.87',8),(10172,'s24_1046',32,'61.00',3),(10172,'s24_1628',34,'43.27',5),(10172,'s24_2766',22,'79.97',1),(10172,'s24_3191',24,'77.91',2),(10172,'s24_3432',22,'87.81',4),(10173,'s18_1342',43,'101.71',6),(10173,'s18_1367',48,'51.75',5),(10173,'s18_1749',24,'168.30',13),(10173,'s18_2248',26,'55.09',12),(10173,'s18_2325',31,'127.13',10),(10173,'s18_2795',22,'140.06',7),(10173,'s18_2957',28,'56.84',2),(10173,'s18_3136',31,'86.92',1),(10173,'s18_3320',29,'90.28',4),(10173,'s18_4409',21,'77.31',14),(10173,'s18_4933',39,'58.44',15),(10173,'s24_1937',31,'29.87',9),(10173,'s24_2022',27,'39.42',8),(10173,'s24_2887',23,'98.65',16),(10173,'s24_3969',35,'35.70',11),(10173,'s24_4258',22,'93.49',3),(10174,'s10_1949',34,'207.87',4),(10174,'s12_1666',43,'113.44',1),(10174,'s18_1097',48,'108.50',3),(10174,'s18_2949',46,'100.30',5),(10174,'s18_4668',49,'44.27',2),(10175,'s10_4962',33,'119.67',9),(10175,'s12_4473',26,'109.02',1),(10175,'s18_2319',48,'101.87',4),(10175,'s18_2432',41,'59.55',7),(10175,'s18_3232',29,'150.71',5),(10175,'s18_4600',47,'102.92',10),(10175,'s24_2300',28,'121.40',6),(10175,'s24_2840',37,'32.18',2),(10175,'s32_1268',22,'89.57',8),(10175,'s32_2509',50,'50.86',3),(10175,'s32_3522',29,'56.24',12),(10175,'s700_2824',42,'80.92',11),(10176,'s12_1108',33,'166.24',2),(10176,'s12_3148',47,'145.04',3),(10176,'s12_3891',50,'160.91',1),(10176,'s18_2238',20,'139.17',10),(10176,'s18_4027',36,'140.75',5),(10176,'s24_1444',27,'55.49',8),(10176,'s24_4048',29,'101.72',7),(10176,'s32_3207',22,'62.14',6),(10176,'s50_1392',23,'109.96',9),(10176,'s50_1514',38,'52.14',4),(10177,'s18_3140',23,'113.37',9),(10177,'s18_3259',29,'92.77',11),(10177,'s18_4522',35,'82.50',8),(10177,'s24_2011',50,'115.52',7),(10177,'s24_3151',45,'79.66',2),(10177,'s700_1138',24,'58.67',3),(10177,'s700_1938',31,'77.95',10),(10177,'s700_2610',32,'64.33',1),(10177,'s700_3505',44,'88.15',4),(10177,'s700_3962',24,'83.42',5),(10177,'s72_3212',40,'52.96',6),(10178,'s10_4757',24,'131.92',12),(10178,'s18_1662',42,'127.73',4),(10178,'s18_3029',41,'70.54',10),(10178,'s18_3856',48,'104.81',9),(10178,'s24_2841',34,'67.82',5),(10178,'s24_3420',27,'65.75',6),(10178,'s24_3816',21,'68.77',11),(10178,'s24_3949',30,'64.15',3),(10178,'s700_2047',34,'86.90',8),(10178,'s700_2466',22,'91.74',1),(10178,'s700_4002',45,'68.11',2),(10178,'s72_1253',45,'41.71',7),(10179,'s18_2581',24,'82.79',3),(10179,'s24_1785',47,'105.04',5),(10179,'s24_4278',27,'66.65',4),(10179,'s32_1374',45,'86.90',1),(10179,'s32_4289',24,'63.97',6),(10179,'s50_1341',34,'43.20',7),(10179,'s700_1691',23,'75.81',8),(10179,'s700_2834',25,'98.48',2),(10179,'s700_3167',39,'80.00',9),(10180,'s10_1678',29,'76.56',9),(10180,'s10_2016',42,'99.91',12),(10180,'s10_4698',41,'164.61',11),(10180,'s12_2823',40,'131.04',8),(10180,'s18_2625',25,'48.46',13),(10180,'s18_3782',21,'59.06',3),(10180,'s18_4721',44,'147.31',2),(10180,'s24_1578',48,'98.05',10),(10180,'s24_2000',28,'61.70',14),(10180,'s24_2360',35,'60.95',6),(10180,'s24_4620',28,'68.71',1),(10180,'s32_2206',34,'33.39',4),(10180,'s32_4485',22,'102.05',7),(10180,'s50_4713',21,'74.85',5),(10181,'s12_1099',27,'155.66',14),(10181,'s12_3380',28,'113.92',12),(10181,'s12_3990',20,'67.03',15),(10181,'s12_4675',36,'107.10',11),(10181,'s18_1129',44,'124.56',6),(10181,'s18_1589',42,'124.44',2),(10181,'s18_1889',22,'74.69',10),(10181,'s18_1984',21,'129.45',5),(10181,'s18_2870',27,'130.68',3),(10181,'s18_3232',45,'147.33',7),(10181,'s18_3278',30,'73.17',17),(10181,'s18_3482',22,'120.53',16),(10181,'s18_3685',39,'137.04',4),(10181,'s24_1628',34,'45.28',1),(10181,'s24_2972',37,'32.85',8),(10181,'s24_3371',23,'54.49',13),(10181,'s24_3856',25,'122.17',9),(10182,'s18_1342',25,'83.22',3),(10182,'s18_1367',32,'44.21',2),(10182,'s18_1749',44,'159.80',10),(10182,'s18_2248',38,'54.49',9),(10182,'s18_2325',20,'105.52',7),(10182,'s18_2795',21,'135.00',4),(10182,'s18_3320',33,'86.31',1),(10182,'s18_4409',36,'88.35',11),(10182,'s18_4933',44,'61.29',12),(10182,'s24_1046',47,'63.20',16),(10182,'s24_1937',39,'31.86',6),(10182,'s24_2022',31,'39.87',5),(10182,'s24_2766',36,'87.24',14),(10182,'s24_2887',20,'116.27',13),(10182,'s24_3191',33,'73.62',15),(10182,'s24_3432',49,'95.30',17),(10182,'s24_3969',23,'34.88',8),(10183,'s10_1949',23,'180.01',8),(10183,'s10_4962',28,'127.06',1),(10183,'s12_1666',41,'114.80',5),(10183,'s18_1097',21,'108.50',7),(10183,'s18_2949',37,'91.18',9),(10183,'s18_2957',39,'51.22',11),(10183,'s18_3136',22,'90.06',10),(10183,'s18_4600',21,'118.66',2),(10183,'s18_4668',40,'42.26',6),(10183,'s24_4258',47,'81.81',12),(10183,'s32_3522',49,'52.36',4),(10183,'s700_2824',23,'85.98',3),(10184,'s12_4473',37,'105.47',6),(10184,'s18_2238',46,'145.72',5),(10184,'s18_2319',46,'119.05',9),(10184,'s18_2432',44,'60.77',12),(10184,'s18_3232',28,'165.95',10),(10184,'s24_1444',31,'57.22',3),(10184,'s24_2300',24,'117.57',11),(10184,'s24_2840',42,'30.06',7),(10184,'s24_4048',49,'114.73',2),(10184,'s32_1268',46,'84.75',13),(10184,'s32_2509',33,'52.49',8),(10184,'s32_3207',48,'59.03',1),(10184,'s50_1392',45,'92.60',4),(10185,'s12_1108',21,'195.33',13),(10185,'s12_3148',33,'146.55',14),(10185,'s12_3891',43,'147.07',12),(10185,'s18_3140',28,'124.30',9),(10185,'s18_3259',49,'94.79',11),(10185,'s18_4027',39,'127.82',16),(10185,'s18_4522',47,'87.77',8),(10185,'s24_2011',30,'105.69',7),(10185,'s24_3151',33,'83.20',2),(10185,'s50_1514',20,'46.86',15),(10185,'s700_1138',21,'64.67',3),(10185,'s700_1938',30,'79.68',10),(10185,'s700_2610',39,'61.44',1),(10185,'s700_3505',37,'99.17',4),(10185,'s700_3962',22,'93.35',5),(10185,'s72_3212',28,'47.50',6),(10186,'s10_4757',26,'108.80',9),(10186,'s18_1662',32,'137.19',1),(10186,'s18_3029',32,'73.12',7),(10186,'s18_3856',46,'98.46',6),(10186,'s24_2841',22,'60.29',2),(10186,'s24_3420',21,'59.83',3),(10186,'s24_3816',36,'68.77',8),(10186,'s700_2047',24,'80.56',5),(10186,'s72_1253',28,'42.71',4),(10187,'s18_2581',45,'70.12',1),(10187,'s24_1785',46,'96.29',3),(10187,'s24_3949',43,'55.96',10),(10187,'s24_4278',33,'64.48',2),(10187,'s32_4289',31,'61.22',4),(10187,'s50_1341',41,'39.71',5),(10187,'s700_1691',34,'84.95',6),(10187,'s700_2466',44,'95.73',8),(10187,'s700_3167',34,'72.00',7),(10187,'s700_4002',44,'70.33',9),(10188,'s10_1678',48,'95.70',1),(10188,'s10_2016',38,'111.80',4),(10188,'s10_4698',45,'182.04',3),(10188,'s18_2625',32,'52.09',5),(10188,'s24_1578',25,'95.80',2),(10188,'s24_2000',40,'61.70',6),(10188,'s32_1374',44,'81.91',7),(10188,'s700_2834',29,'96.11',8),(10189,'s12_2823',28,'138.57',1),(10190,'s24_2360',42,'58.87',3),(10190,'s32_2206',46,'38.62',1),(10190,'s32_4485',42,'89.80',4),(10190,'s50_4713',40,'67.53',2),(10191,'s12_1099',21,'155.66',3),(10191,'s12_3380',40,'104.52',1),(10191,'s12_3990',30,'70.22',4),(10191,'s18_3278',36,'75.59',6),(10191,'s18_3482',23,'119.06',5),(10191,'s18_3782',43,'60.93',9),(10191,'s18_4721',32,'136.90',8),(10191,'s24_3371',48,'53.27',2),(10191,'s24_4620',44,'77.61',7),(10192,'s12_4675',27,'99.04',16),(10192,'s18_1129',22,'140.12',11),(10192,'s18_1589',29,'100.80',7),(10192,'s18_1889',45,'70.84',15),(10192,'s18_1984',47,'128.03',10),(10192,'s18_2870',38,'110.88',8),(10192,'s18_3232',26,'137.17',12),(10192,'s18_3685',45,'125.74',9),(10192,'s24_1046',37,'72.02',4),(10192,'s24_1628',47,'49.30',6),(10192,'s24_2766',46,'86.33',2),(10192,'s24_2887',23,'112.74',1),(10192,'s24_2972',30,'33.23',13),(10192,'s24_3191',32,'69.34',3),(10192,'s24_3432',46,'93.16',5),(10192,'s24_3856',45,'112.34',14),(10193,'s18_1342',28,'92.47',7),(10193,'s18_1367',46,'46.36',6),(10193,'s18_1749',21,'153.00',14),(10193,'s18_2248',42,'60.54',13),(10193,'s18_2325',44,'115.69',11),(10193,'s18_2795',22,'143.44',8),(10193,'s18_2949',28,'87.13',1),(10193,'s18_2957',24,'53.09',3),(10193,'s18_3136',23,'97.39',2),(10193,'s18_3320',32,'79.37',5),(10193,'s18_4409',24,'92.03',15),(10193,'s18_4933',25,'66.28',16),(10193,'s24_1937',26,'32.19',10),(10193,'s24_2022',20,'44.80',9),(10193,'s24_3969',22,'38.16',12),(10193,'s24_4258',20,'92.52',4),(10194,'s10_1949',42,'203.59',11),(10194,'s10_4962',26,'134.44',4),(10194,'s12_1666',38,'124.37',8),(10194,'s18_1097',21,'103.84',10),(10194,'s18_2432',45,'51.05',2),(10194,'s18_4600',32,'113.82',5),(10194,'s18_4668',41,'47.79',9),(10194,'s24_2300',49,'112.46',1),(10194,'s32_1268',37,'77.05',3),(10194,'s32_3522',39,'61.41',7),(10194,'s700_2824',26,'80.92',6),(10195,'s12_4473',49,'118.50',6),(10195,'s18_2238',27,'139.17',5),(10195,'s18_2319',35,'112.91',9),(10195,'s18_3232',50,'150.71',10),(10195,'s24_1444',44,'54.33',3),(10195,'s24_2840',32,'31.82',7),(10195,'s24_4048',34,'95.81',2),(10195,'s32_2509',32,'51.95',8),(10195,'s32_3207',33,'59.03',1),(10195,'s50_1392',49,'97.23',4),(10196,'s12_1108',47,'203.64',5),(10196,'s12_3148',24,'151.08',6),(10196,'s12_3891',38,'147.07',4),(10196,'s18_3140',49,'127.03',1),(10196,'s18_3259',35,'81.68',3),(10196,'s18_4027',27,'126.39',8),(10196,'s50_1514',46,'56.82',7),(10196,'s700_1938',50,'84.88',2),(10197,'s10_4757',45,'118.32',6),(10197,'s18_3029',46,'83.44',4),(10197,'s18_3856',22,'85.75',3),(10197,'s18_4522',50,'78.99',14),(10197,'s24_2011',41,'109.37',13),(10197,'s24_3151',47,'83.20',8),(10197,'s24_3816',22,'67.93',5),(10197,'s700_1138',23,'60.00',9),(10197,'s700_2047',24,'78.75',2),(10197,'s700_2610',50,'66.50',7),(10197,'s700_3505',27,'100.17',10),(10197,'s700_3962',35,'88.39',11),(10197,'s72_1253',29,'39.73',1),(10197,'s72_3212',42,'48.59',12),(10198,'s18_1662',42,'149.81',4),(10198,'s24_2841',48,'60.97',5),(10198,'s24_3420',27,'61.81',6),(10198,'s24_3949',43,'65.51',3),(10198,'s700_2466',42,'94.73',1),(10198,'s700_4002',40,'74.03',2),(10199,'s50_1341',29,'37.97',1),(10199,'s700_1691',48,'81.29',2),(10199,'s700_3167',38,'70.40',3),(10200,'s18_2581',28,'74.34',3),(10200,'s24_1785',33,'99.57',5),(10200,'s24_4278',39,'70.28',4),(10200,'s32_1374',35,'80.91',1),(10200,'s32_4289',27,'65.35',6),(10200,'s700_2834',39,'115.09',2),(10201,'s10_1678',22,'82.30',2),(10201,'s10_2016',24,'116.56',5),(10201,'s10_4698',49,'191.72',4),(10201,'s12_2823',25,'126.52',1),(10201,'s18_2625',30,'48.46',6),(10201,'s24_1578',39,'93.54',3),(10201,'s24_2000',25,'66.27',7),(10202,'s18_3782',30,'55.33',3),(10202,'s18_4721',43,'124.99',2),(10202,'s24_2360',50,'56.10',6),(10202,'s24_4620',50,'75.18',1),(10202,'s32_2206',27,'33.39',4),(10202,'s32_4485',31,'81.64',7),(10202,'s50_4713',40,'79.73',5),(10203,'s12_1099',20,'161.49',8),(10203,'s12_3380',20,'111.57',6),(10203,'s12_3990',44,'63.84',9),(10203,'s12_4675',47,'115.16',5),(10203,'s18_1889',45,'73.15',4),(10203,'s18_3232',48,'157.49',1),(10203,'s18_3278',33,'66.74',11),(10203,'s18_3482',32,'127.88',10),(10203,'s24_2972',21,'33.23',2),(10203,'s24_3371',34,'56.94',7),(10203,'s24_3856',47,'140.43',3),(10204,'s18_1129',42,'114.65',17),(10204,'s18_1589',40,'113.24',13),(10204,'s18_1749',33,'153.00',4),(10204,'s18_1984',38,'133.72',16),(10204,'s18_2248',23,'59.33',3),(10204,'s18_2325',26,'119.50',1),(10204,'s18_2870',27,'106.92',14),(10204,'s18_3685',35,'132.80',15),(10204,'s18_4409',29,'83.75',5),(10204,'s18_4933',45,'69.84',6),(10204,'s24_1046',20,'69.82',10),(10204,'s24_1628',45,'46.79',12),(10204,'s24_2766',47,'79.06',8),(10204,'s24_2887',42,'112.74',7),(10204,'s24_3191',40,'84.75',9),(10204,'s24_3432',48,'104.94',11),(10204,'s24_3969',39,'34.88',2),(10205,'s18_1342',36,'98.63',2),(10205,'s18_1367',48,'45.82',1),(10205,'s18_2795',40,'138.38',3),(10205,'s24_1937',32,'27.88',5),(10205,'s24_2022',24,'36.74',4),(10206,'s10_1949',47,'203.59',6),(10206,'s12_1666',28,'109.34',3),(10206,'s18_1097',34,'115.50',5),(10206,'s18_2949',37,'98.27',7),(10206,'s18_2957',28,'51.84',9),(10206,'s18_3136',30,'102.63',8),(10206,'s18_3320',28,'99.21',11),(10206,'s18_4668',21,'45.78',4),(10206,'s24_4258',33,'95.44',10),(10206,'s32_3522',36,'54.94',2),(10206,'s700_2824',33,'89.01',1),(10207,'s10_4962',31,'125.58',15),(10207,'s12_4473',34,'95.99',7),(10207,'s18_2238',44,'140.81',6),(10207,'s18_2319',43,'109.23',10),(10207,'s18_2432',37,'60.77',13),(10207,'s18_3232',25,'140.55',11),(10207,'s18_4027',40,'143.62',1),(10207,'s18_4600',47,'119.87',16),(10207,'s24_1444',49,'57.80',4),(10207,'s24_2300',46,'127.79',12),(10207,'s24_2840',42,'30.76',8),(10207,'s24_4048',28,'108.82',3),(10207,'s32_1268',49,'84.75',14),(10207,'s32_2509',27,'51.95',9),(10207,'s32_3207',45,'55.30',2),(10207,'s50_1392',28,'106.49',5),(10208,'s12_1108',46,'176.63',13),(10208,'s12_3148',26,'128.42',14),(10208,'s12_3891',20,'152.26',12),(10208,'s18_3140',24,'117.47',9),(10208,'s18_3259',48,'96.81',11),(10208,'s18_4522',45,'72.85',8),(10208,'s24_2011',35,'122.89',7),(10208,'s24_3151',20,'80.54',2),(10208,'s50_1514',30,'57.99',15),(10208,'s700_1138',38,'56.67',3),(10208,'s700_1938',40,'73.62',10),(10208,'s700_2610',46,'63.61',1),(10208,'s700_3505',37,'95.16',4),(10208,'s700_3962',33,'95.34',5),(10208,'s72_3212',42,'48.05',6),(10209,'s10_4757',39,'129.20',8),(10209,'s18_3029',28,'82.58',6),(10209,'s18_3856',20,'97.40',5),(10209,'s24_2841',43,'66.45',1),(10209,'s24_3420',36,'56.55',2),(10209,'s24_3816',22,'79.67',7),(10209,'s700_2047',33,'90.52',4),(10209,'s72_1253',48,'44.20',3),(10210,'s10_2016',23,'112.99',2),(10210,'s10_4698',34,'189.79',1),(10210,'s18_1662',31,'141.92',17),(10210,'s18_2581',50,'68.43',7),(10210,'s18_2625',40,'51.48',3),(10210,'s24_1785',27,'100.67',9),(10210,'s24_2000',30,'63.22',4),(10210,'s24_3949',29,'56.64',16),(10210,'s24_4278',40,'68.10',8),(10210,'s32_1374',46,'84.91',5),(10210,'s32_4289',39,'57.10',10),(10210,'s50_1341',43,'43.20',11),(10210,'s700_1691',21,'87.69',12),(10210,'s700_2466',26,'93.74',14),(10210,'s700_2834',25,'98.48',6),(10210,'s700_3167',31,'64.00',13),(10210,'s700_4002',42,'60.70',15),(10211,'s10_1678',41,'90.92',14),(10211,'s12_1099',41,'171.22',2),(10211,'s12_2823',36,'126.52',13),(10211,'s12_3990',28,'79.80',3),(10211,'s18_3278',35,'73.17',5),(10211,'s18_3482',28,'138.17',4),(10211,'s18_3782',46,'60.30',8),(10211,'s18_4721',41,'148.80',7),(10211,'s24_1578',25,'109.32',15),(10211,'s24_2360',21,'62.33',11),(10211,'s24_3371',48,'52.66',1),(10211,'s24_4620',22,'80.84',6),(10211,'s32_2206',41,'39.83',9),(10211,'s32_4485',37,'94.91',12),(10211,'s50_4713',40,'70.78',10),(10212,'s12_3380',39,'99.82',16),(10212,'s12_4675',33,'110.55',15),(10212,'s18_1129',29,'117.48',10),(10212,'s18_1589',38,'105.77',6),(10212,'s18_1889',20,'64.68',14),(10212,'s18_1984',41,'133.72',9),(10212,'s18_2870',40,'117.48',7),(10212,'s18_3232',40,'155.79',11),(10212,'s18_3685',45,'115.85',8),(10212,'s24_1046',41,'61.73',3),(10212,'s24_1628',45,'43.27',5),(10212,'s24_2766',45,'81.78',1),(10212,'s24_2972',34,'37.38',12),(10212,'s24_3191',27,'77.91',2),(10212,'s24_3432',46,'100.66',4),(10212,'s24_3856',49,'117.96',13),(10213,'s18_4409',38,'84.67',1),(10213,'s18_4933',25,'58.44',2),(10213,'s24_2887',27,'97.48',3),(10214,'s18_1749',30,'166.60',7),(10214,'s18_2248',21,'53.28',6),(10214,'s18_2325',27,'125.86',4),(10214,'s18_2795',50,'167.06',1),(10214,'s24_1937',20,'32.19',3),(10214,'s24_2022',49,'39.87',2),(10214,'s24_3969',44,'38.57',5),(10215,'s10_1949',35,'205.73',3),(10215,'s18_1097',46,'100.34',2),(10215,'s18_1342',27,'92.47',10),(10215,'s18_1367',33,'53.91',9),(10215,'s18_2949',49,'97.26',4),(10215,'s18_2957',31,'56.21',6),(10215,'s18_3136',49,'89.01',5),(10215,'s18_3320',41,'84.33',8),(10215,'s18_4668',46,'42.76',1),(10215,'s24_4258',39,'94.47',7),(10216,'s12_1666',43,'133.94',1),(10217,'s10_4962',48,'132.97',4),(10217,'s18_2432',35,'58.34',2),(10217,'s18_4600',38,'118.66',5),(10217,'s24_2300',28,'103.51',1),(10217,'s32_1268',21,'78.97',3),(10217,'s32_3522',39,'56.24',7),(10217,'s700_2824',31,'90.02',6),(10218,'s18_2319',22,'110.46',1),(10218,'s18_3232',34,'152.41',2),(10219,'s12_4473',48,'94.80',2),(10219,'s18_2238',43,'132.62',1),(10219,'s24_2840',21,'31.12',3),(10219,'s32_2509',35,'47.62',4),(10220,'s12_1108',32,'189.10',2),(10220,'s12_3148',30,'151.08',3),(10220,'s12_3891',27,'166.10',1),(10220,'s18_4027',50,'126.39',5),(10220,'s24_1444',26,'48.55',8),(10220,'s24_4048',37,'101.72',7),(10220,'s32_3207',20,'49.71',6),(10220,'s50_1392',37,'92.60',9),(10220,'s50_1514',30,'56.82',4),(10221,'s18_3140',33,'133.86',3),(10221,'s18_3259',23,'89.75',5),(10221,'s18_4522',39,'84.26',2),(10221,'s24_2011',49,'113.06',1),(10221,'s700_1938',23,'69.29',4),(10222,'s10_4757',49,'133.28',12),(10222,'s18_1662',49,'137.19',4),(10222,'s18_3029',49,'79.14',10),(10222,'s18_3856',45,'88.93',9),(10222,'s24_2841',32,'56.86',5),(10222,'s24_3151',47,'74.35',14),(10222,'s24_3420',43,'61.15',6),(10222,'s24_3816',46,'77.99',11),(10222,'s24_3949',48,'55.27',3),(10222,'s700_1138',31,'58.67',15),(10222,'s700_2047',26,'80.56',8),(10222,'s700_2466',37,'90.75',1),(10222,'s700_2610',36,'69.39',13),(10222,'s700_3505',38,'84.14',16),(10222,'s700_3962',31,'81.43',17),(10222,'s700_4002',43,'66.63',2),(10222,'s72_1253',31,'45.19',7),(10222,'s72_3212',36,'48.59',18),(10223,'s10_1678',37,'80.39',1),(10223,'s10_2016',47,'110.61',4),(10223,'s10_4698',49,'189.79',3),(10223,'s18_2581',47,'67.58',9),(10223,'s18_2625',28,'58.75',5),(10223,'s24_1578',32,'104.81',2),(10223,'s24_1785',34,'87.54',11),(10223,'s24_2000',38,'60.94',6),(10223,'s24_4278',23,'68.10',10),(10223,'s32_1374',21,'90.90',7),(10223,'s32_4289',20,'66.73',12),(10223,'s50_1341',41,'41.02',13),(10223,'s700_1691',25,'84.03',14),(10223,'s700_2834',29,'113.90',8),(10223,'s700_3167',26,'79.20',15),(10224,'s12_2823',43,'141.58',6),(10224,'s18_3782',38,'57.20',1),(10224,'s24_2360',37,'60.26',4),(10224,'s32_2206',43,'37.01',2),(10224,'s32_4485',30,'94.91',5),(10224,'s50_4713',50,'81.36',3),(10225,'s12_1099',27,'157.60',9),(10225,'s12_3380',25,'101.00',7),(10225,'s12_3990',37,'64.64',10),(10225,'s12_4675',21,'100.19',6),(10225,'s18_1129',32,'116.06',1),(10225,'s18_1889',47,'71.61',5),(10225,'s18_3232',43,'162.57',2),(10225,'s18_3278',37,'69.96',12),(10225,'s18_3482',27,'119.06',11),(10225,'s18_4721',35,'135.41',14),(10225,'s24_2972',42,'34.74',3),(10225,'s24_3371',24,'51.43',8),(10225,'s24_3856',40,'130.60',4),(10225,'s24_4620',46,'77.61',13),(10226,'s18_1589',38,'108.26',4),(10226,'s18_1984',24,'129.45',7),(10226,'s18_2870',24,'125.40',5),(10226,'s18_3685',46,'122.91',6),(10226,'s24_1046',21,'65.41',1),(10226,'s24_1628',36,'47.79',3),(10226,'s24_3432',48,'95.30',2),(10227,'s18_1342',25,'85.27',3),(10227,'s18_1367',31,'50.14',2),(10227,'s18_1749',26,'136.00',10),(10227,'s18_2248',28,'59.93',9),(10227,'s18_2325',46,'118.23',7),(10227,'s18_2795',29,'146.81',4),(10227,'s18_3320',33,'99.21',1),(10227,'s18_4409',34,'87.43',11),(10227,'s18_4933',37,'70.56',12),(10227,'s24_1937',42,'27.22',6),(10227,'s24_2022',24,'39.42',5),(10227,'s24_2766',47,'84.51',14),(10227,'s24_2887',33,'102.17',13),(10227,'s24_3191',40,'78.76',15),(10227,'s24_3969',27,'34.88',8),(10228,'s10_1949',29,'214.30',2),(10228,'s18_1097',32,'100.34',1),(10228,'s18_2949',24,'101.31',3),(10228,'s18_2957',45,'57.46',5),(10228,'s18_3136',31,'100.53',4),(10228,'s24_4258',33,'84.73',6),(10229,'s10_4962',50,'138.88',9),(10229,'s12_1666',25,'110.70',13),(10229,'s12_4473',36,'95.99',1),(10229,'s18_2319',26,'104.32',4),(10229,'s18_2432',28,'53.48',7),(10229,'s18_3232',22,'157.49',5),(10229,'s18_4600',41,'119.87',10),(10229,'s18_4668',39,'43.77',14),(10229,'s24_2300',48,'115.01',6),(10229,'s24_2840',33,'34.65',2),(10229,'s32_1268',25,'78.97',8),(10229,'s32_2509',23,'49.78',3),(10229,'s32_3522',30,'52.36',12),(10229,'s700_2824',50,'91.04',11),(10230,'s12_3148',43,'128.42',1),(10230,'s18_2238',49,'153.91',8),(10230,'s18_4027',42,'142.18',3),(10230,'s24_1444',36,'47.40',6),(10230,'s24_4048',45,'99.36',5),(10230,'s32_3207',46,'59.03',4),(10230,'s50_1392',34,'100.70',7),(10230,'s50_1514',43,'57.41',2),(10231,'s12_1108',42,'193.25',2),(10231,'s12_3891',49,'147.07',1),(10232,'s18_3140',22,'133.86',6),(10232,'s18_3259',48,'97.81',8),(10232,'s18_4522',23,'78.12',5),(10232,'s24_2011',46,'113.06',4),(10232,'s700_1938',26,'84.88',7),(10232,'s700_3505',48,'86.15',1),(10232,'s700_3962',35,'81.43',2),(10232,'s72_3212',24,'48.59',3),(10233,'s24_3151',40,'70.81',2),(10233,'s700_1138',36,'66.00',3),(10233,'s700_2610',29,'67.94',1),(10234,'s10_4757',48,'118.32',9),(10234,'s18_1662',50,'146.65',1),(10234,'s18_3029',48,'84.30',7),(10234,'s18_3856',39,'85.75',6),(10234,'s24_2841',44,'67.14',2),(10234,'s24_3420',25,'65.09',3),(10234,'s24_3816',31,'78.83',8),(10234,'s700_2047',29,'83.28',5),(10234,'s72_1253',40,'45.69',4),(10235,'s18_2581',24,'81.95',3),(10235,'s24_1785',23,'89.72',5),(10235,'s24_3949',33,'55.27',12),(10235,'s24_4278',40,'63.03',4),(10235,'s32_1374',41,'90.90',1),(10235,'s32_4289',34,'66.73',6),(10235,'s50_1341',41,'37.09',7),(10235,'s700_1691',25,'88.60',8),(10235,'s700_2466',38,'92.74',10),(10235,'s700_2834',25,'116.28',2),(10235,'s700_3167',32,'73.60',9),(10235,'s700_4002',34,'70.33',11),(10236,'s10_2016',22,'105.86',1),(10236,'s18_2625',23,'52.70',2),(10236,'s24_2000',36,'65.51',3),(10237,'s10_1678',23,'91.87',7),(10237,'s10_4698',39,'158.80',9),(10237,'s12_2823',32,'129.53',6),(10237,'s18_3782',26,'49.74',1),(10237,'s24_1578',20,'109.32',8),(10237,'s24_2360',26,'62.33',4),(10237,'s32_2206',26,'35.00',2),(10237,'s32_4485',27,'94.91',5),(10237,'s50_4713',20,'78.92',3),(10238,'s12_1099',28,'161.49',3),(10238,'s12_3380',29,'104.52',1),(10238,'s12_3990',20,'73.42',4),(10238,'s18_3278',41,'68.35',6),(10238,'s18_3482',49,'144.05',5),(10238,'s18_4721',44,'120.53',8),(10238,'s24_3371',47,'53.88',2),(10238,'s24_4620',22,'67.91',7),(10239,'s12_4675',21,'100.19',5),(10239,'s18_1889',46,'70.07',4),(10239,'s18_3232',47,'135.47',1),(10239,'s24_2972',20,'32.47',2),(10239,'s24_3856',29,'133.41',3),(10240,'s18_1129',41,'125.97',3),(10240,'s18_1984',37,'136.56',2),(10240,'s18_3685',37,'134.22',1),(10241,'s18_1589',21,'119.46',11),(10241,'s18_1749',41,'153.00',2),(10241,'s18_2248',33,'55.70',1),(10241,'s18_2870',44,'126.72',12),(10241,'s18_4409',42,'77.31',3),(10241,'s18_4933',30,'62.72',4),(10241,'s24_1046',22,'72.02',8),(10241,'s24_1628',21,'47.29',10),(10241,'s24_2766',47,'89.05',6),(10241,'s24_2887',28,'117.44',5),(10241,'s24_3191',26,'69.34',7),(10241,'s24_3432',27,'107.08',9),(10242,'s24_3969',46,'36.52',1),(10243,'s18_2325',47,'111.87',2),(10243,'s24_1937',33,'30.87',1),(10244,'s18_1342',40,'99.66',7),(10244,'s18_1367',20,'48.52',6),(10244,'s18_2795',43,'141.75',8),(10244,'s18_2949',30,'87.13',1),(10244,'s18_2957',24,'54.96',3),(10244,'s18_3136',29,'85.87',2),(10244,'s18_3320',36,'87.30',5),(10244,'s24_2022',39,'42.11',9),(10244,'s24_4258',40,'97.39',4),(10245,'s10_1949',34,'195.01',9),(10245,'s10_4962',28,'147.74',2),(10245,'s12_1666',38,'120.27',6),(10245,'s18_1097',29,'114.34',8),(10245,'s18_4600',21,'111.39',3),(10245,'s18_4668',45,'48.80',7),(10245,'s32_1268',37,'81.86',1),(10245,'s32_3522',44,'54.94',5),(10245,'s700_2824',44,'81.93',4),(10246,'s12_4473',46,'99.54',5),(10246,'s18_2238',40,'144.08',4),(10246,'s18_2319',22,'100.64',8),(10246,'s18_2432',30,'57.73',11),(10246,'s18_3232',36,'145.63',9),(10246,'s24_1444',44,'46.24',2),(10246,'s24_2300',29,'118.84',10),(10246,'s24_2840',49,'34.65',6),(10246,'s24_4048',46,'100.54',1),(10246,'s32_2509',35,'45.45',7),(10246,'s50_1392',22,'113.44',3),(10247,'s12_1108',44,'195.33',2),(10247,'s12_3148',25,'140.50',3),(10247,'s12_3891',27,'167.83',1),(10247,'s18_4027',48,'143.62',5),(10247,'s32_3207',40,'58.41',6),(10247,'s50_1514',49,'51.55',4),(10248,'s10_4757',20,'126.48',3),(10248,'s18_3029',21,'80.86',1),(10248,'s18_3140',32,'133.86',12),(10248,'s18_3259',42,'95.80',14),(10248,'s18_4522',42,'87.77',11),(10248,'s24_2011',48,'122.89',10),(10248,'s24_3151',30,'85.85',5),(10248,'s24_3816',23,'83.02',2),(10248,'s700_1138',36,'66.00',6),(10248,'s700_1938',40,'81.41',13),(10248,'s700_2610',32,'69.39',4),(10248,'s700_3505',30,'84.14',7),(10248,'s700_3962',35,'92.36',8),(10248,'s72_3212',23,'53.51',9),(10249,'s18_3856',46,'88.93',5),(10249,'s24_2841',20,'54.81',1),(10249,'s24_3420',25,'65.75',2),(10249,'s700_2047',40,'85.99',4),(10249,'s72_1253',32,'49.16',3),(10250,'s18_1662',45,'148.23',14),(10250,'s18_2581',27,'84.48',4),(10250,'s24_1785',31,'95.20',6),(10250,'s24_2000',32,'63.22',1),(10250,'s24_3949',40,'61.42',13),(10250,'s24_4278',37,'72.45',5),(10250,'s32_1374',31,'99.89',2),(10250,'s32_4289',50,'62.60',7),(10250,'s50_1341',36,'36.66',8),(10250,'s700_1691',31,'91.34',9),(10250,'s700_2466',35,'90.75',11),(10250,'s700_2834',44,'98.48',3),(10250,'s700_3167',44,'76.00',10),(10250,'s700_4002',38,'65.89',12),(10251,'s10_1678',59,'93.79',2),(10251,'s10_2016',44,'115.37',5),(10251,'s10_4698',43,'172.36',4),(10251,'s12_2823',46,'129.53',1),(10251,'s18_2625',44,'58.15',6),(10251,'s24_1578',50,'91.29',3),(10252,'s18_3278',20,'74.78',2),(10252,'s18_3482',41,'145.52',1),(10252,'s18_3782',31,'50.36',5),(10252,'s18_4721',26,'127.97',4),(10252,'s24_2360',47,'63.03',8),(10252,'s24_4620',38,'69.52',3),(10252,'s32_2206',36,'36.21',6),(10252,'s32_4485',25,'93.89',9),(10252,'s50_4713',48,'72.41',7),(10253,'s12_1099',24,'157.60',13),(10253,'s12_3380',22,'102.17',11),(10253,'s12_3990',25,'67.03',14),(10253,'s12_4675',41,'109.40',10),(10253,'s18_1129',26,'130.22',5),(10253,'s18_1589',24,'103.29',1),(10253,'s18_1889',23,'67.76',9),(10253,'s18_1984',33,'130.87',4),(10253,'s18_2870',37,'114.84',2),(10253,'s18_3232',40,'145.63',6),(10253,'s18_3685',31,'139.87',3),(10253,'s24_2972',40,'34.74',7),(10253,'s24_3371',24,'50.82',12),(10253,'s24_3856',39,'115.15',8),(10254,'s18_1749',49,'137.70',5),(10254,'s18_2248',36,'55.09',4),(10254,'s18_2325',41,'102.98',2),(10254,'s18_4409',34,'80.99',6),(10254,'s18_4933',30,'59.87',7),(10254,'s24_1046',34,'66.88',11),(10254,'s24_1628',32,'43.27',13),(10254,'s24_1937',38,'28.88',1),(10254,'s24_2766',31,'85.42',9),(10254,'s24_2887',33,'111.57',8),(10254,'s24_3191',42,'69.34',10),(10254,'s24_3432',49,'101.73',12),(10254,'s24_3969',20,'39.80',3),(10255,'s18_2795',24,'135.00',1),(10255,'s24_2022',37,'37.63',2),(10256,'s18_1342',34,'93.49',2),(10256,'s18_1367',29,'52.83',1),(10257,'s18_2949',50,'92.19',1),(10257,'s18_2957',49,'59.34',3),(10257,'s18_3136',37,'83.78',2),(10257,'s18_3320',26,'91.27',5),(10257,'s24_4258',46,'81.81',4),(10258,'s10_1949',32,'177.87',6),(10258,'s12_1666',41,'133.94',3),(10258,'s18_1097',41,'113.17',5),(10258,'s18_4668',21,'49.81',4),(10258,'s32_3522',20,'62.70',2),(10258,'s700_2824',45,'86.99',1),(10259,'s10_4962',26,'121.15',12),(10259,'s12_4473',46,'117.32',4),(10259,'s18_2238',30,'134.26',3),(10259,'s18_2319',34,'120.28',7),(10259,'s18_2432',30,'59.55',10),(10259,'s18_3232',27,'152.41',8),(10259,'s18_4600',41,'107.76',13),(10259,'s24_1444',28,'46.82',1),(10259,'s24_2300',47,'121.40',9),(10259,'s24_2840',31,'31.47',5),(10259,'s32_1268',45,'95.35',11),(10259,'s32_2509',40,'45.99',6),(10259,'s50_1392',29,'105.33',2),(10260,'s12_1108',46,'180.79',5),(10260,'s12_3148',30,'140.50',6),(10260,'s12_3891',44,'169.56',4),(10260,'s18_3140',32,'121.57',1),(10260,'s18_3259',29,'92.77',3),(10260,'s18_4027',23,'137.88',8),(10260,'s24_4048',23,'117.10',10),(10260,'s32_3207',27,'55.30',9),(10260,'s50_1514',21,'56.24',7),(10260,'s700_1938',33,'80.55',2),(10261,'s10_4757',27,'116.96',1),(10261,'s18_4522',20,'80.75',9),(10261,'s24_2011',36,'105.69',8),(10261,'s24_3151',22,'79.66',3),(10261,'s700_1138',34,'64.00',4),(10261,'s700_2610',44,'58.55',2),(10261,'s700_3505',25,'89.15',5),(10261,'s700_3962',50,'88.39',6),(10261,'s72_3212',29,'43.68',7),(10262,'s18_1662',49,'157.69',9),(10262,'s18_3029',32,'81.72',15),(10262,'s18_3856',34,'85.75',14),(10262,'s24_1785',34,'98.48',1),(10262,'s24_2841',24,'63.71',10),(10262,'s24_3420',46,'65.75',11),(10262,'s24_3816',49,'82.18',16),(10262,'s24_3949',48,'58.69',8),(10262,'s32_4289',40,'63.97',2),(10262,'s50_1341',49,'35.78',3),(10262,'s700_1691',40,'87.69',4),(10262,'s700_2047',44,'83.28',13),(10262,'s700_2466',33,'81.77',6),(10262,'s700_3167',27,'64.80',5),(10262,'s700_4002',35,'64.41',7),(10262,'s72_1253',21,'41.71',12),(10263,'s10_1678',34,'89.00',2),(10263,'s10_2016',40,'107.05',5),(10263,'s10_4698',41,'193.66',4),(10263,'s12_2823',48,'123.51',1),(10263,'s18_2581',33,'67.58',10),(10263,'s18_2625',34,'50.27',6),(10263,'s24_1578',42,'109.32',3),(10263,'s24_2000',37,'67.03',7),(10263,'s24_4278',24,'59.41',11),(10263,'s32_1374',31,'93.90',8),(10263,'s700_2834',47,'117.46',9),(10264,'s18_3782',48,'58.44',3),(10264,'s18_4721',20,'124.99',2),(10264,'s24_2360',37,'61.64',6),(10264,'s24_4620',47,'75.18',1),(10264,'s32_2206',20,'39.02',4),(10264,'s32_4485',34,'100.01',7),(10264,'s50_4713',47,'67.53',5),(10265,'s18_3278',45,'74.78',2),(10265,'s18_3482',49,'123.47',1),(10266,'s12_1099',44,'188.73',14),(10266,'s12_3380',22,'110.39',12),(10266,'s12_3990',35,'67.83',15),(10266,'s12_4675',40,'112.86',11),(10266,'s18_1129',21,'131.63',6),(10266,'s18_1589',36,'99.55',2),(10266,'s18_1889',33,'77.00',10),(10266,'s18_1984',49,'139.41',5),(10266,'s18_2870',20,'113.52',3),(10266,'s18_3232',29,'137.17',7),(10266,'s18_3685',33,'127.15',4),(10266,'s24_1628',28,'40.25',1),(10266,'s24_2972',34,'35.12',8),(10266,'s24_3371',47,'56.33',13),(10266,'s24_3856',24,'119.37',9),(10267,'s18_4933',36,'71.27',1),(10267,'s24_1046',40,'72.02',5),(10267,'s24_2766',38,'76.33',3),(10267,'s24_2887',43,'93.95',2),(10267,'s24_3191',44,'83.90',4),(10267,'s24_3432',43,'98.51',6),(10268,'s18_1342',49,'93.49',3),(10268,'s18_1367',26,'45.82',2),(10268,'s18_1749',34,'164.90',10),(10268,'s18_2248',31,'60.54',9),(10268,'s18_2325',50,'124.59',7),(10268,'s18_2795',35,'148.50',4),(10268,'s18_3320',39,'96.23',1),(10268,'s18_4409',35,'84.67',11),(10268,'s24_1937',33,'31.86',6),(10268,'s24_2022',40,'36.29',5),(10268,'s24_3969',30,'37.75',8),(10269,'s18_2957',32,'57.46',1),(10269,'s24_4258',48,'95.44',2),(10270,'s10_1949',21,'171.44',9),(10270,'s10_4962',32,'124.10',2),(10270,'s12_1666',28,'135.30',6),(10270,'s18_1097',43,'94.50',8),(10270,'s18_2949',31,'81.05',10),(10270,'s18_3136',38,'85.87',11),(10270,'s18_4600',38,'107.76',3),(10270,'s18_4668',44,'40.25',7),(10270,'s32_1268',32,'93.42',1),(10270,'s32_3522',21,'52.36',5),(10270,'s700_2824',46,'101.15',4),(10271,'s12_4473',31,'99.54',5),(10271,'s18_2238',50,'147.36',4),(10271,'s18_2319',50,'121.50',8),(10271,'s18_2432',25,'59.55',11),(10271,'s18_3232',20,'169.34',9),(10271,'s24_1444',45,'49.71',2),(10271,'s24_2300',43,'122.68',10),(10271,'s24_2840',38,'28.64',6),(10271,'s24_4048',22,'110.00',1),(10271,'s32_2509',35,'51.95',7),(10271,'s50_1392',34,'93.76',3),(10272,'s12_1108',35,'187.02',2),(10272,'s12_3148',27,'123.89',3),(10272,'s12_3891',39,'148.80',1),(10272,'s18_4027',25,'126.39',5),(10272,'s32_3207',45,'56.55',6),(10272,'s50_1514',43,'53.89',4),(10273,'s10_4757',30,'136.00',4),(10273,'s18_3029',34,'84.30',2),(10273,'s18_3140',40,'117.47',13),(10273,'s18_3259',47,'87.73',15),(10273,'s18_3856',50,'105.87',1),(10273,'s18_4522',33,'72.85',12),(10273,'s24_2011',22,'103.23',11),(10273,'s24_3151',27,'84.08',6),(10273,'s24_3816',48,'83.86',3),(10273,'s700_1138',21,'66.00',7),(10273,'s700_1938',21,'77.95',14),(10273,'s700_2610',42,'57.82',5),(10273,'s700_3505',40,'91.15',8),(10273,'s700_3962',26,'89.38',9),(10273,'s72_3212',37,'51.32',10),(10274,'s18_1662',41,'129.31',1),(10274,'s24_2841',40,'56.86',2),(10274,'s24_3420',24,'65.09',3),(10274,'s700_2047',24,'75.13',5),(10274,'s72_1253',32,'49.66',4),(10275,'s10_1678',45,'81.35',1),(10275,'s10_2016',22,'115.37',4),(10275,'s10_4698',36,'154.93',3),(10275,'s18_2581',35,'70.12',9),(10275,'s18_2625',37,'52.09',5),(10275,'s24_1578',21,'105.94',2),(10275,'s24_1785',25,'97.38',11),(10275,'s24_2000',30,'61.70',6),(10275,'s24_3949',41,'58.00',18),(10275,'s24_4278',27,'67.38',10),(10275,'s32_1374',23,'89.90',7),(10275,'s32_4289',28,'58.47',12),(10275,'s50_1341',38,'40.15',13),(10275,'s700_1691',32,'85.86',14),(10275,'s700_2466',39,'82.77',16),(10275,'s700_2834',48,'102.04',8),(10275,'s700_3167',43,'72.00',15),(10275,'s700_4002',31,'59.96',17),(10276,'s12_1099',50,'184.84',3),(10276,'s12_2823',43,'150.62',14),(10276,'s12_3380',47,'104.52',1),(10276,'s12_3990',38,'67.83',4),(10276,'s18_3278',38,'78.00',6),(10276,'s18_3482',30,'139.64',5),(10276,'s18_3782',33,'54.71',9),(10276,'s18_4721',48,'120.53',8),(10276,'s24_2360',46,'61.64',12),(10276,'s24_3371',20,'58.17',2),(10276,'s24_4620',48,'67.10',7),(10276,'s32_2206',27,'35.40',10),(10276,'s32_4485',38,'94.91',13),(10276,'s50_4713',21,'67.53',11),(10277,'s12_4675',28,'93.28',1),(10278,'s18_1129',34,'114.65',6),(10278,'s18_1589',23,'107.02',2),(10278,'s18_1889',29,'73.15',10),(10278,'s18_1984',29,'118.07',5),(10278,'s18_2870',39,'117.48',3),(10278,'s18_3232',42,'167.65',7),(10278,'s18_3685',31,'114.44',4),(10278,'s24_1628',35,'48.80',1),(10278,'s24_2972',31,'37.38',8),(10278,'s24_3856',25,'136.22',9),(10279,'s18_4933',26,'68.42',1),(10279,'s24_1046',32,'68.35',5),(10279,'s24_2766',49,'76.33',3),(10279,'s24_2887',48,'106.87',2),(10279,'s24_3191',33,'78.76',4),(10279,'s24_3432',48,'95.30',6),(10280,'s10_1949',34,'205.73',2),(10280,'s18_1097',24,'98.00',1),(10280,'s18_1342',50,'87.33',9),(10280,'s18_1367',27,'47.44',8),(10280,'s18_1749',26,'161.50',16),(10280,'s18_2248',25,'53.28',15),(10280,'s18_2325',37,'109.33',13),(10280,'s18_2795',22,'158.63',10),(10280,'s18_2949',46,'82.06',3),(10280,'s18_2957',43,'54.34',5),(10280,'s18_3136',29,'102.63',4),(10280,'s18_3320',34,'99.21',7),(10280,'s18_4409',35,'77.31',17),(10280,'s24_1937',20,'29.87',12),(10280,'s24_2022',45,'36.29',11),(10280,'s24_3969',33,'35.29',14),(10280,'s24_4258',21,'79.86',6),(10281,'s10_4962',44,'132.97',9),(10281,'s12_1666',25,'127.10',13),(10281,'s12_4473',41,'98.36',1),(10281,'s18_2319',48,'114.14',4),(10281,'s18_2432',29,'56.52',7),(10281,'s18_3232',25,'135.47',5),(10281,'s18_4600',25,'96.86',10),(10281,'s18_4668',44,'42.76',14),(10281,'s24_2300',25,'112.46',6),(10281,'s24_2840',20,'33.95',2),(10281,'s32_1268',29,'80.90',8),(10281,'s32_2509',31,'44.91',3),(10281,'s32_3522',36,'59.47',12),(10281,'s700_2824',27,'89.01',11),(10282,'s12_1108',41,'176.63',5),(10282,'s12_3148',27,'142.02',6),(10282,'s12_3891',24,'169.56',4),(10282,'s18_2238',23,'147.36',13),(10282,'s18_3140',43,'122.93',1),(10282,'s18_3259',36,'88.74',3),(10282,'s18_4027',31,'132.13',8),(10282,'s24_1444',29,'49.71',11),(10282,'s24_4048',39,'96.99',10),(10282,'s32_3207',36,'51.58',9),(10282,'s50_1392',38,'114.59',12),(10282,'s50_1514',37,'56.24',7),(10282,'s700_1938',43,'77.95',2),(10283,'s10_4757',25,'130.56',6),(10283,'s18_3029',21,'78.28',4),(10283,'s18_3856',46,'100.58',3),(10283,'s18_4522',34,'71.97',14),(10283,'s24_2011',42,'99.54',13),(10283,'s24_3151',34,'80.54',8),(10283,'s24_3816',33,'77.15',5),(10283,'s700_1138',45,'62.00',9),(10283,'s700_2047',20,'74.23',2),(10283,'s700_2610',47,'68.67',7),(10283,'s700_3505',22,'88.15',10),(10283,'s700_3962',38,'85.41',11),(10283,'s72_1253',43,'41.22',1),(10283,'s72_3212',33,'49.14',12),(10284,'s18_1662',45,'137.19',11),(10284,'s18_2581',31,'68.43',1),(10284,'s24_1785',22,'101.76',3),(10284,'s24_2841',30,'65.08',12),(10284,'s24_3420',39,'59.83',13),(10284,'s24_3949',21,'65.51',10),(10284,'s24_4278',21,'66.65',2),(10284,'s32_4289',50,'60.54',4),(10284,'s50_1341',33,'35.78',5),(10284,'s700_1691',24,'87.69',6),(10284,'s700_2466',45,'95.73',8),(10284,'s700_3167',25,'68.00',7),(10284,'s700_4002',32,'73.29',9),(10285,'s10_1678',36,'95.70',6),(10285,'s10_2016',47,'110.61',9),(10285,'s10_4698',27,'166.55',8),(10285,'s12_2823',49,'131.04',5),(10285,'s18_2625',20,'50.88',10),(10285,'s24_1578',34,'91.29',7),(10285,'s24_2000',39,'61.70',11),(10285,'s24_2360',38,'64.41',3),(10285,'s32_1374',37,'82.91',12),(10285,'s32_2206',37,'36.61',1),(10285,'s32_4485',26,'100.01',4),(10285,'s50_4713',39,'76.48',2),(10285,'s700_2834',45,'102.04',13),(10286,'s18_3782',38,'51.60',1),(10287,'s12_1099',21,'190.68',12),(10287,'s12_3380',45,'117.44',10),(10287,'s12_3990',41,'74.21',13),(10287,'s12_4675',23,'107.10',9),(10287,'s18_1129',41,'113.23',4),(10287,'s18_1889',44,'61.60',8),(10287,'s18_1984',24,'123.76',3),(10287,'s18_2870',44,'114.84',1),(10287,'s18_3232',36,'137.17',5),(10287,'s18_3278',43,'68.35',15),(10287,'s18_3482',40,'127.88',14),(10287,'s18_3685',27,'139.87',2),(10287,'s18_4721',34,'119.04',17),(10287,'s24_2972',36,'31.34',6),(10287,'s24_3371',20,'58.17',11),(10287,'s24_3856',36,'137.62',7),(10287,'s24_4620',40,'79.22',16),(10288,'s18_1589',20,'120.71',14),(10288,'s18_1749',32,'168.30',5),(10288,'s18_2248',28,'50.25',4),(10288,'s18_2325',31,'102.98',2),(10288,'s18_4409',35,'90.19',6),(10288,'s18_4933',23,'57.02',7),(10288,'s24_1046',36,'66.88',11),(10288,'s24_1628',50,'49.30',13),(10288,'s24_1937',29,'32.19',1),(10288,'s24_2766',35,'81.78',9),(10288,'s24_2887',48,'109.22',8),(10288,'s24_3191',34,'76.19',10),(10288,'s24_3432',41,'101.73',12),(10288,'s24_3969',33,'37.75',3),(10289,'s18_1342',38,'92.47',2),(10289,'s18_1367',24,'44.75',1),(10289,'s18_2795',43,'141.75',3),(10289,'s24_2022',45,'41.22',4),(10290,'s18_3320',26,'80.36',2),(10290,'s24_4258',45,'83.76',1),(10291,'s10_1949',37,'210.01',11),(10291,'s10_4962',30,'141.83',4),(10291,'s12_1666',41,'123.00',8),(10291,'s18_1097',41,'96.84',10),(10291,'s18_2432',26,'52.26',2),(10291,'s18_2949',47,'99.28',12),(10291,'s18_2957',37,'56.21',14),(10291,'s18_3136',23,'93.20',13),(10291,'s18_4600',48,'96.86',5),(10291,'s18_4668',29,'45.28',9),(10291,'s24_2300',48,'109.90',1),(10291,'s32_1268',26,'82.83',3),(10291,'s32_3522',32,'53.00',7),(10291,'s700_2824',28,'86.99',6),(10292,'s12_4473',21,'94.80',8),(10292,'s18_2238',26,'140.81',7),(10292,'s18_2319',41,'103.09',11),(10292,'s18_3232',21,'147.33',12),(10292,'s18_4027',44,'114.90',2),(10292,'s24_1444',40,'48.55',5),(10292,'s24_2840',39,'34.30',9),(10292,'s24_4048',27,'113.55',4),(10292,'s32_2509',50,'54.11',10),(10292,'s32_3207',31,'59.65',3),(10292,'s50_1392',41,'113.44',6),(10292,'s50_1514',35,'49.79',1),(10293,'s12_1108',46,'187.02',8),(10293,'s12_3148',24,'129.93',9),(10293,'s12_3891',45,'171.29',7),(10293,'s18_3140',24,'110.64',4),(10293,'s18_3259',22,'91.76',6),(10293,'s18_4522',49,'72.85',3),(10293,'s24_2011',21,'111.83',2),(10293,'s700_1938',29,'77.95',5),(10293,'s72_3212',32,'51.32',1),(10294,'s700_3962',45,'98.32',1),(10295,'s10_4757',24,'136.00',1),(10295,'s24_3151',46,'84.08',3),(10295,'s700_1138',26,'62.00',4),(10295,'s700_2610',44,'71.56',2),(10295,'s700_3505',34,'93.16',5),(10296,'s18_1662',36,'146.65',7),(10296,'s18_3029',21,'69.68',13),(10296,'s18_3856',22,'105.87',12),(10296,'s24_2841',21,'60.97',8),(10296,'s24_3420',31,'63.78',9),(10296,'s24_3816',22,'83.02',14),(10296,'s24_3949',32,'63.46',6),(10296,'s50_1341',26,'41.02',1),(10296,'s700_1691',42,'75.81',2),(10296,'s700_2047',34,'89.61',11),(10296,'s700_2466',24,'96.73',4),(10296,'s700_3167',22,'74.40',3),(10296,'s700_4002',47,'61.44',5),(10296,'s72_1253',21,'46.68',10),(10297,'s18_2581',25,'81.95',4),(10297,'s24_1785',32,'107.23',6),(10297,'s24_2000',32,'70.08',1),(10297,'s24_4278',23,'71.73',5),(10297,'s32_1374',26,'88.90',2),(10297,'s32_4289',28,'63.29',7),(10297,'s700_2834',35,'111.53',3),(10298,'s10_2016',39,'105.86',1),(10298,'s18_2625',32,'60.57',2),(10299,'s10_1678',23,'76.56',9),(10299,'s10_4698',29,'164.61',11),(10299,'s12_2823',24,'123.51',8),(10299,'s18_3782',39,'62.17',3),(10299,'s18_4721',49,'119.04',2),(10299,'s24_1578',47,'107.07',10),(10299,'s24_2360',33,'58.87',6),(10299,'s24_4620',32,'66.29',1),(10299,'s32_2206',24,'36.21',4),(10299,'s32_4485',38,'84.70',7),(10299,'s50_4713',44,'77.29',5),(10300,'s12_1099',33,'184.84',5),(10300,'s12_3380',29,'116.27',3),(10300,'s12_3990',22,'76.61',6),(10300,'s12_4675',23,'95.58',2),(10300,'s18_1889',41,'63.14',1),(10300,'s18_3278',49,'65.94',8),(10300,'s18_3482',23,'144.05',7),(10300,'s24_3371',31,'52.05',4),(10301,'s18_1129',37,'114.65',8),(10301,'s18_1589',32,'118.22',4),(10301,'s18_1984',47,'119.49',7),(10301,'s18_2870',22,'113.52',5),(10301,'s18_3232',23,'135.47',9),(10301,'s18_3685',39,'137.04',6),(10301,'s24_1046',27,'64.67',1),(10301,'s24_1628',22,'40.75',3),(10301,'s24_2972',48,'32.10',10),(10301,'s24_3432',22,'86.73',2),(10301,'s24_3856',50,'122.17',11),(10302,'s18_1749',43,'166.60',1),(10302,'s18_4409',38,'82.83',2),(10302,'s18_4933',23,'70.56',3),(10302,'s24_2766',49,'75.42',5),(10302,'s24_2887',45,'104.52',4),(10302,'s24_3191',48,'74.48',6),(10303,'s18_2248',46,'56.91',2),(10303,'s24_3969',24,'35.70',1),(10304,'s10_1949',47,'201.44',6),(10304,'s12_1666',39,'117.54',3),(10304,'s18_1097',46,'106.17',5),(10304,'s18_1342',37,'95.55',13),(10304,'s18_1367',37,'46.90',12),(10304,'s18_2325',24,'102.98',17),(10304,'s18_2795',20,'141.75',14),(10304,'s18_2949',46,'98.27',7),(10304,'s18_2957',24,'54.34',9),(10304,'s18_3136',26,'90.06',8),(10304,'s18_3320',38,'95.24',11),(10304,'s18_4668',34,'44.27',4),(10304,'s24_1937',23,'29.21',16),(10304,'s24_2022',44,'42.11',15),(10304,'s24_4258',33,'80.83',10),(10304,'s32_3522',36,'52.36',2),(10304,'s700_2824',40,'80.92',1),(10305,'s10_4962',38,'130.01',13),(10305,'s12_4473',38,'107.84',5),(10305,'s18_2238',27,'132.62',4),(10305,'s18_2319',36,'117.82',8),(10305,'s18_2432',41,'58.95',11),(10305,'s18_3232',37,'160.87',9),(10305,'s18_4600',22,'112.60',14),(10305,'s24_1444',45,'48.55',2),(10305,'s24_2300',24,'107.34',10),(10305,'s24_2840',48,'30.76',6),(10305,'s24_4048',36,'118.28',1),(10305,'s32_1268',28,'94.38',12),(10305,'s32_2509',40,'48.70',7),(10305,'s50_1392',42,'109.96',3),(10306,'s12_1108',31,'182.86',13),(10306,'s12_3148',34,'145.04',14),(10306,'s12_3891',20,'145.34',12),(10306,'s18_3140',32,'114.74',9),(10306,'s18_3259',40,'83.70',11),(10306,'s18_4027',23,'126.39',16),(10306,'s18_4522',39,'85.14',8),(10306,'s24_2011',29,'109.37',7),(10306,'s24_3151',31,'76.12',2),(10306,'s32_3207',46,'60.28',17),(10306,'s50_1514',34,'51.55',15),(10306,'s700_1138',50,'61.34',3),(10306,'s700_1938',38,'73.62',10),(10306,'s700_2610',43,'62.16',1),(10306,'s700_3505',32,'99.17',4),(10306,'s700_3962',30,'87.39',5),(10306,'s72_3212',35,'48.05',6),(10307,'s10_4757',22,'118.32',9),(10307,'s18_1662',39,'135.61',1),(10307,'s18_3029',31,'71.40',7),(10307,'s18_3856',48,'92.11',6),(10307,'s24_2841',25,'58.23',2),(10307,'s24_3420',22,'64.44',3),(10307,'s24_3816',22,'75.47',8),(10307,'s700_2047',34,'81.47',5),(10307,'s72_1253',34,'44.20',4),(10308,'s10_2016',34,'115.37',2),(10308,'s10_4698',20,'187.85',1),(10308,'s18_2581',27,'81.95',7),(10308,'s18_2625',34,'48.46',3),(10308,'s24_1785',31,'99.57',9),(10308,'s24_2000',47,'68.55',4),(10308,'s24_3949',43,'58.00',16),(10308,'s24_4278',44,'71.73',8),(10308,'s32_1374',24,'99.89',5),(10308,'s32_4289',46,'61.22',10),(10308,'s50_1341',47,'37.09',11),(10308,'s700_1691',21,'73.07',12),(10308,'s700_2466',35,'88.75',14),(10308,'s700_2834',31,'100.85',6),(10308,'s700_3167',21,'79.20',13),(10308,'s700_4002',39,'62.93',15),(10309,'s10_1678',41,'94.74',5),(10309,'s12_2823',26,'144.60',4),(10309,'s24_1578',21,'96.92',6),(10309,'s24_2360',24,'59.56',2),(10309,'s32_4485',50,'93.89',3),(10309,'s50_4713',28,'74.04',1),(10310,'s12_1099',33,'165.38',10),(10310,'s12_3380',24,'105.70',8),(10310,'s12_3990',49,'77.41',11),(10310,'s12_4675',25,'101.34',7),(10310,'s18_1129',37,'128.80',2),(10310,'s18_1889',20,'66.99',6),(10310,'s18_1984',24,'129.45',1),(10310,'s18_3232',48,'159.18',3),(10310,'s18_3278',27,'70.76',13),(10310,'s18_3482',49,'122.00',12),(10310,'s18_3782',42,'59.06',16),(10310,'s18_4721',40,'133.92',15),(10310,'s24_2972',33,'33.23',4),(10310,'s24_3371',38,'50.21',9),(10310,'s24_3856',45,'139.03',5),(10310,'s24_4620',49,'75.18',14),(10310,'s32_2206',36,'38.62',17),(10311,'s18_1589',29,'124.44',9),(10311,'s18_2870',43,'114.84',10),(10311,'s18_3685',32,'134.22',11),(10311,'s18_4409',41,'92.03',1),(10311,'s18_4933',25,'66.99',2),(10311,'s24_1046',26,'70.55',6),(10311,'s24_1628',45,'48.80',8),(10311,'s24_2766',28,'89.05',4),(10311,'s24_2887',43,'116.27',3),(10311,'s24_3191',25,'85.61',5),(10311,'s24_3432',46,'91.02',7),(10312,'s10_1949',48,'214.30',3),(10312,'s18_1097',32,'101.50',2),(10312,'s18_1342',43,'102.74',10),(10312,'s18_1367',25,'43.67',9),(10312,'s18_1749',48,'146.20',17),(10312,'s18_2248',30,'48.43',16),(10312,'s18_2325',31,'111.87',14),(10312,'s18_2795',25,'150.19',11),(10312,'s18_2949',37,'91.18',4),(10312,'s18_2957',35,'54.34',6),(10312,'s18_3136',38,'93.20',5),(10312,'s18_3320',33,'84.33',8),(10312,'s18_4668',39,'44.27',1),(10312,'s24_1937',39,'27.88',13),(10312,'s24_2022',23,'43.46',12),(10312,'s24_3969',31,'40.21',15),(10312,'s24_4258',44,'96.42',7),(10313,'s10_4962',40,'141.83',7),(10313,'s12_1666',21,'131.20',11),(10313,'s18_2319',29,'109.23',2),(10313,'s18_2432',34,'52.87',5),(10313,'s18_3232',25,'143.94',3),(10313,'s18_4600',28,'110.18',8),(10313,'s24_2300',42,'102.23',4),(10313,'s32_1268',27,'96.31',6),(10313,'s32_2509',38,'48.70',1),(10313,'s32_3522',34,'55.59',10),(10313,'s700_2824',30,'96.09',9),(10314,'s12_1108',38,'176.63',5),(10314,'s12_3148',46,'125.40',6),(10314,'s12_3891',36,'169.56',4),(10314,'s12_4473',45,'95.99',14),(10314,'s18_2238',42,'135.90',13),(10314,'s18_3140',20,'129.76',1),(10314,'s18_3259',23,'84.71',3),(10314,'s18_4027',29,'129.26',8),(10314,'s24_1444',44,'51.44',11),(10314,'s24_2840',39,'31.82',15),(10314,'s24_4048',38,'111.18',10),(10314,'s32_3207',35,'58.41',9),(10314,'s50_1392',28,'115.75',12),(10314,'s50_1514',38,'50.38',7),(10314,'s700_1938',23,'83.15',2),(10315,'s18_4522',36,'78.12',7),(10315,'s24_2011',35,'111.83',6),(10315,'s24_3151',24,'78.77',1),(10315,'s700_1138',41,'60.67',2),(10315,'s700_3505',31,'99.17',3),(10315,'s700_3962',37,'88.39',4),(10315,'s72_3212',40,'51.32',5),(10316,'s10_4757',33,'126.48',17),(10316,'s18_1662',27,'140.34',9),(10316,'s18_3029',21,'72.26',15),(10316,'s18_3856',47,'89.99',14),(10316,'s24_1785',25,'93.01',1),(10316,'s24_2841',34,'67.14',10),(10316,'s24_3420',47,'55.23',11),(10316,'s24_3816',25,'77.15',16),(10316,'s24_3949',30,'67.56',8),(10316,'s32_4289',24,'59.16',2),(10316,'s50_1341',34,'36.66',3),(10316,'s700_1691',34,'74.90',4),(10316,'s700_2047',45,'73.32',13),(10316,'s700_2466',23,'85.76',6),(10316,'s700_2610',48,'67.22',18),(10316,'s700_3167',48,'77.60',5),(10316,'s700_4002',44,'68.11',7),(10316,'s72_1253',34,'43.70',12),(10317,'s24_4278',35,'69.55',1),(10318,'s10_1678',46,'84.22',1),(10318,'s10_2016',45,'102.29',4),(10318,'s10_4698',37,'189.79',3),(10318,'s18_2581',31,'81.95',9),(10318,'s18_2625',42,'49.67',5),(10318,'s24_1578',48,'93.54',2),(10318,'s24_2000',26,'60.94',6),(10318,'s32_1374',47,'81.91',7),(10318,'s700_2834',50,'102.04',8),(10319,'s12_2823',30,'134.05',9),(10319,'s18_3278',46,'77.19',1),(10319,'s18_3782',44,'54.71',4),(10319,'s18_4721',45,'120.53',3),(10319,'s24_2360',31,'65.80',7),(10319,'s24_4620',43,'78.41',2),(10319,'s32_2206',29,'35.00',5),(10319,'s32_4485',22,'96.95',8),(10319,'s50_4713',45,'79.73',6),(10320,'s12_1099',31,'184.84',3),(10320,'s12_3380',35,'102.17',1),(10320,'s12_3990',38,'63.84',4),(10320,'s18_3482',25,'139.64',5),(10320,'s24_3371',26,'60.62',2),(10321,'s12_4675',24,'105.95',15),(10321,'s18_1129',41,'123.14',10),(10321,'s18_1589',44,'120.71',6),(10321,'s18_1889',37,'73.92',14),(10321,'s18_1984',25,'142.25',9),(10321,'s18_2870',27,'126.72',7),(10321,'s18_3232',33,'164.26',11),(10321,'s18_3685',28,'138.45',8),(10321,'s24_1046',30,'68.35',3),(10321,'s24_1628',48,'42.76',5),(10321,'s24_2766',30,'74.51',1),(10321,'s24_2972',37,'31.72',12),(10321,'s24_3191',39,'81.33',2),(10321,'s24_3432',21,'103.87',4),(10321,'s24_3856',26,'137.62',13),(10322,'s10_1949',40,'180.01',1),(10322,'s10_4962',46,'141.83',8),(10322,'s12_1666',27,'136.67',9),(10322,'s18_1097',22,'101.50',10),(10322,'s18_1342',43,'92.47',14),(10322,'s18_1367',41,'44.21',5),(10322,'s18_2325',50,'120.77',6),(10322,'s18_2432',35,'57.12',11),(10322,'s18_2795',36,'158.63',2),(10322,'s18_2949',33,'100.30',12),(10322,'s18_2957',41,'54.34',13),(10322,'s18_3136',48,'90.06',7),(10322,'s24_1937',20,'26.55',3),(10322,'s24_2022',30,'40.77',4),(10323,'s18_3320',33,'88.30',2),(10323,'s18_4600',47,'96.86',1),(10324,'s12_3148',27,'148.06',1),(10324,'s12_4473',26,'100.73',7),(10324,'s18_2238',47,'142.45',8),(10324,'s18_2319',33,'105.55',10),(10324,'s18_3232',27,'137.17',12),(10324,'s18_4027',49,'120.64',13),(10324,'s18_4668',38,'49.81',6),(10324,'s24_1444',25,'49.71',14),(10324,'s24_2300',31,'107.34',2),(10324,'s24_2840',30,'29.35',9),(10324,'s24_4258',33,'95.44',3),(10324,'s32_1268',20,'91.49',11),(10324,'s32_3522',48,'60.76',4),(10324,'s700_2824',34,'80.92',5),(10325,'s10_4757',47,'111.52',6),(10325,'s12_1108',42,'193.25',8),(10325,'s12_3891',24,'166.10',1),(10325,'s18_3140',24,'114.74',9),(10325,'s24_4048',44,'114.73',5),(10325,'s32_2509',38,'44.37',3),(10325,'s32_3207',28,'55.30',2),(10325,'s50_1392',38,'99.55',4),(10325,'s50_1514',44,'56.24',7),(10326,'s18_3259',32,'94.79',6),(10326,'s18_4522',50,'73.73',5),(10326,'s24_2011',41,'120.43',4),(10326,'s24_3151',41,'86.74',3),(10326,'s24_3816',20,'81.34',2),(10326,'s700_1138',39,'60.67',1),(10327,'s18_1662',25,'154.54',6),(10327,'s18_2581',45,'74.34',8),(10327,'s18_3029',25,'74.84',5),(10327,'s700_1938',20,'79.68',7),(10327,'s700_2610',21,'65.05',1),(10327,'s700_3505',43,'85.14',2),(10327,'s700_3962',37,'83.42',3),(10327,'s72_3212',37,'48.05',4),(10328,'s18_3856',34,'104.81',6),(10328,'s24_1785',47,'87.54',14),(10328,'s24_2841',48,'67.82',1),(10328,'s24_3420',20,'56.55',2),(10328,'s24_3949',35,'55.96',3),(10328,'s24_4278',43,'69.55',4),(10328,'s32_4289',24,'57.10',5),(10328,'s50_1341',34,'42.33',7),(10328,'s700_1691',27,'84.03',8),(10328,'s700_2047',41,'75.13',9),(10328,'s700_2466',37,'95.73',10),(10328,'s700_2834',33,'117.46',11),(10328,'s700_3167',33,'71.20',13),(10328,'s700_4002',39,'69.59',12),(10329,'s10_1678',42,'80.39',1),(10329,'s10_2016',20,'109.42',2),(10329,'s10_4698',26,'164.61',3),(10329,'s12_1099',41,'182.90',5),(10329,'s12_2823',24,'128.03',6),(10329,'s12_3380',46,'117.44',13),(10329,'s12_3990',33,'74.21',14),(10329,'s12_4675',39,'102.49',15),(10329,'s18_1889',29,'66.22',9),(10329,'s18_2625',38,'55.72',12),(10329,'s18_3278',38,'65.13',10),(10329,'s24_1578',30,'104.81',7),(10329,'s24_2000',37,'71.60',4),(10329,'s32_1374',45,'80.91',11),(10329,'s72_1253',44,'41.22',8),(10330,'s18_3482',37,'136.70',3),(10330,'s18_3782',29,'59.06',2),(10330,'s18_4721',50,'133.92',4),(10330,'s24_2360',42,'56.10',1),(10331,'s18_1129',46,'120.31',6),(10331,'s18_1589',44,'99.55',14),(10331,'s18_1749',44,'154.70',7),(10331,'s18_1984',30,'135.14',8),(10331,'s18_2870',26,'130.68',10),(10331,'s18_3232',27,'169.34',11),(10331,'s18_3685',26,'132.80',12),(10331,'s24_2972',27,'37.00',13),(10331,'s24_3371',25,'55.11',9),(10331,'s24_3856',21,'139.03',1),(10331,'s24_4620',41,'70.33',2),(10331,'s32_2206',28,'33.39',3),(10331,'s32_4485',32,'100.01',4),(10331,'s50_4713',20,'74.04',5),(10332,'s18_1342',46,'89.38',15),(10332,'s18_1367',27,'51.21',16),(10332,'s18_2248',38,'53.88',9),(10332,'s18_2325',35,'116.96',8),(10332,'s18_2795',24,'138.38',1),(10332,'s18_2957',26,'53.09',17),(10332,'s18_3136',40,'100.53',18),(10332,'s18_4409',50,'92.03',2),(10332,'s18_4933',21,'70.56',3),(10332,'s24_1046',23,'61.73',4),(10332,'s24_1628',20,'47.29',5),(10332,'s24_1937',45,'29.87',6),(10332,'s24_2022',26,'43.01',10),(10332,'s24_2766',39,'84.51',7),(10332,'s24_2887',44,'108.04',11),(10332,'s24_3191',45,'77.91',12),(10332,'s24_3432',31,'94.23',13),(10332,'s24_3969',41,'34.47',14),(10333,'s10_1949',26,'188.58',3),(10333,'s12_1666',33,'121.64',6),(10333,'s18_1097',29,'110.84',7),(10333,'s18_2949',31,'95.23',5),(10333,'s18_3320',46,'95.24',2),(10333,'s18_4668',24,'42.26',8),(10333,'s24_4258',39,'95.44',1),(10333,'s32_3522',33,'62.05',4),(10334,'s10_4962',26,'130.01',2),(10334,'s18_2319',46,'108.00',6),(10334,'s18_2432',34,'52.87',1),(10334,'s18_3232',20,'147.33',3),(10334,'s18_4600',49,'101.71',4),(10334,'s24_2300',42,'117.57',5),(10335,'s24_2840',33,'32.88',2),(10335,'s32_1268',44,'77.05',1),(10335,'s32_2509',40,'49.78',3),(10336,'s12_1108',33,'176.63',10),(10336,'s12_3148',33,'126.91',11),(10336,'s12_3891',49,'141.88',1),(10336,'s12_4473',38,'95.99',3),(10336,'s18_2238',49,'153.91',6),(10336,'s18_3140',48,'135.22',12),(10336,'s18_3259',21,'100.84',7),(10336,'s24_1444',45,'49.71',4),(10336,'s24_4048',31,'113.55',5),(10336,'s32_3207',31,'59.03',9),(10336,'s50_1392',23,'109.96',8),(10336,'s700_2824',46,'94.07',2),(10337,'s10_4757',25,'131.92',8),(10337,'s18_4027',36,'140.75',3),(10337,'s18_4522',29,'76.36',2),(10337,'s24_2011',29,'119.20',4),(10337,'s50_1514',21,'54.48',6),(10337,'s700_1938',36,'73.62',9),(10337,'s700_3505',31,'84.14',1),(10337,'s700_3962',36,'83.42',7),(10337,'s72_3212',42,'49.14',5),(10338,'s18_1662',41,'137.19',1),(10338,'s18_3029',28,'80.86',3),(10338,'s18_3856',45,'93.17',2),(10339,'s10_2016',40,'117.75',4),(10339,'s10_4698',39,'178.17',3),(10339,'s18_2581',27,'79.41',2),(10339,'s18_2625',30,'48.46',1),(10339,'s24_1578',27,'96.92',10),(10339,'s24_1785',21,'106.14',7),(10339,'s24_2841',55,'67.82',12),(10339,'s24_3151',55,'73.46',13),(10339,'s24_3420',29,'57.86',14),(10339,'s24_3816',42,'72.96',16),(10339,'s24_3949',45,'57.32',11),(10339,'s700_1138',22,'53.34',5),(10339,'s700_2047',55,'86.90',15),(10339,'s700_2610',50,'62.16',9),(10339,'s700_4002',50,'66.63',8),(10339,'s72_1253',27,'49.66',6),(10340,'s24_2000',55,'62.46',8),(10340,'s24_4278',40,'63.76',1),(10340,'s32_1374',55,'95.89',2),(10340,'s32_4289',39,'67.41',3),(10340,'s50_1341',40,'37.09',4),(10340,'s700_1691',30,'73.99',5),(10340,'s700_2466',55,'81.77',7),(10340,'s700_2834',29,'98.48',6),(10341,'s10_1678',41,'84.22',9),(10341,'s12_1099',45,'192.62',2),(10341,'s12_2823',55,'120.50',8),(10341,'s12_3380',44,'111.57',1),(10341,'s12_3990',36,'77.41',10),(10341,'s12_4675',55,'109.40',7),(10341,'s24_2360',32,'63.03',6),(10341,'s32_4485',31,'95.93',4),(10341,'s50_4713',38,'78.11',3),(10341,'s700_3167',34,'70.40',5),(10342,'s18_1129',40,'118.89',2),(10342,'s18_1889',55,'63.14',1),(10342,'s18_1984',22,'115.22',3),(10342,'s18_3232',30,'167.65',4),(10342,'s18_3278',25,'76.39',5),(10342,'s18_3482',55,'136.70',7),(10342,'s18_3782',26,'57.82',8),(10342,'s18_4721',38,'124.99',11),(10342,'s24_2972',39,'30.59',9),(10342,'s24_3371',48,'60.01',10),(10342,'s24_3856',42,'112.34',6),(10343,'s18_1589',36,'109.51',4),(10343,'s18_2870',25,'118.80',3),(10343,'s18_3685',44,'127.15',2),(10343,'s24_1628',27,'44.78',6),(10343,'s24_4620',30,'76.80',1),(10343,'s32_2206',29,'37.41',5),(10344,'s18_1749',45,'168.30',1),(10344,'s18_2248',40,'49.04',2),(10344,'s18_2325',30,'118.23',3),(10344,'s18_4409',21,'80.99',4),(10344,'s18_4933',26,'68.42',5),(10344,'s24_1046',29,'61.00',7),(10344,'s24_1937',20,'27.88',6),(10345,'s24_2022',43,'38.98',1),(10346,'s18_1342',42,'88.36',3),(10346,'s24_2766',25,'87.24',1),(10346,'s24_2887',24,'117.44',5),(10346,'s24_3191',24,'80.47',2),(10346,'s24_3432',26,'103.87',6),(10346,'s24_3969',22,'38.57',4),(10347,'s10_1949',30,'188.58',1),(10347,'s10_4962',27,'132.97',2),(10347,'s12_1666',29,'132.57',3),(10347,'s18_1097',42,'113.17',5),(10347,'s18_1367',21,'46.36',7),(10347,'s18_2432',50,'51.05',8),(10347,'s18_2795',21,'136.69',6),(10347,'s18_2949',48,'84.09',9),(10347,'s18_2957',34,'60.59',10),(10347,'s18_3136',45,'95.30',11),(10347,'s18_3320',26,'84.33',12),(10347,'s18_4600',45,'115.03',4),(10348,'s12_1108',48,'207.80',8),(10348,'s12_3148',47,'122.37',4),(10348,'s18_4668',29,'43.77',6),(10348,'s24_2300',37,'107.34',1),(10348,'s24_4258',39,'82.78',2),(10348,'s32_1268',42,'90.53',3),(10348,'s32_3522',31,'62.70',5),(10348,'s700_2824',32,'100.14',7),(10349,'s12_3891',26,'166.10',10),(10349,'s12_4473',48,'114.95',9),(10349,'s18_2238',38,'142.45',8),(10349,'s18_2319',38,'117.82',7),(10349,'s18_3232',48,'164.26',6),(10349,'s18_4027',34,'140.75',5),(10349,'s24_1444',48,'50.29',4),(10349,'s24_2840',36,'31.47',3),(10349,'s24_4048',23,'111.18',2),(10349,'s32_2509',33,'44.37',1),(10350,'s10_4757',26,'110.16',5),(10350,'s18_3029',43,'84.30',6),(10350,'s18_3140',44,'135.22',1),(10350,'s18_3259',41,'94.79',2),(10350,'s18_4522',30,'70.22',3),(10350,'s24_2011',34,'98.31',7),(10350,'s24_3151',30,'86.74',9),(10350,'s24_3816',25,'77.15',10),(10350,'s32_3207',27,'61.52',14),(10350,'s50_1392',31,'104.18',8),(10350,'s50_1514',44,'56.82',17),(10350,'s700_1138',46,'56.00',11),(10350,'s700_1938',28,'76.22',4),(10350,'s700_2610',29,'68.67',12),(10350,'s700_3505',31,'87.15',13),(10350,'s700_3962',25,'97.32',16),(10350,'s72_3212',20,'48.05',15),(10351,'s18_1662',39,'143.50',1),(10351,'s18_3856',20,'104.81',2),(10351,'s24_2841',25,'64.40',5),(10351,'s24_3420',38,'53.92',4),(10351,'s24_3949',34,'68.24',3),(10352,'s700_2047',23,'75.13',3),(10352,'s700_2466',49,'87.75',2),(10352,'s700_4002',22,'62.19',1),(10352,'s72_1253',49,'46.18',4),(10353,'s18_2581',27,'71.81',1),(10353,'s24_1785',28,'107.23',2),(10353,'s24_4278',35,'69.55',3),(10353,'s32_1374',46,'86.90',5),(10353,'s32_4289',40,'68.10',7),(10353,'s50_1341',40,'35.78',8),(10353,'s700_1691',39,'73.07',9),(10353,'s700_2834',48,'98.48',4),(10353,'s700_3167',43,'74.40',6),(10354,'s10_1678',42,'84.22',6),(10354,'s10_2016',20,'95.15',2),(10354,'s10_4698',42,'178.17',3),(10354,'s12_1099',31,'157.60',9),(10354,'s12_2823',35,'141.58',4),(10354,'s12_3380',29,'98.65',11),(10354,'s12_3990',23,'76.61',12),(10354,'s12_4675',28,'100.19',13),(10354,'s18_1889',21,'76.23',8),(10354,'s18_2625',28,'49.06',10),(10354,'s18_3278',36,'69.15',7),(10354,'s24_1578',21,'96.92',5),(10354,'s24_2000',28,'62.46',1),(10355,'s18_3482',23,'117.59',7),(10355,'s18_3782',31,'60.30',1),(10355,'s18_4721',25,'124.99',2),(10355,'s24_2360',41,'56.10',3),(10355,'s24_2972',36,'37.38',4),(10355,'s24_3371',44,'60.62',6),(10355,'s24_3856',32,'137.62',8),(10355,'s24_4620',28,'75.18',9),(10355,'s32_2206',38,'32.99',10),(10355,'s32_4485',40,'93.89',5),(10356,'s18_1129',43,'120.31',8),(10356,'s18_1342',50,'82.19',9),(10356,'s18_1367',22,'44.75',6),(10356,'s18_1984',27,'130.87',2),(10356,'s18_2325',29,'106.79',3),(10356,'s18_2795',30,'158.63',1),(10356,'s24_1937',48,'31.86',5),(10356,'s24_2022',26,'42.11',7),(10356,'s50_4713',26,'78.11',4),(10357,'s10_1949',32,'199.30',10),(10357,'s10_4962',43,'135.92',9),(10357,'s12_1666',49,'109.34',8),(10357,'s18_1097',39,'112.00',1),(10357,'s18_2432',41,'58.95',7),(10357,'s18_2949',41,'91.18',6),(10357,'s18_2957',49,'59.34',5),(10357,'s18_3136',44,'104.72',4),(10357,'s18_3320',25,'84.33',3),(10357,'s18_4600',28,'105.34',2),(10358,'s12_3148',49,'129.93',5),(10358,'s12_4473',42,'98.36',9),(10358,'s18_2238',20,'142.45',10),(10358,'s18_2319',20,'99.41',11),(10358,'s18_3232',32,'137.17',12),(10358,'s18_4027',25,'117.77',13),(10358,'s18_4668',30,'46.29',8),(10358,'s24_1444',44,'56.07',14),(10358,'s24_2300',41,'127.79',7),(10358,'s24_2840',36,'33.59',4),(10358,'s24_4258',41,'88.62',6),(10358,'s32_1268',41,'82.83',1),(10358,'s32_3522',36,'51.71',2),(10358,'s700_2824',27,'85.98',3),(10359,'s10_4757',48,'122.40',6),(10359,'s12_1108',42,'180.79',8),(10359,'s12_3891',49,'162.64',5),(10359,'s24_4048',22,'108.82',7),(10359,'s32_2509',36,'45.45',3),(10359,'s32_3207',22,'62.14',1),(10359,'s50_1392',46,'99.55',2),(10359,'s50_1514',25,'47.45',4),(10360,'s18_1662',50,'126.15',12),(10360,'s18_2581',41,'68.43',13),(10360,'s18_3029',46,'71.40',14),(10360,'s18_3140',29,'122.93',8),(10360,'s18_3259',29,'94.79',18),(10360,'s18_3856',40,'101.64',15),(10360,'s18_4522',40,'76.36',1),(10360,'s24_1785',22,'106.14',17),(10360,'s24_2011',31,'100.77',2),(10360,'s24_2841',49,'55.49',16),(10360,'s24_3151',36,'70.81',3),(10360,'s24_3816',22,'78.83',4),(10360,'s700_1138',32,'64.67',5),(10360,'s700_1938',26,'86.61',6),(10360,'s700_2610',30,'70.11',7),(10360,'s700_3505',35,'83.14',9),(10360,'s700_3962',31,'92.36',10),(10360,'s72_3212',31,'54.05',11),(10361,'s10_1678',20,'92.83',13),(10361,'s10_2016',26,'114.18',8),(10361,'s24_3420',34,'62.46',6),(10361,'s24_3949',26,'61.42',7),(10361,'s24_4278',25,'68.83',1),(10361,'s32_4289',49,'56.41',2),(10361,'s50_1341',33,'35.78',3),(10361,'s700_1691',20,'88.60',4),(10361,'s700_2047',24,'85.99',14),(10361,'s700_2466',26,'91.74',9),(10361,'s700_2834',44,'107.97',5),(10361,'s700_3167',44,'76.80',10),(10361,'s700_4002',35,'62.19',11),(10361,'s72_1253',23,'47.67',12),(10362,'s10_4698',22,'182.04',4),(10362,'s12_2823',22,'131.04',1),(10362,'s18_2625',23,'53.91',3),(10362,'s24_1578',50,'91.29',2),(10363,'s12_1099',33,'180.95',3),(10363,'s12_3380',34,'106.87',4),(10363,'s12_3990',34,'68.63',5),(10363,'s12_4675',46,'103.64',6),(10363,'s18_1889',22,'61.60',7),(10363,'s18_3278',46,'69.15',10),(10363,'s18_3482',24,'124.94',11),(10363,'s18_3782',32,'52.22',12),(10363,'s18_4721',28,'123.50',13),(10363,'s24_2000',21,'70.08',8),(10363,'s24_2360',43,'56.10',14),(10363,'s24_3371',21,'52.05',15),(10363,'s24_3856',31,'113.75',1),(10363,'s24_4620',43,'75.99',9),(10363,'s32_1374',50,'92.90',2),(10364,'s32_2206',48,'38.22',1),(10365,'s18_1129',30,'116.06',1),(10365,'s32_4485',22,'82.66',3),(10365,'s50_4713',44,'68.34',2),(10366,'s18_1984',34,'116.65',3),(10366,'s18_2870',49,'105.60',2),(10366,'s18_3232',34,'154.10',1),(10367,'s18_1589',49,'105.77',1),(10367,'s18_1749',37,'144.50',3),(10367,'s18_2248',45,'50.25',4),(10367,'s18_2325',27,'124.59',5),(10367,'s18_2795',32,'140.06',7),(10367,'s18_3685',46,'131.39',6),(10367,'s18_4409',43,'77.31',8),(10367,'s18_4933',44,'66.99',9),(10367,'s24_1046',21,'72.76',10),(10367,'s24_1628',38,'50.31',11),(10367,'s24_1937',23,'29.54',13),(10367,'s24_2022',28,'43.01',12),(10367,'s24_2972',36,'36.25',2),(10368,'s24_2766',40,'73.60',2),(10368,'s24_2887',31,'115.09',5),(10368,'s24_3191',46,'83.04',1),(10368,'s24_3432',20,'93.16',4),(10368,'s24_3969',46,'36.52',3),(10369,'s10_1949',41,'195.01',2),(10369,'s18_1342',44,'89.38',8),(10369,'s18_1367',32,'46.36',7),(10369,'s18_2949',42,'100.30',1),(10369,'s18_2957',28,'51.84',6),(10369,'s18_3136',21,'90.06',5),(10369,'s18_3320',45,'80.36',4),(10369,'s24_4258',40,'93.49',3),(10370,'s10_4962',35,'128.53',4),(10370,'s12_1666',49,'128.47',8),(10370,'s18_1097',27,'100.34',1),(10370,'s18_2319',22,'101.87',5),(10370,'s18_2432',22,'60.16',7),(10370,'s18_3232',27,'167.65',9),(10370,'s18_4600',29,'105.34',6),(10370,'s18_4668',20,'41.76',2),(10370,'s32_3522',25,'63.99',3),(10371,'s12_1108',32,'178.71',6),(10371,'s12_4473',49,'104.28',4),(10371,'s18_2238',25,'160.46',7),(10371,'s24_1444',25,'53.75',12),(10371,'s24_2300',20,'126.51',5),(10371,'s24_2840',45,'35.01',8),(10371,'s24_4048',28,'95.81',9),(10371,'s32_1268',26,'82.83',1),(10371,'s32_2509',20,'44.37',2),(10371,'s32_3207',30,'53.44',11),(10371,'s50_1392',48,'97.23',10),(10371,'s700_2824',34,'83.95',3),(10372,'s12_3148',40,'146.55',4),(10372,'s12_3891',34,'140.15',1),(10372,'s18_3140',28,'131.13',3),(10372,'s18_3259',25,'91.76',5),(10372,'s18_4027',48,'119.20',6),(10372,'s18_4522',41,'78.99',7),(10372,'s24_2011',37,'102.00',8),(10372,'s50_1514',24,'56.82',9),(10372,'s700_1938',44,'74.48',2),(10373,'s10_4757',39,'118.32',3),(10373,'s18_1662',28,'143.50',4),(10373,'s18_3029',22,'75.70',5),(10373,'s18_3856',50,'99.52',6),(10373,'s24_2841',38,'58.92',7),(10373,'s24_3151',33,'82.31',12),(10373,'s24_3420',46,'53.92',11),(10373,'s24_3816',23,'83.86',10),(10373,'s24_3949',39,'62.10',13),(10373,'s700_1138',44,'58.00',14),(10373,'s700_2047',32,'76.94',15),(10373,'s700_2610',41,'69.39',16),(10373,'s700_3505',34,'94.16',2),(10373,'s700_3962',37,'83.42',8),(10373,'s700_4002',45,'68.11',17),(10373,'s72_1253',25,'44.20',9),(10373,'s72_3212',29,'48.05',1),(10374,'s10_2016',39,'115.37',5),(10374,'s10_4698',22,'158.80',1),(10374,'s18_2581',42,'75.19',2),(10374,'s18_2625',22,'48.46',4),(10374,'s24_1578',38,'112.70',6),(10374,'s24_1785',46,'107.23',3),(10375,'s10_1678',21,'76.56',12),(10375,'s12_1099',45,'184.84',7),(10375,'s12_2823',49,'150.62',13),(10375,'s24_2000',23,'67.03',9),(10375,'s24_2360',20,'60.26',14),(10375,'s24_4278',43,'60.13',2),(10375,'s32_1374',37,'87.90',3),(10375,'s32_4289',44,'59.85',4),(10375,'s32_4485',41,'96.95',15),(10375,'s50_1341',49,'36.22',5),(10375,'s50_4713',49,'69.16',8),(10375,'s700_1691',37,'86.77',6),(10375,'s700_2466',33,'94.73',1),(10375,'s700_2834',25,'98.48',10),(10375,'s700_3167',44,'69.60',11),(10376,'s12_3380',35,'98.65',1),(10377,'s12_3990',24,'65.44',5),(10377,'s12_4675',50,'112.86',1),(10377,'s18_1129',35,'124.56',2),(10377,'s18_1889',31,'61.60',4),(10377,'s18_1984',36,'125.18',6),(10377,'s18_3232',39,'143.94',3),(10378,'s18_1589',34,'121.95',5),(10378,'s18_3278',22,'66.74',4),(10378,'s18_3482',43,'146.99',10),(10378,'s18_3782',28,'60.30',9),(10378,'s18_4721',49,'122.02',8),(10378,'s24_2972',41,'30.59',7),(10378,'s24_3371',46,'52.66',6),(10378,'s24_3856',33,'129.20',3),(10378,'s24_4620',41,'80.84',2),(10378,'s32_2206',40,'35.80',1),(10379,'s18_1749',39,'156.40',2),(10379,'s18_2248',27,'50.85',1),(10379,'s18_2870',29,'113.52',5),(10379,'s18_3685',32,'134.22',4),(10379,'s24_1628',32,'48.80',3),(10380,'s18_1342',27,'88.36',13),(10380,'s18_2325',40,'119.50',10),(10380,'s18_2795',21,'156.94',8),(10380,'s18_4409',32,'78.23',1),(10380,'s18_4933',24,'66.99',2),(10380,'s24_1046',34,'66.88',3),(10380,'s24_1937',32,'29.87',4),(10380,'s24_2022',27,'37.63',5),(10380,'s24_2766',36,'77.24',6),(10380,'s24_2887',44,'111.57',7),(10380,'s24_3191',44,'77.05',9),(10380,'s24_3432',34,'91.02',11),(10380,'s24_3969',43,'32.82',12),(10381,'s10_1949',36,'182.16',3),(10381,'s10_4962',37,'138.88',6),(10381,'s12_1666',20,'132.57',1),(10381,'s18_1097',48,'114.34',2),(10381,'s18_1367',25,'49.60',9),(10381,'s18_2432',35,'60.77',7),(10381,'s18_2949',41,'100.30',8),(10381,'s18_2957',40,'51.22',4),(10381,'s18_3136',35,'93.20',5),(10382,'s12_1108',34,'166.24',10),(10382,'s12_3148',37,'145.04',11),(10382,'s12_3891',34,'143.61',12),(10382,'s12_4473',32,'103.10',13),(10382,'s18_2238',25,'160.46',5),(10382,'s18_3320',50,'84.33',7),(10382,'s18_4600',39,'115.03',1),(10382,'s18_4668',39,'46.29',2),(10382,'s24_2300',20,'120.12',3),(10382,'s24_4258',33,'97.39',4),(10382,'s32_1268',26,'85.72',6),(10382,'s32_3522',48,'57.53',8),(10382,'s700_2824',34,'101.15',9),(10383,'s18_2319',27,'119.05',11),(10383,'s18_3140',24,'125.66',9),(10383,'s18_3232',47,'155.79',6),(10383,'s18_3259',26,'83.70',12),(10383,'s18_4027',38,'137.88',1),(10383,'s18_4522',28,'77.24',7),(10383,'s24_1444',22,'52.60',2),(10383,'s24_2840',40,'33.24',3),(10383,'s24_4048',21,'117.10',4),(10383,'s32_2509',32,'53.57',5),(10383,'s32_3207',44,'55.93',8),(10383,'s50_1392',29,'94.92',13),(10383,'s50_1514',38,'48.62',10),(10384,'s10_4757',34,'129.20',4),(10384,'s24_2011',28,'114.29',3),(10384,'s24_3151',43,'71.69',2),(10384,'s700_1938',49,'71.02',1),(10385,'s24_3816',37,'78.83',2),(10385,'s700_1138',25,'62.00',1),(10386,'s18_1662',25,'130.88',7),(10386,'s18_2581',21,'72.65',18),(10386,'s18_3029',37,'73.12',5),(10386,'s18_3856',22,'100.58',6),(10386,'s24_1785',33,'101.76',11),(10386,'s24_2841',39,'56.86',1),(10386,'s24_3420',35,'54.57',9),(10386,'s24_3949',41,'55.96',12),(10386,'s24_4278',50,'71.73',8),(10386,'s700_2047',29,'85.09',13),(10386,'s700_2466',37,'90.75',14),(10386,'s700_2610',37,'67.22',10),(10386,'s700_3167',32,'68.00',17),(10386,'s700_3505',45,'83.14',2),(10386,'s700_3962',30,'80.44',3),(10386,'s700_4002',44,'59.22',15),(10386,'s72_1253',50,'47.67',16),(10386,'s72_3212',43,'52.42',4),(10387,'s32_1374',44,'79.91',1),(10388,'s10_1678',42,'80.39',4),(10388,'s10_2016',50,'118.94',5),(10388,'s10_4698',21,'156.86',7),(10388,'s12_2823',44,'125.01',6),(10388,'s32_4289',35,'58.47',8),(10388,'s50_1341',27,'41.02',1),(10388,'s700_1691',46,'74.90',2),(10388,'s700_2834',50,'111.53',3),(10389,'s12_1099',26,'182.90',4),(10389,'s12_3380',25,'95.13',6),(10389,'s12_3990',36,'76.61',7),(10389,'s12_4675',47,'102.49',8),(10389,'s18_1889',49,'63.91',3),(10389,'s18_2625',39,'52.09',5),(10389,'s24_1578',45,'112.70',1),(10389,'s24_2000',49,'61.70',2),(10390,'s18_1129',36,'117.48',14),(10390,'s18_1984',34,'132.29',15),(10390,'s18_2325',31,'102.98',16),(10390,'s18_2795',26,'162.00',7),(10390,'s18_3278',40,'75.59',9),(10390,'s18_3482',50,'135.23',1),(10390,'s18_3782',36,'54.09',2),(10390,'s18_4721',49,'122.02',3),(10390,'s24_2360',35,'67.87',4),(10390,'s24_2972',37,'35.87',5),(10390,'s24_3371',46,'51.43',6),(10390,'s24_3856',45,'134.81',8),(10390,'s24_4620',30,'66.29',10),(10390,'s32_2206',41,'39.02',11),(10390,'s32_4485',45,'101.03',12),(10390,'s50_4713',22,'81.36',13),(10391,'s10_1949',24,'195.01',4),(10391,'s10_4962',37,'121.15',7),(10391,'s12_1666',39,'110.70',9),(10391,'s18_1097',29,'114.34',10),(10391,'s18_1342',35,'102.74',2),(10391,'s18_1367',42,'47.44',3),(10391,'s18_2432',44,'57.73',5),(10391,'s18_2949',32,'99.28',6),(10391,'s24_1937',33,'26.55',8),(10391,'s24_2022',24,'36.29',1),(10392,'s18_2957',37,'61.21',3),(10392,'s18_3136',29,'103.67',2),(10392,'s18_3320',36,'98.22',1),(10393,'s12_3148',35,'145.04',8),(10393,'s12_4473',32,'99.54',10),(10393,'s18_2238',20,'137.53',11),(10393,'s18_2319',38,'104.32',7),(10393,'s18_4600',30,'106.55',9),(10393,'s18_4668',44,'41.76',1),(10393,'s24_2300',33,'112.46',2),(10393,'s24_4258',33,'88.62',3),(10393,'s32_1268',38,'84.75',4),(10393,'s32_3522',31,'63.35',5),(10393,'s700_2824',21,'83.95',6),(10394,'s18_3232',22,'135.47',5),(10394,'s18_4027',37,'124.95',1),(10394,'s24_1444',31,'53.18',2),(10394,'s24_2840',46,'35.36',6),(10394,'s24_4048',37,'104.09',7),(10394,'s32_2509',36,'47.08',3),(10394,'s32_3207',30,'55.93',4),(10395,'s10_4757',32,'125.12',2),(10395,'s12_1108',33,'205.72',1),(10395,'s50_1392',46,'98.39',4),(10395,'s50_1514',45,'57.99',3),(10396,'s12_3891',33,'155.72',3),(10396,'s18_3140',33,'129.76',2),(10396,'s18_3259',24,'91.76',4),(10396,'s18_4522',45,'83.38',5),(10396,'s24_2011',49,'100.77',6),(10396,'s24_3151',27,'77.00',7),(10396,'s24_3816',37,'77.99',8),(10396,'s700_1138',39,'62.00',1),(10397,'s700_1938',32,'69.29',5),(10397,'s700_2610',22,'62.88',4),(10397,'s700_3505',48,'86.15',3),(10397,'s700_3962',36,'80.44',2),(10397,'s72_3212',34,'52.96',1),(10398,'s18_1662',33,'130.88',11),(10398,'s18_2581',34,'82.79',15),(10398,'s18_3029',28,'70.54',18),(10398,'s18_3856',45,'92.11',17),(10398,'s24_1785',43,'100.67',16),(10398,'s24_2841',28,'60.29',3),(10398,'s24_3420',34,'61.15',13),(10398,'s24_3949',41,'56.64',2),(10398,'s24_4278',45,'65.93',14),(10398,'s32_4289',22,'60.54',4),(10398,'s50_1341',49,'38.84',5),(10398,'s700_1691',47,'78.55',6),(10398,'s700_2047',36,'75.13',7),(10398,'s700_2466',22,'98.72',8),(10398,'s700_2834',23,'102.04',9),(10398,'s700_3167',29,'76.80',10),(10398,'s700_4002',36,'62.19',12),(10398,'s72_1253',34,'41.22',1),(10399,'s10_1678',40,'77.52',8),(10399,'s10_2016',51,'99.91',7),(10399,'s10_4698',22,'156.86',6),(10399,'s12_2823',29,'123.51',5),(10399,'s18_2625',30,'51.48',4),(10399,'s24_1578',57,'104.81',3),(10399,'s24_2000',58,'75.41',2),(10399,'s32_1374',32,'97.89',1),(10400,'s10_4757',64,'134.64',9),(10400,'s18_1662',34,'129.31',1),(10400,'s18_3029',30,'74.84',7),(10400,'s18_3856',58,'88.93',6),(10400,'s24_2841',24,'55.49',2),(10400,'s24_3420',38,'59.18',3),(10400,'s24_3816',42,'74.64',8),(10400,'s700_2047',46,'82.37',5),(10400,'s72_1253',20,'41.71',4),(10401,'s18_2581',42,'75.19',3),(10401,'s24_1785',38,'87.54',5),(10401,'s24_3949',64,'59.37',12),(10401,'s24_4278',52,'65.93',4),(10401,'s32_1374',49,'81.91',1),(10401,'s32_4289',62,'62.60',6),(10401,'s50_1341',56,'41.46',7),(10401,'s700_1691',11,'77.64',8),(10401,'s700_2466',85,'98.72',10),(10401,'s700_2834',21,'96.11',2),(10401,'s700_3167',77,'73.60',9),(10401,'s700_4002',40,'66.63',11),(10402,'s10_2016',45,'118.94',1),(10402,'s18_2625',55,'58.15',2),(10402,'s24_2000',59,'61.70',3),(10403,'s10_1678',24,'85.17',7),(10403,'s10_4698',66,'174.29',9),(10403,'s12_2823',66,'122.00',6),(10403,'s18_3782',36,'55.33',1),(10403,'s24_1578',46,'109.32',8),(10403,'s24_2360',27,'57.49',4),(10403,'s32_2206',30,'35.80',2),(10403,'s32_4485',45,'88.78',5),(10403,'s50_4713',31,'65.09',3),(10404,'s12_1099',64,'163.44',3),(10404,'s12_3380',43,'102.17',1),(10404,'s12_3990',77,'67.03',4),(10404,'s18_3278',90,'67.54',6),(10404,'s18_3482',28,'127.88',5),(10404,'s18_4721',48,'124.99',8),(10404,'s24_3371',49,'53.27',2),(10404,'s24_4620',48,'65.48',7),(10405,'s12_4675',97,'115.16',5),(10405,'s18_1889',61,'72.38',4),(10405,'s18_3232',55,'147.33',1),(10405,'s24_2972',47,'37.38',2),(10405,'s24_3856',76,'127.79',3),(10406,'s18_1129',61,'124.56',3),(10406,'s18_1984',48,'133.72',2),(10406,'s18_3685',65,'117.26',1),(10407,'s18_1589',59,'114.48',11),(10407,'s18_1749',76,'141.10',2),(10407,'s18_2248',42,'58.12',1),(10407,'s18_2870',41,'132.00',12),(10407,'s18_4409',6,'91.11',3),(10407,'s18_4933',66,'64.14',4),(10407,'s24_1046',26,'68.35',8),(10407,'s24_1628',64,'45.78',10),(10407,'s24_2766',76,'81.78',6),(10407,'s24_2887',59,'98.65',5),(10407,'s24_3191',13,'77.05',7),(10407,'s24_3432',43,'101.73',9),(10408,'s24_3969',15,'41.03',1),(10409,'s18_2325',6,'104.25',2),(10409,'s24_1937',61,'27.88',1),(10410,'s18_1342',65,'99.66',7),(10410,'s18_1367',44,'51.21',6),(10410,'s18_2795',56,'145.13',8),(10410,'s18_2949',47,'93.21',1),(10410,'s18_2957',53,'49.97',3),(10410,'s18_3136',34,'84.82',2),(10410,'s18_3320',44,'81.35',5),(10410,'s24_2022',31,'42.56',9),(10410,'s24_4258',50,'95.44',4),(10411,'s10_1949',23,'205.73',9),(10411,'s10_4962',27,'144.79',2),(10411,'s12_1666',40,'110.70',6),(10411,'s18_1097',27,'109.67',8),(10411,'s18_4600',46,'106.55',3),(10411,'s18_4668',35,'41.25',7),(10411,'s32_1268',26,'78.01',1),(10411,'s32_3522',27,'60.76',5),(10411,'s700_2824',34,'89.01',4),(10412,'s12_4473',54,'100.73',5),(10412,'s18_2238',41,'150.63',4),(10412,'s18_2319',56,'120.28',8),(10412,'s18_2432',47,'49.83',11),(10412,'s18_3232',60,'157.49',9),(10412,'s24_1444',21,'47.40',2),(10412,'s24_2300',70,'109.90',10),(10412,'s24_2840',30,'32.88',6),(10412,'s24_4048',31,'108.82',1),(10412,'s32_2509',19,'50.86',7),(10412,'s50_1392',26,'105.33',3),(10413,'s12_1108',36,'201.57',2),(10413,'s12_3148',47,'145.04',3),(10413,'s12_3891',22,'173.02',1),(10413,'s18_4027',49,'133.57',5),(10413,'s32_3207',24,'56.55',6),(10413,'s50_1514',51,'53.31',4),(10414,'s10_4757',49,'114.24',3),(10414,'s18_3029',44,'77.42',1),(10414,'s18_3140',41,'128.39',12),(10414,'s18_3259',48,'85.71',14),(10414,'s18_4522',56,'83.38',11),(10414,'s24_2011',43,'108.14',10),(10414,'s24_3151',60,'72.58',5),(10414,'s24_3816',51,'72.96',2),(10414,'s700_1138',37,'62.00',6),(10414,'s700_1938',34,'74.48',13),(10414,'s700_2610',31,'61.44',4),(10414,'s700_3505',28,'84.14',7),(10414,'s700_3962',40,'84.41',8),(10414,'s72_3212',47,'54.60',9),(10415,'s18_3856',51,'86.81',5),(10415,'s24_2841',21,'60.97',1),(10415,'s24_3420',18,'59.83',2),(10415,'s700_2047',32,'73.32',4),(10415,'s72_1253',42,'43.20',3),(10416,'s18_1662',24,'129.31',14),(10416,'s18_2581',15,'70.96',4),(10416,'s24_1785',47,'90.82',6),(10416,'s24_2000',32,'62.46',1),(10416,'s24_3949',18,'64.83',13),(10416,'s24_4278',48,'70.28',5),(10416,'s32_1374',45,'86.90',2),(10416,'s32_4289',26,'68.10',7),(10416,'s50_1341',37,'39.71',8),(10416,'s700_1691',23,'88.60',9),(10416,'s700_2466',22,'84.76',11),(10416,'s700_2834',41,'98.48',3),(10416,'s700_3167',39,'65.60',10),(10416,'s700_4002',43,'63.67',12),(10417,'s10_1678',66,'79.43',2),(10417,'s10_2016',45,'116.56',5),(10417,'s10_4698',56,'162.67',4),(10417,'s12_2823',21,'144.60',1),(10417,'s18_2625',36,'58.75',6),(10417,'s24_1578',35,'109.32',3),(10418,'s18_3278',16,'70.76',2),(10418,'s18_3482',27,'139.64',1),(10418,'s18_3782',33,'56.57',5),(10418,'s18_4721',28,'120.53',4),(10418,'s24_2360',52,'64.41',8),(10418,'s24_4620',10,'66.29',3),(10418,'s32_2206',43,'36.61',6),(10418,'s32_4485',50,'100.01',9),(10418,'s50_4713',40,'72.41',7),(10419,'s12_1099',12,'182.90',13),(10419,'s12_3380',10,'111.57',11),(10419,'s12_3990',34,'64.64',14),(10419,'s12_4675',32,'99.04',10),(10419,'s18_1129',38,'117.48',5),(10419,'s18_1589',37,'100.80',1),(10419,'s18_1889',39,'67.76',9),(10419,'s18_1984',34,'133.72',4),(10419,'s18_2870',55,'116.16',2),(10419,'s18_3232',35,'165.95',6),(10419,'s18_3685',43,'114.44',3),(10419,'s24_2972',15,'32.10',7),(10419,'s24_3371',55,'52.66',12),(10419,'s24_3856',70,'112.34',8),(10420,'s18_1749',37,'153.00',5),(10420,'s18_2248',36,'52.06',4),(10420,'s18_2325',45,'116.96',2),(10420,'s18_4409',66,'73.62',6),(10420,'s18_4933',36,'68.42',7),(10420,'s24_1046',60,'60.26',11),(10420,'s24_1628',37,'48.80',13),(10420,'s24_1937',45,'32.19',1),(10420,'s24_2766',39,'76.33',9),(10420,'s24_2887',55,'115.09',8),(10420,'s24_3191',35,'77.05',10),(10420,'s24_3432',26,'104.94',12),(10420,'s24_3969',15,'35.29',3),(10421,'s18_2795',35,'167.06',1),(10421,'s24_2022',40,'44.80',2),(10422,'s18_1342',51,'91.44',2),(10422,'s18_1367',25,'47.44',1),(10423,'s18_2949',10,'89.15',1),(10423,'s18_2957',31,'56.21',3),(10423,'s18_3136',21,'98.44',2),(10423,'s18_3320',21,'80.36',5),(10423,'s24_4258',28,'78.89',4),(10424,'s10_1949',50,'201.44',6),(10424,'s12_1666',49,'121.64',3),(10424,'s18_1097',54,'108.50',5),(10424,'s18_4668',26,'40.25',4),(10424,'s32_3522',44,'54.94',2),(10424,'s700_2824',46,'85.98',1),(10425,'s10_4962',38,'131.49',12),(10425,'s12_4473',33,'95.99',4),(10425,'s18_2238',28,'147.36',3),(10425,'s18_2319',38,'117.82',7),(10425,'s18_2432',19,'48.62',10),(10425,'s18_3232',28,'140.55',8),(10425,'s18_4600',38,'107.76',13),(10425,'s24_1444',55,'53.75',1),(10425,'s24_2300',49,'127.79',9),(10425,'s24_2840',31,'31.82',5),(10425,'s32_1268',41,'83.79',11),(10425,'s32_2509',11,'50.32',6),(10425,'s50_1392',18,'94.92',2);