insert into roles(name)
values ('ADMIN'),
       ('MANAGER'),
       ('USER');

insert into departments(department_id, department_name)
values (10, 'IT'),
       (11, 'Accounting'),
       (3, 'HR'),
       (13, 'Administration'),
       (14, 'Sales');


insert into users(user_id, username, email, password, first_name, last_name, birthday, role_name, department_id, managed_department_id)
values (555, 'admin', 'max.mustermann@gmail.com', '$2a$10$3UxJbRqp.SlNaa22JScR2OZNXKLkdfbTJmDqZLqWKzzXs9eZ.Raqa', 'Max', 'Mustermann', '1995-10-27', 'ADMIN', 10, 10),
       (556, 'user', 'john.doe@gmx.at', '$2a$10$3UxJbRqp.SlNaa22JScR2OZNXKLkdfbTJmDqZLqWKzzXs9eZ.Raqa', 'John', 'Doe', '1995-10-27', 'USER', 3, null),
       (557, 'manager', 'jane.smith@hotmail.com', '$2a$10$3UxJbRqp.SlNaa22JScR2OZNXKLkdfbTJmDqZLqWKzzXs9eZ.Raqa', 'Jane', 'Smith', '1995-10-27', 'MANAGER', 3, 3),
       (558, 'abuser', 'alex.johnson@gmail.com', '$2a$10$3UxJbRqp.SlNaa22JScR2OZNXKLkdfbTJmDqZLqWKzzXs9eZ.Raqa', 'Alex', 'Johnson', '1995-10-27', 'USER', 13, null),
       (559, 'killer919', 'emily.wilson@gmx.at', '$2a$10$3UxJbRqp.SlNaa22JScR2OZNXKLkdfbTJmDqZLqWKzzXs9eZ.Raqa', 'Emily', 'Wilson', '1995-10-27', 'USER', 13, null),
       (560, 'ticketmaster', 'michael.taylor@gmail.com', '$2a$10$3UxJbRqp.SlNaa22JScR2OZNXKLkdfbTJmDqZLqWKzzXs9eZ.Raqa', 'Michael', 'Taylor', '1995-10-27', 'USER', 3, null),
       (561, 'coolguy', 'sophia.adams@hotmail.com', '$2a$10$3UxJbRqp.SlNaa22JScR2OZNXKLkdfbTJmDqZLqWKzzXs9eZ.Raqa', 'Sophia', 'Adams', '1995-10-27', 'USER', 3, null),
       (562, 'cowgirl16', 'daniel.moore@gmail.com', '$2a$10$3UxJbRqp.SlNaa22JScR2OZNXKLkdfbTJmDqZLqWKzzXs9eZ.Raqa', 'Daniel', 'Moore', '1995-10-27', 'USER', 3, null),
       (563, 'deerhunter12', 'olivia.anderson@gmx.at', '$2a$10$3UxJbRqp.SlNaa22JScR2OZNXKLkdfbTJmDqZLqWKzzXs9eZ.Raqa', 'Olivia', 'Anderson', '1995-10-27', 'USER', 13, null),
       (564, 'germanboy', 'david.moore@hotmail.com', '$2a$10$3UxJbRqp.SlNaa22JScR2OZNXKLkdfbTJmDqZLqWKzzXs9eZ.Raqa', 'David', 'Moore', '1995-10-27', 'USER', 3, null),
       (565, 'demonicaura', 'emmarobinson@gmail.com', '$2a$10$3UxJbRqp.SlNaa22JScR2OZNXKLkdfbTJmDqZLqWKzzXs9eZ.Raqa', 'Emma', 'Robinson', '1995-10-27', 'USER', 3, null),
       (566, 'crymeariver', 'jacob.clark@gmx.at', '$2a$10$3UxJbRqp.SlNaa22JScR2OZNXKLkdfbTJmDqZLqWKzzXs9eZ.Raqa', 'Jacob', 'Clark', '1995-10-27', 'USER', 3, null),
       (567, 'anonymous', 'ava.walker@hotmail.com', '$2a$10$3UxJbRqp.SlNaa22JScR2OZNXKLkdfbTJmDqZLqWKzzXs9eZ.Raqa', 'Ava', 'Walker', '1995-10-27', 'USER', 14, null),
       (568, 'geheimitis', 'noah.hall@gmail.com', '$2a$10$3UxJbRqp.SlNaa22JScR2OZNXKLkdfbTJmDqZLqWKzzXs9eZ.Raqa', 'Noah', 'Hall', '1995-10-27', 'USER', 3, null),
       (569, 'deltanine', 'mia.young@gmail.com', '$2a$10$3UxJbRqp.SlNaa22JScR2OZNXKLkdfbTJmDqZLqWKzzXs9eZ.Raqa', 'Mia', 'Young', '1995-10-27', 'USER', 3, null),
       (570, 'tester', 'liam.king@gmx.at', '$2a$10$3UxJbRqp.SlNaa22JScR2OZNXKLkdfbTJmDqZLqWKzzXs9eZ.Raqa', 'Liam', 'King', '1995-10-27', 'USER', 3, null),
       (571, 'ellahilla', 'ella.hill@hotmail.com', '$2a$10$3UxJbRqp.SlNaa22JScR2OZNXKLkdfbTJmDqZLqWKzzXs9eZ.Raqa', 'Ella', 'Hill', '1995-10-27', 'USER', 3, null),
       (572, 'carterbrooks', 'carter.baker@gmail.com', '$2a$10$3UxJbRqp.SlNaa22JScR2OZNXKLkdfbTJmDqZLqWKzzXs9eZ.Raqa', 'Carter', 'Baker', '1995-10-27', 'USER', 13, null),
       (573, 'greenmile', 'amelia.green@gmx.at', '$2a$10$3UxJbRqp.SlNaa22JScR2OZNXKLkdfbTJmDqZLqWKzzXs9eZ.Raqa', 'Amelia', 'Green', '1995-10-27', 'USER', 11, null),
       (574, 'taylorb', 'benjamin.taylor@hotmail.com', '$2a$10$3UxJbRqp.SlNaa22JScR2OZNXKLkdfbTJmDqZLqWKzzXs9eZ.Raqa', 'Benjamin', 'Taylor', '1995-10-27', 'USER', 3, null),
       (575, 'wasisdas', 'avery.martin@gmail.com', '$2a$10$3UxJbRqp.SlNaa22JScR2OZNXKLkdfbTJmDqZLqWKzzXs9eZ.Raqa', 'Avery', 'Martin', '1995-10-27', 'USER', 3, null),
       (576, 'wasgehsdichan', 'ethan.harris@gmx.at', '$2a$10$3UxJbRqp.SlNaa22JScR2OZNXKLkdfbTJmDqZLqWKzzXs9eZ.Raqa', 'Ethan', 'Harris', '1995-10-27', 'USER', 3, null),
       (577, 'weisehwurs', 'sophie.lewis@hotmail.com', '$2a$10$3UxJbRqp.SlNaa22JScR2OZNXKLkdfbTJmDqZLqWKzzXs9eZ.Raqa', 'Sophie', 'Lewis', '1995-10-27', 'USER', 13, null),
       (578, 'iswurscht', 'matthew.wright@gmail.com', '$2a$10$3UxJbRqp.SlNaa22JScR2OZNXKLkdfbTJmDqZLqWKzzXs9eZ.Raqa', 'Matthew', 'Wright', '1995-10-27', 'USER', 3, null),
       (579, 'deinvater', 'grace.brown@gmx.at', '$2a$10$3UxJbRqp.SlNaa22JScR2OZNXKLkdfbTJmDqZLqWKzzXs9eZ.Raqa', 'Grace', 'Brown', '1995-10-27', 'USER', 14, null),
       (580, 'dominic', 'christopher@gmail.com', '$2a$10$3UxJbRqp.SlNaa22JScR2OZNXKLkdfbTJmDqZLqWKzzXs9eZ.Raqa', 'Christopher', 'Jones', '1995-10-27', 'USER', 14, null),
       (581, 'scofield', 'charlotte.wilson@gmx.at', '$2a$10$3UxJbRqp.SlNaa22JScR2OZNXKLkdfbTJmDqZLqWKzzXs9eZ.Raqa', 'Charlotte', 'Wilson', '1995-10-27', 'USER', 14, null),
       (582, 'burrows', 'james.clark@gmail.com', '$2a$10$3UxJbRqp.SlNaa22JScR2OZNXKLkdfbTJmDqZLqWKzzXs9eZ.Raqa', 'James', 'Clark', '1995-10-27', 'USER', 3, null),
       (583, 'eljay', 'harper.anderson@gmx.at', '$2a$10$3UxJbRqp.SlNaa22JScR2OZNXKLkdfbTJmDqZLqWKzzXs9eZ.Raqa', 'Harper', 'Anderson', '1995-10-27', 'USER', 3, null),
       (584, 'jayjay', 'alexander.moore@gmail.com', '$2a$10$3UxJbRqp.SlNaa22JScR2OZNXKLkdfbTJmDqZLqWKzzXs9eZ.Raqa', 'Alexander', 'Moore', '1995-10-27', 'USER', 3, null),
       (585, 'stringwriter', 'sophia.lewis@hotmail.com', '$2a$10$3UxJbRqp.SlNaa22JScR2OZNXKLkdfbTJmDqZLqWKzzXs9eZ.Raqa', 'Sophia', 'Lewis', '1995-10-27', 'USER', 11, null),
       (586, 'integrity', 'david.moore@gmail.com', '$2a$10$3UxJbRqp.SlNaa22JScR2OZNXKLkdfbTJmDqZLqWKzzXs9eZ.Raqa', 'David', 'Moore', '1995-10-27', 'USER', 11, null);

insert into tickets(ticket_id, title, description, created_at, resolved_at, priority, ticket_status, created_by_user_id, resolved_by_user_id, department_id, comment_id)
values (100, 'PC reparieren', 'PC 07 im Raum 101 muss bis Donnerstag repariert werden!! ', '2023-07-19 10:08:33', '', 'VERY_IMPORTANT', 'OPEN', 555, null, 10, null),
       (101, 'Hafermilch gag einbauen', 'Es muss der Hafermilch Gag irgendwie eingebaut werden, sonst wird die Präsi eine KATASTROFEE! ', '2023-07-19 10:08:33', '', 'VERY_IMPORTANT', 'PENDING', 555, null, 10, null),
       (102, 'Büromaterial nachbestellen', 'Büromaterial muss nachbestellt werden. Stifte, Druckerpapier und und und ', '2023-07-19 10:08:33', '', 'VERY_IMPORTANT', 'OPEN', 555, null, 13, null),
       (103, 'Netzwerkverbindung prüfen', 'Überprüfen Sie die Netzwerkverbindung im Raum 205.', '2023-07-19 10:08:33', '', 'MODERATE', 'PROBLEM', 555, 555, 10, null),
       (104, 'Software-Update durchführen', 'Führen Sie ein Software-Update auf den PCs im Labor durch.', '2023-07-19 10:08:33', '', 'LESS_IMPORTANT', 'RESOLVED', 555, 555, 10, null),
       (105, 'Besprechungsraum reservieren', 'Bitte reservieren Sie den Besprechungsraum für eine Präsentation am Montag.', '2023-07-19 10:08:33', '', 'IMPORTANT', 'OPEN', 555, null, 14, null),
       (106, 'Telefon umleiten', 'Bitte leiten Sie Anrufe von meinem Bürotelefon auf mein Mobiltelefon um.', '2023-07-19 10:08:33', '', 'MODERATE', 'RESOLVED', 555, 555, 11, null),
       (107, 'Beamer reparieren', 'Der Beamer im Raum 302 funktioniert nicht mehr.', '2023-07-19 10:08:33', '', 'LESS_IMPORTANT', 'OPEN', 555, null, 11, null),
       (108, 'Dokumente drucken', 'Bitte drucken Sie 50 Kopien des Berichts für die Vorstandssitzung.', '2023-07-19 10:08:33', '', 'VERY_IMPORTANT', 'RESOLVED', 555, null, 14, null),
       (109, 'E-Mail-Konto einrichten', 'Richten Sie ein neues E-Mail-Konto für den neuen Mitarbeiter ein.', '2023-07-19 10:08:33', '', 'MODERATE', 'RESOLVED', 555, 555, 3, null),
       (110, 'Bildschirm austauschen', 'Der Bildschirm an Rechner 09 ist defekt und muss ausgetauscht werden.', '2023-07-19 10:08:33', '', 'IMPORTANT', 'OPEN', 555, null, 3, null),
       (111, 'Zugriffsrechte aktualisieren', 'Bitte aktualisieren Sie die Zugriffsrechte für die Abteilungsordner.', '2023-07-19 10:08:33', '', 'LESS_IMPORTANT', 'RESOLVED', 555, null, 3, null),
       (112, 'Besucheranmeldung verbessern', 'Überarbeiten Sie das System zur Besucheranmeldung im Empfangsbereich.', '2023-07-19 10:08:33', '', 'MODERATE', 'RESOLVED', 555, null, 14, null),
       (113, 'Kaffeemaschine reinigen', 'Bitte reinigen Sie die Kaffeemaschine und füllen Sie neuen Kaffee auf.', '2023-07-19 10:08:33', '', 'IMPORTANT', 'OPEN', 555, null, 11, null),
       (114, 'Virenschutz aktualisieren', 'Aktualisieren Sie den Virenschutz auf allen Computern im Netzwerk.', '2023-07-19 10:08:33', '', 'VERY_IMPORTANT', 'PROBLEM', 555, null, 10, null),
       (115, 'Druckerpatronen ersetzen', 'Bitte ersetzen Sie die leeren Druckerpatronen im Raum 401.', '2023-07-19 10:08:33', '', 'LESS_IMPORTANT', 'RESOLVED', 555, null, 10, null),
       (116, 'Meeting-Raum reservieren', 'Reservieren Sie den großen Meeting-Raum für das Kundengespräch.', '2023-07-19 10:08:33', '', 'IMPORTANT', 'OPEN', 555, null, 13, null),
       (117, 'Passwort zurücksetzen', 'Ein Mitarbeiter hat sein Passwort vergessen und benötigt Hilfe beim Zurücksetzen.', '2023-07-19 10:08:33', '', 'MODERATE', 'OPEN', 555, null, 10, null),
       (118, 'WLAN-Probleme beheben', 'Einige Benutzer melden Verbindungsprobleme mit dem WLAN.', '2023-07-19 10:08:33', '', 'VERY_IMPORTANT', 'RESOLVED', 555, null, 3, null),
       (119, 'Backup durchführen', 'Führen Sie ein vollständiges Systembackup auf dem Server durch.', '2023-07-19 10:08:33', '', 'LESS_IMPORTANT', 'PENDING', 555, null, 13, null),
       (120, 'Schreibtisch aufräumen', 'Bitte räumen Sie den Schreibtisch im Büro 103 auf.', '2023-07-19 10:08:33', '', 'MODERATE', 'OPEN', 555, null, 14, null),
       (121, 'Software installieren', 'Installieren Sie die neueste Version der Buchhaltungssoftware auf den Rechnern.', '2023-07-19 10:08:33', '', 'IMPORTANT', 'OPEN', 555, null, 11, null),
       (122, 'Beschilderung aktualisieren', 'Aktualisieren Sie die Beschilderung im Eingangsbereich.', '2023-07-19 10:08:33', '', 'LESS_IMPORTANT', 'PENDING', 555, null, 11, null),
       (123, 'Server neustarten', 'Der Server benötigt einen Neustart, um Leistungsprobleme zu beheben.', '2023-07-19 10:08:33', '', 'VERY_IMPORTANT', 'OPEN', 555, null, 13, null),
       (124, 'Website aktualisieren', 'Bitte aktualisieren Sie die Inhalte auf unserer Unternehmenswebsite.', '2023-07-19 10:08:33', '', 'MODERATE', 'OPEN', 555, null, 10, null),
       (125, 'Kaputte Glühbirne austauschen', 'Die Glühbirne im Flur des vierten Stocks ist defekt und muss ausgetauscht werden.', '2023-07-19 10:08:33', '', 'LESS_IMPORTANT', 'OPEN', 555, null, 13, null),
       (126, 'VPN-Zugriff einrichten', 'Bitte richten Sie einen VPN-Zugriff für einen externen Mitarbeiter ein.', '2023-07-19 10:08:33', '', 'IMPORTANT', 'RESOLVED', 555, null, 10, null),
       (127, 'Meeting vorbereiten', 'Bitte stellen Sie sicher, dass der Meeting-Raum für das Teammeeting morgen vorbereitet ist.', '2023-07-19 10:08:33', '', 'MODERATE', 'OPEN', 555, null, 11, null),
       (128, 'Datenbankfehler beheben', 'Es gibt einen Fehler in der Datenbank. Bitte beheben Sie ihn so schnell wie möglich.', '2023-07-19 10:08:33', '', 'LESS_IMPORTANT', 'OPEN', 555, null, 13, null),
       (129, 'Dienstreise buchen', 'Buchen Sie eine Dienstreise für den Geschäftsführer nach London.', '2023-07-19 10:08:33', '', 'VERY_IMPORTANT', 'RESOLVED', 555, 555, 10, null),
       (130, 'Druckerprobleme beheben', 'Der Drucker im Büro 207 druckt nicht mehr. Bitte überprüfen und reparieren Sie ihn.', '2023-07-19 10:08:33', '', 'MODERATE', 'OPEN', 555, null, 3, null),
       (131, 'Softwarelizenz erneuern', 'Bitte erneuern Sie die Lizenz für die Projektmanagementsoftware.', '2023-07-19 10:08:33', '', 'IMPORTANT', 'OPEN', 555, null, 13, null),
       (132, 'Raumreservierung stornieren', 'Stornieren Sie die Reservierung für den Besprechungsraum am Freitag.', '2023-07-19 10:08:33', '', 'LESS_IMPORTANT', 'RESOLVED', 555, null, 11, null),
       (133, 'Sicherheitsüberprüfung durchführen', 'Führen Sie eine Sicherheitsüberprüfung der Netzwerkressourcen durch.', '2023-07-19 10:08:33', '', 'MODERATE', 'RESOLVED', 555, 555, 10, null),
       (134, 'Softwarefehler beheben', 'Einige Benutzer melden einen Fehler in der Buchhaltungssoftware. Bitte beheben Sie ihn.', '2023-07-19 10:08:33', '', 'IMPORTANT', 'OPEN', 555, null, 14, null),
       (135, 'E-Mail-Signatur aktualisieren', 'Aktualisieren Sie die E-Mail-Signatur des Unternehmens gemäß den neuen Richtlinien.', '2023-07-19 10:08:33', '', 'LESS_IMPORTANT', 'OPEN', 555, null, 13, null),
       (136, 'Serverraum aufräumen', 'Bitte räumen Sie den Serverraum auf und organisieren Sie die Kabel.', '2023-07-19 10:08:33', '', 'MODERATE', 'OPEN', 555, null, 13, null),
       (137, 'Benutzerzugriff sperren', 'Sperren Sie den Zugriff auf das System für einen ausgeschiedenen Mitarbeiter.', '2023-07-19 10:08:33', '', 'VERY_IMPORTANT', 'OPEN', 555, null, 3, null),
       (138, 'Datenbank-Backup wiederherstellen', 'Stellen Sie das Datenbank-Backup von gestern Abend wieder her.', '2023-07-19 10:08:33', '', 'LESS_IMPORTANT', 'RESOLVED', 555, 557, 10, null),
       (139, 'Neuen Mitarbeiter einstellen', 'Bitte erstellen Sie ein Benutzerkonto für den neuen Mitarbeiter und richten Sie seinen Arbeitsplatz ein.', '2023-07-19 10:08:33', '', 'MODERATE', 'OPEN', 555, null, 13, null),
       (140, 'Besprechungsprotokoll erstellen', 'Erstellen Sie ein Protokoll für die gestrige Vorstandssitzung.', '2023-07-19 10:08:33', '', 'IMPORTANT', 'OPEN', 555, null, 13, null),
       (141, 'Druckerkartuschen bestellen', 'Bestellen Sie neue Druckerkartuschen für die Abteilung Marketing.', '2023-07-19 10:08:33', '', 'LESS_IMPORTANT', 'RESOLVED', 555, 556, 10, null),
       (142, 'Firewall-Konfiguration überprüfen', 'Bitte überprüfen Sie die Konfiguration der Firewall und stellen Sie sicher, dass alles ordnungsgemäß funktioniert.', '2023-07-19 10:08:33', '', 'VERY_IMPORTANT', 'OPEN', 555, null, 13, null),
       (143, 'Schulung organisieren', 'Organisieren Sie eine Schulung für die Mitarbeiter zur Nutzung der neuen Projektmanagementsoftware.', '2023-07-19 10:08:33', '', 'MODERATE', 'OPEN', 555, null, 13, null),
       (144, 'Lichtschalter reparieren', 'Der Lichtschalter im Konferenzraum ist defekt und muss repariert werden.', '2023-07-19 10:08:33', '', 'IMPORTANT', 'OPEN', 555, null, 11, null),
       (145, 'Softwarelizenz prüfen', 'Bitte überprüfen Sie die Gültigkeit der Softwarelizenzen und aktualisieren Sie sie gegebenenfalls.', '2023-07-19 10:08:33', '', 'LESS_IMPORTANT', 'OPEN', 555, null, 13, null);


