-- phpMyAdmin SQL Dump
-- version 5.0.2
-- https://www.phpmyadmin.net/
--
-- Host: localhost
-- Generation Time: Dec 11, 2020 at 07:03 AM
-- Server version: 10.4.11-MariaDB
-- PHP Version: 7.2.31

SET SQL_MODE = "NO_AUTO_VALUE_ON_ZERO";
START TRANSACTION;
SET time_zone = "+00:00";


/*!40101 SET @OLD_CHARACTER_SET_CLIENT=@@CHARACTER_SET_CLIENT */;
/*!40101 SET @OLD_CHARACTER_SET_RESULTS=@@CHARACTER_SET_RESULTS */;
/*!40101 SET @OLD_COLLATION_CONNECTION=@@COLLATION_CONNECTION */;
/*!40101 SET NAMES utf8mb4 */;

--
-- Database: `pilkades`
--

-- --------------------------------------------------------

--
-- Table structure for table `cakades`
--

CREATE TABLE `cakades` (
  `id` int(11) NOT NULL,
  `nama` varchar(225) NOT NULL,
  `no_urut` int(11) NOT NULL,
  `desa_id` int(11) NOT NULL
) ENGINE=InnoDB DEFAULT CHARSET=utf8mb4;

--
-- Dumping data for table `cakades`
--

INSERT INTO `cakades` (`id`, `nama`, `no_urut`, `desa_id`) VALUES
(1, 'JAJANG RUSTALA', 0, 1),
(2, 'H. SUHAERI', 0, 1),
(3, 'AGUS SUHENDAR', 0, 2),
(4, 'MISJAYA', 0, 2),
(5, 'HUMAEDI', 0, 2),
(6, 'KUSNADI', 0, 2),
(7, 'LASIMIN S.Pd', 0, 3),
(8, 'EKA SOBARNA S.Pd', 0, 3),
(9, 'SUWARDI', 0, 3),
(10, 'NURHAMAN', 0, 3),
(11, 'JAYA SAMPURNA', 0, 3),
(12, 'SUHAMDI', 0, 4),
(13, 'SUPRIATNA', 0, 4),
(14, 'MARIA ULPA', 0, 4),
(15, 'ROSID ANGGARA', 0, 4),
(16, 'WAWAN SUTIAWAN', 0, 4),
(17, 'MOMO MULYADI', 0, 5),
(18, 'AHMAD SURYADI', 0, 5),
(19, 'DODY INDRA PERMANA', 0, 5),
(20, 'ASEP KURNIAWAN', 0, 5),
(21, 'UCUP SUPRIYADI', 0, 6),
(22, 'KASSA', 0, 6),
(23, 'MOCH. JONNI SUBHANUDIN', 0, 6),
(24, 'APANDI', 0, 6),
(25, 'NANANG SOBARNA', 0, 6),
(26, 'HENDRO EVADIANTO LUBIS', 0, 7),
(27, 'HJ. TARSIMAH', 0, 7),
(28, 'ODEN', 0, 7),
(29, 'BUNYAMIN', 0, 8),
(30, 'NENENG YULIA', 0, 8),
(31, 'S P YUDISTIRA', 0, 8),
(32, 'ALIMUDIN', 0, 8),
(33, 'H. KARTO', 0, 8),
(34, 'H. IQBAL JAYADI', 0, 9),
(35, 'H. EDI KUSWANDI', 0, 9),
(36, 'H. DADUN', 0, 10),
(37, 'H. SUTISNA', 0, 10),
(38, 'AWAN HERMAWAN, SE', 0, 10),
(39, 'DULOH, S.Sos', 0, 11),
(40, 'CANDRALENA', 0, 11),
(41, 'H. ODIYANTO', 0, 11),
(42, 'SUPARMAN', 0, 11),
(43, 'HERI SUSANTO', 0, 11),
(44, 'M.SOBUR.S.Ap', 0, 12),
(45, 'GALIH RAKASIWI', 0, 12),
(46, 'ROY KASENDA', 0, 12),
(47, 'ZAENAL ABIDIN', 0, 13),
(48, 'RUDI SUKARYA.ST', 0, 13),
(49, 'SAEFUL ANWAR', 0, 13),
(50, 'JAJAT SUDRAJAT ST.,MM', 0, 13),
(51, 'GUGUN GUNAWAN', 0, 13),
(52, 'ROZAK ANWAR', 0, 14),
(53, 'AHMAD TAJUDIN', 0, 14),
(54, 'DENDI RINALDI', 0, 14),
(55, 'SUBUR', 0, 14),
(56, 'HERI SUDEWO', 0, 14),
(57, 'FIRMAN RIANSYAH', 0, 15),
(58, 'IRWANSYAH', 0, 15),
(59, 'ARIEF BUDIMAN G', 0, 15),
(60, 'MUKSIN', 0, 15),
(61, 'SUHARDI', 0, 16),
(62, 'YUSUF IBRAHIM', 0, 16),
(63, 'EKO SYAIFUL ROHMAN', 0, 16),
(64, 'HENI INDRIASTUTI', 0, 16),
(65, 'ASDI SYAHRONI', 0, 16),
(66, 'RIKA YUSTIKA SARI', 0, 17),
(67, 'KURNIA NURDIN', 0, 17),
(68, 'SUKASNA', 0, 17),
(69, 'PUJIANA', 0, 17),
(70, 'RUSNADI', 0, 17),
(71, 'ANDRI JAELANI', 0, 18),
(72, 'TEDI MULYANA P, SH', 0, 18),
(73, 'MARWAN HERMAWAN', 0, 18),
(74, 'ONO JOYO KORTOBI', 0, 18),
(75, 'GUGUN WIGUNA, SH', 0, 18),
(76, 'H. SOLAHUDIN, SE', 0, 19),
(77, 'EDI YUSUF', 0, 19),
(78, 'JOKO HERMANTO', 0, 19),
(79, 'ANANG SURDJAWOKO', 0, 19),
(80, 'AJID B AGUS', 0, 20),
(81, 'MUHIDIN ISKANDAR D', 0, 20),
(82, 'DEDY', 0, 20),
(83, 'ODING', 0, 20),
(84, 'AHMAD PAOJAN', 0, 20),
(85, 'H. ADI NURHIMAT', 0, 21),
(86, 'H. ACE NURYADIN', 0, 21),
(87, 'ROSADI', 0, 21),
(88, 'SUHERMAN HERMAWAN', 0, 21),
(89, 'DADANG DERAJAT', 0, 22),
(90, 'MUHAMAD', 0, 22),
(91, 'UTIS SUTISNA', 0, 23),
(92, 'HANIFAH', 0, 23),
(93, 'ACE SUHENDAR', 0, 23),
(94, 'AGUS MUNADI', 0, 23),
(95, 'MUCHTAR', 0, 23),
(96, 'AGUNG SURYADINATA, S.Pd', 0, 24),
(97, 'FAHRUDIN', 0, 24),
(98, 'WAWAN PERGIWAN', 0, 24),
(99, 'MUPLIHUDIN', 0, 24),
(100, 'DEDE BADRUDIN', 0, 24),
(101, 'MUDIS', 0, 25),
(102, 'SAEPUL HUPAD', 0, 25),
(103, 'ENDANG ISKANDAR', 0, 26),
(104, 'SEP NURDIANSYAH', 0, 26),
(105, 'RIO FARIDUDDIN', 0, 26),
(106, 'YAPTO', 0, 26),
(107, 'IWAN', 0, 26),
(108, 'HUSNUL FAHMI', 0, 27),
(109, 'DEDI SUDRAJAT', 0, 27),
(110, 'ISMAIL ABRAHAM', 0, 27),
(111, 'M. RUDI FIRMANSYAH', 0, 27),
(112, 'SARUDIN', 0, 27),
(113, 'JUMAENA HENDRAWAN', 0, 28),
(114, 'WIRA SAFTAJI', 0, 28),
(115, 'ROHMI MATOFANI SEAN', 0, 29),
(116, 'RUSYADI, SPd.i', 0, 29),
(117, 'KAMALUDIN', 0, 29),
(118, 'CECEP MULYADI', 0, 29),
(119, 'KIKI SUKIAWAN', 0, 30),
(120, 'H. ABUY BUNYAMIN', 0, 30),
(121, 'HASAN', 0, 30),
(122, 'SURYADI', 0, 31),
(123, 'SAHARUDIN ARSYAD', 0, 31),
(124, 'EDI HEDIATNA', 0, 31),
(125, 'HERMAN', 0, 31),
(126, 'RAHMAD HIDAYAT LUBIS', 0, 31),
(127, 'IWAN DARMAWAN, SH', 0, 32),
(128, 'ISKANDAR SURYANA, S.Ag', 0, 32),
(129, 'ITOH MASITOH', 0, 32),
(130, 'EDI KURNIAWAN', 0, 32),
(131, 'M. SIDIK BUDIMAN', 0, 32),
(132, 'MARLINA, SH', 0, 33),
(133, 'RAHMAT', 0, 33),
(134, 'AHMAD SANUSI, S.Ag', 0, 33),
(135, 'MAHMUD', 0, 33),
(136, 'Moh. IRAWAN ABIDIN', 0, 33),
(137, 'CUCUM RATNA SUMINAR', 0, 34),
(138, 'BAESUL QORNI, Sip', 0, 34),
(139, 'MAMAT SUDIN', 0, 35),
(140, 'H. ENDUH NUHUDAWI', 0, 35),
(141, 'DIDIN FAHRUDIN', 0, 35),
(142, 'IWAN SETIAWAN', 0, 35),
(143, 'MIFTAHUL LUKMAN', 0, 35),
(144, 'H. CECEP HAERUDIN, SPd', 0, 36),
(145, 'WIDI ESA MUHARAM', 0, 36),
(146, 'RANDICA ADITYA', 0, 36),
(147, 'R. TEGUH APRIYANTO', 0, 36),
(148, 'DARMA ARIPIN', 0, 36),
(149, 'LUKMAN SAFARI, SH', 0, 37),
(150, 'MARDIMAN', 0, 37),
(151, 'SANUSI', 0, 38),
(152, 'TAJUDIN SUMAEDI', 0, 38),
(153, 'IMAS MAEMUNAH', 0, 38),
(154, 'SRI IRMA YULIANTI', 0, 38),
(155, 'MADROPI', 0, 39),
(156, 'DEDE MALVINA', 0, 39),
(157, 'SUHANDI', 0, 39),
(158, 'H. ACHMAD SALEH, SE', 0, 40),
(159, 'FERRY KURNIAWAN', 0, 40),
(160, 'ROHMAT SE', 0, 40),
(161, 'AMINNUDIN', 0, 41),
(162, 'EDI SOVIAN', 0, 41),
(163, 'MOHAMMAD AGUS', 0, 41),
(164, 'ASMAT., S.Pd., MM', 0, 41),
(165, 'WAHYUDIN', 0, 41),
(166, 'SIDIK', 0, 42),
(167, 'NASIM SETIAWAN', 0, 42),
(168, 'SATIBI', 0, 43),
(169, 'DEDI FURKON', 0, 43),
(170, 'NU`MAN', 0, 43),
(171, 'AHMAD HOSOBI', 0, 44),
(172, 'WIWIN KOMALASARI', 0, 44),
(173, 'MUHAMMAD HOLIL', 0, 44),
(174, 'NENENG MULYATI', 0, 45),
(175, 'ZEPRI ADIPRIATNA', 0, 45),
(176, 'NANDI SUHENDAR', 0, 45),
(177, 'ADANG', 0, 45),
(178, 'RIDWAN', 0, 45),
(179, 'H. KURNAEDI', 0, 46),
(180, 'RUKMAN SOMAD', 0, 46),
(181, 'IBRO', 0, 46),
(182, 'UJANG RUHYADI', 0, 47),
(183, 'IDA HEMILDA ROSMANIAR', 0, 47),
(184, 'SANDILI', 0, 48),
(185, 'BADRUDIN', 0, 48),
(186, 'H. SAHRUDIN', 0, 48),
(187, 'UPONG SUGITO', 0, 49),
(188, 'ADE ENDANG SARIFUDIN', 0, 49),
(189, 'MAD SOLEH', 0, 49),
(190, 'ANJRAYADI, S.Pd.i', 0, 49),
(191, 'HJ. TINI PRIHARTINI', 0, 49),
(192, 'MAMAN', 0, 50),
(193, 'SUPENA JAYA ATMAJA', 0, 50),
(194, 'SAPRUDIN PRAWIRANEGARA', 0, 50),
(195, 'ANDI UPI', 0, 51),
(196, 'ENDIH', 0, 51),
(197, 'ANDI LALA', 0, 51),
(198, 'ABDULRAHMAN', 0, 52),
(199, 'WAWAN KURNIAWAN', 0, 52),
(200, 'DADAN FIRDANI', 0, 52),
(201, 'HENI NURYANI', 0, 52),
(202, 'H. ANANG SUPRIYADI', 0, 52),
(203, 'SUHENDAR', 0, 53),
(204, 'S. PRASETYO', 0, 53),
(205, 'H. EMAN S', 0, 53),
(206, 'ADE SALAMAN', 0, 53),
(207, 'BUDI SETIAWAN', 0, 53),
(208, 'H. DENI, S.M', 0, 54),
(209, 'M FADLI', 0, 54),
(210, 'BENI IRAWAN', 0, 54),
(211, 'DENI SETIAWAN', 0, 54),
(212, 'HAYU GELAR J', 0, 54),
(213, 'M. KUSNADI', 0, 55),
(214, 'M. RIFAI', 0, 55),
(215, 'BUDI YANTO', 0, 55),
(216, 'HENDRA IMAN NURJAT', 0, 55),
(217, 'BUDI IWAN', 0, 55),
(218, 'DEDEH HANDAYANI', 0, 56),
(219, 'JEJEN JUNAEDI', 0, 56),
(220, 'SYAMSUL BUDIMAN', 0, 56),
(221, 'H. DEDE TAJUDIN', 0, 56),
(222, 'BABAN SUPANDI', 0, 57),
(223, 'HERMAN SYUHADA', 0, 57),
(224, 'ENTIS SUTISNA', 0, 57),
(225, 'YAYAN DELVIA', 0, 57),
(226, 'ASEP HIMAWAN, S.Pd.i', 0, 58),
(227, 'INDA', 0, 58),
(228, 'JAI, S.iP', 0, 58),
(229, 'NURYANA', 0, 58),
(230, 'E. JARKASIH', 0, 58),
(231, 'HABIBOLLAH', 0, 59),
(232, 'JAJI', 0, 59),
(233, 'TEDDY SAEPUDIN A. Pi. Msi', 0, 59),
(234, 'DEDI CAHYANA, SH', 0, 59),
(235, 'IDING SUMARDI', 0, 59),
(236, 'SURONO', 0, 60),
(237, 'BUDIYANTO', 0, 60),
(238, 'POPI YULIANTI', 0, 60),
(239, 'YUSUP HAMDAN', 0, 60),
(240, 'RUSTANDI', 0, 60),
(241, 'OYAN ASTIAWAN', 0, 61),
(242, 'MAMAD SULAEMAN', 0, 61),
(243, 'DIDIN SAPRUDIN', 0, 61),
(244, 'APUD SYARIPUDIN', 0, 61),
(245, 'H. RINGGI ZAENI IKBAL, S.iP', 0, 62),
(246, 'HERMAWAN RIANTO', 0, 62),
(247, 'ATA', 0, 62),
(248, 'IDIM', 0, 62),
(249, 'H. NANA SURYANA', 0, 62),
(250, 'HUSEN', 0, 63),
(251, 'H. ULUNG SAPUTRA', 0, 63),
(252, 'HABUDIN', 0, 63),
(253, 'AGUS WIJAYA', 0, 63),
(254, 'SOEDIJANTO', 0, 64),
(255, 'ADYTIA AGUNG', 0, 64),
(256, 'GURITNO', 0, 64),
(257, 'SUHENDANG', 0, 64),
(258, 'DENI IRAWAN', 0, 64),
(259, 'ETI SUMIATI', 0, 65),
(260, 'HAERUDI', 0, 65),
(261, 'ADANG B ACHYA', 0, 65),
(262, 'MENTENG', 0, 65),
(263, 'DIAN FIRMANSYAH', 0, 66),
(264, 'SUHENDAR', 0, 66),
(265, 'LOIS IMAN', 0, 67),
(266, 'SAEPULLOH', 0, 67),
(267, 'ADE GUNAWAN', 0, 67),
(268, 'ALAN', 0, 67),
(269, 'A.MUHIDIN', 0, 67),
(270, 'SANTOSO', 0, 68),
(271, 'MUID', 0, 68),
(272, 'HENDI HAERUDIN', 0, 68),
(273, 'M. ARSYA MARDJAJA', 0, 68),
(274, 'AHMAD HIDAYAT', 0, 68),
(275, 'NANANG SURYANA', 0, 69),
(276, 'TAJUDIN', 0, 69),
(277, 'YULLY SETIAWAN', 0, 69),
(278, 'RUKMANA', 0, 69),
(279, 'ASEP RUDI', 0, 69),
(280, 'MAMAN SUHERMAN', 0, 70),
(281, 'IRFAN WIBAWA', 0, 70),
(282, 'SAAT HERMAWAN', 0, 71),
(283, 'BUDI', 0, 71),
(284, 'NURASAN', 0, 71),
(285, 'NUR ABDULLAH, SE', 0, 71),
(286, 'SUROH', 0, 71),
(287, 'N. YUSUF', 0, 72),
(288, 'RALIH HIDAYAT', 0, 72),
(289, 'SALIPUR', 0, 72),
(290, 'AGUS BASTIAN', 0, 72),
(291, 'ARIANTO A', 0, 72),
(292, 'SAIN SAPUTRA, SE', 0, 73),
(293, 'LUKI FIRDAUS', 0, 73),
(294, 'MUHAMAD FIRDAUS', 0, 73),
(295, 'MARYONO, SE', 0, 74),
(296, 'AHMAD BADHAWI', 0, 74),
(297, 'H. ENGKUS KUSMAYADI, SE', 0, 74),
(298, 'LIYA MULIYA, S.Pdi, M.Pd', 0, 74),
(299, 'KARYAMA, SE', 0, 74),
(300, 'SUPARMAN', 0, 75),
(301, 'DEDEN DIANA', 0, 75),
(302, 'AHMAD RAMDONI CADAR', 0, 75),
(303, 'FAKA HARIKA', 0, 76),
(304, 'MUHAMMAD FARIDUDDIN', 0, 76),
(305, 'SUPENA', 0, 76),
(306, 'RAHMAT HIDAYAT', 0, 76),
(307, 'SUHERMAN, SE', 0, 77),
(308, 'WIRA', 0, 77),
(309, 'RASIM', 0, 77),
(310, 'HJ. NEMI NURAENI', 0, 77),
(311, 'DUDUH MANDUH', 0, 78),
(312, 'H. BADRUDIN', 0, 78),
(313, 'EMAN SULAEMAN', 0, 78),
(314, 'NANANG KOSIM', 0, 78),
(315, 'WAWAN GUNAWAN', 0, 78),
(316, 'SURYANA SARMAN', 0, 79),
(317, 'DEDI JUNAEIDU', 0, 79),
(318, 'HJ. SITI ASLIAH', 0, 80),
(319, 'BAEDOWI, S.Pd.I', 0, 80),
(320, 'DJEDJEH ZAENAL ABIDIN', 0, 80),
(321, 'SOLAHUDIN', 0, 80),
(322, 'HASAN S', 0, 80),
(323, 'SUARJO', 0, 81),
(324, 'JAMALUDIN, ST', 0, 81),
(325, 'WARTIKA S.Pd., MM', 0, 81),
(326, 'AGUS FAUZIA RAHMAN', 0, 81),
(327, 'WAMYUDIN', 0, 81),
(328, 'ULUL AZMI', 0, 82),
(329, 'TIRYA SUNARYA', 0, 82),
(330, 'SUHANDA', 0, 82),
(331, 'HERI ALFARIS', 0, 82),
(332, 'SRI SULASTRI', 0, 82),
(333, 'YANUAR LESMANA', 0, 83),
(334, 'AGUS WAHIDIN', 0, 83),
(335, 'SRI EKAWATI', 0, 83),
(336, 'SUNANDAR, S.H', 0, 83),
(337, 'H. ASEP SAEPUL ANWAR', 0, 83),
(338, 'HANAPI', 0, 84),
(339, 'ABDUL HAMID, S.E., M.Si', 0, 84),
(340, 'ZAENAL ABIDIN', 0, 84),
(341, 'N. WINTARSIH, S.Pd.', 0, 84),
(342, 'MULYADI, S.Pd.I', 0, 84),
(343, 'UJANG SULAEMAN', 0, 85),
(344, 'MUH YUSUP MUSTOPA', 0, 85),
(345, 'ENDI JUANDI', 0, 86),
(346, 'H. PEPEN SUPENDI', 0, 86),
(347, 'UCI ACU', 0, 86),
(348, 'SUHERWIN, SH', 0, 87),
(349, 'HAYAT SUKARYAWAN, SE', 0, 87),
(350, 'DENI', 0, 87),
(351, 'UCE MARLINAH', 0, 87),
(352, 'WAYAN SARJANA', 0, 87),
(353, 'OTONG HERMANSYAH', 0, 88),
(354, 'YAYAN MULYANA', 0, 88);

-- --------------------------------------------------------

--
-- Table structure for table `desa`
--

CREATE TABLE `desa` (
  `id` int(11) NOT NULL,
  `nama` varchar(225) NOT NULL,
  `kec_id` int(11) NOT NULL
) ENGINE=InnoDB DEFAULT CHARSET=utf8mb4;

--
-- Dumping data for table `desa`
--

INSERT INTO `desa` (`id`, `nama`, `kec_id`) VALUES
(1, 'CIBADAK', 1),
(2, 'TANJUNGRASA', 1),
(3, 'BABAKAN', 2),
(4, 'CIOMAS', 2),
(5, 'CARIU', 3),
(6, 'BANTARKUNING', 3),
(7, 'SUKAJADI', 3),
(8, 'CIMANDEHILIR', 4),
(9, 'PANCAWATI', 4),
(10, 'MUARAJAYA', 4),
(11, 'CIBURAYUT', 5),
(12, 'LIMUSNUNGGAL', 6),
(13, 'CILEUNGSI KIDUL', 6),
(14, 'WANAHERANG', 7),
(15, 'BOJONG KULUR', 7),
(16, 'TLAJUNG UDIK', 7),
(17, 'PUSPASARI', 8),
(18, 'CITEUREUP', 8),
(19, 'SANJA', 8),
(20, 'CIJAYANTI', 9),
(21, 'SUMURBATU', 9),
(22, 'CIPAMBUAN', 9),
(23, 'JUGALAJAYA', 10),
(24, 'SIPAK', 10),
(25, 'BANYUASIH', 11),
(26, 'BANYUWANGI', 11),
(27, 'MEKARJAYA', 11),
(28, 'NANGGERANG', 12),
(29, 'CIBALUNG', 13),
(30, 'CIPELANG', 13),
(31, 'TANJUNGSARI', 13),
(32, 'PARAKAN', 14),
(33, 'SUKAHARJA', 14),
(34, 'SUKAMAJU', 15),
(35, 'SITU UDIK', 15),
(36, 'CIBATOK I', 15),
(37, 'GIRIMULYA', 15),
(38, 'CIARUTEUN UDIK', 15),
(39, 'BOJONGGEDE', 16),
(40, 'WARINGIN JAYA', 16),
(41, 'RAWAPANJANG', 16),
(42, 'IWUL', 17),
(43, 'PASAREAN', 18),
(44, 'GUNUNG MENYAN', 18),
(45, 'HARKATJAYA', 19),
(46, 'SUKAMULIH', 19),
(47, 'CILEUKSA', 19),
(48, 'CITEKO', 20),
(49, 'KLAPANUNGGAL', 21),
(50, 'BANTARJATI', 21),
(51, 'CIKAHURIPAN', 21),
(52, 'BANJARWARU', 22),
(53, 'BANJARWANGI', 22),
(54, 'CIBEDUG', 22),
(55, 'BOJONGMURNI', 22),
(56, 'BITUNGSARI', 22),
(57, 'CILEUNGSI', 22),
(58, 'SITU DAUN', 23),
(59, 'GUNUNG MALANG', 23),
(60, 'SUKAWANGI', 24),
(61, 'SUKADAMAI', 24),
(62, 'SIRNAJAYA', 24),
(63, 'PABUARAN', 24),
(64, 'CIMANDALA', 25),
(65, 'GUNUNGGEULIS', 25),
(66, 'PARAKANJAYA', 26),
(67, 'SUKAJADI', 27),
(68, 'SUKAMANTRI', 27),
(69, 'SUKARESMI', 27),
(70, 'JAMPANG', 28),
(71, 'PENGASINAN', 28),
(72, 'PEDURENAN', 28),
(73, 'CIDOKOM', 28),
(74, 'CIBADAK', 29),
(75, 'CIAMPEA', 29),
(76, 'BENTENG', 29),
(77, 'BENDUNGAN', 30),
(78, 'MEGAMENDUNG', 31),
(79, 'GADOG', 31),
(80, 'SUKAKARYA', 31),
(81, 'CIBEBER II', 32),
(82, 'KALONG II', 33),
(83, 'SADENG', 33),
(84, 'WANGUN JAYA', 33),
(85, 'PURWASARI', 34),
(86, 'SUKADAMAI', 34),
(87, 'CIHERANG', 34),
(88, 'NEGLASARI', 34);

-- --------------------------------------------------------

--
-- Table structure for table `kecamatan`
--

CREATE TABLE `kecamatan` (
  `id` int(11) NOT NULL,
  `nama` varchar(225) NOT NULL,
  `zona_kec` int(11) NOT NULL
) ENGINE=InnoDB DEFAULT CHARSET=utf8mb4;

--
-- Dumping data for table `kecamatan`
--

INSERT INTO `kecamatan` (`id`, `nama`, `zona_kec`) VALUES
(1, 'TANJUNGSARI', 1),
(2, 'TENJO', 2),
(3, 'CARIU', 3),
(4, 'CARINGIN', 4),
(5, 'CIGOMBONG', 5),
(6, 'CILEUNGSI', 6),
(7, 'GUNUNG PUTRI', 7),
(8, 'CITEUREUP', 8),
(9, 'BABAKAN MADANG', 9),
(10, 'JASINGA', 10),
(11, 'CIGUDEG', 11),
(12, 'TAJUR HALANG', 12),
(13, 'CIJERUK', 13),
(14, 'CIOMAS', 14),
(15, 'CIBUNGBULANG', 15),
(16, 'BOJONGGEDE', 16),
(17, 'PARUNG', 17),
(18, 'PAMIJAHAN', 18),
(19, 'SUKAJAYA', 19),
(20, 'CISARUA', 20),
(21, 'KLAPANUNGGAL', 21),
(22, 'CIAWI', 22),
(23, 'TENJOLAYA', 23),
(24, 'SUKAMAKMUR', 24),
(25, 'SUKARAJA', 25),
(26, 'KEMANG', 26),
(27, 'TAMANSARI', 27),
(28, 'GUNUNGSINDUR', 28),
(29, 'CIAMPEA', 29),
(30, 'JONGGOL', 30),
(31, 'MEGAMENDUNG', 31),
(32, 'LEUWILIANG', 32),
(33, 'LEUWISADENG', 33),
(34, 'DRAMAGA', 34);

-- --------------------------------------------------------

--
-- Table structure for table `tps`
--

CREATE TABLE `tps` (
  `id` int(11) NOT NULL,
  `nama` varchar(225) NOT NULL,
  `alamat` text NOT NULL,
  `zona_desa` int(11) NOT NULL,
  `desa_id` int(11) NOT NULL,
  `hak_pilih` int(11) NOT NULL,
  `tungsura_tidak_sah` int(11) NOT NULL,
  `created_at` timestamp NOT NULL DEFAULT current_timestamp()
) ENGINE=InnoDB DEFAULT CHARSET=utf8mb4;

--
-- Dumping data for table `tps`
--

INSERT INTO `tps` (`id`, `nama`, `alamat`, `zona_desa`, `desa_id`, `hak_pilih`, `tungsura_tidak_sah`, `created_at`) VALUES
(1, 'TPS 1', 'TPS 1 Kp. Longok RT. 002/001', 1, 1, 1413, 0, '2020-12-08 07:58:43'),
(2, 'TPS 2', 'TPS 2 Kp. Lembur Sawah RT. 002/002', 1, 1, 1630, 0, '2020-12-08 07:58:43'),
(3, 'TPS 3', 'TPS 3 Kp. Cipicung RT. 001/008', 1, 1, 1122, 0, '2020-12-08 07:58:43'),
(4, 'TPS 1', 'TPS 1 Kp. Cibungur RT. 005/003', 2, 2, 1692, 0, '2020-12-08 07:58:43'),
(5, 'TPS 2', 'TPS 2 Kp. Bojonggeureuh RT. 012/006', 2, 2, 1255, 0, '2020-12-08 07:58:43'),
(6, 'TPS 3', 'TPS 3 Kp. Sodong RT. 020/010', 2, 2, 1697, 0, '2020-12-08 07:58:43'),
(7, 'TPS 1', 'Kp. Singabraja Rt. 01/01', 3, 3, 527, 0, '2020-12-08 07:58:43'),
(8, 'TPS 2', 'Kp. Singabraja Rt. 02/01', 3, 3, 507, 0, '2020-12-08 07:58:43'),
(9, 'TPS 3', 'Kp. Rajeg Rt. 01/02', 3, 3, 344, 0, '2020-12-08 07:58:43'),
(10, 'TPS 4', 'Kp. Rajeg Rt. 03/02', 3, 3, 535, 0, '2020-12-08 07:58:43'),
(11, 'TPS 5', 'Kp. Dukuh Malang Rt. 01/03', 3, 3, 534, 0, '2020-12-08 07:58:43'),
(12, 'TPS 6', 'Kp. Babakan Rt. 03/03', 3, 3, 621, 0, '2020-12-08 07:58:43'),
(13, 'TPS 7', 'Kp. Babakan Rt. 02/04', 3, 3, 606, 0, '2020-12-08 07:58:43'),
(14, 'TPS 8', 'Kp. Pasar Rebo Rt. 01/07', 3, 3, 408, 0, '2020-12-08 07:58:43'),
(15, 'TPS 9', 'Kp. Dungus Biuk Rt. 03/07', 3, 3, 378, 0, '2020-12-08 07:58:43'),
(16, 'TPS 10', 'Kp. Dungus Biuk Rt. 02/05', 3, 3, 610, 0, '2020-12-08 07:58:43'),
(17, 'TPS 11', 'Kp. Dungus Biuk Rt. 03/05', 3, 3, 425, 0, '2020-12-08 07:58:43'),
(18, 'TPS 12', 'Kp. Dungus Biuk Rt. 01/06', 3, 3, 593, 0, '2020-12-08 07:58:43'),
(19, 'TPS 13', 'Kp. Dungus Biuk Rt. 03/06', 3, 3, 572, 0, '2020-12-08 07:58:43'),
(20, 'TPS 14', 'Kp. Pabuaran Rt. 03/08', 3, 3, 533, 0, '2020-12-08 07:58:43'),
(21, 'TPS 15', 'Kp. Panunggulan Rt. 01/08', 3, 3, 488, 0, '2020-12-08 07:58:43'),
(22, 'TPS 1', 'Kp.Kompa Rt.03/02', 4, 4, 371, 0, '2020-12-08 07:58:43'),
(23, 'TPS 2', 'Kp.Kompa Rt.03/02', 4, 4, 315, 0, '2020-12-08 07:58:43'),
(24, 'TPS 3', 'Kp.Lebak Kanibah Rt.02/02', 4, 4, 332, 0, '2020-12-08 07:58:43'),
(25, 'TPS 4', 'Kp.Lebak Kanibah Rt.02/02', 4, 4, 327, 0, '2020-12-08 07:58:43'),
(26, 'TPS 5', 'Kp.Bojong sengkol Rt.01/02', 4, 4, 479, 0, '2020-12-08 07:58:43'),
(27, 'TPS 6', 'Kp.Ciyurup Rt.01/02', 4, 4, 381, 0, '2020-12-08 07:58:43'),
(28, 'TPS 7', 'Kp.Ciyurup Rt.01/02', 4, 4, 348, 0, '2020-12-08 07:58:43'),
(29, 'TPS 8', 'Kp.Banar Rt 05/05', 4, 4, 552, 0, '2020-12-08 07:58:43'),
(30, 'TPS 9', 'Kp.Banar Rt 05/05', 4, 4, 544, 0, '2020-12-08 07:58:43'),
(31, 'TPS 1', 'Lapangan Volly Family kp. cariu RT02/01', 5, 5, 1567, 0, '2020-12-08 07:58:43'),
(32, 'TPS 2', 'Lapangan Badak Putih RT03/01', 5, 5, 1567, 0, '2020-12-08 07:58:43'),
(33, 'TPS 3', 'Lapangan Gg Tegal RT14/05', 5, 5, 1568, 0, '2020-12-08 07:58:43'),
(34, 'TPS 4', 'Lapangan Volly Pahae RT15/05', 5, 5, 1567, 0, '2020-12-08 07:58:43'),
(35, 'TPS 5', 'Lapangan Volly Kp. Tegalsalam RT22/08', 5, 5, 1567, 0, '2020-12-08 07:58:43'),
(36, 'TPS 1', 'Kp. Sadang RT. 002/001 ( Lapangan Voli)', 6, 6, 1204, 0, '2020-12-08 07:58:43'),
(37, 'TPS 2', 'Kp. Bantarkuning RT. 006/003', 6, 6, 1204, 0, '2020-12-08 07:58:43'),
(38, 'TPS 3', 'Kp. Cilaya RT. 013/005 ( Lapangan Bola)', 6, 6, 1204, 0, '2020-12-08 07:58:43'),
(39, 'TPS 1', 'Halaman Rumah Bp. Idik Kp. Pamipiran RT.002/001', 7, 7, 789, 0, '2020-12-08 07:58:43'),
(40, 'TPS 2', 'SDN Babakanraden 01 Kp. Palasari RT. 005/002', 7, 7, 785, 0, '2020-12-08 07:58:43'),
(41, 'TPS 3', 'SDN Jagatamu Kp. Jagatamu RT. 010/004', 7, 7, 795, 0, '2020-12-08 07:58:43'),
(42, 'TPS 1', 'KP. TENGGEK RT.003 RW.001', 8, 8, 1090, 0, '2020-12-08 07:58:43'),
(43, 'TPS 2', 'KP. TENGGEK RT.002 RW.002', 8, 8, 1315, 0, '2020-12-08 07:58:43'),
(44, 'TPS 3', 'KP. TENGGEK RT.004 RW.002', 8, 8, 1128, 0, '2020-12-08 07:58:43'),
(45, 'TPS 4', 'KP. BABAKAN RT.002 RW.003', 8, 8, 1096, 0, '2020-12-08 07:58:43'),
(46, 'TPS 5', 'KP. LEMBUR SITU RT.002 RW.005', 8, 8, 1229, 0, '2020-12-08 07:58:43'),
(47, 'TPS 1', 'KP. LEUWENGLARANGAN RT.02/01', 9, 9, 982, 0, '2020-12-08 07:58:43'),
(48, 'TPS 2', 'KP. LEMAHNEUNDEUT RT.01/03', 9, 9, 2247, 0, '2020-12-08 07:58:43'),
(49, 'TPS 3', 'KP. PASIRKUDA RT.01/04', 9, 9, 1497, 0, '2020-12-08 07:58:43'),
(50, 'TPS 4', 'Kp. Ciherang satim Villa salak RT .03/05', 9, 9, 2095, 0, '2020-12-08 07:58:43'),
(51, 'TPS 5', 'KP. LEGOKNYENANG. RT 01/10', 9, 9, 1572, 0, '2020-12-08 07:58:43'),
(52, 'TPS 6', 'KP. LEGOKNYENANG RT.02/10', 9, 9, 1443, 0, '2020-12-08 07:58:43'),
(53, 'TPS 7', 'KP. CIPARE RT.03/11', 9, 9, 1579, 0, '2020-12-08 07:58:43'),
(54, 'TPS 1', 'KP. NYENANG RT.03/03 (BP)', 10, 10, 1456, 0, '2020-12-08 07:58:43'),
(55, 'TPS 2', 'KP. MUARA RT.02/01', 10, 10, 1342, 0, '2020-12-08 07:58:43'),
(56, 'TPS 3', 'KP. CIKALANG RT.02/05', 10, 10, 1308, 0, '2020-12-08 07:58:43'),
(57, 'TPS 1', 'Halaman Madrasah Diniyah Alislamiyah 05/01 kp. Selaawi', 11, 11, 1324, 0, '2020-12-08 07:58:43'),
(58, 'TPS 2', 'SDN Selaawi 02 03/02 kp. Selaawi', 11, 11, 1255, 0, '2020-12-08 07:58:43'),
(59, 'TPS 3', 'Cigowang 03/03 kp. Cigowang', 11, 11, 1415, 0, '2020-12-08 07:58:43'),
(60, 'TPS 4', 'SDN Ciburayut 02 06/04 kp. Padurenan', 11, 11, 1228, 0, '2020-12-08 07:58:43'),
(61, 'TPS 5', 'SDN CITIIS RT 02/05 kp. Citiis', 11, 11, 1674, 0, '2020-12-08 07:58:43'),
(62, 'TPS 6', 'SMP Widya Bhakti 02/06 kp. Ciburayut', 11, 11, 1122, 0, '2020-12-08 07:58:43'),
(63, 'TPS 7', 'SDN Panyarang 03/07 kp. Panyarang', 11, 11, 1465, 0, '2020-12-08 07:58:43'),
(64, 'TPS 1', 'KP.RAWAINGKIK RT.003 RW 001 (LAPANGAN BOLA SABO)', 12, 12, 4340, 0, '2020-12-08 07:58:43'),
(65, 'TPS 2', 'KP.LIMUS RT 002 RW.003 (DI HALAMAN DEKET KANTOR DESA LIMUSNUNGGAL)', 12, 12, 4437, 0, '2020-12-08 07:58:43'),
(66, 'TPS 3', 'KP.BAKOM RT.006 RW.004 (LAPANGAN BOLA MANDIRI)', 12, 12, 3723, 0, '2020-12-08 07:58:43'),
(67, 'TPS 4', 'KP BAKOM RT.003 RW 005 ( LAPANGAN BOLA PERSEBA)', 12, 12, 5057, 0, '2020-12-08 07:58:43'),
(68, 'TPS 5', 'PERUM LIMUS PRATAMA RT.003.RW010 (LAPANGAN SEKRETARIAT RW)', 12, 12, 3631, 0, '2020-12-08 07:58:43'),
(69, 'TPS 1', 'PERUM METLAND RT.003 RW 001 ( LAPANGAN SAMPING METLAND SCHOOL)', 13, 13, 6237, 0, '2020-12-08 07:58:43'),
(70, 'TPS 2', 'PERUM DUTA MEKAR ASRI RT 008.RW.012 ( LAPANGAN SEKRETARIAT RW)', 13, 13, 5238, 0, '2020-12-08 07:58:43'),
(71, 'TPS 3', 'PERUM CILEUNGSI INDAH RT.003 RW.006 ( LAPANGAN SEKRETARIAT RW)', 13, 13, 5326, 0, '2020-12-08 07:58:43'),
(72, 'TPS 4', 'PERUM GRIYA KENARI RT.008 RW.010 ( LAPANGAN SEKRETARIAT RW)', 13, 13, 5273, 0, '2020-12-08 07:58:43'),
(73, 'TPS 5', 'PERUM GRAND HARMONI RT.003 RW 07 ( RUKO DEPAN GERBANG MASUK)', 13, 13, 4080, 0, '2020-12-08 07:58:43'),
(74, 'TPS 1', 'Kp. Tlajung RT. 004 RW. 001', 14, 14, 1605, 0, '2020-12-08 07:58:43'),
(75, 'TPS 2', 'Kp. Tlajung RT. 005 RW. 001', 14, 14, 1051, 0, '2020-12-08 07:58:43'),
(76, 'TPS 3', 'Kp. Tlajung RT. 002 RW. 002', 14, 14, 1476, 0, '2020-12-08 07:58:43'),
(77, 'TPS 4', 'Kp. Jampang RT. 001 RW. 003', 14, 14, 1604, 0, '2020-12-08 07:58:43'),
(78, 'TPS 5', 'Kp. Jampang RT. 003 RW. 004', 14, 14, 1080, 0, '2020-12-08 07:58:43'),
(79, 'TPS 6', 'Kp. Jampang RT 003 RW 004', 14, 14, 1111, 0, '2020-12-08 07:58:43'),
(80, 'TPS 7', 'Kp. Cikuda RT. 002 RW. 005', 14, 14, 1330, 0, '2020-12-08 07:58:43'),
(81, 'TPS 8', 'Kp. Cikuda RT. 003 RW. 006', 14, 14, 1685, 0, '2020-12-08 07:58:43'),
(82, 'TPS 9', 'Kp. Cikuda RT. 003 RW. 007', 14, 14, 1428, 0, '2020-12-08 07:58:43'),
(83, 'TPS 10', 'Kp. Baru RT. 001 RW. 008', 14, 14, 1045, 0, '2020-12-08 07:58:43'),
(84, 'TPS 11', 'Kp. Wanaherang RT. 003 RW. 009', 14, 14, 1222, 0, '2020-12-08 07:58:43'),
(85, 'TPS 12', 'Kp. Parungdengdek RT. 001 RW. 010', 14, 14, 1526, 0, '2020-12-08 07:58:43'),
(86, 'TPS 13', 'Kp. Parungdengdek RT. 001 RW. 011', 14, 14, 1018, 0, '2020-12-08 07:58:43'),
(87, 'TPS 14', 'Perum Villa Asri 2 RT. 002 RW. 025', 14, 14, 1458, 0, '2020-12-08 07:58:43'),
(88, 'TPS 15', 'Perum Legenda Wisata (Samping Sekolah Ketapang)', 14, 14, 4722, 0, '2020-12-08 07:58:43'),
(89, 'TPS 1', 'RW 002, RW 003', 15, 15, 1876, 0, '2020-12-08 07:58:43'),
(90, 'TPS 2', 'RW 001, RW 037', 15, 15, 1763, 0, '2020-12-08 07:58:43'),
(91, 'TPS 3', 'RW 036, RW 39 DAN RW 041', 15, 15, 2089, 0, '2020-12-08 07:58:43'),
(92, 'TPS 4', 'RW 025', 15, 15, 1233, 0, '2020-12-08 07:58:43'),
(93, 'TPS 5', 'RW 004', 15, 15, 1077, 0, '2020-12-08 07:58:43'),
(94, 'TPS 6', 'RW 005', 15, 15, 1315, 0, '2020-12-08 07:58:43'),
(95, 'TPS 7', 'RW 008, RW 027', 15, 15, 1164, 0, '2020-12-08 07:58:43'),
(96, 'TPS 8', 'RW 006, RW 007', 15, 15, 1259, 0, '2020-12-08 07:58:43'),
(97, 'TPS 9', 'RW 028, RW 029', 15, 15, 1409, 0, '2020-12-08 07:58:43'),
(98, 'TPS 10', 'RW 009, RW 026', 15, 15, 1455, 0, '2020-12-08 07:58:43'),
(99, 'TPS 11', 'RW 010, RW 011 (RT, 001)', 15, 15, 1073, 0, '2020-12-08 07:58:43'),
(100, 'TPS 12', 'RW 011 (RT.002), RW 012', 15, 15, 1006, 0, '2020-12-08 07:58:43'),
(101, 'TPS 13', 'RW 031, RW, 030 DAN RW 038', 15, 15, 1343, 0, '2020-12-08 07:58:43'),
(102, 'TPS 14', 'RW 032, RW 033', 15, 15, 1308, 0, '2020-12-08 07:58:43'),
(103, 'TPS 15', 'RW 034, RW 035', 15, 15, 1330, 0, '2020-12-08 07:58:43'),
(104, 'TPS 16', 'RW 013, RW 014 DAN RW 015', 15, 15, 1163, 0, '2020-12-08 07:58:43'),
(105, 'TPS 17', 'RW 016, RW 017, RW 018 DAN RW 019', 15, 15, 1299, 0, '2020-12-08 07:58:43'),
(106, 'TPS 18', 'RW 020, RW 021 DAN RW 022', 15, 15, 1577, 0, '2020-12-08 07:58:43'),
(107, 'TPS 19', 'RW 023, RW 024 DAN RW 040', 15, 15, 1202, 0, '2020-12-08 07:58:43'),
(108, 'TPS 1', 'LAPANGAN SARANA UMUM RT 002 RW 001', 16, 16, 1048, 0, '2020-12-08 07:58:43'),
(109, 'TPS 2', 'LAPANGAN TANAH MERAH RT 002 RW 001', 16, 16, 1385, 0, '2020-12-08 07:58:43'),
(110, 'TPS 3', 'BELAKANG RUMAH BPK RW (KEBON KOSONG) RT 001 RW 003', 16, 16, 670, 0, '2020-12-08 07:58:43'),
(111, 'TPS 4', 'BALAI WARGA RW 31 (PRUM GRIYA BUKIT JAYA CLUSTER CIENA)', 16, 16, 1186, 0, '2020-12-08 07:58:43'),
(112, 'TPS 5', 'LAPANGAN BOLA VOLLY RT 001 RW 032', 16, 16, 1990, 0, '2020-12-08 07:58:43'),
(113, 'TPS 6', 'AULA KP RAMAH LINGKUNGAN (KRL) MASKER RW 004', 16, 16, 1083, 0, '2020-12-08 07:58:43'),
(114, 'TPS 7', 'HALAMAN MASJID AL-HIMAH RW 005', 16, 16, 1395, 0, '2020-12-08 07:58:43'),
(115, 'TPS 8', 'LAPANGAN BOLA RW 006', 16, 16, 510, 0, '2020-12-08 07:58:43'),
(116, 'TPS 9', 'AULA BALAI RW 27 PRUM GRIYA BUKIT JAYA BLOK N', 16, 16, 796, 0, '2020-12-08 07:58:43'),
(117, 'TPS 10', 'AULA BALAI RW 30 PERUM GRIYA BUKIT JAYA BLOK M', 16, 16, 676, 0, '2020-12-08 07:58:43'),
(118, 'TPS 11', 'DEPAN RUMAH BPK SALI RT 003 RW 007', 16, 16, 1050, 0, '2020-12-08 07:58:43'),
(119, 'TPS 12', 'LAPANGAN BOLA VOLLY TANAH BPK ENAP S RT 002 RW008', 16, 16, 790, 0, '2020-12-08 07:58:43'),
(120, 'TPS 13', 'SAMPING RUMAH BPK ENDANG MANTAN SEKDES RT 002 RW 013', 16, 16, 603, 0, '2020-12-08 07:58:43'),
(121, 'TPS 14', 'DEPAN MASJID AL-AMIN RT 002 RW 009', 16, 16, 548, 0, '2020-12-08 07:58:43'),
(122, 'TPS 15', 'KP MOMONOT RT 001 RW 010 JL GAS ALAM', 16, 16, 821, 0, '2020-12-08 07:58:43'),
(123, 'TPS 16', 'KP MOMONOT RT 001 RW 011 DEKAT MAJELIS H TITIN RT 001 RW 011', 16, 16, 1061, 0, '2020-12-08 07:58:43'),
(124, 'TPS 17', 'KP MOMONOT RT 002 RW 012 JL GAS ALAM (DEKAT POS KAMLING) RT 002 RW 012', 16, 16, 621, 0, '2020-12-08 07:58:43'),
(125, 'TPS 18', 'KP MOMONOT RT 001 RW 014 RUAN PENDOPO WARGA RT 001 RW 014', 16, 16, 599, 0, '2020-12-08 07:58:43'),
(126, 'TPS 19', 'KP MOMONOT RT 001 RW 015 LAPANGAN BLACKBEER PINTU 2', 16, 16, 1142, 0, '2020-12-08 07:58:43'),
(127, 'TPS 20', 'KP MOMONOT RT 001 RW 016 LAPANGAN BULU TANGKIS WARGA RT 001 RW 016', 16, 16, 706, 0, '2020-12-08 07:58:43'),
(128, 'TPS 21', 'POSYANDU MAWAR MERAH RT 002 RW 017', 16, 16, 986, 0, '2020-12-08 07:58:43'),
(129, 'TPS 22', 'HALAMAN RUMAH KET RW 18 BOK ENCEP RT 001 RW 018', 16, 16, 525, 0, '2020-12-08 07:58:43'),
(130, 'TPS 23', 'PT DIAN INTI SEJAHTERA RT 001 RW 020', 16, 16, 774, 0, '2020-12-08 07:58:43'),
(131, 'TPS 24', 'HALAMAN RUMAH/LAPANGAN ALM BPK NALIH RT 002 RW 020', 16, 16, 2311, 0, '2020-12-08 07:58:43'),
(132, 'TPS 25', 'HALAMAN RUMAH ALM KARIM RT 002 RW 021', 16, 16, 1941, 0, '2020-12-08 07:58:43'),
(133, 'TPS 26', 'HALAMAN MASJID AL-BUSRO RT 001 RW 022', 16, 16, 747, 0, '2020-12-08 07:58:43'),
(134, 'TPS 27', 'HALAMAN SEKOLAH MI/MTS AL-MUAMANAH RT 002 RW 023', 16, 16, 1620, 0, '2020-12-08 07:58:43'),
(135, 'TPS 28', 'BALAI WARGA RW 024 BLOK T PERUM GRIYA BUKIT JAYA RT 008 RW 024', 16, 16, 1044, 0, '2020-12-08 07:58:43'),
(136, 'TPS 29', 'BALAI WARGA RW 025 BLOK C PERUM GRIYA BUKIT JAYA RT 012 RW 025', 16, 16, 453, 0, '2020-12-08 07:58:43'),
(137, 'TPS 30', 'BALAI WARGA RW 026 BLOK G PERUM GRIYA BUKIT JAYA 003 RW 026', 16, 16, 1112, 0, '2020-12-08 07:58:43'),
(138, 'TPS 31', 'BALAI WARGA RW 028 BLOK E PERUM GRIYA BUKITA JAYA RT 004 RW 028', 16, 16, 189, 0, '2020-12-08 07:58:43'),
(139, 'TPS 32', 'LAPANGAN BOLA VOLLY RW 029 PERUM GRIYA BUKIT JAYA RT 003 RW 029', 16, 16, 358, 0, '2020-12-08 07:58:43'),
(140, 'TPS 1', 'Zona 1, SMPN 1 Citeureup (RW 1, 2, 3, dan 5)', 17, 17, 3119, 0, '2020-12-08 07:58:43'),
(141, 'TPS 2', 'Zona 2, Pos Giro (RW 10 dan 4)', 17, 17, 788, 0, '2020-12-08 07:58:43'),
(142, 'TPS 3', 'Zona 3, Balai Kenari (RW 11, 12, dan 13)', 17, 17, 1904, 0, '2020-12-08 07:58:43'),
(143, 'TPS 4', 'Zona 4, Gudang (RW 9)', 17, 17, 1276, 0, '2020-12-08 07:58:43'),
(144, 'TPS 5', 'Zona 5, Posyandu (RW 14 dan 15)', 17, 17, 859, 0, '2020-12-08 07:58:43'),
(145, 'TPS 6', 'Zona 6, PT AREDZA (RW 6 dan 7)', 17, 17, 2344, 0, '2020-12-08 07:58:43'),
(146, 'TPS 7', 'Zona 7, MTS (RW 8)', 17, 17, 905, 0, '2020-12-08 07:58:43'),
(147, 'TPS 1', 'TPS RW 1', 18, 18, 2301, 0, '2020-12-08 07:58:43'),
(148, 'TPS 2', 'TPS RW 2', 18, 18, 1656, 0, '2020-12-08 07:58:43'),
(149, 'TPS 3', 'TPS RW 3', 18, 18, 1187, 0, '2020-12-08 07:58:43'),
(150, 'TPS 4', 'TPS RW 4', 18, 18, 1435, 0, '2020-12-08 07:58:43'),
(151, 'TPS 5', 'TPS RW 5', 18, 18, 1537, 0, '2020-12-08 07:58:43'),
(152, 'TPS 6', 'TPS RW 6', 18, 18, 1335, 0, '2020-12-08 07:58:43'),
(153, 'TPS 7', 'TPS RW 7', 18, 18, 1459, 0, '2020-12-08 07:58:43'),
(154, 'TPS 8', 'TPS RW 8', 18, 18, 1586, 0, '2020-12-08 07:58:43'),
(155, 'TPS 1', 'TPS 1, Lapangan Parkir, RT 5 RW 1', 19, 19, 1240, 0, '2020-12-08 07:58:43'),
(156, 'TPS 2', 'TPS 2, Lapangan SPD, RT 1 RW 5', 19, 19, 1653, 0, '2020-12-08 07:58:43'),
(157, 'TPS 3', 'TPS 3, Lapangan Kopabri, RT 1 RW 2', 19, 19, 2028, 0, '2020-12-08 07:58:43'),
(158, 'TPS 4', 'TPS 4, Yayasan NAS, RT 1 RW 4', 19, 19, 1993, 0, '2020-12-08 07:58:43'),
(159, 'TPS 5', 'TPS 5, Ruangan SD Sanja, RT 6 RW 6', 19, 19, 1672, 0, '2020-12-08 07:58:43'),
(160, 'TPS 6', 'TPS 6, Lapangan Wilayah, RT 4 RW 3', 19, 19, 1416, 0, '2020-12-08 07:58:43'),
(161, 'TPS 1', 'Kp. Cijayanti 3 RT.002 RW.003 (Lapangan Bola Kantor Desa Lama)', 20, 20, 606, 0, '2020-12-08 07:58:43'),
(162, 'TPS 2', 'Kp. Cijayanti 3 RT.002 RW.003 (Lapangan Bola Kantor Desa Lama)', 20, 20, 538, 0, '2020-12-08 07:58:43'),
(163, 'TPS 3', 'Kp. Cijayanti 3 RT.002 RW.003 (Lapangan Bola Kantor Desa Lama)', 20, 20, 592, 0, '2020-12-08 07:58:43'),
(164, 'TPS 4', 'Kp. Cijayanti 3 RT.002 RW.003 (Lapangan Bola Kantor Desa Lama)', 20, 20, 576, 0, '2020-12-08 07:58:43'),
(165, 'TPS 5', 'Kp. Cijayanti 3 RT.002 RW.003 (Lapangan Bola Kantor Desa Lama)', 20, 20, 523, 0, '2020-12-08 07:58:43'),
(166, 'TPS 6', 'Kp. Cijayanti 3 RT.002 RW.003 (Lapangan Bola Kantor Desa Lama)', 20, 20, 604, 0, '2020-12-08 07:58:43'),
(167, 'TPS 7', 'Kp. Cijayanti 3 RT.002 RW.003 (Lapangan Bola Kantor Desa Lama)', 20, 20, 569, 0, '2020-12-08 07:58:43'),
(168, 'TPS 8', 'Kp. Babakan RT 002 RW 001', 20, 20, 563, 0, '2020-12-08 07:58:43'),
(169, 'TPS 9', 'Kp. Babakan RT 002 RW 001', 20, 20, 689, 0, '2020-12-08 07:58:43'),
(170, 'TPS 10', 'Kp. Babakan RT 002 RW 001', 20, 20, 672, 0, '2020-12-08 07:58:43'),
(171, 'TPS 11', 'Kp. Babakan RT 002 RW 001', 20, 20, 564, 0, '2020-12-08 07:58:43'),
(172, 'TPS 12', 'Kp. Babakan RT 002 RW 001', 20, 20, 462, 0, '2020-12-08 07:58:43'),
(173, 'TPS 13', 'Kp. Babakan RT 002 RW 001', 20, 20, 481, 0, '2020-12-08 07:58:43'),
(174, 'TPS 14', 'Kp. Babakan RT 002 RW 001', 20, 20, 410, 0, '2020-12-08 07:58:43'),
(175, 'TPS 15', 'Kp. Pasir Maung Kidul RT.001 RW.005 (Hol Joglo Lapangan Bulu Tangkis)', 20, 20, 584, 0, '2020-12-08 07:58:43'),
(176, 'TPS 16', 'Kp. Pasir Maung Kidul RT.001 RW.005 (Hol Joglo Lapangan Bulu Tangkis)', 20, 20, 522, 0, '2020-12-08 07:58:43'),
(177, 'TPS 17', 'Kp. Pasir Maung Kidul RT.001 RW.005 (Hol Joglo Lapangan Bulu Tangkis)', 20, 20, 530, 0, '2020-12-08 07:58:43'),
(178, 'TPS 18', 'Kp. Pasir Maung Kidul RT.001 RW.005 (Hol Joglo Lapangan Bulu Tangkis)', 20, 20, 506, 0, '2020-12-08 07:58:43'),
(179, 'TPS 19', 'Kp. Pasir Maung Kidul RT.001 RW.005 (Hol Joglo Lapangan Bulu Tangkis)', 20, 20, 492, 0, '2020-12-08 07:58:43'),
(180, 'TPS 20', 'Kp. Pasir Maung Kidul RT.001 RW.005 (Hol Joglo Lapangan Bulu Tangkis)', 20, 20, 489, 0, '2020-12-08 07:58:43'),
(181, 'TPS 21', 'Kp. Pasir Maung Kidul RT.001 RW.005 (Hol Joglo Lapangan Bulu Tangkis)', 20, 20, 564, 0, '2020-12-08 07:58:43'),
(182, 'TPS 1', 'Kp. Babakan Jengkol RT 003 RW 001 (SMPN 1 Babakan Madang)', 21, 21, 592, 0, '2020-12-08 07:58:43'),
(183, 'TPS 2', 'Kp. Babakan Jengkol RT 003 RW 001 (SMPN 1 Babakan Madang)', 21, 21, 706, 0, '2020-12-08 07:58:43'),
(184, 'TPS 3', 'Kp. Babakan Jengkol RT 003 RW 001 (SMPN 1 Babakan Madang)', 21, 21, 531, 0, '2020-12-08 07:58:43'),
(185, 'TPS 4', 'Kp. Cibarengkok RT 010 RW 003 (Lapangan Samping Desa Sumurbatu)', 21, 21, 589, 0, '2020-12-08 07:58:43'),
(186, 'TPS 5', 'Kp. Cibarengkok RT 010 RW 003 (Lapangan Samping Desa Sumurbatu)', 21, 21, 580, 0, '2020-12-08 07:58:43'),
(187, 'TPS 6', 'Kp. Cibarengkok RT 010 RW 003 (Lapangan Samping Desa Sumurbatu)', 21, 21, 598, 0, '2020-12-08 07:58:43'),
(188, 'TPS 7', 'Kp. Cibarengkok RT 011 RW 004 (SDN Babakanmadang 04)', 21, 21, 713, 0, '2020-12-08 07:58:43'),
(189, 'TPS 8', 'Kp. Cibarengkok RT 011 RW 004 (SDN Babakanmadang 04)', 21, 21, 740, 0, '2020-12-08 07:58:43'),
(190, 'TPS 9', 'Kp. Cibarengkok RT 011 RW 004 (SDN Babakanmadang 04)', 21, 21, 760, 0, '2020-12-08 07:58:43'),
(191, 'TPS 1', 'Kp. Cipambuan RT. 002 RW. 001 (Gedung SDN Cipambuan 1)', 22, 22, 436, 0, '2020-12-08 07:58:43'),
(192, 'TPS 2', 'Kp. Cipambuan RT. 002 RW. 001 (Gedung SDN Cipambuan 1)', 22, 22, 479, 0, '2020-12-08 07:58:43'),
(193, 'TPS 3', 'Kp. Cipambuan RT. 002 RW. 001 (Gedung SDN Cipambuan 1)', 22, 22, 410, 0, '2020-12-08 07:58:43'),
(194, 'TPS 4', 'Kp. Cipambuan RT. 002 RW. 002 (Gedung SDN Citaringgul 5)', 22, 22, 228, 0, '2020-12-08 07:58:43'),
(195, 'TPS 5', 'Kp. Cipambuan RT. 002 RW. 002 (Gedung SDN Citaringgul 5)', 22, 22, 442, 0, '2020-12-08 07:58:43'),
(196, 'TPS 6', 'Kp. Sunah Azzikra RT. 001 RW. 005 (Gedung sekolah Azzikra)', 22, 22, 589, 0, '2020-12-08 07:58:43'),
(197, 'TPS 7', 'Kp. Sunah Azzikra RT. 001 RW. 005 (Gedung sekolah Azzikra)', 22, 22, 320, 0, '2020-12-08 07:58:43'),
(198, 'TPS 8', 'Kp. Sunah Azzikra RT. 001 RW. 005 (Gedung sekolah Azzikra)', 22, 22, 378, 0, '2020-12-08 07:58:43'),
(199, 'TPS 9', 'Kp. Sunah Azzikra RT. 001 RW. 005 (Gedung sekolah Azzikra)', 22, 22, 415, 0, '2020-12-08 07:58:43'),
(200, 'TPS 1', 'Kp.Lebakhuni RT 01 RW 02', 23, 23, 1491, 0, '2020-12-08 07:58:43'),
(201, 'TPS 2', 'Kp.Kembang Kuning RT 06 RW 04', 23, 23, 1156, 0, '2020-12-08 07:58:43'),
(202, 'TPS 3', 'Kp.Kembang Kuning RT 03 RW 05', 23, 23, 1416, 0, '2020-12-08 07:58:43'),
(203, 'TPS 1', 'KP. MARGALUYU RT 05 RW 01', 24, 24, 1852, 0, '2020-12-08 07:58:43'),
(204, 'TPS 2', 'KP. SIPAK RT. 03 / 05', 24, 24, 2077, 0, '2020-12-08 07:58:43'),
(205, 'TPS 3', 'KP. SIPAK RT 05 RW 06', 24, 24, 1710, 0, '2020-12-08 07:58:43'),
(206, 'TPS 4', 'KP. MUNCANG RT 01 RW 07', 24, 24, 2109, 0, '2020-12-08 07:58:43'),
(207, 'TPS 5', 'KP. MUNCANG BABAKAN RT 03 RW 08', 24, 24, 1127, 0, '2020-12-08 07:58:43'),
(208, 'TPS 1', 'Kp.Ciemas Rw.01', 25, 25, 280, 0, '2020-12-08 07:58:43'),
(209, 'TPS 2', 'Kp.Cijambe Rw.01', 25, 25, 829, 0, '2020-12-08 07:58:43'),
(210, 'TPS 3', 'Kp.Cisarua Rw.02', 25, 25, 700, 0, '2020-12-08 07:58:43'),
(211, 'TPS 4', 'Kp.Manceuri Rw.02', 25, 25, 299, 0, '2020-12-08 07:58:43'),
(212, 'TPS 5', 'Kp.Panunggangan Rw.03', 25, 25, 524, 0, '2020-12-08 07:58:43'),
(213, 'TPS 6', 'Kp.Cilangkap Rw.03', 25, 25, 850, 0, '2020-12-08 07:58:43'),
(214, 'TPS 1', 'Kp.Susukan Inpres Rt.01 Rw.09', 26, 26, 695, 0, '2020-12-08 07:58:43'),
(215, 'TPS 2', 'Kp.Susukan Hilir Rt.02 Rw.06', 26, 26, 641, 0, '2020-12-08 07:58:43'),
(216, 'TPS 3', 'Kp.Cikawung Rt.01 Rw.01', 26, 26, 571, 0, '2020-12-08 07:58:43'),
(217, 'TPS 4', 'Kp.Cirangsad Rt.02 Rw.05', 26, 26, 573, 0, '2020-12-08 07:58:43'),
(218, 'TPS 5', 'Kp.Cikawung Rt.01 Rw.02', 26, 26, 471, 0, '2020-12-08 07:58:43'),
(219, 'TPS 6', 'Kp.Kembang Wangi Rt.01 Rw.11', 26, 26, 444, 0, '2020-12-08 07:58:43'),
(220, 'TPS 7', 'Kp.Panggeleseran Rt.02 Rw10', 26, 26, 426, 0, '2020-12-08 07:58:43'),
(221, 'TPS 1', 'Kp.Cikadu Rt.01,09 Rw.09 dan Kp.Tarikolot Rt.02,03 Rw.01', 27, 27, 898, 0, '2020-12-08 07:58:43'),
(222, 'TPS 2', 'Kp.Tarikolot Rt.03 Rw.01 dan Kp.Mede Rt.01,02 dan 03', 27, 27, 704, 0, '2020-12-08 07:58:43'),
(223, 'TPS 3', 'Kp.Cikalong Rt.01,02,03,04 Rw.03', 27, 27, 673, 0, '2020-12-08 07:58:43'),
(224, 'TPS 4', 'Kp.Toge Bujang Rt.01,02,04 Rw.04', 27, 27, 558, 0, '2020-12-08 07:58:43'),
(225, 'TPS 5', 'Kp.toge Rt.01,02,03 Rw.05', 27, 27, 706, 0, '2020-12-08 07:58:43'),
(226, 'TPS 6', 'Kp.Toge Rt.04 Rw.05 dan Rt.01,02 Rw.06', 27, 27, 450, 0, '2020-12-08 07:58:43'),
(227, 'TPS 7', 'Kp.Kadaka Bubuay Rt.01 Rw.06 dan Rt.04,05 Rw.06', 27, 27, 303, 0, '2020-12-08 07:58:43'),
(228, 'TPS 8', 'Kp.Prayoga Rt.01,02,03,04,05 Rw.07', 27, 27, 700, 0, '2020-12-08 07:58:43'),
(229, 'TPS 9', 'Kp.Dukuh Rt.01,02,03,04 Rw.08', 27, 27, 505, 0, '2020-12-08 07:58:43'),
(230, 'TPS 1', 'TPS 1. Kp. Bulak', 28, 28, 441, 0, '2020-12-08 07:58:43'),
(231, 'TPS 2', 'TPS 2. Kp. Bulak', 28, 28, 441, 0, '2020-12-08 07:58:43'),
(232, 'TPS 3', 'TPS 3. Kp. Bulak', 28, 28, 440, 0, '2020-12-08 07:58:43'),
(233, 'TPS 4', 'TPS 4. Kp. Bulak', 28, 28, 440, 0, '2020-12-08 07:58:43'),
(234, 'TPS 5', 'TPS 5. Kp. Pasirangin', 28, 28, 581, 0, '2020-12-08 07:58:43'),
(235, 'TPS 6', 'TPS 6. Kp. Pasirangin', 28, 28, 581, 0, '2020-12-08 07:58:43'),
(236, 'TPS 7', 'TPS 7. Kp. Nanggela', 28, 28, 577, 0, '2020-12-08 07:58:43'),
(237, 'TPS 8', 'TPS 8. Kp. Nanggela', 28, 28, 576, 0, '2020-12-08 07:58:43'),
(238, 'TPS 9', 'TPS 9. Kp. Nanggerang RW. 05', 28, 28, 774, 0, '2020-12-08 07:58:43'),
(239, 'TPS 10', 'TPS 10. Kp. Nanggerang RW. 05', 28, 28, 773, 0, '2020-12-08 07:58:43'),
(240, 'TPS 11', 'TPS 11. Kp. Nanggerang RW. 04', 28, 28, 666, 0, '2020-12-08 07:58:43'),
(241, 'TPS 12', 'TPS 12. Kp. Nanggerang RW. 04', 28, 28, 665, 0, '2020-12-08 07:58:43'),
(242, 'TPS 1', 'Lapangan Perguran Arrasyid RW I', 29, 29, 1403, 0, '2020-12-08 07:58:43'),
(243, 'TPS 2', 'Lapangan Bumi Tahfidz RW II', 29, 29, 1377, 0, '2020-12-08 07:58:43'),
(244, 'TPS 3', 'Lapangan SDN Cibalung IV', 29, 29, 1255, 0, '2020-12-08 07:58:43'),
(245, 'TPS 4', 'Lapangan SDN Pangrasan RW V', 29, 29, 1020, 0, '2020-12-08 07:58:43'),
(246, 'TPS 5', 'Lapangan MI Sirojul Huda Bojong Menteng RW VII', 29, 29, 1331, 0, '2020-12-08 07:58:43'),
(247, 'TPS 1', 'Kp. Cihideung RT. 002/001', 30, 30, 1376, 0, '2020-12-08 07:58:43'),
(248, 'TPS 2', 'Kp. Cihideung RT. 002/002', 30, 30, 1391, 0, '2020-12-08 07:58:43'),
(249, 'TPS 3', 'Kp. Nagrak RT. 001/003', 30, 30, 1341, 0, '2020-12-08 07:58:43'),
(250, 'TPS 4', 'Kp. Pasir Pogor RT. 002/004', 30, 30, 1052, 0, '2020-12-08 07:58:43'),
(251, 'TPS 5', 'Kp. Kopeng RT. 003/005', 30, 30, 1353, 0, '2020-12-08 07:58:43'),
(252, 'TPS 6', 'Kp.Cipelang RT. 002/006', 30, 30, 962, 0, '2020-12-08 07:58:43'),
(253, 'TPS 7', 'Kp. Pasir Pogor RT. 003/007', 30, 30, 1126, 0, '2020-12-08 07:58:43'),
(254, 'TPS 1', 'Kp. Palasari RT. 002/001', 31, 31, 1614, 0, '2020-12-08 07:58:43'),
(255, 'TPS 2', 'Kp. Palasari RT. 009/004', 31, 31, 1384, 0, '2020-12-08 07:58:43'),
(256, 'TPS 3', 'Kp. Pangkalan RT. 014/005', 31, 31, 1272, 0, '2020-12-08 07:58:43'),
(257, 'TPS 1', 'Perum. Gardenia Hills RT 5/9 (Panggung Utama)', 32, 32, 385, 0, '2020-12-08 07:58:43'),
(258, 'TPS 2', 'Perum. Gardenia Hills RT 5/9 (Panggung Utama)', 32, 32, 447, 0, '2020-12-08 07:58:43'),
(259, 'TPS 3', 'Perum. Gardenia Hills RT 5/9 (Panggung Utama)', 32, 32, 495, 0, '2020-12-08 07:58:43'),
(260, 'TPS 4', 'Perum. Gardenia Hills RT 5/9 (Panggung Utama)', 32, 32, 584, 0, '2020-12-08 07:58:43'),
(261, 'TPS 5', 'Perum. Gardenia Hills RT 5/9 (Panggung Utama)', 32, 32, 571, 0, '2020-12-08 07:58:43'),
(262, 'TPS 6', 'MTS Al Inayah Kp. Babakan RT 4/3', 32, 32, 462, 0, '2020-12-08 07:58:43'),
(263, 'TPS 7', 'MTS Al Inayah Kp. Babakan RT 4/3', 32, 32, 541, 0, '2020-12-08 07:58:43'),
(264, 'TPS 8', 'MTS Al Inayah Kp. Babakan RT 4/3', 32, 32, 460, 0, '2020-12-08 07:58:43'),
(265, 'TPS 9', 'MTS Al Inayah Kp. Babakan RT 4/3', 32, 32, 573, 0, '2020-12-08 07:58:43'),
(266, 'TPS 10', 'MTS Al Inayah Kp. Babakan RT 4/3', 32, 32, 556, 0, '2020-12-08 07:58:43'),
(267, 'TPS 11', 'MTS. Anwarul Hidayah, Laladon Kadoya RT 1/5', 32, 32, 577, 0, '2020-12-08 07:58:43'),
(268, 'TPS 12', 'MTS. Anwarul Hidayah, Laladon Kadoya RT 1/5', 32, 32, 616, 0, '2020-12-08 07:58:43'),
(269, 'TPS 13', 'MTS. Anwarul Hidayah, Laladon Kadoya RT 1/5', 32, 32, 498, 0, '2020-12-08 07:58:43'),
(270, 'TPS 14', 'MTS. Anwarul Hidayah, Laladon Kadoya RT 1/5', 32, 32, 372, 0, '2020-12-08 07:58:43'),
(271, 'TPS 15', 'MTS. Anwarul Hidayah, Laladon Kadoya RT 1/5', 32, 32, 367, 0, '2020-12-08 07:58:43'),
(272, 'TPS 1', 'SMP Dharma Nusa, RT 4/1 (Panggung Utama)', 33, 33, 693, 0, '2020-12-08 07:58:43'),
(273, 'TPS 2', 'SMP Dharma Nusa, RT 4/1 (Panggung Utama)', 33, 33, 628, 0, '2020-12-08 07:58:43'),
(274, 'TPS 3', 'SMP Dharma Nusa, RT 4/1 (Panggung Utama)', 33, 33, 484, 0, '2020-12-08 07:58:43'),
(275, 'TPS 4', 'SMP Dharma Nusa, RT 4/1 (Panggung Utama)', 33, 33, 608, 0, '2020-12-08 07:58:43'),
(276, 'TPS 5', 'SDN Ciapus 6, RT 4/1', 33, 33, 512, 0, '2020-12-08 07:58:43'),
(277, 'TPS 6', 'SDN Ciapus 6, RT 4/1', 33, 33, 452, 0, '2020-12-08 07:58:43'),
(278, 'TPS 7', 'SDN Ciapus 6, RT 4/1', 33, 33, 582, 0, '2020-12-08 07:58:43'),
(279, 'TPS 8', 'SDN Ciapus 3, RT 3/5', 33, 33, 464, 0, '2020-12-08 07:58:43'),
(280, 'TPS 9', 'SDN Ciapus 3, RT 3/5', 33, 33, 531, 0, '2020-12-08 07:58:43'),
(281, 'TPS 10', 'SDN Ciapus 3, RT 3/5', 33, 33, 396, 0, '2020-12-08 07:58:43'),
(282, 'TPS 1', 'TPS 1 Kp. Cemplang Rt.002/001', 34, 34, 627, 0, '2020-12-08 07:58:43'),
(283, 'TPS 2', 'TPS 2 Kp. Cemplang Rt.002/002', 34, 34, 669, 0, '2020-12-08 07:58:43'),
(284, 'TPS 3', 'TPS 3 Kp. Cemplang Rt.001/003', 34, 34, 603, 0, '2020-12-08 07:58:43'),
(285, 'TPS 4', 'TPS 4 Kp. Bojongneros Rt.001/004', 34, 34, 997, 0, '2020-12-08 07:58:43'),
(286, 'TPS 5', 'TPS 5 Kp. Cisauk Rt.001/005', 34, 34, 864, 0, '2020-12-08 07:58:43'),
(287, 'TPS 6', 'TPS 6 Kp. Cemplang Rt.002/006', 34, 34, 577, 0, '2020-12-08 07:58:43'),
(288, 'TPS 7', 'TPS 7 Kp. Cemplang Rt.002/007', 34, 34, 688, 0, '2020-12-08 07:58:43'),
(289, 'TPS 8', 'TPS 8 Kp. Jakimun Rt.001/008', 34, 34, 620, 0, '2020-12-08 07:58:43'),
(290, 'TPS 9', 'TPS 9 Kp. Cemplang Rt.003/009', 34, 34, 507, 0, '2020-12-08 07:58:43'),
(291, 'TPS 1', 'TPS 1 Kp. Setu Rt.001/001', 35, 35, 1651, 0, '2020-12-08 07:58:43'),
(292, 'TPS 2', 'TPS 2 Kp. Setu Rt.003/002', 35, 35, 1741, 0, '2020-12-08 07:58:43'),
(293, 'TPS 3', 'TPS 3 Kp. Pasar Sabtu Rt.001/003', 35, 35, 1701, 0, '2020-12-08 07:58:43'),
(294, 'TPS 4', 'TPS 4 Kp. Gn. Handeleum Rt.001/007', 35, 35, 1599, 0, '2020-12-08 07:58:43'),
(295, 'TPS 5', 'TPS 5 Kp. Malang Tengah Rt.003/009', 35, 35, 1727, 0, '2020-12-08 07:58:43'),
(296, 'TPS 6', 'TPS 6 Kp. Cigamea Rt.002/005', 35, 35, 1081, 0, '2020-12-08 07:58:43'),
(297, 'TPS 7', 'TPS 7 Kp. Kandang Bakti Rt.002/004', 35, 35, 1498, 0, '2020-12-08 07:58:43'),
(298, 'TPS 1', 'TPS 1 Kp. Cisauk Rt.001/007', 36, 36, 432, 0, '2020-12-08 07:58:43'),
(299, 'TPS 2', 'TPS 2 Kp. Cibatok Rt.002/008', 36, 36, 580, 0, '2020-12-08 07:58:43'),
(300, 'TPS 3', 'TPS 3 Kp. Cibatok Rt.001/002', 36, 36, 640, 0, '2020-12-08 07:58:43'),
(301, 'TPS 4', 'TPS 4 Kp. Cibatok Rt.004/002', 36, 36, 695, 0, '2020-12-08 07:58:43'),
(302, 'TPS 5', 'TPS 5 Kp. Cibatok Rt.003/001', 36, 36, 784, 0, '2020-12-08 07:58:43'),
(303, 'TPS 6', 'TPS 6 Kp. Babakan Rt.002/003', 36, 36, 442, 0, '2020-12-08 07:58:43'),
(304, 'TPS 7', 'TPS 7 Kp. Babakan Rt.004/004', 36, 36, 593, 0, '2020-12-08 07:58:43'),
(305, 'TPS 8', 'TPS 8 Kp. Babakan Rt.001/004', 36, 36, 449, 0, '2020-12-08 07:58:43'),
(306, 'TPS 9', 'TPS 9 Kp. Kalurahan Rt.001/005', 36, 36, 584, 0, '2020-12-08 07:58:43'),
(307, 'TPS 10', 'TPS 10 Kp. Kalurahan Rt.002/006', 36, 36, 644, 0, '2020-12-08 07:58:43'),
(308, 'TPS 11', 'TPS 11 Kp. Cibojem Rt.001/009', 36, 36, 469, 0, '2020-12-08 07:58:43'),
(309, 'TPS 1', 'TPS 1 Kp. Leuweungkolot Rt.002/001', 37, 37, 778, 0, '2020-12-08 07:58:43'),
(310, 'TPS 2', 'TPS 2 Kp. Leuweungkolot Rt.004/001', 37, 37, 637, 0, '2020-12-08 07:58:43'),
(311, 'TPS 3', 'TPS 3 Kp. Leuweungkolot Rt.003/002', 37, 37, 651, 0, '2020-12-08 07:58:43'),
(312, 'TPS 4', 'TPS 4 Kp. Leuweungkolot Rt.002/003', 37, 37, 1074, 0, '2020-12-08 07:58:43'),
(313, 'TPS 5', 'TPS 5 Kp. Tank Rt.004/004', 37, 37, 861, 0, '2020-12-08 07:58:43'),
(314, 'TPS 6', 'TPS 6 Kp. Pabuaran Tonggoh Rt.001/005', 37, 37, 1013, 0, '2020-12-08 07:58:43'),
(315, 'TPS 7', 'TPS 7 Kp. Pabuaran Lebak Rt.001/006', 37, 37, 917, 0, '2020-12-08 07:58:43'),
(316, 'TPS 8', 'TPS 8 Kp. Mekarjaya Rt.002/007', 37, 37, 598, 0, '2020-12-08 07:58:43'),
(317, 'TPS 9', 'TPS 9 Kp. Pabuaran Samper Rt.001/008', 37, 37, 578, 0, '2020-12-08 07:58:43'),
(318, 'TPS 1', 'TPS 1 Kp. Cimanggu 1 Rt.001/001', 38, 38, 548, 0, '2020-12-08 07:58:43'),
(319, 'TPS 2', 'TPS 2 Kp. Cimanggu II Rt.003/001', 38, 38, 588, 0, '2020-12-08 07:58:43'),
(320, 'TPS 3', 'TPS 3 Kp. Cimanggu III Rt.001/006', 38, 38, 520, 0, '2020-12-08 07:58:43'),
(321, 'TPS 4', 'TPS 4 Kp. Layungsari Rt.003/006', 38, 38, 487, 0, '2020-12-08 07:58:43'),
(322, 'TPS 5', 'TPS 5 Kp. Sukakarya Rt.001/004', 38, 38, 591, 0, '2020-12-08 07:58:43'),
(323, 'TPS 6', 'TPS 6 Kp. Ciaruteun Udik Rt.003/002', 38, 38, 629, 0, '2020-12-08 07:58:43'),
(324, 'TPS 7', 'TPS 7 Kp. Ciaruteun Udik Rt.004/002', 38, 38, 712, 0, '2020-12-08 07:58:43'),
(325, 'TPS 8', 'TPS 8 Kp. Cigola Rt.001/003', 38, 38, 737, 0, '2020-12-08 07:58:43'),
(326, 'TPS 9', 'TPS 9 Kp. Gn. Leutik 1 Rt.002/005', 38, 38, 842, 0, '2020-12-08 07:58:43'),
(327, 'TPS 1', 'RT05 RW01 Mess Terminal Bojonggede', 39, 39, 1115, 0, '2020-12-08 07:58:43'),
(328, 'TPS 2', 'RT02 RW02 Lapangan Perigi Jaya', 39, 39, 1464, 0, '2020-12-08 07:58:43'),
(329, 'TPS 3', 'RT03 RW03 Gedung SDN Bojonggede I', 39, 39, 575, 0, '2020-12-08 07:58:43'),
(330, 'TPS 4', 'RT02 RW04 Jln RH Panji, Kp. Mesjid', 39, 39, 2309, 0, '2020-12-08 07:58:43'),
(331, 'TPS 5', 'RT02 RW05 Lapangan Scorpion', 39, 39, 1493, 0, '2020-12-08 07:58:43'),
(332, 'TPS 6', 'RT01 RW15 Gedung Serbaguna RW15 Gaperi', 39, 39, 852, 0, '2020-12-08 07:58:43'),
(333, 'TPS 7', 'RT01 RW06 Ruko Pasar Lama', 39, 39, 874, 0, '2020-12-08 07:58:43'),
(334, 'TPS 8', 'RT03 RW07 Lap. Serbagua Kp.sawah Poncol', 39, 39, 2195, 0, '2020-12-08 07:58:43'),
(335, 'TPS 9', 'RT02 RW08 Lapangan Serbaguna RW08', 39, 39, 2238, 0, '2020-12-08 07:58:43'),
(336, 'TPS 10', 'RT03 RW09 Halaman Musolah Baiturrahman', 39, 39, 1695, 0, '2020-12-08 07:58:43'),
(337, 'TPS 11', 'RT01 RW21 Bunderan Jln Utama Griya Lestari', 39, 39, 1418, 0, '2020-12-08 07:58:43'),
(338, 'TPS 12', 'RT01 RW10 Lapangan Siaga', 39, 39, 2056, 0, '2020-12-08 07:58:43'),
(339, 'TPS 13', 'RT02 RW11 Gedung SDN 04 Kp. Muara', 39, 39, 2038, 0, '2020-12-08 07:58:43'),
(340, 'TPS 14', 'RT01 RW14 Lapangan Taman Pelangi', 39, 39, 3180, 0, '2020-12-08 07:58:43'),
(341, 'TPS 15', 'RT01 RW24 Lapangan Serbaguna RW24', 39, 39, 1055, 0, '2020-12-08 07:58:43'),
(342, 'TPS 16', 'RT06 RW12 Rumah Tahfiz', 39, 39, 1854, 0, '2020-12-08 07:58:43'),
(343, 'TPS 17', 'RT03 RW13 Kp.Bojonggede Dalem', 39, 39, 2092, 0, '2020-12-08 07:58:43'),
(344, 'TPS 18', 'RT01 RW16 Lapangan Biru Gaperi', 39, 39, 902, 0, '2020-12-08 07:58:43'),
(345, 'TPS 19', 'RT02 RW17 Lapangan Serbaguna RW17', 39, 39, 821, 0, '2020-12-08 07:58:43'),
(346, 'TPS 20', 'RT01 RW19 Lapangan Eltra Gaperi 1', 39, 39, 660, 0, '2020-12-08 07:58:43'),
(347, 'TPS 21', 'RT02 RW20 Lapangan Serbaguna RW20 Gaperi', 39, 39, 512, 0, '2020-12-08 07:58:43'),
(348, 'TPS 22', 'RT02 RW23 Lapangan Serbaguna RW23 Gaperi', 39, 39, 322, 0, '2020-12-08 07:58:43'),
(349, 'TPS 23', 'RT01 RW18 Pos Keamanan RW18 (Dapil 5)', 39, 39, 573, 0, '2020-12-08 07:58:43'),
(350, 'TPS 1', 'RT02 RW 01 Perbatasan Antara RT02 & RT04', 40, 40, 1335, 0, '2020-12-08 07:58:43'),
(351, 'TPS 2', 'RT03 RW 02 Lokasi Depan MI Nurul Falah', 40, 40, 818, 0, '2020-12-08 07:58:43'),
(352, 'TPS 3', 'RT03 RW 07 Sebelah Posyandu Flamboyan', 40, 40, 1056, 0, '2020-12-08 07:58:43'),
(353, 'TPS 4', 'RT06 RW 013 Belakang Masjid Baitul Rohim', 40, 40, 1439, 0, '2020-12-08 07:58:43'),
(354, 'TPS 5', 'RT02 RW 03 Lokasi Halaman SDN Kedung Waringin 02', 40, 40, 999, 0, '2020-12-08 07:58:43'),
(355, 'TPS 6', 'RT02 RW 04 Lokasi Dekat Kolam Pemancingan Sawah', 40, 40, 811, 0, '2020-12-08 07:58:43'),
(356, 'TPS 7', 'RT01 RW 05 Lokasi Halaman Pak Yakub / Dau', 40, 40, 815, 0, '2020-12-08 07:58:43'),
(357, 'TPS 8', 'RT04 & 06 RW 08 Lokasi Taman Jati', 40, 40, 1380, 0, '2020-12-08 07:58:43'),
(358, 'TPS 9', 'RT 02 RW 01 Lokasi Depan Musholla Addahri', 40, 40, 700, 0, '2020-12-08 07:58:43'),
(359, 'TPS 10', 'RT04 RW06 Halaman Masjid Baitul Akhfa', 40, 40, 1262, 0, '2020-12-08 07:58:43'),
(360, 'TPS 11', 'RT04 & 05 RW012 Lokasi Jln Utama Bugenvile', 40, 40, 611, 0, '2020-12-08 07:58:43'),
(361, 'TPS 1', 'RT03RW01 Lap Rumah RW Marwan', 41, 41, 1467, 0, '2020-12-08 07:58:43'),
(362, 'TPS 2', 'RT02RW02 Lap.Belakang Alfamart d`Levina', 41, 41, 1462, 0, '2020-12-08 07:58:43'),
(363, 'TPS 3', 'RT04RW03 Gg Langgar dekat Indomaret', 41, 41, 1721, 0, '2020-12-08 07:58:43'),
(364, 'TPS 4', 'RT03RW18 Lap. Depan Masjid Al Munawarroh', 41, 41, 2532, 0, '2020-12-08 07:58:43'),
(365, 'TPS 5', 'RT08RW05 Lap Futsal Benny', 41, 41, 2184, 0, '2020-12-08 07:58:43'),
(366, 'TPS 6', 'RT03RW21 Lapangan Rawa', 41, 41, 2315, 0, '2020-12-08 07:58:43'),
(367, 'TPS 7', 'RT05RW07 Lapangan RT05 RW07', 41, 41, 1845, 0, '2020-12-08 07:58:43'),
(368, 'TPS 8', 'RT02RW11 Lap Bulutangkis RT02 RW11', 41, 41, 2704, 0, '2020-12-08 07:58:43'),
(369, 'TPS 9', 'RT04RW13 Halaman Sekretariat RW13', 41, 41, 2227, 0, '2020-12-08 07:58:43'),
(370, 'TPS 10', 'RT02RW22 Fasum / Balai Warga RT02 RW22', 41, 41, 1389, 0, '2020-12-08 07:58:43'),
(371, 'TPS 11', 'RT03RW15 SDN Pabuaran 02', 41, 41, 1432, 0, '2020-12-08 07:58:43'),
(372, 'TPS 12', 'RT05RW16 Gudang Bp. Wahab', 41, 41, 1555, 0, '2020-12-08 07:58:43'),
(373, 'TPS 13', 'RT05RW17 Lap. Tanah Merah RW Adam', 41, 41, 1907, 0, '2020-12-08 07:58:43'),
(374, 'TPS 14', 'RT03RW19 SDIT Arofatul Ulum', 41, 41, 2670, 0, '2020-12-08 07:58:43'),
(375, 'TPS 15', 'RT04RW20 Lapangan RT04 RW 20', 41, 41, 1404, 0, '2020-12-08 07:58:43'),
(376, 'TPS 1', 'Kp. Iwul RT 01 RW 01', 42, 42, 459, 0, '2020-12-08 07:58:43'),
(377, 'TPS 2', 'Kp. Lengkong Barang RT 01 RW 02', 42, 42, 364, 0, '2020-12-08 07:58:43'),
(378, 'TPS 3', 'Kp. Lengkong Barang RT 02 RW 02', 42, 42, 353, 0, '2020-12-08 07:58:43'),
(379, 'TPS 4', 'Kp. Lengkong Barang RT 03 RW 02', 42, 42, 346, 0, '2020-12-08 07:58:43'),
(380, 'TPS 5', 'Kp. Lengkong Barang RT 01 RW 03', 42, 42, 294, 0, '2020-12-08 07:58:43'),
(381, 'TPS 6', 'Kp. Lengkong Barang RT 02 RW 03', 42, 42, 381, 0, '2020-12-08 07:58:43'),
(382, 'TPS 7', 'Kp. Lengkong Barang RT 03 RW 03', 42, 42, 376, 0, '2020-12-08 07:58:43'),
(383, 'TPS 8', 'Kp. Binong RT 01 RW 4', 42, 42, 290, 0, '2020-12-08 07:58:43'),
(384, 'TPS 9', 'Kp. Binong RT 03 RW 4', 42, 42, 268, 0, '2020-12-08 07:58:43'),
(385, 'TPS 10', 'Kp. Binong RT 04 RW 4', 42, 42, 371, 0, '2020-12-08 07:58:43'),
(386, 'TPS 11', 'Kp. Binong RT 05 RW 4', 42, 42, 354, 0, '2020-12-08 07:58:43'),
(387, 'TPS 12', 'Kp. Sawah Poncol RT 01 RW 05', 42, 42, 465, 0, '2020-12-08 07:58:43'),
(388, 'TPS 13', 'Kp. Sawah Poncol RT 02 RW 05', 42, 42, 464, 0, '2020-12-08 07:58:43'),
(389, 'TPS 14', 'Kp. Lengkong Barang RT 01 RW 06', 42, 42, 469, 0, '2020-12-08 07:58:43'),
(390, 'TPS 15', 'Kp. Lengkong Barang RT 03 RW 06', 42, 42, 431, 0, '2020-12-08 07:58:43'),
(391, 'TPS 1', 'Kp. Pasarean Rt. 001/Rw.001', 43, 43, 650, 0, '2020-12-08 07:58:43'),
(392, 'TPS 2', 'Kp. Pasarean Rt. 001/Rw.001', 43, 43, 650, 0, '2020-12-08 07:58:43'),
(393, 'TPS 3', 'Kp. Pasarean Rt. 001/Rw.001', 43, 43, 650, 0, '2020-12-08 07:58:43'),
(394, 'TPS 4', 'Kp. Pasarean Rt. 001/Rw.001', 43, 43, 650, 0, '2020-12-08 07:58:43'),
(395, 'TPS 5', 'Kp. Pasareani Rt. 001/Rw.001', 43, 43, 657, 0, '2020-12-08 07:58:43'),
(396, 'TPS 6', 'Kp. Babakan Sirna Rt.003/007', 43, 43, 460, 0, '2020-12-08 07:58:43'),
(397, 'TPS 7', 'Kp. Babakan Sirna Rt.003/007', 43, 43, 460, 0, '2020-12-08 07:58:43'),
(398, 'TPS 8', 'Kp. Babakan Sirna Rt.003/007', 43, 43, 460, 0, '2020-12-08 07:58:43'),
(399, 'TPS 9', 'Kp. Babakan Sirna Rt.003/007', 43, 43, 460, 0, '2020-12-08 07:58:43'),
(400, 'TPS 10', 'Kp. Babakan Sirna Rt.003/007', 43, 43, 472, 0, '2020-12-08 07:58:43'),
(401, 'TPS 11', 'Kp. Gunung Sari Rt.002/009', 43, 43, 625, 0, '2020-12-08 07:58:43'),
(402, 'TPS 12', 'Kp. Gunung Sari Rt.002/009', 43, 43, 625, 0, '2020-12-08 07:58:43'),
(403, 'TPS 13', 'Kp. Gunung Sari Rt.002/009', 43, 43, 625, 0, '2020-12-08 07:58:43'),
(404, 'TPS 14', 'Kp. Gunung Sari Rt.002/009', 43, 43, 625, 0, '2020-12-08 07:58:43'),
(405, 'TPS 15', 'Kp. Gunung Sari Rt.002/009', 43, 43, 637, 0, '2020-12-08 07:58:43'),
(406, 'TPS 1', 'Kp. Sawah RT. 001/06', 44, 44, 554, 0, '2020-12-08 07:58:43'),
(407, 'TPS 2', 'Kp. Sawah RT. 001/06', 44, 44, 554, 0, '2020-12-08 07:58:43'),
(408, 'TPS 3', 'Kp. Sawah RT. 001/06', 44, 44, 555, 0, '2020-12-08 07:58:43'),
(409, 'TPS 4', 'Kp. Gunung Menyan RT. 005/02', 44, 44, 489, 0, '2020-12-08 07:58:43'),
(410, 'TPS 5', 'Kp. Gunung Menyan RT. 005/02', 44, 44, 489, 0, '2020-12-08 07:58:43'),
(411, 'TPS 6', 'Kp. Gunung Menyan RT. 005/02', 44, 44, 491, 0, '2020-12-08 07:58:43'),
(412, 'TPS 7', 'Kp. Babakan RT. 001/05', 44, 44, 547, 0, '2020-12-08 07:58:43'),
(413, 'TPS 8', 'Kp. Babakan RT. 001/05', 44, 44, 547, 0, '2020-12-08 07:58:43'),
(414, 'TPS 9', 'Kp. Babakan RT. 001/05', 44, 44, 549, 0, '2020-12-08 07:58:43'),
(415, 'TPS 1', 'Kp. PASIR KUPA. RT 03 RW 03', 45, 45, 2662, 0, '2020-12-08 07:58:43'),
(416, 'TPS 2', 'Kp. BANAR. RT 02 RW 08', 45, 45, 942, 0, '2020-12-08 07:58:43'),
(417, 'TPS 3', 'Kp. BABAKAN TAJUR. RT 02 RW 11', 45, 45, 1244, 0, '2020-12-08 07:58:43'),
(418, 'TPS 1', 'Kp. Tipar RT.002 / 003', 46, 46, 1370, 0, '2020-12-08 07:58:43'),
(419, 'TPS 2', 'Kp. Girimulya 2 RT.001/008', 46, 46, 1234, 0, '2020-12-08 07:58:43'),
(420, 'TPS 3', 'Kp. Bojong RT.001/006', 46, 46, 1753, 0, '2020-12-08 07:58:43'),
(421, 'TPS 1', 'Kp. Cileuksa Utara RT 06/RW 01', 47, 47, 340, 0, '2020-12-08 07:58:43'),
(422, 'TPS 2', 'Kp. Pasir Eurih RT 05/RW01', 47, 47, 493, 0, '2020-12-08 07:58:43'),
(423, 'TPS 3', 'Kp. Cileuksa Kaler RT02/RW014', 47, 47, 347, 0, '2020-12-08 07:58:43'),
(424, 'TPS 4', 'Kp. Cileuksa Desa RT02/RW 08', 47, 47, 399, 0, '2020-12-08 07:58:43'),
(425, 'TPS 5', 'Kp. Cileuksa Hilir RT 002/013', 47, 47, 369, 0, '2020-12-08 07:58:43'),
(426, 'TPS 6', 'Kp. Babakan Cileuksa Hilir RT 001/002', 47, 47, 298, 0, '2020-12-08 07:58:43'),
(427, 'TPS 7', 'Kp. Ciparengpeng RT 003/RW 006', 47, 47, 532, 0, '2020-12-08 07:58:43'),
(428, 'TPS 8', 'Kp. Cijairin RT 002/012', 47, 47, 205, 0, '2020-12-08 07:58:43'),
(429, 'TPS 9', 'Kp. Cear RT 004/RW 009', 47, 47, 591, 0, '2020-12-08 07:58:43'),
(430, 'TPS 10', 'Kp. Cihaur RT 004/RW 003', 47, 47, 474, 0, '2020-12-08 07:58:43'),
(431, 'TPS 11', 'Kp. Cipugur RT 001/RW 010', 47, 47, 338, 0, '2020-12-08 07:58:43'),
(432, 'TPS 12', 'Kp. Cisusuh RT 001/RW 005', 47, 47, 471, 0, '2020-12-08 07:58:43'),
(433, 'TPS 13', 'Kp. Ciapandawa Satu RT 001/RW 004', 47, 47, 461, 0, '2020-12-08 07:58:43'),
(434, 'TPS 14', 'Kp. Cipadu RT 001/RW 011', 47, 47, 336, 0, '2020-12-08 07:58:43'),
(435, 'TPS 15', 'Kp. Cikari RT 002/RW 007', 47, 47, 293, 0, '2020-12-08 07:58:43'),
(436, 'TPS 1', 'Wilayah I TPS 01 Kp. Pasanggrahan RT.001/001', 48, 48, 408, 0, '2020-12-08 07:58:43'),
(437, 'TPS 2', 'Wilayah I TPS 02 Kp. Pasanggrahan RT.001/001', 48, 48, 409, 0, '2020-12-08 07:58:43'),
(438, 'TPS 3', 'Wilayah I TPS 03 Kp. Pasanggrahan RT.001/001', 48, 48, 431, 0, '2020-12-08 07:58:43'),
(439, 'TPS 4', 'Wilayah II TPS 01 Kp. Pasanggrahan RT.001/002', 48, 48, 431, 0, '2020-12-08 07:58:43'),
(440, 'TPS 5', 'Wilayah II TPS 02 Kp. Pasanggrahan RT.001/002', 48, 48, 431, 0, '2020-12-08 07:58:43'),
(441, 'TPS 6', 'Wilayah II TPS 03 Kp. Pasanggrahan RT.001/002', 48, 48, 506, 0, '2020-12-08 07:58:43'),
(442, 'TPS 7', 'Wilayah III TPS 01 Villa Mata Air RT. 003/003', 48, 48, 506, 0, '2020-12-08 07:58:43'),
(443, 'TPS 8', 'Wilayah III TPS 02 Villa Mata Air RT. 003/003', 48, 48, 506, 0, '2020-12-08 07:58:43'),
(444, 'TPS 9', 'Wilayah III TPS 03 Villa Mata Air RT. 003/003', 48, 48, 522, 0, '2020-12-08 07:58:43'),
(445, 'TPS 10', 'Wilayah III TPS 04 Villa Mata Air RT. 003/003', 48, 48, 522, 0, '2020-12-08 07:58:43'),
(446, 'TPS 11', 'Wilayah IV TPS 01 Lap. Sepak Bola Citeko RT. 002/006', 48, 48, 522, 0, '2020-12-08 07:58:43'),
(447, 'TPS 12', 'Wilayah IV TPS 02 Lap. Sepak Bola Citeko RT. 002/006', 48, 48, 522, 0, '2020-12-08 07:58:43'),
(448, 'TPS 13', 'Wilayah IV TPS 03 Lap. Sepak Bola Citeko RT. 002/006', 48, 48, 522, 0, '2020-12-08 07:58:43'),
(449, 'TPS 14', 'Wilayah IV TPS 04 Lap. Sepak Bola Citeko RT. 002/006', 48, 48, 524, 0, '2020-12-08 07:58:43'),
(450, 'TPS 15', 'Wilayah V TPS 01 Villa Bu Kriss RT. 002/009', 48, 48, 530, 0, '2020-12-08 07:58:43'),
(451, 'TPS 16', 'Wilayah V TPS 02 Villa Bu Kriss RT. 002/009', 48, 48, 530, 0, '2020-12-08 07:58:43'),
(452, 'TPS 17', 'Wilayah V TPS 03 Villa Bu Kriss RT. 002/009', 48, 48, 532, 0, '2020-12-08 07:58:43'),
(453, 'TPS 1', 'Kp. Klapanunggal RT 02', 49, 49, 1098, 0, '2020-12-08 07:58:43'),
(454, 'TPS 2', 'Kp. Klapanunggal RT 04', 49, 49, 1328, 0, '2020-12-08 07:58:43'),
(455, 'TPS 3', 'Kp. Sindanglengo RT 02', 49, 49, 1436, 0, '2020-12-08 07:58:43'),
(456, 'TPS 4', 'Kp. Sindanglengo RT 04', 49, 49, 1299, 0, '2020-12-08 07:58:43'),
(457, 'TPS 5', 'Kp. Sindanglengo RT 06', 49, 49, 1269, 0, '2020-12-08 07:58:43'),
(458, 'TPS 6', 'Kp. Cibugis RT 02', 49, 49, 1150, 0, '2020-12-08 07:58:43'),
(459, 'TPS 7', 'Kp. Cibugis RT 03', 49, 49, 1087, 0, '2020-12-08 07:58:43'),
(460, 'TPS 8', 'Kp. Bagogog RT 06', 49, 49, 1110, 0, '2020-12-08 07:58:43'),
(461, 'TPS 9', 'Kp. Cimanggung RT 05', 49, 49, 593, 0, '2020-12-08 07:58:43'),
(462, 'TPS 10', 'Kp. Rawasinga RT 07', 49, 49, 1085, 0, '2020-12-08 07:58:43'),
(463, 'TPS 11', 'Lapangan Bola Coco Garden', 49, 49, 1596, 0, '2020-12-08 07:58:43'),
(464, 'TPS 12', 'Bundaran Grand Kahuripan', 49, 49, 1718, 0, '2020-12-08 07:58:43'),
(465, 'TPS 13', 'Lapangan Cluster Patuha', 49, 49, 1249, 0, '2020-12-08 07:58:43'),
(466, 'TPS 1', 'SDN Nambo 01 RT 002/001', 50, 50, 1256, 0, '2020-12-08 07:58:43'),
(467, 'TPS 2', 'Lapangan Bola Cigebang RT 16/02', 50, 50, 1425, 0, '2020-12-08 07:58:43'),
(468, 'TPS 3', 'Jl. Raya Bantarkop RT.007/003', 50, 50, 1281, 0, '2020-12-08 07:58:43'),
(469, 'TPS 4', 'Lapangan Parkiran RT 11/004', 50, 50, 1309, 0, '2020-12-08 07:58:43'),
(470, 'TPS 5', 'Pendopo Posyandu RT 14/005', 50, 50, 831, 0, '2020-12-08 07:58:43'),
(471, 'TPS 1', 'Lapangan Bola RT 002 /001 Cibeber', 51, 51, 1120, 0, '2020-12-08 07:58:43'),
(472, 'TPS 2', 'Kp. Cibeber RT 05 /02', 51, 51, 848, 0, '2020-12-08 07:58:43'),
(473, 'TPS 3', 'Lapangan volly RT 003/012 perum PALAD', 51, 51, 1557, 0, '2020-12-08 07:58:43'),
(474, 'TPS 4', 'SD Cikahuripan 2 Cibeber RT 09/04', 51, 51, 940, 0, '2020-12-08 07:58:43'),
(475, 'TPS 5', 'Belakang Cibeber Futsal RT 12/05', 51, 51, 1386, 0, '2020-12-08 07:58:43'),
(476, 'TPS 6', 'Perum Grand Meilia RT 15/06', 51, 51, 1550, 0, '2020-12-08 07:58:43'),
(477, 'TPS 7', 'Parkir Area SDN Cikahuripan 1', 51, 51, 1399, 0, '2020-12-08 07:58:43'),
(478, 'TPS 8', 'Kp. Cipari RT 23/10', 51, 51, 1569, 0, '2020-12-08 07:58:43'),
(479, 'TPS 9', 'Perum Kahuripan Mas RW 15', 51, 51, 889, 0, '2020-12-08 07:58:43'),
(480, 'TPS 1', 'Babakan Indah RT. 002 RW. 002', 52, 52, 2333, 0, '2020-12-08 07:58:43'),
(481, 'TPS 2', 'Mess Balitnak RT. 002 RW.003', 52, 52, 2369, 0, '2020-12-08 07:58:43'),
(482, 'TPS 3', 'Babakan RT. 001 RW. 008', 52, 52, 2180, 0, '2020-12-08 07:58:43'),
(483, 'TPS 1', 'KAVLING USSU RT. 01 RW. 02', 53, 53, 1752, 0, '2020-12-08 07:58:43'),
(484, 'TPS 2', 'Lap. MI MisbahulUlum RT. 03 RW 06', 53, 53, 1811, 0, '2020-12-08 07:58:43'),
(485, 'TPS 3', 'SDIT ROUDLATUL JANNAH RT. 03 RW. 03', 53, 53, 1860, 0, '2020-12-08 07:58:43'),
(486, 'TPS 1', 'KUD Sugih Tani RT. 01 / 01', 54, 54, 1624, 0, '2020-12-08 07:58:43'),
(487, 'TPS 2', 'Kp. Cibedug Tengah RT 02 /04', 54, 54, 1675, 0, '2020-12-08 07:58:43'),
(488, 'TPS 3', 'Kp. Ciaul RT 04/06', 54, 54, 1618, 0, '2020-12-08 07:58:43'),
(489, 'TPS 1', 'Desa Bojongmurni RT 04/01', 55, 55, 1504, 0, '2020-12-08 07:58:43'),
(490, 'TPS 2', 'Desa Bojongmurni RT 09/03', 55, 55, 1393, 0, '2020-12-08 07:58:43'),
(491, 'TPS 3', 'Desa Bojongmurni RT 15/04', 55, 55, 1240, 0, '2020-12-08 07:58:43'),
(492, 'TPS 1', 'SMPN 2 Ciawi RT. 03 RW. 01', 56, 56, 1848, 0, '2020-12-08 07:58:43'),
(493, 'TPS 2', 'Halaman Desa Kp. Bitung Munjul RT. 03 RW. 04', 56, 56, 1823, 0, '2020-12-08 07:58:43'),
(494, 'TPS 3', 'Madrasah Ustadiyah RT. 03 RW. 07', 56, 56, 1845, 0, '2020-12-08 07:58:43'),
(495, 'TPS 1', 'KP. Loji RT. 04 RW 02 MI Alkhoeriyah 01', 57, 57, 1988, 0, '2020-12-08 07:58:43'),
(496, 'TPS 2', 'Halaman Sekolah Purwabakti Kp cileungsi 06/03', 57, 57, 1905, 0, '2020-12-08 07:58:43'),
(497, 'TPS 3', 'Kp. Cipaok RT. 05 RW. 04', 57, 57, 1995, 0, '2020-12-08 07:58:43'),
(498, 'TPS 1', 'LAPANGAN SMK YAPURA ( KP. CIKUPA RT 003/001)', 58, 58, 802, 0, '2020-12-08 07:58:43'),
(499, 'TPS 2', 'LAPANGAN SMK YAPURA ( KP. CIKUPA RT 003/001)', 58, 58, 761, 0, '2020-12-08 07:58:43'),
(500, 'TPS 3', 'LAPANGAN SMK YAPURA ( KP. CIKUPA RT 003/001)', 58, 58, 917, 0, '2020-12-08 07:58:43'),
(501, 'TPS 4', 'LAPANGAN FUTSA MTS SIROJUL KAMAL ( KP. SITUDAUN RT 005/002)', 58, 58, 689, 0, '2020-12-08 07:58:43'),
(502, 'TPS 5', 'LAPANGAN FUTSA MTS SIROJUL KAMAL ( KP. SITUDAUN RT 005/002)', 58, 58, 1000, 0, '2020-12-08 07:58:43'),
(503, 'TPS 6', 'LAPANGAN FUTSA MTS SIROJUL KAMAL ( KP. SITUDAUN RT 005/002)', 58, 58, 768, 0, '2020-12-08 07:58:43'),
(504, 'TPS 7', 'HALAMAN SDN SITUDAUN 02 ( KP. SITUDAUN RT 010/003)', 58, 58, 1151, 0, '2020-12-08 07:58:43'),
(505, 'TPS 8', 'HALAMAN SDN SITUDAUN 02 ( KP. SITUDAUN RT 010/003)', 58, 58, 1047, 0, '2020-12-08 07:58:43'),
(506, 'TPS 1', 'KP. ARESKA RW. 001 (Lapangan Bulu Tangkis)', 59, 59, 681, 0, '2020-12-08 07:58:43'),
(507, 'TPS 2', 'KP. CURUG LUHUR RW 02', 59, 59, 964, 0, '2020-12-08 07:58:43'),
(508, 'TPS 3', 'KP. TEGALLANGKAP RW. 003 (Lapangan Sepak Bola)', 59, 59, 800, 0, '2020-12-08 07:58:43'),
(509, 'TPS 4', 'KP. PASIR GAOK RW 04', 59, 59, 643, 0, '2020-12-08 07:58:43'),
(510, 'TPS 5', 'KP. CURUG LUHUR RW 05', 59, 59, 275, 0, '2020-12-08 07:58:43'),
(511, 'TPS 6', 'KP. TARIKOLOT RW. 007 ( Lapangan Bulu Tangkis)', 59, 59, 588, 0, '2020-12-08 07:58:43'),
(512, 'TPS 7', 'KP. TARIKOLOT RW. 007 ( Lapangan Bulu Tangkis)', 59, 59, 349, 0, '2020-12-08 07:58:43'),
(513, 'TPS 8', 'KP. CIBITUNG RW 06', 59, 59, 416, 0, '2020-12-08 07:58:43'),
(514, 'TPS 9', 'KP. CIBITUNG RW 06', 59, 59, 634, 0, '2020-12-08 07:58:43'),
(515, 'TPS 1', 'TPS 1 (MI AL BARKAH) KP. CIAWI RT.005/001', 60, 60, 1201, 0, '2020-12-08 07:58:43'),
(516, 'TPS 2', 'TPS 2 (SDN SUKAWANGI02) KP. JAWA RT. 003/002', 60, 60, 1205, 0, '2020-12-08 07:58:43'),
(517, 'TPS 3', 'TPS 3 (SDN GUNUNGBATU) KP. CIGADEL RT. 004/003', 60, 60, 1208, 0, '2020-12-08 07:58:43'),
(518, 'TPS 4', 'TPS 4 (SDN SUKAWANGI1) KP. NEGLASARI RT. 001/004', 60, 60, 1204, 0, '2020-12-08 07:58:43'),
(519, 'TPS 5', 'TPS 5 (SDN SIRNABAKTI) KP. MARGALUYU RT. 001/005', 60, 60, 1209, 0, '2020-12-08 07:58:43'),
(520, 'TPS 6', 'TPS 6 (SDN ARCA) KP. ARCA RT. 002/007', 60, 60, 1201, 0, '2020-12-08 07:58:43'),
(521, 'TPS 1', 'TPS 1 (LAPANG BOLA KALI JAGA) KP. CIHIEUM RT. 001/002', 61, 61, 899, 0, '2020-12-08 07:58:43'),
(522, 'TPS 2', 'TPS 2 (LAPANG BOLA) KP. BEDENG RT. 03/04', 61, 61, 996, 0, '2020-12-08 07:58:43'),
(523, 'TPS 3', 'TPS 3 (PORTAL HORIZON) KP. WARU RT. 001/002', 61, 61, 819, 0, '2020-12-08 07:58:43'),
(524, 'TPS 4', 'TPS 4 (LAPANGAN TUGU) KP. CIMENYAN RT. 001/006', 61, 61, 845, 0, '2020-12-08 07:58:43'),
(525, 'TPS 5', 'TPS 5 (HALAMAN RUMAH BPK DADING) KP. CIMENYAN RT. 003/004', 61, 61, 890, 0, '2020-12-08 07:58:43'),
(526, 'TPS 1', 'TPS 1 (SDN SIRNAJAYA 02) KP. KEBONDANAS RT. 002/001', 62, 62, 1062, 0, '2020-12-08 07:58:43'),
(527, 'TPS 2', 'TPS 2 (YAYASAN AMANAH MANDIRI) KP. CIMENYAN RT. 001/002', 62, 62, 1194, 0, '2020-12-08 07:58:43'),
(528, 'TPS 3', 'TPS 3 (MIS LEGOKNYENANG) KP. LEGOKNYENANG RT. 002/004', 62, 62, 849, 0, '2020-12-08 07:58:43'),
(529, 'TPS 4', 'TPS 4 (PAUD AL-MUIZ) KP. PASIRGOMBONG RT. 002/003', 62, 62, 1144, 0, '2020-12-08 07:58:43'),
(530, 'TPS 5', 'TPS 5 (SDN SIRNAJAYA 04) KP. WANGUN RT. 002/006', 62, 62, 821, 0, '2020-12-08 07:58:43'),
(531, 'TPS 6', 'TPS 6 (MTS AL-INAYAH) KP. LEUWEUNGDATAR2 RT. 003/005', 62, 62, 946, 0, '2020-12-08 07:58:43'),
(532, 'TPS 1', 'TPS 1 (MTS RIYADUL FALAH) KP. JAURA RT. 002/001', 63, 63, 1046, 0, '2020-12-08 07:58:43'),
(533, 'TPS 2', 'TPS 2 (SDN PABUARAN3) KP. NANGGERANG RT. 003/002', 63, 63, 1367, 0, '2020-12-08 07:58:43'),
(534, 'TPS 3', 'TPS 3 (MD AL-AMIN) KP. BABAKANTALAGA RT. 001/008', 63, 63, 651, 0, '2020-12-08 07:58:43'),
(535, 'TPS 4', 'TPS 4 (MTS DARUL AL-MUHAJRIN) KP. BABAKANWARU RT. 002/003', 63, 63, 490, 0, '2020-12-08 07:58:43'),
(536, 'TPS 5', 'TPS 5 (SDN PABUARAN2) KP. LEUWICATANG RT. 006/003', 63, 63, 1436, 0, '2020-12-08 07:58:43'),
(537, 'TPS 6', 'TPS 6 (HALAMAN RUMAH BPK ABIDIN) KP. CIHERANGGIRANG RT. 001/007', 63, 63, 1025, 0, '2020-12-08 07:58:43'),
(538, 'TPS 7', 'TPS 7 (MI AS-ASSAQWA) KP. BOJONGHONEJ RT. 002/007', 63, 63, 798, 0, '2020-12-08 07:58:43'),
(539, 'TPS 8', 'TPS 8 (MD I`ADATUL IKHWAN) KP. PABUARAN RT. 002/005', 63, 63, 1117, 0, '2020-12-08 07:58:43'),
(540, 'TPS 9', 'TPS 9 (SDN PABUARAN1) KP. CIHERANGLAME RT. 001/006', 63, 63, 1085, 0, '2020-12-08 07:58:43'),
(541, 'TPS 1', 'SDN Ciluar 1 & 2 RT 01, 02, 07 RW 01', 64, 64, 688, 0, '2020-12-08 07:58:43'),
(542, 'TPS 2', 'SMP Sejahtera RT 03, 04 RW 01', 64, 64, 714, 0, '2020-12-08 07:58:43'),
(543, 'TPS 3', 'Jalan Dharmais RT 05, 06 RW 01', 64, 64, 852, 0, '2020-12-08 07:58:43'),
(544, 'TPS 4', 'Halaman Gudang Bihun RT 01, 02 RW 03', 64, 64, 596, 0, '2020-12-08 07:58:43'),
(545, 'TPS 5', 'Lapangan Bulutangkis RT 03 RW 03', 64, 64, 592, 0, '2020-12-08 07:58:43'),
(546, 'TPS 6', 'Halaman Posyandu RT 01, 02, 08 RW 02', 64, 64, 754, 0, '2020-12-08 07:58:43'),
(547, 'TPS 7', 'Futsal DANTE RT 03, 04, 07 RW 02', 64, 64, 798, 0, '2020-12-08 07:58:43'),
(548, 'TPS 8', 'Halaman Rumah Bp. SUGIARTO RT 06, 09 RW 02', 64, 64, 942, 0, '2020-12-08 07:58:43'),
(549, 'TPS 9', 'SDN CIMANDALA 2 rt 05 RW 02', 64, 64, 690, 0, '2020-12-08 07:58:43');
INSERT INTO `tps` (`id`, `nama`, `alamat`, `zona_desa`, `desa_id`, `hak_pilih`, `tungsura_tidak_sah`, `created_at`) VALUES
(550, 'TPS 10', 'Lapangan RT 02/09, RT 01,02,03,04 RW 09', 64, 64, 811, 0, '2020-12-08 07:58:43'),
(551, 'TPS 11', 'SDN KEBON KELAPA 3 RT 05,06,07,04 RW 09, 04', 64, 64, 805, 0, '2020-12-08 07:58:43'),
(552, 'TPS 12', 'SDN KEBON KELAPA 2 RT 01, 03 RW 04', 64, 64, 904, 0, '2020-12-08 07:58:43'),
(553, 'TPS 13', 'Samping rumah Bp. AWAN RT 02, 07 RW 04', 64, 64, 777, 0, '2020-12-08 07:58:43'),
(554, 'TPS 14', 'Lapangan Dekat POSYANDU RT 05, 06 RW 04', 64, 64, 840, 0, '2020-12-08 07:58:43'),
(555, 'TPS 15', 'Halaman Rmh Ibu NYAI RT 03, 07 RW 05', 64, 64, 771, 0, '2020-12-08 07:58:43'),
(556, 'TPS 16', 'BUMI PERKEMAHAN RT 04,05,08,09,10 RW 05', 64, 64, 999, 0, '2020-12-08 07:58:43'),
(557, 'TPS 17', 'USWATUN HASANAH RT 01,02 06 RW 05', 64, 64, 985, 0, '2020-12-08 07:58:43'),
(558, 'TPS 18', 'Aula WIJAYAKUSUMA RT 01,02,03,04,05,06,07 RW 06, 07', 64, 64, 789, 0, '2020-12-08 07:58:43'),
(559, 'TPS 19', 'SDN SASANAWIYATA RT 01,02,03,04 RW 08', 64, 64, 789, 0, '2020-12-08 07:58:43'),
(560, 'TPS 20', 'SDN SASANAWIYATA RT 01, 02 RW 10', 64, 64, 745, 0, '2020-12-08 07:58:43'),
(561, 'TPS 1', 'Parkiran Hotel Fafa Hills Kp. Gunung geulis RT 002/001', 65, 65, 816, 0, '2020-12-08 07:58:43'),
(562, 'TPS 2', 'MI Albadriah Kp. Gunung geulis RT 003/002', 65, 65, 914, 0, '2020-12-08 07:58:43'),
(563, 'TPS 3', 'Aula Villa Pendopo Kp. Bojong Honje bawah RT 003/003', 65, 65, 1016, 0, '2020-12-08 07:58:43'),
(564, 'TPS 4', 'SDN Gunung Geulis 2 Kp. Bojong Honje Atas RT 004/003', 65, 65, 930, 0, '2020-12-08 07:58:43'),
(565, 'TPS 5', 'SDN Bopjong Kp. Bojong RT 002/004', 65, 65, 1198, 0, '2020-12-08 07:58:43'),
(566, 'TPS 6', 'Lapangan Randu Kp Pasir Lembu RT 002/005', 65, 65, 532, 0, '2020-12-08 07:58:43'),
(567, 'TPS 1', 'Zona 1 Perum Pandan Valley RT. 002/009', 66, 66, 2581, 0, '2020-12-08 07:58:43'),
(568, 'TPS 2', 'Zona 2 Kp. Salabenda RT. 001/003', 66, 66, 2352, 0, '2020-12-08 07:58:43'),
(569, 'TPS 3', 'Zona 3 Kp. Salabenda RT. 003/005', 66, 66, 2620, 0, '2020-12-08 07:58:43'),
(570, 'TPS 1', 'Kp.Pangkalan Rt.003/001', 67, 67, 712, 0, '2020-12-08 07:58:43'),
(571, 'TPS 2', 'Kp.Babakan Rt.001/002', 67, 67, 496, 0, '2020-12-08 07:58:43'),
(572, 'TPS 3', 'Kp.Gadog Kaler Rt.002/003', 67, 67, 508, 0, '2020-12-08 07:58:43'),
(573, 'TPS 4', 'Kp.Gadog Tengah Rt.003/004', 67, 67, 819, 0, '2020-12-08 07:58:43'),
(574, 'TPS 5', 'Kp.Sinarwangi Rt.002/005', 67, 67, 578, 0, '2020-12-08 07:58:43'),
(575, 'TPS 6', 'Kp.Sinarwangi Rt.003/006', 67, 67, 563, 0, '2020-12-08 07:58:43'),
(576, 'TPS 7', 'Kp.Sinarwangi Rt.001/007', 67, 67, 495, 0, '2020-12-08 07:58:43'),
(577, 'TPS 8', 'Kp.Gadog Sisi Rt.003/008', 67, 67, 658, 0, '2020-12-08 07:58:43'),
(578, 'TPS 9', 'Kp.Gadog Sisi Rt.001/009', 67, 67, 624, 0, '2020-12-08 07:58:43'),
(579, 'TPS 10', 'Kp.Cisasah Rt.002/010', 67, 67, 738, 0, '2020-12-08 07:58:43'),
(580, 'TPS 11', 'Kp.Cisasah Rt.002/011', 67, 67, 468, 0, '2020-12-08 07:58:43'),
(581, 'TPS 1', 'KP.CIMANGLID, RT.001 RW.001', 68, 68, 366, 0, '2020-12-08 07:58:43'),
(582, 'TPS 2', 'KP.CIMANGLID, RT.003 RW.001', 68, 68, 609, 0, '2020-12-08 07:58:43'),
(583, 'TPS 3', 'KP.CIMANGLID, RT.006 RW.001', 68, 68, 496, 0, '2020-12-08 07:58:43'),
(584, 'TPS 4', 'KP.CIMANGLID, RT.002 RW.002', 68, 68, 667, 0, '2020-12-08 07:58:43'),
(585, 'TPS 5', 'KP.CIMANGLID, RT.005 RW.002', 68, 68, 338, 0, '2020-12-08 07:58:43'),
(586, 'TPS 6', 'KP.NYALINDUNG, RT.001 RW.003', 68, 68, 350, 0, '2020-12-08 07:58:43'),
(587, 'TPS 7', 'KP.NYALINDUNG, RT.005 RW.003', 68, 68, 560, 0, '2020-12-08 07:58:43'),
(588, 'TPS 8', 'PERUM HARMONY, RT.016 RW.015', 68, 68, 589, 0, '2020-12-08 07:58:43'),
(589, 'TPS 9', 'KP.NYALINDUNG, RT.004 RW.004', 68, 68, 553, 0, '2020-12-08 07:58:43'),
(590, 'TPS 10', 'KP.NYALINDUNG, RT.003 RW.005', 68, 68, 382, 0, '2020-12-08 07:58:43'),
(591, 'TPS 11', 'KP.NYALINDUNG, RT.003 RW.005', 68, 68, 365, 0, '2020-12-08 07:58:43'),
(592, 'TPS 12', 'KP.NYALINDUNG, RT.001 RW.008', 68, 68, 440, 0, '2020-12-08 07:58:43'),
(593, 'TPS 13', 'KP.NYALINDUNG, RT.002 RW.008', 68, 68, 448, 0, '2020-12-08 07:58:43'),
(594, 'TPS 14', 'KP.NYALINDUNG, RT.004 RW.008', 68, 68, 388, 0, '2020-12-08 07:58:43'),
(595, 'TPS 15', 'KP.KIARALAWANG, RT.002 RW.006', 68, 68, 417, 0, '2020-12-08 07:58:43'),
(596, 'TPS 16', 'KP.KIARALAWANG, RT.005 RW.006', 68, 68, 405, 0, '2020-12-08 07:58:43'),
(597, 'TPS 17', 'KP.KIARALAWANG, RT.003 RW.007', 68, 68, 629, 0, '2020-12-08 07:58:43'),
(598, 'TPS 18', 'KP.KIARALAWANG, RT.003 RW.013', 68, 68, 591, 0, '2020-12-08 07:58:43'),
(599, 'TPS 19', 'KP.KEBON DUKUH, RT.002 RW.009', 68, 68, 529, 0, '2020-12-08 07:58:43'),
(600, 'TPS 20', 'KP.SUKAMAJU, RT.006 RW.010', 68, 68, 628, 0, '2020-12-08 07:58:43'),
(601, 'TPS 21', 'KP.SUKAMAJU, RT.004 RW.010', 68, 68, 526, 0, '2020-12-08 07:58:43'),
(602, 'TPS 22', 'KP.SUKAMANTRI, RT.003 RW.011', 68, 68, 687, 0, '2020-12-08 07:58:43'),
(603, 'TPS 23', 'KP.SUKAMANTRI, RT.001 RW.012', 68, 68, 628, 0, '2020-12-08 07:58:43'),
(604, 'TPS 24', 'KP.SUKAMANTRI, RT.003 RW.012', 68, 68, 434, 0, '2020-12-08 07:58:43'),
(605, 'TPS 25', 'KP.PASIR TENGAH, RT.002 RW.014', 68, 68, 238, 0, '2020-12-08 07:58:43'),
(606, 'TPS 1', 'Kp. Buniaga Rt 001 / RW 001', 69, 69, 563, 0, '2020-12-08 07:58:43'),
(607, 'TPS 2', 'Kp. Buniaga Rt 003 / RW 001', 69, 69, 339, 0, '2020-12-08 07:58:43'),
(608, 'TPS 3', 'Kp. Laladon Rt 001 / RW 011', 69, 69, 696, 0, '2020-12-08 07:58:43'),
(609, 'TPS 4', 'Kp. Laladon RT 001 / RW 003', 69, 69, 842, 0, '2020-12-08 07:58:43'),
(610, 'TPS 5', 'Kp. Laladon RT 001 / RW 003', 69, 69, 811, 0, '2020-12-08 07:58:43'),
(611, 'TPS 6', 'Kp. Sawah Garung RT 003 / RW 010', 69, 69, 403, 0, '2020-12-08 07:58:43'),
(612, 'TPS 7', 'Kp. Cipadung Rt 001 / RW 007', 69, 69, 543, 0, '2020-12-08 07:58:43'),
(613, 'TPS 8', 'Kp. Cipadung Rt 003 / RW 007', 69, 69, 379, 0, '2020-12-08 07:58:43'),
(614, 'TPS 9', 'Kp. Cipadung Rt 002 / RW 002', 69, 69, 500, 0, '2020-12-08 07:58:43'),
(615, 'TPS 10', 'Kp. Cipadung Rt 001 / RW 002', 69, 69, 373, 0, '2020-12-08 07:58:43'),
(616, 'TPS 11', 'Kp. Cileueur Rt 004 / RW 004', 69, 69, 826, 0, '2020-12-08 07:58:43'),
(617, 'TPS 12', 'Kp. Cileueur Rt 003 / RW 009', 69, 69, 690, 0, '2020-12-08 07:58:43'),
(618, 'TPS 13', 'Kp. Babakan Rt 001 / RW 005', 69, 69, 699, 0, '2020-12-08 07:58:43'),
(619, 'TPS 14', 'Kp. Cileueur Rt 001 /RW 008', 69, 69, 471, 0, '2020-12-08 07:58:43'),
(620, 'TPS 15', 'Kp. Cileueur Rt 005 / RW 008', 69, 69, 534, 0, '2020-12-08 07:58:43'),
(621, 'TPS 16', 'Kp. Sengked Rt 001 / RW 013', 69, 69, 523, 0, '2020-12-08 07:58:43'),
(622, 'TPS 17', 'Kp. Lebak Jaya Rt 001 / RW 006', 69, 69, 548, 0, '2020-12-08 07:58:43'),
(623, 'TPS 1', 'TPS 1 Kp. Baru RT 01 RW 01', 70, 70, 796, 0, '2020-12-08 07:58:43'),
(624, 'TPS 2', 'TPS 2 Kp. Lelegok/ SDN Kenari RT 06 RW 02', 70, 70, 1194, 0, '2020-12-08 07:58:43'),
(625, 'TPS 3', 'TPS 3 Kp. Salabentar RT 10 RW 03', 70, 70, 1665, 0, '2020-12-08 07:58:43'),
(626, 'TPS 1', 'TPS 1 KP Cibarengkok Rt 01 RW 02', 71, 71, 4220, 0, '2020-12-08 07:58:43'),
(627, 'TPS 2', 'TPS 2 Kp Kebon Kopi RT 05 RW 06', 71, 71, 2221, 0, '2020-12-08 07:58:43'),
(628, 'TPS 3', 'TPS 3 Kp Jeletreng RT03 RW 04', 71, 71, 2477, 0, '2020-12-08 07:58:43'),
(629, 'TPS 1', 'TPS 1 RT 04 RW 02 Kp. Pedurenan', 72, 72, 2160, 0, '2020-12-08 07:58:43'),
(630, 'TPS 2', 'TPS 2 Kp Bulak Rt 01 Rw 03', 72, 72, 2386, 0, '2020-12-08 07:58:43'),
(631, 'TPS 3', 'TPS 3 Taman sari Bukit damai RT 04 RW 07', 72, 72, 1957, 0, '2020-12-08 07:58:43'),
(632, 'TPS 1', 'TPS 1 Kp Cidokom RT 03 RW 01', 73, 73, 2341, 0, '2020-12-08 07:58:43'),
(633, 'TPS 2', 'TPS 2 Kp Cidokom RT 03 RW 03', 73, 73, 2243, 0, '2020-12-08 07:58:43'),
(634, 'TPS 3', 'TPS 3 Kp Batutapak RT 01 RW 06', 73, 73, 1674, 0, '2020-12-08 07:58:43'),
(635, 'TPS 1', 'Perum Casavera Dramaga Kp. Dukuh RT 001/008', 74, 74, 2959, 0, '2020-12-08 07:58:43'),
(636, 'TPS 2', 'Perum Pesona Dramaga Kp. Cibadak Raya 004/001', 74, 74, 2721, 0, '2020-12-08 07:58:43'),
(637, 'TPS 3', 'Perum Darmaga Pratama Rt 001/006 (Lapangan Pak Sani)', 74, 74, 2484, 0, '2020-12-08 07:58:43'),
(638, 'TPS 1', 'Jl. Letnan sukarna Rt 004 Rw 001 (lapangan Sukarna)', 75, 75, 3634, 0, '2020-12-08 07:58:43'),
(639, 'TPS 2', 'Kp. Lebak Sirna Rt 001 Rw 007 (Lapangan Kopasus Brunei)', 75, 75, 3162, 0, '2020-12-08 07:58:43'),
(640, 'TPS 3', 'Kp. Pabuaran Rt 002 Rw 003 (Lapangan Pabuaran)', 75, 75, 2158, 0, '2020-12-08 07:58:43'),
(641, 'TPS 1', 'Kp. Gedong Sawah Rt 04 Rw 01 Desa Benteng', 76, 76, 1772, 0, '2020-12-08 07:58:43'),
(642, 'TPS 2', 'Kp. Lebak Pasar RT 04 RW 02 Desa Benteng', 76, 76, 913, 0, '2020-12-08 07:58:43'),
(643, 'TPS 3', 'Kp Benteng RT 02 RW 03 Desa Benteng', 76, 76, 2080, 0, '2020-12-08 07:58:43'),
(644, 'TPS 4', 'Perumahan Ciampea Asri RT 03 RW 06 Desa Benteng', 76, 76, 1778, 0, '2020-12-08 07:58:43'),
(645, 'TPS 5', 'Kp Gunung Leutik RT 03 RW 05', 76, 76, 2014, 0, '2020-12-08 07:58:43'),
(646, 'TPS 1', 'Kp. Sumur Kadu RT. 02/01 ( Lapangan Galian H oyang)', 77, 77, 1498, 0, '2020-12-08 07:58:43'),
(647, 'TPS 2', 'Kp. Endrek RT. 003/ 001 (Lapangan Dariwangsa)', 77, 77, 1469, 0, '2020-12-08 07:58:43'),
(648, 'TPS 3', 'Kp. Bondol Wetan RT.002/007 (Lapangan penggilingan Padi)', 77, 77, 1481, 0, '2020-12-08 07:58:43'),
(649, 'TPS 1', 'Kp. Sirnagalih RT 01 RW 01', 78, 78, 968, 0, '2020-12-08 07:58:43'),
(650, 'TPS 2', 'Kp. Sirnagalih RT 02 RW 02', 78, 78, 869, 0, '2020-12-08 07:58:43'),
(651, 'TPS 3', 'Kp. Gunung Dua RT 01 RW 03', 78, 78, 1090, 0, '2020-12-08 07:58:43'),
(652, 'TPS 4', 'Kp. Megamendung RT 03 RW 04', 78, 78, 1263, 0, '2020-12-08 07:58:43'),
(653, 'TPS 5', 'Kp. Paseban RT 04 RW 05', 78, 78, 1084, 0, '2020-12-08 07:58:43'),
(654, 'TPS 1', 'RW 001 RW 002 RW 003 ( Kp Gadog RT 001 RW 003)', 79, 79, 1874, 0, '2020-12-08 07:58:43'),
(655, 'TPS 2', 'RW 004 RW 005 (Lapangan Futsal RW 004)', 79, 79, 1830, 0, '2020-12-08 07:58:43'),
(656, 'TPS 3', 'RW 006 RW 007 (Kp Sukabirus RT 004 RW 005)', 79, 79, 1852, 0, '2020-12-08 07:58:43'),
(657, 'TPS 1', 'Kp. Coblong RT. 004 RW. 001 ( Lapangan Bola Desa )', 80, 80, 1055, 0, '2020-12-08 07:58:43'),
(658, 'TPS 2', 'Kp. Coblong RT. 002 RW. 002 ( Lapangan Depan Kantor Desa Sukakarya )', 80, 80, 1061, 0, '2020-12-08 07:58:43'),
(659, 'TPS 3', 'Kp. Pasir Kalong RT. 001 RW. 003 ( Depan Rumah Rt Oman )', 80, 80, 1160, 0, '2020-12-08 07:58:43'),
(660, 'TPS 4', 'Kp. Cijulang RT. 001 RW. 004 ( Lapangan Masjid Nurul Huda )', 80, 80, 1504, 0, '2020-12-08 07:58:43'),
(661, 'TPS 5', 'Kp. Pasir Kalong RT. 001 RW. 005 ( Halaman Rumah Alm Hj. Mimin )', 80, 80, 719, 0, '2020-12-08 07:58:43'),
(662, 'TPS 1', 'Zona 1, GOR Futsal (RW 1 dan 2)', 81, 81, 2060, 0, '2020-12-08 07:58:43'),
(663, 'TPS 2', 'Zona 2, Lapangan Pasir Honje (RW.03,04 dn 05 )', 81, 81, 2723, 0, '2020-12-08 07:58:43'),
(664, 'TPS 3', 'Zona 3, SDN Angsana 1 (RW.06,07 dan 08)', 81, 81, 2008, 0, '2020-12-08 07:58:43'),
(665, 'TPS 1', 'Kp. Kalong Jalan RT . 06/01', 82, 82, 1622, 0, '2020-12-08 07:58:43'),
(666, 'TPS 2', 'Kp. Kalong Jalan RT . 01/02', 82, 82, 1623, 0, '2020-12-08 07:58:43'),
(667, 'TPS 3', 'Kp. Kalong Tonggoh RT 01/04', 82, 82, 1622, 0, '2020-12-08 07:58:43'),
(668, 'TPS 1', 'TPI BABAKAN SIRNA', 83, 83, 1854, 0, '2020-12-08 07:58:43'),
(669, 'TPS 2', 'MI AL-KHOERIAH', 83, 83, 2118, 0, '2020-12-08 07:58:43'),
(670, 'TPS 3', 'USTD AHMAD RIFA`I', 83, 83, 1072, 0, '2020-12-08 07:58:43'),
(671, 'TPS 4', 'PAK UJANG PALET', 83, 83, 1822, 0, '2020-12-08 07:58:43'),
(672, 'TPS 5', 'SDN SUKA JADI CIKADU', 83, 83, 1262, 0, '2020-12-08 07:58:43'),
(673, 'TPS 1', 'RT 01/ 02 (Cisaranten 1)', 84, 84, 1938, 0, '2020-12-08 07:58:43'),
(674, 'TPS 2', 'RT 07/03 (Cisaranten 2)', 84, 84, 1872, 0, '2020-12-08 07:58:43'),
(675, 'TPS 3', 'RT 02/05 (Batu Dua)', 84, 84, 1987, 0, '2020-12-08 07:58:43'),
(676, 'TPS 1', 'MI Al-Manaf', 85, 85, 775, 0, '2020-12-08 07:58:43'),
(677, 'TPS 2', 'MI Al-Manaf', 85, 85, 766, 0, '2020-12-08 07:58:43'),
(678, 'TPS 3', 'MTS Darussalam', 85, 85, 829, 0, '2020-12-08 07:58:43'),
(679, 'TPS 4', 'MTS Darussalam', 85, 85, 804, 0, '2020-12-08 07:58:43'),
(680, 'TPS 5', 'MTS Darussalam', 85, 85, 730, 0, '2020-12-08 07:58:43'),
(681, 'TPS 6', 'SDN Purwasari 01', 85, 85, 873, 0, '2020-12-08 07:58:43'),
(682, 'TPS 7', 'SDN Purwasari 01', 85, 85, 763, 0, '2020-12-08 07:58:43'),
(683, 'TPS 1', 'SDN Cilubang 1 Kp. Klapa tujuh RT.01 RW.01', 86, 86, 835, 0, '2020-12-08 07:58:43'),
(684, 'TPS 2', 'Lapangan Bulu tangkis Kp. Cilubang RT.03 RW.02', 86, 86, 980, 0, '2020-12-08 07:58:43'),
(685, 'TPS 3', 'Kp. Cilubang RT.02 RW.03', 86, 86, 914, 0, '2020-12-08 07:58:43'),
(686, 'TPS 4', 'Lapangan bulu tangkis Kp. Cibeureum RT.03 RW.04', 86, 86, 786, 0, '2020-12-08 07:58:43'),
(687, 'TPS 5', 'Halaman Perumahan PT. Arumaya Kp. Kuripan RT.06 RW.05', 86, 86, 961, 0, '2020-12-08 07:58:43'),
(688, 'TPS 6', 'Villa Bapak Jaya Kp. Kuripan RT.04 RW.05', 86, 86, 922, 0, '2020-12-08 07:58:43'),
(689, 'TPS 7', 'SDN Cilubang 4 Kuripan RT.01 RW.06', 86, 86, 954, 0, '2020-12-08 07:58:43'),
(690, 'TPS 1', 'Halaman TPA Majlis Ta`lim Al muhajirin RT.05 RW. 04', 87, 87, 848, 0, '2020-12-08 07:58:43'),
(691, 'TPS 2', 'Lapangan Bola Brantas RT.03 RW.05', 87, 87, 1147, 0, '2020-12-08 07:58:43'),
(692, 'TPS 3', 'Lapangan Depan Garasi Bpk. Ali RT.01 RW.08', 87, 87, 1595, 0, '2020-12-08 07:58:43'),
(693, 'TPS 4', 'Lapangan Depan Rumah Bpk. Jumadi RT.04 RW.02', 87, 87, 2347, 0, '2020-12-08 07:58:43'),
(694, 'TPS 5', 'Perum Bumi Graha Arradea', 87, 87, 2058, 0, '2020-12-08 07:58:43'),
(695, 'TPS 6', 'Perum Bumi Kartika Dramaga', 87, 87, 1625, 0, '2020-12-08 07:58:43'),
(696, 'TPS 7', 'Perum 48 Ciherang Kramat RT.02 RW.09', 87, 87, 1669, 0, '2020-12-08 07:58:43'),
(697, 'TPS 1', 'Gang Palem RT.02 RW.01', 88, 88, 1031, 0, '2020-12-08 07:58:43'),
(698, 'TPS 2', 'Gang Saluyu RT.04 RW.01', 88, 88, 889, 0, '2020-12-08 07:58:43'),
(699, 'TPS 3', 'SDN 01 Neglasari', 88, 88, 987, 0, '2020-12-08 07:58:43'),
(700, 'TPS 4', 'Perumahan Delima', 88, 88, 976, 0, '2020-12-08 07:58:43'),
(701, 'TPS 5', 'SDN 02 Neglasari', 88, 88, 1153, 0, '2020-12-08 07:58:43'),
(702, 'TPS 6', 'Gang Bades', 88, 88, 1337, 0, '2020-12-08 07:58:43'),
(703, 'TPS 7', 'Kp. Baru Ateng', 88, 88, 1146, 0, '2020-12-08 07:58:43');

-- --------------------------------------------------------

--
-- Table structure for table `tungsura`
--

CREATE TABLE `tungsura` (
  `id` int(11) NOT NULL,
  `cakades_id` int(11) NOT NULL,
  `tps_id` int(11) NOT NULL,
  `jumlah_suara` int(11) NOT NULL,
  `created_at` timestamp NOT NULL DEFAULT current_timestamp(),
  `created_by` int(50) NOT NULL
) ENGINE=InnoDB DEFAULT CHARSET=utf8mb4;

-- --------------------------------------------------------

--
-- Table structure for table `user`
--

CREATE TABLE `user` (
  `id` int(11) NOT NULL,
  `nama` varchar(225) NOT NULL,
  `username` varchar(50) NOT NULL,
  `password` varchar(225) NOT NULL,
  `role` int(11) NOT NULL,
  `desa_id` int(11) NOT NULL,
  `kec_id` int(11) NOT NULL
) ENGINE=InnoDB DEFAULT CHARSET=utf8mb4;

--
-- Dumping data for table `user`
--

INSERT INTO `user` (`id`, `nama`, `username`, `password`, `role`, `desa_id`, `kec_id`) VALUES
(1, 'Ryan Pramasyana', 'admin', '21232f297a57a5a743894a0e4a801fc3', 1, 0, 0),
(2, 'Rabil R Pramasyana', 'rabil', '21232f297a57a5a743894a0e4a801fc3', 2, 0, 2),
(3, 'Muhammad R Pramasyana', 'pramasyana', '21232f297a57a5a743894a0e4a801fc3', 3, 1, 0);

--
-- Indexes for dumped tables
--

--
-- Indexes for table `cakades`
--
ALTER TABLE `cakades`
  ADD PRIMARY KEY (`id`);

--
-- Indexes for table `desa`
--
ALTER TABLE `desa`
  ADD PRIMARY KEY (`id`);

--
-- Indexes for table `kecamatan`
--
ALTER TABLE `kecamatan`
  ADD PRIMARY KEY (`id`);

--
-- Indexes for table `tps`
--
ALTER TABLE `tps`
  ADD PRIMARY KEY (`id`);

--
-- Indexes for table `tungsura`
--
ALTER TABLE `tungsura`
  ADD PRIMARY KEY (`id`);

--
-- Indexes for table `user`
--
ALTER TABLE `user`
  ADD PRIMARY KEY (`id`);

--
-- AUTO_INCREMENT for dumped tables
--

--
-- AUTO_INCREMENT for table `cakades`
--
ALTER TABLE `cakades`
  MODIFY `id` int(11) NOT NULL AUTO_INCREMENT, AUTO_INCREMENT=355;

--
-- AUTO_INCREMENT for table `desa`
--
ALTER TABLE `desa`
  MODIFY `id` int(11) NOT NULL AUTO_INCREMENT, AUTO_INCREMENT=89;

--
-- AUTO_INCREMENT for table `kecamatan`
--
ALTER TABLE `kecamatan`
  MODIFY `id` int(11) NOT NULL AUTO_INCREMENT, AUTO_INCREMENT=35;

--
-- AUTO_INCREMENT for table `tps`
--
ALTER TABLE `tps`
  MODIFY `id` int(11) NOT NULL AUTO_INCREMENT, AUTO_INCREMENT=704;

--
-- AUTO_INCREMENT for table `tungsura`
--
ALTER TABLE `tungsura`
  MODIFY `id` int(11) NOT NULL AUTO_INCREMENT;

--
-- AUTO_INCREMENT for table `user`
--
ALTER TABLE `user`
  MODIFY `id` int(11) NOT NULL AUTO_INCREMENT, AUTO_INCREMENT=4;
COMMIT;

/*!40101 SET CHARACTER_SET_CLIENT=@OLD_CHARACTER_SET_CLIENT */;
/*!40101 SET CHARACTER_SET_RESULTS=@OLD_CHARACTER_SET_RESULTS */;
/*!40101 SET COLLATION_CONNECTION=@OLD_COLLATION_CONNECTION */;
