INSERT INTO status_type (idstatustype, description) VALUES (1, 'Not Required');
INSERT INTO status_type (idstatustype, description) VALUES (2, 'Reserved');
INSERT INTO status_type (idstatustype, description) VALUES (3, 'Reserved');
INSERT INTO status_type (idstatustype, description) VALUES (4, 'Reserved');
INSERT INTO status_type (idstatustype, description) VALUES (5, 'Reserved');
INSERT INTO status_type (idstatustype, description) VALUES (6, 'Reserved');
INSERT INTO status_type (idstatustype, description) VALUES (7, 'Reserved');
INSERT INTO status_type (idstatustype, description) VALUES (8, 'Reserved');
INSERT INTO status_type (idstatustype, description) VALUES (9, 'Reserved');
INSERT INTO status_type (idstatustype, description) VALUES (10, 'Draft');
INSERT INTO status_type (idstatustype, description) VALUES (11, 'Open');
INSERT INTO status_type (idstatustype, description) VALUES (12, 'Hold');
INSERT INTO status_type (idstatustype, description) VALUES (13, 'Cancel');
INSERT INTO status_type (idstatustype, description) VALUES (14, 'Reserved');
INSERT INTO status_type (idstatustype, description) VALUES (15, 'Reserved');
INSERT INTO status_type (idstatustype, description) VALUES (16, 'Reserved');
INSERT INTO status_type (idstatustype, description) VALUES (17, 'Completed');
INSERT INTO status_type (idstatustype, description) VALUES (18, 'Active');
INSERT INTO status_type (idstatustype, description) VALUES (19, 'Reserved');
INSERT INTO status_type (idstatustype, description) VALUES (20, 'Reserved');
INSERT INTO status_type (idstatustype, description) VALUES (21, 'Reserved');
INSERT INTO status_type (idstatustype, description) VALUES (22, 'Reserved');
INSERT INTO status_type (idstatustype, description) VALUES (23, 'Reserved');
INSERT INTO status_type (idstatustype, description) VALUES (24, 'Reserved');
INSERT INTO status_type (idstatustype, description) VALUES (25, 'Reserved');
INSERT INTO status_type (idstatustype, description) VALUES (26, 'Reserved');
INSERT INTO status_type (idstatustype, description) VALUES (27, 'Reserved');
INSERT INTO status_type (idstatustype, description) VALUES (28, 'Reserved');
INSERT INTO status_type (idstatustype, description) VALUES (29, 'Reserved');
INSERT INTO status_type (idstatustype, description) VALUES (30, 'Isi Nama Cancel');
INSERT INTO status_type (idstatustype, description) VALUES (31, 'Request Faktur');
INSERT INTO status_type (idstatustype, description) VALUES (32, 'Receipt Faktur');
INSERT INTO status_type (idstatustype, description) VALUES (33, 'Receipt Faktur Revisi');
INSERT INTO status_type (idstatustype, description) VALUES (34, 'Request Biro Jasa');
INSERT INTO status_type (idstatustype, description) VALUES (35, 'Request Biro Jasa Revisi');
INSERT INTO status_type (idstatustype, description) VALUES (36, 'Receipt BPKB & STNK');
INSERT INTO status_type (idstatustype, description) VALUES (37, 'Receipt BPKB & STNK Revisi');
INSERT INTO status_type (idstatustype, description) VALUES (38, 'Request Luar Wilayah');
INSERT INTO status_type (idstatustype, description) VALUES (39, 'Receipt Luar Wilayah');
INSERT INTO status_type (idstatustype, description) VALUES (40, 'Waiting BAST');
INSERT INTO status_type (idstatustype, description) VALUES (41, 'Deliverable Draft');
INSERT INTO status_type (idstatustype, description) VALUES (42, 'Deliverable Open');
INSERT INTO status_type (idstatustype, description) VALUES (43, 'Deliverable Completed');
INSERT INTO status_type (idstatustype, description) VALUES (44, 'Reserved');
INSERT INTO status_type (idstatustype, description) VALUES (45, 'Reserved');
INSERT INTO status_type (idstatustype, description) VALUES (46, 'Reserved');
INSERT INTO status_type (idstatustype, description) VALUES (47, 'Reserved');
INSERT INTO status_type (idstatustype, description) VALUES (48, 'Reserved');
INSERT INTO status_type (idstatustype, description) VALUES (49, 'Reserved');
INSERT INTO status_type (idstatustype, description) VALUES (50, 'Reserved');
INSERT INTO status_type (idstatustype, description) VALUES (51, 'Low');
INSERT INTO status_type (idstatustype, description) VALUES (52, 'Medium');
INSERT INTO status_type (idstatustype, description) VALUES (53, 'Hot');
INSERT INTO status_type (idstatustype, description) VALUES (54, 'Request Drop TL');
INSERT INTO status_type (idstatustype, description) VALUES (55, 'Request Drop Korsal');
INSERT INTO status_type (idstatustype, description) VALUES (56, 'Completed Drop');
INSERT INTO status_type (idstatustype, description) VALUES (57, 'Reserved');
INSERT INTO status_type (idstatustype, description) VALUES (58, 'Reserved');
INSERT INTO status_type (idstatustype, description) VALUES (59, 'Reserved');
INSERT INTO status_type (idstatustype, description) VALUES (60, 'Waiting For Approval');
INSERT INTO status_type (idstatustype, description) VALUES (61, 'Approved');
INSERT INTO status_type (idstatustype, description) VALUES (62, 'Rejected');
INSERT INTO status_type (idstatustype, description) VALUES (63, 'Territorial Violation');
INSERT INTO status_type (idstatustype, description) VALUES (64, 'Indent');
INSERT INTO status_type (idstatustype, description) VALUES (65, 'Reserved');
INSERT INTO status_type (idstatustype, description) VALUES (66, 'Reserved');
INSERT INTO status_type (idstatustype, description) VALUES (67, 'Reserved');
INSERT INTO status_type (idstatustype, description) VALUES (68, 'Reserved');
INSERT INTO status_type (idstatustype, description) VALUES (69, 'Reserved');
INSERT INTO status_type (idstatustype, description) VALUES (70, 'Reserved');
INSERT INTO status_type (idstatustype, description) VALUES (71, 'Reserved');
INSERT INTO status_type (idstatustype, description) VALUES (72, 'Reserved');
INSERT INTO status_type (idstatustype, description) VALUES (73, 'Reserved');
INSERT INTO status_type (idstatustype, description) VALUES (74, 'Reserved');
INSERT INTO status_type (idstatustype, description) VALUES (75, 'Reserved');
INSERT INTO status_type (idstatustype, description) VALUES (76, 'Reserved');
INSERT INTO status_type (idstatustype, description) VALUES (77, 'Reserved');
INSERT INTO status_type (idstatustype, description) VALUES (78, 'Reserved');
INSERT INTO status_type (idstatustype, description) VALUES (79, 'Reserved');
INSERT INTO status_type (idstatustype, description) VALUES (80, 'Reserved');
INSERT INTO status_type (idstatustype, description) VALUES (81, 'Reserved');
INSERT INTO status_type (idstatustype, description) VALUES (82, 'Reserved');
INSERT INTO status_type (idstatustype, description) VALUES (83, 'Reserved');
INSERT INTO status_type (idstatustype, description) VALUES (84, 'Reserved');
INSERT INTO status_type (idstatustype, description) VALUES (85, 'Reserved');
INSERT INTO status_type (idstatustype, description) VALUES (86, 'Reserved');
INSERT INTO status_type (idstatustype, description) VALUES (87, 'Reserved');
INSERT INTO status_type (idstatustype, description) VALUES (88, 'Reserved');
INSERT INTO status_type (idstatustype, description) VALUES (89, 'Reserved');
INSERT INTO status_type (idstatustype, description) VALUES (90, 'Reserved');
INSERT INTO status_type (idstatustype, description) VALUES (91, 'Reserved');
INSERT INTO status_type (idstatustype, description) VALUES (92, 'Reserved');
INSERT INTO status_type (idstatustype, description) VALUES (93, 'Reserved');
INSERT INTO status_type (idstatustype, description) VALUES (94, 'Reserved');
INSERT INTO status_type (idstatustype, description) VALUES (95, 'Reserved');
INSERT INTO status_type (idstatustype, description) VALUES (96, 'Reserved');
INSERT INTO status_type (idstatustype, description) VALUES (97, 'Reserved');
INSERT INTO status_type (idstatustype, description) VALUES (98, 'Reserved');
INSERT INTO status_type (idstatustype, description) VALUES (99, 'Reserved');
INSERT INTO status_type (idstatustype, description) VALUES (100, 'Reserved');
COMMIT;

INSERT INTO role_type (idroletype, description) VALUES (1, 'Reserved');
INSERT INTO role_type (idroletype, description) VALUES (2, 'Reserved');
INSERT INTO role_type (idroletype, description) VALUES (3, 'Reserved');
INSERT INTO role_type (idroletype, description) VALUES (4, 'Reserved');
INSERT INTO role_type (idroletype, description) VALUES (5, 'Reserved');
INSERT INTO role_type (idroletype, description) VALUES (6, 'Reserved');
INSERT INTO role_type (idroletype, description) VALUES (7, 'Reserved');
INSERT INTO role_type (idroletype, description) VALUES (8, 'Reserved');
INSERT INTO role_type (idroletype, description) VALUES (9, 'Reserved');
INSERT INTO role_type (idroletype, description) VALUES (10, 'Parent Organization');
INSERT INTO role_type (idroletype, description) VALUES (11, 'Internal');
INSERT INTO role_type (idroletype, description) VALUES (12, 'Customer');
INSERT INTO role_type (idroletype, description) VALUES (13, 'Vendor');
INSERT INTO role_type (idroletype, description) VALUES (14, 'Branch');
INSERT INTO role_type (idroletype, description) VALUES (15, 'Main Dealer');
INSERT INTO role_type (idroletype, description) VALUES (16, 'Vendor OPPL');
INSERT INTO role_type (idroletype, description) VALUES (17, 'Reserved');
INSERT INTO role_type (idroletype, description) VALUES (18, 'Reserved');
INSERT INTO role_type (idroletype, description) VALUES (19, 'Reserved');
INSERT INTO role_type (idroletype, description) VALUES (20, 'Reserved');
INSERT INTO role_type (idroletype, description) VALUES (21, 'Reserved');
INSERT INTO role_type (idroletype, description) VALUES (22, 'Reserved');
INSERT INTO role_type (idroletype, description) VALUES (23, 'Reserved');
INSERT INTO role_type (idroletype, description) VALUES (24, 'Reserved');
INSERT INTO role_type (idroletype, description) VALUES (25, 'Reserved');
INSERT INTO role_type (idroletype, description) VALUES (26, 'Reserved');
INSERT INTO role_type (idroletype, description) VALUES (27, 'Reserved');
INSERT INTO role_type (idroletype, description) VALUES (28, 'Reserved');
INSERT INTO role_type (idroletype, description) VALUES (29, 'Reserved');
INSERT INTO role_type (idroletype, description) VALUES (30, 'Reserved');
INSERT INTO role_type (idroletype, description) VALUES (31, 'Reserved');
INSERT INTO role_type (idroletype, description) VALUES (32, 'Reserved');
INSERT INTO role_type (idroletype, description) VALUES (33, 'Reserved');
INSERT INTO role_type (idroletype, description) VALUES (34, 'Reserved');
INSERT INTO role_type (idroletype, description) VALUES (35, 'Reserved');
INSERT INTO role_type (idroletype, description) VALUES (36, 'Salesman');
INSERT INTO role_type (idroletype, description) VALUES (37, 'Sales Broker');
INSERT INTO role_type (idroletype, description) VALUES (38, 'Personal Customer');
INSERT INTO role_type (idroletype, description) VALUES (39, 'Customer');
INSERT INTO role_type (idroletype, description) VALUES (40, 'Reserved');
INSERT INTO role_type (idroletype, description) VALUES (41, 'Reserved');
INSERT INTO role_type (idroletype, description) VALUES (42, 'Reserved');
INSERT INTO role_type (idroletype, description) VALUES (43, 'Reserved');
INSERT INTO role_type (idroletype, description) VALUES (44, 'Reserved');
INSERT INTO role_type (idroletype, description) VALUES (45, 'Reserved');
INSERT INTO role_type (idroletype, description) VALUES (46, 'Reserved');
INSERT INTO role_type (idroletype, description) VALUES (47, 'Reserved');
INSERT INTO role_type (idroletype, description) VALUES (48, 'Reserved');
INSERT INTO role_type (idroletype, description) VALUES (49, 'Reserved');
INSERT INTO role_type (idroletype, description) VALUES (50, 'Reserved');
INSERT INTO role_type (idroletype, description) VALUES (51, 'Reserved');
INSERT INTO role_type (idroletype, description) VALUES (52, 'Reserved');
INSERT INTO role_type (idroletype, description) VALUES (53, 'Reserved');
INSERT INTO role_type (idroletype, description) VALUES (54, 'Reserved');
INSERT INTO role_type (idroletype, description) VALUES (55, 'Reserved');
INSERT INTO role_type (idroletype, description) VALUES (56, 'Reserved');
INSERT INTO role_type (idroletype, description) VALUES (57, 'Reserved');
INSERT INTO role_type (idroletype, description) VALUES (58, 'Reserved');
INSERT INTO role_type (idroletype, description) VALUES (59, 'Reserved');
INSERT INTO role_type (idroletype, description) VALUES (60, 'Reserved');
INSERT INTO role_type (idroletype, description) VALUES (61, 'Reserved');
INSERT INTO role_type (idroletype, description) VALUES (62, 'Reserved');
INSERT INTO role_type (idroletype, description) VALUES (63, 'Reserved');
INSERT INTO role_type (idroletype, description) VALUES (64, 'Reserved');
INSERT INTO role_type (idroletype, description) VALUES (65, 'Reserved');
INSERT INTO role_type (idroletype, description) VALUES (66, 'Reserved');
INSERT INTO role_type (idroletype, description) VALUES (67, 'Reserved');
INSERT INTO role_type (idroletype, description) VALUES (68, 'Reserved');
INSERT INTO role_type (idroletype, description) VALUES (69, 'Reserved');
INSERT INTO role_type (idroletype, description) VALUES (70, 'Reserved');
INSERT INTO role_type (idroletype, description) VALUES (71, 'Reserved');
INSERT INTO role_type (idroletype, description) VALUES (72, 'Reserved');
INSERT INTO role_type (idroletype, description) VALUES (73, 'Reserved');
INSERT INTO role_type (idroletype, description) VALUES (74, 'Reserved');
INSERT INTO role_type (idroletype, description) VALUES (75, 'Reserved');
INSERT INTO role_type (idroletype, description) VALUES (76, 'Reserved');
INSERT INTO role_type (idroletype, description) VALUES (77, 'Reserved');
INSERT INTO role_type (idroletype, description) VALUES (78, 'Reserved');
INSERT INTO role_type (idroletype, description) VALUES (79, 'Reserved');
INSERT INTO role_type (idroletype, description) VALUES (80, 'Reserved');
INSERT INTO role_type (idroletype, description) VALUES (81, 'Reserved');
INSERT INTO role_type (idroletype, description) VALUES (82, 'Reserved');
INSERT INTO role_type (idroletype, description) VALUES (83, 'Reserved');
INSERT INTO role_type (idroletype, description) VALUES (84, 'Reserved');
INSERT INTO role_type (idroletype, description) VALUES (85, 'Reserved');
INSERT INTO role_type (idroletype, description) VALUES (86, 'Reserved');
INSERT INTO role_type (idroletype, description) VALUES (87, 'Reserved');
INSERT INTO role_type (idroletype, description) VALUES (88, 'Reserved');
INSERT INTO role_type (idroletype, description) VALUES (89, 'Reserved');
INSERT INTO role_type (idroletype, description) VALUES (90, 'Reserved');
INSERT INTO role_type (idroletype, description) VALUES (91, 'Reserved');
INSERT INTO role_type (idroletype, description) VALUES (92, 'Reserved');
INSERT INTO role_type (idroletype, description) VALUES (93, 'Reserved');
INSERT INTO role_type (idroletype, description) VALUES (94, 'Reserved');
INSERT INTO role_type (idroletype, description) VALUES (95, 'Reserved');
INSERT INTO role_type (idroletype, description) VALUES (96, 'Reserved');
INSERT INTO role_type (idroletype, description) VALUES (97, 'Reserved');
INSERT INTO role_type (idroletype, description) VALUES (98, 'Reserved');
INSERT INTO role_type (idroletype, description) VALUES (99, 'Reserved');
INSERT INTO role_type (idroletype, description) VALUES (100, 'Reserved');
INSERT INTO role_type (idroletype, description) VALUES (101, 'Reserved');
INSERT INTO role_type (idroletype, description) VALUES (102, 'Reserved');
COMMIT;

INSERT INTO product_category_type (idcattyp, description) VALUES (21, 'Sales Category');
INSERT INTO product_category_type (idcattyp, description) VALUES (22, 'Market Category');
COMMIT;

INSERT INTO party_category_type (idcattyp, description) VALUES ( 110, 'Customer Category');
INSERT INTO party_category (idcattyp, idcategory, description) VALUES ( 110, 10, 'Perorangan');
INSERT INTO party_category (idcattyp, idcategory, description) VALUES ( 110, 11, 'Perusahaan');
INSERT INTO party_category (idcattyp, idcategory, description) VALUES ( 110, 12, 'Group Customer');
COMMIT;

INSERT INTO party_category_type (idcattyp, description) VALUES (1001, 'Dealer Branch Category');
INSERT INTO party_category (idcattyp, idcategory, description) VALUES ( 1001, 1001, 'H1');
INSERT INTO party_category (idcattyp, idcategory, description) VALUES ( 1001, 1002, 'H23');
INSERT INTO party_category (idcattyp, idcategory, description) VALUES ( 1001, 1003, 'H123');
INSERT INTO party_category (idcattyp, idcategory, description) VALUES ( 1001, 1004, 'Pos Dealer');
COMMIT;

INSERT INTO product_category_type (idcattyp, description) VALUES (1002, 'Motor Category');
INSERT INTO product_category (idcattyp, idcategory, description) VALUES ( 1002, 1001, 'Chub');
INSERT INTO product_category (idcattyp, idcategory, description) VALUES ( 1002, 1002, 'Sport');
INSERT INTO product_category (idcattyp, idcategory, description) VALUES ( 1002, 1003, 'Matic');
INSERT INTO product_category (idcattyp, idcategory, description) VALUES ( 1002, 1004, 'Hybrid');
INSERT INTO product_category (idcattyp, idcategory, description) VALUES ( 1002, 1005, 'Others');
COMMIT;

INSERT INTO product_category_type (idcattyp, description) VALUES ( 1003, 'Group Part');
INSERT INTO product_category (idcattyp, idcategory, description) VALUES ( 1003, 1101, 'Oli');
INSERT INTO product_category (idcattyp, idcategory, description) VALUES ( 1003, 1102, 'Electrical');
INSERT INTO product_category (idcattyp, idcategory, description) VALUES ( 1003, 1103, 'Accu');
INSERT INTO product_category (idcattyp, idcategory, description) VALUES ( 1003, 1104, 'Cable');
INSERT INTO product_category (idcattyp, idcategory, description) VALUES ( 1003, 1105, 'Plastic Part');
INSERT INTO product_category (idcattyp, idcategory, description) VALUES ( 1003, 1106, 'Engine Part');
INSERT INTO product_category (idcattyp, idcategory, description) VALUES ( 1003, 1107, 'Common Part');
COMMIT;

INSERT INTO product_category_type (idcattyp, description) VALUES ( 1004, 'Group Service');
INSERT INTO product_category (idcattyp, idcategory, description) VALUES ( 1004, 1201, 'Ass');
INSERT INTO product_category (idcattyp, idcategory, description) VALUES ( 1004, 1202, 'Light Repair');
INSERT INTO product_category (idcattyp, idcategory, description) VALUES ( 1004, 1203, 'Heavy Repair');
INSERT INTO product_category (idcattyp, idcategory, description) VALUES ( 1004, 1204, 'Pit Express');
INSERT INTO product_category (idcattyp, idcategory, description) VALUES ( 1004, 1205, 'Quick Service');
INSERT INTO product_category (idcattyp, idcategory, description) VALUES ( 1004, 1206, 'Job Return');
INSERT INTO product_category (idcattyp, idcategory, description) VALUES ( 1004, 1207, 'EPU');
INSERT INTO product_category (idcattyp, idcategory, description) VALUES ( 1004, 1208, 'Claim');
INSERT INTO product_category (idcattyp, idcategory, description) VALUES ( 1004, 1209, 'Intern');
INSERT INTO product_category (idcattyp, idcategory, description) VALUES ( 1004, 1210, 'PDI');
COMMIT;

INSERT INTO product_category_type (idcattyp, description) VALUES ( 1006, 'Indent');
INSERT INTO product_category (idcattyp, idcategory, description) VALUES ( 1006, 1301, 'Motor Indent');
COMMIT;

INSERT INTO calendar_type (idcaltyp, description) VALUES ( 1, 'Yearly');
INSERT INTO calendar_type (idcaltyp, description) VALUES ( 2, 'Monthly');
INSERT INTO calendar_type (idcaltyp, description) VALUES ( 3, 'Daily');
INSERT INTO calendar_type (idcaltyp, description) VALUES (30, 'Booking Type');
COMMIT;

INSERT INTO purpose_type (idpurposetype, description) VALUES (  1, 'Postal Address');
INSERT INTO purpose_type (idpurposetype, description) VALUES (  2, 'Shipping Address');
INSERT INTO purpose_type (idpurposetype, description) VALUES (  3, 'Billing Address');
INSERT INTO purpose_type (idpurposetype, description) VALUES (  4, 'Reserved');
INSERT INTO purpose_type (idpurposetype, description) VALUES ( 20, 'Phone');
INSERT INTO purpose_type (idpurposetype, description) VALUES ( 21, 'Cell Phone');
INSERT INTO purpose_type (idpurposetype, description) VALUES ( 22, 'Cell Phone 2');
INSERT INTO purpose_type (idpurposetype, description) VALUES ( 23, 'Office Phone');
INSERT INTO purpose_type (idpurposetype, description) VALUES ( 24, 'Reserved');
INSERT INTO purpose_type (idpurposetype, description) VALUES ( 25, 'Reserved');
INSERT INTO purpose_type (idpurposetype, description) VALUES ( 50, 'Private Mail');
INSERT INTO purpose_type (idpurposetype, description) VALUES ( 51, 'Office Mail');
INSERT INTO purpose_type (idpurposetype, description) VALUES ( 52, 'Reserved');
INSERT INTO purpose_type (idpurposetype, description) VALUES ( 53, 'Reserved');
INSERT INTO purpose_type (idpurposetype, description) VALUES ( 54, 'Reserved');
INSERT INTO purpose_type (idpurposetype, description) VALUES ( 101, 'Prospect Follow Up');
COMMIT;

INSERT INTO uom_type (iduomtyp, description) VALUES ( 10, 'Good Unit');
INSERT INTO uom_type (iduomtyp, description) VALUES ( 11, 'Calendar Unit');
INSERT INTO uom_type (iduomtyp, description) VALUES ( 12, 'Work Effor Unit');
COMMIT;

INSERT INTO uom (iduomtyp, iduom, description) VALUES ( 10, 'BOX', 'Box');
INSERT INTO uom (iduomtyp, iduom, description) VALUES ( 10, 'BTL', 'Botol');
INSERT INTO uom (iduomtyp, iduom, description) VALUES ( 10, 'DAY', 'Hari');
INSERT INTO uom (iduomtyp, iduom, description) VALUES ( 10, 'PCS', 'Pieces');
INSERT INTO uom (iduomtyp, iduom, description) VALUES ( 10, 'UNT', 'Unit');
INSERT INTO uom (iduomtyp, iduom, description) VALUES ( 10, 'KG', 'Kilogram');
INSERT INTO uom (iduomtyp, iduom, description) VALUES ( 11, 'HOUR', 'Jam');
INSERT INTO uom (iduomtyp, iduom, description) VALUES ( 11, 'MNT', 'Menit');
INSERT INTO uom (iduomtyp, iduom, description) VALUES ( 11, 'MON', 'Bulan');
INSERT INTO uom (iduomtyp, iduom, description) VALUES ( 11, 'YEAR', 'Tahun');
INSERT INTO uom (iduomtyp, iduom, description) VALUES ( 12, 'KALI', 'Kali');
COMMIT;

INSERT INTO event_type (idevetyp, description) VALUES ( 1, 'Prospect Event Type');
INSERT INTO event_type (idevetyp, description) VALUES ( 2, 'Communication Event Type');

INSERT INTO event_type (idprneve, idevetyp, description) VALUES ( 1, 10, 'Walk In');
INSERT INTO event_type (idprneve, idevetyp, description) VALUES ( 1, 11, 'Room Event');
INSERT INTO event_type (idprneve, idevetyp, description) VALUES ( 1, 12, 'Riding Test');
INSERT INTO event_type (idprneve, idevetyp, description) VALUES ( 1, 13, 'Pameran');
INSERT INTO event_type (idprneve, idevetyp, description) VALUES ( 1, 14, 'Grebeg Pasar');
INSERT INTO event_type (idprneve, idevetyp, description) VALUES ( 1, 15, 'Kunjungan Customer');

INSERT INTO event_type (idprneve, idevetyp, description) VALUES ( 2, 151, 'Telepon');
INSERT INTO event_type (idprneve, idevetyp, description) VALUES ( 2, 152, 'Kunjungan');
INSERT INTO event_type (idprneve, idevetyp, description) VALUES ( 2, 153, 'Walkin');
COMMIT;

INSERT INTO facility_type (idfacilitytype, description) VALUES ( 10, 'Building');
INSERT INTO facility_type (idfacilitytype, description) VALUES ( 11, 'Store');
INSERT INTO facility_type (idfacilitytype, description) VALUES ( 12, 'Building');
INSERT INTO facility_type (idfacilitytype, description) VALUES ( 13, 'Warehouse');
INSERT INTO facility_type (idfacilitytype, description) VALUES ( 14, 'Room');
INSERT INTO facility_type (idfacilitytype, description) VALUES ( 41, 'PIT');
COMMIT;

INSERT INTO requirement_type (idreqtyp, description) VALUES ( 10, 'Retail');
INSERT INTO requirement_type (idreqtyp, description) VALUES ( 11, 'Reserved');
INSERT INTO requirement_type (idreqtyp, description) VALUES ( 12, 'Organization');
INSERT INTO requirement_type (idreqtyp, description) VALUES ( 13, 'Reserved');
INSERT INTO requirement_type (idreqtyp, description) VALUES ( 14, 'Reserved');
INSERT INTO requirement_type (idreqtyp, description) VALUES ( 15, 'Reserved');
INSERT INTO requirement_type (idreqtyp, description) VALUES ( 16, 'Reserved');
INSERT INTO requirement_type (idreqtyp, description) VALUES ( 17, 'Reserved');
INSERT INTO requirement_type (idreqtyp, description) VALUES ( 18, 'Reserved');
INSERT INTO requirement_type (idreqtyp, description) VALUES ( 19, 'Reserved');
INSERT INTO requirement_type (idreqtyp, description) VALUES ( 20, 'Reserved');
INSERT INTO requirement_type (idreqtyp, description) VALUES ( 21, 'Reserved');
INSERT INTO requirement_type (idreqtyp, description) VALUES ( 22, 'Reserved');
INSERT INTO requirement_type (idreqtyp, description) VALUES ( 23, 'Reserved');
INSERT INTO requirement_type (idreqtyp, description) VALUES ( 24, 'Reserved');
INSERT INTO requirement_type (idreqtyp, description) VALUES ( 25, 'Reserved');
INSERT INTO requirement_type (idreqtyp, description) VALUES ( 26, 'Reserved');
INSERT INTO requirement_type (idreqtyp, description) VALUES ( 27, 'Reserved');
INSERT INTO requirement_type (idreqtyp, description) VALUES ( 28, 'Reserved');
INSERT INTO requirement_type (idreqtyp, description) VALUES ( 29, 'Reserved');
INSERT INTO requirement_type (idreqtyp, description) VALUES ( 30, 'Reserved');
INSERT INTO requirement_type (idreqtyp, description) VALUES ( 31, 'Reserved');
INSERT INTO requirement_type (idreqtyp, description) VALUES ( 32, 'Reserved');
INSERT INTO requirement_type (idreqtyp, description) VALUES ( 33, 'Reserved');
INSERT INTO requirement_type (idreqtyp, description) VALUES ( 34, 'Reserved');
INSERT INTO requirement_type (idreqtyp, description) VALUES ( 35, 'Reserved');
INSERT INTO requirement_type (idreqtyp, description) VALUES ( 36, 'Reserved');
INSERT INTO requirement_type (idreqtyp, description) VALUES ( 37, 'Reserved');
INSERT INTO requirement_type (idreqtyp, description) VALUES ( 38, 'Reserved');
INSERT INTO requirement_type (idreqtyp, description) VALUES ( 39, 'Reserved');
INSERT INTO requirement_type (idreqtyp, description) VALUES ( 40, 'Reserved');
INSERT INTO requirement_type (idreqtyp, description) VALUES ( 41, 'Reserved');
INSERT INTO requirement_type (idreqtyp, description) VALUES ( 42, 'Reserved');
INSERT INTO requirement_type (idreqtyp, description) VALUES ( 43, 'Reserved');
INSERT INTO requirement_type (idreqtyp, description) VALUES ( 44, 'Reserved');
INSERT INTO requirement_type (idreqtyp, description) VALUES ( 45, 'Reserved');
INSERT INTO requirement_type (idreqtyp, description) VALUES ( 46, 'Reserved');
INSERT INTO requirement_type (idreqtyp, description) VALUES ( 47, 'Reserved');
INSERT INTO requirement_type (idreqtyp, description) VALUES ( 48, 'Reserved');
INSERT INTO requirement_type (idreqtyp, description) VALUES ( 49, 'Reserved');
INSERT INTO requirement_type (idreqtyp, description) VALUES ( 50, 'Reserved');
COMMIT;

INSERT INTO product_type (idprotyp, description) VALUES ( 10, 'Good');
INSERT INTO product_type (idprotyp, description) VALUES ( 11, 'Service');
INSERT INTO product_type (idprotyp, description) VALUES ( 20, 'Financial Product');
INSERT INTO product_type (idprotyp, description) VALUES ( 21, 'Motor');
INSERT INTO product_type (idprotyp, description) VALUES ( 22, 'Report');
COMMIT;

INSERT INTO order_type (idordtyp, description) VALUES (  10, 'Regular Purchase Order');
INSERT INTO order_type (idordtyp, description) VALUES (  11, 'Regular Sales Order');
INSERT INTO order_type (idordtyp, description) VALUES (  12, 'Hotline Online Order');
INSERT INTO order_type (idordtyp, description) VALUES (  50, 'Purchase Unit');
INSERT INTO order_type (idordtyp, description) VALUES (  51, 'Sales Unit');
INSERT INTO order_type (idordtyp, description) VALUES ( 100, 'Regular Purchase Order');
INSERT INTO order_type (idordtyp, description) VALUES ( 101, 'Hotline Purchase Order');

INSERT INTO order_type (idordtyp, description) VALUES ( 200, 'Reserved');
INSERT INTO order_type (idordtyp, description) VALUES ( 201, 'Reserved');
INSERT INTO order_type (idordtyp, description) VALUES ( 202, 'Reserved');
INSERT INTO order_type (idordtyp, description) VALUES ( 203, 'Reserved');
INSERT INTO order_type (idordtyp, description) VALUES ( 204, 'Reserved');
INSERT INTO order_type (idordtyp, description) VALUES ( 205, 'Reserved');
INSERT INTO order_type (idordtyp, description) VALUES ( 206, 'Reserved');
INSERT INTO order_type (idordtyp, description) VALUES ( 207, 'Reserved');
INSERT INTO order_type (idordtyp, description) VALUES ( 208, 'Reserved');
INSERT INTO order_type (idordtyp, description) VALUES ( 209, 'Reserved');
INSERT INTO order_type (idordtyp, description) VALUES ( 210, 'Reserved');
COMMIT;

INSERT INTO dealer_claim_type (idclaimtype, description) VALUES ( 10, 'ASS1');
INSERT INTO dealer_claim_type (idclaimtype, description) VALUES ( 11, 'ASS2');
INSERT INTO dealer_claim_type (idclaimtype, description) VALUES ( 12, 'ASS3');
INSERT INTO dealer_claim_type (idclaimtype, description) VALUES ( 13, 'ASS4');
INSERT INTO dealer_claim_type (idclaimtype, description) VALUES ( 14, 'Claim M1');
INSERT INTO dealer_claim_type (idclaimtype, description) VALUES ( 15, 'Claim M2');
COMMIT;

INSERT INTO association_type (idasstyp, description) VALUES (10, 'Paket Servis');
INSERT INTO association_type (idasstyp, description) VALUES (11, 'Superseed');
COMMIT;

INSERT INTO feature_type (idfeatyp, description) VALUES (100, 'Color');
INSERT INTO feature (idfeatyp, idfeature, refkey, description) VALUES (100, 101, 'AG', 'ARMY GREEN');
INSERT INTO feature (idfeatyp, idfeature, refkey, description) VALUES (100, 102, 'UG', 'UNGU');
INSERT INTO feature (idfeatyp, idfeature, refkey, description) VALUES (100, 103, 'CK', 'CHROME KREM');
INSERT INTO feature (idfeatyp, idfeature, refkey, description) VALUES (100, 104, 'KC', 'KREM CHROME');
INSERT INTO feature (idfeatyp, idfeature, refkey, description) VALUES (100, 105, 'HN', 'HITAM MERAH PUTIH');
INSERT INTO feature (idfeatyp, idfeature, refkey, description) VALUES (100, 106, 'KA', 'KREM SILVER');
INSERT INTO feature (idfeatyp, idfeature, refkey, description) VALUES (100, 107, 'RA', 'RED WHITE');
INSERT INTO feature (idfeatyp, idfeature, refkey, description) VALUES (100, 108, 'GW', 'GREEN WHITE');
INSERT INTO feature (idfeatyp, idfeature, refkey, description) VALUES (100, 109, 'PT', 'PUTIH');
INSERT INTO feature (idfeatyp, idfeature, refkey, description) VALUES (100, 110, 'MC', 'MAGENTA HITAM');
INSERT INTO feature (idfeatyp, idfeature, refkey, description) VALUES (100, 111, '92', 'BS EMULATOR');
INSERT INTO feature (idfeatyp, idfeature, refkey, description) VALUES (100, 112, '93', 'ORANGE NO STRP');
INSERT INTO feature (idfeatyp, idfeature, refkey, description) VALUES (100, 113, '95', 'PUTIH NO STRIPE');
INSERT INTO feature (idfeatyp, idfeature, refkey, description) VALUES (100, 114, '96', 'BLUE NO STRIPE');
INSERT INTO feature (idfeatyp, idfeature, refkey, description) VALUES (100, 115, '98', 'RED NO STRIPE');
INSERT INTO feature (idfeatyp, idfeature, refkey, description) VALUES (100, 116, '99', 'BLACK NO STRIPE');
INSERT INTO feature (idfeatyp, idfeature, refkey, description) VALUES (100, 117, 'AC', 'ABU-ABU COKLAT');
INSERT INTO feature (idfeatyp, idfeature, refkey, description) VALUES (100, 119, 'AH', 'ABU2 HITAM');
INSERT INTO feature (idfeatyp, idfeature, refkey, description) VALUES (100, 120, 'AM', 'ABUABU-HITAM RD');
INSERT INTO feature (idfeatyp, idfeature, refkey, description) VALUES (100, 121, 'AR', 'ABU-ABU MERAH');
INSERT INTO feature (idfeatyp, idfeature, refkey, description) VALUES (100, 122, 'AS', 'ABU ABU SILVER');
INSERT INTO feature (idfeatyp, idfeature, refkey, description) VALUES (100, 123, 'BB', 'BLACK BLUE');
INSERT INTO feature (idfeatyp, idfeature, refkey, description) VALUES (100, 124, 'BC', 'BIRU KREM');
INSERT INTO feature (idfeatyp, idfeature, refkey, description) VALUES (100, 125, 'BE', 'BLACK GREY');
INSERT INTO feature (idfeatyp, idfeature, refkey, description) VALUES (100, 126, 'BG', 'BLACK GREEN');
INSERT INTO feature (idfeatyp, idfeature, refkey, description) VALUES (100, 127, 'BH', 'BIRU HITAM');
INSERT INTO feature (idfeatyp, idfeature, refkey, description) VALUES (100, 128, 'BK', 'BLACK');
INSERT INTO feature (idfeatyp, idfeature, refkey, description) VALUES (100, 129, 'BL', 'BLUE');
INSERT INTO feature (idfeatyp, idfeature, refkey, description) VALUES (100, 130, 'BM', 'BIRU MERAH');
INSERT INTO feature (idfeatyp, idfeature, refkey, description) VALUES (100, 131, 'BO', 'BLACK ORANGE');
INSERT INTO feature (idfeatyp, idfeature, refkey, description) VALUES (100, 132, 'BP', 'BIRU PUTIH');
INSERT INTO feature (idfeatyp, idfeature, refkey, description) VALUES (100, 133, 'BQ', 'BLUE');
INSERT INTO feature (idfeatyp, idfeature, refkey, description) VALUES (100, 134, 'BR', 'BLACK RED');
INSERT INTO feature (idfeatyp, idfeature, refkey, description) VALUES (100, 135, 'BS', 'BLACK SILVER');
INSERT INTO feature (idfeatyp, idfeature, refkey, description) VALUES (100, 136, 'BT', 'BLUE TELKOM');
INSERT INTO feature (idfeatyp, idfeature, refkey, description) VALUES (100, 137, 'BV', 'BLACK VIOLET');
INSERT INTO feature (idfeatyp, idfeature, refkey, description) VALUES (100, 138, 'BX', 'BLUE SILVER');
INSERT INTO feature (idfeatyp, idfeature, refkey, description) VALUES (100, 139, 'BY', 'BLACK YELLOW');
INSERT INTO feature (idfeatyp, idfeature, refkey, description) VALUES (100, 140, 'BZ', 'BIRU - SILVER');
INSERT INTO feature (idfeatyp, idfeature, refkey, description) VALUES (100, 141, 'CH', 'COKLAT HITAM');
INSERT INTO feature (idfeatyp, idfeature, refkey, description) VALUES (100, 142, 'CP', 'CHROME PLATING');
INSERT INTO feature (idfeatyp, idfeature, refkey, description) VALUES (100, 143, 'CS', 'COKLAT - SILVER');
INSERT INTO feature (idfeatyp, idfeature, refkey, description) VALUES (100, 144, 'DK', 'DARK KNIGHT');
INSERT INTO feature (idfeatyp, idfeature, refkey, description) VALUES (100, 145, 'GD', 'GOLD');
INSERT INTO feature (idfeatyp, idfeature, refkey, description) VALUES (100, 146, 'GH', 'HIJAU HITAM');
INSERT INTO feature (idfeatyp, idfeature, refkey, description) VALUES (100, 147, 'GR', 'GREY');
INSERT INTO feature (idfeatyp, idfeature, refkey, description) VALUES (100, 148, 'GS', 'GREY SILVER');
INSERT INTO feature (idfeatyp, idfeature, refkey, description) VALUES (100, 149, 'HA', 'HITAM-ABU ABU');
INSERT INTO feature (idfeatyp, idfeature, refkey, description) VALUES (100, 150, 'HB', 'HITAM BIRU');
INSERT INTO feature (idfeatyp, idfeature, refkey, description) VALUES (100, 151, 'HC', 'HITAM-PUTIHBIRU');
INSERT INTO feature (idfeatyp, idfeature, refkey, description) VALUES (100, 152, 'HD', 'HITAM-PUTIHPINK');
INSERT INTO feature (idfeatyp, idfeature, refkey, description) VALUES (100, 153, 'HE', 'HITAM-PINK');
INSERT INTO feature (idfeatyp, idfeature, refkey, description) VALUES (100, 154, 'HF', 'HITAM - COKLAT');
INSERT INTO feature (idfeatyp, idfeature, refkey, description) VALUES (100, 155, 'HG', 'HITAM PUTIH RD');
INSERT INTO feature (idfeatyp, idfeature, refkey, description) VALUES (100, 156, 'HH', 'HITAM-HIJAU');
INSERT INTO feature (idfeatyp, idfeature, refkey, description) VALUES (100, 157, 'HJ', 'HITAM MERAH SV');
INSERT INTO feature (idfeatyp, idfeature, refkey, description) VALUES (100, 158, 'HK', 'HITAM - KUNING');
INSERT INTO feature (idfeatyp, idfeature, refkey, description) VALUES (100, 159, 'HL', 'HITAM KUNING SV');
INSERT INTO feature (idfeatyp, idfeature, refkey, description) VALUES (100, 160, 'HM', 'HITAM MERAH');
INSERT INTO feature (idfeatyp, idfeature, refkey, description) VALUES (100, 161, 'HO', 'HITAM ORANGE');
INSERT INTO feature (idfeatyp, idfeature, refkey, description) VALUES (100, 162, 'HP', 'HITAM PUTIH');
INSERT INTO feature (idfeatyp, idfeature, refkey, description) VALUES (100, 163, 'HR', 'HITAM - BIRU OR');
INSERT INTO feature (idfeatyp, idfeature, refkey, description) VALUES (100, 164, 'HS', 'HITAM SILVER');
INSERT INTO feature (idfeatyp, idfeature, refkey, description) VALUES (100, 165, 'HT', 'HIJAU PUTIH');
INSERT INTO feature (idfeatyp, idfeature, refkey, description) VALUES (100, 166, 'HU', 'HITAM - BIRU PU');
INSERT INTO feature (idfeatyp, idfeature, refkey, description) VALUES (100, 167, 'HV', 'HITAM VIOLET');
INSERT INTO feature (idfeatyp, idfeature, refkey, description) VALUES (100, 168, 'HW', 'HITAM-BEIGE');
INSERT INTO feature (idfeatyp, idfeature, refkey, description) VALUES (100, 169, 'HY', 'HITAM-SILVER YL');
INSERT INTO feature (idfeatyp, idfeature, refkey, description) VALUES (100, 170, 'HZ', 'HITAM-SILVER BL');
INSERT INTO feature (idfeatyp, idfeature, refkey, description) VALUES (100, 172, 'KH', 'KUNING HITAM');
INSERT INTO feature (idfeatyp, idfeature, refkey, description) VALUES (100, 173, 'KR', 'KREM-MERAH');
INSERT INTO feature (idfeatyp, idfeature, refkey, description) VALUES (100, 174, 'KS', 'KUNING SILVER');
INSERT INTO feature (idfeatyp, idfeature, refkey, description) VALUES (100, 175, 'LS', 'BIRU SILVER');
INSERT INTO feature (idfeatyp, idfeature, refkey, description) VALUES (100, 176, 'MA', 'MERAH ABU-ABU');
INSERT INTO feature (idfeatyp, idfeature, refkey, description) VALUES (100, 177, 'MH', 'MERAH HITAM');
INSERT INTO feature (idfeatyp, idfeature, refkey, description) VALUES (100, 178, 'MK', 'MERAH-KREM');
INSERT INTO feature (idfeatyp, idfeature, refkey, description) VALUES (100, 179, 'MP', 'MERAH PUTIH');
INSERT INTO feature (idfeatyp, idfeature, refkey, description) VALUES (100, 180, 'MS', 'MERAH SILVER');
INSERT INTO feature (idfeatyp, idfeature, refkey, description) VALUES (100, 181, 'NK', 'PINK');
INSERT INTO feature (idfeatyp, idfeature, refkey, description) VALUES (100, 182, 'OB', 'ORANGE BIRU');
INSERT INTO feature (idfeatyp, idfeature, refkey, description) VALUES (100, 183, 'OH', 'ORANGE HITAM');
INSERT INTO feature (idfeatyp, idfeature, refkey, description) VALUES (100, 184, 'OP', 'ORANGE PUTIH');
INSERT INTO feature (idfeatyp, idfeature, refkey, description) VALUES (100, 185, 'OR', 'ORANGE');
INSERT INTO feature (idfeatyp, idfeature, refkey, description) VALUES (100, 186, 'OS', 'ORANGE SILVER');
INSERT INTO feature (idfeatyp, idfeature, refkey, description) VALUES (100, 187, 'PA', 'PUTIH ABU-ABU');
INSERT INTO feature (idfeatyp, idfeature, refkey, description) VALUES (100, 188, 'PB', 'PUTIH BIRU');
INSERT INTO feature (idfeatyp, idfeature, refkey, description) VALUES (100, 189, 'PE', 'PUTIH-BEIGE');
INSERT INTO feature (idfeatyp, idfeature, refkey, description) VALUES (100, 190, 'PF', 'PUTIH PINK');
INSERT INTO feature (idfeatyp, idfeature, refkey, description) VALUES (100, 191, 'PH', 'PUTIH HITAM');
INSERT INTO feature (idfeatyp, idfeature, refkey, description) VALUES (100, 192, 'PJ', 'PUTIH HIJAU');
INSERT INTO feature (idfeatyp, idfeature, refkey, description) VALUES (100, 193, 'PK', 'PINK');
INSERT INTO feature (idfeatyp, idfeature, refkey, description) VALUES (100, 194, 'PM', 'PUTIH MERAH');
INSERT INTO feature (idfeatyp, idfeature, refkey, description) VALUES (100, 195, 'PP', 'PINK PUTIH');
INSERT INTO feature (idfeatyp, idfeature, refkey, description) VALUES (100, 196, 'PR', 'PINK SILVER');
INSERT INTO feature (idfeatyp, idfeature, refkey, description) VALUES (100, 197, 'PS', 'PUTIH SILVER');
INSERT INTO feature (idfeatyp, idfeature, refkey, description) VALUES (100, 198, 'PV', 'PUTIH VIOLET');
INSERT INTO feature (idfeatyp, idfeature, refkey, description) VALUES (100, 199, 'RD', 'RED');
INSERT INTO feature (idfeatyp, idfeature, refkey, description) VALUES (100, 200, 'RS', 'RED SILVER');
INSERT INTO feature (idfeatyp, idfeature, refkey, description) VALUES (100, 201, 'SA', 'SILVER ABU-ABU');
INSERT INTO feature (idfeatyp, idfeature, refkey, description) VALUES (100, 202, 'SB', 'SILVER BIRU');
INSERT INTO feature (idfeatyp, idfeature, refkey, description) VALUES (100, 203, 'SH', 'SILVER HITAM');
INSERT INTO feature (idfeatyp, idfeature, refkey, description) VALUES (100, 204, 'SK', 'SILVER KUNING');
INSERT INTO feature (idfeatyp, idfeature, refkey, description) VALUES (100, 205, 'SM', 'SILVER MERAH');
INSERT INTO feature (idfeatyp, idfeature, refkey, description) VALUES (100, 206, 'ST', 'STONE GREY');
INSERT INTO feature (idfeatyp, idfeature, refkey, description) VALUES (100, 207, 'SU', 'SILVER UNGU');
INSERT INTO feature (idfeatyp, idfeature, refkey, description) VALUES (100, 208, 'SV', 'SILVER');
INSERT INTO feature (idfeatyp, idfeature, refkey, description) VALUES (100, 209, 'SX', 'SILVER AXIS GR.');
INSERT INTO feature (idfeatyp, idfeature, refkey, description) VALUES (100, 210, 'UA', 'BIRU ABU-ABU');
INSERT INTO feature (idfeatyp, idfeature, refkey, description) VALUES (100, 211, 'UO', 'BIRU ORANGE');
INSERT INTO feature (idfeatyp, idfeature, refkey, description) VALUES (100, 212, 'VH', 'VIOLET HITAM');
INSERT INTO feature (idfeatyp, idfeature, refkey, description) VALUES (100, 213, 'VO', 'VIOLET');
INSERT INTO feature (idfeatyp, idfeature, refkey, description) VALUES (100, 214, 'VP', 'VIOLET-PUTIH');
INSERT INTO feature (idfeatyp, idfeature, refkey, description) VALUES (100, 215, 'VS', 'VIOLET - SILVER');
INSERT INTO feature (idfeatyp, idfeature, refkey, description) VALUES (100, 216, 'WB', 'WHITE BLUE');
INSERT INTO feature (idfeatyp, idfeature, refkey, description) VALUES (100, 217, 'WG', 'WHITE GREEN');
INSERT INTO feature (idfeatyp, idfeature, refkey, description) VALUES (100, 218, 'WH', 'WHITE');
INSERT INTO feature (idfeatyp, idfeature, refkey, description) VALUES (100, 219, 'WL', 'WHITE BLUE');
INSERT INTO feature (idfeatyp, idfeature, refkey, description) VALUES (100, 220, 'WP', 'WHITE PINK');
INSERT INTO feature (idfeatyp, idfeature, refkey, description) VALUES (100, 221, 'WR', 'WHITE RED');
INSERT INTO feature (idfeatyp, idfeature, refkey, description) VALUES (100, 222, 'WS', 'WHITE SILVER');
INSERT INTO feature (idfeatyp, idfeature, refkey, description) VALUES (100, 223, 'XB', 'HITAM - BIRU');
INSERT INTO feature (idfeatyp, idfeature, refkey, description) VALUES (100, 224, 'XE', 'HITAM - PINK');
INSERT INTO feature (idfeatyp, idfeature, refkey, description) VALUES (100, 225, 'XH', 'HITAM - HIJAU');
INSERT INTO feature (idfeatyp, idfeature, refkey, description) VALUES (100, 226, 'XM', 'HITAM - MERAH');
INSERT INTO feature (idfeatyp, idfeature, refkey, description) VALUES (100, 227, 'XO', 'HITAM - ORANGE');
INSERT INTO feature (idfeatyp, idfeature, refkey, description) VALUES (100, 228, 'XS', 'HITAM - SILVER');
INSERT INTO feature (idfeatyp, idfeature, refkey, description) VALUES (100, 229, 'YL', 'YELLOW');
INSERT INTO feature (idfeatyp, idfeature, refkey, description) VALUES (100, 232, 'BW', 'BROWN');
INSERT INTO feature (idfeatyp, idfeature, refkey, description) VALUES (100, 233, 'CR', 'CREAM');
INSERT INTO feature (idfeatyp, idfeature, refkey, description) VALUES (100, 234, 'HN0', 'WH');
INSERT INTO feature (idfeatyp, idfeature, refkey, description) VALUES (100, 235, 'PO', 'PUTIH ORANGE');
INSERT INTO feature (idfeatyp, idfeature, refkey, description) VALUES (100, 236, 'PD', 'PUTIH MERAH BIRU');
COMMIT;

INSERT INTO rule_type (idrultyp, description) VALUES (101, 'Harga');
INSERT INTO rule_type (idrultyp, description) VALUES (102, 'Discount');
INSERT INTO rule_type (idrultyp, description) VALUES (103, 'Uang Titipan');
INSERT INTO rule_type (idrultyp, description) VALUES (104, 'Claim');
INSERT INTO rule_type (idrultyp, description) VALUES (105, 'Biaya Tambahan');
INSERT INTO rule_type (idrultyp, description) VALUES (106, 'Hot Item');
INSERT INTO rule_type (idrultyp, description) VALUES (107, 'Indent');
COMMIT;

INSERT INTO price_type (idpricetype, description, idrultyp) VALUES (10, 'HET', 101);
INSERT INTO price_type (idpricetype, description, idrultyp) VALUES (11, 'Regular Price', 101);
INSERT INTO price_type (idpricetype, description, idrultyp) VALUES (12, 'Discount', 102);
INSERT INTO price_type (idpricetype, description, idrultyp) VALUES (13, 'Discount Campaign', 102);
INSERT INTO price_type (idpricetype, description, idrultyp) VALUES (101, 'BBN', 103);
INSERT INTO price_type (idpricetype, description, idrultyp) VALUES (102, 'Subsidi AHM', 104);
INSERT INTO price_type (idpricetype, description, idrultyp) VALUES (103, 'Subsidi MD', 104);
INSERT INTO price_type (idpricetype, description, idrultyp) VALUES (104, 'Discount Dealer', 102);
INSERT INTO price_type (idpricetype, description, idrultyp) VALUES (105, 'Subsidi Financial Comp', 104);
INSERT INTO price_type (idpricetype, description, idrultyp) VALUES (999, 'Surcharge', 105);
COMMIT;

INSERT INTO sale_type (idparent, idsaletype, description) VALUES (NULL, 1, 'Unit Sales Type');
INSERT INTO sale_type (idparent, idsaletype, description) VALUES (NULL, 2, 'Report Sales Type');
INSERT INTO sale_type (idparent, idsaletype, description) VALUES (1, 20, 'Cash');
INSERT INTO sale_type (idparent, idsaletype, description) VALUES (1, 21, 'Credit');
INSERT INTO sale_type (idparent, idsaletype, description) VALUES (1, 22, 'Cash - Off The Road');
INSERT INTO sale_type (idparent, idsaletype, description) VALUES (20, 50, 'Cash - COD');
INSERT INTO sale_type (idparent, idsaletype, description) VALUES (20, 51, 'Cash - CBD');
INSERT INTO sale_type (idparent, idsaletype, description) VALUES (21, 52, 'Credit - COD');
INSERT INTO sale_type (idparent, idsaletype, description) VALUES (21, 53, 'Credit - CBD');
INSERT INTO sale_type (idparent, idsaletype, description) VALUES (22, 54, 'Cash - Off The Road - COD');
INSERT INTO sale_type (idparent, idsaletype, description) VALUES (22, 55, 'Cash - Off The Road - CBD');
INSERT INTO sale_type (idparent, idsaletype, description) VALUES (2, 100, 'Pos');
COMMIT;

INSERT INTO prospect_source (idprosou, description) VALUES (10, 'Event');
INSERT INTO prospect_source (idprosou, description) VALUES (11, 'Makelar');
INSERT INTO prospect_source (idprosou, description) VALUES (12, 'Refference');
INSERT INTO prospect_source (idprosou, description) VALUES (13, 'Refferal');
INSERT INTO prospect_source (idprosou, description) VALUES (14, 'Walk-in');
INSERT INTO prospect_source (idprosou, description) VALUES (15, 'Suspect');
COMMIT;

INSERT INTO payment_method_type (idpaymettyp, description, refkey) VALUES ( 10, 'Cash', 'cash');
INSERT INTO payment_method_type (idpaymettyp, description, refkey) VALUES ( 11, 'Electronic', 'electronic');
INSERT INTO payment_method_type (idpaymettyp, description, refkey) VALUES ( 12, 'EDC', 'edc');
INSERT INTO payment_method_type (idpaymettyp, description, refkey) VALUES ( 13, 'Voucher', 'voucher');
COMMIT;

INSERT INTO payment_method (idpaymet, refkey, idpaymettyp, description, accountnumber) VALUES ( 10, 'cash', 10, 'Cash', 'xxx-xxx-xxx-xxx-xxx');
INSERT INTO payment_method (idpaymet, refkey, idpaymettyp, description, accountnumber) VALUES ( 11, 'transfer', 11, 'Transfer', 'xxx-xxx-xxx-xxx-xxx');
COMMIT;

INSERT INTO payment_type (idpaytyp, description) VALUES (50, 'Tanda Jadi');
INSERT INTO payment_type (idpaytyp, description) VALUES (51, 'Down Payment');
COMMIT;

INSERT INTO document_type (iddoctype, idparent, description) VALUES ( 1, NULL, 'PERSON');
INSERT INTO document_type (iddoctype, idparent, description) VALUES ( 2, NULL, 'PRODUCT');
INSERT INTO document_type (iddoctype, idparent, description) VALUES (10, 1, 'KTP');
INSERT INTO document_type (iddoctype, idparent, description) VALUES (11, 1, 'KK');
INSERT INTO document_type (iddoctype, idparent, description) VALUES (12, 1, 'NPWP');
INSERT INTO document_type (iddoctype, idparent, description) VALUES (13, 2, 'THUMBNAIL');
INSERT INTO document_type (iddoctype, idparent, description) VALUES (14, 2, 'PHOTO');
INSERT INTO document_type (iddoctype, idparent, description) VALUES (15, 1, 'PHOTO SHIPMENT');
COMMIT;

INSERT INTO geo_boundary_type (idgeoboutype, description) VALUES (10, 'Provinsi');
INSERT INTO geo_boundary_type (idgeoboutype, description) VALUES (11, 'Kabupaten');
INSERT INTO geo_boundary_type (idgeoboutype, description) VALUES (12, 'Kecamatan');
INSERT INTO geo_boundary_type (idgeoboutype, description) VALUES (13, 'Desa');
INSERT INTO geo_boundary_type (idgeoboutype, description) VALUES (14, 'Reserved');
INSERT INTO geo_boundary_type (idgeoboutype, description) VALUES (15, 'Reserved');
COMMIT;


INSERT INTO religion_type (idreligiontype, description) VALUES (1, 'Islam');
INSERT INTO religion_type (idreligiontype, description) VALUES (2, 'Kristen');
INSERT INTO religion_type (idreligiontype, description) VALUES (3, 'Katolik');
INSERT INTO religion_type (idreligiontype, description) VALUES (4, 'Hindu');
INSERT INTO religion_type (idreligiontype, description) VALUES (5, 'Budha');
INSERT INTO religion_type (idreligiontype, description) VALUES (6, 'Kong Hu Chu');
INSERT INTO religion_type (idreligiontype, description) VALUES (98, 'Tidak Di Isi');
INSERT INTO religion_type (idreligiontype, description) VALUES (99, 'Tidak di ketahui');
COMMIT;

INSERT INTO work_type (idworktype, description) VALUES (1, 'Belum / Tidak Bekerja');
INSERT INTO work_type (idworktype, description) VALUES (2, 'Mengurus Rumah Tangga');
INSERT INTO work_type (idworktype, description) VALUES (3, 'Pelajar / Mahasiswa');
INSERT INTO work_type (idworktype, description) VALUES (4, 'Pensiunan');
INSERT INTO work_type (idworktype, description) VALUES (5, 'Pegawai Negeri Sipil');
INSERT INTO work_type (idworktype, description) VALUES (6, 'Tentara Nasional Indonesia');
INSERT INTO work_type (idworktype, description) VALUES (7, 'Kepolisian RI');
INSERT INTO work_type (idworktype, description) VALUES (8, 'Perdagagangan');
INSERT INTO work_type (idworktype, description) VALUES (9, 'Petani / Pekebun');
INSERT INTO work_type (idworktype, description) VALUES (10, 'Peternak');
INSERT INTO work_type (idworktype, description) VALUES (11, 'Nelayan / Perikanan');
INSERT INTO work_type (idworktype, description) VALUES (12, 'Industri');
INSERT INTO work_type (idworktype, description) VALUES (13, 'Konstruksi');
INSERT INTO work_type (idworktype, description) VALUES (14, 'Transportasi');
INSERT INTO work_type (idworktype, description) VALUES (15, 'Karyawan Swasta');
INSERT INTO work_type (idworktype, description) VALUES (16, 'Karyawan BUMN');
INSERT INTO work_type (idworktype, description) VALUES (17, 'Karyawan BUMD');
INSERT INTO work_type (idworktype, description) VALUES (18, 'Karyawan Honorer');
INSERT INTO work_type (idworktype, description) VALUES (19, 'Buruh Harian Lepas');
INSERT INTO work_type (idworktype, description) VALUES (20, 'Buruh Tani / Perkebunan');
INSERT INTO work_type (idworktype, description) VALUES (21, 'Buruh Nelayan / Perikanan');
INSERT INTO work_type (idworktype, description) VALUES (22, 'Buruh Peternakan');
INSERT INTO work_type (idworktype, description) VALUES (23, 'Pembantu Rumah Tangga');
INSERT INTO work_type (idworktype, description) VALUES (24, 'Tukang Cukur');
INSERT INTO work_type (idworktype, description) VALUES (25, 'Tukang Listrik');
INSERT INTO work_type (idworktype, description) VALUES (26, 'Tukang Batu');
INSERT INTO work_type (idworktype, description) VALUES (27, 'Tukang Kayu');
INSERT INTO work_type (idworktype, description) VALUES (28, 'Tukang Sol Sepatu');
INSERT INTO work_type (idworktype, description) VALUES (29, 'Tukang Las / Pandai Besi');
INSERT INTO work_type (idworktype, description) VALUES (30, 'Tukang Jahit');
INSERT INTO work_type (idworktype, description) VALUES (31, 'Tukang Gigi');
INSERT INTO work_type (idworktype, description) VALUES (32, 'Penata Rias');
INSERT INTO work_type (idworktype, description) VALUES (33, 'Penata Busana');
INSERT INTO work_type (idworktype, description) VALUES (34, 'Penata Rambut');
INSERT INTO work_type (idworktype, description) VALUES (35, 'Mekanik');
INSERT INTO work_type (idworktype, description) VALUES (36, 'Seniman');
INSERT INTO work_type (idworktype, description) VALUES (37, 'Tabib');
INSERT INTO work_type (idworktype, description) VALUES (38, 'Paraji');
INSERT INTO work_type (idworktype, description) VALUES (39, 'Perancang Busana');
INSERT INTO work_type (idworktype, description) VALUES (40, 'Penterjemah');
INSERT INTO work_type (idworktype, description) VALUES (41, 'Imam Masjid');
INSERT INTO work_type (idworktype, description) VALUES (42, 'Pendeta');
INSERT INTO work_type (idworktype, description) VALUES (43, 'Pastur');
INSERT INTO work_type (idworktype, description) VALUES (44, 'Wartawan');
INSERT INTO work_type (idworktype, description) VALUES (45, 'Ustadz / Mubaligh');
INSERT INTO work_type (idworktype, description) VALUES (46, 'Juru Masak');
INSERT INTO work_type (idworktype, description) VALUES (47, 'Promotor Acara');
INSERT INTO work_type (idworktype, description) VALUES (48, 'Anggota DPR-RI');
INSERT INTO work_type (idworktype, description) VALUES (49, 'Anggota DPD');
INSERT INTO work_type (idworktype, description) VALUES (50, 'Anggota BPK');
INSERT INTO work_type (idworktype, description) VALUES (51, 'Presiden');
INSERT INTO work_type (idworktype, description) VALUES (52, 'Wakil Presiden');
INSERT INTO work_type (idworktype, description) VALUES (53, 'Anggota Mahkamah Konstitusi');
INSERT INTO work_type (idworktype, description) VALUES (54, 'Anggota Kabinet / Kementerian');
INSERT INTO work_type (idworktype, description) VALUES (55, 'Duta Besar');
INSERT INTO work_type (idworktype, description) VALUES (56, 'Gubernur');
INSERT INTO work_type (idworktype, description) VALUES (57, 'Wakil Gubernur');
INSERT INTO work_type (idworktype, description) VALUES (58, 'Bupati');
INSERT INTO work_type (idworktype, description) VALUES (59, 'Wakil Bupati');
INSERT INTO work_type (idworktype, description) VALUES (60, 'Walikota');
INSERT INTO work_type (idworktype, description) VALUES (61, 'Wakil Walikota');
INSERT INTO work_type (idworktype, description) VALUES (62, 'Anggota DPRD Propinsi');
INSERT INTO work_type (idworktype, description) VALUES (63, 'Anggota DPRD Kabupaten / Kota');
INSERT INTO work_type (idworktype, description) VALUES (64, 'Dosen');
INSERT INTO work_type (idworktype, description) VALUES (65, 'Guru');
INSERT INTO work_type (idworktype, description) VALUES (66, 'Pilot');
INSERT INTO work_type (idworktype, description) VALUES (67, 'Pengacara');
INSERT INTO work_type (idworktype, description) VALUES (68, 'Notaris');
INSERT INTO work_type (idworktype, description) VALUES (69, 'Arsitek');
INSERT INTO work_type (idworktype, description) VALUES (70, 'Akuntan');
INSERT INTO work_type (idworktype, description) VALUES (71, 'Konsultan');
INSERT INTO work_type (idworktype, description) VALUES (72, 'Dokter');
INSERT INTO work_type (idworktype, description) VALUES (73, 'Bidan');
INSERT INTO work_type (idworktype, description) VALUES (74, 'Perawat');
INSERT INTO work_type (idworktype, description) VALUES (75, 'Apoteker');
INSERT INTO work_type (idworktype, description) VALUES (76, 'Psikiater / Psikolog');
INSERT INTO work_type (idworktype, description) VALUES (77, 'Penyiar Televisi');
INSERT INTO work_type (idworktype, description) VALUES (78, 'Penyiar Radio');
INSERT INTO work_type (idworktype, description) VALUES (79, 'Pelaut');
INSERT INTO work_type (idworktype, description) VALUES (80, 'Peneliti');
INSERT INTO work_type (idworktype, description) VALUES (81, 'Sopir');
INSERT INTO work_type (idworktype, description) VALUES (82, 'Pialang');
INSERT INTO work_type (idworktype, description) VALUES (83, 'Paranormal');
INSERT INTO work_type (idworktype, description) VALUES (84, 'Pedagang');
INSERT INTO work_type (idworktype, description) VALUES (85, 'Perangkat Desa');
INSERT INTO work_type (idworktype, description) VALUES (86, 'Kepala Desa');
INSERT INTO work_type (idworktype, description) VALUES (87, 'Biarawati');
INSERT INTO work_type (idworktype, description) VALUES (88, 'Wiraswasta');
INSERT INTO work_type (idworktype, description) VALUES (999, 'Other');
COMMIT;

INSERT INTO billing_type (idbiltyp, description) VALUES (10, 'Vehicle Sales Billing');
INSERT INTO billing_type (idbiltyp, description) VALUES (11, 'Part Sales Billing');
INSERT INTO billing_type (idbiltyp, description) VALUES (12, 'Vehicle Purchase Billing');
COMMIT;

INSERT INTO billing_item_type (idbilitetyp, description) VALUES ( 10, 'Product');
INSERT INTO billing_item_type (idbilitetyp, description) VALUES (101, 'Unit Motor');
INSERT INTO billing_item_type (idbilitetyp, description) VALUES (102, 'Part');
INSERT INTO billing_item_type (idbilitetyp, description) VALUES (501, 'Subsidi Dealer');
INSERT INTO billing_item_type (idbilitetyp, description) VALUES (502, 'Subsidi Financial Comp');
INSERT INTO billing_item_type (idbilitetyp, description) VALUES (503, 'Subsidi MD');
INSERT INTO billing_item_type (idbilitetyp, description) VALUES (505, 'Subsidi AHM');
INSERT INTO billing_item_type (idbilitetyp, description) VALUES (200, 'Tanda Jadi');
INSERT INTO billing_item_type (idbilitetyp, description) VALUES (511, 'BBN');
INSERT INTO billing_item_type (idbilitetyp, description) VALUES (5000, 'PPN');
INSERT INTO billing_item_type (idbilitetyp, description) VALUES (5001, 'PPH');
COMMIT;

INSERT INTO deliverable_type (iddeltype, description) VALUES (101, 'NOPOL');
INSERT INTO deliverable_type (iddeltype, description) VALUES (102, 'STNK');
INSERT INTO deliverable_type (iddeltype, description) VALUES (103, 'BPKB');
INSERT INTO deliverable_type (iddeltype, description) VALUES (104, 'NOTICE');
COMMIT;

INSERT INTO approval_type (idapptyp, description) VALUES (101, 'Discount SUR');
INSERT INTO approval_type (idapptyp, description) VALUES (102, 'Sales Message Unit');
INSERT INTO approval_type (idapptyp, description) VALUES (103, 'Wilayah');
INSERT INTO approval_type (idapptyp, description) VALUES (104, 'Leasing');
COMMIT;

INSERT INTO broker_type (idbrotyp, description) VALUES ( 10, 'Makelar');
INSERT INTO broker_type (idbrotyp, description) VALUES ( 11, 'Refference');
INSERT INTO broker_type (idbrotyp, description) VALUES ( 12, 'Refferal');
COMMIT;

INSERT INTO suspect_type (idsuspecttyp, description) VALUES ( 10, 'Upload');
INSERT INTO suspect_type (idsuspecttyp, description) VALUES ( 11, 'Repeat Order');
INSERT INTO suspect_type (idsuspecttyp, description) VALUES ( 12, 'Segmentasi');
INSERT INTO suspect_type (idsuspecttyp, description) VALUES ( 99, 'Other');
COMMIT;

INSERT INTO product_category_type (idcattyp, description) VALUES ( 1005, 'Hot Item');
INSERT INTO product_category (idcattyp, idcategory, description) VALUES ( 1005, 1211, 'Hot Item');
INSERT INTO product_category (idcattyp, idcategory, description) VALUES ( 1005, 1212, 'Non Hot Item');
COMMIT;

INSERT INTO purpose_type (idpurposetype, description) VALUES (1001, 'Primary Facility');
INSERT INTO memo_type (idmemotype, description) VALUES (1, 'Ganti Komposisi Harga');
INSERT INTO memo_type (idmemotype, description) VALUES (2, 'Ganti Noka / Nosin');
INSERT INTO memo_type (idmemotype, description) VALUES (3, 'Ganti Warna');
COMMIT;

INSERT INTO stock_opname_type (idstkopntyp, description) VALUES (10, 'Stock Opname Unit');
INSERT INTO stock_opname_type (idstkopntyp, description) VALUES (11, 'Stock Opname Unit Lokasi');
INSERT INTO stock_opname_type (idstkopntyp, description) VALUES (51, 'Stock Opname Part');
INSERT INTO stock_opname_type (idstkopntyp, description) VALUES (52, 'Stock Opname Part Lokasi');
COMMIT;

INSERT INTO container_type (idcontyp, description) VALUES (10, 'Rak');
INSERT INTO container_type (idcontyp, description) VALUES (11, 'Palet');
INSERT INTO container_type (idcontyp, description) VALUES (12, 'Bin Box');
INSERT INTO container_type (idcontyp, description) VALUES (13, 'Room');
COMMIT;

INSERT INTO request_type (idreqtype, description) VALUES (1, 'Moving Item');
INSERT INTO request_type (idreqtype, description) VALUES (2, 'Request Requirement');
COMMIT;

INSERT INTO request_type (idreqtype, description) VALUES (101, 'VSO Group');
INSERT INTO request_type (idreqtype, description) VALUES (102, 'VSO Direct');
INSERT INTO request_type (idreqtype, description) VALUES (103, 'VSO Internal Buy');
COMMIT;

INSERT INTO shipment_type (idshityp, description) VALUES (10, 'DO Unit');
COMMIT;

INSERT INTO vendor_type (idvndtyp, description) VALUES (10, 'Third Party Trade - Unit');
INSERT INTO vendor_type (idvndtyp, description) VALUES (11, 'Third Party Trade - Part');
INSERT INTO vendor_type (idvndtyp, description) VALUES (12, 'Related Party Trade - Unit');
INSERT INTO vendor_type (idvndtyp, description) VALUES (13, 'Related Part7y Trade - Part');
INSERT INTO vendor_type (idvndtyp, description) VALUES (14, 'Employee');
INSERT INTO vendor_type (idvndtyp, description) VALUES (15, 'Bank BCA');
INSERT INTO vendor_type (idvndtyp, description) VALUES (16, 'Bank Permata');
INSERT INTO vendor_type (idvndtyp, description) VALUES (17, 'Third Party Non Trade');
INSERT INTO vendor_type (idvndtyp, description) VALUES (18, 'Related Party Non Trade');
INSERT INTO vendor_type (idvndtyp, description) VALUES (19, 'BBN');
INSERT INTO vendor_type (idvndtyp, description) VALUES (999, 'Unknown');
COMMIT;

INSERT INTO shipment_package_type (idshipactyp, description) VALUES (101, 'Init Stock Unit');
INSERT INTO shipment_package_type (idshipactyp, description) VALUES (102, 'Init Stock Product');
COMMIT;

INSERT INTO relation_type (idreltyp, description) VALUES (10, 'Customer');
INSERT INTO relation_type (idreltyp, description) VALUES (11, 'Vendor');
COMMIT;