INSERT INTO bdc_broadcasters(id,nome,tipo_broadcaster,data_creazione) VALUES (1,'2 NETWORK SRL','TELEVISIONE', '2018-01-19 15:29:56');
INSERT INTO bdc_broadcasters(id,nome,tipo_broadcaster,data_creazione) VALUES (2,'ADNKRONOS SALUTE','TELEVISIONE', '2018-01-19 15:29:56');
INSERT INTO bdc_broadcasters(id,nome,tipo_broadcaster,data_creazione) VALUES (3,'6C SRL','TELEVISIONE', '2018-01-19 15:29:56');
INSERT INTO bdc_broadcasters(id,nome,tipo_broadcaster,data_creazione) VALUES (4,'A&E TELEVISION NETWORKS ITALY SRL','TELEVISIONE', '2018-01-19 15:29:56');
INSERT INTO bdc_broadcasters(id,nome,tipo_broadcaster,data_creazione) VALUES (5,'A.S. ROMA SPA','TELEVISIONE', '2018-01-19 15:29:56');
INSERT INTO bdc_broadcasters(id,nome,tipo_broadcaster,data_creazione) VALUES (6,'AGONSET.IT SRL','TELEVISIONE', '2018-01-19 15:29:56');
INSERT INTO bdc_broadcasters(id,nome,tipo_broadcaster,data_creazione) VALUES (7,'AGM COMUNICAZIONE ','TELEVISIONE', '2018-01-19 15:29:56');
INSERT INTO bdc_broadcasters(id,nome,tipo_broadcaster,data_creazione) VALUES (8,'ASSOCIAZIONE PADRE PIO TV','TELEVISIONE', '2018-01-19 15:29:56');
INSERT INTO bdc_broadcasters(id,nome,tipo_broadcaster,data_creazione) VALUES (9,'AL.MA MEDIA SRL','TELEVISIONE', '2018-01-19 15:29:56');
INSERT INTO bdc_broadcasters(id,nome,tipo_broadcaster,data_creazione) VALUES (10,'BIKE CHANNEL SRL','TELEVISIONE', '2018-01-19 15:29:56');
INSERT INTO bdc_broadcasters(id,nome,tipo_broadcaster,data_creazione) VALUES (11,'DE AGOSTINI EDITORE','TELEVISIONE', '2018-01-19 15:29:56');
INSERT INTO bdc_broadcasters(id,nome,tipo_broadcaster,data_creazione) VALUES (12,'CLASSICA TV','TELEVISIONE', '2018-01-19 15:29:56');
INSERT INTO bdc_broadcasters(id,nome,tipo_broadcaster,data_creazione) VALUES (13,'TBS TELEVISION BROAD.SYS','TELEVISIONE', '2018-01-19 15:29:56');
INSERT INTO bdc_broadcasters(id,nome,tipo_broadcaster,data_creazione) VALUES (14,'CLASS CNBC SPA ','TELEVISIONE', '2018-01-19 15:29:56');
INSERT INTO bdc_broadcasters(id,nome,tipo_broadcaster,data_creazione) VALUES (15,'ALL MUSIC','TELEVISIONE', '2018-01-19 15:29:56');
INSERT INTO bdc_broadcasters(id,nome,tipo_broadcaster,data_creazione) VALUES (16,'CLASS HORSE TV SRL','TELEVISIONE', '2018-01-19 15:29:56');
INSERT INTO bdc_broadcasters(id,nome,tipo_broadcaster,data_creazione) VALUES (17,'CERAMICANDA','TELEVISIONE', '2018-01-19 15:29:56');
INSERT INTO bdc_broadcasters(id,nome,tipo_broadcaster,data_creazione) VALUES (18,'2BCOM SRL','TELEVISIONE', '2018-01-19 15:29:56');
INSERT INTO bdc_broadcasters(id,nome,tipo_broadcaster,data_creazione) VALUES (19,'RTI ','TELEVISIONE', '2018-01-19 15:29:56');
INSERT INTO bdc_broadcasters(id,nome,tipo_broadcaster,data_creazione) VALUES (20,'GIGLIO GROUP','TELEVISIONE', '2018-01-19 15:29:56');
INSERT INTO bdc_broadcasters(id,nome,tipo_broadcaster,data_creazione) VALUES (21,'MEDIATEXT','TELEVISIONE', '2018-01-19 15:29:56');
INSERT INTO bdc_broadcasters(id,nome,tipo_broadcaster,data_creazione) VALUES (22,'COMUNICAZIONE ITALIA','TELEVISIONE', '2018-01-19 15:29:56');
INSERT INTO bdc_broadcasters(id,nome,tipo_broadcaster,data_creazione) VALUES (23,'CULT NETWORK ITALIA','TELEVISIONE', '2018-01-19 15:29:56');
INSERT INTO bdc_broadcasters(id,nome,tipo_broadcaster,data_creazione) VALUES (24,'LT TELEVISIONI SRL','TELEVISIONE', '2018-01-19 15:29:56');
INSERT INTO bdc_broadcasters(id,nome,tipo_broadcaster,data_creazione) VALUES (25,'DAHLIA TV','TELEVISIONE', '2018-01-19 15:29:56');
INSERT INTO bdc_broadcasters(id,nome,tipo_broadcaster,data_creazione) VALUES (26,'DANCE TRIPPIN BV','TELEVISIONE', '2018-01-19 15:29:56');
INSERT INTO bdc_broadcasters(id,nome,tipo_broadcaster,data_creazione) VALUES (27,'PASSIONE PESCA TV','TELEVISIONE', '2018-01-19 15:29:56');
INSERT INTO bdc_broadcasters(id,nome,tipo_broadcaster,data_creazione) VALUES (28,'DISCOVERY ITALIA','TELEVISIONE', '2018-01-19 15:29:56');
INSERT INTO bdc_broadcasters(id,nome,tipo_broadcaster,data_creazione) VALUES (29,'MAP SERVIZI SRL','TELEVISIONE', '2018-01-19 15:29:56');
INSERT INTO bdc_broadcasters(id,nome,tipo_broadcaster,data_creazione) VALUES (30,'SWITCHOVER MEDIA','TELEVISIONE', '2018-01-19 15:29:56');
INSERT INTO bdc_broadcasters(id,nome,tipo_broadcaster,data_creazione) VALUES (31,'DIGICAST SPA-RCS MEDIAGROUP','TELEVISIONE', '2018-01-19 15:29:56');
INSERT INTO bdc_broadcasters(id,nome,tipo_broadcaster,data_creazione) VALUES (32,'GRUPPO FINELCO SPA','TELEVISIONE', '2018-01-19 15:29:56');
INSERT INTO bdc_broadcasters(id,nome,tipo_broadcaster,data_creazione) VALUES (33,'MANGIA NETWORKS SRL','TELEVISIONE', '2018-01-19 15:29:56');
INSERT INTO bdc_broadcasters(id,nome,tipo_broadcaster,data_creazione) VALUES (34,'MYDEEJAYTV ','TELEVISIONE', '2018-01-19 15:29:56');
INSERT INTO bdc_broadcasters(id,nome,tipo_broadcaster,data_creazione) VALUES (35,'DIGITAL FACTORY','TELEVISIONE', '2018-01-19 15:29:56');
INSERT INTO bdc_broadcasters(id,nome,tipo_broadcaster,data_creazione) VALUES (36,'DIGITMEDIA SPA','TELEVISIONE', '2018-01-19 15:29:56');
INSERT INTO bdc_broadcasters(id,nome,tipo_broadcaster,data_creazione) VALUES (37,'RADIO ITALIA SPA','TELEVISIONE', '2018-01-19 15:29:56');
INSERT INTO bdc_broadcasters(id,nome,tipo_broadcaster,data_creazione) VALUES (38,'HIGH LIFE SRL','TELEVISIONE', '2018-01-19 15:29:56');
INSERT INTO bdc_broadcasters(id,nome,tipo_broadcaster,data_creazione) VALUES (39,'VERTICON SRL','TELEVISIONE', '2018-01-19 15:29:56');
INSERT INTO bdc_broadcasters(id,nome,tipo_broadcaster,data_creazione) VALUES (40,'PIU'' UNO INTERNATIONAL SPA','TELEVISIONE', '2018-01-19 15:29:56');
INSERT INTO bdc_broadcasters(id,nome,tipo_broadcaster,data_creazione) VALUES (41,'ITIEMME SRL','TELEVISIONE', '2018-01-19 15:29:56');
INSERT INTO bdc_broadcasters(id,nome,tipo_broadcaster,data_creazione) VALUES (42,'GLOBAL ENTERTAINMENT ITALIA','TELEVISIONE', '2018-01-19 15:29:56');
INSERT INTO bdc_broadcasters(id,nome,tipo_broadcaster,data_creazione) VALUES (43,'ITALIAN FISHING TV SRL','TELEVISIONE', '2018-01-19 15:29:56');
INSERT INTO bdc_broadcasters(id,nome,tipo_broadcaster,data_creazione) VALUES (44,'E.BIS.MEDIA','TELEVISIONE', '2018-01-19 15:29:56');
INSERT INTO bdc_broadcasters(id,nome,tipo_broadcaster,data_creazione) VALUES (45,'INTER MEDIA AND COMMUNICATION SRL','TELEVISIONE', '2018-01-19 15:29:56');
INSERT INTO bdc_broadcasters(id,nome,tipo_broadcaster,data_creazione) VALUES (46,'THE BLOG TV SPA','TELEVISIONE', '2018-01-19 15:29:56');
INSERT INTO bdc_broadcasters(id,nome,tipo_broadcaster,data_creazione) VALUES (47,'GM COMUNICAZIONE SRL','TELEVISIONE', '2018-01-19 15:29:56');
INSERT INTO bdc_broadcasters(id,nome,tipo_broadcaster,data_creazione) VALUES (48,'ONE SAT SRL','TELEVISIONE', '2018-01-19 15:29:56');
INSERT INTO bdc_broadcasters(id,nome,tipo_broadcaster,data_creazione) VALUES (49,'MONRADIO SRL','TELEVISIONE', '2018-01-19 15:29:56');
INSERT INTO bdc_broadcasters(id,nome,tipo_broadcaster,data_creazione) VALUES (50,'FOX ITALIA','TELEVISIONE', '2018-01-19 15:29:56');
INSERT INTO bdc_broadcasters(id,nome,tipo_broadcaster,data_creazione) VALUES (51,'S.S. LAZIO MARKETING & COMMUNICATION SPA','TELEVISIONE', '2018-01-19 15:29:56');
INSERT INTO bdc_broadcasters(id,nome,tipo_broadcaster,data_creazione) VALUES (52,'EUROPA NETWORK SRL','TELEVISIONE', '2018-01-19 15:29:56');
INSERT INTO bdc_broadcasters(id,nome,tipo_broadcaster,data_creazione) VALUES (53,'QVC ITALIA SRL','TELEVISIONE', '2018-01-19 15:29:56');
INSERT INTO bdc_broadcasters(id,nome,tipo_broadcaster,data_creazione) VALUES (54,'THE WALT DISNEY','TELEVISIONE', '2018-01-19 15:29:56');
INSERT INTO bdc_broadcasters(id,nome,tipo_broadcaster,data_creazione) VALUES (55,'UNOMEDIA SRL','TELEVISIONE', '2018-01-19 15:29:56');
INSERT INTO bdc_broadcasters(id,nome,tipo_broadcaster,data_creazione) VALUES (56,'GAMBERO ROSSO TV','TELEVISIONE', '2018-01-19 15:29:56');
INSERT INTO bdc_broadcasters(id,nome,tipo_broadcaster,data_creazione) VALUES (57,'VIACOM NETWORKS','TELEVISIONE', '2018-01-19 15:29:56');
INSERT INTO bdc_broadcasters(id,nome,tipo_broadcaster,data_creazione) VALUES (58,'RAI - RADIO TELEVISIONE ITALIANA SPA','TELEVISIONE', '2018-01-19 15:29:56');
INSERT INTO bdc_broadcasters(id,nome,tipo_broadcaster,data_creazione) VALUES (59,'BEEP OMNIMEDIA','TELEVISIONE', '2018-01-19 15:29:56');
INSERT INTO bdc_broadcasters(id,nome,tipo_broadcaster,data_creazione) VALUES (60,'MANGA TV SRL','TELEVISIONE', '2018-01-19 15:29:56');
INSERT INTO bdc_broadcasters(id,nome,tipo_broadcaster,data_creazione) VALUES (61,'TERRA CIELO MARE SRL','TELEVISIONE', '2018-01-19 15:29:56');
INSERT INTO bdc_broadcasters(id,nome,tipo_broadcaster,data_creazione) VALUES (62,'MARCONI SR','TELEVISIONE', '2018-01-19 15:29:56');
INSERT INTO bdc_broadcasters(id,nome,tipo_broadcaster,data_creazione) VALUES (63,'DONNA E SPOSA S.R.L.','TELEVISIONE', '2018-01-19 15:29:56');
INSERT INTO bdc_broadcasters(id,nome,tipo_broadcaster,data_creazione) VALUES (64,'TELEIPPICA SRL','TELEVISIONE', '2018-01-19 15:29:56');
INSERT INTO bdc_broadcasters(id,nome,tipo_broadcaster,data_creazione) VALUES (65,'MILAN ENTERTAINMENT SRL','TELEVISIONE', '2018-01-19 15:29:56');
INSERT INTO bdc_broadcasters(id,nome,tipo_broadcaster,data_creazione) VALUES (66,'SPARROWHAWK','TELEVISIONE', '2018-01-19 15:29:56');
INSERT INTO bdc_broadcasters(id,nome,tipo_broadcaster,data_creazione) VALUES (67,'ERDE UND MENSCH','TELEVISIONE', '2018-01-19 15:29:56');
INSERT INTO bdc_broadcasters(id,nome,tipo_broadcaster,data_creazione) VALUES (68,'JETIX EUROPE','TELEVISIONE', '2018-01-19 15:29:56');
INSERT INTO bdc_broadcasters(id,nome,tipo_broadcaster,data_creazione) VALUES (69,'F.C. INTERNAZIONALE MILANO SPA','TELEVISIONE', '2018-01-19 15:29:56');
INSERT INTO bdc_broadcasters(id,nome,tipo_broadcaster,data_creazione) VALUES (70,'LADYCHANNEL','TELEVISIONE', '2018-01-19 15:29:56');
INSERT INTO bdc_broadcasters(id,nome,tipo_broadcaster,data_creazione) VALUES (71,'ROCK TV ','TELEVISIONE', '2018-01-19 15:29:56');
INSERT INTO bdc_broadcasters(id,nome,tipo_broadcaster,data_creazione) VALUES (72,'TV SENDER NEU JERUSALEM','TELEVISIONE', '2018-01-19 15:29:56');
INSERT INTO bdc_broadcasters(id,nome,tipo_broadcaster,data_creazione) VALUES (73,'DISCOVERY COMMUNICATION EUROPE','TELEVISIONE', '2018-01-19 15:29:56');
INSERT INTO bdc_broadcasters(id,nome,tipo_broadcaster,data_creazione) VALUES (74,'GTECH S.P.A','TELEVISIONE', '2018-01-19 15:29:56');
INSERT INTO bdc_broadcasters(id,nome,tipo_broadcaster,data_creazione) VALUES (75,'MOTO TV SRL','TELEVISIONE', '2018-01-19 15:29:56');
INSERT INTO bdc_broadcasters(id,nome,tipo_broadcaster,data_creazione) VALUES (76,'LA7 SRL','TELEVISIONE', '2018-01-19 15:29:56');
INSERT INTO bdc_broadcasters(id,nome,tipo_broadcaster,data_creazione) VALUES (77,'VIVA L''ITALIA CHANNEL SRL','TELEVISIONE', '2018-01-19 15:29:56');
INSERT INTO bdc_broadcasters(id,nome,tipo_broadcaster,data_creazione) VALUES (78,'BLU SRL','TELEVISIONE', '2018-01-19 15:29:56');
INSERT INTO bdc_broadcasters(id,nome,tipo_broadcaster,data_creazione) VALUES (79,'MGM','TELEVISIONE', '2018-01-19 15:29:56');
INSERT INTO bdc_broadcasters(id,nome,tipo_broadcaster,data_creazione) VALUES (80,'NEW TELEVISION SRL','TELEVISIONE', '2018-01-19 15:29:56');
INSERT INTO bdc_broadcasters(id,nome,tipo_broadcaster,data_creazione) VALUES (81,'SAN MARINO RTV SPA','TELEVISIONE', '2018-01-19 15:29:56');
INSERT INTO bdc_broadcasters(id,nome,tipo_broadcaster,data_creazione) VALUES (82,'TV MODA SRL','TELEVISIONE', '2018-01-19 15:29:56');
INSERT INTO bdc_broadcasters(id,nome,tipo_broadcaster,data_creazione) VALUES (83,'MTV ITALIA','TELEVISIONE', '2018-01-19 15:29:56');
INSERT INTO bdc_broadcasters(id,nome,tipo_broadcaster,data_creazione) VALUES (84,'HALLMARK CHANNEL','TELEVISIONE', '2018-01-19 15:29:56');
INSERT INTO bdc_broadcasters(id,nome,tipo_broadcaster,data_creazione) VALUES (85,'NBC UNIVERSAL ','TELEVISIONE', '2018-01-19 15:29:56');
INSERT INTO bdc_broadcasters(id,nome,tipo_broadcaster,data_creazione) VALUES (86,'RETEBLU - TV2000','TELEVISIONE', '2018-01-19 15:29:56');
INSERT INTO bdc_broadcasters(id,nome,tipo_broadcaster,data_creazione) VALUES (87,'TURNER BROADCASTING  ','TELEVISIONE', '2018-01-19 15:29:56');
INSERT INTO bdc_broadcasters(id,nome,tipo_broadcaster,data_creazione) VALUES (88,'MATCH MUSIC TV','TELEVISIONE', '2018-01-19 15:29:56');
INSERT INTO bdc_broadcasters(id,nome,tipo_broadcaster,data_creazione) VALUES (89,'EVENTI ITALIA','TELEVISIONE', '2018-01-19 15:29:56');
INSERT INTO bdc_broadcasters(id,nome,tipo_broadcaster,data_creazione) VALUES (90,'NAPOLI MIA TV SRL','TELEVISIONE', '2018-01-19 15:29:56');
INSERT INTO bdc_broadcasters(id,nome,tipo_broadcaster,data_creazione) VALUES (91,'JET SET SRL','TELEVISIONE', '2018-01-19 15:29:56');
INSERT INTO bdc_broadcasters(id,nome,tipo_broadcaster,data_creazione) VALUES (92,'NESSUNO TV','TELEVISIONE', '2018-01-19 15:29:56');
INSERT INTO bdc_broadcasters(id,nome,tipo_broadcaster,data_creazione) VALUES (93,'MARE TV','TELEVISIONE', '2018-01-19 15:29:56');
INSERT INTO bdc_broadcasters(id,nome,tipo_broadcaster,data_creazione) VALUES (94,'SISAL SPA','TELEVISIONE', '2018-01-19 15:29:56');
INSERT INTO bdc_broadcasters(id,nome,tipo_broadcaster,data_creazione) VALUES (95,'NUOVA FRANCIACORTA SRL','TELEVISIONE', '2018-01-19 15:29:56');
INSERT INTO bdc_broadcasters(id,nome,tipo_broadcaster,data_creazione) VALUES (96,'SKY ITALIA ','TELEVISIONE', '2018-01-19 15:29:56');
INSERT INTO bdc_broadcasters(id,nome,tipo_broadcaster,data_creazione) VALUES (97,'SOCCER SAS','TELEVISIONE', '2018-01-19 15:29:56');
INSERT INTO bdc_broadcasters(id,nome,tipo_broadcaster,data_creazione) VALUES (98,'STARSAT ','TELEVISIONE', '2018-01-19 15:29:56');
INSERT INTO bdc_broadcasters(id,nome,tipo_broadcaster,data_creazione) VALUES (99,'STREAM','TELEVISIONE', '2018-01-19 15:29:56');
INSERT INTO bdc_broadcasters(id,nome,tipo_broadcaster,data_creazione) VALUES (100,'FAMILY MEDIA','TELEVISIONE', '2018-01-19 15:29:56');
INSERT INTO bdc_broadcasters(id,nome,tipo_broadcaster,data_creazione) VALUES (101,'TELEPIU'' ','TELEVISIONE', '2018-01-19 15:29:56');
INSERT INTO bdc_broadcasters(id,nome,tipo_broadcaster,data_creazione) VALUES (102,'TELEPIU'' SKY','TELEVISIONE', '2018-01-19 15:29:56');
INSERT INTO bdc_broadcasters(id,nome,tipo_broadcaster,data_creazione) VALUES (103,'H3G','TELEVISIONE', '2018-01-19 15:29:56');
INSERT INTO bdc_broadcasters(id,nome,tipo_broadcaster,data_creazione) VALUES (104,'WINGA SRL','TELEVISIONE', '2018-01-19 15:29:56');
INSERT INTO bdc_broadcasters(id,nome,tipo_broadcaster,data_creazione) VALUES (105,'EASYBABY SRL','TELEVISIONE', '2018-01-19 15:29:56');
INSERT INTO bdc_broadcasters(id,nome,tipo_broadcaster,data_creazione) VALUES (106,'ANICAFLASH SRL','TELEVISIONE', '2018-01-19 15:29:56');
INSERT INTO bdc_broadcasters(id,nome,tipo_broadcaster,data_creazione) VALUES (107,'AUTOMOTO TV SRL','TELEVISIONE', '2018-01-19 15:29:56');
INSERT INTO bdc_broadcasters(id,nome,tipo_broadcaster,data_creazione) VALUES (108,'CHALLENGER','TELEVISIONE', '2018-01-19 15:29:56');
INSERT INTO bdc_broadcasters(id,nome,tipo_broadcaster,data_creazione) VALUES (109,'CURRENT ITALY SRL','TELEVISIONE', '2018-01-19 15:29:56');
INSERT INTO bdc_broadcasters(id,nome,tipo_broadcaster,data_creazione) VALUES (110,'NSTI NUOVA SOCIETÀ TELEVISIVA ITALIANA','TELEVISIONE', '2018-01-19 15:29:56');
INSERT INTO bdc_broadcasters(id,nome,tipo_broadcaster,data_creazione) VALUES (111,'CHTV GLOBAL SRL','TELEVISIONE', '2018-01-19 15:29:56');
INSERT INTO bdc_broadcasters(id,nome,tipo_broadcaster,data_creazione) VALUES (112,'PEGASO','TELEVISIONE', '2018-01-19 15:29:56');
INSERT INTO bdc_broadcasters(id,nome,tipo_broadcaster,data_creazione) VALUES (113,'RADIO MARIA','RADIO', '2018-01-19 15:29:56');
INSERT INTO bdc_broadcasters(id,nome,tipo_broadcaster,data_creazione) VALUES (114,'R.D.S.','RADIO', '2018-01-19 15:29:56');
INSERT INTO bdc_broadcasters(id,nome,tipo_broadcaster,data_creazione) VALUES (115,'RADIO ITALIA NETWORK','RADIO', '2018-01-19 15:29:56');
INSERT INTO bdc_broadcasters(id,nome,tipo_broadcaster,data_creazione) VALUES (116,'RADIO 24 ','RADIO', '2018-01-19 15:29:56');
INSERT INTO bdc_broadcasters(id,nome,tipo_broadcaster,data_creazione) VALUES (117,'R.I.S.M.I. ','RADIO', '2018-01-19 15:29:56');
INSERT INTO bdc_broadcasters(id,nome,tipo_broadcaster,data_creazione) VALUES (118,'RADIO STUDIO 105','RADIO', '2018-01-19 15:29:56');
INSERT INTO bdc_broadcasters(id,nome,tipo_broadcaster,data_creazione) VALUES (119,'RADIO MONTECARLO','RADIO', '2018-01-19 15:29:56');
INSERT INTO bdc_broadcasters(id,nome,tipo_broadcaster,data_creazione) VALUES (120,'RADIO RTL 102_5','RADIO', '2018-01-19 15:29:56');
INSERT INTO bdc_broadcasters(id,nome,tipo_broadcaster,data_creazione) VALUES (121,'RADIO RADICALE','RADIO', '2018-01-19 15:29:56');
INSERT INTO bdc_broadcasters(id,nome,tipo_broadcaster,data_creazione) VALUES (122,'RADIO 101','RADIO', '2018-01-19 15:29:56');
INSERT INTO bdc_broadcasters(id,nome,tipo_broadcaster,data_creazione) VALUES (123,'RADIO DEEJAY ','RADIO', '2018-01-19 15:29:56');
INSERT INTO bdc_broadcasters(id,nome,tipo_broadcaster,data_creazione) VALUES (124,'RADIO CAPITAL ','RADIO', '2018-01-19 15:29:56');
INSERT INTO bdc_broadcasters(id,nome,tipo_broadcaster,data_creazione) VALUES (125,'RADIO M2O ','RADIO', '2018-01-19 15:29:56');
INSERT INTO bdc_broadcasters(id,nome,tipo_broadcaster,data_creazione) VALUES (126,'RADIO KISS KISS','RADIO', '2018-01-19 15:29:56');
INSERT INTO bdc_broadcasters(id,nome,tipo_broadcaster,data_creazione) VALUES (127,'RADIO COOP ','RADIO', '2018-01-19 15:29:56');
INSERT INTO bdc_broadcasters(id,nome,tipo_broadcaster,data_creazione) VALUES (128,'RADIO PILLOW SERVICE ','RADIO', '2018-01-19 15:29:56');
INSERT INTO bdc_broadcasters(id,nome,tipo_broadcaster,data_creazione) VALUES (129,'RADIO MUSICCHOICE ','RADIO', '2018-01-19 15:29:56');
INSERT INTO bdc_broadcasters(id,nome,tipo_broadcaster,data_creazione) VALUES (130,'RADIO ROSANDROS','RADIO', '2018-01-19 15:29:56');
INSERT INTO bdc_broadcasters(id,nome,tipo_broadcaster,data_creazione) VALUES (131,'RADIO NET SYNERGY ','RADIO', '2018-01-19 15:29:56');
INSERT INTO bdc_broadcasters(id,nome,tipo_broadcaster,data_creazione) VALUES (132,'RADIO NEWPENTA ','RADIO', '2018-01-19 15:29:56');
INSERT INTO bdc_broadcasters(id,nome,tipo_broadcaster,data_creazione) VALUES (133,'RADIO PADANIA','RADIO', '2018-01-19 15:29:56');
INSERT INTO bdc_broadcasters(id,nome,tipo_broadcaster,data_creazione) VALUES (134,'ROMA RADIO ATAC ','RADIO', '2018-01-19 15:29:56');
INSERT INTO bdc_broadcasters(id,nome,tipo_broadcaster,data_creazione) VALUES (135,'RADIO VATICANA','RADIO', '2018-01-19 15:29:56');
INSERT INTO bdc_broadcasters(id,nome,tipo_broadcaster,data_creazione) VALUES (136,'VIRGIN RADIO ','RADIO', '2018-01-19 15:29:56');
INSERT INTO bdc_broadcasters(id,nome,tipo_broadcaster,data_creazione) VALUES (137,'RAI - RADIO TELEVISIONE ITALIANA SPA','RADIO', '2018-01-19 15:29:56');
INSERT INTO bdc_broadcasters(id,nome,tipo_broadcaster,data_creazione) VALUES (9998, 'HARMONIC BROADCASTER', 'TELEVISIONE', '2018-01-19 15:29:56');
INSERT INTO bdc_broadcasters(id,nome,tipo_broadcaster,data_creazione) VALUES (9999, 'HARMONIC RADIO', 'RADIO', '2018-01-19 15:29:56');

INSERT INTO bdc_canali(id,id_broadcaster,nome,tipo_canale,generalista,active,special_radio,data_inizio_valid,data_creazione,data_ultima_modifica,utente_ultima_modifica) VALUES (1,1,'CANALE BLU','TELEVISIONE',0,0,0,'2011-01-01 00:00:00','2018-01-19 15:29:56','2018-01-19 15:29:56','esercizio');
INSERT INTO bdc_canali(id,id_broadcaster,nome,tipo_canale,generalista,active,special_radio,data_inizio_valid,data_creazione,data_ultima_modifica,utente_ultima_modifica) VALUES (2,2,'DOCTOR''S LIFE','TELEVISIONE',0,1,0,'2011-01-01 00:00:00','2018-01-19 15:29:56','2018-01-19 15:29:56','esercizio');
INSERT INTO bdc_canali(id,id_broadcaster,nome,tipo_canale,generalista,active,special_radio,data_inizio_valid,data_creazione,data_ultima_modifica,utente_ultima_modifica) VALUES (3,3,'CHAT','TELEVISIONE',0,0,0,'2011-01-01 00:00:00','2018-01-19 15:29:56','2018-01-19 15:29:56','esercizio');
INSERT INTO bdc_canali(id,id_broadcaster,nome,tipo_canale,generalista,active,special_radio,data_inizio_valid,data_creazione,data_ultima_modifica,utente_ultima_modifica) VALUES (4,3,'CIAO','TELEVISIONE',0,0,0,'2011-01-01 00:00:00','2018-01-19 15:29:56','2018-01-19 15:29:56','esercizio');
INSERT INTO bdc_canali(id,id_broadcaster,nome,tipo_canale,generalista,active,special_radio,data_inizio_valid,data_creazione,data_ultima_modifica,utente_ultima_modifica) VALUES (5,3,'DIRETTA TV','TELEVISIONE',0,0,0,'2011-01-01 00:00:00','2018-01-19 15:29:56','2018-01-19 15:29:56','esercizio');
INSERT INTO bdc_canali(id,id_broadcaster,nome,tipo_canale,generalista,active,special_radio,data_inizio_valid,data_creazione,data_ultima_modifica,utente_ultima_modifica) VALUES (6,3,'PIU'' TV','TELEVISIONE',0,0,0,'2011-01-01 00:00:00','2018-01-19 15:29:56','2018-01-19 15:29:56','esercizio');
INSERT INTO bdc_canali(id,id_broadcaster,nome,tipo_canale,generalista,active,special_radio,data_inizio_valid,data_creazione,data_ultima_modifica,utente_ultima_modifica) VALUES (7,3,'STARSAT','TELEVISIONE',0,0,0,'2011-01-01 00:00:00','2018-01-19 15:29:56','2018-01-19 15:29:56','esercizio');
INSERT INTO bdc_canali(id,id_broadcaster,nome,tipo_canale,generalista,active,special_radio,data_inizio_valid,data_creazione,data_ultima_modifica,utente_ultima_modifica) VALUES (8,3,'SUPER','TELEVISIONE',0,0,0,'2011-01-01 00:00:00','2018-01-19 15:29:56','2018-01-19 15:29:56','esercizio');
INSERT INTO bdc_canali(id,id_broadcaster,nome,tipo_canale,generalista,active,special_radio,data_inizio_valid,data_creazione,data_ultima_modifica,utente_ultima_modifica) VALUES (9,3,'SUPERFLUO','TELEVISIONE',0,0,0,'2011-01-01 00:00:00','2018-01-19 15:29:56','2018-01-19 15:29:56','esercizio');
INSERT INTO bdc_canali(id,id_broadcaster,nome,tipo_canale,generalista,active,special_radio,data_inizio_valid,data_creazione,data_ultima_modifica,utente_ultima_modifica) VALUES (10,4,'CRIME + INVESTIGATION','TELEVISIONE',0,1,0,'2011-01-01 00:00:00','2018-01-19 15:29:56','2018-01-19 15:29:56','esercizio');
INSERT INTO bdc_canali(id,id_broadcaster,nome,tipo_canale,generalista,active,special_radio,data_inizio_valid,data_creazione,data_ultima_modifica,utente_ultima_modifica) VALUES (11,4,'HISTORY','TELEVISIONE',0,1,0,'2011-01-01 00:00:00','2018-01-19 15:29:56','2018-01-19 15:29:56','esercizio');
INSERT INTO bdc_canali(id,id_broadcaster,nome,tipo_canale,generalista,active,special_radio,data_inizio_valid,data_creazione,data_ultima_modifica,utente_ultima_modifica) VALUES (12,5,'ROMA CHANNEL','TELEVISIONE',0,0,0,'2011-01-01 00:00:00','2018-01-19 15:29:56','2018-01-19 15:29:56','esercizio');
INSERT INTO bdc_canali(id,id_broadcaster,nome,tipo_canale,generalista,active,special_radio,data_inizio_valid,data_creazione,data_ultima_modifica,utente_ultima_modifica) VALUES (13,6,'AGON CHANNEL','TELEVISIONE',0,1,0,'2011-01-01 00:00:00','2018-01-19 15:29:56','2018-01-19 15:29:56','esercizio');
INSERT INTO bdc_canali(id,id_broadcaster,nome,tipo_canale,generalista,active,special_radio,data_inizio_valid,data_creazione,data_ultima_modifica,utente_ultima_modifica) VALUES (14,7,'MOTO TV','TELEVISIONE',0,0,0,'2011-01-01 00:00:00','2018-01-19 15:29:56','2018-01-19 15:29:56','esercizio');
INSERT INTO bdc_canali(id,id_broadcaster,nome,tipo_canale,generalista,active,special_radio,data_inizio_valid,data_creazione,data_ultima_modifica,utente_ultima_modifica) VALUES (15,8,'PADRE PIO TV','TELEVISIONE',0,1,0,'2011-01-01 00:00:00','2018-01-19 15:29:56','2018-01-19 15:29:56','esercizio');
INSERT INTO bdc_canali(id,id_broadcaster,nome,tipo_canale,generalista,active,special_radio,data_inizio_valid,data_creazione,data_ultima_modifica,utente_ultima_modifica) VALUES (16,9,'ALICE','TELEVISIONE',0,1,0,'2011-01-01 00:00:00','2018-01-19 15:29:56','2018-01-19 15:29:56','esercizio');
INSERT INTO bdc_canali(id,id_broadcaster,nome,tipo_canale,generalista,active,special_radio,data_inizio_valid,data_creazione,data_ultima_modifica,utente_ultima_modifica) VALUES (17,9,'MARCOPOLO','TELEVISIONE',0,1,0,'2011-01-01 00:00:00','2018-01-19 15:29:56','2018-01-19 15:29:56','esercizio');
INSERT INTO bdc_canali(id,id_broadcaster,nome,tipo_canale,generalista,active,special_radio,data_inizio_valid,data_creazione,data_ultima_modifica,utente_ultima_modifica) VALUES (18,10,'BIKE CHANNEL','TELEVISIONE',0,1,0,'2011-01-01 00:00:00','2018-01-19 15:29:56','2018-01-19 15:29:56','esercizio');
INSERT INTO bdc_canali(id,id_broadcaster,nome,tipo_canale,generalista,active,special_radio,data_inizio_valid,data_creazione,data_ultima_modifica,utente_ultima_modifica) VALUES (19,11,'DEA JUNIOR','TELEVISIONE',0,1,0,'2011-01-01 00:00:00','2018-01-19 15:29:56','2018-01-19 15:29:56','esercizio');
INSERT INTO bdc_canali(id,id_broadcaster,nome,tipo_canale,generalista,active,special_radio,data_inizio_valid,data_creazione,data_ultima_modifica,utente_ultima_modifica) VALUES (20,12,'CLASSICA TV','TELEVISIONE',0,1,0,'2011-01-01 00:00:00','2018-01-19 15:29:56','2018-01-19 15:29:56','esercizio');
INSERT INTO bdc_canali(id,id_broadcaster,nome,tipo_canale,generalista,active,special_radio,data_inizio_valid,data_creazione,data_ultima_modifica,utente_ultima_modifica) VALUES (21,13,'RETECAPRI','TELEVISIONE',0,1,0,'2011-01-01 00:00:00','2018-01-19 15:29:56','2018-01-19 15:29:56','esercizio');
INSERT INTO bdc_canali(id,id_broadcaster,nome,tipo_canale,generalista,active,special_radio,data_inizio_valid,data_creazione,data_ultima_modifica,utente_ultima_modifica) VALUES (22,14,'CFN CNBC','TELEVISIONE',0,1,0,'2011-01-01 00:00:00','2018-01-19 15:29:56','2018-01-19 15:29:56','esercizio');
INSERT INTO bdc_canali(id,id_broadcaster,nome,tipo_canale,generalista,active,special_radio,data_inizio_valid,data_creazione,data_ultima_modifica,utente_ultima_modifica) VALUES (23,15,'RADIO ITALIA TV','TELEVISIONE',0,1,0,'2011-01-01 00:00:00','2018-01-19 15:29:56','2018-01-19 15:29:56','esercizio');
INSERT INTO bdc_canali(id,id_broadcaster,nome,tipo_canale,generalista,active,special_radio,data_inizio_valid,data_creazione,data_ultima_modifica,utente_ultima_modifica) VALUES (24,16,'CLASS HORSE TV','TELEVISIONE',0,0,0,'2011-01-01 00:00:00','2018-01-19 15:29:56','2018-01-19 15:29:56','esercizio');
INSERT INTO bdc_canali(id,id_broadcaster,nome,tipo_canale,generalista,active,special_radio,data_inizio_valid,data_creazione,data_ultima_modifica,utente_ultima_modifica) VALUES (25,17,'CERAMICANDA','TELEVISIONE',0,1,0,'2011-01-01 00:00:00','2018-01-19 15:29:56','2018-01-19 15:29:56','esercizio');
INSERT INTO bdc_canali(id,id_broadcaster,nome,tipo_canale,generalista,active,special_radio,data_inizio_valid,data_creazione,data_ultima_modifica,utente_ultima_modifica) VALUES (26,17,'TG ARCHITETTURA','TELEVISIONE',0,1,0,'2011-01-01 00:00:00','2018-01-19 15:29:56','2018-01-19 15:29:56','esercizio');
INSERT INTO bdc_canali(id,id_broadcaster,nome,tipo_canale,generalista,active,special_radio,data_inizio_valid,data_creazione,data_ultima_modifica,utente_ultima_modifica) VALUES (27,18,'POKERITALIA24','TELEVISIONE',0,1,0,'2011-01-01 00:00:00','2018-01-19 15:29:56','2018-01-19 15:29:56','esercizio');
INSERT INTO bdc_canali(id,id_broadcaster,nome,tipo_canale,generalista,active,special_radio,data_inizio_valid,data_creazione,data_ultima_modifica,utente_ultima_modifica) VALUES (28,19,'DISCOVERY WORLD ','TELEVISIONE',0,0,0,'2011-01-01 00:00:00','2018-01-19 15:29:56','2018-01-19 15:29:56','esercizio');
INSERT INTO bdc_canali(id,id_broadcaster,nome,tipo_canale,generalista,active,special_radio,data_inizio_valid,data_creazione,data_ultima_modifica,utente_ultima_modifica) VALUES (29,20,'LIVE','TELEVISIONE',0,0,0,'2011-01-01 00:00:00','2018-01-19 15:29:56','2018-01-19 15:29:56','esercizio');
INSERT INTO bdc_canali(id,id_broadcaster,nome,tipo_canale,generalista,active,special_radio,data_inizio_valid,data_creazione,data_ultima_modifica,utente_ultima_modifica) VALUES (30,21,'CARTOMANZIALOTTO','TELEVISIONE',0,0,0,'2011-01-01 00:00:00','2018-01-19 15:29:56','2018-01-19 15:29:56','esercizio');
INSERT INTO bdc_canali(id,id_broadcaster,nome,tipo_canale,generalista,active,special_radio,data_inizio_valid,data_creazione,data_ultima_modifica,utente_ultima_modifica) VALUES (31,22,'N.A.','TELEVISIONE',0,0,0,'2011-01-01 00:00:00','2018-01-19 15:29:56','2018-01-19 15:29:56','esercizio');
INSERT INTO bdc_canali(id,id_broadcaster,nome,tipo_canale,generalista,active,special_radio,data_inizio_valid,data_creazione,data_ultima_modifica,utente_ultima_modifica) VALUES (32,23,'CULT','TELEVISIONE',0,0,0,'2011-01-01 00:00:00','2018-01-19 15:29:56','2018-01-19 15:29:56','esercizio');
INSERT INTO bdc_canali(id,id_broadcaster,nome,tipo_canale,generalista,active,special_radio,data_inizio_valid,data_creazione,data_ultima_modifica,utente_ultima_modifica) VALUES (33,24,'ARTURO','TELEVISIONE',0,0,0,'2011-01-01 00:00:00','2018-01-19 15:29:56','2018-01-19 15:29:56','esercizio');
INSERT INTO bdc_canali(id,id_broadcaster,nome,tipo_canale,generalista,active,special_radio,data_inizio_valid,data_creazione,data_ultima_modifica,utente_ultima_modifica) VALUES (34,25,'DAHLIA ADULT','TELEVISIONE',0,0,0,'2011-01-01 00:00:00','2018-01-19 15:29:56','2018-01-19 15:29:56','esercizio');
INSERT INTO bdc_canali(id,id_broadcaster,nome,tipo_canale,generalista,active,special_radio,data_inizio_valid,data_creazione,data_ultima_modifica,utente_ultima_modifica) VALUES (35,25,'DAHLIA ADULT 2','TELEVISIONE',0,0,0,'2011-01-01 00:00:00','2018-01-19 15:29:56','2018-01-19 15:29:56','esercizio');
INSERT INTO bdc_canali(id,id_broadcaster,nome,tipo_canale,generalista,active,special_radio,data_inizio_valid,data_creazione,data_ultima_modifica,utente_ultima_modifica) VALUES (36,25,'DAHLIA ATTIVAZIONE','TELEVISIONE',0,0,0,'2011-01-01 00:00:00','2018-01-19 15:29:56','2018-01-19 15:29:56','esercizio');
INSERT INTO bdc_canali(id,id_broadcaster,nome,tipo_canale,generalista,active,special_radio,data_inizio_valid,data_creazione,data_ultima_modifica,utente_ultima_modifica) VALUES (37,25,'DAHLIA CALCIO 1','TELEVISIONE',0,0,0,'2011-01-01 00:00:00','2018-01-19 15:29:56','2018-01-19 15:29:56','esercizio');
INSERT INTO bdc_canali(id,id_broadcaster,nome,tipo_canale,generalista,active,special_radio,data_inizio_valid,data_creazione,data_ultima_modifica,utente_ultima_modifica) VALUES (38,25,'DAHLIA CALCIO 2','TELEVISIONE',0,0,0,'2011-01-01 00:00:00','2018-01-19 15:29:56','2018-01-19 15:29:56','esercizio');
INSERT INTO bdc_canali(id,id_broadcaster,nome,tipo_canale,generalista,active,special_radio,data_inizio_valid,data_creazione,data_ultima_modifica,utente_ultima_modifica) VALUES (39,25,'DAHLIA CALCIO 3','TELEVISIONE',0,0,0,'2011-01-01 00:00:00','2018-01-19 15:29:56','2018-01-19 15:29:56','esercizio');
INSERT INTO bdc_canali(id,id_broadcaster,nome,tipo_canale,generalista,active,special_radio,data_inizio_valid,data_creazione,data_ultima_modifica,utente_ultima_modifica) VALUES (40,25,'DAHLIA CALCIO 4','TELEVISIONE',0,0,0,'2011-01-01 00:00:00','2018-01-19 15:29:56','2018-01-19 15:29:56','esercizio');
INSERT INTO bdc_canali(id,id_broadcaster,nome,tipo_canale,generalista,active,special_radio,data_inizio_valid,data_creazione,data_ultima_modifica,utente_ultima_modifica) VALUES (41,25,'DAHLIA CALCIO 5','TELEVISIONE',0,0,0,'2011-01-01 00:00:00','2018-01-19 15:29:56','2018-01-19 15:29:56','esercizio');
INSERT INTO bdc_canali(id,id_broadcaster,nome,tipo_canale,generalista,active,special_radio,data_inizio_valid,data_creazione,data_ultima_modifica,utente_ultima_modifica) VALUES (42,25,'DAHLIA EROS','TELEVISIONE',0,0,0,'2011-01-01 00:00:00','2018-01-19 15:29:56','2018-01-19 15:29:56','esercizio');
INSERT INTO bdc_canali(id,id_broadcaster,nome,tipo_canale,generalista,active,special_radio,data_inizio_valid,data_creazione,data_ultima_modifica,utente_ultima_modifica) VALUES (43,25,'DAHLIA EXPLORER','TELEVISIONE',0,0,0,'2011-01-01 00:00:00','2018-01-19 15:29:56','2018-01-19 15:29:56','esercizio');
INSERT INTO bdc_canali(id,id_broadcaster,nome,tipo_canale,generalista,active,special_radio,data_inizio_valid,data_creazione,data_ultima_modifica,utente_ultima_modifica) VALUES (44,25,'DAHLIA EXTRA','TELEVISIONE',0,0,0,'2011-01-01 00:00:00','2018-01-19 15:29:56','2018-01-19 15:29:56','esercizio');
INSERT INTO bdc_canali(id,id_broadcaster,nome,tipo_canale,generalista,active,special_radio,data_inizio_valid,data_creazione,data_ultima_modifica,utente_ultima_modifica) VALUES (45,25,'DAHLIA EXTREME','TELEVISIONE',0,0,0,'2011-01-01 00:00:00','2018-01-19 15:29:56','2018-01-19 15:29:56','esercizio');
INSERT INTO bdc_canali(id,id_broadcaster,nome,tipo_canale,generalista,active,special_radio,data_inizio_valid,data_creazione,data_ultima_modifica,utente_ultima_modifica) VALUES (46,25,'DAHLIA PROMO','TELEVISIONE',0,0,0,'2011-01-01 00:00:00','2018-01-19 15:29:56','2018-01-19 15:29:56','esercizio');
INSERT INTO bdc_canali(id,id_broadcaster,nome,tipo_canale,generalista,active,special_radio,data_inizio_valid,data_creazione,data_ultima_modifica,utente_ultima_modifica) VALUES (47,25,'DAHLIA SPORT 1','TELEVISIONE',0,0,0,'2011-01-01 00:00:00','2018-01-19 15:29:56','2018-01-19 15:29:56','esercizio');
INSERT INTO bdc_canali(id,id_broadcaster,nome,tipo_canale,generalista,active,special_radio,data_inizio_valid,data_creazione,data_ultima_modifica,utente_ultima_modifica) VALUES (48,25,'DAHLIA SPORT 2','TELEVISIONE',0,0,0,'2011-01-01 00:00:00','2018-01-19 15:29:56','2018-01-19 15:29:56','esercizio');
INSERT INTO bdc_canali(id,id_broadcaster,nome,tipo_canale,generalista,active,special_radio,data_inizio_valid,data_creazione,data_ultima_modifica,utente_ultima_modifica) VALUES (49,26,'N.A.','TELEVISIONE',0,0,0,'2011-01-01 00:00:00','2018-01-19 15:29:56','2018-01-19 15:29:56','esercizio');
INSERT INTO bdc_canali(id,id_broadcaster,nome,tipo_canale,generalista,active,special_radio,data_inizio_valid,data_creazione,data_ultima_modifica,utente_ultima_modifica) VALUES (50,27,'PASSIONE PESCA','TELEVISIONE',0,1,0,'2011-01-01 00:00:00','2018-01-19 15:29:56','2018-01-19 15:29:56','esercizio');
INSERT INTO bdc_canali(id,id_broadcaster,nome,tipo_canale,generalista,active,special_radio,data_inizio_valid,data_creazione,data_ultima_modifica,utente_ultima_modifica) VALUES (51,28,'FOCUS - DISCOVERY','TELEVISIONE',0,1,0,'2011-01-01 00:00:00','2018-01-19 15:29:56','2018-01-19 15:29:56','esercizio');
INSERT INTO bdc_canali(id,id_broadcaster,nome,tipo_canale,generalista,active,special_radio,data_inizio_valid,data_creazione,data_ultima_modifica,utente_ultima_modifica) VALUES (52,11,'DEAKIDS (COMPRESO DEAKIDS+1)','TELEVISIONE',0,0,0,'2011-01-01 00:00:00','2018-01-19 15:29:56','2018-01-19 15:29:56','esercizio');
INSERT INTO bdc_canali(id,id_broadcaster,nome,tipo_canale,generalista,active,special_radio,data_inizio_valid,data_creazione,data_ultima_modifica,utente_ultima_modifica) VALUES (53,29,'RETECONOMY','TELEVISIONE',0,1,0,'2011-01-01 00:00:00','2018-01-19 15:29:56','2018-01-19 15:29:56','esercizio');
INSERT INTO bdc_canali(id,id_broadcaster,nome,tipo_canale,generalista,active,special_radio,data_inizio_valid,data_creazione,data_ultima_modifica,utente_ultima_modifica) VALUES (54,11,'DEASUPER','TELEVISIONE',0,0,0,'2011-01-01 00:00:00','2018-01-19 15:29:56','2018-01-19 15:29:56','esercizio');
INSERT INTO bdc_canali(id,id_broadcaster,nome,tipo_canale,generalista,active,special_radio,data_inizio_valid,data_creazione,data_ultima_modifica,utente_ultima_modifica) VALUES (55,30,'FOCUS - SWITCHOVER','TELEVISIONE',0,0,0,'2011-01-01 00:00:00','2018-01-19 15:29:56','2018-01-19 15:29:56','esercizio');
INSERT INTO bdc_canali(id,id_broadcaster,nome,tipo_canale,generalista,active,special_radio,data_inizio_valid,data_creazione,data_ultima_modifica,utente_ultima_modifica) VALUES (56,31,'CACCIA E PESCA','TELEVISIONE',0,0,0,'2011-01-01 00:00:00','2018-01-19 15:29:56','2018-01-19 15:29:56','esercizio');
INSERT INTO bdc_canali(id,id_broadcaster,nome,tipo_canale,generalista,active,special_radio,data_inizio_valid,data_creazione,data_ultima_modifica,utente_ultima_modifica) VALUES (57,32,'VIRGIN RADIO TELEVISION','TELEVISIONE',0,0,0,'2011-01-01 00:00:00','2018-01-19 15:29:56','2018-01-19 15:29:56','esercizio');
INSERT INTO bdc_canali(id,id_broadcaster,nome,tipo_canale,generalista,active,special_radio,data_inizio_valid,data_creazione,data_ultima_modifica,utente_ultima_modifica) VALUES (58,31,'CANALJIMMY','TELEVISIONE',0,0,0,'2011-01-01 00:00:00','2018-01-19 15:29:56','2018-01-19 15:29:56','esercizio');
INSERT INTO bdc_canali(id,id_broadcaster,nome,tipo_canale,generalista,active,special_radio,data_inizio_valid,data_creazione,data_ultima_modifica,utente_ultima_modifica) VALUES (59,31,'CINECINEMAS1','TELEVISIONE',0,0,0,'2011-01-01 00:00:00','2018-01-19 15:29:56','2018-01-19 15:29:56','esercizio');
INSERT INTO bdc_canali(id,id_broadcaster,nome,tipo_canale,generalista,active,special_radio,data_inizio_valid,data_creazione,data_ultima_modifica,utente_ultima_modifica) VALUES (60,31,'CINECINEMAS2','TELEVISIONE',0,0,0,'2011-01-01 00:00:00','2018-01-19 15:29:56','2018-01-19 15:29:56','esercizio');
INSERT INTO bdc_canali(id,id_broadcaster,nome,tipo_canale,generalista,active,special_radio,data_inizio_valid,data_creazione,data_ultima_modifica,utente_ultima_modifica) VALUES (61,31,'CINECLASSIC','TELEVISIONE',0,0,0,'2011-01-01 00:00:00','2018-01-19 15:29:56','2018-01-19 15:29:56','esercizio');
INSERT INTO bdc_canali(id,id_broadcaster,nome,tipo_canale,generalista,active,special_radio,data_inizio_valid,data_creazione,data_ultima_modifica,utente_ultima_modifica) VALUES (62,33,'FINE LIVING','TELEVISIONE',0,1,0,'2011-01-01 00:00:00','2018-01-19 15:29:56','2018-01-19 15:29:56','esercizio');
INSERT INTO bdc_canali(id,id_broadcaster,nome,tipo_canale,generalista,active,special_radio,data_inizio_valid,data_creazione,data_ultima_modifica,utente_ultima_modifica) VALUES (63,34,'M2O TV','TELEVISIONE',0,1,0,'2011-01-01 00:00:00','2018-01-19 15:29:56','2018-01-19 15:29:56','esercizio');
INSERT INTO bdc_canali(id,id_broadcaster,nome,tipo_canale,generalista,active,special_radio,data_inizio_valid,data_creazione,data_ultima_modifica,utente_ultima_modifica) VALUES (64,31,'PLANETE','TELEVISIONE',0,0,0,'2011-01-01 00:00:00','2018-01-19 15:29:56','2018-01-19 15:29:56','esercizio');
INSERT INTO bdc_canali(id,id_broadcaster,nome,tipo_canale,generalista,active,special_radio,data_inizio_valid,data_creazione,data_ultima_modifica,utente_ultima_modifica) VALUES (65,31,'SAILING CHANNEL(YACHT&SAIL)','TELEVISIONE',0,0,0,'2011-01-01 00:00:00','2018-01-19 15:29:56','2018-01-19 15:29:56','esercizio');
INSERT INTO bdc_canali(id,id_broadcaster,nome,tipo_canale,generalista,active,special_radio,data_inizio_valid,data_creazione,data_ultima_modifica,utente_ultima_modifica) VALUES (66,31,'SEASONS','TELEVISIONE',0,0,0,'2011-01-01 00:00:00','2018-01-19 15:29:56','2018-01-19 15:29:56','esercizio');
INSERT INTO bdc_canali(id,id_broadcaster,nome,tipo_canale,generalista,active,special_radio,data_inizio_valid,data_creazione,data_ultima_modifica,utente_ultima_modifica) VALUES (67,35,'GAZZETTA TV','TELEVISIONE',0,0,0,'2011-01-01 00:00:00','2018-01-19 15:29:56','2018-01-19 15:29:56','esercizio');
INSERT INTO bdc_canali(id,id_broadcaster,nome,tipo_canale,generalista,active,special_radio,data_inizio_valid,data_creazione,data_ultima_modifica,utente_ultima_modifica) VALUES (68,36,'CHANNEL 24','TELEVISIONE',0,1,0,'2011-01-01 00:00:00','2018-01-19 15:29:56','2018-01-19 15:29:56','esercizio');
INSERT INTO bdc_canali(id,id_broadcaster,nome,tipo_canale,generalista,active,special_radio,data_inizio_valid,data_creazione,data_ultima_modifica,utente_ultima_modifica) VALUES (69,37,'RADIO ITALIA TV (VIDEO ITALIA)','TELEVISIONE',0,1,0,'2011-01-01 00:00:00','2018-01-19 15:29:56','2018-01-19 15:29:56','esercizio');
INSERT INTO bdc_canali(id,id_broadcaster,nome,tipo_canale,generalista,active,special_radio,data_inizio_valid,data_creazione,data_ultima_modifica,utente_ultima_modifica) VALUES (70,38,'N.A.','TELEVISIONE',0,0,0,'2011-01-01 00:00:00','2018-01-19 15:29:56','2018-01-19 15:29:56','esercizio');
INSERT INTO bdc_canali(id,id_broadcaster,nome,tipo_canale,generalista,active,special_radio,data_inizio_valid,data_creazione,data_ultima_modifica,utente_ultima_modifica) VALUES (71,31,'DOVE','TELEVISIONE',0,1,0,'2011-01-01 00:00:00','2018-01-19 15:29:56','2018-01-19 15:29:56','esercizio');
INSERT INTO bdc_canali(id,id_broadcaster,nome,tipo_canale,generalista,active,special_radio,data_inizio_valid,data_creazione,data_ultima_modifica,utente_ultima_modifica) VALUES (72,39,'PLANET KIDS','TELEVISIONE',0,0,0,'2011-01-01 00:00:00','2018-01-19 15:29:56','2018-01-19 15:29:56','esercizio');
INSERT INTO bdc_canali(id,id_broadcaster,nome,tipo_canale,generalista,active,special_radio,data_inizio_valid,data_creazione,data_ultima_modifica,utente_ultima_modifica) VALUES (73,40,'YACHT CLUB CHANNEL','TELEVISIONE',0,0,0,'2011-01-01 00:00:00','2018-01-19 15:29:56','2018-01-19 15:29:56','esercizio');
INSERT INTO bdc_canali(id,id_broadcaster,nome,tipo_canale,generalista,active,special_radio,data_inizio_valid,data_creazione,data_ultima_modifica,utente_ultima_modifica) VALUES (74,40,'EXPO CLUB CHANNEL','TELEVISIONE',0,0,0,'2011-01-01 00:00:00','2018-01-19 15:29:56','2018-01-19 15:29:56','esercizio');
INSERT INTO bdc_canali(id,id_broadcaster,nome,tipo_canale,generalista,active,special_radio,data_inizio_valid,data_creazione,data_ultima_modifica,utente_ultima_modifica) VALUES (75,40,'AUTO CLUB CHANNEL','TELEVISIONE',0,0,0,'2011-01-01 00:00:00','2018-01-19 15:29:56','2018-01-19 15:29:56','esercizio');
INSERT INTO bdc_canali(id,id_broadcaster,nome,tipo_canale,generalista,active,special_radio,data_inizio_valid,data_creazione,data_ultima_modifica,utente_ultima_modifica) VALUES (76,28,'GIALLO - DISCOVERY','TELEVISIONE',0,1,0,'2011-01-01 00:00:00','2018-01-19 15:29:56','2018-01-19 15:29:56','esercizio');
INSERT INTO bdc_canali(id,id_broadcaster,nome,tipo_canale,generalista,active,special_radio,data_inizio_valid,data_creazione,data_ultima_modifica,utente_ultima_modifica) VALUES (77,30,'GIALLO - SWITCHOVER','TELEVISIONE',0,0,0,'2011-01-01 00:00:00','2018-01-19 15:29:56','2018-01-19 15:29:56','esercizio');
INSERT INTO bdc_canali(id,id_broadcaster,nome,tipo_canale,generalista,active,special_radio,data_inizio_valid,data_creazione,data_ultima_modifica,utente_ultima_modifica) VALUES (78,41,'STARSAT','TELEVISIONE',0,0,0,'2011-01-01 00:00:00','2018-01-19 15:29:56','2018-01-19 15:29:56','esercizio');
INSERT INTO bdc_canali(id,id_broadcaster,nome,tipo_canale,generalista,active,special_radio,data_inizio_valid,data_creazione,data_ultima_modifica,utente_ultima_modifica) VALUES (79,41,'SUPERFLUO','TELEVISIONE',0,0,0,'2011-01-01 00:00:00','2018-01-19 15:29:56','2018-01-19 15:29:56','esercizio');
INSERT INTO bdc_canali(id,id_broadcaster,nome,tipo_canale,generalista,active,special_radio,data_inizio_valid,data_creazione,data_ultima_modifica,utente_ultima_modifica) VALUES (80,42,'AUTO TV','TELEVISIONE',0,0,0,'2011-01-01 00:00:00','2018-01-19 15:29:56','2018-01-19 15:29:56','esercizio');
INSERT INTO bdc_canali(id,id_broadcaster,nome,tipo_canale,generalista,active,special_radio,data_inizio_valid,data_creazione,data_ultima_modifica,utente_ultima_modifica) VALUES (81,43,'ITALIAN FISHING TV','TELEVISIONE',0,1,0,'2011-01-01 00:00:00','2018-01-19 15:29:56','2018-01-19 15:29:56','esercizio');
INSERT INTO bdc_canali(id,id_broadcaster,nome,tipo_canale,generalista,active,special_radio,data_inizio_valid,data_creazione,data_ultima_modifica,utente_ultima_modifica) VALUES (82,34,'RADIO CAPITAL TV','TELEVISIONE',0,1,0,'2011-01-01 00:00:00','2018-01-19 15:29:56','2018-01-19 15:29:56','esercizio');
INSERT INTO bdc_canali(id,id_broadcaster,nome,tipo_canale,generalista,active,special_radio,data_inizio_valid,data_creazione,data_ultima_modifica,utente_ultima_modifica) VALUES (83,44,'ONTV ABBONAMENTO','TELEVISIONE',0,0,0,'2011-01-01 00:00:00','2018-01-19 15:29:56','2018-01-19 15:29:56','esercizio');
INSERT INTO bdc_canali(id,id_broadcaster,nome,tipo_canale,generalista,active,special_radio,data_inizio_valid,data_creazione,data_ultima_modifica,utente_ultima_modifica) VALUES (84,44,'ONTV VOD','TELEVISIONE',0,0,0,'2011-01-01 00:00:00','2018-01-19 15:29:56','2018-01-19 15:29:56','esercizio');
INSERT INTO bdc_canali(id,id_broadcaster,nome,tipo_canale,generalista,active,special_radio,data_inizio_valid,data_creazione,data_ultima_modifica,utente_ultima_modifica) VALUES (85,45,'INTER CHANNEL','TELEVISIONE',0,1,0,'2011-01-01 00:00:00','2018-01-19 15:29:56','2018-01-19 15:29:56','esercizio');
INSERT INTO bdc_canali(id,id_broadcaster,nome,tipo_canale,generalista,active,special_radio,data_inizio_valid,data_creazione,data_ultima_modifica,utente_ultima_modifica) VALUES (86,46,'BABEL, TUTTI I COLORI DELL''ITALIA','TELEVISIONE',0,0,0,'2011-01-01 00:00:00','2018-01-19 15:29:56','2018-01-19 15:29:56','esercizio');
INSERT INTO bdc_canali(id,id_broadcaster,nome,tipo_canale,generalista,active,special_radio,data_inizio_valid,data_creazione,data_ultima_modifica,utente_ultima_modifica) VALUES (87,47,'CHANNEL 24','TELEVISIONE',0,1,0,'2011-01-01 00:00:00','2018-01-19 15:29:56','2018-01-19 15:29:56','esercizio');
INSERT INTO bdc_canali(id,id_broadcaster,nome,tipo_canale,generalista,active,special_radio,data_inizio_valid,data_creazione,data_ultima_modifica,utente_ultima_modifica) VALUES (88,47,'NUVOLARI','TELEVISIONE',0,1,0,'2011-01-01 00:00:00','2018-01-19 15:29:56','2018-01-19 15:29:56','esercizio');
INSERT INTO bdc_canali(id,id_broadcaster,nome,tipo_canale,generalista,active,special_radio,data_inizio_valid,data_creazione,data_ultima_modifica,utente_ultima_modifica) VALUES (89,47,'SPORT1','TELEVISIONE',0,1,0,'2011-01-01 00:00:00','2018-01-19 15:29:56','2018-01-19 15:29:56','esercizio');
INSERT INTO bdc_canali(id,id_broadcaster,nome,tipo_canale,generalista,active,special_radio,data_inizio_valid,data_creazione,data_ultima_modifica,utente_ultima_modifica) VALUES (90,48,'NEW ONE','TELEVISIONE',0,0,0,'2011-01-01 00:00:00','2018-01-19 15:29:56','2018-01-19 15:29:56','esercizio');
INSERT INTO bdc_canali(id,id_broadcaster,nome,tipo_canale,generalista,active,special_radio,data_inizio_valid,data_creazione,data_ultima_modifica,utente_ultima_modifica) VALUES (91,49,'R101 TV','TELEVISIONE',0,1,0,'2011-01-01 00:00:00','2018-01-19 15:29:56','2018-01-19 15:29:56','esercizio');
INSERT INTO bdc_canali(id,id_broadcaster,nome,tipo_canale,generalista,active,special_radio,data_inizio_valid,data_creazione,data_ultima_modifica,utente_ultima_modifica) VALUES (92,50,'ADVENTURE ONE','TELEVISIONE',0,0,0,'2011-01-01 00:00:00','2018-01-19 15:29:56','2018-01-19 15:29:56','esercizio');
INSERT INTO bdc_canali(id,id_broadcaster,nome,tipo_canale,generalista,active,special_radio,data_inizio_valid,data_creazione,data_ultima_modifica,utente_ultima_modifica) VALUES (93,50,'CULT','TELEVISIONE',0,0,0,'2011-01-01 00:00:00','2018-01-19 15:29:56','2018-01-19 15:29:56','esercizio');
INSERT INTO bdc_canali(id,id_broadcaster,nome,tipo_canale,generalista,active,special_radio,data_inizio_valid,data_creazione,data_ultima_modifica,utente_ultima_modifica) VALUES (94,50,'FOX ANIMATION','TELEVISIONE',0,1,0,'2011-01-01 00:00:00','2018-01-19 15:29:56','2018-01-19 15:29:56','esercizio');
INSERT INTO bdc_canali(id,id_broadcaster,nome,tipo_canale,generalista,active,special_radio,data_inizio_valid,data_creazione,data_ultima_modifica,utente_ultima_modifica) VALUES (95,51,'LAZIO STYLE CHANNEL','TELEVISIONE',0,1,0,'2011-01-01 00:00:00','2018-01-19 15:29:56','2018-01-19 15:29:56','esercizio');
INSERT INTO bdc_canali(id,id_broadcaster,nome,tipo_canale,generalista,active,special_radio,data_inizio_valid,data_creazione,data_ultima_modifica,utente_ultima_modifica) VALUES (96,52,'SPORTITALIA','TELEVISIONE',0,1,0,'2011-01-01 00:00:00','2018-01-19 15:29:56','2018-01-19 15:29:56','esercizio');
INSERT INTO bdc_canali(id,id_broadcaster,nome,tipo_canale,generalista,active,special_radio,data_inizio_valid,data_creazione,data_ultima_modifica,utente_ultima_modifica) VALUES (97,28,'GXT/+1 - DISCOVERY','TELEVISIONE',0,0,0,'2011-01-01 00:00:00','2018-01-19 15:29:56','2018-01-19 15:29:56','esercizio');
INSERT INTO bdc_canali(id,id_broadcaster,nome,tipo_canale,generalista,active,special_radio,data_inizio_valid,data_creazione,data_ultima_modifica,utente_ultima_modifica) VALUES (98,50,'FOX COMEDY','TELEVISIONE',0,1,0,'2011-01-01 00:00:00','2018-01-19 15:29:56','2018-01-19 15:29:56','esercizio');
INSERT INTO bdc_canali(id,id_broadcaster,nome,tipo_canale,generalista,active,special_radio,data_inizio_valid,data_creazione,data_ultima_modifica,utente_ultima_modifica) VALUES (99,53,'QVC','TELEVISIONE',0,1,0,'2011-01-01 00:00:00','2018-01-19 15:29:56','2018-01-19 15:29:56','esercizio');
INSERT INTO bdc_canali(id,id_broadcaster,nome,tipo_canale,generalista,active,special_radio,data_inizio_valid,data_creazione,data_ultima_modifica,utente_ultima_modifica) VALUES (100,47,'CANALE 69 ','TELEVISIONE',0,1,0,'2011-01-01 00:00:00','2018-01-19 15:29:56','2018-01-19 15:29:56','esercizio');
INSERT INTO bdc_canali(id,id_broadcaster,nome,tipo_canale,generalista,active,special_radio,data_inizio_valid,data_creazione,data_ultima_modifica,utente_ultima_modifica) VALUES (101,47,'CANALE 158','TELEVISIONE',0,1,0,'2011-01-01 00:00:00','2018-01-19 15:29:56','2018-01-19 15:29:56','esercizio');
INSERT INTO bdc_canali(id,id_broadcaster,nome,tipo_canale,generalista,active,special_radio,data_inizio_valid,data_creazione,data_ultima_modifica,utente_ultima_modifica) VALUES (102,50,'FOX FX','TELEVISIONE',0,0,0,'2011-01-01 00:00:00','2018-01-19 15:29:56','2018-01-19 15:29:56','esercizio');
INSERT INTO bdc_canali(id,id_broadcaster,nome,tipo_canale,generalista,active,special_radio,data_inizio_valid,data_creazione,data_ultima_modifica,utente_ultima_modifica) VALUES (103,47,'CANALE 162','TELEVISIONE',0,1,0,'2011-01-01 00:00:00','2018-01-19 15:29:56','2018-01-19 15:29:56','esercizio');
INSERT INTO bdc_canali(id,id_broadcaster,nome,tipo_canale,generalista,active,special_radio,data_inizio_valid,data_creazione,data_ultima_modifica,utente_ultima_modifica) VALUES (104,54,'DISNEY CHANNEL+2','TELEVISIONE',0,1,0,'2011-01-01 00:00:00','2018-01-19 15:29:56','2018-01-19 15:29:56','esercizio');
INSERT INTO bdc_canali(id,id_broadcaster,nome,tipo_canale,generalista,active,special_radio,data_inizio_valid,data_creazione,data_ultima_modifica,utente_ultima_modifica) VALUES (105,54,'DISNEY ENGLISH','TELEVISIONE',0,1,0,'2011-01-01 00:00:00','2018-01-19 15:29:56','2018-01-19 15:29:56','esercizio');
INSERT INTO bdc_canali(id,id_broadcaster,nome,tipo_canale,generalista,active,special_radio,data_inizio_valid,data_creazione,data_ultima_modifica,utente_ultima_modifica) VALUES (106,50,'FOX NAT GEO ADVENTURE','TELEVISIONE',0,0,0,'2011-01-01 00:00:00','2018-01-19 15:29:56','2018-01-19 15:29:56','esercizio');
INSERT INTO bdc_canali(id,id_broadcaster,nome,tipo_canale,generalista,active,special_radio,data_inizio_valid,data_creazione,data_ultima_modifica,utente_ultima_modifica) VALUES (107,50,'FOX NAT GEO HD','TELEVISIONE',0,0,0,'2011-01-01 00:00:00','2018-01-19 15:29:56','2018-01-19 15:29:56','esercizio');
INSERT INTO bdc_canali(id,id_broadcaster,nome,tipo_canale,generalista,active,special_radio,data_inizio_valid,data_creazione,data_ultima_modifica,utente_ultima_modifica) VALUES (108,50,'FOX NAT GEO MUSIC ','TELEVISIONE',0,0,0,'2011-01-01 00:00:00','2018-01-19 15:29:56','2018-01-19 15:29:56','esercizio');
INSERT INTO bdc_canali(id,id_broadcaster,nome,tipo_canale,generalista,active,special_radio,data_inizio_valid,data_creazione,data_ultima_modifica,utente_ultima_modifica) VALUES (109,54,'DISNEY XD   ','TELEVISIONE',0,1,0,'2011-01-01 00:00:00','2018-01-19 15:29:56','2018-01-19 15:29:56','esercizio');
INSERT INTO bdc_canali(id,id_broadcaster,nome,tipo_canale,generalista,active,special_radio,data_inizio_valid,data_creazione,data_ultima_modifica,utente_ultima_modifica) VALUES (110,54,'DISNEY XD +1 ','TELEVISIONE',0,1,0,'2011-01-01 00:00:00','2018-01-19 15:29:56','2018-01-19 15:29:56','esercizio');
INSERT INTO bdc_canali(id,id_broadcaster,nome,tipo_canale,generalista,active,special_radio,data_inizio_valid,data_creazione,data_ultima_modifica,utente_ultima_modifica) VALUES (111,50,'FOX NAT GEO WILD +1','TELEVISIONE',0,1,0,'2011-01-01 00:00:00','2018-01-19 15:29:56','2018-01-19 15:29:56','esercizio');
INSERT INTO bdc_canali(id,id_broadcaster,nome,tipo_canale,generalista,active,special_radio,data_inizio_valid,data_creazione,data_ultima_modifica,utente_ultima_modifica) VALUES (112,50,'FOX NEXT HD','TELEVISIONE',0,0,0,'2011-01-01 00:00:00','2018-01-19 15:29:56','2018-01-19 15:29:56','esercizio');
INSERT INTO bdc_canali(id,id_broadcaster,nome,tipo_canale,generalista,active,special_radio,data_inizio_valid,data_creazione,data_ultima_modifica,utente_ultima_modifica) VALUES (113,54,'DISNEY XD+2 ','TELEVISIONE',0,1,0,'2011-01-01 00:00:00','2018-01-19 15:29:56','2018-01-19 15:29:56','esercizio');
INSERT INTO bdc_canali(id,id_broadcaster,nome,tipo_canale,generalista,active,special_radio,data_inizio_valid,data_creazione,data_ultima_modifica,utente_ultima_modifica) VALUES (114,54,'DISNEYCHANNEL','TELEVISIONE',0,1,0,'2011-01-01 00:00:00','2018-01-19 15:29:56','2018-01-19 15:29:56','esercizio');
INSERT INTO bdc_canali(id,id_broadcaster,nome,tipo_canale,generalista,active,special_radio,data_inizio_valid,data_creazione,data_ultima_modifica,utente_ultima_modifica) VALUES (115,54,'DISNEYCHANNEL+1','TELEVISIONE',0,1,0,'2011-01-01 00:00:00','2018-01-19 15:29:56','2018-01-19 15:29:56','esercizio');
INSERT INTO bdc_canali(id,id_broadcaster,nome,tipo_canale,generalista,active,special_radio,data_inizio_valid,data_creazione,data_ultima_modifica,utente_ultima_modifica) VALUES (116,54,'PLAYHOUSE DISNEY JUNIOR','TELEVISIONE',0,1,0,'2011-01-01 00:00:00','2018-01-19 15:29:56','2018-01-19 15:29:56','esercizio');
INSERT INTO bdc_canali(id,id_broadcaster,nome,tipo_canale,generalista,active,special_radio,data_inizio_valid,data_creazione,data_ultima_modifica,utente_ultima_modifica) VALUES (117,50,'HISTORY CHANNEL/+1','TELEVISIONE',0,0,0,'2011-01-01 00:00:00','2018-01-19 15:29:56','2018-01-19 15:29:56','esercizio');
INSERT INTO bdc_canali(id,id_broadcaster,nome,tipo_canale,generalista,active,special_radio,data_inizio_valid,data_creazione,data_ultima_modifica,utente_ultima_modifica) VALUES (118,54,'PLAYHOUSE DISNEY JUNIOR+1','TELEVISIONE',0,1,0,'2011-01-01 00:00:00','2018-01-19 15:29:56','2018-01-19 15:29:56','esercizio');
INSERT INTO bdc_canali(id,id_broadcaster,nome,tipo_canale,generalista,active,special_radio,data_inizio_valid,data_creazione,data_ultima_modifica,utente_ultima_modifica) VALUES (119,55,'UNOMEDIA','TELEVISIONE',0,1,0,'2011-01-01 00:00:00','2018-01-19 15:29:56','2018-01-19 15:29:56','esercizio');
INSERT INTO bdc_canali(id,id_broadcaster,nome,tipo_canale,generalista,active,special_radio,data_inizio_valid,data_creazione,data_ultima_modifica,utente_ultima_modifica) VALUES (120,50,'NATIONAL GEOGRAPHIC/+1','TELEVISIONE',0,0,0,'2011-01-01 00:00:00','2018-01-19 15:29:56','2018-01-19 15:29:56','esercizio');
INSERT INTO bdc_canali(id,id_broadcaster,nome,tipo_canale,generalista,active,special_radio,data_inizio_valid,data_creazione,data_ultima_modifica,utente_ultima_modifica) VALUES (121,56,'GAMBERO ROSSO','TELEVISIONE',0,1,0,'2011-01-01 00:00:00','2018-01-19 15:29:56','2018-01-19 15:29:56','esercizio');
INSERT INTO bdc_canali(id,id_broadcaster,nome,tipo_canale,generalista,active,special_radio,data_inizio_valid,data_creazione,data_ultima_modifica,utente_ultima_modifica) VALUES (122,57,'CLASSIC','TELEVISIONE',0,0,0,'2011-01-01 00:00:00','2018-01-19 15:29:56','2018-01-19 15:29:56','esercizio');
INSERT INTO bdc_canali(id,id_broadcaster,nome,tipo_canale,generalista,active,special_radio,data_inizio_valid,data_creazione,data_ultima_modifica,utente_ultima_modifica) VALUES (123,57,'HITS','TELEVISIONE',0,0,0,'2011-01-01 00:00:00','2018-01-19 15:29:56','2018-01-19 15:29:56','esercizio');
INSERT INTO bdc_canali(id,id_broadcaster,nome,tipo_canale,generalista,active,special_radio,data_inizio_valid,data_creazione,data_ultima_modifica,utente_ultima_modifica) VALUES (124,28,'FRISBEE - DISCOVERY','TELEVISIONE',0,1,0,'2011-01-01 00:00:00','2018-01-19 15:29:56','2018-01-19 15:29:56','esercizio');
INSERT INTO bdc_canali(id,id_broadcaster,nome,tipo_canale,generalista,active,special_radio,data_inizio_valid,data_creazione,data_ultima_modifica,utente_ultima_modifica) VALUES (125,28,'K2 - DISCOVERY','TELEVISIONE',0,1,0,'2011-01-01 00:00:00','2018-01-19 15:29:56','2018-01-19 15:29:56','esercizio');
INSERT INTO bdc_canali(id,id_broadcaster,nome,tipo_canale,generalista,active,special_radio,data_inizio_valid,data_creazione,data_ultima_modifica,utente_ultima_modifica) VALUES (126,30,'GXT/+1 - SWITCHOVER','TELEVISIONE',0,0,0,'2011-01-01 00:00:00','2018-01-19 15:29:56','2018-01-19 15:29:56','esercizio');
INSERT INTO bdc_canali(id,id_broadcaster,nome,tipo_canale,generalista,active,special_radio,data_inizio_valid,data_creazione,data_ultima_modifica,utente_ultima_modifica) VALUES (127,48,'ONE SAT','TELEVISIONE',0,0,0,'2011-01-01 00:00:00','2018-01-19 15:29:56','2018-01-19 15:29:56','esercizio');
-- INSERT INTO bdc_canali(id,id_broadcaster,nome,tipo_canale,generalista,active,special_radio,data_inizio_valid,data_creazione,data_ultima_modifica,utente_ultima_modifica) VALUES (128,58,'ROMA CHANNEL','TELEVISIONE',0,0,0,'2011-01-01 00:00:00','2018-01-19 15:29:56','2018-01-19 15:29:56','esercizio');
INSERT INTO bdc_canali(id,id_broadcaster,nome,tipo_canale,generalista,active,special_radio,data_inizio_valid,data_creazione,data_ultima_modifica,utente_ultima_modifica) VALUES (129,59,'DONNA & SPOSA ','TELEVISIONE',0,0,0,'2011-01-01 00:00:00','2018-01-19 15:29:56','2018-01-19 15:29:56','esercizio');
INSERT INTO bdc_canali(id,id_broadcaster,nome,tipo_canale,generalista,active,special_radio,data_inizio_valid,data_creazione,data_ultima_modifica,utente_ultima_modifica) VALUES (130,60,'MAN-GA','TELEVISIONE',0,1,0,'2011-01-01 00:00:00','2018-01-19 15:29:56','2018-01-19 15:29:56','esercizio');
INSERT INTO bdc_canali(id,id_broadcaster,nome,tipo_canale,generalista,active,special_radio,data_inizio_valid,data_creazione,data_ultima_modifica,utente_ultima_modifica) VALUES (131,61,'DINAMICA CHANNEL','TELEVISIONE',0,0,0,'2011-01-01 00:00:00','2018-01-19 15:29:56','2018-01-19 15:29:56','esercizio');
INSERT INTO bdc_canali(id,id_broadcaster,nome,tipo_canale,generalista,active,special_radio,data_inizio_valid,data_creazione,data_ultima_modifica,utente_ultima_modifica) VALUES (132,28,'DISCOVERY WORLD ','TELEVISIONE',0,1,0,'2011-01-01 00:00:00','2018-01-19 15:29:56','2018-01-19 15:29:56','esercizio');
INSERT INTO bdc_canali(id,id_broadcaster,nome,tipo_canale,generalista,active,special_radio,data_inizio_valid,data_creazione,data_ultima_modifica,utente_ultima_modifica) VALUES (133,62,'PUNTOSAT','TELEVISIONE',0,0,0,'2011-01-01 00:00:00','2018-01-19 15:29:56','2018-01-19 15:29:56','esercizio');
INSERT INTO bdc_canali(id,id_broadcaster,nome,tipo_canale,generalista,active,special_radio,data_inizio_valid,data_creazione,data_ultima_modifica,utente_ultima_modifica) VALUES (134,63,'DONNA & SPOSA ','TELEVISIONE',0,1,0,'2011-01-01 00:00:00','2018-01-19 15:29:56','2018-01-19 15:29:56','esercizio');
INSERT INTO bdc_canali(id,id_broadcaster,nome,tipo_canale,generalista,active,special_radio,data_inizio_valid,data_creazione,data_ultima_modifica,utente_ultima_modifica) VALUES (135,57,'MTV MUSIC ','TELEVISIONE',0,1,0,'2011-01-01 00:00:00','2018-01-19 15:29:56','2018-01-19 15:29:56','esercizio');
INSERT INTO bdc_canali(id,id_broadcaster,nome,tipo_canale,generalista,active,special_radio,data_inizio_valid,data_creazione,data_ultima_modifica,utente_ultima_modifica) VALUES (136,64,'SNAISAT/UNIRE SAT','TELEVISIONE',0,1,0,'2011-01-01 00:00:00','2018-01-19 15:29:56','2018-01-19 15:29:56','esercizio');
INSERT INTO bdc_canali(id,id_broadcaster,nome,tipo_canale,generalista,active,special_radio,data_inizio_valid,data_creazione,data_ultima_modifica,utente_ultima_modifica) VALUES (137,65,'MILAN TV','TELEVISIONE',0,1,0,'2011-01-01 00:00:00','2018-01-19 15:29:56','2018-01-19 15:29:56','esercizio');
INSERT INTO bdc_canali(id,id_broadcaster,nome,tipo_canale,generalista,active,special_radio,data_inizio_valid,data_creazione,data_ultima_modifica,utente_ultima_modifica) VALUES (138,66,'DIVA UNIVERSAL','TELEVISIONE',0,0,0,'2011-01-01 00:00:00','2018-01-19 15:29:56','2018-01-19 15:29:56','esercizio');
INSERT INTO bdc_canali(id,id_broadcaster,nome,tipo_canale,generalista,active,special_radio,data_inizio_valid,data_creazione,data_ultima_modifica,utente_ultima_modifica) VALUES (139,11,'DEAKIDS','TELEVISIONE',0,1,0,'2011-01-01 00:00:00','2018-01-19 15:29:56','2018-01-19 15:29:56','esercizio');
INSERT INTO bdc_canali(id,id_broadcaster,nome,tipo_canale,generalista,active,special_radio,data_inizio_valid,data_creazione,data_ultima_modifica,utente_ultima_modifica) VALUES (140,11,'DEAKIDS+1','TELEVISIONE',0,1,0,'2011-01-01 00:00:00','2018-01-19 15:29:56','2018-01-19 15:29:56','esercizio');
INSERT INTO bdc_canali(id,id_broadcaster,nome,tipo_canale,generalista,active,special_radio,data_inizio_valid,data_creazione,data_ultima_modifica,utente_ultima_modifica) VALUES (141,11,'EXPLORA','TELEVISIONE',0,1,0,'2011-01-01 00:00:00','2018-01-19 15:29:56','2018-01-19 15:29:56','esercizio');
INSERT INTO bdc_canali(id,id_broadcaster,nome,tipo_canale,generalista,active,special_radio,data_inizio_valid,data_creazione,data_ultima_modifica,utente_ultima_modifica) VALUES (142,28,'REAL TIME ','TELEVISIONE',0,1,0,'2011-01-01 00:00:00','2018-01-19 15:29:56','2018-01-19 15:29:56','esercizio');
INSERT INTO bdc_canali(id,id_broadcaster,nome,tipo_canale,generalista,active,special_radio,data_inizio_valid,data_creazione,data_ultima_modifica,utente_ultima_modifica) VALUES (143,28,'REAL TIME +1','TELEVISIONE',0,1,0,'2011-01-01 00:00:00','2018-01-19 15:29:56','2018-01-19 15:29:56','esercizio');
INSERT INTO bdc_canali(id,id_broadcaster,nome,tipo_canale,generalista,active,special_radio,data_inizio_valid,data_creazione,data_ultima_modifica,utente_ultima_modifica) VALUES (144,67,'ERDE UND MENSCH','TELEVISIONE',0,1,0,'2011-01-01 00:00:00','2018-01-19 15:29:56','2018-01-19 15:29:56','esercizio');
INSERT INTO bdc_canali(id,id_broadcaster,nome,tipo_canale,generalista,active,special_radio,data_inizio_valid,data_creazione,data_ultima_modifica,utente_ultima_modifica) VALUES (145,68,'GXT  ','TELEVISIONE',0,0,0,'2011-01-01 00:00:00','2018-01-19 15:29:56','2018-01-19 15:29:56','esercizio');
INSERT INTO bdc_canali(id,id_broadcaster,nome,tipo_canale,generalista,active,special_radio,data_inizio_valid,data_creazione,data_ultima_modifica,utente_ultima_modifica) VALUES (146,68,'JETIX ','TELEVISIONE',0,0,0,'2011-01-01 00:00:00','2018-01-19 15:29:56','2018-01-19 15:29:56','esercizio');
INSERT INTO bdc_canali(id,id_broadcaster,nome,tipo_canale,generalista,active,special_radio,data_inizio_valid,data_creazione,data_ultima_modifica,utente_ultima_modifica) VALUES (147,69,'INTER CHANNEL','TELEVISIONE',0,0,0,'2011-01-01 00:00:00','2018-01-19 15:29:56','2018-01-19 15:29:56','esercizio');
INSERT INTO bdc_canali(id,id_broadcaster,nome,tipo_canale,generalista,active,special_radio,data_inizio_valid,data_creazione,data_ultima_modifica,utente_ultima_modifica) VALUES (148,70,'LADYCHANNEL','TELEVISIONE',0,0,0,'2011-01-01 00:00:00','2018-01-19 15:29:56','2018-01-19 15:29:56','esercizio');
INSERT INTO bdc_canali(id,id_broadcaster,nome,tipo_canale,generalista,active,special_radio,data_inizio_valid,data_creazione,data_ultima_modifica,utente_ultima_modifica) VALUES (149,71,'HIP HOP TV','TELEVISIONE',0,0,0,'2011-01-01 00:00:00','2018-01-19 15:29:56','2018-01-19 15:29:56','esercizio');
INSERT INTO bdc_canali(id,id_broadcaster,nome,tipo_canale,generalista,active,special_radio,data_inizio_valid,data_creazione,data_ultima_modifica,utente_ultima_modifica) VALUES (150,71,'ROCK TV','TELEVISIONE',0,0,0,'2011-01-01 00:00:00','2018-01-19 15:29:56','2018-01-19 15:29:56','esercizio');
INSERT INTO bdc_canali(id,id_broadcaster,nome,tipo_canale,generalista,active,special_radio,data_inizio_valid,data_creazione,data_ultima_modifica,utente_ultima_modifica) VALUES (151,72,'TV SENDER NEU JERUSALEM','TELEVISIONE',0,1,0,'2011-01-01 00:00:00','2018-01-19 15:29:56','2018-01-19 15:29:56','esercizio');
INSERT INTO bdc_canali(id,id_broadcaster,nome,tipo_canale,generalista,active,special_radio,data_inizio_valid,data_creazione,data_ultima_modifica,utente_ultima_modifica) VALUES (152,73,'ANIMAL PLANET','TELEVISIONE',0,1,0,'2011-01-01 00:00:00','2018-01-19 15:29:56','2018-01-19 15:29:56','esercizio');
INSERT INTO bdc_canali(id,id_broadcaster,nome,tipo_canale,generalista,active,special_radio,data_inizio_valid,data_creazione,data_ultima_modifica,utente_ultima_modifica) VALUES (153,73,'DISCOVERY CHANNEL','TELEVISIONE',0,1,0,'2011-01-01 00:00:00','2018-01-19 15:29:56','2018-01-19 15:29:56','esercizio');
INSERT INTO bdc_canali(id,id_broadcaster,nome,tipo_canale,generalista,active,special_radio,data_inizio_valid,data_creazione,data_ultima_modifica,utente_ultima_modifica) VALUES (154,73,'DISCOVERY CHANNEL +1','TELEVISIONE',0,1,0,'2011-01-01 00:00:00','2018-01-19 15:29:56','2018-01-19 15:29:56','esercizio');
INSERT INTO bdc_canali(id,id_broadcaster,nome,tipo_canale,generalista,active,special_radio,data_inizio_valid,data_creazione,data_ultima_modifica,utente_ultima_modifica) VALUES (155,73,'DISCOVERY SCIENCE ','TELEVISIONE',0,1,0,'2011-01-01 00:00:00','2018-01-19 15:29:56','2018-01-19 15:29:56','esercizio');
INSERT INTO bdc_canali(id,id_broadcaster,nome,tipo_canale,generalista,active,special_radio,data_inizio_valid,data_creazione,data_ultima_modifica,utente_ultima_modifica) VALUES (156,73,'DISCOVERY TRAVEL','TELEVISIONE',0,1,0,'2011-01-01 00:00:00','2018-01-19 15:29:56','2018-01-19 15:29:56','esercizio');
INSERT INTO bdc_canali(id,id_broadcaster,nome,tipo_canale,generalista,active,special_radio,data_inizio_valid,data_creazione,data_ultima_modifica,utente_ultima_modifica) VALUES (157,74,'LOTTOMATICA TV','TELEVISIONE',0,0,0,'2011-01-01 00:00:00','2018-01-19 15:29:56','2018-01-19 15:29:56','esercizio');
INSERT INTO bdc_canali(id,id_broadcaster,nome,tipo_canale,generalista,active,special_radio,data_inizio_valid,data_creazione,data_ultima_modifica,utente_ultima_modifica) VALUES (158,20,'YACHT & SAIL (SAILING CHANNEL) ','TELEVISIONE',0,1,0,'2011-01-01 00:00:00','2018-01-19 15:29:56','2018-01-19 15:29:56','esercizio');
INSERT INTO bdc_canali(id,id_broadcaster,nome,tipo_canale,generalista,active,special_radio,data_inizio_valid,data_creazione,data_ultima_modifica,utente_ultima_modifica) VALUES (159,20,'ACQUA','TELEVISIONE',0,1,0,'2011-01-01 00:00:00','2018-01-19 15:29:56','2018-01-19 15:29:56','esercizio');
INSERT INTO bdc_canali(id,id_broadcaster,nome,tipo_canale,generalista,active,special_radio,data_inizio_valid,data_creazione,data_ultima_modifica,utente_ultima_modifica) VALUES (160,75,'MOTO TV','TELEVISIONE',0,0,0,'2011-01-01 00:00:00','2018-01-19 15:29:56','2018-01-19 15:29:56','esercizio');
INSERT INTO bdc_canali(id,id_broadcaster,nome,tipo_canale,generalista,active,special_radio,data_inizio_valid,data_creazione,data_ultima_modifica,utente_ultima_modifica) VALUES (161,76,'LA7D','TELEVISIONE',0,1,0,'2011-01-01 00:00:00','2018-01-19 15:29:56','2018-01-19 15:29:56','esercizio');
INSERT INTO bdc_canali(id,id_broadcaster,nome,tipo_canale,generalista,active,special_radio,data_inizio_valid,data_creazione,data_ultima_modifica,utente_ultima_modifica) VALUES (162,21,'CARISMA TV','TELEVISIONE',0,1,0,'2011-01-01 00:00:00','2018-01-19 15:29:56','2018-01-19 15:29:56','esercizio');
INSERT INTO bdc_canali(id,id_broadcaster,nome,tipo_canale,generalista,active,special_radio,data_inizio_valid,data_creazione,data_ultima_modifica,utente_ultima_modifica) VALUES (163,21,'QUORE TV','TELEVISIONE',0,1,0,'2011-01-01 00:00:00','2018-01-19 15:29:56','2018-01-19 15:29:56','esercizio');
INSERT INTO bdc_canali(id,id_broadcaster,nome,tipo_canale,generalista,active,special_radio,data_inizio_valid,data_creazione,data_ultima_modifica,utente_ultima_modifica) VALUES (164,21,'REALITY TV ','TELEVISIONE',0,1,0,'2011-01-01 00:00:00','2018-01-19 15:29:56','2018-01-19 15:29:56','esercizio');
INSERT INTO bdc_canali(id,id_broadcaster,nome,tipo_canale,generalista,active,special_radio,data_inizio_valid,data_creazione,data_ultima_modifica,utente_ultima_modifica) VALUES (165,21,'TELEPIU'' CHANNEL','TELEVISIONE',0,1,0,'2011-01-01 00:00:00','2018-01-19 15:29:56','2018-01-19 15:29:56','esercizio');
INSERT INTO bdc_canali(id,id_broadcaster,nome,tipo_canale,generalista,active,special_radio,data_inizio_valid,data_creazione,data_ultima_modifica,utente_ultima_modifica) VALUES (166,77,'VIVA L''ITALIA CHANNEL','TELEVISIONE',0,1,0,'2011-01-01 00:00:00','2018-01-19 15:29:56','2018-01-19 15:29:56','esercizio');
INSERT INTO bdc_canali(id,id_broadcaster,nome,tipo_canale,generalista,active,special_radio,data_inizio_valid,data_creazione,data_ultima_modifica,utente_ultima_modifica) VALUES (167,20,'PLAY.ME ','TELEVISIONE',0,1,0,'2011-01-01 00:00:00','2018-01-19 15:29:56','2018-01-19 15:29:56','esercizio');
INSERT INTO bdc_canali(id,id_broadcaster,nome,tipo_canale,generalista,active,special_radio,data_inizio_valid,data_creazione,data_ultima_modifica,utente_ultima_modifica) VALUES (168,78,'ULISSE','TELEVISIONE',0,0,0,'2011-01-01 00:00:00','2018-01-19 15:29:56','2018-01-19 15:29:56','esercizio');
INSERT INTO bdc_canali(id,id_broadcaster,nome,tipo_canale,generalista,active,special_radio,data_inizio_valid,data_creazione,data_ultima_modifica,utente_ultima_modifica) VALUES (169,79,'MGM','TELEVISIONE',0,0,0,'2011-01-01 00:00:00','2018-01-19 15:29:56','2018-01-19 15:29:56','esercizio');
INSERT INTO bdc_canali(id,id_broadcaster,nome,tipo_canale,generalista,active,special_radio,data_inizio_valid,data_creazione,data_ultima_modifica,utente_ultima_modifica) VALUES (170,80,'NEW TELEVISION','TELEVISIONE',0,0,0,'2011-01-01 00:00:00','2018-01-19 15:29:56','2018-01-19 15:29:56','esercizio');
INSERT INTO bdc_canali(id,id_broadcaster,nome,tipo_canale,generalista,active,special_radio,data_inizio_valid,data_creazione,data_ultima_modifica,utente_ultima_modifica) VALUES (171,81,'SAN MARINO RTV SPA','TELEVISIONE',0,0,0,'2011-01-01 00:00:00','2018-01-19 15:29:56','2018-01-19 15:29:56','esercizio');
INSERT INTO bdc_canali(id,id_broadcaster,nome,tipo_canale,generalista,active,special_radio,data_inizio_valid,data_creazione,data_ultima_modifica,utente_ultima_modifica) VALUES (172,82,'TV MODA','TELEVISIONE',0,1,0,'2011-01-01 00:00:00','2018-01-19 15:29:56','2018-01-19 15:29:56','esercizio');
INSERT INTO bdc_canali(id,id_broadcaster,nome,tipo_canale,generalista,active,special_radio,data_inizio_valid,data_creazione,data_ultima_modifica,utente_ultima_modifica) VALUES (173,83,'BRANDNEW','TELEVISIONE',0,0,0,'2011-01-01 00:00:00','2018-01-19 15:29:56','2018-01-19 15:29:56','esercizio');
INSERT INTO bdc_canali(id,id_broadcaster,nome,tipo_canale,generalista,active,special_radio,data_inizio_valid,data_creazione,data_ultima_modifica,utente_ultima_modifica) VALUES (174,83,'CLASSIC','TELEVISIONE',0,0,0,'2011-01-01 00:00:00','2018-01-19 15:29:56','2018-01-19 15:29:56','esercizio');
INSERT INTO bdc_canali(id,id_broadcaster,nome,tipo_canale,generalista,active,special_radio,data_inizio_valid,data_creazione,data_ultima_modifica,utente_ultima_modifica) VALUES (175,83,'GOLD','TELEVISIONE',0,0,0,'2011-01-01 00:00:00','2018-01-19 15:29:56','2018-01-19 15:29:56','esercizio');
INSERT INTO bdc_canali(id,id_broadcaster,nome,tipo_canale,generalista,active,special_radio,data_inizio_valid,data_creazione,data_ultima_modifica,utente_ultima_modifica) VALUES (176,83,'HITS','TELEVISIONE',0,0,0,'2011-01-01 00:00:00','2018-01-19 15:29:56','2018-01-19 15:29:56','esercizio');
INSERT INTO bdc_canali(id,id_broadcaster,nome,tipo_canale,generalista,active,special_radio,data_inizio_valid,data_creazione,data_ultima_modifica,utente_ultima_modifica) VALUES (177,83,'MTV (ONE)','TELEVISIONE',0,0,0,'2011-01-01 00:00:00','2018-01-19 15:29:56','2018-01-19 15:29:56','esercizio');
INSERT INTO bdc_canali(id,id_broadcaster,nome,tipo_canale,generalista,active,special_radio,data_inizio_valid,data_creazione,data_ultima_modifica,utente_ultima_modifica) VALUES (178,83,'MTV MUSIC ','TELEVISIONE',0,0,0,'2011-01-01 00:00:00','2018-01-19 15:29:56','2018-01-19 15:29:56','esercizio');
INSERT INTO bdc_canali(id,id_broadcaster,nome,tipo_canale,generalista,active,special_radio,data_inizio_valid,data_creazione,data_ultima_modifica,utente_ultima_modifica) VALUES (179,83,'PULSE','TELEVISIONE',0,0,0,'2011-01-01 00:00:00','2018-01-19 15:29:56','2018-01-19 15:29:56','esercizio');
INSERT INTO bdc_canali(id,id_broadcaster,nome,tipo_canale,generalista,active,special_radio,data_inizio_valid,data_creazione,data_ultima_modifica,utente_ultima_modifica) VALUES (180,84,'HALLMARK CHANNEL','TELEVISIONE',0,0,0,'2011-01-01 00:00:00','2018-01-19 15:29:56','2018-01-19 15:29:56','esercizio');
INSERT INTO bdc_canali(id,id_broadcaster,nome,tipo_canale,generalista,active,special_radio,data_inizio_valid,data_creazione,data_ultima_modifica,utente_ultima_modifica) VALUES (181,24,'NUVOLARI','TELEVISIONE',0,1,0,'2011-01-01 00:00:00','2018-01-19 15:29:56','2018-01-19 15:29:56','esercizio');
INSERT INTO bdc_canali(id,id_broadcaster,nome,tipo_canale,generalista,active,special_radio,data_inizio_valid,data_creazione,data_ultima_modifica,utente_ultima_modifica) VALUES (182,57,'MTV (ONE)','TELEVISIONE',0,0,0,'2011-01-01 00:00:00','2018-01-19 15:29:56','2018-01-19 15:29:56','esercizio');
INSERT INTO bdc_canali(id,id_broadcaster,nome,tipo_canale,generalista,active,special_radio,data_inizio_valid,data_creazione,data_ultima_modifica,utente_ultima_modifica) VALUES (183,24,'ALICE','TELEVISIONE',0,1,0,'2011-01-01 00:00:00','2018-01-19 15:29:56','2018-01-19 15:29:56','esercizio');
INSERT INTO bdc_canali(id,id_broadcaster,nome,tipo_canale,generalista,active,special_radio,data_inizio_valid,data_creazione,data_ultima_modifica,utente_ultima_modifica) VALUES (184,24,'LEONARDO','TELEVISIONE',0,1,0,'2011-01-01 00:00:00','2018-01-19 15:29:56','2018-01-19 15:29:56','esercizio');
INSERT INTO bdc_canali(id,id_broadcaster,nome,tipo_canale,generalista,active,special_radio,data_inizio_valid,data_creazione,data_ultima_modifica,utente_ultima_modifica) VALUES (185,85,'STUDIO UNIVERSAL','TELEVISIONE',0,0,0,'2011-01-01 00:00:00','2018-01-19 15:29:56','2018-01-19 15:29:56','esercizio');
INSERT INTO bdc_canali(id,id_broadcaster,nome,tipo_canale,generalista,active,special_radio,data_inizio_valid,data_creazione,data_ultima_modifica,utente_ultima_modifica) VALUES (186,24,'MARCOPOLO','TELEVISIONE',0,1,0,'2011-01-01 00:00:00','2018-01-19 15:29:56','2018-01-19 15:29:56','esercizio');
INSERT INTO bdc_canali(id,id_broadcaster,nome,tipo_canale,generalista,active,special_radio,data_inizio_valid,data_creazione,data_ultima_modifica,utente_ultima_modifica) VALUES (187,21,'PIANETA TV ','TELEVISIONE',0,1,0,'2011-01-01 00:00:00','2018-01-19 15:29:56','2018-01-19 15:29:56','esercizio');
INSERT INTO bdc_canali(id,id_broadcaster,nome,tipo_canale,generalista,active,special_radio,data_inizio_valid,data_creazione,data_ultima_modifica,utente_ultima_modifica) VALUES (188,28,'DMAX ITALY ','TELEVISIONE',0,1,0,'2011-01-01 00:00:00','2018-01-19 15:29:56','2018-01-19 15:29:56','esercizio');
INSERT INTO bdc_canali(id,id_broadcaster,nome,tipo_canale,generalista,active,special_radio,data_inizio_valid,data_creazione,data_ultima_modifica,utente_ultima_modifica) VALUES (189,31,'LEI/LEI +1','TELEVISIONE',0,1,0,'2011-01-01 00:00:00','2018-01-19 15:29:56','2018-01-19 15:29:56','esercizio');
INSERT INTO bdc_canali(id,id_broadcaster,nome,tipo_canale,generalista,active,special_radio,data_inizio_valid,data_creazione,data_ultima_modifica,utente_ultima_modifica) VALUES (190,86,'TV2000 (EX SAT 2000)','TELEVISIONE',0,1,0,'2011-01-01 00:00:00','2018-01-19 15:29:56','2018-01-19 15:29:56','esercizio');
INSERT INTO bdc_canali(id,id_broadcaster,nome,tipo_canale,generalista,active,special_radio,data_inizio_valid,data_creazione,data_ultima_modifica,utente_ultima_modifica) VALUES (191,58,'RAI 1','TELEVISIONE',1,1,0,'2011-01-01 00:00:00','2018-01-19 15:29:56','2018-01-19 15:29:56','esercizio');
INSERT INTO bdc_canali(id,id_broadcaster,nome,tipo_canale,generalista,active,special_radio,data_inizio_valid,data_creazione,data_ultima_modifica,utente_ultima_modifica) VALUES (192,34,'MYDEEJAYTV','TELEVISIONE',0,1,0,'2011-01-01 00:00:00','2018-01-19 15:29:56','2018-01-19 15:29:56','esercizio');
INSERT INTO bdc_canali(id,id_broadcaster,nome,tipo_canale,generalista,active,special_radio,data_inizio_valid,data_creazione,data_ultima_modifica,utente_ultima_modifica) VALUES (193,87,'BOOMERANG (E +1)','TELEVISIONE',0,1,0,'2011-01-01 00:00:00','2018-01-19 15:29:56','2018-01-19 15:29:56','esercizio');
INSERT INTO bdc_canali(id,id_broadcaster,nome,tipo_canale,generalista,active,special_radio,data_inizio_valid,data_creazione,data_ultima_modifica,utente_ultima_modifica) VALUES (194,87,'CARTOON NETWORK','TELEVISIONE',0,1,0,'2011-01-01 00:00:00','2018-01-19 15:29:56','2018-01-19 15:29:56','esercizio');
INSERT INTO bdc_canali(id,id_broadcaster,nome,tipo_canale,generalista,active,special_radio,data_inizio_valid,data_creazione,data_ultima_modifica,utente_ultima_modifica) VALUES (195,88,'MATCHMUSIC','TELEVISIONE',0,0,0,'2011-01-01 00:00:00','2018-01-19 15:29:56','2018-01-19 15:29:56','esercizio');
INSERT INTO bdc_canali(id,id_broadcaster,nome,tipo_canale,generalista,active,special_radio,data_inizio_valid,data_creazione,data_ultima_modifica,utente_ultima_modifica) VALUES (196,58,'ALBUM','TELEVISIONE',0,0,0,'2011-01-01 00:00:00','2018-01-19 15:29:56','2018-01-19 15:29:56','esercizio');
INSERT INTO bdc_canali(id,id_broadcaster,nome,tipo_canale,generalista,active,special_radio,data_inizio_valid,data_creazione,data_ultima_modifica,utente_ultima_modifica) VALUES (197,58,'ART','TELEVISIONE',0,0,0,'2011-01-01 00:00:00','2018-01-19 15:29:56','2018-01-19 15:29:56','esercizio');
INSERT INTO bdc_canali(id,id_broadcaster,nome,tipo_canale,generalista,active,special_radio,data_inizio_valid,data_creazione,data_ultima_modifica,utente_ultima_modifica) VALUES (198,58,'CINEMA','TELEVISIONE',0,0,0,'2011-01-01 00:00:00','2018-01-19 15:29:56','2018-01-19 15:29:56','esercizio');
INSERT INTO bdc_canali(id,id_broadcaster,nome,tipo_canale,generalista,active,special_radio,data_inizio_valid,data_creazione,data_ultima_modifica,utente_ultima_modifica) VALUES (199,58,'CINEMA WORLD','TELEVISIONE',0,0,0,'2011-01-01 00:00:00','2018-01-19 15:29:56','2018-01-19 15:29:56','esercizio');
INSERT INTO bdc_canali(id,id_broadcaster,nome,tipo_canale,generalista,active,special_radio,data_inizio_valid,data_creazione,data_ultima_modifica,utente_ultima_modifica) VALUES (200,58,'EXTRA','TELEVISIONE',0,0,0,'2011-01-01 00:00:00','2018-01-19 15:29:56','2018-01-19 15:29:56','esercizio');
INSERT INTO bdc_canali(id,id_broadcaster,nome,tipo_canale,generalista,active,special_radio,data_inizio_valid,data_creazione,data_ultima_modifica,utente_ultima_modifica) VALUES (201,58,'FICTION','TELEVISIONE',0,0,0,'2011-01-01 00:00:00','2018-01-19 15:29:56','2018-01-19 15:29:56','esercizio');
INSERT INTO bdc_canali(id,id_broadcaster,nome,tipo_canale,generalista,active,special_radio,data_inizio_valid,data_creazione,data_ultima_modifica,utente_ultima_modifica) VALUES (202,58,'GAMBERO ROSSO','TELEVISIONE',0,0,0,'2011-01-01 00:00:00','2018-01-19 15:29:56','2018-01-19 15:29:56','esercizio');
INSERT INTO bdc_canali(id,id_broadcaster,nome,tipo_canale,generalista,active,special_radio,data_inizio_valid,data_creazione,data_ultima_modifica,utente_ultima_modifica) VALUES (203,58,'RAGAZZI','TELEVISIONE',0,0,0,'2011-01-01 00:00:00','2018-01-19 15:29:56','2018-01-19 15:29:56','esercizio');
INSERT INTO bdc_canali(id,id_broadcaster,nome,tipo_canale,generalista,active,special_radio,data_inizio_valid,data_creazione,data_ultima_modifica,utente_ultima_modifica) VALUES (204,58,'RAI 2','TELEVISIONE',1,1,0,'2011-01-01 00:00:00','2018-01-19 15:29:56','2018-01-19 15:29:56','esercizio');
INSERT INTO bdc_canali(id,id_broadcaster,nome,tipo_canale,generalista,active,special_radio,data_inizio_valid,data_creazione,data_ultima_modifica,utente_ultima_modifica) VALUES (205,58,'RAI 3','TELEVISIONE',1,1,0,'2011-01-01 00:00:00','2018-01-19 15:29:56','2018-01-19 15:29:56','esercizio');
INSERT INTO bdc_canali(id,id_broadcaster,nome,tipo_canale,generalista,active,special_radio,data_inizio_valid,data_creazione,data_ultima_modifica,utente_ultima_modifica) VALUES (206,58,'RAI 4','TELEVISIONE',0,1,0,'2011-01-01 00:00:00','2018-01-19 15:29:56','2018-01-19 15:29:56','esercizio');
INSERT INTO bdc_canali(id,id_broadcaster,nome,tipo_canale,generalista,active,special_radio,data_inizio_valid,data_creazione,data_ultima_modifica,utente_ultima_modifica) VALUES (207,58,'RAI 5','TELEVISIONE',0,1,0,'2011-01-01 00:00:00','2018-01-19 15:29:56','2018-01-19 15:29:56','esercizio');
INSERT INTO bdc_canali(id,id_broadcaster,nome,tipo_canale,generalista,active,special_radio,data_inizio_valid,data_creazione,data_ultima_modifica,utente_ultima_modifica) VALUES (208,58,'RAI STORIA','TELEVISIONE',0,1,0,'2011-01-01 00:00:00','2018-01-19 15:29:56','2018-01-19 15:29:56','esercizio');
INSERT INTO bdc_canali(id,id_broadcaster,nome,tipo_canale,generalista,active,special_radio,data_inizio_valid,data_creazione,data_ultima_modifica,utente_ultima_modifica) VALUES (209,58,'RAI SCUOLA','TELEVISIONE',0,1,0,'2011-01-01 00:00:00','2018-01-19 15:29:56','2018-01-19 15:29:56','esercizio');
INSERT INTO bdc_canali(id,id_broadcaster,nome,tipo_canale,generalista,active,special_radio,data_inizio_valid,data_creazione,data_ultima_modifica,utente_ultima_modifica) VALUES (210,58,'RAI YOYO','TELEVISIONE',0,1,0,'2011-01-01 00:00:00','2018-01-19 15:29:56','2018-01-19 15:29:56','esercizio');
INSERT INTO bdc_canali(id,id_broadcaster,nome,tipo_canale,generalista,active,special_radio,data_inizio_valid,data_creazione,data_ultima_modifica,utente_ultima_modifica) VALUES (211,58,'RAI GULP','TELEVISIONE',0,1,0,'2011-01-01 00:00:00','2018-01-19 15:29:56','2018-01-19 15:29:56','esercizio');
INSERT INTO bdc_canali(id,id_broadcaster,nome,tipo_canale,generalista,active,special_radio,data_inizio_valid,data_creazione,data_ultima_modifica,utente_ultima_modifica) VALUES (212,58,'SHOW','TELEVISIONE',0,0,0,'2011-01-01 00:00:00','2018-01-19 15:29:56','2018-01-19 15:29:56','esercizio');
INSERT INTO bdc_canali(id,id_broadcaster,nome,tipo_canale,generalista,active,special_radio,data_inizio_valid,data_creazione,data_ultima_modifica,utente_ultima_modifica) VALUES (213,58,'SMASH','TELEVISIONE',0,0,0,'2011-01-01 00:00:00','2018-01-19 15:29:56','2018-01-19 15:29:56','esercizio');
INSERT INTO bdc_canali(id,id_broadcaster,nome,tipo_canale,generalista,active,special_radio,data_inizio_valid,data_creazione,data_ultima_modifica,utente_ultima_modifica) VALUES (214,89,'YOUDEM.IT','TELEVISIONE',0,0,0,'2011-01-01 00:00:00','2018-01-19 15:29:56','2018-01-19 15:29:56','esercizio');
INSERT INTO bdc_canali(id,id_broadcaster,nome,tipo_canale,generalista,active,special_radio,data_inizio_valid,data_creazione,data_ultima_modifica,utente_ultima_modifica) VALUES (215,90,'NAPOLI MIA','TELEVISIONE',0,0,0,'2011-01-01 00:00:00','2018-01-19 15:29:56','2018-01-19 15:29:56','esercizio');
INSERT INTO bdc_canali(id,id_broadcaster,nome,tipo_canale,generalista,active,special_radio,data_inizio_valid,data_creazione,data_ultima_modifica,utente_ultima_modifica) VALUES (216,91,'SALENTO CHANNEL','TELEVISIONE',0,0,0,'2011-01-01 00:00:00','2018-01-19 15:29:56','2018-01-19 15:29:56','esercizio');
INSERT INTO bdc_canali(id,id_broadcaster,nome,tipo_canale,generalista,active,special_radio,data_inizio_valid,data_creazione,data_ultima_modifica,utente_ultima_modifica) VALUES (217,92,'NESSUNO TV','TELEVISIONE',0,0,0,'2011-01-01 00:00:00','2018-01-19 15:29:56','2018-01-19 15:29:56','esercizio');
INSERT INTO bdc_canali(id,id_broadcaster,nome,tipo_canale,generalista,active,special_radio,data_inizio_valid,data_creazione,data_ultima_modifica,utente_ultima_modifica) VALUES (218,89,'NUMBER ONE','TELEVISIONE',0,0,0,'2011-01-01 00:00:00','2018-01-19 15:29:56','2018-01-19 15:29:56','esercizio');
INSERT INTO bdc_canali(id,id_broadcaster,nome,tipo_canale,generalista,active,special_radio,data_inizio_valid,data_creazione,data_ultima_modifica,utente_ultima_modifica) VALUES (219,93,'MARE TV','TELEVISIONE',0,0,0,'2011-01-01 00:00:00','2018-01-19 15:29:56','2018-01-19 15:29:56','esercizio');
INSERT INTO bdc_canali(id,id_broadcaster,nome,tipo_canale,generalista,active,special_radio,data_inizio_valid,data_creazione,data_ultima_modifica,utente_ultima_modifica) VALUES (220,19,'BBC KNOWLEDGE ','TELEVISIONE',0,1,0,'2011-01-01 00:00:00','2018-01-19 15:29:56','2018-01-19 15:29:56','esercizio');
INSERT INTO bdc_canali(id,id_broadcaster,nome,tipo_canale,generalista,active,special_radio,data_inizio_valid,data_creazione,data_ultima_modifica,utente_ultima_modifica) VALUES (221,19,'BOING','TELEVISIONE',0,1,0,'2011-01-01 00:00:00','2018-01-19 15:29:56','2018-01-19 15:29:56','esercizio');
INSERT INTO bdc_canali(id,id_broadcaster,nome,tipo_canale,generalista,active,special_radio,data_inizio_valid,data_creazione,data_ultima_modifica,utente_ultima_modifica) VALUES (222,19,'CARTOON NETWORK ','TELEVISIONE',0,1,0,'2011-01-01 00:00:00','2018-01-19 15:29:56','2018-01-19 15:29:56','esercizio');
INSERT INTO bdc_canali(id,id_broadcaster,nome,tipo_canale,generalista,active,special_radio,data_inizio_valid,data_creazione,data_ultima_modifica,utente_ultima_modifica) VALUES (223,19,'CARTOONITO','TELEVISIONE',0,1,0,'2011-01-01 00:00:00','2018-01-19 15:29:56','2018-01-19 15:29:56','esercizio');
INSERT INTO bdc_canali(id,id_broadcaster,nome,tipo_canale,generalista,active,special_radio,data_inizio_valid,data_creazione,data_ultima_modifica,utente_ultima_modifica) VALUES (224,19,'COMEDY LIFE  ','TELEVISIONE',0,0,0,'2011-01-01 00:00:00','2018-01-19 15:29:56','2018-01-19 15:29:56','esercizio');
INSERT INTO bdc_canali(id,id_broadcaster,nome,tipo_canale,generalista,active,special_radio,data_inizio_valid,data_creazione,data_ultima_modifica,utente_ultima_modifica) VALUES (225,93,'MONDO SHOP','TELEVISIONE',0,0,0,'2011-01-01 00:00:00','2018-01-19 15:29:56','2018-01-19 15:29:56','esercizio');
INSERT INTO bdc_canali(id,id_broadcaster,nome,tipo_canale,generalista,active,special_radio,data_inizio_valid,data_creazione,data_ultima_modifica,utente_ultima_modifica) VALUES (226,19,'DISNEY CHANNEL ','TELEVISIONE',0,1,0,'2011-01-01 00:00:00','2018-01-19 15:29:56','2018-01-19 15:29:56','esercizio');
INSERT INTO bdc_canali(id,id_broadcaster,nome,tipo_canale,generalista,active,special_radio,data_inizio_valid,data_creazione,data_ultima_modifica,utente_ultima_modifica) VALUES (227,19,'DISNEY CHANNEL+1','TELEVISIONE',0,1,0,'2011-01-01 00:00:00','2018-01-19 15:29:56','2018-01-19 15:29:56','esercizio');
INSERT INTO bdc_canali(id,id_broadcaster,nome,tipo_canale,generalista,active,special_radio,data_inizio_valid,data_creazione,data_ultima_modifica,utente_ultima_modifica) VALUES (228,19,'DUELTV ','TELEVISIONE',0,0,0,'2011-01-01 00:00:00','2018-01-19 15:29:56','2018-01-19 15:29:56','esercizio');
INSERT INTO bdc_canali(id,id_broadcaster,nome,tipo_canale,generalista,active,special_radio,data_inizio_valid,data_creazione,data_ultima_modifica,utente_ultima_modifica) VALUES (229,19,'HAPPY CHANNEL ','TELEVISIONE',0,0,0,'2011-01-01 00:00:00','2018-01-19 15:29:56','2018-01-19 15:29:56','esercizio');
INSERT INTO bdc_canali(id,id_broadcaster,nome,tipo_canale,generalista,active,special_radio,data_inizio_valid,data_creazione,data_ultima_modifica,utente_ultima_modifica) VALUES (230,19,'HIRO','TELEVISIONE',0,0,0,'2011-01-01 00:00:00','2018-01-19 15:29:56','2018-01-19 15:29:56','esercizio');
INSERT INTO bdc_canali(id,id_broadcaster,nome,tipo_canale,generalista,active,special_radio,data_inizio_valid,data_creazione,data_ultima_modifica,utente_ultima_modifica) VALUES (231,19,'IRIS','TELEVISIONE',0,1,0,'2011-01-01 00:00:00','2018-01-19 15:29:56','2018-01-19 15:29:56','esercizio');
INSERT INTO bdc_canali(id,id_broadcaster,nome,tipo_canale,generalista,active,special_radio,data_inizio_valid,data_creazione,data_ultima_modifica,utente_ultima_modifica) VALUES (232,19,'IT TELEVISION ','TELEVISIONE',0,0,0,'2011-01-01 00:00:00','2018-01-19 15:29:56','2018-01-19 15:29:56','esercizio');
INSERT INTO bdc_canali(id,id_broadcaster,nome,tipo_canale,generalista,active,special_radio,data_inizio_valid,data_creazione,data_ultima_modifica,utente_ultima_modifica) VALUES (233,19,'ITALIA2','TELEVISIONE',0,1,0,'2011-01-01 00:00:00','2018-01-19 15:29:56','2018-01-19 15:29:56','esercizio');
INSERT INTO bdc_canali(id,id_broadcaster,nome,tipo_canale,generalista,active,special_radio,data_inizio_valid,data_creazione,data_ultima_modifica,utente_ultima_modifica) VALUES (234,19,'JOI','TELEVISIONE',0,1,0,'2011-01-01 00:00:00','2018-01-19 15:29:56','2018-01-19 15:29:56','esercizio');
INSERT INTO bdc_canali(id,id_broadcaster,nome,tipo_canale,generalista,active,special_radio,data_inizio_valid,data_creazione,data_ultima_modifica,utente_ultima_modifica) VALUES (235,19,'LA FATTORIA – PREMIUM','TELEVISIONE',0,0,0,'2011-01-01 00:00:00','2018-01-19 15:29:56','2018-01-19 15:29:56','esercizio');
INSERT INTO bdc_canali(id,id_broadcaster,nome,tipo_canale,generalista,active,special_radio,data_inizio_valid,data_creazione,data_ultima_modifica,utente_ultima_modifica) VALUES (236,19,'LA5','TELEVISIONE',0,1,0,'2011-01-01 00:00:00','2018-01-19 15:29:56','2018-01-19 15:29:56','esercizio');
INSERT INTO bdc_canali(id,id_broadcaster,nome,tipo_canale,generalista,active,special_radio,data_inizio_valid,data_creazione,data_ultima_modifica,utente_ultima_modifica) VALUES (237,19,'MEDIASET EXTRA','TELEVISIONE',0,1,0,'2011-01-01 00:00:00','2018-01-19 15:29:56','2018-01-19 15:29:56','esercizio');
INSERT INTO bdc_canali(id,id_broadcaster,nome,tipo_canale,generalista,active,special_radio,data_inizio_valid,data_creazione,data_ultima_modifica,utente_ultima_modifica) VALUES (238,19,'MEDIASET PLUS','TELEVISIONE',0,0,0,'2011-01-01 00:00:00','2018-01-19 15:29:56','2018-01-19 15:29:56','esercizio');
INSERT INTO bdc_canali(id,id_broadcaster,nome,tipo_canale,generalista,active,special_radio,data_inizio_valid,data_creazione,data_ultima_modifica,utente_ultima_modifica) VALUES (239,19,'MTCHANNEL  ','TELEVISIONE',0,0,0,'2011-01-01 00:00:00','2018-01-19 15:29:56','2018-01-19 15:29:56','esercizio');
INSERT INTO bdc_canali(id,id_broadcaster,nome,tipo_canale,generalista,active,special_radio,data_inizio_valid,data_creazione,data_ultima_modifica,utente_ultima_modifica) VALUES (240,19,'MYA/PREMIUM STORIES','TELEVISIONE',0,1,0,'2011-01-01 00:00:00','2018-01-19 15:29:56','2018-01-19 15:29:56','esercizio');
INSERT INTO bdc_canali(id,id_broadcaster,nome,tipo_canale,generalista,active,special_radio,data_inizio_valid,data_creazione,data_ultima_modifica,utente_ultima_modifica) VALUES (241,19,'PLAYHOUSE DISNEY JUNIOR','TELEVISIONE',0,1,0,'2011-01-01 00:00:00','2018-01-19 15:29:56','2018-01-19 15:29:56','esercizio');
INSERT INTO bdc_canali(id,id_broadcaster,nome,tipo_canale,generalista,active,special_radio,data_inizio_valid,data_creazione,data_ultima_modifica,utente_ultima_modifica) VALUES (242,19,'PREMIUM CALCIO/SPORT2','TELEVISIONE',0,1,0,'2011-01-01 00:00:00','2018-01-19 15:29:56','2018-01-19 15:29:56','esercizio');
INSERT INTO bdc_canali(id,id_broadcaster,nome,tipo_canale,generalista,active,special_radio,data_inizio_valid,data_creazione,data_ultima_modifica,utente_ultima_modifica) VALUES (243,19,'PREMIUM CALCIO 1','TELEVISIONE',0,1,0,'2011-01-01 00:00:00','2018-01-19 15:29:56','2018-01-19 15:29:56','esercizio');
INSERT INTO bdc_canali(id,id_broadcaster,nome,tipo_canale,generalista,active,special_radio,data_inizio_valid,data_creazione,data_ultima_modifica,utente_ultima_modifica) VALUES (244,19,'PREMIUM CALCIO 2','TELEVISIONE',0,1,0,'2011-01-01 00:00:00','2018-01-19 15:29:56','2018-01-19 15:29:56','esercizio');
INSERT INTO bdc_canali(id,id_broadcaster,nome,tipo_canale,generalista,active,special_radio,data_inizio_valid,data_creazione,data_ultima_modifica,utente_ultima_modifica) VALUES (245,19,'PREMIUM CALCIO 3','TELEVISIONE',0,1,0,'2011-01-01 00:00:00','2018-01-19 15:29:56','2018-01-19 15:29:56','esercizio');
INSERT INTO bdc_canali(id,id_broadcaster,nome,tipo_canale,generalista,active,special_radio,data_inizio_valid,data_creazione,data_ultima_modifica,utente_ultima_modifica) VALUES (246,19,'PREMIUM CALCIO 4','TELEVISIONE',0,1,0,'2011-01-01 00:00:00','2018-01-19 15:29:56','2018-01-19 15:29:56','esercizio');
INSERT INTO bdc_canali(id,id_broadcaster,nome,tipo_canale,generalista,active,special_radio,data_inizio_valid,data_creazione,data_ultima_modifica,utente_ultima_modifica) VALUES (247,19,'PREMIUM CALCIO 5','TELEVISIONE',0,1,0,'2011-01-01 00:00:00','2018-01-19 15:29:56','2018-01-19 15:29:56','esercizio');
INSERT INTO bdc_canali(id,id_broadcaster,nome,tipo_canale,generalista,active,special_radio,data_inizio_valid,data_creazione,data_ultima_modifica,utente_ultima_modifica) VALUES (248,19,'PREMIUM CALCIO 6','TELEVISIONE',0,1,0,'2011-01-01 00:00:00','2018-01-19 15:29:56','2018-01-19 15:29:56','esercizio');
INSERT INTO bdc_canali(id,id_broadcaster,nome,tipo_canale,generalista,active,special_radio,data_inizio_valid,data_creazione,data_ultima_modifica,utente_ultima_modifica) VALUES (249,19,'PREMIUM CALCIO 7','TELEVISIONE',0,1,0,'2011-01-01 00:00:00','2018-01-19 15:29:56','2018-01-19 15:29:56','esercizio');
INSERT INTO bdc_canali(id,id_broadcaster,nome,tipo_canale,generalista,active,special_radio,data_inizio_valid,data_creazione,data_ultima_modifica,utente_ultima_modifica) VALUES (250,19,'PREMIUM CINEMA','TELEVISIONE',0,1,0,'2011-01-01 00:00:00','2018-01-19 15:29:56','2018-01-19 15:29:56','esercizio');
INSERT INTO bdc_canali(id,id_broadcaster,nome,tipo_canale,generalista,active,special_radio,data_inizio_valid,data_creazione,data_ultima_modifica,utente_ultima_modifica) VALUES (251,19,'PREMIUM CINEMA 2','TELEVISIONE',0,1,0,'2011-01-01 00:00:00','2018-01-19 15:29:56','2018-01-19 15:29:56','esercizio');
INSERT INTO bdc_canali(id,id_broadcaster,nome,tipo_canale,generalista,active,special_radio,data_inizio_valid,data_creazione,data_ultima_modifica,utente_ultima_modifica) VALUES (252,19,'PREMIUM CINEMA EMOTION','TELEVISIONE',0,1,0,'2011-01-01 00:00:00','2018-01-19 15:29:56','2018-01-19 15:29:56','esercizio');
INSERT INTO bdc_canali(id,id_broadcaster,nome,tipo_canale,generalista,active,special_radio,data_inizio_valid,data_creazione,data_ultima_modifica,utente_ultima_modifica) VALUES (253,19,'PREMIUM CINEMA ENERGY','TELEVISIONE',0,1,0,'2011-01-01 00:00:00','2018-01-19 15:29:56','2018-01-19 15:29:56','esercizio');
INSERT INTO bdc_canali(id,id_broadcaster,nome,tipo_canale,generalista,active,special_radio,data_inizio_valid,data_creazione,data_ultima_modifica,utente_ultima_modifica) VALUES (254,19,'PREMIUM COMEDY','TELEVISIONE',0,1,0,'2011-01-01 00:00:00','2018-01-19 15:29:56','2018-01-19 15:29:56','esercizio');
INSERT INTO bdc_canali(id,id_broadcaster,nome,tipo_canale,generalista,active,special_radio,data_inizio_valid,data_creazione,data_ultima_modifica,utente_ultima_modifica) VALUES (255,19,'PREMIUM CRIME ','TELEVISIONE',0,1,0,'2011-01-01 00:00:00','2018-01-19 15:29:56','2018-01-19 15:29:56','esercizio');
INSERT INTO bdc_canali(id,id_broadcaster,nome,tipo_canale,generalista,active,special_radio,data_inizio_valid,data_creazione,data_ultima_modifica,utente_ultima_modifica) VALUES (256,19,'PREMIUM EXTRA 1','TELEVISIONE',0,1,0,'2011-01-01 00:00:00','2018-01-19 15:29:56','2018-01-19 15:29:56','esercizio');
INSERT INTO bdc_canali(id,id_broadcaster,nome,tipo_canale,generalista,active,special_radio,data_inizio_valid,data_creazione,data_ultima_modifica,utente_ultima_modifica) VALUES (257,19,'PREMIUM EXTRA 2','TELEVISIONE',0,1,0,'2011-01-01 00:00:00','2018-01-19 15:29:56','2018-01-19 15:29:56','esercizio');
INSERT INTO bdc_canali(id,id_broadcaster,nome,tipo_canale,generalista,active,special_radio,data_inizio_valid,data_creazione,data_ultima_modifica,utente_ultima_modifica) VALUES (258,19,'PREMIUM MOTO GP ','TELEVISIONE',0,0,0,'2011-01-01 00:00:00','2018-01-19 15:29:56','2018-01-19 15:29:56','esercizio');
INSERT INTO bdc_canali(id,id_broadcaster,nome,tipo_canale,generalista,active,special_radio,data_inizio_valid,data_creazione,data_ultima_modifica,utente_ultima_modifica) VALUES (259,19,'PREMIUM PRESTIGE','TELEVISIONE',0,0,0,'2011-01-01 00:00:00','2018-01-19 15:29:56','2018-01-19 15:29:56','esercizio');
INSERT INTO bdc_canali(id,id_broadcaster,nome,tipo_canale,generalista,active,special_radio,data_inizio_valid,data_creazione,data_ultima_modifica,utente_ultima_modifica) VALUES (260,19,'PREMIUM SPORT','TELEVISIONE',0,1,0,'2011-01-01 00:00:00','2018-01-19 15:29:56','2018-01-19 15:29:56','esercizio');
INSERT INTO bdc_canali(id,id_broadcaster,nome,tipo_canale,generalista,active,special_radio,data_inizio_valid,data_creazione,data_ultima_modifica,utente_ultima_modifica) VALUES (261,19,'STEEL/PREMIUM ACTION','TELEVISIONE',0,1,0,'2011-01-01 00:00:00','2018-01-19 15:29:56','2018-01-19 15:29:56','esercizio');
INSERT INTO bdc_canali(id,id_broadcaster,nome,tipo_canale,generalista,active,special_radio,data_inizio_valid,data_creazione,data_ultima_modifica,utente_ultima_modifica) VALUES (262,19,'STUDIO UNIVERSAL','TELEVISIONE',0,1,0,'2011-01-01 00:00:00','2018-01-19 15:29:56','2018-01-19 15:29:56','esercizio');
INSERT INTO bdc_canali(id,id_broadcaster,nome,tipo_canale,generalista,active,special_radio,data_inizio_valid,data_creazione,data_ultima_modifica,utente_ultima_modifica) VALUES (263,19,'TGCOM24','TELEVISIONE',0,1,0,'2011-01-01 00:00:00','2018-01-19 15:29:56','2018-01-19 15:29:56','esercizio');
INSERT INTO bdc_canali(id,id_broadcaster,nome,tipo_canale,generalista,active,special_radio,data_inizio_valid,data_creazione,data_ultima_modifica,utente_ultima_modifica) VALUES (264,19,'TOP CRIME','TELEVISIONE',0,1,0,'2011-01-01 00:00:00','2018-01-19 15:29:56','2018-01-19 15:29:56','esercizio');
INSERT INTO bdc_canali(id,id_broadcaster,nome,tipo_canale,generalista,active,special_radio,data_inizio_valid,data_creazione,data_ultima_modifica,utente_ultima_modifica) VALUES (265,93,'PASSIONE PESCA','TELEVISIONE',0,0,0,'2011-01-01 00:00:00','2018-01-19 15:29:56','2018-01-19 15:29:56','esercizio');
INSERT INTO bdc_canali(id,id_broadcaster,nome,tipo_canale,generalista,active,special_radio,data_inizio_valid,data_creazione,data_ultima_modifica,utente_ultima_modifica) VALUES (266,94,'SISAL TV','TELEVISIONE',0,0,0,'2011-01-01 00:00:00','2018-01-19 15:29:56','2018-01-19 15:29:56','esercizio');
INSERT INTO bdc_canali(id,id_broadcaster,nome,tipo_canale,generalista,active,special_radio,data_inizio_valid,data_creazione,data_ultima_modifica,utente_ultima_modifica) VALUES (267,95,'R.T.B. INTERNATIONAL','TELEVISIONE',0,0,0,'2011-01-01 00:00:00','2018-01-19 15:29:56','2018-01-19 15:29:56','esercizio');
INSERT INTO bdc_canali(id,id_broadcaster,nome,tipo_canale,generalista,active,special_radio,data_inizio_valid,data_creazione,data_ultima_modifica,utente_ultima_modifica) VALUES (268,96,'DIRETTA GOL','TELEVISIONE',0,0,0,'2011-01-01 00:00:00','2018-01-19 15:29:56','2018-01-19 15:29:56','esercizio');
INSERT INTO bdc_canali(id,id_broadcaster,nome,tipo_canale,generalista,active,special_radio,data_inizio_valid,data_creazione,data_ultima_modifica,utente_ultima_modifica) VALUES (269,96,'SKY 3D','TELEVISIONE',0,1,0,'2011-01-01 00:00:00','2018-01-19 15:29:56','2018-01-19 15:29:56','esercizio');
INSERT INTO bdc_canali(id,id_broadcaster,nome,tipo_canale,generalista,active,special_radio,data_inizio_valid,data_creazione,data_ultima_modifica,utente_ultima_modifica) VALUES (270,96,'SKY ARTE','TELEVISIONE',0,1,0,'2011-01-01 00:00:00','2018-01-19 15:29:56','2018-01-19 15:29:56','esercizio');
INSERT INTO bdc_canali(id,id_broadcaster,nome,tipo_canale,generalista,active,special_radio,data_inizio_valid,data_creazione,data_ultima_modifica,utente_ultima_modifica) VALUES (271,96,'SKY ATLANTIC','TELEVISIONE',0,1,0,'2011-01-01 00:00:00','2018-01-19 15:29:56','2018-01-19 15:29:56','esercizio');
INSERT INTO bdc_canali(id,id_broadcaster,nome,tipo_canale,generalista,active,special_radio,data_inizio_valid,data_creazione,data_ultima_modifica,utente_ultima_modifica) VALUES (272,96,'SKY ATLANTIC +1','TELEVISIONE',0,1,0,'2011-01-01 00:00:00','2018-01-19 15:29:56','2018-01-19 15:29:56','esercizio');
INSERT INTO bdc_canali(id,id_broadcaster,nome,tipo_canale,generalista,active,special_radio,data_inizio_valid,data_creazione,data_ultima_modifica,utente_ultima_modifica) VALUES (273,96,'SKY ATLANTIC 1992','TELEVISIONE',0,0,0,'2011-01-01 00:00:00','2018-01-19 15:29:56','2018-01-19 15:29:56','esercizio');
INSERT INTO bdc_canali(id,id_broadcaster,nome,tipo_canale,generalista,active,special_radio,data_inizio_valid,data_creazione,data_ultima_modifica,utente_ultima_modifica) VALUES (274,96,'SKY ATLANTIC ROCKS','TELEVISIONE',0,1,0,'2011-01-01 00:00:00','2018-01-19 15:29:56','2018-01-19 15:29:56','esercizio');
INSERT INTO bdc_canali(id,id_broadcaster,nome,tipo_canale,generalista,active,special_radio,data_inizio_valid,data_creazione,data_ultima_modifica,utente_ultima_modifica) VALUES (275,96,'SKY ATLANTIC TRONO DI SPADE','TELEVISIONE',0,1,0,'2011-01-01 00:00:00','2018-01-19 15:29:56','2018-01-19 15:29:56','esercizio');
INSERT INTO bdc_canali(id,id_broadcaster,nome,tipo_canale,generalista,active,special_radio,data_inizio_valid,data_creazione,data_ultima_modifica,utente_ultima_modifica) VALUES (276,96,'SKY CALCIO','TELEVISIONE',0,1,0,'2011-01-01 00:00:00','2018-01-19 15:29:56','2018-01-19 15:29:56','esercizio');
INSERT INTO bdc_canali(id,id_broadcaster,nome,tipo_canale,generalista,active,special_radio,data_inizio_valid,data_creazione,data_ultima_modifica,utente_ultima_modifica) VALUES (277,96,'SKY CANALE 109','TELEVISIONE',0,0,0,'2011-01-01 00:00:00','2018-01-19 15:29:56','2018-01-19 15:29:56','esercizio');
INSERT INTO bdc_canali(id,id_broadcaster,nome,tipo_canale,generalista,active,special_radio,data_inizio_valid,data_creazione,data_ultima_modifica,utente_ultima_modifica) VALUES (278,96,'SKY CANALE 112','TELEVISIONE',0,0,0,'2011-01-01 00:00:00','2018-01-19 15:29:56','2018-01-19 15:29:56','esercizio');
INSERT INTO bdc_canali(id,id_broadcaster,nome,tipo_canale,generalista,active,special_radio,data_inizio_valid,data_creazione,data_ultima_modifica,utente_ultima_modifica) VALUES (279,96,'SKY CANALE 132','TELEVISIONE',0,0,0,'2011-01-01 00:00:00','2018-01-19 15:29:56','2018-01-19 15:29:56','esercizio');
INSERT INTO bdc_canali(id,id_broadcaster,nome,tipo_canale,generalista,active,special_radio,data_inizio_valid,data_creazione,data_ultima_modifica,utente_ultima_modifica) VALUES (280,96,'SKY CIELO','TELEVISIONE',0,1,0,'2011-01-01 00:00:00','2018-01-19 15:29:56','2018-01-19 15:29:56','esercizio');
INSERT INTO bdc_canali(id,id_broadcaster,nome,tipo_canale,generalista,active,special_radio,data_inizio_valid,data_creazione,data_ultima_modifica,utente_ultima_modifica) VALUES (281,96,'SKY CINEMA +1','TELEVISIONE',0,1,0,'2011-01-01 00:00:00','2018-01-19 15:29:56','2018-01-19 15:29:56','esercizio');
INSERT INTO bdc_canali(id,id_broadcaster,nome,tipo_canale,generalista,active,special_radio,data_inizio_valid,data_creazione,data_ultima_modifica,utente_ultima_modifica) VALUES (282,96,'SKY CINEMA +24','TELEVISIONE',0,1,0,'2011-01-01 00:00:00','2018-01-19 15:29:56','2018-01-19 15:29:56','esercizio');
INSERT INTO bdc_canali(id,id_broadcaster,nome,tipo_canale,generalista,active,special_radio,data_inizio_valid,data_creazione,data_ultima_modifica,utente_ultima_modifica) VALUES (283,96,'SKY CINEMA 007','TELEVISIONE',0,1,0,'2011-01-01 00:00:00','2018-01-19 15:29:56','2018-01-19 15:29:56','esercizio');
INSERT INTO bdc_canali(id,id_broadcaster,nome,tipo_canale,generalista,active,special_radio,data_inizio_valid,data_creazione,data_ultima_modifica,utente_ultima_modifica) VALUES (284,96,'SKY CINEMA 1','TELEVISIONE',0,1,0,'2011-01-01 00:00:00','2018-01-19 15:29:56','2018-01-19 15:29:56','esercizio');
INSERT INTO bdc_canali(id,id_broadcaster,nome,tipo_canale,generalista,active,special_radio,data_inizio_valid,data_creazione,data_ultima_modifica,utente_ultima_modifica) VALUES (285,96,'SKY CINEMA 1/2','TELEVISIONE',0,0,0,'2011-01-01 00:00:00','2018-01-19 15:29:56','2018-01-19 15:29:56','esercizio');
INSERT INTO bdc_canali(id,id_broadcaster,nome,tipo_canale,generalista,active,special_radio,data_inizio_valid,data_creazione,data_ultima_modifica,utente_ultima_modifica) VALUES (286,96,'SKY CINEMA 16/9','TELEVISIONE',0,0,0,'2011-01-01 00:00:00','2018-01-19 15:29:56','2018-01-19 15:29:56','esercizio');
INSERT INTO bdc_canali(id,id_broadcaster,nome,tipo_canale,generalista,active,special_radio,data_inizio_valid,data_creazione,data_ultima_modifica,utente_ultima_modifica) VALUES (287,96,'SKY CINEMA 2','TELEVISIONE',0,0,0,'2011-01-01 00:00:00','2018-01-19 15:29:56','2018-01-19 15:29:56','esercizio');
INSERT INTO bdc_canali(id,id_broadcaster,nome,tipo_canale,generalista,active,special_radio,data_inizio_valid,data_creazione,data_ultima_modifica,utente_ultima_modifica) VALUES (288,96,'SKY CINEMA 3','TELEVISIONE',0,0,0,'2011-01-01 00:00:00','2018-01-19 15:29:56','2018-01-19 15:29:56','esercizio');
INSERT INTO bdc_canali(id,id_broadcaster,nome,tipo_canale,generalista,active,special_radio,data_inizio_valid,data_creazione,data_ultima_modifica,utente_ultima_modifica) VALUES (289,96,'SKY CINEMA AUTORE','TELEVISIONE',0,0,0,'2011-01-01 00:00:00','2018-01-19 15:29:56','2018-01-19 15:29:56','esercizio');
INSERT INTO bdc_canali(id,id_broadcaster,nome,tipo_canale,generalista,active,special_radio,data_inizio_valid,data_creazione,data_ultima_modifica,utente_ultima_modifica) VALUES (290,96,'SKY CINEMA CHRISTMAS','TELEVISIONE',0,1,0,'2011-01-01 00:00:00','2018-01-19 15:29:56','2018-01-19 15:29:56','esercizio');
INSERT INTO bdc_canali(id,id_broadcaster,nome,tipo_canale,generalista,active,special_radio,data_inizio_valid,data_creazione,data_ultima_modifica,utente_ultima_modifica) VALUES (291,96,'SKY CINEMA CLASSICS','TELEVISIONE',0,1,0,'2011-01-01 00:00:00','2018-01-19 15:29:56','2018-01-19 15:29:56','esercizio');
INSERT INTO bdc_canali(id,id_broadcaster,nome,tipo_canale,generalista,active,special_radio,data_inizio_valid,data_creazione,data_ultima_modifica,utente_ultima_modifica) VALUES (292,96,'SKY CINEMA COMEDY','TELEVISIONE',0,1,0,'2011-01-01 00:00:00','2018-01-19 15:29:56','2018-01-19 15:29:56','esercizio');
INSERT INTO bdc_canali(id,id_broadcaster,nome,tipo_canale,generalista,active,special_radio,data_inizio_valid,data_creazione,data_ultima_modifica,utente_ultima_modifica) VALUES (293,96,'SKY CINEMA CULT ','TELEVISIONE',0,1,0,'2011-01-01 00:00:00','2018-01-19 15:29:56','2018-01-19 15:29:56','esercizio');
INSERT INTO bdc_canali(id,id_broadcaster,nome,tipo_canale,generalista,active,special_radio,data_inizio_valid,data_creazione,data_ultima_modifica,utente_ultima_modifica) VALUES (294,96,'SKY CINEMA FAMILY','TELEVISIONE',0,1,0,'2011-01-01 00:00:00','2018-01-19 15:29:56','2018-01-19 15:29:56','esercizio');
INSERT INTO bdc_canali(id,id_broadcaster,nome,tipo_canale,generalista,active,special_radio,data_inizio_valid,data_creazione,data_ultima_modifica,utente_ultima_modifica) VALUES (295,96,'SKY CINEMA FAMILY +1','TELEVISIONE',0,1,0,'2011-01-01 00:00:00','2018-01-19 15:29:56','2018-01-19 15:29:56','esercizio');
INSERT INTO bdc_canali(id,id_broadcaster,nome,tipo_canale,generalista,active,special_radio,data_inizio_valid,data_creazione,data_ultima_modifica,utente_ultima_modifica) VALUES (296,96,'SKY CINEMA HD','TELEVISIONE',0,0,0,'2011-01-01 00:00:00','2018-01-19 15:29:56','2018-01-19 15:29:56','esercizio');
INSERT INTO bdc_canali(id,id_broadcaster,nome,tipo_canale,generalista,active,special_radio,data_inizio_valid,data_creazione,data_ultima_modifica,utente_ultima_modifica) VALUES (297,96,'SKY CINEMA HD +24','TELEVISIONE',0,0,0,'2011-01-01 00:00:00','2018-01-19 15:29:56','2018-01-19 15:29:56','esercizio');
INSERT INTO bdc_canali(id,id_broadcaster,nome,tipo_canale,generalista,active,special_radio,data_inizio_valid,data_creazione,data_ultima_modifica,utente_ultima_modifica) VALUES (298,96,'SKY CINEMA HEROES','TELEVISIONE',0,0,0,'2011-01-01 00:00:00','2018-01-19 15:29:56','2018-01-19 15:29:56','esercizio');
INSERT INTO bdc_canali(id,id_broadcaster,nome,tipo_canale,generalista,active,special_radio,data_inizio_valid,data_creazione,data_ultima_modifica,utente_ultima_modifica) VALUES (299,96,'SKY CINEMA HITS','TELEVISIONE',0,1,0,'2011-01-01 00:00:00','2018-01-19 15:29:56','2018-01-19 15:29:56','esercizio');
INSERT INTO bdc_canali(id,id_broadcaster,nome,tipo_canale,generalista,active,special_radio,data_inizio_valid,data_creazione,data_ultima_modifica,utente_ultima_modifica) VALUES (300,96,'SKY CINEMA ITALIA','TELEVISIONE',0,0,0,'2011-01-01 00:00:00','2018-01-19 15:29:56','2018-01-19 15:29:56','esercizio');
INSERT INTO bdc_canali(id,id_broadcaster,nome,tipo_canale,generalista,active,special_radio,data_inizio_valid,data_creazione,data_ultima_modifica,utente_ultima_modifica) VALUES (301,96,'SKY CINEMA MANIA','TELEVISIONE',0,0,0,'2011-01-01 00:00:00','2018-01-19 15:29:56','2018-01-19 15:29:56','esercizio');
INSERT INTO bdc_canali(id,id_broadcaster,nome,tipo_canale,generalista,active,special_radio,data_inizio_valid,data_creazione,data_ultima_modifica,utente_ultima_modifica) VALUES (302,96,'SKY CINEMA MAX','TELEVISIONE',0,1,0,'2011-01-01 00:00:00','2018-01-19 15:29:56','2018-01-19 15:29:56','esercizio');
INSERT INTO bdc_canali(id,id_broadcaster,nome,tipo_canale,generalista,active,special_radio,data_inizio_valid,data_creazione,data_ultima_modifica,utente_ultima_modifica) VALUES (303,96,'SKY CINEMA MAX +1','TELEVISIONE',0,1,0,'2011-01-01 00:00:00','2018-01-19 15:29:56','2018-01-19 15:29:56','esercizio');
INSERT INTO bdc_canali(id,id_broadcaster,nome,tipo_canale,generalista,active,special_radio,data_inizio_valid,data_creazione,data_ultima_modifica,utente_ultima_modifica) VALUES (304,96,'SKY CINEMA OSCAR','TELEVISIONE',0,1,0,'2011-01-01 00:00:00','2018-01-19 15:29:56','2018-01-19 15:29:56','esercizio');
INSERT INTO bdc_canali(id,id_broadcaster,nome,tipo_canale,generalista,active,special_radio,data_inizio_valid,data_creazione,data_ultima_modifica,utente_ultima_modifica) VALUES (305,96,'SKY CINEMA PASSION','TELEVISIONE',0,1,0,'2011-01-01 00:00:00','2018-01-19 15:29:56','2018-01-19 15:29:56','esercizio');
INSERT INTO bdc_canali(id,id_broadcaster,nome,tipo_canale,generalista,active,special_radio,data_inizio_valid,data_creazione,data_ultima_modifica,utente_ultima_modifica) VALUES (306,96,'SKY CINEMA PRINCIPESSE','TELEVISIONE',0,0,0,'2011-01-01 00:00:00','2018-01-19 15:29:56','2018-01-19 15:29:56','esercizio');
INSERT INTO bdc_canali(id,id_broadcaster,nome,tipo_canale,generalista,active,special_radio,data_inizio_valid,data_creazione,data_ultima_modifica,utente_ultima_modifica) VALUES (307,96,'SKY CINEMA STAR WARS','TELEVISIONE',0,1,0,'2011-01-01 00:00:00','2018-01-19 15:29:56','2018-01-19 15:29:56','esercizio');
INSERT INTO bdc_canali(id,id_broadcaster,nome,tipo_canale,generalista,active,special_radio,data_inizio_valid,data_creazione,data_ultima_modifica,utente_ultima_modifica) VALUES (308,96,'SKY CINEMA WEDDING','TELEVISIONE',0,0,0,'2011-01-01 00:00:00','2018-01-19 15:29:56','2018-01-19 15:29:56','esercizio');
INSERT INTO bdc_canali(id,id_broadcaster,nome,tipo_canale,generalista,active,special_radio,data_inizio_valid,data_creazione,data_ultima_modifica,utente_ultima_modifica) VALUES (309,96,'SKY COPA AMERICA 1','TELEVISIONE',0,0,0,'2011-01-01 00:00:00','2018-01-19 15:29:56','2018-01-19 15:29:56','esercizio');
INSERT INTO bdc_canali(id,id_broadcaster,nome,tipo_canale,generalista,active,special_radio,data_inizio_valid,data_creazione,data_ultima_modifica,utente_ultima_modifica) VALUES (310,96,'SKY COPA AMERICA 2','TELEVISIONE',0,0,0,'2011-01-01 00:00:00','2018-01-19 15:29:56','2018-01-19 15:29:56','esercizio');
INSERT INTO bdc_canali(id,id_broadcaster,nome,tipo_canale,generalista,active,special_radio,data_inizio_valid,data_creazione,data_ultima_modifica,utente_ultima_modifica) VALUES (311,96,'SKY COPA AMERICA 3','TELEVISIONE',0,0,0,'2011-01-01 00:00:00','2018-01-19 15:29:56','2018-01-19 15:29:56','esercizio');
INSERT INTO bdc_canali(id,id_broadcaster,nome,tipo_canale,generalista,active,special_radio,data_inizio_valid,data_creazione,data_ultima_modifica,utente_ultima_modifica) VALUES (312,96,'SKY COPA AMERICA 4','TELEVISIONE',0,0,0,'2011-01-01 00:00:00','2018-01-19 15:29:56','2018-01-19 15:29:56','esercizio');
INSERT INTO bdc_canali(id,id_broadcaster,nome,tipo_canale,generalista,active,special_radio,data_inizio_valid,data_creazione,data_ultima_modifica,utente_ultima_modifica) VALUES (313,96,'SKY INDIANA JONES','TELEVISIONE',0,0,0,'2011-01-01 00:00:00','2018-01-19 15:29:56','2018-01-19 15:29:56','esercizio');
INSERT INTO bdc_canali(id,id_broadcaster,nome,tipo_canale,generalista,active,special_radio,data_inizio_valid,data_creazione,data_ultima_modifica,utente_ultima_modifica) VALUES (314,96,'SKY INSIDE','TELEVISIONE',0,0,0,'2011-01-01 00:00:00','2018-01-19 15:29:56','2018-01-19 15:29:56','esercizio');
INSERT INTO bdc_canali(id,id_broadcaster,nome,tipo_canale,generalista,active,special_radio,data_inizio_valid,data_creazione,data_ultima_modifica,utente_ultima_modifica) VALUES (315,96,'SKY MARIO','TELEVISIONE',0,0,0,'2011-01-01 00:00:00','2018-01-19 15:29:56','2018-01-19 15:29:56','esercizio');
INSERT INTO bdc_canali(id,id_broadcaster,nome,tipo_canale,generalista,active,special_radio,data_inizio_valid,data_creazione,data_ultima_modifica,utente_ultima_modifica) VALUES (316,96,'SKY METEO 24','TELEVISIONE',0,1,0,'2011-01-01 00:00:00','2018-01-19 15:29:56','2018-01-19 15:29:56','esercizio');
INSERT INTO bdc_canali(id,id_broadcaster,nome,tipo_canale,generalista,active,special_radio,data_inizio_valid,data_creazione,data_ultima_modifica,utente_ultima_modifica) VALUES (317,96,'SKY MONDIALE 1','TELEVISIONE',0,0,0,'2011-01-01 00:00:00','2018-01-19 15:29:56','2018-01-19 15:29:56','esercizio');
INSERT INTO bdc_canali(id,id_broadcaster,nome,tipo_canale,generalista,active,special_radio,data_inizio_valid,data_creazione,data_ultima_modifica,utente_ultima_modifica) VALUES (318,96,'SKY MONDIALE 2','TELEVISIONE',0,0,0,'2011-01-01 00:00:00','2018-01-19 15:29:56','2018-01-19 15:29:56','esercizio');
INSERT INTO bdc_canali(id,id_broadcaster,nome,tipo_canale,generalista,active,special_radio,data_inizio_valid,data_creazione,data_ultima_modifica,utente_ultima_modifica) VALUES (319,96,'SKY MONDIALE 3','TELEVISIONE',0,0,0,'2011-01-01 00:00:00','2018-01-19 15:29:56','2018-01-19 15:29:56','esercizio');
INSERT INTO bdc_canali(id,id_broadcaster,nome,tipo_canale,generalista,active,special_radio,data_inizio_valid,data_creazione,data_ultima_modifica,utente_ultima_modifica) VALUES (320,96,'SKY MONDIALE 4','TELEVISIONE',0,0,0,'2011-01-01 00:00:00','2018-01-19 15:29:56','2018-01-19 15:29:56','esercizio');
INSERT INTO bdc_canali(id,id_broadcaster,nome,tipo_canale,generalista,active,special_radio,data_inizio_valid,data_creazione,data_ultima_modifica,utente_ultima_modifica) VALUES (321,96,'SKY MONDIALE BAR','TELEVISIONE',0,0,0,'2011-01-01 00:00:00','2018-01-19 15:29:56','2018-01-19 15:29:56','esercizio');
INSERT INTO bdc_canali(id,id_broadcaster,nome,tipo_canale,generalista,active,special_radio,data_inizio_valid,data_creazione,data_ultima_modifica,utente_ultima_modifica) VALUES (322,96,'SKY OLIMPIA 1','TELEVISIONE',0,0,0,'2011-01-01 00:00:00','2018-01-19 15:29:56','2018-01-19 15:29:56','esercizio');
INSERT INTO bdc_canali(id,id_broadcaster,nome,tipo_canale,generalista,active,special_radio,data_inizio_valid,data_creazione,data_ultima_modifica,utente_ultima_modifica) VALUES (323,96,'SKY OLIMPIA 2','TELEVISIONE',0,0,0,'2011-01-01 00:00:00','2018-01-19 15:29:56','2018-01-19 15:29:56','esercizio');
INSERT INTO bdc_canali(id,id_broadcaster,nome,tipo_canale,generalista,active,special_radio,data_inizio_valid,data_creazione,data_ultima_modifica,utente_ultima_modifica) VALUES (324,96,'SKY OLIMPIA 3','TELEVISIONE',0,0,0,'2011-01-01 00:00:00','2018-01-19 15:29:56','2018-01-19 15:29:56','esercizio');
INSERT INTO bdc_canali(id,id_broadcaster,nome,tipo_canale,generalista,active,special_radio,data_inizio_valid,data_creazione,data_ultima_modifica,utente_ultima_modifica) VALUES (325,96,'SKY OLIMPIA 4','TELEVISIONE',0,0,0,'2011-01-01 00:00:00','2018-01-19 15:29:56','2018-01-19 15:29:56','esercizio');
INSERT INTO bdc_canali(id,id_broadcaster,nome,tipo_canale,generalista,active,special_radio,data_inizio_valid,data_creazione,data_ultima_modifica,utente_ultima_modifica) VALUES (326,96,'SKY OLIMPIA 5','TELEVISIONE',0,0,0,'2011-01-01 00:00:00','2018-01-19 15:29:56','2018-01-19 15:29:56','esercizio');
INSERT INTO bdc_canali(id,id_broadcaster,nome,tipo_canale,generalista,active,special_radio,data_inizio_valid,data_creazione,data_ultima_modifica,utente_ultima_modifica) VALUES (327,96,'SKY OLIMPIADI','TELEVISIONE',0,0,0,'2011-01-01 00:00:00','2018-01-19 15:29:56','2018-01-19 15:29:56','esercizio');
INSERT INTO bdc_canali(id,id_broadcaster,nome,tipo_canale,generalista,active,special_radio,data_inizio_valid,data_creazione,data_ultima_modifica,utente_ultima_modifica) VALUES (328,96,'SKY ON AIR','TELEVISIONE',0,0,0,'2011-01-01 00:00:00','2018-01-19 15:29:56','2018-01-19 15:29:56','esercizio');
INSERT INTO bdc_canali(id,id_broadcaster,nome,tipo_canale,generalista,active,special_radio,data_inizio_valid,data_creazione,data_ultima_modifica,utente_ultima_modifica) VALUES (329,96,'SKY PARALIMPIADI','TELEVISIONE',0,0,0,'2011-01-01 00:00:00','2018-01-19 15:29:56','2018-01-19 15:29:56','esercizio');
INSERT INTO bdc_canali(id,id_broadcaster,nome,tipo_canale,generalista,active,special_radio,data_inizio_valid,data_creazione,data_ultima_modifica,utente_ultima_modifica) VALUES (330,96,'SKY PRIMA FILA (TUTTI I CANALI)','TELEVISIONE',0,1,0,'2011-01-01 00:00:00','2018-01-19 15:29:56','2018-01-19 15:29:56','esercizio');
INSERT INTO bdc_canali(id,id_broadcaster,nome,tipo_canale,generalista,active,special_radio,data_inizio_valid,data_creazione,data_ultima_modifica,utente_ultima_modifica) VALUES (331,96,'SKY PRIMA FILA PRESENT.','TELEVISIONE',0,0,0,'2011-01-01 00:00:00','2018-01-19 15:29:56','2018-01-19 15:29:56','esercizio');
INSERT INTO bdc_canali(id,id_broadcaster,nome,tipo_canale,generalista,active,special_radio,data_inizio_valid,data_creazione,data_ultima_modifica,utente_ultima_modifica) VALUES (332,96,'SKY SHOW','TELEVISIONE',0,0,0,'2011-01-01 00:00:00','2018-01-19 15:29:56','2018-01-19 15:29:56','esercizio');
INSERT INTO bdc_canali(id,id_broadcaster,nome,tipo_canale,generalista,active,special_radio,data_inizio_valid,data_creazione,data_ultima_modifica,utente_ultima_modifica) VALUES (333,96,'SKY SPORT 1','TELEVISIONE',0,1,0,'2011-01-01 00:00:00','2018-01-19 15:29:56','2018-01-19 15:29:56','esercizio');
INSERT INTO bdc_canali(id,id_broadcaster,nome,tipo_canale,generalista,active,special_radio,data_inizio_valid,data_creazione,data_ultima_modifica,utente_ultima_modifica) VALUES (334,96,'SKY SPORT 1 / 16:9','TELEVISIONE',0,0,0,'2011-01-01 00:00:00','2018-01-19 15:29:56','2018-01-19 15:29:56','esercizio');
INSERT INTO bdc_canali(id,id_broadcaster,nome,tipo_canale,generalista,active,special_radio,data_inizio_valid,data_creazione,data_ultima_modifica,utente_ultima_modifica) VALUES (335,96,'SKY SPORT 16:9 ','TELEVISIONE',0,0,0,'2011-01-01 00:00:00','2018-01-19 15:29:56','2018-01-19 15:29:56','esercizio');
INSERT INTO bdc_canali(id,id_broadcaster,nome,tipo_canale,generalista,active,special_radio,data_inizio_valid,data_creazione,data_ultima_modifica,utente_ultima_modifica) VALUES (336,96,'SKY SPORT 2','TELEVISIONE',0,1,0,'2011-01-01 00:00:00','2018-01-19 15:29:56','2018-01-19 15:29:56','esercizio');
INSERT INTO bdc_canali(id,id_broadcaster,nome,tipo_canale,generalista,active,special_radio,data_inizio_valid,data_creazione,data_ultima_modifica,utente_ultima_modifica) VALUES (337,96,'SKY SPORT 2 / 16:9','TELEVISIONE',0,0,0,'2011-01-01 00:00:00','2018-01-19 15:29:56','2018-01-19 15:29:56','esercizio');
INSERT INTO bdc_canali(id,id_broadcaster,nome,tipo_canale,generalista,active,special_radio,data_inizio_valid,data_creazione,data_ultima_modifica,utente_ultima_modifica) VALUES (338,96,'SKY SPORT 24','TELEVISIONE',0,1,0,'2011-01-01 00:00:00','2018-01-19 15:29:56','2018-01-19 15:29:56','esercizio');
INSERT INTO bdc_canali(id,id_broadcaster,nome,tipo_canale,generalista,active,special_radio,data_inizio_valid,data_creazione,data_ultima_modifica,utente_ultima_modifica) VALUES (339,96,'SKY SPORT 3','TELEVISIONE',0,1,0,'2011-01-01 00:00:00','2018-01-19 15:29:56','2018-01-19 15:29:56','esercizio');
INSERT INTO bdc_canali(id,id_broadcaster,nome,tipo_canale,generalista,active,special_radio,data_inizio_valid,data_creazione,data_ultima_modifica,utente_ultima_modifica) VALUES (340,96,'SKY SPORT 3 / 16:9','TELEVISIONE',0,0,0,'2011-01-01 00:00:00','2018-01-19 15:29:56','2018-01-19 15:29:56','esercizio');
INSERT INTO bdc_canali(id,id_broadcaster,nome,tipo_canale,generalista,active,special_radio,data_inizio_valid,data_creazione,data_ultima_modifica,utente_ultima_modifica) VALUES (341,96,'SKY SPORT BAKU','TELEVISIONE',0,0,0,'2011-01-01 00:00:00','2018-01-19 15:29:56','2018-01-19 15:29:56','esercizio');
INSERT INTO bdc_canali(id,id_broadcaster,nome,tipo_canale,generalista,active,special_radio,data_inizio_valid,data_creazione,data_ultima_modifica,utente_ultima_modifica) VALUES (342,96,'SKY SPORT CHRISTMAS','TELEVISIONE',0,0,0,'2011-01-01 00:00:00','2018-01-19 15:29:56','2018-01-19 15:29:56','esercizio');
INSERT INTO bdc_canali(id,id_broadcaster,nome,tipo_canale,generalista,active,special_radio,data_inizio_valid,data_creazione,data_ultima_modifica,utente_ultima_modifica) VALUES (343,96,'SKY SPORT EXTRA','TELEVISIONE',0,0,0,'2011-01-01 00:00:00','2018-01-19 15:29:56','2018-01-19 15:29:56','esercizio');
INSERT INTO bdc_canali(id,id_broadcaster,nome,tipo_canale,generalista,active,special_radio,data_inizio_valid,data_creazione,data_ultima_modifica,utente_ultima_modifica) VALUES (344,96,'SKY SPORT F1','TELEVISIONE',0,1,0,'2011-01-01 00:00:00','2018-01-19 15:29:56','2018-01-19 15:29:56','esercizio');
INSERT INTO bdc_canali(id,id_broadcaster,nome,tipo_canale,generalista,active,special_radio,data_inizio_valid,data_creazione,data_ultima_modifica,utente_ultima_modifica) VALUES (345,96,'SKY SPORT HD1','TELEVISIONE',0,0,0,'2011-01-01 00:00:00','2018-01-19 15:29:56','2018-01-19 15:29:56','esercizio');
INSERT INTO bdc_canali(id,id_broadcaster,nome,tipo_canale,generalista,active,special_radio,data_inizio_valid,data_creazione,data_ultima_modifica,utente_ultima_modifica) VALUES (346,96,'SKY SPORT HD2','TELEVISIONE',0,0,0,'2011-01-01 00:00:00','2018-01-19 15:29:56','2018-01-19 15:29:56','esercizio');
INSERT INTO bdc_canali(id,id_broadcaster,nome,tipo_canale,generalista,active,special_radio,data_inizio_valid,data_creazione,data_ultima_modifica,utente_ultima_modifica) VALUES (347,96,'SKY SPORT MIX','TELEVISIONE',0,1,0,'2011-01-01 00:00:00','2018-01-19 15:29:56','2018-01-19 15:29:56','esercizio');
INSERT INTO bdc_canali(id,id_broadcaster,nome,tipo_canale,generalista,active,special_radio,data_inizio_valid,data_creazione,data_ultima_modifica,utente_ultima_modifica) VALUES (348,96,'SKY SPORT MOTOGP','TELEVISIONE',0,1,0,'2011-01-01 00:00:00','2018-01-19 15:29:56','2018-01-19 15:29:56','esercizio');
INSERT INTO bdc_canali(id,id_broadcaster,nome,tipo_canale,generalista,active,special_radio,data_inizio_valid,data_creazione,data_ultima_modifica,utente_ultima_modifica) VALUES (349,96,'SKY SPORT PLUS','TELEVISIONE',0,1,0,'2011-01-01 00:00:00','2018-01-19 15:29:56','2018-01-19 15:29:56','esercizio');
INSERT INTO bdc_canali(id,id_broadcaster,nome,tipo_canale,generalista,active,special_radio,data_inizio_valid,data_creazione,data_ultima_modifica,utente_ultima_modifica) VALUES (350,96,'SKY SUPERCALCIO','TELEVISIONE',0,1,0,'2011-01-01 00:00:00','2018-01-19 15:29:56','2018-01-19 15:29:56','esercizio');
INSERT INTO bdc_canali(id,id_broadcaster,nome,tipo_canale,generalista,active,special_radio,data_inizio_valid,data_creazione,data_ultima_modifica,utente_ultima_modifica) VALUES (351,96,'SKY TG 24','TELEVISIONE',0,1,0,'2011-01-01 00:00:00','2018-01-19 15:29:56','2018-01-19 15:29:56','esercizio');
INSERT INTO bdc_canali(id,id_broadcaster,nome,tipo_canale,generalista,active,special_radio,data_inizio_valid,data_creazione,data_ultima_modifica,utente_ultima_modifica) VALUES (352,96,'SKY TG 24 D','TELEVISIONE',0,1,0,'2011-01-01 00:00:00','2018-01-19 15:29:56','2018-01-19 15:29:56','esercizio');
INSERT INTO bdc_canali(id,id_broadcaster,nome,tipo_canale,generalista,active,special_radio,data_inizio_valid,data_creazione,data_ultima_modifica,utente_ultima_modifica) VALUES (353,96,'SKY UNO','TELEVISIONE',0,1,0,'2011-01-01 00:00:00','2018-01-19 15:29:56','2018-01-19 15:29:56','esercizio');
INSERT INTO bdc_canali(id,id_broadcaster,nome,tipo_canale,generalista,active,special_radio,data_inizio_valid,data_creazione,data_ultima_modifica,utente_ultima_modifica) VALUES (354,96,'SKY UNO +1','TELEVISIONE',0,1,0,'2011-01-01 00:00:00','2018-01-19 15:29:56','2018-01-19 15:29:56','esercizio');
INSERT INTO bdc_canali(id,id_broadcaster,nome,tipo_canale,generalista,active,special_radio,data_inizio_valid,data_creazione,data_ultima_modifica,utente_ultima_modifica) VALUES (355,96,'SKY VIVO','TELEVISIONE',0,0,0,'2011-01-01 00:00:00','2018-01-19 15:29:56','2018-01-19 15:29:56','esercizio');
INSERT INTO bdc_canali(id,id_broadcaster,nome,tipo_canale,generalista,active,special_radio,data_inizio_valid,data_creazione,data_ultima_modifica,utente_ultima_modifica) VALUES (356,96,'SKY WIMBLEDON','TELEVISIONE',0,1,0,'2011-01-01 00:00:00','2018-01-19 15:29:56','2018-01-19 15:29:56','esercizio');
INSERT INTO bdc_canali(id,id_broadcaster,nome,tipo_canale,generalista,active,special_radio,data_inizio_valid,data_creazione,data_ultima_modifica,utente_ultima_modifica) VALUES (357,97,'ROMA TV','TELEVISIONE',0,1,0,'2011-01-01 00:00:00','2018-01-19 15:29:56','2018-01-19 15:29:56','esercizio');
INSERT INTO bdc_canali(id,id_broadcaster,nome,tipo_canale,generalista,active,special_radio,data_inizio_valid,data_creazione,data_ultima_modifica,utente_ultima_modifica) VALUES (358,57,'COMEDY CENTRAL','TELEVISIONE',0,1,0,'2011-01-01 00:00:00','2018-01-19 15:29:56','2018-01-19 15:29:56','esercizio');
INSERT INTO bdc_canali(id,id_broadcaster,nome,tipo_canale,generalista,active,special_radio,data_inizio_valid,data_creazione,data_ultima_modifica,utente_ultima_modifica) VALUES (359,98,'STARSAT','TELEVISIONE',0,0,0,'2011-01-01 00:00:00','2018-01-19 15:29:56','2018-01-19 15:29:56','esercizio');
INSERT INTO bdc_canali(id,id_broadcaster,nome,tipo_canale,generalista,active,special_radio,data_inizio_valid,data_creazione,data_ultima_modifica,utente_ultima_modifica) VALUES (360,99,'CINEMA STREAM','TELEVISIONE',0,0,0,'2011-01-01 00:00:00','2018-01-19 15:29:56','2018-01-19 15:29:56','esercizio');
INSERT INTO bdc_canali(id,id_broadcaster,nome,tipo_canale,generalista,active,special_radio,data_inizio_valid,data_creazione,data_ultima_modifica,utente_ultima_modifica) VALUES (361,99,'CINEMA STREAM - SKY','TELEVISIONE',0,0,0,'2011-01-01 00:00:00','2018-01-19 15:29:56','2018-01-19 15:29:56','esercizio');
INSERT INTO bdc_canali(id,id_broadcaster,nome,tipo_canale,generalista,active,special_radio,data_inizio_valid,data_creazione,data_ultima_modifica,utente_ultima_modifica) VALUES (362,99,'PRIMAFILA (TUTTE)','TELEVISIONE',0,0,0,'2011-01-01 00:00:00','2018-01-19 15:29:56','2018-01-19 15:29:56','esercizio');
INSERT INTO bdc_canali(id,id_broadcaster,nome,tipo_canale,generalista,active,special_radio,data_inizio_valid,data_creazione,data_ultima_modifica,utente_ultima_modifica) VALUES (363,57,'NICKELODEON','TELEVISIONE',0,1,0,'2011-01-01 00:00:00','2018-01-19 15:29:56','2018-01-19 15:29:56','esercizio');
INSERT INTO bdc_canali(id,id_broadcaster,nome,tipo_canale,generalista,active,special_radio,data_inizio_valid,data_creazione,data_ultima_modifica,utente_ultima_modifica) VALUES (364,30,'FRISBEE- SWITCHOVER','TELEVISIONE',0,0,0,'2011-01-01 00:00:00','2018-01-19 15:29:56','2018-01-19 15:29:56','esercizio');
INSERT INTO bdc_canali(id,id_broadcaster,nome,tipo_canale,generalista,active,special_radio,data_inizio_valid,data_creazione,data_ultima_modifica,utente_ultima_modifica) VALUES (365,57,'NICKELODEON+1','TELEVISIONE',0,1,0,'2011-01-01 00:00:00','2018-01-19 15:29:56','2018-01-19 15:29:56','esercizio');
INSERT INTO bdc_canali(id,id_broadcaster,nome,tipo_canale,generalista,active,special_radio,data_inizio_valid,data_creazione,data_ultima_modifica,utente_ultima_modifica) VALUES (366,57,'COMEDY CENTRAL+1','TELEVISIONE',0,1,0,'2011-01-01 00:00:00','2018-01-19 15:29:56','2018-01-19 15:29:56','esercizio');
INSERT INTO bdc_canali(id,id_broadcaster,nome,tipo_canale,generalista,active,special_radio,data_inizio_valid,data_creazione,data_ultima_modifica,utente_ultima_modifica) VALUES (367,30,'K2 - SWITCHOVER','TELEVISIONE',0,0,0,'2011-01-01 00:00:00','2018-01-19 15:29:56','2018-01-19 15:29:56','esercizio');
INSERT INTO bdc_canali(id,id_broadcaster,nome,tipo_canale,generalista,active,special_radio,data_inizio_valid,data_creazione,data_ultima_modifica,utente_ultima_modifica) VALUES (368,57,'NICK JUNIOR','TELEVISIONE',0,1,0,'2011-01-01 00:00:00','2018-01-19 15:29:56','2018-01-19 15:29:56','esercizio');
INSERT INTO bdc_canali(id,id_broadcaster,nome,tipo_canale,generalista,active,special_radio,data_inizio_valid,data_creazione,data_ultima_modifica,utente_ultima_modifica) VALUES (369,100,'FAMILY LIFE','TELEVISIONE',0,0,0,'2011-01-01 00:00:00','2018-01-19 15:29:56','2018-01-19 15:29:56','esercizio');
INSERT INTO bdc_canali(id,id_broadcaster,nome,tipo_canale,generalista,active,special_radio,data_inizio_valid,data_creazione,data_ultima_modifica,utente_ultima_modifica) VALUES (370,101,'16/9','TELEVISIONE',0,0,0,'2011-01-01 00:00:00','2018-01-19 15:29:56','2018-01-19 15:29:56','esercizio');
INSERT INTO bdc_canali(id,id_broadcaster,nome,tipo_canale,generalista,active,special_radio,data_inizio_valid,data_creazione,data_ultima_modifica,utente_ultima_modifica) VALUES (371,101,'BIANCO','TELEVISIONE',0,0,0,'2011-01-01 00:00:00','2018-01-19 15:29:56','2018-01-19 15:29:56','esercizio');
INSERT INTO bdc_canali(id,id_broadcaster,nome,tipo_canale,generalista,active,special_radio,data_inizio_valid,data_creazione,data_ultima_modifica,utente_ultima_modifica) VALUES (372,101,'GRIGIO','TELEVISIONE',0,0,0,'2011-01-01 00:00:00','2018-01-19 15:29:56','2018-01-19 15:29:56','esercizio');
INSERT INTO bdc_canali(id,id_broadcaster,nome,tipo_canale,generalista,active,special_radio,data_inizio_valid,data_creazione,data_ultima_modifica,utente_ultima_modifica) VALUES (373,101,'NERO','TELEVISIONE',0,0,0,'2011-01-01 00:00:00','2018-01-19 15:29:56','2018-01-19 15:29:56','esercizio');
INSERT INTO bdc_canali(id,id_broadcaster,nome,tipo_canale,generalista,active,special_radio,data_inizio_valid,data_creazione,data_ultima_modifica,utente_ultima_modifica) VALUES (374,102,'16:9 - SKY','TELEVISIONE',0,0,0,'2011-01-01 00:00:00','2018-01-19 15:29:56','2018-01-19 15:29:56','esercizio');
INSERT INTO bdc_canali(id,id_broadcaster,nome,tipo_canale,generalista,active,special_radio,data_inizio_valid,data_creazione,data_ultima_modifica,utente_ultima_modifica) VALUES (375,102,'BIANCO - SKY','TELEVISIONE',0,0,0,'2011-01-01 00:00:00','2018-01-19 15:29:56','2018-01-19 15:29:56','esercizio');
INSERT INTO bdc_canali(id,id_broadcaster,nome,tipo_canale,generalista,active,special_radio,data_inizio_valid,data_creazione,data_ultima_modifica,utente_ultima_modifica) VALUES (376,102,'GRIGIO - SKY','TELEVISIONE',0,0,0,'2011-01-01 00:00:00','2018-01-19 15:29:56','2018-01-19 15:29:56','esercizio');
INSERT INTO bdc_canali(id,id_broadcaster,nome,tipo_canale,generalista,active,special_radio,data_inizio_valid,data_creazione,data_ultima_modifica,utente_ultima_modifica) VALUES (377,102,'NERO - SKY','TELEVISIONE',0,0,0,'2011-01-01 00:00:00','2018-01-19 15:29:56','2018-01-19 15:29:56','esercizio');
INSERT INTO bdc_canali(id,id_broadcaster,nome,tipo_canale,generalista,active,special_radio,data_inizio_valid,data_creazione,data_ultima_modifica,utente_ultima_modifica) VALUES (378,102,'PALCO (TUTTE)','TELEVISIONE',0,0,0,'2011-01-01 00:00:00','2018-01-19 15:29:56','2018-01-19 15:29:56','esercizio');
INSERT INTO bdc_canali(id,id_broadcaster,nome,tipo_canale,generalista,active,special_radio,data_inizio_valid,data_creazione,data_ultima_modifica,utente_ultima_modifica) VALUES (379,11,'SUPER','TELEVISIONE',0,1,0,'2011-01-01 00:00:00','2018-01-19 15:29:56','2018-01-19 15:29:56','esercizio');
INSERT INTO bdc_canali(id,id_broadcaster,nome,tipo_canale,generalista,active,special_radio,data_inizio_valid,data_creazione,data_ultima_modifica,utente_ultima_modifica) VALUES (380,50,'FOX CHANNEL','TELEVISIONE',0,1,0,'2011-01-01 00:00:00','2018-01-19 15:29:56','2018-01-19 15:29:56','esercizio');
INSERT INTO bdc_canali(id,id_broadcaster,nome,tipo_canale,generalista,active,special_radio,data_inizio_valid,data_creazione,data_ultima_modifica,utente_ultima_modifica) VALUES (381,50,'FOX CHANNEL+1','TELEVISIONE',0,1,0,'2011-01-01 00:00:00','2018-01-19 15:29:56','2018-01-19 15:29:56','esercizio');
INSERT INTO bdc_canali(id,id_broadcaster,nome,tipo_canale,generalista,active,special_radio,data_inizio_valid,data_creazione,data_ultima_modifica,utente_ultima_modifica) VALUES (382,50,'FOX CHANNEL+2','TELEVISIONE',0,0,0,'2011-01-01 00:00:00','2018-01-19 15:29:56','2018-01-19 15:29:56','esercizio');
INSERT INTO bdc_canali(id,id_broadcaster,nome,tipo_canale,generalista,active,special_radio,data_inizio_valid,data_creazione,data_ultima_modifica,utente_ultima_modifica) VALUES (383,50,'FOX CRIME','TELEVISIONE',0,1,0,'2011-01-01 00:00:00','2018-01-19 15:29:56','2018-01-19 15:29:56','esercizio');
INSERT INTO bdc_canali(id,id_broadcaster,nome,tipo_canale,generalista,active,special_radio,data_inizio_valid,data_creazione,data_ultima_modifica,utente_ultima_modifica) VALUES (384,50,'FOX CRIME+1','TELEVISIONE',0,1,0,'2011-01-01 00:00:00','2018-01-19 15:29:56','2018-01-19 15:29:56','esercizio');
INSERT INTO bdc_canali(id,id_broadcaster,nome,tipo_canale,generalista,active,special_radio,data_inizio_valid,data_creazione,data_ultima_modifica,utente_ultima_modifica) VALUES (385,50,'FOX CRIME+2','TELEVISIONE',0,1,0,'2011-01-01 00:00:00','2018-01-19 15:29:56','2018-01-19 15:29:56','esercizio');
INSERT INTO bdc_canali(id,id_broadcaster,nome,tipo_canale,generalista,active,special_radio,data_inizio_valid,data_creazione,data_ultima_modifica,utente_ultima_modifica) VALUES (386,50,'FOX LIFE','TELEVISIONE',0,1,0,'2011-01-01 00:00:00','2018-01-19 15:29:56','2018-01-19 15:29:56','esercizio');
INSERT INTO bdc_canali(id,id_broadcaster,nome,tipo_canale,generalista,active,special_radio,data_inizio_valid,data_creazione,data_ultima_modifica,utente_ultima_modifica) VALUES (387,50,'FOX LIFE+1','TELEVISIONE',0,1,0,'2011-01-01 00:00:00','2018-01-19 15:29:56','2018-01-19 15:29:56','esercizio');
INSERT INTO bdc_canali(id,id_broadcaster,nome,tipo_canale,generalista,active,special_radio,data_inizio_valid,data_creazione,data_ultima_modifica,utente_ultima_modifica) VALUES (388,50,'FOX LIFE+2','TELEVISIONE',0,0,0,'2011-01-01 00:00:00','2018-01-19 15:29:56','2018-01-19 15:29:56','esercizio');
INSERT INTO bdc_canali(id,id_broadcaster,nome,tipo_canale,generalista,active,special_radio,data_inizio_valid,data_creazione,data_ultima_modifica,utente_ultima_modifica) VALUES (389,50,'FOX NAT GEO PEOPLE','TELEVISIONE',0,1,0,'2011-01-01 00:00:00','2018-01-19 15:29:56','2018-01-19 15:29:56','esercizio');
INSERT INTO bdc_canali(id,id_broadcaster,nome,tipo_canale,generalista,active,special_radio,data_inizio_valid,data_creazione,data_ultima_modifica,utente_ultima_modifica) VALUES (390,54,'TOONDISNEY','TELEVISIONE',0,0,0,'2011-01-01 00:00:00','2018-01-19 15:29:56','2018-01-19 15:29:56','esercizio');
INSERT INTO bdc_canali(id,id_broadcaster,nome,tipo_canale,generalista,active,special_radio,data_inizio_valid,data_creazione,data_ultima_modifica,utente_ultima_modifica) VALUES (391,54,'TOONDISNEY+1','TELEVISIONE',0,0,0,'2011-01-01 00:00:00','2018-01-19 15:29:56','2018-01-19 15:29:56','esercizio');
INSERT INTO bdc_canali(id,id_broadcaster,nome,tipo_canale,generalista,active,special_radio,data_inizio_valid,data_creazione,data_ultima_modifica,utente_ultima_modifica) VALUES (392,50,'FOX NAT GEO WILD','TELEVISIONE',0,1,0,'2011-01-01 00:00:00','2018-01-19 15:29:56','2018-01-19 15:29:56','esercizio');
INSERT INTO bdc_canali(id,id_broadcaster,nome,tipo_canale,generalista,active,special_radio,data_inizio_valid,data_creazione,data_ultima_modifica,utente_ultima_modifica) VALUES (393,50,'FOX RETRO','TELEVISIONE',0,0,0,'2011-01-01 00:00:00','2018-01-19 15:29:56','2018-01-19 15:29:56','esercizio');
INSERT INTO bdc_canali(id,id_broadcaster,nome,tipo_canale,generalista,active,special_radio,data_inizio_valid,data_creazione,data_ultima_modifica,utente_ultima_modifica) VALUES (394,50,'FOX SPORTS','TELEVISIONE',0,1,0,'2011-01-01 00:00:00','2018-01-19 15:29:56','2018-01-19 15:29:56','esercizio');
INSERT INTO bdc_canali(id,id_broadcaster,nome,tipo_canale,generalista,active,special_radio,data_inizio_valid,data_creazione,data_ultima_modifica,utente_ultima_modifica) VALUES (395,50,'FOX SPORTS 2','TELEVISIONE',0,1,0,'2011-01-01 00:00:00','2018-01-19 15:29:56','2018-01-19 15:29:56','esercizio');
INSERT INTO bdc_canali(id,id_broadcaster,nome,tipo_canale,generalista,active,special_radio,data_inizio_valid,data_creazione,data_ultima_modifica,utente_ultima_modifica) VALUES (396,50,'HISTORY CHANNEL','TELEVISIONE',0,0,0,'2011-01-01 00:00:00','2018-01-19 15:29:56','2018-01-19 15:29:56','esercizio');
INSERT INTO bdc_canali(id,id_broadcaster,nome,tipo_canale,generalista,active,special_radio,data_inizio_valid,data_creazione,data_ultima_modifica,utente_ultima_modifica) VALUES (397,50,'HISTORY CHANNEL+1 ','TELEVISIONE',0,0,0,'2011-01-01 00:00:00','2018-01-19 15:29:56','2018-01-19 15:29:56','esercizio');
INSERT INTO bdc_canali(id,id_broadcaster,nome,tipo_canale,generalista,active,special_radio,data_inizio_valid,data_creazione,data_ultima_modifica,utente_ultima_modifica) VALUES (398,50,'NATIONAL GEOGRAPHIC','TELEVISIONE',0,1,0,'2011-01-01 00:00:00','2018-01-19 15:29:56','2018-01-19 15:29:56','esercizio');
INSERT INTO bdc_canali(id,id_broadcaster,nome,tipo_canale,generalista,active,special_radio,data_inizio_valid,data_creazione,data_ultima_modifica,utente_ultima_modifica) VALUES (399,50,'NATIONAL GEOGRAPHIC+1','TELEVISIONE',0,1,0,'2011-01-01 00:00:00','2018-01-19 15:29:56','2018-01-19 15:29:56','esercizio');
INSERT INTO bdc_canali(id,id_broadcaster,nome,tipo_canale,generalista,active,special_radio,data_inizio_valid,data_creazione,data_ultima_modifica,utente_ultima_modifica) VALUES (400,103,'LA 3','TELEVISIONE',0,1,0,'2011-01-01 00:00:00','2018-01-19 15:29:56','2018-01-19 15:29:56','esercizio');
INSERT INTO bdc_canali(id,id_broadcaster,nome,tipo_canale,generalista,active,special_radio,data_inizio_valid,data_creazione,data_ultima_modifica,utente_ultima_modifica) VALUES (401,104,'WINGA TV','TELEVISIONE',0,1,0,'2011-01-01 00:00:00','2018-01-19 15:29:56','2018-01-19 15:29:56','esercizio');
INSERT INTO bdc_canali(id,id_broadcaster,nome,tipo_canale,generalista,active,special_radio,data_inizio_valid,data_creazione,data_ultima_modifica,utente_ultima_modifica) VALUES (402,105,'EASYBABY','TELEVISIONE',0,0,0,'2011-01-01 00:00:00','2018-01-19 15:29:56','2018-01-19 15:29:56','esercizio');
INSERT INTO bdc_canali(id,id_broadcaster,nome,tipo_canale,generalista,active,special_radio,data_inizio_valid,data_creazione,data_ultima_modifica,utente_ultima_modifica) VALUES (403,34,'ONDA LATINA','TELEVISIONE',0,1,0,'2011-01-01 00:00:00','2018-01-19 15:29:56','2018-01-19 15:29:56','esercizio');
INSERT INTO bdc_canali(id,id_broadcaster,nome,tipo_canale,generalista,active,special_radio,data_inizio_valid,data_creazione,data_ultima_modifica,utente_ultima_modifica) VALUES (404,20,'MUSIC BOX','TELEVISIONE',0,1,0,'2011-01-01 00:00:00','2018-01-19 15:29:56','2018-01-19 15:29:56','esercizio');
INSERT INTO bdc_canali(id,id_broadcaster,nome,tipo_canale,generalista,active,special_radio,data_inizio_valid,data_creazione,data_ultima_modifica,utente_ultima_modifica) VALUES (405,21,'ITALIA CHANNEL','TELEVISIONE',0,1,0,'2011-01-01 00:00:00','2018-01-19 15:29:56','2018-01-19 15:29:56','esercizio');
INSERT INTO bdc_canali(id,id_broadcaster,nome,tipo_canale,generalista,active,special_radio,data_inizio_valid,data_creazione,data_ultima_modifica,utente_ultima_modifica) VALUES (406,15,'DEEJAY TV','TELEVISIONE',0,1,0,'2011-01-01 00:00:00','2018-01-19 15:29:56','2018-01-19 15:29:56','esercizio');
INSERT INTO bdc_canali(id,id_broadcaster,nome,tipo_canale,generalista,active,special_radio,data_inizio_valid,data_creazione,data_ultima_modifica,utente_ultima_modifica) VALUES (407,106,'COMING SOON TELEVISION ','TELEVISIONE',0,1,0,'2011-01-01 00:00:00','2018-01-19 15:29:56','2018-01-19 15:29:56','esercizio');
INSERT INTO bdc_canali(id,id_broadcaster,nome,tipo_canale,generalista,active,special_radio,data_inizio_valid,data_creazione,data_ultima_modifica,utente_ultima_modifica) VALUES (408,107,'AUTOMOTO TV','TELEVISIONE',0,0,0,'2011-01-01 00:00:00','2018-01-19 15:29:56','2018-01-19 15:29:56','esercizio');
INSERT INTO bdc_canali(id,id_broadcaster,nome,tipo_canale,generalista,active,special_radio,data_inizio_valid,data_creazione,data_ultima_modifica,utente_ultima_modifica) VALUES (409,28,'NOVE','TELEVISIONE',0,1,0,'2011-01-01 00:00:00','2018-01-19 15:29:56','2018-01-19 15:29:56','esercizio');
INSERT INTO bdc_canali(id,id_broadcaster,nome,tipo_canale,generalista,active,special_radio,data_inizio_valid,data_creazione,data_ultima_modifica,utente_ultima_modifica) VALUES (410,108,'CHALLENGER TV','TELEVISIONE',0,1,0,'2011-01-01 00:00:00','2018-01-19 15:29:56','2018-01-19 15:29:56','esercizio');
INSERT INTO bdc_canali(id,id_broadcaster,nome,tipo_canale,generalista,active,special_radio,data_inizio_valid,data_creazione,data_ultima_modifica,utente_ultima_modifica) VALUES (411,109,'CURRENT ITALY ','TELEVISIONE',0,0,0,'2011-01-01 00:00:00','2018-01-19 15:29:56','2018-01-19 15:29:56','esercizio');
INSERT INTO bdc_canali(id,id_broadcaster,nome,tipo_canale,generalista,active,special_radio,data_inizio_valid,data_creazione,data_ultima_modifica,utente_ultima_modifica) VALUES (412,31,'CACCIA','TELEVISIONE',0,1,0,'2011-01-01 00:00:00','2018-01-19 15:29:56','2018-01-19 15:29:56','esercizio');
INSERT INTO bdc_canali(id,id_broadcaster,nome,tipo_canale,generalista,active,special_radio,data_inizio_valid,data_creazione,data_ultima_modifica,utente_ultima_modifica) VALUES (413,31,'PESCA','TELEVISIONE',0,1,0,'2011-01-01 00:00:00','2018-01-19 15:29:56','2018-01-19 15:29:56','esercizio');
INSERT INTO bdc_canali(id,id_broadcaster,nome,tipo_canale,generalista,active,special_radio,data_inizio_valid,data_creazione,data_ultima_modifica,utente_ultima_modifica) VALUES (414,110,'TV8','TELEVISIONE',0,1,0,'2011-01-01 00:00:00','2018-01-19 15:29:56','2018-01-19 15:29:56','esercizio');
INSERT INTO bdc_canali(id,id_broadcaster,nome,tipo_canale,generalista,active,special_radio,data_inizio_valid,data_creazione,data_ultima_modifica,utente_ultima_modifica) VALUES (415,111,'CLASS HORSE TV','TELEVISIONE',0,0,0,'2011-01-01 00:00:00','2018-01-19 15:29:56','2018-01-19 15:29:56','esercizio');
INSERT INTO bdc_canali(id,id_broadcaster,nome,tipo_canale,generalista,active,special_radio,data_inizio_valid,data_creazione,data_ultima_modifica,utente_ultima_modifica) VALUES (416,112,'CLASS HORSE TV','TELEVISIONE',0,1,0,'2011-01-01 00:00:00','2018-01-19 15:29:56','2018-01-19 15:29:56','esercizio');
INSERT INTO bdc_canali(id,id_broadcaster,nome,tipo_canale,generalista,active,special_radio,data_inizio_valid,data_creazione,data_ultima_modifica,utente_ultima_modifica) VALUES (417,113,'RADIO MARIA','RADIO',0,1,0,'2011-01-01 00:00:00','2018-01-19 15:29:56','2018-01-19 15:29:56','esercizio');
INSERT INTO bdc_canali(id,id_broadcaster,nome,tipo_canale,generalista,active,special_radio,data_inizio_valid,data_creazione,data_ultima_modifica,utente_ultima_modifica) VALUES (418,114,'R.D.S. ','RADIO',0,1,0,'2011-01-01 00:00:00','2018-01-19 15:29:56','2018-01-19 15:29:56','esercizio');
INSERT INTO bdc_canali(id,id_broadcaster,nome,tipo_canale,generalista,active,special_radio,data_inizio_valid,data_creazione,data_ultima_modifica,utente_ultima_modifica) VALUES (419,115,'RADIO ITALIA NETWORK','RADIO',0,0,0,'2011-01-01 00:00:00','2018-01-19 15:29:56','2018-01-19 15:29:56','esercizio');
INSERT INTO bdc_canali(id,id_broadcaster,nome,tipo_canale,generalista,active,special_radio,data_inizio_valid,data_creazione,data_ultima_modifica,utente_ultima_modifica) VALUES (420,116,'RADIO 24','RADIO',0,1,0,'2011-01-01 00:00:00','2018-01-19 15:29:56','2018-01-19 15:29:56','esercizio');
INSERT INTO bdc_canali(id,id_broadcaster,nome,tipo_canale,generalista,active,special_radio,data_inizio_valid,data_creazione,data_ultima_modifica,utente_ultima_modifica) VALUES (421,117,'R.I.S.M.I. ','RADIO',0,1,0,'2011-01-01 00:00:00','2018-01-19 15:29:56','2018-01-19 15:29:56','esercizio');
INSERT INTO bdc_canali(id,id_broadcaster,nome,tipo_canale,generalista,active,special_radio,data_inizio_valid,data_creazione,data_ultima_modifica,utente_ultima_modifica) VALUES (422,118,'RADIO STUDIO 105','RADIO',0,1,0,'2011-01-01 00:00:00','2018-01-19 15:29:56','2018-01-19 15:29:56','esercizio');
INSERT INTO bdc_canali(id,id_broadcaster,nome,tipo_canale,generalista,active,special_radio,data_inizio_valid,data_creazione,data_ultima_modifica,utente_ultima_modifica) VALUES (423,119,'RADIO MONTECARLO','RADIO',0,1,0,'2011-01-01 00:00:00','2018-01-19 15:29:56','2018-01-19 15:29:56','esercizio');
INSERT INTO bdc_canali(id,id_broadcaster,nome,tipo_canale,generalista,active,special_radio,data_inizio_valid,data_creazione,data_ultima_modifica,utente_ultima_modifica) VALUES (424,120,'RADIO RTL 102_5','RADIO',0,1,0,'2011-01-01 00:00:00','2018-01-19 15:29:56','2018-01-19 15:29:56','esercizio');
INSERT INTO bdc_canali(id,id_broadcaster,nome,tipo_canale,generalista,active,special_radio,data_inizio_valid,data_creazione,data_ultima_modifica,utente_ultima_modifica) VALUES (425,121,'RADIO RADICALE','RADIO',0,0,0,'2011-01-01 00:00:00','2018-01-19 15:29:56','2018-01-19 15:29:56','esercizio');
INSERT INTO bdc_canali(id,id_broadcaster,nome,tipo_canale,generalista,active,special_radio,data_inizio_valid,data_creazione,data_ultima_modifica,utente_ultima_modifica) VALUES (426,122,'RADIO 101','RADIO',0,1,0,'2011-01-01 00:00:00','2018-01-19 15:29:56','2018-01-19 15:29:56','esercizio');
INSERT INTO bdc_canali(id,id_broadcaster,nome,tipo_canale,generalista,active,special_radio,data_inizio_valid,data_creazione,data_ultima_modifica,utente_ultima_modifica) VALUES (427,123,'RADIO DEEJAY ','RADIO',0,1,0,'2011-01-01 00:00:00','2018-01-19 15:29:56','2018-01-19 15:29:56','esercizio');
INSERT INTO bdc_canali(id,id_broadcaster,nome,tipo_canale,generalista,active,special_radio,data_inizio_valid,data_creazione,data_ultima_modifica,utente_ultima_modifica) VALUES (428,124,'RADIO CAPITAL ','RADIO',0,1,0,'2011-01-01 00:00:00','2018-01-19 15:29:56','2018-01-19 15:29:56','esercizio');
INSERT INTO bdc_canali(id,id_broadcaster,nome,tipo_canale,generalista,active,special_radio,data_inizio_valid,data_creazione,data_ultima_modifica,utente_ultima_modifica) VALUES (429,125,'RADIO M2O ','RADIO',0,1,0,'2011-01-01 00:00:00','2018-01-19 15:29:56','2018-01-19 15:29:56','esercizio');
INSERT INTO bdc_canali(id,id_broadcaster,nome,tipo_canale,generalista,active,special_radio,data_inizio_valid,data_creazione,data_ultima_modifica,utente_ultima_modifica) VALUES (430,126,'RADIO KISS KISS','RADIO',0,1,0,'2011-01-01 00:00:00','2018-01-19 15:29:56','2018-01-19 15:29:56','esercizio');
INSERT INTO bdc_canali(id,id_broadcaster,nome,tipo_canale,generalista,active,special_radio,data_inizio_valid,data_creazione,data_ultima_modifica,utente_ultima_modifica) VALUES (431,127,'RADIO COOP ','RADIO',0,0,0,'2011-01-01 00:00:00','2018-01-19 15:29:56','2018-01-19 15:29:56','esercizio');
INSERT INTO bdc_canali(id,id_broadcaster,nome,tipo_canale,generalista,active,special_radio,data_inizio_valid,data_creazione,data_ultima_modifica,utente_ultima_modifica) VALUES (432,128,'RADIO PILLOW SERVICE ','RADIO',0,0,0,'2011-01-01 00:00:00','2018-01-19 15:29:56','2018-01-19 15:29:56','esercizio');
INSERT INTO bdc_canali(id,id_broadcaster,nome,tipo_canale,generalista,active,special_radio,data_inizio_valid,data_creazione,data_ultima_modifica,utente_ultima_modifica) VALUES (433,129,'RADIO MUSICCHOICE ','RADIO',0,0,0,'2011-01-01 00:00:00','2018-01-19 15:29:56','2018-01-19 15:29:56','esercizio');
INSERT INTO bdc_canali(id,id_broadcaster,nome,tipo_canale,generalista,active,special_radio,data_inizio_valid,data_creazione,data_ultima_modifica,utente_ultima_modifica) VALUES (434,130,'RADIO ROSANDROS','RADIO',0,0,0,'2011-01-01 00:00:00','2018-01-19 15:29:56','2018-01-19 15:29:56','esercizio');
INSERT INTO bdc_canali(id,id_broadcaster,nome,tipo_canale,generalista,active,special_radio,data_inizio_valid,data_creazione,data_ultima_modifica,utente_ultima_modifica) VALUES (435,131,'RADIO NET SYNERGY ','RADIO',0,0,0,'2011-01-01 00:00:00','2018-01-19 15:29:56','2018-01-19 15:29:56','esercizio');
INSERT INTO bdc_canali(id,id_broadcaster,nome,tipo_canale,generalista,active,special_radio,data_inizio_valid,data_creazione,data_ultima_modifica,utente_ultima_modifica) VALUES (436,132,'RADIO NEWPENTA ','RADIO',0,0,0,'2011-01-01 00:00:00','2018-01-19 15:29:56','2018-01-19 15:29:56','esercizio');
INSERT INTO bdc_canali(id,id_broadcaster,nome,tipo_canale,generalista,active,special_radio,data_inizio_valid,data_creazione,data_ultima_modifica,utente_ultima_modifica) VALUES (437,133,'RADIO PADANIA','RADIO',0,0,0,'2011-01-01 00:00:00','2018-01-19 15:29:56','2018-01-19 15:29:56','esercizio');
INSERT INTO bdc_canali(id,id_broadcaster,nome,tipo_canale,generalista,active,special_radio,data_inizio_valid,data_creazione,data_ultima_modifica,utente_ultima_modifica) VALUES (438,134,'ROMA RADIO ATAC ','RADIO',0,0,0,'2011-01-01 00:00:00','2018-01-19 15:29:56','2018-01-19 15:29:56','esercizio');
INSERT INTO bdc_canali(id,id_broadcaster,nome,tipo_canale,generalista,active,special_radio,data_inizio_valid,data_creazione,data_ultima_modifica,utente_ultima_modifica) VALUES (439,135,'RADIO VATICANA','RADIO',0,1,0,'2011-01-01 00:00:00','2018-01-19 15:29:56','2018-01-19 15:29:56','esercizio');
INSERT INTO bdc_canali(id,id_broadcaster,nome,tipo_canale,generalista,active,special_radio,data_inizio_valid,data_creazione,data_ultima_modifica,utente_ultima_modifica) VALUES (440,136,'VIRGIN RADIO ','RADIO',0,1,0,'2011-01-01 00:00:00','2018-01-19 15:29:56','2018-01-19 15:29:56','esercizio');
INSERT INTO bdc_canali(id,id_broadcaster,nome,tipo_canale,generalista,active,special_radio,data_inizio_valid,data_creazione,data_ultima_modifica,utente_ultima_modifica) VALUES (441,137,'RADIO 1','RADIO',1,1,1,'2011-01-01 00:00:00','2018-01-19 15:29:56','2018-01-19 15:29:56','esercizio');
INSERT INTO bdc_canali(id,id_broadcaster,nome,tipo_canale,generalista,active,special_radio,data_inizio_valid,data_creazione,data_ultima_modifica,utente_ultima_modifica) VALUES (442,137,'RADIO 2','RADIO',1,1,1,'2011-01-01 00:00:00','2018-01-19 15:29:56','2018-01-19 15:29:56','esercizio');
INSERT INTO bdc_canali(id,id_broadcaster,nome,tipo_canale,generalista,active,special_radio,data_inizio_valid,data_creazione,data_ultima_modifica,utente_ultima_modifica) VALUES (443,137,'RADIO 3','RADIO',1,1,1,'2011-01-01 00:00:00','2018-01-19 15:29:56','2018-01-19 15:29:56','esercizio');
INSERT INTO bdc_canali(id,id_broadcaster,nome,tipo_canale,generalista,active,special_radio,data_inizio_valid,data_creazione,data_ultima_modifica,utente_ultima_modifica) VALUES (444,58,'RAI MOVIE','TELEVISIONE',0,1,0,'2011-01-01 00:00:00','2018-01-19 15:29:56','2018-01-19 15:29:56','esercizio');
INSERT INTO bdc_canali(id,id_broadcaster,nome,tipo_canale,generalista,active,special_radio,data_inizio_valid,data_creazione,data_ultima_modifica,utente_ultima_modifica) VALUES (445,58,'RAI PREMIUM','TELEVISIONE',0,1,0,'2011-01-01 00:00:00','2018-01-19 15:29:56','2018-01-19 15:29:56','esercizio');
INSERT INTO bdc_canali(id,id_broadcaster,nome,tipo_canale,generalista,active,special_radio,data_inizio_valid,data_creazione,data_ultima_modifica,utente_ultima_modifica) VALUES (446,58,'JUVENTUS CHANNEL','TELEVISIONE',0,1,0,'2011-01-01 00:00:00','2018-01-19 15:29:56','2018-01-19 15:29:56','esercizio');
INSERT INTO bdc_canali(id,id_broadcaster,nome,tipo_canale,generalista,active,special_radio,data_inizio_valid,data_creazione,data_ultima_modifica,utente_ultima_modifica) VALUES (447,137,'ISORADIO','RADIO',0,1,0,'2011-01-01 00:00:00','2018-01-19 15:29:56','2018-01-19 15:29:56','esercizio');
INSERT INTO bdc_canali(id,id_broadcaster,nome,tipo_canale,generalista,active,special_radio,data_inizio_valid,data_creazione,data_ultima_modifica,utente_ultima_modifica) VALUES (448,137,'FILODIFFUSIONE - RADIO 4 LIGHT','RADIO',0,1,0,'2011-01-01 00:00:00','2018-01-19 15:29:56','2018-01-19 15:29:56','esercizio');
INSERT INTO bdc_canali(id,id_broadcaster,nome,tipo_canale,generalista,active,special_radio,data_inizio_valid,data_creazione,data_ultima_modifica,utente_ultima_modifica) VALUES (449,137,'FILODIFFUSIONE - RADIO 5 CLASSICA','RADIO',0,1,0,'2011-01-01 00:00:00','2018-01-19 15:29:56','2018-01-19 15:29:56','esercizio');
INSERT INTO bdc_canali(id,id_broadcaster,nome,tipo_canale,generalista,active,special_radio,data_inizio_valid,data_creazione,data_ultima_modifica,utente_ultima_modifica) VALUES (450,19,'CANALE 5','TELEVISIONE',1,1,0,'2011-01-01 00:00:00','2018-01-19 15:29:56','2018-01-19 15:29:56','esercizio');
INSERT INTO bdc_canali(id,id_broadcaster,nome,tipo_canale,generalista,active,special_radio,data_inizio_valid,data_creazione,data_ultima_modifica,utente_ultima_modifica) VALUES (451,19,'ITALIA 1','TELEVISIONE',1,1,0,'2011-01-01 00:00:00','2018-01-19 15:29:56','2018-01-19 15:29:56','esercizio');
INSERT INTO bdc_canali(id,id_broadcaster,nome,tipo_canale,generalista,active,special_radio,data_inizio_valid,data_creazione,data_ultima_modifica,utente_ultima_modifica) VALUES (452,19,'RETE 4','TELEVISIONE',1,1,0,'2011-01-01 00:00:00','2018-01-19 15:29:56','2018-01-19 15:29:56','esercizio');
INSERT INTO bdc_canali(id,id_broadcaster,nome,tipo_canale,generalista,active,special_radio,data_inizio_valid,data_creazione,data_ultima_modifica,utente_ultima_modifica) VALUES (453,76,'LA7','TELEVISIONE',1,1,0,'2011-01-01 00:00:00','2018-01-19 15:29:56','2018-01-19 15:29:56','esercizio');
INSERT INTO bdc_ruoli (`id`, `ruolo`) VALUES ('1', 'SIAE');
INSERT INTO bdc_ruoli (`id`, `ruolo`) VALUES ('2', 'BROADCASTER');
UPDATE `bdc_canali` SET `nome`='RETE 4', `generalista`='1' WHERE `id`='220';
UPDATE `bdc_canali` SET `nome`='CANALE 5', `generalista`='1' WHERE `id`='221';
UPDATE `bdc_canali` SET `nome`='ITALIA 1', `generalista`='1' WHERE `id`='222';
UPDATE `bdc_canali` SET `nome`='PREMIUM CALCIO 7', `generalista`='0' WHERE `id`='450';
UPDATE `bdc_canali` SET `nome`='PREMIUM SPORT', `generalista`='0' WHERE `id`='451';
UPDATE `bdc_canali` SET `nome`='PREMIUM CALCIO/SPORT2', `generalista`='0' WHERE `id`='452';
UPDATE `bdc_canali` SET `nome`='IRIS' WHERE `id`='223';
UPDATE `bdc_canali` SET `nome`='LA5' WHERE `id`='226';
UPDATE `bdc_canali` SET `nome`='ITALIA2' WHERE `id`='227';
UPDATE `bdc_canali` SET `nome`='DISNEY CHANNEL ' WHERE `id`='231';
UPDATE `bdc_canali` SET `nome`='DISNEY CHANNEL+1' WHERE `id`='233';
UPDATE `bdc_canali` SET `nome`='PLAYHOUSE DISNEY JUNIOR' WHERE `id`='234';
UPDATE `bdc_canali` SET `nome`='CARTOON NETWORK ' WHERE `id`='236';
UPDATE `bdc_canali` SET `nome`='CARTOONITO' WHERE `id`='237';
UPDATE `bdc_canali` SET `nome`='BOING' WHERE `id`='240';
UPDATE `bdc_canali` SET `nome`='BBC KNOWLEDGE ' WHERE `id`='241';
UPDATE `bdc_canali` SET `nome`='TGCOM24' WHERE `id`='242';
UPDATE `bdc_canali` SET `nome`='TOP CRIME' WHERE `id`='243';
UPDATE `bdc_canali` SET `nome`='PREMIUM CINEMA' WHERE `id`='244';
UPDATE `bdc_canali` SET `nome`='PREMIUM CINEMA 2' WHERE `id`='245';
UPDATE `bdc_canali` SET `nome`='PREMIUM CINEMA EMOTION' WHERE `id`='246';
UPDATE `bdc_canali` SET `nome`='PREMIUM CINEMA ENERGY' WHERE `id`='247';
UPDATE `bdc_canali` SET `nome`='PREMIUM COMEDY' WHERE `id`='248';
UPDATE `bdc_canali` SET `nome`='PREMIUM CRIME ' WHERE `id`='249';
UPDATE `bdc_canali` SET `nome`='PREMIUM EXTRA 1' WHERE `id`='250';
UPDATE `bdc_canali` SET `nome`='PREMIUM EXTRA 2' WHERE `id`='251';
UPDATE `bdc_canali` SET `nome`='STEEL/PREMIUM ACTION' WHERE `id`='252';
UPDATE `bdc_canali` SET `nome`='STUDIO UNIVERSAL' WHERE `id`='253';
UPDATE `bdc_canali` SET `nome`='JOI' WHERE `id`='254';
UPDATE `bdc_canali` SET `nome`='MYA/PREMIUM STORIES' WHERE `id`='255';
UPDATE `bdc_canali` SET `nome`='MEDIASET EXTRA' WHERE `id`='256';
UPDATE `bdc_canali` SET `nome`='PREMIUM CALCIO 1' WHERE `id`='257';
UPDATE `bdc_canali` SET `nome`='PREMIUM CALCIO 2' WHERE `id`='260';
UPDATE `bdc_canali` SET `nome`='PREMIUM CALCIO 3' WHERE `id`='261';
UPDATE `bdc_canali` SET `nome`='PREMIUM CALCIO 4' WHERE `id`='262';
UPDATE `bdc_canali` SET `nome`='PREMIUM CALCIO 5' WHERE `id`='263';
UPDATE `bdc_canali` SET `nome`='PREMIUM CALCIO 6' WHERE `id`='264';

SET SQL_SAFE_UPDATES = 0;
UPDATE `bdc_canali` SET `data_fine_valid`='2018-01-19 15:29:56' WHERE active=0;