SET FOREIGN_KEY_CHECKS = 0;

DROP TABLE IF EXISTS ACTIVE_CLUSTERS;
CREATE TABLE ACTIVE_CLUSTERS
(
   IDCLUSTER  VARCHAR(100)   NOT NULL,
   NAME       VARCHAR(255)   NOT NULL,
   PRIMARY KEY (IDCLUSTER)
);



DROP TABLE IF EXISTS ACTIVE_STEPS;
CREATE TABLE ACTIVE_STEPS
(
   IDSTEP     VARCHAR(255)   NOT NULL,
   STATUS     VARCHAR(255),
   IDCLUSTER  VARCHAR(255)   NOT NULL,
   LAUNCHER   VARCHAR(255),
   CONSUMER   VARCHAR(255),
   PRIMARY KEY (IDSTEP)
);
CREATE INDEX ACTIVE_STEPS_INDEX_01 ON ACTIVE_STEPS (IDSTEP);



DROP TABLE IF EXISTS ANAG_CCID_VERSION;
CREATE TABLE ANAG_CCID_VERSION
(
   ID_CCID_VERSION  INT           NOT NULL AUTO_INCREMENT,
   NAME             VARCHAR(255)  NOT NULL,
   DESCRIPTION      VARCHAR(255),
   PRIMARY KEY (ID_CCID_VERSION)
);



DROP TABLE IF EXISTS ANAG_COUNTRY;
CREATE TABLE ANAG_COUNTRY
(
   ID_COUNTRY  VARCHAR(3)    NOT NULL,
   CODE        CHAR(2)       NOT NULL,
   ISO_CODE    CHAR(3),
   NAME        VARCHAR(255)  NOT NULL,
   PRIMARY KEY (ID_COUNTRY)
);



DROP TABLE IF EXISTS ANAG_DSP;
CREATE TABLE ANAG_DSP
(
   IDDSP            VARCHAR(100)   NOT NULL,
   CODE             VARCHAR(10)    NOT NULL,
   NAME             VARCHAR(255)   NOT NULL,
   DESCRIPTION      VARCHAR(255),
   FTP_SOURCE_PATH  VARCHAR(255),
   PRIMARY KEY (IDDSP)
);
CREATE UNIQUE INDEX ANAG_DSP_UNIQUE_01 ON ANAG_DSP (NAME);
CREATE UNIQUE INDEX ANAG_DSP_UNIQUE_02 ON ANAG_DSP (CODE);



DROP TABLE IF EXISTS ANAG_DSR_PROCESS;
CREATE TABLE ANAG_DSR_PROCESS
(
   ID_DSR_PROCESS  VARCHAR(100)   NOT NULL,
   NAME            VARCHAR(255)   NOT NULL,
   DESCRIPTION     VARCHAR(255),
   CONFIGURATION   JSON           NOT NULL,
   PRIMARY KEY (ID_DSR_PROCESS)
);
CREATE UNIQUE INDEX ANAG_DSR_PROCESS_UNIQUE_01 ON ANAG_DSR_PROCESS (NAME);



DROP TABLE IF EXISTS ANAG_DSR_SERVICE;
CREATE TABLE ANAG_DSR_SERVICE
(
   ID_DSR_SERVICE        VARCHAR(100)   NOT NULL,
   IDDSP                 VARCHAR(100)   NOT NULL,
   ID_UTILIZZATION_TYPE  VARCHAR(100)   NOT NULL,
   SERVICE               VARCHAR(255),
   PRIMARY KEY (ID_DSR_SERVICE)
);



DROP TABLE IF EXISTS ANAG_UTILIZATION_TYPE;
CREATE TABLE ANAG_UTILIZATION_TYPE
(
   ID_UTILIZATION_TYPE  VARCHAR(100)   NOT NULL,
   NAME                 VARCHAR(255)   NOT NULL,
   DESCRIPTION          VARCHAR(255)   NOT NULL,
   PRIMARY KEY (ID_UTILIZATION_TYPE)
);



DROP TABLE IF EXISTS BLACKLIST;
CREATE TABLE BLACKLIST
(
   ID          BIGINT       NOT NULL AUTO_INCREMENT,
   COUNTRY     VARCHAR(3)   NOT NULL,
   VALID_FROM  DATE         NOT NULL,
   XLS_S3_URL  TEXT         NOT NULL,
   PRIMARY KEY (ID)
);

CREATE UNIQUE INDEX BLACKLIST_UNIQUE_01 ON BLACKLIST (COUNTRY, VALID_FROM);



DROP TABLE IF EXISTS CCID_APPLIED_TARIFF;
CREATE TABLE CCID_APPLIED_TARIFF
(
   CODE         VARCHAR(10)    NOT NULL,
   DESCRIPTION  VARCHAR(255)   NOT NULL,
   PRIMARY KEY (CODE)
);



DROP TABLE IF EXISTS CCID_CONFIG;
CREATE TABLE CCID_CONFIG
(
   ID_CCID_CONFIG        INT            NOT NULL AUTO_INCREMENT,
   IDDSP                 VARCHAR(100)   NOT NULL,
   ID_UTILIZATION_TYPE   VARCHAR(100)   NOT NULL,
   ID_COMMERCIAL_OFFERS  VARCHAR(100)   NOT NULL,
   ID_COUNTRY            VARCHAR(3)     NOT NULL,
   ENCODED               BIT            DEFAULT 1 NOT NULL,
   ENCODED_PROVISIONAL   BIT            DEFAULT 1 NOT NULL,
   NOT_ENCODED           BIT            DEFAULT 0 NOT NULL,
   CCID_VERSION          INT            NOT NULL,
   RANK                  INT            NOT NULL,
   CURRENCY              VARCHAR(10)    DEFAULT 'EUR' NOT NULL COMMENT 'valori ammissibili: EUR, ORIG',
   PRIMARY KEY (ID_CCID_CONFIG)
);

CREATE INDEX CCID_CONFIG_INDEX_01 ON CCID_CONFIG (CCID_VERSION);



DROP TABLE IF EXISTS CCID_METADATA;
CREATE TABLE CCID_METADATA
(
   ID_CCID                     VARCHAR(50)      NOT NULL,
   ID_DSR                      VARCHAR(255)     NOT NULL,
   TOTAL_VALUE                 DECIMAL(34,20)   NOT NULL,
   ID_CCID_METADATA            BIGINT           NOT NULL AUTO_INCREMENT,
   CURRENCY                    VARCHAR(3)       NOT NULL,
   CCID_VERSION                VARCHAR(45)      NOT NULL,
   CCID_ENCODED                BIT              NOT NULL,
   CCID_ENCODED_PROVISIONAL    BIT              NOT NULL,
   CCID_NOT_ENCODED            BIT              NOT NULL,
   INVOICE_STATUS              VARCHAR(45)      DEFAULT 'DA_FATTURARE' NOT NULL,
   INVOICE_ITEM                INT,
   VALORE_FATTURABILE          DECIMAL(34,20)   NOT NULL,
   SUM_USE_QUANTITY            BIGINT,
   SUM_USE_QUANTITY_MATCHED    BIGINT,
   SUM_USE_QUANTITY_UNMATCHED  BIGINT,
   SUM_AMOUNT_LICENSOR         DECIMAL(34,20),
   SUM_AMOUNT_PAI              DECIMAL(34,20),
   SUM_AMOUNT_UNMATCHED        DECIMAL(34,20),
   SUM_USE_QUANTITY_SIAE       DECIMAL(34,20),
   VALORE_RESIDUO 			   DECIMAL(34,20),
   VALORE_FATTURABILE 		   DECIMAL(34,20),
   QUOTA_FATTURA               DECIMAL(34,20),
   PRIMARY KEY (ID_CCID_METADATA)
);
CREATE INDEX CCID_METADATA_INDEX_01 ON CCID_METADATA (INVOICE_ITEM);
CREATE INDEX CCID_METADATA_INDEX_02 ON CCID_METADATA (ID_DSR);
CREATE UNIQUE INDEX CCID_METADATA_UNIQUE_01 ON CCID_METADATA (ID_CCID, ID_DSR);

/*
alter table CCID_METADATA add VALORE_FATTURABILE            DECIMAL(34,20);
alter table CCID_METADATA add SUM_USE_QUANTITY              BIGINT;
alter table CCID_METADATA add SUM_USE_QUANTITY_MATCHED      BIGINT;
alter table CCID_METADATA add SUM_USE_QUANTITY_UNMATCHED    BIGINT;  
alter table CCID_METADATA add SUM_AMOUNT_LICENSOR           DECIMAL(34,20);
alter table CCID_METADATA add SUM_AMOUNT_PAI                DECIMAL(34,20);
alter table CCID_METADATA add SUM_AMOUNT_UNMATCHED          DECIMAL(34,20);
alter table CCID_METADATA add SUM_USE_QUANTITY_SIAE         DECIMAL(34,20);
ALTER TABLE CCID_METADATA ADD VALORE_RESIDUO 				DECIMAL(34,20);
ALTER TABLE CCID_METADATA ADD VALORE_FATTURABILE 			DECIMAL(34,20);
ALTER TABLE CCID_METADATA ADD QUOTA_FATTURA 				DECIMAL(34,20);
*/


DROP TABLE IF EXISTS CCID_S3_PATH;
CREATE TABLE CCID_S3_PATH
(
   ID_CCID_PATH  INT             NOT NULL AUTO_INCREMENT,
   IDDSR         VARCHAR(100)    NOT NULL,
   S3_PATH       VARCHAR(500)   NOT NULL,
   PRIMARY KEY (ID_CCID_PATH)
);
CREATE INDEX CCID_S3_PATH_INDEX_01 ON CCID_S3_PATH (IDDSR);
CREATE INDEX CCID_S3_PATH_INDEX_02 ON CCID_S3_PATH (S3_PATH);
CREATE UNIQUE INDEX CCID_S3_PATH_UNIQUE_01 ON CCID_S3_PATH (IDDSR, S3_PATH);



DROP TABLE IF EXISTS CCID_SERVICE_TYPE;
CREATE TABLE CCID_SERVICE_TYPE
(
   CODE         VARCHAR(10)    NOT NULL,
   DESCRIPTION  VARCHAR(255)   NOT NULL,
   PRIMARY KEY (CODE)
);



DROP TABLE IF EXISTS CCID_UNIQUE_ID;
CREATE TABLE CCID_UNIQUE_ID
(
   ID  BIGINT   NOT NULL
);



DROP TABLE IF EXISTS CCID_UNIQUE_ID_HISTORY;
CREATE TABLE CCID_UNIQUE_ID_HISTORY
(
   IDDSR   VARCHAR(100)   NOT NULL,
   ID      BIGINT         NOT NULL,
   IDCCID  DECIMAL(20),
   PRIMARY KEY (IDDSR)
);
CREATE UNIQUE INDEX CCID_UNIQUE_ID_HISTORY_UNIQUE_01 ON CCID_UNIQUE_ID_HISTORY (ID);



DROP TABLE IF EXISTS CCID_USE_TYPE;
CREATE TABLE CCID_USE_TYPE
(
   CODE         VARCHAR(10)    NOT NULL,
   DESCRIPTION  VARCHAR(255)   NOT NULL,
   PRIMARY KEY (CODE)
);



DROP TABLE IF EXISTS CLUSTER_USE;
CREATE TABLE CLUSTER_USE
(
   IDCLUSTER  VARCHAR(100)   NOT NULL,
   USE_TYPE   VARCHAR(100)   NOT NULL,
   PRIMARY KEY (IDCLUSTER, USE_TYPE)
);



DROP TABLE IF EXISTS COMMERCIAL_OFFERS;
CREATE TABLE COMMERCIAL_OFFERS
(
   ID_COMMERCIAL_OFFERS      INT            NOT NULL AUTO_INCREMENT,
   IDDSP                     VARCHAR(100)   DEFAULT '*' NOT NULL,
   ID_UTIILIZATION_TYPE      VARCHAR(100)   DEFAULT '*' NOT NULL,
   OFFERING                  VARCHAR(255)   DEFAULT '*' NOT NULL,
   CCID_SERVICE_TYPE_CODE    VARCHAR(10)    DEFAULT 'PDS' NOT NULL,
   CCID_USE_TYPE_CODE        VARCHAR(10)    DEFAULT 'ST' NOT NULL,
   CCID_APPLIED_TARIFF_CODE  VARCHAR(10)    DEFAULT 'ITSP' NOT NULL,
   TRADING_BRAND             VARCHAR(100)   DEFAULT '*' NOT NULL,
   PRIMARY KEY (ID_COMMERCIAL_OFFERS)
);
CREATE UNIQUE INDEX COMMERCIAL_OFFERS_UNIQUE_01 ON COMMERCIAL_OFFERS (IDDSP, ID_UTIILIZATION_TYPE, OFFERING);
CREATE INDEX COMMERCIAL_OFFERS_INDEX_01 ON COMMERCIAL_OFFERS (CCID_APPLIED_TARIFF_CODE);
CREATE INDEX COMMERCIAL_OFFERS_INDEX_02 ON COMMERCIAL_OFFERS (CCID_USE_TYPE_CODE);
CREATE INDEX COMMERCIAL_OFFERS_INDEX_03 ON COMMERCIAL_OFFERS (CCID_SERVICE_TYPE_CODE);



DROP TABLE IF EXISTS DECODE_UTILIZATION;
CREATE TABLE DECODE_UTILIZATION
(
   CODE                 VARCHAR(10)   NOT NULL,
   ID_UTILIZATION_TYPE  VARCHAR(100)  NOT NULL,
   PRIMARY KEY (CODE)
);



DROP TABLE IF EXISTS DROOLS_PRICING;
CREATE TABLE DROOLS_PRICING
(
   ID                   BIGINT         NOT NULL AUTO_INCREMENT,
   IDDSP                VARCHAR(100)   NOT NULL,
   ID_UTILIZATION_TYPE  VARCHAR(20)    NOT NULL,
   VALID_FROM           DATE           NOT NULL,
   XLS_S3_URL           TEXT           NOT NULL,
   PRIMARY KEY (ID)
);
CREATE UNIQUE INDEX DROOLS_PRICING_INDEX_01 ON DROOLS_PRICING (IDDSP, ID_UTILIZATION_TYPE, VALID_FROM);



DROP TABLE IF EXISTS DSP_CONFIG;
CREATE TABLE DSP_CONFIG
(
   ID_DSP_CONFIG        INT            NOT NULL AUTO_INCREMENT,
   IDDSP                VARCHAR(100)   NOT NULL,
   ID_UTILIZATION_TYPE  VARCHAR(20)    NOT NULL,
   OFFERING             VARCHAR(45)    NOT NULL,
   DSR_FREQUENCY        VARCHAR(45)    NOT NULL,
   SLA_RECEIVING        INT            NOT NULL,
   SLA_SENDING          INT            NOT NULL,
   PRIMARY KEY (ID_DSP_CONFIG)
);
CREATE UNIQUE INDEX DSP_CONFIG_UNIQUE_01 ON DSP_CONFIG (IDDSP, ID_UTILIZATION_TYPE, OFFERING);



DROP TABLE IF EXISTS DSR_UNIDENTIFIED;
CREATE TABLE DSR_UNIDENTIFIED
(
   IDDSR        VARCHAR(100)   NOT NULL,
   INSERT_TIME  DATETIME       DEFAULT CURRENT_TIMESTAMP NOT NULL,
   TOTAL_ROWS   BIGINT         NOT NULL,
   PRIMARY KEY (IDDSR)
);



DROP TABLE IF EXISTS DSR_LEARNING;
CREATE TABLE DSR_LEARNING
(
   IDDSR        VARCHAR(100)   NOT NULL,
   KB_VERSION   INT            NOT NULL,
   INSERT_TIME  DATETIME       DEFAULT CURRENT_TIMESTAMP NOT NULL,
   PRIMARY KEY (IDDSR, KB_VERSION)
);



DROP TABLE IF EXISTS DSR_METADATA;
CREATE TABLE DSR_METADATA
(
   IDDSR               VARCHAR(100)     NOT NULL,
   IDDSP               VARCHAR(100)     NOT NULL,
   SALES_LINES_NUM     INT              DEFAULT 0,
   TOTAL_VALUE         DECIMAL(40,20),
   SUBSCRIPTIONS_NUM   INT              DEFAULT 0,
   CREATION_TIMESTAMP  VARCHAR(11),
   SERVICE_CODE        INT,
   PERIOD_TYPE         VARCHAR(10) COMMENT '"month" o "quarter"',
   PERIOD              INT COMMENT 'se period_type == "month" --> 1 2 3 4 5 6 7 8 9 10 11 12
se period_type == "quarter" --> 1 2 3 4',
   YEAR                INT,
   COUNTRY             VARCHAR(3),
   CURRENCY            VARCHAR(3),
   PRIMARY KEY (IDDSR)
);
CREATE INDEX DSR_METADATA_INDEX_01 ON DSR_METADATA (IDDSR);
CREATE INDEX DSR_METADATA_INDEX_02 ON DSR_METADATA (COUNTRY);
CREATE INDEX DSR_METADATA_INDEX_03 ON DSR_METADATA (SERVICE_CODE);



DROP TABLE IF EXISTS DSR_METADATA_CONFIG;

CREATE TABLE DSR_METADATA_CONFIG
(
   ID_DSR_METADATA_CONFIG  INT            NOT NULL AUTO_INCREMENT,
   ID_COMMERCIAL_OFFER     INT            NOT NULL,
   REGEX                   VARCHAR(255)   NOT NULL,
   REGEX_CONFIG            VARCHAR(255)   NOT NULL,
   REGEX_REPRESENTATION    VARCHAR(255)   NOT NULL,
   COUNTRY_CODE            VARCHAR(100)   NOT NULL,
   PERIOD_CODE             VARCHAR(100)   NOT NULL,
   START_INDEX_COUNTRY     INT            NOT NULL,
   END_INDEX_COUNTRY       INT            NOT NULL,
   START_INDEX_PERIOD      INT            NOT NULL,
   END_INDEX_PERIOD        INT            NOT NULL,
   PRIMARY KEY (ID_DSR_METADATA_CONFIG)
);
CREATE UNIQUE INDEX DSR_METADATA_CONFIG_INDEX_01 ON DSR_METADATA_CONFIG (ID_COMMERCIAL_OFFER, REGEX);



DROP TABLE IF EXISTS DSR_PROCESS_CONFIG;
CREATE TABLE DSR_PROCESS_CONFIG
(
   ID_DSR_PROCESS_CONFIG  INT            NOT NULL AUTO_INCREMENT,
   PRIORITY               INT,
   DSP                    VARCHAR(100)   DEFAULT '*' NOT NULL,
   UTILIZATION_TYPE       VARCHAR(100)   DEFAULT '*' NOT NULL,
   COUNTRY                VARCHAR(3)     DEFAULT '*' NOT NULL,
   ID_DSR_PROCESS         VARCHAR(100)   NOT NULL,
   PRIMARY KEY (ID_DSR_PROCESS_CONFIG)
);
CREATE UNIQUE INDEX DSR_PROCESS_CONFIG_UNIQUE_01 ON DSR_PROCESS_CONFIG (DSP, UTILIZATION_TYPE, COUNTRY);



DROP TABLE IF EXISTS DSR_STATISTICS;
CREATE TABLE DSR_STATISTICS
(
   IDDSR                  VARCHAR(100)   NOT NULL,
   TOTAL_LINES            INT,
   TOTAL_RECOGNIZED       INT,
   TOTAL_IDSONG           INT,
   TOTAL_ISWC             INT,
   TOTAL_ISRC             INT,
   TOTAL_TITLE_ARTISTS    INT,
   TOTAL_FUZZY            INT,
   TOTAL_MANUAL           INT,
   SALES_LINE_RECOGNIZED  INT,
   PRIMARY KEY (IDDSR)
);
CREATE INDEX DSR_STATISTICS_INDEX_01 ON DSR_STATISTICS (IDDSR ASC);


DROP TABLE IF EXISTS DSR_STATISTICS_SOPHIA;
CREATE TABLE DSR_STATISTICS_SOPHIA
(
   IDDSR                VARCHAR(100)   NOT NULL,
   TOTAL_LINES          INT,
   TOTAL_RECOGNIZED     INT,
   TOTAL_IDSONG         INT,
   TOTAL_ISWC           INT,
   TOTAL_ISRC           INT,
   TOTAL_TITLE_ARTISTS  INT,
   TOTAL_FUZZY          INT,
   TOTAL_MANUAL         INT,
   PRIMARY KEY (IDDSR)
);
CREATE INDEX DSR_STATISTICS_SOPHIA_INDEX_01 ON DSR_STATISTICS_SOPHIA (IDDSR);



DROP TABLE IF EXISTS DSR_STEPS_MONITORING;
CREATE TABLE DSR_STEPS_MONITORING
(
   IDDSR               VARCHAR(100)   NOT NULL,
   LAST_UPDATE         DATETIME(3)    NOT NULL DEFAULT CURRENT_TIMESTAMP(3) ON UPDATE CURRENT_TIMESTAMP(3),
   EXTRACT_QUEUED      DATETIME,
   EXTRACT_STARTED     DATETIME,
   EXTRACT_FINISHED    DATETIME,
   EXTRACT_STATUS      VARCHAR(10),
   CLEAN_QUEUED        DATETIME,
   CLEAN_STARTED       DATETIME,
   CLEAN_FINISHED      DATETIME,
   CLEAN_STATUS        VARCHAR(10),
   PRICE_QUEUED        DATETIME,
   PRICE_STARTED       DATETIME,
   PRICE_FINISHED      DATETIME,
   PRICE_STATUS        VARCHAR(10),
   HYPERCUBE_QUEUED    DATETIME,
   HYPERCUBE_STARTED   DATETIME,
   HYPERCUBE_FINISHED  DATETIME,
   HYPERCUBE_STATUS    VARCHAR(10),
   IDENTIFY_QUEUED     DATETIME,
   IDENTIFY_STARTED    DATETIME,
   IDENTIFY_FINISHED   DATETIME,
   IDENTIFY_STATUS     VARCHAR(10),
   UNILOAD_QUEUED      DATETIME,
   UNILOAD_STARTED     DATETIME,
   UNILOAD_FINISHED    DATETIME,
   UNILOAD_STATUS      VARCHAR(10),
   CLAIM_QUEUED        DATETIME,
   CLAIM_STARTED       DATETIME,
   CLAIM_FINISHED      DATETIME,
   CLAIM_STATUS        VARCHAR(10),
   PRELEARN_QUEUED     DATETIME,
   PRELEARN_STARTED    DATETIME,
   PRELEARN_FINISHED   DATETIME,
   PRELEARN_STATUS     VARCHAR(10),
   LEARN_QUEUED        DATETIME,
   LEARN_STARTED       DATETIME,
   LEARN_FINISHED      DATETIME,
   LEARN_STATUS        VARCHAR(10),
   PRIMARY KEY (IDDSR)
);
CREATE INDEX DSR_STEPS_MONITORING_INDEX_01 ON DSR_STEPS_MONITORING (LAST_UPDATE);



DROP TABLE IF EXISTS INVOICE;
CREATE TABLE INVOICE (
  ID_INVOICE int(11) NOT NULL AUTO_INCREMENT,
  INVOICE_CODE varchar(100) DEFAULT NULL,
  CLIENT_ID int(11) NOT NULL,
  CREATION_DATE datetime NOT NULL,
  LAST_UPDATE_DATE datetime NOT NULL,
  USER_ID varchar(45) DEFAULT NULL,
  TOTAL_INVOICE decimal(34,20) NOT NULL,
  VAT float DEFAULT NULL,
  NOTE varchar(1000) DEFAULT NULL,
  STATUS varchar(45) NOT NULL,
  PDF_PATH varchar(255) DEFAULT NULL,
  IDDSP varchar(100) NOT NULL,
  PDF blob,
  REQUEST_ID varchar(255) DEFAULT NULL,
  DATE_OF_PERTINENCE datetime NOT NULL,
  INVOICE_TYPE varchar(45) NOT NULL DEFAULT 'AUTOMATICA' COMMENT 'valori ammissibili: AUTOMATICA , ANTICIPO',
  PRIMARY KEY (ID_INVOICE)
);
CREATE INDEX INVOICE_INDEX_01 ON INVOICE (IDDSP ASC);
CREATE INDEX INVOICE_INDEX_02 ON INVOICE (CLIENT_ID);



DROP TABLE IF EXISTS INVOICE_ITEM;
CREATE TABLE INVOICE_ITEM (
  ID_ITEM int(11) NOT NULL AUTO_INCREMENT,
  ID_INVOICE int(11) NOT NULL,
  DESCRIPTION int(11) NOT NULL,
  INVOICE_POSITION int(11) NOT NULL,
  TOTAL decimal(34,20) NOT NULL,
  NOTE varchar(100) DEFAULT NULL,
  TOTAL_ORIG_CURRENCY decimal(34,20) NOT NULL,
  ORIG_CURRENCY char(3) NOT NULL,
  PRIMARY KEY (ID_ITEM)
    
);
CREATE INDEX INVOICE_ITEM_INDEX_02 ON INVOICE_ITEM (ID_INVOICE);
CREATE INDEX INVOICE_ITEM_INDEX_01 ON INVOICE_ITEM (DESCRIPTION);


DROP TABLE IF EXISTS ITEM_INVOICE_REASON;
CREATE TABLE ITEM_INVOICE_REASON
(
   ID_ITEM_INVOICE_REASON  INT            NOT NULL AUTO_INCREMENT,
   CODE                    VARCHAR(45)    NOT NULL,
   DESCRIPTION             VARCHAR(255)   NOT NULL,
   CONTO_SAP varchar(45) NOT NULL,
   PRIMARY KEY (ID_ITEM_INVOICE_REASON)
);
CREATE UNIQUE INDEX ITEM_INVOICE_REASON_UNIQUE_01 ON ITEM_INVOICE_REASON (CODE);
CREATE UNIQUE INDEX ITEM_INVOICE_REASON_UNIQUE_02 ON ITEM_INVOICE_REASON (DESCRIPTION);

DROP TABLE IF EXISTS INVOICE_REQUEST_ID;
CREATE TABLE INVOICE_REQUEST_ID (
  REQUEST_ID decimal(30,0) NOT NULL,
  PRIMARY KEY (REQUEST_ID)
);

DROP TABLE IF EXISTS LEARNING_STATISTICS;
CREATE TABLE LEARNING_STATISTICS
(
   IDDSR                VARCHAR(255)   NOT NULL,
   TOTAL_LEARNED        INT,
   TOTAL_IDSONG         INT,
   TOTAL_ISWC           INT,
   TOTAL_ISRC           INT,
   TOTAL_TITLE_ARTISTS  INT,
   PRIMARY KEY (IDDSR)
);
CREATE INDEX LEARNING_STATISTICS_INDEX_01 ON LEARNING_STATISTICS (IDDSR);



DROP TABLE IF EXISTS RIGHT_SPLIT;
CREATE TABLE RIGHT_SPLIT
(
   ID                   BIGINT          NOT NULL AUTO_INCREMENT,
   COUNTRY              VARCHAR(3)      NOT NULL,
   ID_UTILIZATION_TYPE  VARCHAR(100)    NOT NULL,
   VALID_FROM           DATE            NOT NULL,
   DEM                  DECIMAL(40,20)  NOT NULL,
   DRM                  DECIMAL(40,20)  NOT NULL,
   PRIMARY KEY (ID)
);
CREATE UNIQUE INDEX RIGHT_SPLIT_INDEX_01 ON RIGHT_SPLIT (COUNTRY, ID_UTILIZATION_TYPE, VALID_FROM);



DROP TABLE IF EXISTS SQS_DEDUPLICATION;
CREATE TABLE SQS_DEDUPLICATION
(
   UUID          VARCHAR(255)   NOT NULL,
   QUEUE_NAME    VARCHAR(255)   NOT NULL,
   RECEIVE_TIME  DATETIME(3)    NOT NULL DEFAULT CURRENT_TIMESTAMP(3),
   MESSAGE_JSON  JSON,
   PRIMARY KEY (UUID)
);
CREATE INDEX SQS_DEDUPLICATION_INDEX_01 ON SQS_DEDUPLICATION (UUID);



DROP TABLE IF EXISTS SQS_FAILED;
CREATE TABLE SQS_FAILED
(
   ID            BIGINT         NOT NULL AUTO_INCREMENT,
   QUEUE_NAME    VARCHAR(255)   NOT NULL,
   RECEIVE_TIME  DATETIME(3)    NOT NULL DEFAULT CURRENT_TIMESTAMP(3),
   MESSAGE_JSON  TEXT,
   PRIMARY KEY (ID)
);
CREATE INDEX SQS_FAILED_INDEX_01 ON SQS_FAILED (RECEIVE_TIME);
CREATE INDEX SQS_FAILED_INDEX_02 ON SQS_FAILED (QUEUE_NAME);



DROP TABLE IF EXISTS SQS_SERVICE_BUS;
CREATE TABLE SQS_SERVICE_BUS
(
   ID              BIGINT         NOT NULL AUTO_INCREMENT,
   QUEUE_NAME      VARCHAR(100)   NOT NULL, -- <environment> _ <queue-type> _ <service-name>
   INSERT_TIME     DATETIME(3)    DEFAULT CURRENT_TIMESTAMP(3) NOT NULL,
   MESSAGE_TIME    DATETIME(3),
   MESSAGE_JSON    TEXT           NOT NULL,
   ENVIRONMENT     VARCHAR(10),
   QUEUE_TYPE      VARCHAR(20),
   SERVICE_NAME    VARCHAR(100),
   SENDER          VARCHAR(100),
   HOSTNAME        VARCHAR(255), -- EC2 Hostname or EMR Cluster-ID
   APPLICATION_ID  VARCHAR(255), -- Yarn Application ID
   IDDSR           VARCHAR(100),
   IDDSP           VARCHAR(100),
   YEAR            VARCHAR(4),
   MONTH           VARCHAR(2),
   COUNTRY         VARCHAR(3),
   PRIMARY KEY (ID)
);
CREATE INDEX SQS_SERVICE_BUS_INDEX_01 ON SQS_SERVICE_BUS (QUEUE_NAME);
CREATE INDEX SQS_SERVICE_BUS_INDEX_02 ON SQS_SERVICE_BUS (INSERT_TIME);
CREATE INDEX SQS_SERVICE_BUS_INDEX_03 ON SQS_SERVICE_BUS (MESSAGE_TIME);

CREATE INDEX SQS_SERVICE_BUS_INDEX_04 ON SQS_SERVICE_BUS (IDDSR);
CREATE INDEX SQS_SERVICE_BUS_INDEX_05 ON SQS_SERVICE_BUS (SERVICE_NAME);
CREATE INDEX SQS_SERVICE_BUS_INDEX_06 ON SQS_SERVICE_BUS (QUEUE_TYPE);


DROP TABLE IF EXISTS claim_hypercube_status;
CREATE TABLE claim_hypercube_status
(
   DATA_READY  BIT,
   UPDATED     TIMESTAMP,
   COUNTRY     VARCHAR(5)     NOT NULL,
   YEAR        VARCHAR(4)     NOT NULL,
   MONTH       VARCHAR(2)     NOT NULL,
   CODE        VARCHAR(255)   NOT NULL,
   PRIMARY KEY (COUNTRY, CODE, YEAR, MONTH)
);
CREATE INDEX claim_hypercube_status_index_01 ON claim_hypercube_status (YEAR, MONTH, COUNTRY, CODE);



DROP TABLE IF EXISTS codice_provvisorio;
CREATE TABLE codice_provvisorio
(
   id  INT   NOT NULL
);



DROP TABLE IF EXISTS currency_rate;
CREATE TABLE currency_rate
(
   year          CHAR(4)          NOT NULL,
   month         CHAR(2)          NOT NULL,
   src_currency  CHAR(3)          NOT NULL,
   dst_currency  CHAR(3)          NOT NULL,
   rate          DECIMAL(40,20)   NOT NULL,
   PRIMARY KEY (year, month, src_currency, dst_currency)
);



DROP TABLE IF EXISTS dsr_process_kb_versions;
CREATE TABLE dsr_process_kb_versions
(
   kb_version  INT            NOT NULL,
   iddsr       VARCHAR(100)   NOT NULL,
   PRIMARY KEY (kb_version, iddsr)
);



DROP TABLE IF EXISTS dsr_reprocess;
CREATE TABLE dsr_reprocess
(
   iddsr      VARCHAR(100)   NOT NULL,
   processed  TINYINT,
   iddsp      VARCHAR(100),
   country    VARCHAR(3),
   year       VARCHAR(4),
   month      VARCHAR(2),
   service    VARCHAR(100),
   PRIMARY KEY (iddsr)
);



DROP TABLE IF EXISTS dsr_to_dsp;
CREATE TABLE dsr_to_dsp
(
   IDDSP  VARCHAR(100)   NOT NULL,
   IDDSR  VARCHAR(100)   NOT NULL,
   PRIMARY KEY (IDDSP, IDDSR)
);



DROP TABLE IF EXISTS dsr_to_reprocess;
CREATE TABLE dsr_to_reprocess
(
   id     INT    NOT NULL AUTO_INCREMENT,
   date   TEXT,
   iddsr  VARCHAR(100),
   PRIMARY KEY (id)
);



DROP TABLE IF EXISTS kb_active_version;
CREATE TABLE kb_active_version
(
   id  INT   NOT NULL AUTO_INCREMENT,
   PRIMARY KEY (id)
);



DROP TABLE IF EXISTS kb_management;
CREATE TABLE kb_management
(
   kb_active_version        INT       NOT NULL,
   kb_learning_in_progress  TINYINT   DEFAULT 0,
   PRIMARY KEY (kb_active_version)
);



DROP TABLE IF EXISTS learning_monitoring;
CREATE TABLE learning_monitoring
(
   IDDSR                    VARCHAR(255)   NOT NULL,
   LEARN_STATUS             TEXT,
   LEARN_NEW_IDSONG         TEXT,
   LEARN_NEW_ISRC           TEXT,
   LEARN_NEW_ISWC           TEXT,
   LEARN_NEW_TITLE_ARTISTS  TEXT,
   PRIMARY KEY (IDDSR)
);
CREATE INDEX learning_monitoring_index_01 ON learning_monitoring (IDDSR);


DROP TABLE IF EXISTS user_role;
CREATE TABLE user_role
(
   username    VARCHAR(255)   NOT NULL,
   password    VARCHAR(255)   NOT NULL,
   roles       TEXT           NOT NULL, -- csv string
   PRIMARY KEY (username)
);


DROP TABLE IF EXISTS role_permission;
CREATE TABLE role_permission
(
   id          INT            NOT NULL AUTO_INCREMENT,
   role        VARCHAR(255)   NOT NULL,
   permission  VARCHAR(255)   NOT NULL,
   PRIMARY KEY (id)
);



DROP TABLE IF EXISTS schema_riparto_status;
CREATE TABLE schema_riparto_status
(
   data_ready  BIT,
   updated     TIMESTAMP,
   year        VARCHAR(4)   NOT NULL,
   month       VARCHAR(2)   NOT NULL,
   PRIMARY KEY (year, month)
);
CREATE INDEX schema_riparto_status_index_01 ON schema_riparto_status (year, month);



DROP TABLE IF EXISTS steps_monitoring;
CREATE TABLE steps_monitoring
(
   IDDSR                    VARCHAR(100)   DEFAULT '' NOT NULL,
   IDDSP                    VARCHAR(100),
   DEVC_STATUS              VARCHAR(100),
   DEVC_DSR_VALID           BIT,
   IDVC_STATUS              TEXT,
   IDVC_DONE_STEPS          TEXT,
   IDVC_COMPL_TS            TEXT,
   DNVC_JOBID               TEXT,
   DNVC_STATUS              TEXT,
   DEVC_VALIDITY_RESULT     TEXT,
   IDVC_NUM_OF_EXECS        TEXT,
   TIMESTAMP                TEXT,
   DSR_PATH                 TEXT,
   id                       TEXT,
   DSP                      TEXT,
   YEAR                     TEXT,
   MONTH                    TEXT,
   COUNTRY                  TEXT,
   IDVC_TIMESTAMP           TIMESTAMP,
   PRICING_STATUS           TEXT,
   PRICING_TIMESTAMP        TIMESTAMP,
   IDVC_COMPLETED_MSG_UUID  VARCHAR(100),
   PRIMARY KEY (IDDSR)
);
CREATE INDEX steps_monitoring_index_01 ON steps_monitoring (IDDSR ASC);



DROP TABLE IF EXISTS BATCH_ACTIVITY;
CREATE TABLE BATCH_ACTIVITY
(
   ACTVITY_ID       BIGINT           NOT NULL AUTO_INCREMENT,
   REQUEST_ID       VARCHAR(1000),
   RESPONSE_ID      VARCHAR(1000),
   CREATE_TIME      DATETIME         NOT NULL,
   START_TIME       DATETIME,
   END_TIME         DATETIME,
   ACTIVITY_STATUS  VARCHAR(20),
   PARAMETERS       VARCHAR(10000),
   ERROR            TEXT,
   COUNTRY          VARCHAR(45)      NOT NULL,
   YEAR             VARCHAR(45)      NOT NULL,
   MONTH            VARCHAR(45)      NOT NULL,
   PRIMARY KEY (ACTVITY_ID)
);
CREATE INDEX BATCH_ACTIVITY_INDEX_01 ON BATCH_ACTIVITY (RESPONSE_ID);
CREATE INDEX BATCH_ACTIVITY_INDEX_02 ON BATCH_ACTIVITY (REQUEST_ID ASC);



DROP TABLE IF EXISTS BATCH_JOB_EXECUTION;
CREATE TABLE BATCH_JOB_EXECUTION
(
   JOB_EXECUTION_ID            BIGINT          NOT NULL,
   VERSION                     BIGINT,
   JOB_INSTANCE_ID             BIGINT          NOT NULL,
   CREATE_TIME                 DATETIME        NOT NULL,
   START_TIME                  DATETIME,
   END_TIME                    DATETIME,
   STATUS                      VARCHAR(10),
   EXIT_CODE                   VARCHAR(2500),
   EXIT_MESSAGE                VARCHAR(2500),
   LAST_UPDATED                DATETIME,
   JOB_CONFIGURATION_LOCATION  VARCHAR(2500),
   PRIMARY KEY (JOB_EXECUTION_ID)
);


DROP TABLE IF EXISTS BATCH_JOB_EXECUTION_CONTEXT;
CREATE TABLE BATCH_JOB_EXECUTION_CONTEXT
(
   JOB_EXECUTION_ID    BIGINT          NOT NULL,
   SHORT_CONTEXT       VARCHAR(2500)   NOT NULL,
   SERIALIZED_CONTEXT  TEXT,
   PRIMARY KEY (JOB_EXECUTION_ID)
);


DROP TABLE IF EXISTS BATCH_JOB_EXECUTION_PARAMS;
CREATE TABLE BATCH_JOB_EXECUTION_PARAMS
(
   JOB_EXECUTION_ID  BIGINT         NOT NULL,
   TYPE_CD           VARCHAR(6)     NOT NULL,
   KEY_NAME          VARCHAR(100)   NOT NULL,
   STRING_VAL        VARCHAR(250),
   DATE_VAL          DATETIME,
   LONG_VAL          BIGINT,
   DOUBLE_VAL        DOUBLE,
   IDENTIFYING       CHAR(1)        NOT NULL
);



DROP TABLE IF EXISTS BATCH_JOB_EXECUTION_SEQ;
CREATE TABLE BATCH_JOB_EXECUTION_SEQ
(
   ID          BIGINT    NOT NULL,
   UNIQUE_KEY  CHAR(1)   NOT NULL
);
CREATE UNIQUE INDEX BATCH_JOB_EXECUTION_SEQ_UNIQUE_01 ON BATCH_JOB_EXECUTION_SEQ (UNIQUE_KEY);



DROP TABLE IF EXISTS BATCH_JOB_INSTANCE;
CREATE TABLE BATCH_JOB_INSTANCE
(
   JOB_INSTANCE_ID  BIGINT         NOT NULL,
   VERSION          BIGINT,
   JOB_NAME         VARCHAR(100)   NOT NULL,
   JOB_KEY          VARCHAR(32)    NOT NULL,
   PRIMARY KEY (JOB_INSTANCE_ID)
);
CREATE UNIQUE INDEX BATCH_JOB_INSTANCE_UNIQUE_01 ON BATCH_JOB_INSTANCE (JOB_NAME, JOB_KEY);



DROP TABLE IF EXISTS BATCH_JOB_SEQ;
CREATE TABLE BATCH_JOB_SEQ
(
   ID          BIGINT    NOT NULL,
   UNIQUE_KEY  CHAR(1)   NOT NULL
);
CREATE UNIQUE INDEX BATCH_JOB_SEQ_UNIQUE_01 ON BATCH_JOB_SEQ (UNIQUE_KEY);



DROP TABLE IF EXISTS BATCH_ORCHESTRATOR_MESSAGE;
CREATE TABLE BATCH_ORCHESTRATOR_MESSAGE
(
   MESSAGE_ID      VARCHAR(1000)   NOT NULL,
   MESSAGE_TYPE    VARCHAR(50)     NOT NULL,
   MESSAGE_STATUS  VARCHAR(50)     NOT NULL,
   RECEIPT_HANDLE  VARCHAR(2000),
   TIME_STAMP      DATETIME        NOT NULL,
   PROCESS_TIME    DATETIME,
   RECEIVER        VARCHAR(128)    NOT NULL,
   SENDER          VARCHAR(128)    NOT NULL,
   CONTENT         TEXT            NOT NULL,
   PRIMARY KEY (MESSAGE_ID)
);



DROP TABLE IF EXISTS BATCH_STEP_EXECUTION;
CREATE TABLE BATCH_STEP_EXECUTION
(
   STEP_EXECUTION_ID   BIGINT          NOT NULL,
   VERSION             BIGINT          NOT NULL,
   STEP_NAME           VARCHAR(100)    NOT NULL,
   JOB_EXECUTION_ID    BIGINT          NOT NULL,
   START_TIME          DATETIME        NOT NULL,
   END_TIME            DATETIME,
   STATUS              VARCHAR(10),
   COMMIT_COUNT        BIGINT,
   READ_COUNT          BIGINT,
   FILTER_COUNT        BIGINT,
   WRITE_COUNT         BIGINT,
   READ_SKIP_COUNT     BIGINT,
   WRITE_SKIP_COUNT    BIGINT,
   PROCESS_SKIP_COUNT  BIGINT,
   ROLLBACK_COUNT      BIGINT,
   EXIT_CODE           VARCHAR(2500),
   EXIT_MESSAGE        VARCHAR(2500),
   LAST_UPDATED        DATETIME,
   PRIMARY KEY (STEP_EXECUTION_ID)
);



DROP TABLE IF EXISTS BATCH_STEP_EXECUTION_CONTEXT;
CREATE TABLE BATCH_STEP_EXECUTION_CONTEXT
(
   STEP_EXECUTION_ID   BIGINT          NOT NULL,
   SHORT_CONTEXT       VARCHAR(2500)   NOT NULL,
   SERIALIZED_CONTEXT  TEXT,
   PRIMARY KEY (STEP_EXECUTION_ID)
);



DROP TABLE IF EXISTS BATCH_STEP_EXECUTION_SEQ;
CREATE TABLE BATCH_STEP_EXECUTION_SEQ
(
   ID          BIGINT    NOT NULL,
   UNIQUE_KEY  CHAR(1)   NOT NULL
);
CREATE UNIQUE INDEX BATCH_STEP_EXECUTION_SEQ_UNIQUE_01 ON BATCH_STEP_EXECUTION_SEQ (UNIQUE_KEY ASC);


DROP TABLE IF EXISTS BATCH_HYPERCUBE_LOCK;
CREATE TABLE BATCH_HYPERCUBE_LOCK (
  ID_LOCK int(11) NOT NULL,
  PRIMARY KEY (ID_LOCK)
);

DROP TABLE IF EXISTS ANAG_CLIENT;
CREATE TABLE ANAG_CLIENT (
  ID_ANAG_CLIENT int(11) NOT NULL AUTO_INCREMENT,
  CODE varchar(255) NOT NULL,
  IDDSP varchar(100) NOT NULL,
  COMPANY_NAME varchar(255) DEFAULT NULL,
  COUNTRY varchar(3) DEFAULT NULL,
  VAT_CODE varchar(45) DEFAULT NULL,
  LICENCE text,
  VAT_DESCRIPTION text,
  START_DATE datetime NOT NULL,
  END_DATE datetime DEFAULT NULL,
  PRIMARY KEY (ID_ANAG_CLIENT),
  KEY FK_IDDSP_ANAG_CLIENT_idx (IDDSP),
  KEY FK_COUNTRY_ANAG_CLIENT_idx (COUNTRY),
  CONSTRAINT FK_COUNTRY_ANAG_CLIENT FOREIGN KEY (COUNTRY) REFERENCES ANAG_COUNTRY (ID_COUNTRY) ON DELETE NO ACTION ON UPDATE NO ACTION,
  CONSTRAINT FK_IDDSP_ANAG_CLIENT FOREIGN KEY (IDDSP) REFERENCES ANAG_DSP (IDDSP) ON DELETE NO ACTION ON UPDATE NO ACTION
);

DROP TABLE IF EXISTS INVOICE_LOG;
CREATE TABLE INVOICE_LOG (
  ID_INVOICE_LOG int(11) NOT NULL AUTO_INCREMENT,
  REQUEST_ID varchar(45) NOT NULL,
  REQUEST_PARAMS text NOT NULL,
  RESPONSE_PARAMS text,
  START_DATE datetime NOT NULL,
  DURATION bigint(20) DEFAULT NULL,
  ID_INVOICE int(11) NOT NULL,
  PRIMARY KEY (ID_INVOICE_LOG)
);

CREATE UNIQUE INDEX INVOICE_LOG_UNIQUE_01 ON INVOICE_LOG (REQUEST_ID ASC);
CREATE INDEX FK_INVOICE_LOG_01 ON INVOICE_LOG (ID_INVOICE ASC);

##################
## FOREIGN KEYS ##
##################

ALTER TABLE CCID_CONFIG
  ADD CONSTRAINT FK_ID_CCID_VERSION FOREIGN KEY (CCID_VERSION)
  REFERENCES ANAG_CCID_VERSION (ID_CCID_VERSION);


ALTER TABLE CCID_METADATA
  ADD CONSTRAINT FK_ID_DSR_CCID_METADATA FOREIGN KEY (ID_DSR)
  REFERENCES DSR_METADATA (IDDSR);
ALTER TABLE CCID_METADATA
  ADD CONSTRAINT FK_ID_INVOICE_ITEM_CCID_METADATA FOREIGN KEY (INVOICE_ITEM)
  REFERENCES INVOICE_ITEM (ID_ITEM);


ALTER TABLE CCID_S3_PATH
  ADD CONSTRAINT IDDSR_FK FOREIGN KEY (IDDSR)
  REFERENCES DSR_METADATA (IDDSR);


ALTER TABLE COMMERCIAL_OFFERS
  ADD CONSTRAINT FK_CO_APPLIED_TARIFF FOREIGN KEY (CCID_APPLIED_TARIFF_CODE)
  REFERENCES CCID_APPLIED_TARIFF (CODE);
ALTER TABLE COMMERCIAL_OFFERS
  ADD CONSTRAINT FK_CO_SERVICE_TYPE FOREIGN KEY (CCID_SERVICE_TYPE_CODE)
  REFERENCES CCID_SERVICE_TYPE (CODE);
ALTER TABLE COMMERCIAL_OFFERS
  ADD CONSTRAINT FK_CO_USE_TYPE FOREIGN KEY (CCID_USE_TYPE_CODE)
  REFERENCES CCID_USE_TYPE (CODE);


ALTER TABLE DSR_METADATA
  ADD CONSTRAINT FK_DSR_METADATA_ANAG_COUNTRY FOREIGN KEY (COUNTRY)
  REFERENCES ANAG_COUNTRY (ID_COUNTRY);
ALTER TABLE DSR_METADATA
  ADD CONSTRAINT FK_DSR_METADATA_COMMERCIAL_OFFER FOREIGN KEY (SERVICE_CODE)
  REFERENCES COMMERCIAL_OFFERS (ID_COMMERCIAL_OFFERS);


ALTER TABLE DSR_METADATA_CONFIG
  ADD CONSTRAINT FK_ID_COMMERCIAL_OFFER FOREIGN KEY (ID_COMMERCIAL_OFFER)
  REFERENCES COMMERCIAL_OFFERS (ID_COMMERCIAL_OFFERS);


ALTER TABLE INVOICE
  ADD CONSTRAINT FK_IDDSP_INVOICE FOREIGN KEY (IDDSP)
  REFERENCES ANAG_DSP (IDDSP);
ALTER TABLE INVOICE  
  ADD CONSTRAINT FK_CLIENT_ID_INVOICE FOREIGN KEY (CLIENT_ID) 
  REFERENCES ANAG_CLIENT (ID_ANAG_CLIENT);


ALTER TABLE INVOICE_ITEM
  ADD CONSTRAINT FK_INVOICE_ITEM_DESCRIPTION_INVOICE_ITEM FOREIGN KEY (DESCRIPTION)
  REFERENCES ITEM_INVOICE_REASON (ID_ITEM_INVOICE_REASON);
ALTER TABLE INVOICE_ITEM
  ADD CONSTRAINT FK_INVOICE_ITEM_INVOICE_ID FOREIGN KEY (ID_INVOICE)
  REFERENCES INVOICE (ID_INVOICE);


ALTER TABLE BATCH_ACTIVITY
  ADD CONSTRAINT BATCH_ACTIVITY_ibfk_1 FOREIGN KEY (REQUEST_ID)
  REFERENCES BATCH_ORCHESTRATOR_MESSAGE (MESSAGE_ID);
ALTER TABLE BATCH_ACTIVITY
  ADD CONSTRAINT BATCH_ACTIVITY_ibfk_2 FOREIGN KEY (RESPONSE_ID)
  REFERENCES BATCH_ORCHESTRATOR_MESSAGE (MESSAGE_ID);


ALTER TABLE BATCH_JOB_EXECUTION
  ADD CONSTRAINT JOB_INST_EXEC_FK FOREIGN KEY (JOB_INSTANCE_ID)
  REFERENCES BATCH_JOB_INSTANCE (JOB_INSTANCE_ID);

  
ALTER TABLE BATCH_JOB_EXECUTION_CONTEXT
  ADD CONSTRAINT JOB_EXEC_CTX_FK FOREIGN KEY (JOB_EXECUTION_ID)
  REFERENCES BATCH_JOB_EXECUTION (JOB_EXECUTION_ID);


ALTER TABLE BATCH_JOB_EXECUTION_PARAMS
  ADD CONSTRAINT JOB_EXEC_PARAMS_FK FOREIGN KEY (JOB_EXECUTION_ID)
  REFERENCES BATCH_JOB_EXECUTION (JOB_EXECUTION_ID);


ALTER TABLE BATCH_STEP_EXECUTION
  ADD CONSTRAINT JOB_EXEC_STEP_FK FOREIGN KEY (JOB_EXECUTION_ID)
  REFERENCES BATCH_JOB_EXECUTION (JOB_EXECUTION_ID);


ALTER TABLE BATCH_STEP_EXECUTION_CONTEXT
  ADD CONSTRAINT STEP_EXEC_CTX_FK FOREIGN KEY (STEP_EXECUTION_ID)
  REFERENCES BATCH_STEP_EXECUTION (STEP_EXECUTION_ID);

  
ALTER TABLE RIGHT_SPLIT
  ADD CONSTRAINT FK_ID_UTILIZATION_TYPE FOREIGN KEY (ID_UTILIZATION_TYPE)
  REFERENCES ANAG_UTILIZATION_TYPE (ID_UTILIZATION_TYPE);

ALTER TABLE INVOICE_LOG 
  ADD CONSTRAINT FK_INVOICE_LOG_01 FOREIGN KEY (ID_INVOICE)
  REFERENCES INVOICE (ID_INVOICE);
  
SET FOREIGN_KEY_CHECKS = 1;


###########
## VIEWS ##
###########

drop view if exists SQS_DSR_PROGRESS;
create view SQS_DSR_PROGRESS (IDDSR, SERVICE_NAME, QUEUE_TYPE, INSERT_TIME, NUMBER) as
select iddsr, service_name, queue_type, max(insert_time) insert_time, count(*) number
from SQS_SERVICE_BUS
where iddsr is not null and iddsr != ''
group by iddsr, service_name, queue_type;


drop view if exists SQS_DSR_PROGRESS_UNIX;
create view SQS_DSR_PROGRESS_UNIX (IDDSR, SERVICE_NAME, QUEUE_TYPE, INSERT_TIME, UNIX_TIME) as
select a.iddsr, a.service_name, a.queue_type, a.insert_time, unix_timestamp(a.message_time) unix_time
from SQS_SERVICE_BUS a, (
	select iddsr, service_name, queue_type, max(unix_timestamp(message_time)) unix_time
	  from SQS_SERVICE_BUS
	  where iddsr is not null and iddsr != ''
	  group by iddsr, service_name, queue_type
) b
where a.iddsr = b.iddsr
and a.service_name = b.service_name
and a.queue_type = b.queue_type 
and unix_timestamp(a.message_time) = b.unix_time;


drop view if exists SQS_HOSTNAME;
create view SQS_HOSTNAME (HOSTNAME, APPLICATION_ID, QUEUE_TYPE, SERVICE_NAME, IDDSR, INSERT_TIME, UNIX_MESSAGE_TIME) as
select a.hostname, a.application_id, a.queue_type, a.service_name, a.iddsr, a.insert_time, unix_timestamp(a.message_time) unix_message_time
from SQS_SERVICE_BUS a, (
	select hostname, max(unix_timestamp(message_time)) unix_message_time 
	  from SQS_SERVICE_BUS
	 where hostname is not null and hostname != ''
	 group by hostname
) b
where b.hostname = a.hostname
  and b.unix_message_time = unix_timestamp(a.message_time);


ALTER TABLE CCID_METADATA 
ADD COLUMN IDENTIFICATO_VALORE_PRICING DECIMAL(34,20) NULL AFTER QUOTA_FATTURA;



###############################################################################################
# DDL SOPHIA BROADCASTING   DA ESEGUIRE IN PRODUZIONE                                         #
###############################################################################################

-- ---------------------------
-- bdc_broadcasters
-- ---------------------------
DROP TABLE IF EXISTS bdc_broadcasters;
CREATE TABLE bdc_broadcasters
(
   id int(11) NOT NULL AUTO_INCREMENT,
   nome varchar(255) NOT NULL,
   tipo_broadcaster enum('RADIO','TELEVISIONE') NOT NULL,
   image blob,
   PRIMARY KEY (id)
)
   COMMENT = 'Tabella rappresentante anagrafica emittenti';
COMMIT;

-- ---------------------------
-- bdc_canali
-- ---------------------------
DROP TABLE IF EXISTS bdc_canali;
CREATE TABLE bdc_canali
(
   id int(11) NOT NULL AUTO_INCREMENT,
   id_broadcaster int(11) NOT NULL,
   nome varchar(255) NOT NULL,
   tipo_canale enum('RADIO','TELEVISIONE') NOT NULL,
   generalista tinyint(1) DEFAULT NULL,
   active tinyint(1) DEFAULT NULL,
   PRIMARY KEY (id),
   KEY fk_bdc_canali_1_idx (id_broadcaster),
   CONSTRAINT fk_bdc_canali_1 FOREIGN KEY (id_broadcaster) REFERENCES bdc_broadcasters (id) ON DELETE NO ACTION ON UPDATE NO ACTION
)
   COMMENT = 'Tabella di anagrafica canali';
COMMIT;

-- ---------------------------
-- bdc_ruoli
-- ---------------------------
DROP TABLE IF EXISTS bdc_ruoli;
CREATE TABLE bdc_ruoli
(
   id int(11) NOT NULL AUTO_INCREMENT,
   ruolo varchar(255) NOT NULL,
   PRIMARY KEY (id)
)
   COMMENT = 'Tabella di decodifica dei ruoli degli utenti';
COMMIT;

-- ---------------------------
-- bdc_utenti
-- ---------------------------
DROP TABLE IF EXISTS bdc_utenti;
CREATE TABLE bdc_utenti
(
   id int(11) NOT NULL AUTO_INCREMENT,
   email varchar(255) NOT NULL,
   username varchar(255) NOT NULL,
   password varchar(255) NOT NULL,
   id_broadcaster int(11) NOT NULL,
   id_ruolo int(11) NOT NULL,
   PRIMARY KEY (id),
   UNIQUE KEY email (email),
   UNIQUE KEY username (username),
   KEY FKrhdt7t6mak523i02vgrmf5v2t (id_broadcaster),
   KEY fk_bdc_utenti_1_idx (id_ruolo),
   CONSTRAINT FKrhdt7t6mak523i02vgrmf5v2t FOREIGN KEY (id_broadcaster) REFERENCES bdc_broadcasters (id),
   CONSTRAINT fk_bdc_utenti_1 FOREIGN KEY (id_ruolo) REFERENCES bdc_ruoli (id)
)
   COMMENT = 'Tabella anagrafica utenti';
COMMIT;

-- ---------------------------
-- bdc_kpi
-- ---------------------------
DROP TABLE IF EXISTS bdc_kpi;
CREATE TABLE bdc_kpi
(
   id int(11) NOT NULL AUTO_INCREMENT,
   emittente int(11) NOT NULL,
   canale int(11) NOT NULL,
   anno int(11) NOT NULL,
   mese int(11) NOT NULL,
   indicatore varchar(255) DEFAULT NULL,
   valore int(11) DEFAULT NULL,
   last_update datetime DEFAULT NULL,
   PRIMARY KEY (id),
   KEY index_calculated_data_broadcasting (emittente,canale,anno,mese),
   KEY canale (canale),
   CONSTRAINT bdc_kpi_ibfk_1 FOREIGN KEY (canale) REFERENCES bdc_canali (id)
)
   COMMENT = 'Tabella degli indicatori su cui calcolare i KPI';
COMMIT;

-- ---------------------------
-- bdc_utilization_file
-- ---------------------------
DROP TABLE IF EXISTS bdc_utilization_file;
CREATE TABLE bdc_utilization_file
(
   id int(11) NOT NULL AUTO_INCREMENT,
   emittente int(11) NOT NULL,
   canale int(11) DEFAULT NULL,
   nome_file text NOT NULL,
   anno int(11) DEFAULT NULL,
   mese int(11) DEFAULT NULL,
   data_upload datetime NOT NULL,
   percorso text NOT NULL,
   tipo_upload varchar(255) NOT NULL,
   stato enum('DA_ELABORARE','ELABORATO','VALIDATO', 'ERRORE', 'ELIMINATO') NOT NULL,
   data_processamento datetime DEFAULT NULL,
   id_utente int(11) DEFAULT NULL,
   PRIMARY KEY (id),
   KEY broadcaster (emittente),
   KEY id_utente (id_utente),
   KEY fk_bdc_utilization_file_1_idx (canale),
   CONSTRAINT bdc_utilization_file_ibfk_1 FOREIGN KEY (id_utente) REFERENCES bdc_utenti (id),
   CONSTRAINT broadcaster FOREIGN KEY (emittente) REFERENCES bdc_broadcasters (id),
   CONSTRAINT fk_bdc_utilization_file_1 FOREIGN KEY (canale) REFERENCES bdc_canali (id)
)
   COMMENT = 'Tabella elenco file upload in S3 dei report broadcasters';
COMMIT;

-- ---------------------------
-- BDC_NEWS
-- ---------------------------
DROP TABLE IF EXISTS BDC_NEWS;
CREATE TABLE BDC_NEWS (
   BDC_NEWS_ID INT(11) AUTO_INCREMENT NOT NULL,
   TITLE VARCHAR(45) NOT NULL,
   NEWS VARCHAR(1000) NOT NULL,
   ID_BROADCASTER INT(11) NULL,
   ID_USER INT(11) NULL,
   FLAG_FOR_ALL_BDC TINYINT(1) NOT NULL DEFAULT 1,
   FLAG_FOR_ALL_BDC_USER TINYINT(1) NOT NULL DEFAULT 1,
   CREATOR VARCHAR(100) NOT NULL DEFAULT 'NEWS_ADMIN',
   INSERT_DATE DATETIME NOT NULL DEFAULT CURRENT_TIMESTAMP,
   VALID_FROM DATETIME NOT NULL DEFAULT CURRENT_TIMESTAMP,
   VALID_TO DATETIME NOT NULL,
   PRIMARY KEY (BDC_NEWS_ID),
   INDEX FK_NEWS_BROADCASTER_ID_idx (ID_BROADCASTER ASC),
   CONSTRAINT FK_NEWS_BROADCASTER_ID
   FOREIGN KEY (ID_BROADCASTER)
   REFERENCES bdc_broadcasters (id)
      ON DELETE NO ACTION
      ON UPDATE NO ACTION)
   COMMENT = 'Tabella delle notizie e comunicazioni da visualizzare nella homepage';
COMMIT;

-- ---------------------------
-- BDC_SHOW_TYPE
-- ---------------------------
DROP TABLE IF EXISTS BDC_SHOW_TYPE;
CREATE TABLE BDC_SHOW_TYPE
(
   ID_SHOW_TYPE   BIGINT(20)            NOT NULL   AUTO_INCREMENT,
   NAME                   VARCHAR(200)  NOT NULL,
   DESCRIPTION            VARCHAR(200)  NULL,
   PRIMARY KEY (ID_SHOW_TYPE)
)
   COMMENT = 'Tabella di decodifica dei generi rappresentati nel formato armonizzato';
COMMIT;

-- ---------------------------
-- BDC_MUSIC_TYPE
-- ---------------------------
DROP TABLE IF EXISTS BDC_MUSIC_TYPE;
CREATE TABLE BDC_MUSIC_TYPE
(
   ID_MUSIC_TYPE   BIGINT(20)           NOT NULL   AUTO_INCREMENT,
   NAME                   VARCHAR(200)  NOT NULL,
   DESCRIPTION            VARCHAR(200)  NULL,
   PRIMARY KEY (ID_MUSIC_TYPE)
)
   COMMENT = 'Tabella di decodifica delle categorie musicali rappresentate nel formato armonizzato';
COMMIT;

-- ---------------------------
-- BDC_DECODE_SHOW_TYPE
-- ---------------------------
DROP TABLE IF EXISTS BDC_DECODE_SHOW_TYPE;
CREATE TABLE BDC_DECODE_SHOW_TYPE
(
   ID_DECODE_SHOW_TYPE    BIGINT(20)    NOT NULL   AUTO_INCREMENT,
   ID_SHOW_TYPE           BIGINT(20)    NOT NULL,
   VALUE                  VARCHAR(200)  NOT NULL,
   SCOPE                  CHAR          NOT NULL,
   PRIMARY KEY (ID_DECODE_SHOW_TYPE)
)
   COMMENT = 'Tabella corrispondenza tra i generi presenti nei file originali e rappresentate nel formato armonizzato';

ALTER TABLE BDC_DECODE_SHOW_TYPE ADD CONSTRAINT FK_DECODE_SHOW_TYPE
FOREIGN KEY (ID_SHOW_TYPE) REFERENCES BDC_SHOW_TYPE (ID_SHOW_TYPE);
COMMIT;

-- ---------------------------
-- BDC_DECODE_MUSIC_TYPE
-- ---------------------------
DROP TABLE IF EXISTS BDC_DECODE_MUSIC_TYPE;
CREATE TABLE BDC_DECODE_MUSIC_TYPE
(
   ID_DECODE_MUSIC_TYPE   BIGINT(20)    NOT NULL   AUTO_INCREMENT,
   ID_MUSIC_TYPE          BIGINT(20)    NOT NULL,
   VALUE                  VARCHAR(200)  NOT NULL,
   SCOPE                  CHAR          NOT NULL,
   PRIMARY KEY (ID_DECODE_MUSIC_TYPE)
)
   COMMENT = 'Tabella corrispondenza tra categorie musicali presenti nei file originali e rappresentate nel formato armonizzato';

ALTER TABLE BDC_DECODE_MUSIC_TYPE ADD CONSTRAINT FK_DECODE_MUSIC_TYPE
FOREIGN KEY (ID_MUSIC_TYPE) REFERENCES BDC_MUSIC_TYPE (ID_MUSIC_TYPE);
COMMIT;

-- ---------------------------
-- BDC_DECODE_CHANNEL
-- ---------------------------
DROP TABLE IF EXISTS BDC_DECODE_CHANNEL;
CREATE TABLE BDC_DECODE_CHANNEL
(
   ID_DECODE_CHANNEL       BIGINT(20)    NOT NULL   AUTO_INCREMENT,
   ID_CHANNEL              INT(11)       NOT NULL,
   VALUE                   VARCHAR(200)  NOT NULL,
   REGIONAL                CHAR          NOT NULL,
   PRIMARY KEY (ID_DECODE_CHANNEL)
)
   COMMENT = 'Tabella di decodifica dei canali rappresentati nel formato armonizzato';

ALTER TABLE BDC_DECODE_CHANNEL ADD CONSTRAINT FK_DECODE_CHANNEL
FOREIGN KEY (ID_CHANNEL) REFERENCES bdc_canali (id);
COMMIT;

DROP TABLE IF EXISTS BDC_SHOW_SCHEDULE;
CREATE TABLE BDC_SHOW_SCHEDULE
(
   ID_SHOW_SCHEDULE        BIGINT(20)              NOT NULL    AUTO_INCREMENT,
   CHANNEL                 VARCHAR(100),
   ID_UPLOADED_FILE        INT(11),
   ID_SHOW_TYPE            BIGINT(20),
   TITLE                   VARCHAR(200),
   ORIGINAL_TITLE          VARCHAR(200),
   BEGIN_TIME              DATETIME,
   END_TIME                DATETIME,
   DURATION                VARCHAR(50),
   FLG_PREMIERE            VARCHAR(2),
   PROD_COUNTRY            VARCHAR(100),
   PROD_YEAR               VARCHAR(4),
   PRODUCTOR               VARCHAR(100),
   DIRECTOR                VARCHAR(100),
   EPISODE_TITLE           VARCHAR(200),
   EPISODE_ORIGINAL_TITLE  VARCHAR(200),
   EPISODE_NUMBER          INT,
   VALID                   BIT           DEFAULT 1 NOT NULL,
   MANUAL_APPROVAL         BIT           DEFAULT 0 NOT NULL,
   ERROR                   BIT           DEFAULT 0 NOT NULL,
   ERROR_CLAUSE            VARCHAR(500),
   ERROR_ROW               INTEGER,
   ERROR_RULE              VARCHAR(10),

   /*CAMPI PER IL CALCOLO DEI KPI*/
   SCHEDULE_YAER           YEAR                    NOT NULL,
   SCHEDULE_MONTH          INT(2)                  NOT NULL,
   DAYS_FROM_UPLOAD        INT(11)       DEFAULT 0 NOT NULL,

   /*CAMPI DI MONITORAGGIO*/
   CREATION_DATE         DATETIME          DEFAULT NOW() NOT NULL ,
   MODIFY_DATE           DATETIME          DEFAULT NOW() NOT NULL,

   PRIMARY KEY (ID_SHOW_SCHEDULE)
)
   COMMENT = 'Tabella per la gestione delle utilizzazioni relative alle Trasmissioni';

ALTER TABLE BDC_SHOW_SCHEDULE ADD CONSTRAINT FK_SHOW_SCHEDULE_TYPE
FOREIGN KEY (ID_SHOW_TYPE) REFERENCES BDC_SHOW_TYPE (ID_SHOW_TYPE);

ALTER  TABLE BDC_SHOW_SCHEDULE ADD CONSTRAINT FK_SHOW_UPLOADED_FILE
FOREIGN KEY (ID_UPLOADED_FILE) REFERENCES bdc_utilization_file (id);

-- BDC_SHOW_MUSIC
DROP TABLE IF EXISTS BDC_SHOW_MUSIC;
CREATE TABLE BDC_SHOW_MUSIC
(
   ID_SHOW_MUSIC         BIGINT(20)                  NOT NULL    AUTO_INCREMENT,
   ID_SHOW_SCHEDULE      BIGINT(20),
   ID_UPLOADED_FILE      INT(11),
   ID_MUSIC_TYPE         BIGINT(20),
   TITLE                 VARCHAR(200),
   FIRST_COMPOSER        VARCHAR(200),
   SECOND_COMPOSER       VARCHAR(200),
   DURATION              VARCHAR(50),
   REAL_DURATION         VARCHAR(50),
   CATEGORY              VARCHAR(50),
   VALID                 BIT               DEFAULT 1 NOT NULL,
   MANUAL_APPROVAL       BIT               DEFAULT 0 NOT NULL,
   ERROR                 BIT               DEFAULT 0 NOT NULL,
   ERROR_CLAUSE          VARCHAR(500),
   ERROR_ROW             INTEGER,
   ERROR_RULE            VARCHAR(10),

   /*CAMPI PER IL CALCOLO DEI KPI*/
   SCHEDULE_YAER         YEAR                        NOT NULL,
   SCHEDULE_MONTH        INT(2)                      NOT NULL,
   DAYS_FROM_UPLOAD      INT(11)           DEFAULT 0 NOT NULL,

   /*CAMPI DI MONITORAGGIO*/
   CREATION_DATE         DATETIME          DEFAULT NOW() NOT NULL ,
   MODIFY_DATE           DATETIME          DEFAULT NOW() NOT NULL,

   PRIMARY KEY (ID_SHOW_MUSIC)
)
   COMMENT = 'Tabella per la gestione delle utilizzazioni relative alle Opere Musicali contenute nelle Trasmissioni';

ALTER TABLE BDC_SHOW_MUSIC ADD CONSTRAINT FK_MUSIC_SHOW
FOREIGN KEY (ID_SHOW_SCHEDULE) REFERENCES BDC_SHOW_SCHEDULE (ID_SHOW_SCHEDULE);

ALTER  TABLE BDC_SHOW_MUSIC ADD CONSTRAINT FK_MUSIC_UPLOADED_FILE
FOREIGN KEY (ID_UPLOADED_FILE) REFERENCES bdc_utilization_file (id);

ALTER TABLE BDC_SHOW_MUSIC ADD CONSTRAINT FK_SHOW_MUSIC_TYPE
FOREIGN KEY (ID_MUSIC_TYPE) REFERENCES BDC_MUSIC_TYPE (ID_MUSIC_TYPE);


-- BDC_BROADCASTER_CONFIG
DROP TABLE IF EXISTS BDC_BROADCASTER_CONFIG;
CREATE TABLE BDC_BROADCASTER_CONFIG
(
   ID_BROADCASTER_CONFIG   BIGINT(20)                  NOT NULL    AUTO_INCREMENT,
   ID_BROADCASTER          INT(11)                     NOT NULL,
   ID_CHANNEL              INT(11),
   VALID_FROM              DATETIME    DEFAULT NOW()   NOT NULL ,
   VALID_TO                DATETIME,
   CREATION_DATE           DATETIME,
   CREATION_USER           VARCHAR(50),
   MODIFY_DATE             DATETIME,
   MODIFY_USER             VARCHAR(50),
   CONFIGURATION           JSON                        NOT NULL,
   FIELDS_MAPPING          JSON,
   PRIMARY KEY (ID_BROADCASTER_CONFIG)
)
   COMMENT = 'Tabella per la gestione delle configurazioni nella lettura del tracciato file per ciascun canale';

ALTER TABLE BDC_BROADCASTER_CONFIG ADD CONSTRAINT FK_CONFIG_BROADCASTER
FOREIGN KEY (ID_BROADCASTER) REFERENCES bdc_broadcasters(id);

ALTER TABLE BDC_BROADCASTER_CONFIG ADD CONSTRAINT FK_CONFIG_CHANNEL
FOREIGN KEY (ID_CHANNEL) REFERENCES bdc_canali (id);

-- BDC_NORMALIZED_FILE
DROP TABLE IF EXISTS BDC_NORMALIZED_FILE;
CREATE TABLE BDC_NORMALIZED_FILE
(
   ID_NORMALIZED_FILE        BIGINT(20) NOT NULL AUTO_INCREMENT,
   FILE_NAME                 TEXT,
   FILE_BUCKET               TEXT,
   CREATION_DATE                       DATETIME    DEFAULT NOW() NOT NULL ,
   PRIMARY KEY (ID_NORMALIZED_FILE)
)
   COMMENT = 'Tabella contenente i path S3 dei file normalizzati necessari per il popolamento delle utilizzazioni';

-- BDC_UTILIZATION_NORMALIZED_FILE
DROP TABLE IF EXISTS BDC_UTILIZATION_NORMALIZED_FILE;
CREATE TABLE BDC_UTILIZATION_NORMALIZED_FILE
(
   ID_BDC_UTILIZATION_NORMALIZED_FILE  BIGINT(20)                NOT NULL AUTO_INCREMENT,
   ID_UTILIZATION_FILE                 INT(11)                   NOT NULL,
   ID_NORMALIZED_FILE                  BIGINT(20)                NOT NULL,
   PRIMARY KEY (ID_BDC_UTILIZATION_NORMALIZED_FILE)
)
   COMMENT = 'Tabella relazionale tra report originali e report normalizzati';

ALTER TABLE BDC_UTILIZATION_NORMALIZED_FILE ADD CONSTRAINT FK_UTIL_FILE
FOREIGN KEY (ID_UTILIZATION_FILE) REFERENCES bdc_utilization_file (id);

ALTER TABLE BDC_UTILIZATION_NORMALIZED_FILE ADD CONSTRAINT FK_NORM_FILE
FOREIGN KEY (ID_NORMALIZED_FILE) REFERENCES BDC_NORMALIZED_FILE (ID_NORMALIZED_FILE);

-- ---------------------------
-- BDC_RD_SHOW_SCHEDULE
-- ---------------------------
DROP TABLE IF EXISTS BDC_RD_SHOW_SCHEDULE;
CREATE TABLE BDC_RD_SHOW_SCHEDULE
(
   ID_RD_SHOW_SCHEDULE     BIGINT(20)                  NOT NULL    AUTO_INCREMENT,
   ID_NORMALIZED_FILE      BIGINT(20)                  NOT NULL,
   ID_CHANNEL              INT(11)                     NOT NULL,
   TITLE                   VARCHAR(400),
   BEGIN_TIME              DATETIME                    NOT NULL,
   END_TIME                DATETIME                    NOT NULL,
   DURATION                VARCHAR(50),
   REGIONAL_OFFICE         VARCHAR(10),
   NOTE                    VARCHAR(400),
   OVERLAP                 BIT           DEFAULT 0     NOT NULL ,

   /*CAMPI PER IL CALCOLO DEI KPI*/
   SCHEDULE_YAER           INT(4)                        NOT NULL,
   SCHEDULE_MONTH          INT(2)                      NOT NULL,
   DAYS_FROM_UPLOAD        INT(11)       DEFAULT 0     NOT NULL,

   /*CAMPI DI MONITORAGGIO*/
   CREATION_DATE           DATETIME      DEFAULT NOW() NOT NULL,
   MODIFY_DATE             DATETIME,

   PRIMARY KEY (ID_RD_SHOW_SCHEDULE)
)
   COMMENT = 'Tabella per la gestione delle utilizzazioni relative alle Trasmissioni RADIO';

ALTER  TABLE BDC_RD_SHOW_SCHEDULE ADD CONSTRAINT FK_RD_SHOW_NORM_FILE
FOREIGN KEY (ID_NORMALIZED_FILE) REFERENCES BDC_NORMALIZED_FILE(ID_NORMALIZED_FILE);

ALTER TABLE BDC_RD_SHOW_SCHEDULE ADD CONSTRAINT FK_RD_SHOW_CHANNEL
FOREIGN KEY (ID_CHANNEL) REFERENCES bdc_utilization_file (id);

-- ---------------------------
-- BDC_RD_SHOW_MUSIC
-- ---------------------------
DROP TABLE IF EXISTS BDC_RD_SHOW_MUSIC;
CREATE TABLE BDC_RD_SHOW_MUSIC
(
   ID_RD_SHOW_MUSIC        BIGINT(20)                  NOT NULL    AUTO_INCREMENT,
   ID_RD_SHOW_SCHEDULE     BIGINT(20),
   ID_MUSIC_TYPE           BIGINT(20),
   TITLE                   VARCHAR(200),
   COMPOSER                VARCHAR(200),
   PERFORMER               VARCHAR(200),
   ALBUM                   VARCHAR(200),
   DURATION                VARCHAR(50),
   ISWC_CODE               VARCHAR(50),
   ISRC_CODE               VARCHAR(50),
   BEGIN_TIME              DATETIME                    NOT NULL,
   REAL_DURATION           VARCHAR(50),
   NOTE                    VARCHAR(400),

   /*CAMPI PER IL CALCOLO DEI KPI*/
   SCHEDULE_YAER           INT(4)                        NOT NULL,
   SCHEDULE_MONTH          INT(2)                      NOT NULL,
   DAYS_FROM_UPLOAD        INT(11)       DEFAULT 0     NOT NULL,

   /*CAMPI DI MONITORAGGIO*/
   CREATION_DATE           DATETIME      DEFAULT NOW() NOT NULL ,
   MODIFY_DATE             DATETIME      DEFAULT NOW() NOT NULL,

   PRIMARY KEY (ID_RD_SHOW_MUSIC)
)
   COMMENT = 'Tabella per la gestione delle utilizzazioni relative alle Opere Musicali contenute nelle Trasmissioni RD';

ALTER TABLE BDC_RD_SHOW_MUSIC ADD CONSTRAINT FK_RD_MUSIC_SHOW
FOREIGN KEY (ID_RD_SHOW_SCHEDULE) REFERENCES BDC_RD_SHOW_SCHEDULE (ID_RD_SHOW_SCHEDULE);

ALTER TABLE BDC_RD_SHOW_MUSIC ADD CONSTRAINT FK_RD_MUSIC_TYPE
FOREIGN KEY (ID_MUSIC_TYPE) REFERENCES BDC_MUSIC_TYPE (ID_MUSIC_TYPE);

-- ---------------------------
-- BDC_ERR_RD_SHOW_SCHEDULE
-- ---------------------------
DROP TABLE IF EXISTS BDC_ERR_RD_SHOW_SCHEDULE;
CREATE TABLE BDC_ERR_RD_SHOW_SCHEDULE
(
   ID_ERR_RD_SHOW_SCHEDULE BIGINT(20)                  NOT NULL    AUTO_INCREMENT,
   ID_NORMALIZED_FILE      BIGINT(20)                  NOT NULL,
   ID_CHANNEL              INT(11)                     NOT NULL,
   TITLE                   VARCHAR(400),
   BEGIN_TIME              DATETIME                    NOT NULL,
   END_TIME                DATETIME                    NOT NULL,
   DURATION                VARCHAR(50),
   REGIONAL_OFFICE         VARCHAR(10),
   EDITABLE                BIT           DEFAULT 0     NOT NULL,
   ERROR                   JSON,

   -- CAMPI_ORIGINALE
   REPORT_CHANNEL          VARCHAR(100),
   REPORT_BEGIN_DATE       VARCHAR(100),
   REPORT_BEGIN_TIME       VARCHAR(100),
   REPORT_DURATION         VARCHAR(100),

   /*CAMPI DI MONITORAGGIO*/
   CREATION_DATE           DATETIME      DEFAULT NOW() NOT NULL,
   MODIFY_DATE             DATETIME,

   PRIMARY KEY (ID_ERR_RD_SHOW_SCHEDULE)
)
   COMMENT = 'Tabella per la gestione delle utilizzazioni relative alle Trasmissioni RD';

ALTER  TABLE BDC_ERR_RD_SHOW_SCHEDULE ADD CONSTRAINT FK_ERR_RD_SHOW_NORM_FILE
FOREIGN KEY (ID_NORMALIZED_FILE) REFERENCES BDC_NORMALIZED_FILE(ID_NORMALIZED_FILE);

ALTER TABLE BDC_ERR_RD_SHOW_SCHEDULE ADD CONSTRAINT FK_ERR_RD_SHOW_CHANNEL
FOREIGN KEY (ID_CHANNEL) REFERENCES bdc_utilization_file (id);

-- ---------------------------
-- BDC_ERR_RD_SHOW_MUSIC
-- ---------------------------
DROP TABLE IF EXISTS BDC_ERR_RD_SHOW_MUSIC;
CREATE TABLE BDC_ERR_RD_SHOW_MUSIC
(
   ID_ERR_RD_SHOW_MUSIC    BIGINT(20)                  NOT NULL    AUTO_INCREMENT,
   ID_NORMALIZED_FILE      BIGINT(20)                  NOT NULL,
   ID_ERR_RD_SHOW_SCHEDULE BIGINT(20),
   ID_MUSIC_TYPE           BIGINT(20),
   TITLE                   VARCHAR(200),
   COMPOSER                VARCHAR(200),
   PERFORMER               VARCHAR(200),
   ALBUM                   VARCHAR(200),
   DURATION                VARCHAR(50),
   ISWC_CODE               VARCHAR(50),
   ISRC_CODE               VARCHAR(50),
   BEGIN_TIME              DATETIME                    NOT NULL,
   REAL_DURATION           VARCHAR(50),
   EDITABLE                BIT           DEFAULT 0     NOT NULL,
   ERROR                   JSON,

   /* CAMPI_ORIGINALE */
   REPORT_DURATION         VARCHAR(100),
   REPORT_BEGIN_TIME       VARCHAR(100),
   REPORT_MUSIC_TYPE       VARCHAR(100),

   /*CAMPI DI MONITORAGGIO*/
   CREATION_DATE           DATETIME      DEFAULT NOW() NOT NULL ,
   MODIFY_DATE             DATETIME      DEFAULT NOW() NOT NULL,

   PRIMARY KEY (ID_ERR_RD_SHOW_MUSIC)
)
   COMMENT = 'Tabella per la gestione delle utilizzazioni relative alle Opere Musicali contenute nelle Trasmissioni RD';

ALTER TABLE BDC_ERR_RD_SHOW_MUSIC ADD CONSTRAINT FK_ERR_RD_MUSIC_SHOW
FOREIGN KEY (ID_ERR_RD_SHOW_SCHEDULE) REFERENCES BDC_ERR_RD_SHOW_SCHEDULE (ID_ERR_RD_SHOW_SCHEDULE);

ALTER  TABLE BDC_ERR_RD_SHOW_MUSIC ADD CONSTRAINT FK_ERR_RD_MUSIC_NORM_FILE
FOREIGN KEY (ID_NORMALIZED_FILE) REFERENCES BDC_NORMALIZED_FILE(ID_NORMALIZED_FILE);

ALTER TABLE BDC_ERR_RD_SHOW_MUSIC ADD CONSTRAINT FK_ERR_RD_MUSIC_TYPE
FOREIGN KEY (ID_MUSIC_TYPE) REFERENCES BDC_MUSIC_TYPE (ID_MUSIC_TYPE);

-- ---------------------------
-- BDC_TV_SHOW_SCHEDULE
-- ---------------------------
DROP TABLE IF EXISTS BDC_TV_SHOW_SCHEDULE;
CREATE TABLE BDC_TV_SHOW_SCHEDULE
(
   ID_TV_SHOW_SCHEDULE     BIGINT(20)                  NOT NULL    AUTO_INCREMENT,
   ID_NORMALIZED_FILE      BIGINT(20)                  NOT NULL,
   ID_CHANNEL              INT(11)                     NOT NULL,
   ID_SHOW_TYPE            BIGINT(20)                  NOT NULL,
   TITLE                   VARCHAR(400),
   ORIGINAL_TITLE          VARCHAR(400),
   BEGIN_TIME              DATETIME                    NOT NULL,
   END_TIME                DATETIME                    NOT NULL,
   DURATION                VARCHAR(50),
   FLG_PREMIERE            VARCHAR(2),
   PROD_COUNTRY            VARCHAR(400),
   PROD_YEAR               INT(4),
   PRODUCTOR               VARCHAR(400),
   DIRECTOR                VARCHAR(400),
   EPISODE_TITLE           VARCHAR(400),
   EPISODE_ORIGINAL_TITLE  VARCHAR(400),
   EPISODE_NUMBER          INT(4),
   REGIONAL_OFFICE         VARCHAR(10),
   NOTE                    VARCHAR(400),
   OVERLAP                 BIT           DEFAULT 0     NOT NULL ,

   /*CAMPI PER IL CALCOLO DEI KPI*/
   SCHEDULE_YAER           INT(4)                        NOT NULL,
   SCHEDULE_MONTH          INT(2)                      NOT NULL,
   DAYS_FROM_UPLOAD        INT(11)       DEFAULT 0     NOT NULL,

   /*CAMPI DI MONITORAGGIO*/
   CREATION_DATE           DATETIME      DEFAULT NOW() NOT NULL,
   MODIFY_DATE             DATETIME,

   PRIMARY KEY (ID_TV_SHOW_SCHEDULE)
)
   COMMENT = 'Tabella per la gestione delle utilizzazioni relative alle Trasmissioni TV';

ALTER  TABLE BDC_TV_SHOW_SCHEDULE ADD CONSTRAINT FK_TV_SHOW_NORM_FILE
FOREIGN KEY (ID_NORMALIZED_FILE) REFERENCES BDC_NORMALIZED_FILE (ID_NORMALIZED_FILE);

ALTER TABLE BDC_TV_SHOW_SCHEDULE ADD CONSTRAINT FK_TV_SHOW_CHANNEL
FOREIGN KEY (ID_CHANNEL) REFERENCES bdc_canali (id);

ALTER TABLE BDC_TV_SHOW_SCHEDULE ADD CONSTRAINT FK_TV_SHOW_TYPE
FOREIGN KEY (ID_SHOW_TYPE) REFERENCES BDC_SHOW_TYPE (ID_SHOW_TYPE);
COMMIT;
-- ---------------------------
-- BDC_TV_SHOW_MUSIC
-- ---------------------------
DROP TABLE IF EXISTS BDC_TV_SHOW_MUSIC;
CREATE TABLE BDC_TV_SHOW_MUSIC
(
   ID_TV_SHOW_MUSIC        BIGINT(20)                  NOT NULL    AUTO_INCREMENT,
   ID_TV_SHOW_SCHEDULE     BIGINT(20),
   ID_MUSIC_TYPE           BIGINT(20),
   TITLE                   VARCHAR(200),
   FIRST_COMPOSER          VARCHAR(200),
   SECOND_COMPOSER         VARCHAR(200),
   DURATION                VARCHAR(50),
   REAL_DURATION           VARCHAR(50),
   NOTE                    VARCHAR(400),

   /*CAMPI PER IL CALCOLO DEI KPI*/
   SCHEDULE_YAER           INT(4)                        NOT NULL,
   SCHEDULE_MONTH          INT(2)                      NOT NULL,
   DAYS_FROM_UPLOAD        INT(11)       DEFAULT 0     NOT NULL,

   /*CAMPI DI MONITORAGGIO*/
   CREATION_DATE           DATETIME      DEFAULT NOW() NOT NULL ,
   MODIFY_DATE             DATETIME      DEFAULT NOW() NOT NULL,

   PRIMARY KEY (ID_TV_SHOW_MUSIC)
)
   COMMENT = 'Tabella per la gestione delle utilizzazioni relative alle Opere Musicali contenute nelle Trasmissioni TV';

ALTER TABLE BDC_TV_SHOW_MUSIC ADD CONSTRAINT FK_TV_MUSIC_SHOW
FOREIGN KEY (ID_TV_SHOW_SCHEDULE) REFERENCES BDC_TV_SHOW_SCHEDULE (ID_TV_SHOW_SCHEDULE);

ALTER TABLE BDC_TV_SHOW_MUSIC ADD CONSTRAINT FK_TV_MUSIC_TYPE
FOREIGN KEY (ID_MUSIC_TYPE) REFERENCES BDC_MUSIC_TYPE (ID_MUSIC_TYPE);
COMMIT;

-- ---------------------------
-- BDC_ERR_TV_SHOW_SCHEDULE
-- ---------------------------
DROP TABLE IF EXISTS BDC_ERR_TV_SHOW_SCHEDULE;
CREATE TABLE BDC_ERR_TV_SHOW_SCHEDULE
(
   ID_ERR_TV_SHOW_SCHEDULE BIGINT(20)                  NOT NULL    AUTO_INCREMENT,
   ID_NORMALIZED_FILE      BIGINT(20)                  NOT NULL,
   ID_CHANNEL              INT(11),
   ID_SHOW_TYPE            BIGINT(20),
   TITLE                   VARCHAR(400),
   ORIGINAL_TITLE          VARCHAR(400),
   BEGIN_TIME              DATETIME,
   END_TIME                DATETIME,
   DURATION                VARCHAR(50),
   FLG_PREMIERE            VARCHAR(2),
   PROD_COUNTRY            VARCHAR(400),
   PROD_YEAR               INT(4),
   PRODUCTOR               VARCHAR(400),
   DIRECTOR                VARCHAR(400),
   EPISODE_TITLE           VARCHAR(400),
   EPISODE_ORIGINAL_TITLE  VARCHAR(400),
   EPISODE_NUMBER          INT(4),
   REGIONAL_OFFICE         VARCHAR(10),
   EDITABLE                BIT           DEFAULT 0     NOT NULL,
   ERROR                   JSON,
   -- CAMPI_ORIGINALE
   REPORT_CHANNEL          VARCHAR(100),
   REPORT_SHOW_TYPE        VARCHAR(100),
   REPORT_BEGIN_DATE       VARCHAR(100),
   REPORT_BEGIN_TIME       VARCHAR(100),
   REPORT_END_TIME         VARCHAR(100),
   REPORT_DURATION         VARCHAR(100),
   REPORT_PROD_YEAR        VARCHAR(100),

   /*CAMPI DI MONITORAGGIO*/
   CREATION_DATE           DATETIME      DEFAULT NOW() NOT NULL,
   MODIFY_DATE             DATETIME,

   PRIMARY KEY (ID_ERR_TV_SHOW_SCHEDULE)
)
   COMMENT = 'Tabella per la gestione delle utilizzazioni relative alle Trasmissioni TV';

ALTER  TABLE BDC_ERR_TV_SHOW_SCHEDULE ADD CONSTRAINT FK_ERR_TV_SHOW_NORM_FILE
FOREIGN KEY (ID_NORMALIZED_FILE) REFERENCES BDC_NORMALIZED_FILE(ID_NORMALIZED_FILE);

ALTER TABLE BDC_ERR_TV_SHOW_SCHEDULE ADD CONSTRAINT FK_ERR_TV_SHOW_CHANNEL
FOREIGN KEY (ID_CHANNEL) REFERENCES bdc_utilization_file (id);

ALTER TABLE BDC_ERR_TV_SHOW_SCHEDULE ADD CONSTRAINT FK_ERR_TV_SHOW_TYPE
FOREIGN KEY (ID_SHOW_TYPE) REFERENCES BDC_SHOW_TYPE (ID_SHOW_TYPE);


-- ---------------------------
-- BDC_ERR_TV_SHOW_MUSIC
-- ---------------------------
DROP TABLE IF EXISTS BDC_ERR_TV_SHOW_MUSIC;
CREATE TABLE BDC_ERR_TV_SHOW_MUSIC
(
   ID_ERR_TV_SHOW_MUSIC    BIGINT(20)                  NOT NULL    AUTO_INCREMENT,
   ID_NORMALIZED_FILE      BIGINT(20)                  NOT NULL,
   ID_ERR_TV_SHOW_SCHEDULE BIGINT(20),
   ID_MUSIC_TYPE           BIGINT(20),
   TITLE                   VARCHAR(200),
   FIRST_COMPOSER          VARCHAR(200),
   SECOND_COMPOSER         VARCHAR(200),
   DURATION                VARCHAR(50),
   REAL_DURATION           VARCHAR(50),
   EDITABLE                BIT           DEFAULT 0     NOT NULL,
   ERROR                   JSON,

   /* CAMPI_ORIGINALE */
   REPORT_DURATION         VARCHAR(100),
   REPORT_REAL_DURATION    VARCHAR(100),
   REPORT_MUSIC_TYPE       VARCHAR(100),

   /*CAMPI DI MONITORAGGIO*/
   CREATION_DATE           DATETIME      DEFAULT NOW() NOT NULL ,
   MODIFY_DATE             DATETIME      DEFAULT NOW() NOT NULL,

   PRIMARY KEY (ID_ERR_TV_SHOW_MUSIC)
)
   COMMENT = 'Tabella per la gestione delle utilizzazioni relative alle Opere Musicali contenute nelle Trasmissioni TV';

ALTER TABLE BDC_ERR_TV_SHOW_MUSIC ADD CONSTRAINT FK_ERR_TV_MUSIC_SHOW
FOREIGN KEY (ID_ERR_TV_SHOW_SCHEDULE) REFERENCES BDC_ERR_TV_SHOW_SCHEDULE (ID_ERR_TV_SHOW_SCHEDULE);


ALTER  TABLE BDC_ERR_TV_SHOW_MUSIC ADD CONSTRAINT FK_ERR_TV_MUSIC_NORM_FILE
FOREIGN KEY (ID_NORMALIZED_FILE) REFERENCES BDC_NORMALIZED_FILE(ID_NORMALIZED_FILE);

ALTER TABLE BDC_ERR_TV_SHOW_MUSIC ADD CONSTRAINT FK_ERR_TV_MUSIC_TYPE
FOREIGN KEY (ID_MUSIC_TYPE) REFERENCES BDC_MUSIC_TYPE (ID_MUSIC_TYPE);


INSERT INTO bdc_broadcasters(id,nome,tipo_broadcaster) VALUES (1,'2 NETWORK SRL','TELEVISIONE');
INSERT INTO bdc_broadcasters(id,nome,tipo_broadcaster) VALUES (2,'ADNKRONOS SALUTE','TELEVISIONE');
INSERT INTO bdc_broadcasters(id,nome,tipo_broadcaster) VALUES (3,'6C SRL','TELEVISIONE');
INSERT INTO bdc_broadcasters(id,nome,tipo_broadcaster) VALUES (4,'A&E TELEVISION NETWORKS ITALY SRL','TELEVISIONE');
INSERT INTO bdc_broadcasters(id,nome,tipo_broadcaster) VALUES (5,'A.S. ROMA SPA','TELEVISIONE');
INSERT INTO bdc_broadcasters(id,nome,tipo_broadcaster) VALUES (6,'AGONSET.IT SRL','TELEVISIONE');
INSERT INTO bdc_broadcasters(id,nome,tipo_broadcaster) VALUES (7,'AGM COMUNICAZIONE ','TELEVISIONE');
INSERT INTO bdc_broadcasters(id,nome,tipo_broadcaster) VALUES (8,'ASSOCIAZIONE PADRE PIO TV','TELEVISIONE');
INSERT INTO bdc_broadcasters(id,nome,tipo_broadcaster) VALUES (9,'AL.MA MEDIA SRL','TELEVISIONE');
INSERT INTO bdc_broadcasters(id,nome,tipo_broadcaster) VALUES (10,'BIKE CHANNEL SRL','TELEVISIONE');
INSERT INTO bdc_broadcasters(id,nome,tipo_broadcaster) VALUES (11,'DE AGOSTINI EDITORE','TELEVISIONE');
INSERT INTO bdc_broadcasters(id,nome,tipo_broadcaster) VALUES (12,'CLASSICA TV','TELEVISIONE');
INSERT INTO bdc_broadcasters(id,nome,tipo_broadcaster) VALUES (13,'TBS TELEVISION BROAD.SYS','TELEVISIONE');
INSERT INTO bdc_broadcasters(id,nome,tipo_broadcaster) VALUES (14,'CLASS CNBC SPA ','TELEVISIONE');
INSERT INTO bdc_broadcasters(id,nome,tipo_broadcaster) VALUES (15,'ALL MUSIC','TELEVISIONE');
INSERT INTO bdc_broadcasters(id,nome,tipo_broadcaster) VALUES (16,'CLASS HORSE TV SRL','TELEVISIONE');
INSERT INTO bdc_broadcasters(id,nome,tipo_broadcaster) VALUES (17,'CERAMICANDA','TELEVISIONE');
INSERT INTO bdc_broadcasters(id,nome,tipo_broadcaster) VALUES (18,'2BCOM SRL','TELEVISIONE');
INSERT INTO bdc_broadcasters(id,nome,tipo_broadcaster) VALUES (19,'RTI ','TELEVISIONE');
INSERT INTO bdc_broadcasters(id,nome,tipo_broadcaster) VALUES (20,'GIGLIO GROUP','TELEVISIONE');
INSERT INTO bdc_broadcasters(id,nome,tipo_broadcaster) VALUES (21,'MEDIATEXT','TELEVISIONE');
INSERT INTO bdc_broadcasters(id,nome,tipo_broadcaster) VALUES (22,'COMUNICAZIONE ITALIA','TELEVISIONE');
INSERT INTO bdc_broadcasters(id,nome,tipo_broadcaster) VALUES (23,'CULT NETWORK ITALIA','TELEVISIONE');
INSERT INTO bdc_broadcasters(id,nome,tipo_broadcaster) VALUES (24,'LT TELEVISIONI SRL','TELEVISIONE');
INSERT INTO bdc_broadcasters(id,nome,tipo_broadcaster) VALUES (25,'DAHLIA TV','TELEVISIONE');
INSERT INTO bdc_broadcasters(id,nome,tipo_broadcaster) VALUES (26,'DANCE TRIPPIN BV','TELEVISIONE');
INSERT INTO bdc_broadcasters(id,nome,tipo_broadcaster) VALUES (27,'PASSIONE PESCA TV','TELEVISIONE');
INSERT INTO bdc_broadcasters(id,nome,tipo_broadcaster) VALUES (28,'DISCOVERY ITALIA','TELEVISIONE');
INSERT INTO bdc_broadcasters(id,nome,tipo_broadcaster) VALUES (29,'MAP SERVIZI SRL','TELEVISIONE');
INSERT INTO bdc_broadcasters(id,nome,tipo_broadcaster) VALUES (30,'SWITCHOVER MEDIA','TELEVISIONE');
INSERT INTO bdc_broadcasters(id,nome,tipo_broadcaster) VALUES (31,'DIGICAST SPA-RCS MEDIAGROUP','TELEVISIONE');
INSERT INTO bdc_broadcasters(id,nome,tipo_broadcaster) VALUES (32,'GRUPPO FINELCO SPA','TELEVISIONE');
INSERT INTO bdc_broadcasters(id,nome,tipo_broadcaster) VALUES (33,'MANGIA NETWORKS SRL','TELEVISIONE');
INSERT INTO bdc_broadcasters(id,nome,tipo_broadcaster) VALUES (34,'MYDEEJAYTV ','TELEVISIONE');
INSERT INTO bdc_broadcasters(id,nome,tipo_broadcaster) VALUES (35,'DIGITAL FACTORY','TELEVISIONE');
INSERT INTO bdc_broadcasters(id,nome,tipo_broadcaster) VALUES (36,'DIGITMEDIA SPA','TELEVISIONE');
INSERT INTO bdc_broadcasters(id,nome,tipo_broadcaster) VALUES (37,'RADIO ITALIA SPA','TELEVISIONE');
INSERT INTO bdc_broadcasters(id,nome,tipo_broadcaster) VALUES (38,'HIGH LIFE SRL','TELEVISIONE');
INSERT INTO bdc_broadcasters(id,nome,tipo_broadcaster) VALUES (39,'VERTICON SRL','TELEVISIONE');
INSERT INTO bdc_broadcasters(id,nome,tipo_broadcaster) VALUES (40,'PIU'' UNO INTERNATIONAL SPA','TELEVISIONE');
INSERT INTO bdc_broadcasters(id,nome,tipo_broadcaster) VALUES (41,'ITIEMME SRL','TELEVISIONE');
INSERT INTO bdc_broadcasters(id,nome,tipo_broadcaster) VALUES (42,'GLOBAL ENTERTAINMENT ITALIA','TELEVISIONE');
INSERT INTO bdc_broadcasters(id,nome,tipo_broadcaster) VALUES (43,'ITALIAN FISHING TV SRL','TELEVISIONE');
INSERT INTO bdc_broadcasters(id,nome,tipo_broadcaster) VALUES (44,'E.BIS.MEDIA','TELEVISIONE');
INSERT INTO bdc_broadcasters(id,nome,tipo_broadcaster) VALUES (45,'INTER MEDIA AND COMMUNICATION SRL','TELEVISIONE');
INSERT INTO bdc_broadcasters(id,nome,tipo_broadcaster) VALUES (46,'THE BLOG TV SPA','TELEVISIONE');
INSERT INTO bdc_broadcasters(id,nome,tipo_broadcaster) VALUES (47,'GM COMUNICAZIONE SRL','TELEVISIONE');
INSERT INTO bdc_broadcasters(id,nome,tipo_broadcaster) VALUES (48,'ONE SAT SRL','TELEVISIONE');
INSERT INTO bdc_broadcasters(id,nome,tipo_broadcaster) VALUES (49,'MONRADIO SRL','TELEVISIONE');
INSERT INTO bdc_broadcasters(id,nome,tipo_broadcaster) VALUES (50,'FOX ITALIA','TELEVISIONE');
INSERT INTO bdc_broadcasters(id,nome,tipo_broadcaster) VALUES (51,'S.S. LAZIO MARKETING & COMMUNICATION SPA','TELEVISIONE');
INSERT INTO bdc_broadcasters(id,nome,tipo_broadcaster) VALUES (52,'EUROPA NETWORK SRL','TELEVISIONE');
INSERT INTO bdc_broadcasters(id,nome,tipo_broadcaster) VALUES (53,'QVC ITALIA SRL','TELEVISIONE');
INSERT INTO bdc_broadcasters(id,nome,tipo_broadcaster) VALUES (54,'THE WALT DISNEY','TELEVISIONE');
INSERT INTO bdc_broadcasters(id,nome,tipo_broadcaster) VALUES (55,'UNOMEDIA SRL','TELEVISIONE');
INSERT INTO bdc_broadcasters(id,nome,tipo_broadcaster) VALUES (56,'GAMBERO ROSSO TV','TELEVISIONE');
INSERT INTO bdc_broadcasters(id,nome,tipo_broadcaster) VALUES (57,'VIACOM NETWORKS','TELEVISIONE');
INSERT INTO bdc_broadcasters(id,nome,tipo_broadcaster) VALUES (58,'RAI - RADIO TELEVISIONE ITALIANA SPA','TELEVISIONE');
INSERT INTO bdc_broadcasters(id,nome,tipo_broadcaster) VALUES (59,'BEEP OMNIMEDIA','TELEVISIONE');
INSERT INTO bdc_broadcasters(id,nome,tipo_broadcaster) VALUES (60,'MANGA TV SRL','TELEVISIONE');
INSERT INTO bdc_broadcasters(id,nome,tipo_broadcaster) VALUES (61,'TERRA CIELO MARE SRL','TELEVISIONE');
INSERT INTO bdc_broadcasters(id,nome,tipo_broadcaster) VALUES (62,'MARCONI SR','TELEVISIONE');
INSERT INTO bdc_broadcasters(id,nome,tipo_broadcaster) VALUES (63,'DONNA E SPOSA S.R.L.','TELEVISIONE');
INSERT INTO bdc_broadcasters(id,nome,tipo_broadcaster) VALUES (64,'TELEIPPICA SRL','TELEVISIONE');
INSERT INTO bdc_broadcasters(id,nome,tipo_broadcaster) VALUES (65,'MILAN ENTERTAINMENT SRL','TELEVISIONE');
INSERT INTO bdc_broadcasters(id,nome,tipo_broadcaster) VALUES (66,'SPARROWHAWK','TELEVISIONE');
INSERT INTO bdc_broadcasters(id,nome,tipo_broadcaster) VALUES (67,'ERDE UND MENSCH','TELEVISIONE');
INSERT INTO bdc_broadcasters(id,nome,tipo_broadcaster) VALUES (68,'JETIX EUROPE','TELEVISIONE');
INSERT INTO bdc_broadcasters(id,nome,tipo_broadcaster) VALUES (69,'F.C. INTERNAZIONALE MILANO SPA','TELEVISIONE');
INSERT INTO bdc_broadcasters(id,nome,tipo_broadcaster) VALUES (70,'LADYCHANNEL','TELEVISIONE');
INSERT INTO bdc_broadcasters(id,nome,tipo_broadcaster) VALUES (71,'ROCK TV ','TELEVISIONE');
INSERT INTO bdc_broadcasters(id,nome,tipo_broadcaster) VALUES (72,'TV SENDER NEU JERUSALEM','TELEVISIONE');
INSERT INTO bdc_broadcasters(id,nome,tipo_broadcaster) VALUES (73,'DISCOVERY COMMUNICATION EUROPE','TELEVISIONE');
INSERT INTO bdc_broadcasters(id,nome,tipo_broadcaster) VALUES (74,'GTECH S.P.A','TELEVISIONE');
INSERT INTO bdc_broadcasters(id,nome,tipo_broadcaster) VALUES (75,'MOTO TV SRL','TELEVISIONE');
INSERT INTO bdc_broadcasters(id,nome,tipo_broadcaster) VALUES (76,'LA7 SRL','TELEVISIONE');
INSERT INTO bdc_broadcasters(id,nome,tipo_broadcaster) VALUES (77,'VIVA L''ITALIA CHANNEL SRL','TELEVISIONE');
INSERT INTO bdc_broadcasters(id,nome,tipo_broadcaster) VALUES (78,'BLU SRL','TELEVISIONE');
INSERT INTO bdc_broadcasters(id,nome,tipo_broadcaster) VALUES (79,'MGM','TELEVISIONE');
INSERT INTO bdc_broadcasters(id,nome,tipo_broadcaster) VALUES (80,'NEW TELEVISION SRL','TELEVISIONE');
INSERT INTO bdc_broadcasters(id,nome,tipo_broadcaster) VALUES (81,'SAN MARINO RTV SPA','TELEVISIONE');
INSERT INTO bdc_broadcasters(id,nome,tipo_broadcaster) VALUES (82,'TV MODA SRL','TELEVISIONE');
INSERT INTO bdc_broadcasters(id,nome,tipo_broadcaster) VALUES (83,'MTV ITALIA','TELEVISIONE');
INSERT INTO bdc_broadcasters(id,nome,tipo_broadcaster) VALUES (84,'HALLMARK CHANNEL','TELEVISIONE');
INSERT INTO bdc_broadcasters(id,nome,tipo_broadcaster) VALUES (85,'NBC UNIVERSAL ','TELEVISIONE');
INSERT INTO bdc_broadcasters(id,nome,tipo_broadcaster) VALUES (86,'RETEBLU - TV2000','TELEVISIONE');
INSERT INTO bdc_broadcasters(id,nome,tipo_broadcaster) VALUES (87,'TURNER BROADCASTING  ','TELEVISIONE');
INSERT INTO bdc_broadcasters(id,nome,tipo_broadcaster) VALUES (88,'MATCH MUSIC TV','TELEVISIONE');
INSERT INTO bdc_broadcasters(id,nome,tipo_broadcaster) VALUES (89,'EVENTI ITALIA','TELEVISIONE');
INSERT INTO bdc_broadcasters(id,nome,tipo_broadcaster) VALUES (90,'NAPOLI MIA TV SRL','TELEVISIONE');
INSERT INTO bdc_broadcasters(id,nome,tipo_broadcaster) VALUES (91,'JET SET SRL','TELEVISIONE');
INSERT INTO bdc_broadcasters(id,nome,tipo_broadcaster) VALUES (92,'NESSUNO TV','TELEVISIONE');
INSERT INTO bdc_broadcasters(id,nome,tipo_broadcaster) VALUES (93,'MARE TV','TELEVISIONE');
INSERT INTO bdc_broadcasters(id,nome,tipo_broadcaster) VALUES (94,'SISAL SPA','TELEVISIONE');
INSERT INTO bdc_broadcasters(id,nome,tipo_broadcaster) VALUES (95,'NUOVA FRANCIACORTA SRL','TELEVISIONE');
INSERT INTO bdc_broadcasters(id,nome,tipo_broadcaster) VALUES (96,'SKY ITALIA ','TELEVISIONE');
INSERT INTO bdc_broadcasters(id,nome,tipo_broadcaster) VALUES (97,'SOCCER SAS','TELEVISIONE');
INSERT INTO bdc_broadcasters(id,nome,tipo_broadcaster) VALUES (98,'STARSAT ','TELEVISIONE');
INSERT INTO bdc_broadcasters(id,nome,tipo_broadcaster) VALUES (99,'STREAM','TELEVISIONE');
INSERT INTO bdc_broadcasters(id,nome,tipo_broadcaster) VALUES (100,'FAMILY MEDIA','TELEVISIONE');
INSERT INTO bdc_broadcasters(id,nome,tipo_broadcaster) VALUES (101,'TELEPIU'' ','TELEVISIONE');
INSERT INTO bdc_broadcasters(id,nome,tipo_broadcaster) VALUES (102,'TELEPIU'' SKY','TELEVISIONE');
INSERT INTO bdc_broadcasters(id,nome,tipo_broadcaster) VALUES (103,'H3G','TELEVISIONE');
INSERT INTO bdc_broadcasters(id,nome,tipo_broadcaster) VALUES (104,'WINGA SRL','TELEVISIONE');
INSERT INTO bdc_broadcasters(id,nome,tipo_broadcaster) VALUES (105,'EASYBABY SRL','TELEVISIONE');
INSERT INTO bdc_broadcasters(id,nome,tipo_broadcaster) VALUES (106,'ANICAFLASH SRL','TELEVISIONE');
INSERT INTO bdc_broadcasters(id,nome,tipo_broadcaster) VALUES (107,'AUTOMOTO TV SRL','TELEVISIONE');
INSERT INTO bdc_broadcasters(id,nome,tipo_broadcaster) VALUES (108,'CHALLENGER','TELEVISIONE');
INSERT INTO bdc_broadcasters(id,nome,tipo_broadcaster) VALUES (109,'CURRENT ITALY SRL','TELEVISIONE');
INSERT INTO bdc_broadcasters(id,nome,tipo_broadcaster) VALUES (110,'NSTI NUOVA SOCIETÀ TELEVISIVA ITALIANA','TELEVISIONE');
INSERT INTO bdc_broadcasters(id,nome,tipo_broadcaster) VALUES (111,'CHTV GLOBAL SRL','TELEVISIONE');
INSERT INTO bdc_broadcasters(id,nome,tipo_broadcaster) VALUES (112,'PEGASO','TELEVISIONE');
INSERT INTO bdc_broadcasters(id,nome,tipo_broadcaster) VALUES (113,'RADIO MARIA','RADIO');
INSERT INTO bdc_broadcasters(id,nome,tipo_broadcaster) VALUES (114,'R.D.S.','RADIO');
INSERT INTO bdc_broadcasters(id,nome,tipo_broadcaster) VALUES (115,'RADIO ITALIA NETWORK','RADIO');
INSERT INTO bdc_broadcasters(id,nome,tipo_broadcaster) VALUES (116,'RADIO 24 ','RADIO');
INSERT INTO bdc_broadcasters(id,nome,tipo_broadcaster) VALUES (117,'R.I.S.M.I. ','RADIO');
INSERT INTO bdc_broadcasters(id,nome,tipo_broadcaster) VALUES (118,'RADIO STUDIO 105','RADIO');
INSERT INTO bdc_broadcasters(id,nome,tipo_broadcaster) VALUES (119,'RADIO MONTECARLO','RADIO');
INSERT INTO bdc_broadcasters(id,nome,tipo_broadcaster) VALUES (120,'RADIO RTL 102_5','RADIO');
INSERT INTO bdc_broadcasters(id,nome,tipo_broadcaster) VALUES (121,'RADIO RADICALE','RADIO');
INSERT INTO bdc_broadcasters(id,nome,tipo_broadcaster) VALUES (122,'RADIO 101','RADIO');
INSERT INTO bdc_broadcasters(id,nome,tipo_broadcaster) VALUES (123,'RADIO DEEJAY ','RADIO');
INSERT INTO bdc_broadcasters(id,nome,tipo_broadcaster) VALUES (124,'RADIO CAPITAL ','RADIO');
INSERT INTO bdc_broadcasters(id,nome,tipo_broadcaster) VALUES (125,'RADIO M2O ','RADIO');
INSERT INTO bdc_broadcasters(id,nome,tipo_broadcaster) VALUES (126,'RADIO KISS KISS','RADIO');
INSERT INTO bdc_broadcasters(id,nome,tipo_broadcaster) VALUES (127,'RADIO COOP ','RADIO');
INSERT INTO bdc_broadcasters(id,nome,tipo_broadcaster) VALUES (128,'RADIO PILLOW SERVICE ','RADIO');
INSERT INTO bdc_broadcasters(id,nome,tipo_broadcaster) VALUES (129,'RADIO MUSICCHOICE ','RADIO');
INSERT INTO bdc_broadcasters(id,nome,tipo_broadcaster) VALUES (130,'RADIO ROSANDROS','RADIO');
INSERT INTO bdc_broadcasters(id,nome,tipo_broadcaster) VALUES (131,'RADIO NET SYNERGY ','RADIO');
INSERT INTO bdc_broadcasters(id,nome,tipo_broadcaster) VALUES (132,'RADIO NEWPENTA ','RADIO');
INSERT INTO bdc_broadcasters(id,nome,tipo_broadcaster) VALUES (133,'RADIO PADANIA','RADIO');
INSERT INTO bdc_broadcasters(id,nome,tipo_broadcaster) VALUES (134,'ROMA RADIO ATAC ','RADIO');
INSERT INTO bdc_broadcasters(id,nome,tipo_broadcaster) VALUES (135,'RADIO VATICANA','RADIO');
INSERT INTO bdc_broadcasters(id,nome,tipo_broadcaster) VALUES (136,'VIRGIN RADIO ','RADIO');
INSERT INTO bdc_broadcasters(id,nome,tipo_broadcaster) VALUES (137,'RAI - RADIO TELEVISIONE ITALIANA SPA','RADIO');
INSERT INTO bdc_canali(id,id_broadcaster,nome,tipo_canale,generalista,active) VALUES (1,1,'CANALE BLU','TELEVISIONE',0,0);
INSERT INTO bdc_canali(id,id_broadcaster,nome,tipo_canale,generalista,active) VALUES (2,2,'DOCTOR''S LIFE','TELEVISIONE',0,1);
INSERT INTO bdc_canali(id,id_broadcaster,nome,tipo_canale,generalista,active) VALUES (3,3,'CHAT','TELEVISIONE',0,0);
INSERT INTO bdc_canali(id,id_broadcaster,nome,tipo_canale,generalista,active) VALUES (4,3,'CIAO','TELEVISIONE',0,0);
INSERT INTO bdc_canali(id,id_broadcaster,nome,tipo_canale,generalista,active) VALUES (5,3,'DIRETTA TV','TELEVISIONE',0,0);
INSERT INTO bdc_canali(id,id_broadcaster,nome,tipo_canale,generalista,active) VALUES (6,3,'PIU'' TV','TELEVISIONE',0,0);
INSERT INTO bdc_canali(id,id_broadcaster,nome,tipo_canale,generalista,active) VALUES (7,3,'STARSAT','TELEVISIONE',0,0);
INSERT INTO bdc_canali(id,id_broadcaster,nome,tipo_canale,generalista,active) VALUES (8,3,'SUPER','TELEVISIONE',0,0);
INSERT INTO bdc_canali(id,id_broadcaster,nome,tipo_canale,generalista,active) VALUES (9,3,'SUPERFLUO','TELEVISIONE',0,0);
INSERT INTO bdc_canali(id,id_broadcaster,nome,tipo_canale,generalista,active) VALUES (10,4,'CRIME + INVESTIGATION','TELEVISIONE',0,1);
INSERT INTO bdc_canali(id,id_broadcaster,nome,tipo_canale,generalista,active) VALUES (11,4,'HISTORY','TELEVISIONE',0,1);
INSERT INTO bdc_canali(id,id_broadcaster,nome,tipo_canale,generalista,active) VALUES (12,5,'ROMA CHANNEL','TELEVISIONE',0,0);
INSERT INTO bdc_canali(id,id_broadcaster,nome,tipo_canale,generalista,active) VALUES (13,6,'AGON CHANNEL','TELEVISIONE',0,1);
INSERT INTO bdc_canali(id,id_broadcaster,nome,tipo_canale,generalista,active) VALUES (14,7,'MOTO TV','TELEVISIONE',0,0);
INSERT INTO bdc_canali(id,id_broadcaster,nome,tipo_canale,generalista,active) VALUES (15,8,'PADRE PIO TV','TELEVISIONE',0,1);
INSERT INTO bdc_canali(id,id_broadcaster,nome,tipo_canale,generalista,active) VALUES (16,9,'ALICE','TELEVISIONE',0,1);
INSERT INTO bdc_canali(id,id_broadcaster,nome,tipo_canale,generalista,active) VALUES (17,9,'MARCOPOLO','TELEVISIONE',0,1);
INSERT INTO bdc_canali(id,id_broadcaster,nome,tipo_canale,generalista,active) VALUES (18,10,'BIKE CHANNEL','TELEVISIONE',0,1);
INSERT INTO bdc_canali(id,id_broadcaster,nome,tipo_canale,generalista,active) VALUES (19,11,'DEA JUNIOR','TELEVISIONE',0,1);
INSERT INTO bdc_canali(id,id_broadcaster,nome,tipo_canale,generalista,active) VALUES (20,12,'CLASSICA TV','TELEVISIONE',0,1);
INSERT INTO bdc_canali(id,id_broadcaster,nome,tipo_canale,generalista,active) VALUES (21,13,'RETECAPRI','TELEVISIONE',0,1);
INSERT INTO bdc_canali(id,id_broadcaster,nome,tipo_canale,generalista,active) VALUES (22,14,'CFN CNBC','TELEVISIONE',0,1);
INSERT INTO bdc_canali(id,id_broadcaster,nome,tipo_canale,generalista,active) VALUES (23,15,'RADIO ITALIA TV','TELEVISIONE',0,1);
INSERT INTO bdc_canali(id,id_broadcaster,nome,tipo_canale,generalista,active) VALUES (24,16,'CLASS HORSE TV','TELEVISIONE',0,0);
INSERT INTO bdc_canali(id,id_broadcaster,nome,tipo_canale,generalista,active) VALUES (25,17,'CERAMICANDA','TELEVISIONE',0,1);
INSERT INTO bdc_canali(id,id_broadcaster,nome,tipo_canale,generalista,active) VALUES (26,17,'TG ARCHITETTURA','TELEVISIONE',0,1);
INSERT INTO bdc_canali(id,id_broadcaster,nome,tipo_canale,generalista,active) VALUES (27,18,'POKERITALIA24','TELEVISIONE',0,1);
INSERT INTO bdc_canali(id,id_broadcaster,nome,tipo_canale,generalista,active) VALUES (28,19,'DISCOVERY WORLD ','TELEVISIONE',0,0);
INSERT INTO bdc_canali(id,id_broadcaster,nome,tipo_canale,generalista,active) VALUES (29,20,'LIVE','TELEVISIONE',0,0);
INSERT INTO bdc_canali(id,id_broadcaster,nome,tipo_canale,generalista,active) VALUES (30,21,'CARTOMANZIALOTTO','TELEVISIONE',0,0);
INSERT INTO bdc_canali(id,id_broadcaster,nome,tipo_canale,generalista,active) VALUES (31,22,'N.A.','TELEVISIONE',0,0);
INSERT INTO bdc_canali(id,id_broadcaster,nome,tipo_canale,generalista,active) VALUES (32,23,'CULT','TELEVISIONE',0,0);
INSERT INTO bdc_canali(id,id_broadcaster,nome,tipo_canale,generalista,active) VALUES (33,24,'ARTURO','TELEVISIONE',0,0);
INSERT INTO bdc_canali(id,id_broadcaster,nome,tipo_canale,generalista,active) VALUES (34,25,'DAHLIA ADULT','TELEVISIONE',0,0);
INSERT INTO bdc_canali(id,id_broadcaster,nome,tipo_canale,generalista,active) VALUES (35,25,'DAHLIA ADULT 2','TELEVISIONE',0,0);
INSERT INTO bdc_canali(id,id_broadcaster,nome,tipo_canale,generalista,active) VALUES (36,25,'DAHLIA ATTIVAZIONE','TELEVISIONE',0,0);
INSERT INTO bdc_canali(id,id_broadcaster,nome,tipo_canale,generalista,active) VALUES (37,25,'DAHLIA CALCIO 1','TELEVISIONE',0,0);
INSERT INTO bdc_canali(id,id_broadcaster,nome,tipo_canale,generalista,active) VALUES (38,25,'DAHLIA CALCIO 2','TELEVISIONE',0,0);
INSERT INTO bdc_canali(id,id_broadcaster,nome,tipo_canale,generalista,active) VALUES (39,25,'DAHLIA CALCIO 3','TELEVISIONE',0,0);
INSERT INTO bdc_canali(id,id_broadcaster,nome,tipo_canale,generalista,active) VALUES (40,25,'DAHLIA CALCIO 4','TELEVISIONE',0,0);
INSERT INTO bdc_canali(id,id_broadcaster,nome,tipo_canale,generalista,active) VALUES (41,25,'DAHLIA CALCIO 5','TELEVISIONE',0,0);
INSERT INTO bdc_canali(id,id_broadcaster,nome,tipo_canale,generalista,active) VALUES (42,25,'DAHLIA EROS','TELEVISIONE',0,0);
INSERT INTO bdc_canali(id,id_broadcaster,nome,tipo_canale,generalista,active) VALUES (43,25,'DAHLIA EXPLORER','TELEVISIONE',0,0);
INSERT INTO bdc_canali(id,id_broadcaster,nome,tipo_canale,generalista,active) VALUES (44,25,'DAHLIA EXTRA','TELEVISIONE',0,0);
INSERT INTO bdc_canali(id,id_broadcaster,nome,tipo_canale,generalista,active) VALUES (45,25,'DAHLIA EXTREME','TELEVISIONE',0,0);
INSERT INTO bdc_canali(id,id_broadcaster,nome,tipo_canale,generalista,active) VALUES (46,25,'DAHLIA PROMO','TELEVISIONE',0,0);
INSERT INTO bdc_canali(id,id_broadcaster,nome,tipo_canale,generalista,active) VALUES (47,25,'DAHLIA SPORT 1','TELEVISIONE',0,0);
INSERT INTO bdc_canali(id,id_broadcaster,nome,tipo_canale,generalista,active) VALUES (48,25,'DAHLIA SPORT 2','TELEVISIONE',0,0);
INSERT INTO bdc_canali(id,id_broadcaster,nome,tipo_canale,generalista,active) VALUES (49,26,'N.A.','TELEVISIONE',0,0);
INSERT INTO bdc_canali(id,id_broadcaster,nome,tipo_canale,generalista,active) VALUES (50,27,'PASSIONE PESCA','TELEVISIONE',0,1);
INSERT INTO bdc_canali(id,id_broadcaster,nome,tipo_canale,generalista,active) VALUES (51,28,'FOCUS - DISCOVERY','TELEVISIONE',0,1);
INSERT INTO bdc_canali(id,id_broadcaster,nome,tipo_canale,generalista,active) VALUES (52,11,'DEAKIDS (COMPRESO DEAKIDS+1)','TELEVISIONE',0,0);
INSERT INTO bdc_canali(id,id_broadcaster,nome,tipo_canale,generalista,active) VALUES (53,29,'RETECONOMY','TELEVISIONE',0,1);
INSERT INTO bdc_canali(id,id_broadcaster,nome,tipo_canale,generalista,active) VALUES (54,11,'DEASUPER','TELEVISIONE',0,0);
INSERT INTO bdc_canali(id,id_broadcaster,nome,tipo_canale,generalista,active) VALUES (55,30,'FOCUS - SWITCHOVER','TELEVISIONE',0,0);
INSERT INTO bdc_canali(id,id_broadcaster,nome,tipo_canale,generalista,active) VALUES (56,31,'CACCIA E PESCA','TELEVISIONE',0,0);
INSERT INTO bdc_canali(id,id_broadcaster,nome,tipo_canale,generalista,active) VALUES (57,32,'VIRGIN RADIO TELEVISION','TELEVISIONE',0,0);
INSERT INTO bdc_canali(id,id_broadcaster,nome,tipo_canale,generalista,active) VALUES (58,31,'CANALJIMMY','TELEVISIONE',0,0);
INSERT INTO bdc_canali(id,id_broadcaster,nome,tipo_canale,generalista,active) VALUES (59,31,'CINECINEMAS1','TELEVISIONE',0,0);
INSERT INTO bdc_canali(id,id_broadcaster,nome,tipo_canale,generalista,active) VALUES (60,31,'CINECINEMAS2','TELEVISIONE',0,0);
INSERT INTO bdc_canali(id,id_broadcaster,nome,tipo_canale,generalista,active) VALUES (61,31,'CINECLASSIC','TELEVISIONE',0,0);
INSERT INTO bdc_canali(id,id_broadcaster,nome,tipo_canale,generalista,active) VALUES (62,33,'FINE LIVING','TELEVISIONE',0,1);
INSERT INTO bdc_canali(id,id_broadcaster,nome,tipo_canale,generalista,active) VALUES (63,34,'M2O TV','TELEVISIONE',0,1);
INSERT INTO bdc_canali(id,id_broadcaster,nome,tipo_canale,generalista,active) VALUES (64,31,'PLANETE','TELEVISIONE',0,0);
INSERT INTO bdc_canali(id,id_broadcaster,nome,tipo_canale,generalista,active) VALUES (65,31,'SAILING CHANNEL(YACHT&SAIL)','TELEVISIONE',0,0);
INSERT INTO bdc_canali(id,id_broadcaster,nome,tipo_canale,generalista,active) VALUES (66,31,'SEASONS','TELEVISIONE',0,0);
INSERT INTO bdc_canali(id,id_broadcaster,nome,tipo_canale,generalista,active) VALUES (67,35,'GAZZETTA TV','TELEVISIONE',0,0);
INSERT INTO bdc_canali(id,id_broadcaster,nome,tipo_canale,generalista,active) VALUES (68,36,'CHANNEL 24','TELEVISIONE',0,1);
INSERT INTO bdc_canali(id,id_broadcaster,nome,tipo_canale,generalista,active) VALUES (69,37,'RADIO ITALIA TV (VIDEO ITALIA)','TELEVISIONE',0,1);
INSERT INTO bdc_canali(id,id_broadcaster,nome,tipo_canale,generalista,active) VALUES (70,38,'N.A.','TELEVISIONE',0,0);
INSERT INTO bdc_canali(id,id_broadcaster,nome,tipo_canale,generalista,active) VALUES (71,31,'DOVE','TELEVISIONE',0,1);
INSERT INTO bdc_canali(id,id_broadcaster,nome,tipo_canale,generalista,active) VALUES (72,39,'PLANET KIDS','TELEVISIONE',0,0);
INSERT INTO bdc_canali(id,id_broadcaster,nome,tipo_canale,generalista,active) VALUES (73,40,'YACHT CLUB CHANNEL','TELEVISIONE',0,0);
INSERT INTO bdc_canali(id,id_broadcaster,nome,tipo_canale,generalista,active) VALUES (74,40,'EXPO CLUB CHANNEL','TELEVISIONE',0,0);
INSERT INTO bdc_canali(id,id_broadcaster,nome,tipo_canale,generalista,active) VALUES (75,40,'AUTO CLUB CHANNEL','TELEVISIONE',0,0);
INSERT INTO bdc_canali(id,id_broadcaster,nome,tipo_canale,generalista,active) VALUES (76,28,'GIALLO - DISCOVERY','TELEVISIONE',0,1);
INSERT INTO bdc_canali(id,id_broadcaster,nome,tipo_canale,generalista,active) VALUES (77,30,'GIALLO - SWITCHOVER','TELEVISIONE',0,0);
INSERT INTO bdc_canali(id,id_broadcaster,nome,tipo_canale,generalista,active) VALUES (78,41,'STARSAT','TELEVISIONE',0,0);
INSERT INTO bdc_canali(id,id_broadcaster,nome,tipo_canale,generalista,active) VALUES (79,41,'SUPERFLUO','TELEVISIONE',0,0);
INSERT INTO bdc_canali(id,id_broadcaster,nome,tipo_canale,generalista,active) VALUES (80,42,'AUTO TV','TELEVISIONE',0,0);
INSERT INTO bdc_canali(id,id_broadcaster,nome,tipo_canale,generalista,active) VALUES (81,43,'ITALIAN FISHING TV','TELEVISIONE',0,1);
INSERT INTO bdc_canali(id,id_broadcaster,nome,tipo_canale,generalista,active) VALUES (82,34,'RADIO CAPITAL TV','TELEVISIONE',0,1);
INSERT INTO bdc_canali(id,id_broadcaster,nome,tipo_canale,generalista,active) VALUES (83,44,'ONTV ABBONAMENTO','TELEVISIONE',0,0);
INSERT INTO bdc_canali(id,id_broadcaster,nome,tipo_canale,generalista,active) VALUES (84,44,'ONTV VOD','TELEVISIONE',0,0);
INSERT INTO bdc_canali(id,id_broadcaster,nome,tipo_canale,generalista,active) VALUES (85,45,'INTER CHANNEL','TELEVISIONE',0,1);
INSERT INTO bdc_canali(id,id_broadcaster,nome,tipo_canale,generalista,active) VALUES (86,46,'BABEL, TUTTI I COLORI DELL''ITALIA','TELEVISIONE',0,0);
INSERT INTO bdc_canali(id,id_broadcaster,nome,tipo_canale,generalista,active) VALUES (87,47,'CHANNEL 24','TELEVISIONE',0,1);
INSERT INTO bdc_canali(id,id_broadcaster,nome,tipo_canale,generalista,active) VALUES (88,47,'NUVOLARI','TELEVISIONE',0,1);
INSERT INTO bdc_canali(id,id_broadcaster,nome,tipo_canale,generalista,active) VALUES (89,47,'SPORT1','TELEVISIONE',0,1);
INSERT INTO bdc_canali(id,id_broadcaster,nome,tipo_canale,generalista,active) VALUES (90,48,'NEW ONE','TELEVISIONE',0,0);
INSERT INTO bdc_canali(id,id_broadcaster,nome,tipo_canale,generalista,active) VALUES (91,49,'R101 TV','TELEVISIONE',0,1);
INSERT INTO bdc_canali(id,id_broadcaster,nome,tipo_canale,generalista,active) VALUES (92,50,'ADVENTURE ONE','TELEVISIONE',0,0);
INSERT INTO bdc_canali(id,id_broadcaster,nome,tipo_canale,generalista,active) VALUES (93,50,'CULT','TELEVISIONE',0,0);
INSERT INTO bdc_canali(id,id_broadcaster,nome,tipo_canale,generalista,active) VALUES (94,50,'FOX ANIMATION','TELEVISIONE',0,1);
INSERT INTO bdc_canali(id,id_broadcaster,nome,tipo_canale,generalista,active) VALUES (95,51,'LAZIO STYLE CHANNEL','TELEVISIONE',0,1);
INSERT INTO bdc_canali(id,id_broadcaster,nome,tipo_canale,generalista,active) VALUES (96,52,'SPORTITALIA','TELEVISIONE',0,1);
INSERT INTO bdc_canali(id,id_broadcaster,nome,tipo_canale,generalista,active) VALUES (97,28,'GXT/+1 - DISCOVERY','TELEVISIONE',0,0);
INSERT INTO bdc_canali(id,id_broadcaster,nome,tipo_canale,generalista,active) VALUES (98,50,'FOX COMEDY','TELEVISIONE',0,1);
INSERT INTO bdc_canali(id,id_broadcaster,nome,tipo_canale,generalista,active) VALUES (99,53,'QVC','TELEVISIONE',0,1);
INSERT INTO bdc_canali(id,id_broadcaster,nome,tipo_canale,generalista,active) VALUES (100,47,'CANALE 69 ','TELEVISIONE',0,1);
INSERT INTO bdc_canali(id,id_broadcaster,nome,tipo_canale,generalista,active) VALUES (101,47,'CANALE 158','TELEVISIONE',0,1);
INSERT INTO bdc_canali(id,id_broadcaster,nome,tipo_canale,generalista,active) VALUES (102,50,'FOX FX','TELEVISIONE',0,0);
INSERT INTO bdc_canali(id,id_broadcaster,nome,tipo_canale,generalista,active) VALUES (103,47,'CANALE 162','TELEVISIONE',0,1);
INSERT INTO bdc_canali(id,id_broadcaster,nome,tipo_canale,generalista,active) VALUES (104,54,'DISNEY CHANNEL+2','TELEVISIONE',0,1);
INSERT INTO bdc_canali(id,id_broadcaster,nome,tipo_canale,generalista,active) VALUES (105,54,'DISNEY ENGLISH','TELEVISIONE',0,1);
INSERT INTO bdc_canali(id,id_broadcaster,nome,tipo_canale,generalista,active) VALUES (106,50,'FOX NAT GEO ADVENTURE','TELEVISIONE',0,0);
INSERT INTO bdc_canali(id,id_broadcaster,nome,tipo_canale,generalista,active) VALUES (107,50,'FOX NAT GEO HD','TELEVISIONE',0,0);
INSERT INTO bdc_canali(id,id_broadcaster,nome,tipo_canale,generalista,active) VALUES (108,50,'FOX NAT GEO MUSIC ','TELEVISIONE',0,0);
INSERT INTO bdc_canali(id,id_broadcaster,nome,tipo_canale,generalista,active) VALUES (109,54,'DISNEY XD   ','TELEVISIONE',0,1);
INSERT INTO bdc_canali(id,id_broadcaster,nome,tipo_canale,generalista,active) VALUES (110,54,'DISNEY XD +1 ','TELEVISIONE',0,1);
INSERT INTO bdc_canali(id,id_broadcaster,nome,tipo_canale,generalista,active) VALUES (111,50,'FOX NAT GEO WILD +1','TELEVISIONE',0,1);
INSERT INTO bdc_canali(id,id_broadcaster,nome,tipo_canale,generalista,active) VALUES (112,50,'FOX NEXT HD','TELEVISIONE',0,0);
INSERT INTO bdc_canali(id,id_broadcaster,nome,tipo_canale,generalista,active) VALUES (113,54,'DISNEY XD+2 ','TELEVISIONE',0,1);
INSERT INTO bdc_canali(id,id_broadcaster,nome,tipo_canale,generalista,active) VALUES (114,54,'DISNEYCHANNEL','TELEVISIONE',0,1);
INSERT INTO bdc_canali(id,id_broadcaster,nome,tipo_canale,generalista,active) VALUES (115,54,'DISNEYCHANNEL+1','TELEVISIONE',0,1);
INSERT INTO bdc_canali(id,id_broadcaster,nome,tipo_canale,generalista,active) VALUES (116,54,'PLAYHOUSE DISNEY JUNIOR','TELEVISIONE',0,1);
INSERT INTO bdc_canali(id,id_broadcaster,nome,tipo_canale,generalista,active) VALUES (117,50,'HISTORY CHANNEL/+1','TELEVISIONE',0,0);
INSERT INTO bdc_canali(id,id_broadcaster,nome,tipo_canale,generalista,active) VALUES (118,54,'PLAYHOUSE DISNEY JUNIOR+1','TELEVISIONE',0,1);
INSERT INTO bdc_canali(id,id_broadcaster,nome,tipo_canale,generalista,active) VALUES (119,55,'UNOMEDIA','TELEVISIONE',0,1);
INSERT INTO bdc_canali(id,id_broadcaster,nome,tipo_canale,generalista,active) VALUES (120,50,'NATIONAL GEOGRAPHIC/+1','TELEVISIONE',0,0);
INSERT INTO bdc_canali(id,id_broadcaster,nome,tipo_canale,generalista,active) VALUES (121,56,'GAMBERO ROSSO','TELEVISIONE',0,1);
INSERT INTO bdc_canali(id,id_broadcaster,nome,tipo_canale,generalista,active) VALUES (122,57,'CLASSIC','TELEVISIONE',0,0);
INSERT INTO bdc_canali(id,id_broadcaster,nome,tipo_canale,generalista,active) VALUES (123,57,'HITS','TELEVISIONE',0,0);
INSERT INTO bdc_canali(id,id_broadcaster,nome,tipo_canale,generalista,active) VALUES (124,28,'FRISBEE - DISCOVERY','TELEVISIONE',0,1);
INSERT INTO bdc_canali(id,id_broadcaster,nome,tipo_canale,generalista,active) VALUES (125,28,'K2 - DISCOVERY','TELEVISIONE',0,1);
INSERT INTO bdc_canali(id,id_broadcaster,nome,tipo_canale,generalista,active) VALUES (126,30,'GXT/+1 - SWITCHOVER','TELEVISIONE',0,0);
INSERT INTO bdc_canali(id,id_broadcaster,nome,tipo_canale,generalista,active) VALUES (127,48,'ONE SAT','TELEVISIONE',0,0);
INSERT INTO bdc_canali(id,id_broadcaster,nome,tipo_canale,generalista,active) VALUES (128,58,'ROMA CHANNEL','TELEVISIONE',0,0);
INSERT INTO bdc_canali(id,id_broadcaster,nome,tipo_canale,generalista,active) VALUES (129,59,'DONNA & SPOSA ','TELEVISIONE',0,0);
INSERT INTO bdc_canali(id,id_broadcaster,nome,tipo_canale,generalista,active) VALUES (130,60,'MAN-GA','TELEVISIONE',0,1);
INSERT INTO bdc_canali(id,id_broadcaster,nome,tipo_canale,generalista,active) VALUES (131,61,'DINAMICA CHANNEL','TELEVISIONE',0,0);
INSERT INTO bdc_canali(id,id_broadcaster,nome,tipo_canale,generalista,active) VALUES (132,28,'DISCOVERY WORLD ','TELEVISIONE',0,1);
INSERT INTO bdc_canali(id,id_broadcaster,nome,tipo_canale,generalista,active) VALUES (133,62,'PUNTOSAT','TELEVISIONE',0,0);
INSERT INTO bdc_canali(id,id_broadcaster,nome,tipo_canale,generalista,active) VALUES (134,63,'DONNA & SPOSA ','TELEVISIONE',0,1);
INSERT INTO bdc_canali(id,id_broadcaster,nome,tipo_canale,generalista,active) VALUES (135,57,'MTV MUSIC ','TELEVISIONE',0,1);
INSERT INTO bdc_canali(id,id_broadcaster,nome,tipo_canale,generalista,active) VALUES (136,64,'SNAISAT/UNIRE SAT','TELEVISIONE',0,1);
INSERT INTO bdc_canali(id,id_broadcaster,nome,tipo_canale,generalista,active) VALUES (137,65,'MILAN TV','TELEVISIONE',0,1);
INSERT INTO bdc_canali(id,id_broadcaster,nome,tipo_canale,generalista,active) VALUES (138,66,'DIVA UNIVERSAL','TELEVISIONE',0,0);
INSERT INTO bdc_canali(id,id_broadcaster,nome,tipo_canale,generalista,active) VALUES (139,11,'DEAKIDS','TELEVISIONE',0,1);
INSERT INTO bdc_canali(id,id_broadcaster,nome,tipo_canale,generalista,active) VALUES (140,11,'DEAKIDS+1','TELEVISIONE',0,1);
INSERT INTO bdc_canali(id,id_broadcaster,nome,tipo_canale,generalista,active) VALUES (141,11,'EXPLORA','TELEVISIONE',0,1);
INSERT INTO bdc_canali(id,id_broadcaster,nome,tipo_canale,generalista,active) VALUES (142,28,'REAL TIME ','TELEVISIONE',0,1);
INSERT INTO bdc_canali(id,id_broadcaster,nome,tipo_canale,generalista,active) VALUES (143,28,'REAL TIME +1','TELEVISIONE',0,1);
INSERT INTO bdc_canali(id,id_broadcaster,nome,tipo_canale,generalista,active) VALUES (144,67,'ERDE UND MENSCH','TELEVISIONE',0,1);
INSERT INTO bdc_canali(id,id_broadcaster,nome,tipo_canale,generalista,active) VALUES (145,68,'GXT  ','TELEVISIONE',0,0);
INSERT INTO bdc_canali(id,id_broadcaster,nome,tipo_canale,generalista,active) VALUES (146,68,'JETIX ','TELEVISIONE',0,0);
INSERT INTO bdc_canali(id,id_broadcaster,nome,tipo_canale,generalista,active) VALUES (147,69,'INTER CHANNEL','TELEVISIONE',0,0);
INSERT INTO bdc_canali(id,id_broadcaster,nome,tipo_canale,generalista,active) VALUES (148,70,'LADYCHANNEL','TELEVISIONE',0,0);
INSERT INTO bdc_canali(id,id_broadcaster,nome,tipo_canale,generalista,active) VALUES (149,71,'HIP HOP TV','TELEVISIONE',0,0);
INSERT INTO bdc_canali(id,id_broadcaster,nome,tipo_canale,generalista,active) VALUES (150,71,'ROCK TV','TELEVISIONE',0,0);
INSERT INTO bdc_canali(id,id_broadcaster,nome,tipo_canale,generalista,active) VALUES (151,72,'TV SENDER NEU JERUSALEM','TELEVISIONE',0,1);
INSERT INTO bdc_canali(id,id_broadcaster,nome,tipo_canale,generalista,active) VALUES (152,73,'ANIMAL PLANET','TELEVISIONE',0,1);
INSERT INTO bdc_canali(id,id_broadcaster,nome,tipo_canale,generalista,active) VALUES (153,73,'DISCOVERY CHANNEL','TELEVISIONE',0,1);
INSERT INTO bdc_canali(id,id_broadcaster,nome,tipo_canale,generalista,active) VALUES (154,73,'DISCOVERY CHANNEL +1','TELEVISIONE',0,1);
INSERT INTO bdc_canali(id,id_broadcaster,nome,tipo_canale,generalista,active) VALUES (155,73,'DISCOVERY SCIENCE ','TELEVISIONE',0,1);
INSERT INTO bdc_canali(id,id_broadcaster,nome,tipo_canale,generalista,active) VALUES (156,73,'DISCOVERY TRAVEL','TELEVISIONE',0,1);
INSERT INTO bdc_canali(id,id_broadcaster,nome,tipo_canale,generalista,active) VALUES (157,74,'LOTTOMATICA TV','TELEVISIONE',0,0);
INSERT INTO bdc_canali(id,id_broadcaster,nome,tipo_canale,generalista,active) VALUES (158,20,'YACHT & SAIL (SAILING CHANNEL) ','TELEVISIONE',0,1);
INSERT INTO bdc_canali(id,id_broadcaster,nome,tipo_canale,generalista,active) VALUES (159,20,'ACQUA','TELEVISIONE',0,1);
INSERT INTO bdc_canali(id,id_broadcaster,nome,tipo_canale,generalista,active) VALUES (160,75,'MOTO TV','TELEVISIONE',0,0);
INSERT INTO bdc_canali(id,id_broadcaster,nome,tipo_canale,generalista,active) VALUES (161,76,'LA7D','TELEVISIONE',0,1);
INSERT INTO bdc_canali(id,id_broadcaster,nome,tipo_canale,generalista,active) VALUES (162,21,'CARISMA TV','TELEVISIONE',0,1);
INSERT INTO bdc_canali(id,id_broadcaster,nome,tipo_canale,generalista,active) VALUES (163,21,'QUORE TV','TELEVISIONE',0,1);
INSERT INTO bdc_canali(id,id_broadcaster,nome,tipo_canale,generalista,active) VALUES (164,21,'REALITY TV ','TELEVISIONE',0,1);
INSERT INTO bdc_canali(id,id_broadcaster,nome,tipo_canale,generalista,active) VALUES (165,21,'TELEPIU'' CHANNEL','TELEVISIONE',0,1);
INSERT INTO bdc_canali(id,id_broadcaster,nome,tipo_canale,generalista,active) VALUES (166,77,'VIVA L''ITALIA CHANNEL','TELEVISIONE',0,1);
INSERT INTO bdc_canali(id,id_broadcaster,nome,tipo_canale,generalista,active) VALUES (167,20,'PLAY.ME ','TELEVISIONE',0,1);
INSERT INTO bdc_canali(id,id_broadcaster,nome,tipo_canale,generalista,active) VALUES (168,78,'ULISSE','TELEVISIONE',0,0);
INSERT INTO bdc_canali(id,id_broadcaster,nome,tipo_canale,generalista,active) VALUES (169,79,'MGM','TELEVISIONE',0,0);
INSERT INTO bdc_canali(id,id_broadcaster,nome,tipo_canale,generalista,active) VALUES (170,80,'NEW TELEVISION','TELEVISIONE',0,0);
INSERT INTO bdc_canali(id,id_broadcaster,nome,tipo_canale,generalista,active) VALUES (171,81,'SAN MARINO RTV SPA','TELEVISIONE',0,0);
INSERT INTO bdc_canali(id,id_broadcaster,nome,tipo_canale,generalista,active) VALUES (172,82,'TV MODA','TELEVISIONE',0,1);
INSERT INTO bdc_canali(id,id_broadcaster,nome,tipo_canale,generalista,active) VALUES (173,83,'BRANDNEW','TELEVISIONE',0,0);
INSERT INTO bdc_canali(id,id_broadcaster,nome,tipo_canale,generalista,active) VALUES (174,83,'CLASSIC','TELEVISIONE',0,0);
INSERT INTO bdc_canali(id,id_broadcaster,nome,tipo_canale,generalista,active) VALUES (175,83,'GOLD','TELEVISIONE',0,0);
INSERT INTO bdc_canali(id,id_broadcaster,nome,tipo_canale,generalista,active) VALUES (176,83,'HITS','TELEVISIONE',0,0);
INSERT INTO bdc_canali(id,id_broadcaster,nome,tipo_canale,generalista,active) VALUES (177,83,'MTV (ONE)','TELEVISIONE',0,0);
INSERT INTO bdc_canali(id,id_broadcaster,nome,tipo_canale,generalista,active) VALUES (178,83,'MTV MUSIC ','TELEVISIONE',0,0);
INSERT INTO bdc_canali(id,id_broadcaster,nome,tipo_canale,generalista,active) VALUES (179,83,'PULSE','TELEVISIONE',0,0);
INSERT INTO bdc_canali(id,id_broadcaster,nome,tipo_canale,generalista,active) VALUES (180,84,'HALLMARK CHANNEL','TELEVISIONE',0,0);
INSERT INTO bdc_canali(id,id_broadcaster,nome,tipo_canale,generalista,active) VALUES (181,24,'NUVOLARI','TELEVISIONE',0,1);
INSERT INTO bdc_canali(id,id_broadcaster,nome,tipo_canale,generalista,active) VALUES (182,57,'MTV (ONE)','TELEVISIONE',0,0);
INSERT INTO bdc_canali(id,id_broadcaster,nome,tipo_canale,generalista,active) VALUES (183,24,'ALICE','TELEVISIONE',0,1);
INSERT INTO bdc_canali(id,id_broadcaster,nome,tipo_canale,generalista,active) VALUES (184,24,'LEONARDO','TELEVISIONE',0,1);
INSERT INTO bdc_canali(id,id_broadcaster,nome,tipo_canale,generalista,active) VALUES (185,85,'STUDIO UNIVERSAL','TELEVISIONE',0,0);
INSERT INTO bdc_canali(id,id_broadcaster,nome,tipo_canale,generalista,active) VALUES (186,24,'MARCOPOLO','TELEVISIONE',0,1);
INSERT INTO bdc_canali(id,id_broadcaster,nome,tipo_canale,generalista,active) VALUES (187,21,'PIANETA TV ','TELEVISIONE',0,1);
INSERT INTO bdc_canali(id,id_broadcaster,nome,tipo_canale,generalista,active) VALUES (188,28,'DMAX ITALY ','TELEVISIONE',0,1);
INSERT INTO bdc_canali(id,id_broadcaster,nome,tipo_canale,generalista,active) VALUES (189,31,'LEI/LEI +1','TELEVISIONE',0,1);
INSERT INTO bdc_canali(id,id_broadcaster,nome,tipo_canale,generalista,active) VALUES (190,86,'TV2000 (EX SAT 2000)','TELEVISIONE',0,1);
INSERT INTO bdc_canali(id,id_broadcaster,nome,tipo_canale,generalista,active) VALUES (191,58,'RAI 1','TELEVISIONE',1,1);
INSERT INTO bdc_canali(id,id_broadcaster,nome,tipo_canale,generalista,active) VALUES (192,34,'MYDEEJAYTV','TELEVISIONE',0,1);
INSERT INTO bdc_canali(id,id_broadcaster,nome,tipo_canale,generalista,active) VALUES (193,87,'BOOMERANG (E +1)','TELEVISIONE',0,1);
INSERT INTO bdc_canali(id,id_broadcaster,nome,tipo_canale,generalista,active) VALUES (194,87,'CARTOON NETWORK','TELEVISIONE',0,1);
INSERT INTO bdc_canali(id,id_broadcaster,nome,tipo_canale,generalista,active) VALUES (195,88,'MATCHMUSIC','TELEVISIONE',0,0);
INSERT INTO bdc_canali(id,id_broadcaster,nome,tipo_canale,generalista,active) VALUES (196,58,'ALBUM','TELEVISIONE',0,0);
INSERT INTO bdc_canali(id,id_broadcaster,nome,tipo_canale,generalista,active) VALUES (197,58,'ART','TELEVISIONE',0,0);
INSERT INTO bdc_canali(id,id_broadcaster,nome,tipo_canale,generalista,active) VALUES (198,58,'CINEMA','TELEVISIONE',0,0);
INSERT INTO bdc_canali(id,id_broadcaster,nome,tipo_canale,generalista,active) VALUES (199,58,'CINEMA WORLD','TELEVISIONE',0,0);
INSERT INTO bdc_canali(id,id_broadcaster,nome,tipo_canale,generalista,active) VALUES (200,58,'EXTRA','TELEVISIONE',0,0);
INSERT INTO bdc_canali(id,id_broadcaster,nome,tipo_canale,generalista,active) VALUES (201,58,'FICTION','TELEVISIONE',0,0);
INSERT INTO bdc_canali(id,id_broadcaster,nome,tipo_canale,generalista,active) VALUES (202,58,'GAMBERO ROSSO','TELEVISIONE',0,0);
INSERT INTO bdc_canali(id,id_broadcaster,nome,tipo_canale,generalista,active) VALUES (203,58,'RAGAZZI','TELEVISIONE',0,0);
INSERT INTO bdc_canali(id,id_broadcaster,nome,tipo_canale,generalista,active) VALUES (204,58,'RAI 2','TELEVISIONE',1,1);
INSERT INTO bdc_canali(id,id_broadcaster,nome,tipo_canale,generalista,active) VALUES (205,58,'RAI 3','TELEVISIONE',1,1);
INSERT INTO bdc_canali(id,id_broadcaster,nome,tipo_canale,generalista,active) VALUES (206,58,'RAI 4','TELEVISIONE',0,1);
INSERT INTO bdc_canali(id,id_broadcaster,nome,tipo_canale,generalista,active) VALUES (207,58,'RAI 5','TELEVISIONE',0,1);
INSERT INTO bdc_canali(id,id_broadcaster,nome,tipo_canale,generalista,active) VALUES (208,58,'RAI STORIA','TELEVISIONE',0,1);
INSERT INTO bdc_canali(id,id_broadcaster,nome,tipo_canale,generalista,active) VALUES (209,58,'RAI SCUOLA','TELEVISIONE',0,1);
INSERT INTO bdc_canali(id,id_broadcaster,nome,tipo_canale,generalista,active) VALUES (210,58,'RAI YOYO','TELEVISIONE',0,1);
INSERT INTO bdc_canali(id,id_broadcaster,nome,tipo_canale,generalista,active) VALUES (211,58,'RAI GULP','TELEVISIONE',0,1);
INSERT INTO bdc_canali(id,id_broadcaster,nome,tipo_canale,generalista,active) VALUES (212,58,'SHOW','TELEVISIONE',0,0);
INSERT INTO bdc_canali(id,id_broadcaster,nome,tipo_canale,generalista,active) VALUES (213,58,'SMASH','TELEVISIONE',0,0);
INSERT INTO bdc_canali(id,id_broadcaster,nome,tipo_canale,generalista,active) VALUES (214,89,'YOUDEM.IT','TELEVISIONE',0,0);
INSERT INTO bdc_canali(id,id_broadcaster,nome,tipo_canale,generalista,active) VALUES (215,90,'NAPOLI MIA','TELEVISIONE',0,0);
INSERT INTO bdc_canali(id,id_broadcaster,nome,tipo_canale,generalista,active) VALUES (216,91,'SALENTO CHANNEL','TELEVISIONE',0,0);
INSERT INTO bdc_canali(id,id_broadcaster,nome,tipo_canale,generalista,active) VALUES (217,92,'NESSUNO TV','TELEVISIONE',0,0);
INSERT INTO bdc_canali(id,id_broadcaster,nome,tipo_canale,generalista,active) VALUES (218,89,'NUMBER ONE','TELEVISIONE',0,0);
INSERT INTO bdc_canali(id,id_broadcaster,nome,tipo_canale,generalista,active) VALUES (219,93,'MARE TV','TELEVISIONE',0,0);
INSERT INTO bdc_canali(id,id_broadcaster,nome,tipo_canale,generalista,active) VALUES (220,19,'BBC KNOWLEDGE ','TELEVISIONE',0,1);
INSERT INTO bdc_canali(id,id_broadcaster,nome,tipo_canale,generalista,active) VALUES (221,19,'BOING','TELEVISIONE',0,1);
INSERT INTO bdc_canali(id,id_broadcaster,nome,tipo_canale,generalista,active) VALUES (222,19,'CARTOON NETWORK ','TELEVISIONE',0,1);
INSERT INTO bdc_canali(id,id_broadcaster,nome,tipo_canale,generalista,active) VALUES (223,19,'CARTOONITO','TELEVISIONE',0,1);
INSERT INTO bdc_canali(id,id_broadcaster,nome,tipo_canale,generalista,active) VALUES (224,19,'COMEDY LIFE  ','TELEVISIONE',0,0);
INSERT INTO bdc_canali(id,id_broadcaster,nome,tipo_canale,generalista,active) VALUES (225,93,'MONDO SHOP','TELEVISIONE',0,0);
INSERT INTO bdc_canali(id,id_broadcaster,nome,tipo_canale,generalista,active) VALUES (226,19,'DISNEY CHANNEL ','TELEVISIONE',0,1);
INSERT INTO bdc_canali(id,id_broadcaster,nome,tipo_canale,generalista,active) VALUES (227,19,'DISNEY CHANNEL+1','TELEVISIONE',0,1);
INSERT INTO bdc_canali(id,id_broadcaster,nome,tipo_canale,generalista,active) VALUES (228,19,'DUELTV ','TELEVISIONE',0,0);
INSERT INTO bdc_canali(id,id_broadcaster,nome,tipo_canale,generalista,active) VALUES (229,19,'HAPPY CHANNEL ','TELEVISIONE',0,0);
INSERT INTO bdc_canali(id,id_broadcaster,nome,tipo_canale,generalista,active) VALUES (230,19,'HIRO','TELEVISIONE',0,0);
INSERT INTO bdc_canali(id,id_broadcaster,nome,tipo_canale,generalista,active) VALUES (231,19,'IRIS','TELEVISIONE',0,1);
INSERT INTO bdc_canali(id,id_broadcaster,nome,tipo_canale,generalista,active) VALUES (232,19,'IT TELEVISION ','TELEVISIONE',0,0);
INSERT INTO bdc_canali(id,id_broadcaster,nome,tipo_canale,generalista,active) VALUES (233,19,'ITALIA2','TELEVISIONE',0,1);
INSERT INTO bdc_canali(id,id_broadcaster,nome,tipo_canale,generalista,active) VALUES (234,19,'JOI','TELEVISIONE',0,1);
INSERT INTO bdc_canali(id,id_broadcaster,nome,tipo_canale,generalista,active) VALUES (235,19,'LA FATTORIA – PREMIUM','TELEVISIONE',0,0);
INSERT INTO bdc_canali(id,id_broadcaster,nome,tipo_canale,generalista,active) VALUES (236,19,'LA5','TELEVISIONE',0,1);
INSERT INTO bdc_canali(id,id_broadcaster,nome,tipo_canale,generalista,active) VALUES (237,19,'MEDIASET EXTRA','TELEVISIONE',0,1);
INSERT INTO bdc_canali(id,id_broadcaster,nome,tipo_canale,generalista,active) VALUES (238,19,'MEDIASET PLUS','TELEVISIONE',0,0);
INSERT INTO bdc_canali(id,id_broadcaster,nome,tipo_canale,generalista,active) VALUES (239,19,'MTCHANNEL  ','TELEVISIONE',0,0);
INSERT INTO bdc_canali(id,id_broadcaster,nome,tipo_canale,generalista,active) VALUES (240,19,'MYA/PREMIUM STORIES','TELEVISIONE',0,1);
INSERT INTO bdc_canali(id,id_broadcaster,nome,tipo_canale,generalista,active) VALUES (241,19,'PLAYHOUSE DISNEY JUNIOR','TELEVISIONE',0,1);
INSERT INTO bdc_canali(id,id_broadcaster,nome,tipo_canale,generalista,active) VALUES (242,19,'PREMIUM CALCIO/SPORT2','TELEVISIONE',0,1);
INSERT INTO bdc_canali(id,id_broadcaster,nome,tipo_canale,generalista,active) VALUES (243,19,'PREMIUM CALCIO 1','TELEVISIONE',0,1);
INSERT INTO bdc_canali(id,id_broadcaster,nome,tipo_canale,generalista,active) VALUES (244,19,'PREMIUM CALCIO 2','TELEVISIONE',0,1);
INSERT INTO bdc_canali(id,id_broadcaster,nome,tipo_canale,generalista,active) VALUES (245,19,'PREMIUM CALCIO 3','TELEVISIONE',0,1);
INSERT INTO bdc_canali(id,id_broadcaster,nome,tipo_canale,generalista,active) VALUES (246,19,'PREMIUM CALCIO 4','TELEVISIONE',0,1);
INSERT INTO bdc_canali(id,id_broadcaster,nome,tipo_canale,generalista,active) VALUES (247,19,'PREMIUM CALCIO 5','TELEVISIONE',0,1);
INSERT INTO bdc_canali(id,id_broadcaster,nome,tipo_canale,generalista,active) VALUES (248,19,'PREMIUM CALCIO 6','TELEVISIONE',0,1);
INSERT INTO bdc_canali(id,id_broadcaster,nome,tipo_canale,generalista,active) VALUES (249,19,'PREMIUM CALCIO 7','TELEVISIONE',0,1);
INSERT INTO bdc_canali(id,id_broadcaster,nome,tipo_canale,generalista,active) VALUES (250,19,'PREMIUM CINEMA','TELEVISIONE',0,1);
INSERT INTO bdc_canali(id,id_broadcaster,nome,tipo_canale,generalista,active) VALUES (251,19,'PREMIUM CINEMA 2','TELEVISIONE',0,1);
INSERT INTO bdc_canali(id,id_broadcaster,nome,tipo_canale,generalista,active) VALUES (252,19,'PREMIUM CINEMA EMOTION','TELEVISIONE',0,1);
INSERT INTO bdc_canali(id,id_broadcaster,nome,tipo_canale,generalista,active) VALUES (253,19,'PREMIUM CINEMA ENERGY','TELEVISIONE',0,1);
INSERT INTO bdc_canali(id,id_broadcaster,nome,tipo_canale,generalista,active) VALUES (254,19,'PREMIUM COMEDY','TELEVISIONE',0,1);
INSERT INTO bdc_canali(id,id_broadcaster,nome,tipo_canale,generalista,active) VALUES (255,19,'PREMIUM CRIME ','TELEVISIONE',0,1);
INSERT INTO bdc_canali(id,id_broadcaster,nome,tipo_canale,generalista,active) VALUES (256,19,'PREMIUM EXTRA 1','TELEVISIONE',0,1);
INSERT INTO bdc_canali(id,id_broadcaster,nome,tipo_canale,generalista,active) VALUES (257,19,'PREMIUM EXTRA 2','TELEVISIONE',0,1);
INSERT INTO bdc_canali(id,id_broadcaster,nome,tipo_canale,generalista,active) VALUES (258,19,'PREMIUM MOTO GP ','TELEVISIONE',0,0);
INSERT INTO bdc_canali(id,id_broadcaster,nome,tipo_canale,generalista,active) VALUES (259,19,'PREMIUM PRESTIGE','TELEVISIONE',0,0);
INSERT INTO bdc_canali(id,id_broadcaster,nome,tipo_canale,generalista,active) VALUES (260,19,'PREMIUM SPORT','TELEVISIONE',0,1);
INSERT INTO bdc_canali(id,id_broadcaster,nome,tipo_canale,generalista,active) VALUES (261,19,'STEEL/PREMIUM ACTION','TELEVISIONE',0,1);
INSERT INTO bdc_canali(id,id_broadcaster,nome,tipo_canale,generalista,active) VALUES (262,19,'STUDIO UNIVERSAL','TELEVISIONE',0,1);
INSERT INTO bdc_canali(id,id_broadcaster,nome,tipo_canale,generalista,active) VALUES (263,19,'TGCOM24','TELEVISIONE',0,1);
INSERT INTO bdc_canali(id,id_broadcaster,nome,tipo_canale,generalista,active) VALUES (264,19,'TOP CRIME','TELEVISIONE',0,1);
INSERT INTO bdc_canali(id,id_broadcaster,nome,tipo_canale,generalista,active) VALUES (265,93,'PASSIONE PESCA','TELEVISIONE',0,0);
INSERT INTO bdc_canali(id,id_broadcaster,nome,tipo_canale,generalista,active) VALUES (266,94,'SISAL TV','TELEVISIONE',0,0);
INSERT INTO bdc_canali(id,id_broadcaster,nome,tipo_canale,generalista,active) VALUES (267,95,'R.T.B. INTERNATIONAL','TELEVISIONE',0,0);
INSERT INTO bdc_canali(id,id_broadcaster,nome,tipo_canale,generalista,active) VALUES (268,96,'DIRETTA GOL','TELEVISIONE',0,0);
INSERT INTO bdc_canali(id,id_broadcaster,nome,tipo_canale,generalista,active) VALUES (269,96,'SKY 3D','TELEVISIONE',0,1);
INSERT INTO bdc_canali(id,id_broadcaster,nome,tipo_canale,generalista,active) VALUES (270,96,'SKY ARTE','TELEVISIONE',0,1);
INSERT INTO bdc_canali(id,id_broadcaster,nome,tipo_canale,generalista,active) VALUES (271,96,'SKY ATLANTIC','TELEVISIONE',0,1);
INSERT INTO bdc_canali(id,id_broadcaster,nome,tipo_canale,generalista,active) VALUES (272,96,'SKY ATLANTIC +1','TELEVISIONE',0,1);
INSERT INTO bdc_canali(id,id_broadcaster,nome,tipo_canale,generalista,active) VALUES (273,96,'SKY ATLANTIC 1992','TELEVISIONE',0,0);
INSERT INTO bdc_canali(id,id_broadcaster,nome,tipo_canale,generalista,active) VALUES (274,96,'SKY ATLANTIC ROCKS','TELEVISIONE',0,1);
INSERT INTO bdc_canali(id,id_broadcaster,nome,tipo_canale,generalista,active) VALUES (275,96,'SKY ATLANTIC TRONO DI SPADE','TELEVISIONE',0,1);
INSERT INTO bdc_canali(id,id_broadcaster,nome,tipo_canale,generalista,active) VALUES (276,96,'SKY CALCIO','TELEVISIONE',0,1);
INSERT INTO bdc_canali(id,id_broadcaster,nome,tipo_canale,generalista,active) VALUES (277,96,'SKY CANALE 109','TELEVISIONE',0,0);
INSERT INTO bdc_canali(id,id_broadcaster,nome,tipo_canale,generalista,active) VALUES (278,96,'SKY CANALE 112','TELEVISIONE',0,0);
INSERT INTO bdc_canali(id,id_broadcaster,nome,tipo_canale,generalista,active) VALUES (279,96,'SKY CANALE 132','TELEVISIONE',0,0);
INSERT INTO bdc_canali(id,id_broadcaster,nome,tipo_canale,generalista,active) VALUES (280,96,'SKY CIELO','TELEVISIONE',0,1);
INSERT INTO bdc_canali(id,id_broadcaster,nome,tipo_canale,generalista,active) VALUES (281,96,'SKY CINEMA +1','TELEVISIONE',0,1);
INSERT INTO bdc_canali(id,id_broadcaster,nome,tipo_canale,generalista,active) VALUES (282,96,'SKY CINEMA +24','TELEVISIONE',0,1);
INSERT INTO bdc_canali(id,id_broadcaster,nome,tipo_canale,generalista,active) VALUES (283,96,'SKY CINEMA 007','TELEVISIONE',0,1);
INSERT INTO bdc_canali(id,id_broadcaster,nome,tipo_canale,generalista,active) VALUES (284,96,'SKY CINEMA 1','TELEVISIONE',0,1);
INSERT INTO bdc_canali(id,id_broadcaster,nome,tipo_canale,generalista,active) VALUES (285,96,'SKY CINEMA 1/2','TELEVISIONE',0,0);
INSERT INTO bdc_canali(id,id_broadcaster,nome,tipo_canale,generalista,active) VALUES (286,96,'SKY CINEMA 16/9','TELEVISIONE',0,0);
INSERT INTO bdc_canali(id,id_broadcaster,nome,tipo_canale,generalista,active) VALUES (287,96,'SKY CINEMA 2','TELEVISIONE',0,0);
INSERT INTO bdc_canali(id,id_broadcaster,nome,tipo_canale,generalista,active) VALUES (288,96,'SKY CINEMA 3','TELEVISIONE',0,0);
INSERT INTO bdc_canali(id,id_broadcaster,nome,tipo_canale,generalista,active) VALUES (289,96,'SKY CINEMA AUTORE','TELEVISIONE',0,0);
INSERT INTO bdc_canali(id,id_broadcaster,nome,tipo_canale,generalista,active) VALUES (290,96,'SKY CINEMA CHRISTMAS','TELEVISIONE',0,1);
INSERT INTO bdc_canali(id,id_broadcaster,nome,tipo_canale,generalista,active) VALUES (291,96,'SKY CINEMA CLASSICS','TELEVISIONE',0,1);
INSERT INTO bdc_canali(id,id_broadcaster,nome,tipo_canale,generalista,active) VALUES (292,96,'SKY CINEMA COMEDY','TELEVISIONE',0,1);
INSERT INTO bdc_canali(id,id_broadcaster,nome,tipo_canale,generalista,active) VALUES (293,96,'SKY CINEMA CULT ','TELEVISIONE',0,1);
INSERT INTO bdc_canali(id,id_broadcaster,nome,tipo_canale,generalista,active) VALUES (294,96,'SKY CINEMA FAMILY','TELEVISIONE',0,1);
INSERT INTO bdc_canali(id,id_broadcaster,nome,tipo_canale,generalista,active) VALUES (295,96,'SKY CINEMA FAMILY +1','TELEVISIONE',0,1);
INSERT INTO bdc_canali(id,id_broadcaster,nome,tipo_canale,generalista,active) VALUES (296,96,'SKY CINEMA HD','TELEVISIONE',0,0);
INSERT INTO bdc_canali(id,id_broadcaster,nome,tipo_canale,generalista,active) VALUES (297,96,'SKY CINEMA HD +24','TELEVISIONE',0,0);
INSERT INTO bdc_canali(id,id_broadcaster,nome,tipo_canale,generalista,active) VALUES (298,96,'SKY CINEMA HEROES','TELEVISIONE',0,0);
INSERT INTO bdc_canali(id,id_broadcaster,nome,tipo_canale,generalista,active) VALUES (299,96,'SKY CINEMA HITS','TELEVISIONE',0,1);
INSERT INTO bdc_canali(id,id_broadcaster,nome,tipo_canale,generalista,active) VALUES (300,96,'SKY CINEMA ITALIA','TELEVISIONE',0,0);
INSERT INTO bdc_canali(id,id_broadcaster,nome,tipo_canale,generalista,active) VALUES (301,96,'SKY CINEMA MANIA','TELEVISIONE',0,0);
INSERT INTO bdc_canali(id,id_broadcaster,nome,tipo_canale,generalista,active) VALUES (302,96,'SKY CINEMA MAX','TELEVISIONE',0,1);
INSERT INTO bdc_canali(id,id_broadcaster,nome,tipo_canale,generalista,active) VALUES (303,96,'SKY CINEMA MAX +1','TELEVISIONE',0,1);
INSERT INTO bdc_canali(id,id_broadcaster,nome,tipo_canale,generalista,active) VALUES (304,96,'SKY CINEMA OSCAR','TELEVISIONE',0,1);
INSERT INTO bdc_canali(id,id_broadcaster,nome,tipo_canale,generalista,active) VALUES (305,96,'SKY CINEMA PASSION','TELEVISIONE',0,1);
INSERT INTO bdc_canali(id,id_broadcaster,nome,tipo_canale,generalista,active) VALUES (306,96,'SKY CINEMA PRINCIPESSE','TELEVISIONE',0,0);
INSERT INTO bdc_canali(id,id_broadcaster,nome,tipo_canale,generalista,active) VALUES (307,96,'SKY CINEMA STAR WARS','TELEVISIONE',0,1);
INSERT INTO bdc_canali(id,id_broadcaster,nome,tipo_canale,generalista,active) VALUES (308,96,'SKY CINEMA WEDDING','TELEVISIONE',0,0);
INSERT INTO bdc_canali(id,id_broadcaster,nome,tipo_canale,generalista,active) VALUES (309,96,'SKY COPA AMERICA 1','TELEVISIONE',0,0);
INSERT INTO bdc_canali(id,id_broadcaster,nome,tipo_canale,generalista,active) VALUES (310,96,'SKY COPA AMERICA 2','TELEVISIONE',0,0);
INSERT INTO bdc_canali(id,id_broadcaster,nome,tipo_canale,generalista,active) VALUES (311,96,'SKY COPA AMERICA 3','TELEVISIONE',0,0);
INSERT INTO bdc_canali(id,id_broadcaster,nome,tipo_canale,generalista,active) VALUES (312,96,'SKY COPA AMERICA 4','TELEVISIONE',0,0);
INSERT INTO bdc_canali(id,id_broadcaster,nome,tipo_canale,generalista,active) VALUES (313,96,'SKY INDIANA JONES','TELEVISIONE',0,0);
INSERT INTO bdc_canali(id,id_broadcaster,nome,tipo_canale,generalista,active) VALUES (314,96,'SKY INSIDE','TELEVISIONE',0,0);
INSERT INTO bdc_canali(id,id_broadcaster,nome,tipo_canale,generalista,active) VALUES (315,96,'SKY MARIO','TELEVISIONE',0,0);
INSERT INTO bdc_canali(id,id_broadcaster,nome,tipo_canale,generalista,active) VALUES (316,96,'SKY METEO 24','TELEVISIONE',0,1);
INSERT INTO bdc_canali(id,id_broadcaster,nome,tipo_canale,generalista,active) VALUES (317,96,'SKY MONDIALE 1','TELEVISIONE',0,0);
INSERT INTO bdc_canali(id,id_broadcaster,nome,tipo_canale,generalista,active) VALUES (318,96,'SKY MONDIALE 2','TELEVISIONE',0,0);
INSERT INTO bdc_canali(id,id_broadcaster,nome,tipo_canale,generalista,active) VALUES (319,96,'SKY MONDIALE 3','TELEVISIONE',0,0);
INSERT INTO bdc_canali(id,id_broadcaster,nome,tipo_canale,generalista,active) VALUES (320,96,'SKY MONDIALE 4','TELEVISIONE',0,0);
INSERT INTO bdc_canali(id,id_broadcaster,nome,tipo_canale,generalista,active) VALUES (321,96,'SKY MONDIALE BAR','TELEVISIONE',0,0);
INSERT INTO bdc_canali(id,id_broadcaster,nome,tipo_canale,generalista,active) VALUES (322,96,'SKY OLIMPIA 1','TELEVISIONE',0,0);
INSERT INTO bdc_canali(id,id_broadcaster,nome,tipo_canale,generalista,active) VALUES (323,96,'SKY OLIMPIA 2','TELEVISIONE',0,0);
INSERT INTO bdc_canali(id,id_broadcaster,nome,tipo_canale,generalista,active) VALUES (324,96,'SKY OLIMPIA 3','TELEVISIONE',0,0);
INSERT INTO bdc_canali(id,id_broadcaster,nome,tipo_canale,generalista,active) VALUES (325,96,'SKY OLIMPIA 4','TELEVISIONE',0,0);
INSERT INTO bdc_canali(id,id_broadcaster,nome,tipo_canale,generalista,active) VALUES (326,96,'SKY OLIMPIA 5','TELEVISIONE',0,0);
INSERT INTO bdc_canali(id,id_broadcaster,nome,tipo_canale,generalista,active) VALUES (327,96,'SKY OLIMPIADI','TELEVISIONE',0,0);
INSERT INTO bdc_canali(id,id_broadcaster,nome,tipo_canale,generalista,active) VALUES (328,96,'SKY ON AIR','TELEVISIONE',0,0);
INSERT INTO bdc_canali(id,id_broadcaster,nome,tipo_canale,generalista,active) VALUES (329,96,'SKY PARALIMPIADI','TELEVISIONE',0,0);
INSERT INTO bdc_canali(id,id_broadcaster,nome,tipo_canale,generalista,active) VALUES (330,96,'SKY PRIMA FILA (TUTTI I CANALI)','TELEVISIONE',0,1);
INSERT INTO bdc_canali(id,id_broadcaster,nome,tipo_canale,generalista,active) VALUES (331,96,'SKY PRIMA FILA PRESENT.','TELEVISIONE',0,0);
INSERT INTO bdc_canali(id,id_broadcaster,nome,tipo_canale,generalista,active) VALUES (332,96,'SKY SHOW','TELEVISIONE',0,0);
INSERT INTO bdc_canali(id,id_broadcaster,nome,tipo_canale,generalista,active) VALUES (333,96,'SKY SPORT 1','TELEVISIONE',0,1);
INSERT INTO bdc_canali(id,id_broadcaster,nome,tipo_canale,generalista,active) VALUES (334,96,'SKY SPORT 1 / 16:9','TELEVISIONE',0,0);
INSERT INTO bdc_canali(id,id_broadcaster,nome,tipo_canale,generalista,active) VALUES (335,96,'SKY SPORT 16:9 ','TELEVISIONE',0,0);
INSERT INTO bdc_canali(id,id_broadcaster,nome,tipo_canale,generalista,active) VALUES (336,96,'SKY SPORT 2','TELEVISIONE',0,1);
INSERT INTO bdc_canali(id,id_broadcaster,nome,tipo_canale,generalista,active) VALUES (337,96,'SKY SPORT 2 / 16:9','TELEVISIONE',0,0);
INSERT INTO bdc_canali(id,id_broadcaster,nome,tipo_canale,generalista,active) VALUES (338,96,'SKY SPORT 24','TELEVISIONE',0,1);
INSERT INTO bdc_canali(id,id_broadcaster,nome,tipo_canale,generalista,active) VALUES (339,96,'SKY SPORT 3','TELEVISIONE',0,1);
INSERT INTO bdc_canali(id,id_broadcaster,nome,tipo_canale,generalista,active) VALUES (340,96,'SKY SPORT 3 / 16:9','TELEVISIONE',0,0);
INSERT INTO bdc_canali(id,id_broadcaster,nome,tipo_canale,generalista,active) VALUES (341,96,'SKY SPORT BAKU','TELEVISIONE',0,0);
INSERT INTO bdc_canali(id,id_broadcaster,nome,tipo_canale,generalista,active) VALUES (342,96,'SKY SPORT CHRISTMAS','TELEVISIONE',0,0);
INSERT INTO bdc_canali(id,id_broadcaster,nome,tipo_canale,generalista,active) VALUES (343,96,'SKY SPORT EXTRA','TELEVISIONE',0,0);
INSERT INTO bdc_canali(id,id_broadcaster,nome,tipo_canale,generalista,active) VALUES (344,96,'SKY SPORT F1','TELEVISIONE',0,1);
INSERT INTO bdc_canali(id,id_broadcaster,nome,tipo_canale,generalista,active) VALUES (345,96,'SKY SPORT HD1','TELEVISIONE',0,0);
INSERT INTO bdc_canali(id,id_broadcaster,nome,tipo_canale,generalista,active) VALUES (346,96,'SKY SPORT HD2','TELEVISIONE',0,0);
INSERT INTO bdc_canali(id,id_broadcaster,nome,tipo_canale,generalista,active) VALUES (347,96,'SKY SPORT MIX','TELEVISIONE',0,1);
INSERT INTO bdc_canali(id,id_broadcaster,nome,tipo_canale,generalista,active) VALUES (348,96,'SKY SPORT MOTOGP','TELEVISIONE',0,1);
INSERT INTO bdc_canali(id,id_broadcaster,nome,tipo_canale,generalista,active) VALUES (349,96,'SKY SPORT PLUS','TELEVISIONE',0,1);
INSERT INTO bdc_canali(id,id_broadcaster,nome,tipo_canale,generalista,active) VALUES (350,96,'SKY SUPERCALCIO','TELEVISIONE',0,1);
INSERT INTO bdc_canali(id,id_broadcaster,nome,tipo_canale,generalista,active) VALUES (351,96,'SKY TG 24','TELEVISIONE',0,1);
INSERT INTO bdc_canali(id,id_broadcaster,nome,tipo_canale,generalista,active) VALUES (352,96,'SKY TG 24 D','TELEVISIONE',0,1);
INSERT INTO bdc_canali(id,id_broadcaster,nome,tipo_canale,generalista,active) VALUES (353,96,'SKY UNO','TELEVISIONE',0,1);
INSERT INTO bdc_canali(id,id_broadcaster,nome,tipo_canale,generalista,active) VALUES (354,96,'SKY UNO +1','TELEVISIONE',0,1);
INSERT INTO bdc_canali(id,id_broadcaster,nome,tipo_canale,generalista,active) VALUES (355,96,'SKY VIVO','TELEVISIONE',0,0);
INSERT INTO bdc_canali(id,id_broadcaster,nome,tipo_canale,generalista,active) VALUES (356,96,'SKY WIMBLEDON','TELEVISIONE',0,1);
INSERT INTO bdc_canali(id,id_broadcaster,nome,tipo_canale,generalista,active) VALUES (357,97,'ROMA TV','TELEVISIONE',0,1);
INSERT INTO bdc_canali(id,id_broadcaster,nome,tipo_canale,generalista,active) VALUES (358,57,'COMEDY CENTRAL','TELEVISIONE',0,1);
INSERT INTO bdc_canali(id,id_broadcaster,nome,tipo_canale,generalista,active) VALUES (359,98,'STARSAT','TELEVISIONE',0,0);
INSERT INTO bdc_canali(id,id_broadcaster,nome,tipo_canale,generalista,active) VALUES (360,99,'CINEMA STREAM','TELEVISIONE',0,0);
INSERT INTO bdc_canali(id,id_broadcaster,nome,tipo_canale,generalista,active) VALUES (361,99,'CINEMA STREAM - SKY','TELEVISIONE',0,0);
INSERT INTO bdc_canali(id,id_broadcaster,nome,tipo_canale,generalista,active) VALUES (362,99,'PRIMAFILA (TUTTE)','TELEVISIONE',0,0);
INSERT INTO bdc_canali(id,id_broadcaster,nome,tipo_canale,generalista,active) VALUES (363,57,'NICKELODEON','TELEVISIONE',0,1);
INSERT INTO bdc_canali(id,id_broadcaster,nome,tipo_canale,generalista,active) VALUES (364,30,'FRISBEE- SWITCHOVER','TELEVISIONE',0,0);
INSERT INTO bdc_canali(id,id_broadcaster,nome,tipo_canale,generalista,active) VALUES (365,57,'NICKELODEON+1','TELEVISIONE',0,1);
INSERT INTO bdc_canali(id,id_broadcaster,nome,tipo_canale,generalista,active) VALUES (366,57,'COMEDY CENTRAL+1','TELEVISIONE',0,1);
INSERT INTO bdc_canali(id,id_broadcaster,nome,tipo_canale,generalista,active) VALUES (367,30,'K2 - SWITCHOVER','TELEVISIONE',0,0);
INSERT INTO bdc_canali(id,id_broadcaster,nome,tipo_canale,generalista,active) VALUES (368,57,'NICK JUNIOR','TELEVISIONE',0,1);
INSERT INTO bdc_canali(id,id_broadcaster,nome,tipo_canale,generalista,active) VALUES (369,100,'FAMILY LIFE','TELEVISIONE',0,0);
INSERT INTO bdc_canali(id,id_broadcaster,nome,tipo_canale,generalista,active) VALUES (370,101,'16/9','TELEVISIONE',0,0);
INSERT INTO bdc_canali(id,id_broadcaster,nome,tipo_canale,generalista,active) VALUES (371,101,'BIANCO','TELEVISIONE',0,0);
INSERT INTO bdc_canali(id,id_broadcaster,nome,tipo_canale,generalista,active) VALUES (372,101,'GRIGIO','TELEVISIONE',0,0);
INSERT INTO bdc_canali(id,id_broadcaster,nome,tipo_canale,generalista,active) VALUES (373,101,'NERO','TELEVISIONE',0,0);
INSERT INTO bdc_canali(id,id_broadcaster,nome,tipo_canale,generalista,active) VALUES (374,102,'16:9 - SKY','TELEVISIONE',0,0);
INSERT INTO bdc_canali(id,id_broadcaster,nome,tipo_canale,generalista,active) VALUES (375,102,'BIANCO - SKY','TELEVISIONE',0,0);
INSERT INTO bdc_canali(id,id_broadcaster,nome,tipo_canale,generalista,active) VALUES (376,102,'GRIGIO - SKY','TELEVISIONE',0,0);
INSERT INTO bdc_canali(id,id_broadcaster,nome,tipo_canale,generalista,active) VALUES (377,102,'NERO - SKY','TELEVISIONE',0,0);
INSERT INTO bdc_canali(id,id_broadcaster,nome,tipo_canale,generalista,active) VALUES (378,102,'PALCO (TUTTE)','TELEVISIONE',0,0);
INSERT INTO bdc_canali(id,id_broadcaster,nome,tipo_canale,generalista,active) VALUES (379,11,'SUPER','TELEVISIONE',0,1);
INSERT INTO bdc_canali(id,id_broadcaster,nome,tipo_canale,generalista,active) VALUES (380,50,'FOX CHANNEL','TELEVISIONE',0,1);
INSERT INTO bdc_canali(id,id_broadcaster,nome,tipo_canale,generalista,active) VALUES (381,50,'FOX CHANNEL+1','TELEVISIONE',0,1);
INSERT INTO bdc_canali(id,id_broadcaster,nome,tipo_canale,generalista,active) VALUES (382,50,'FOX CHANNEL+2','TELEVISIONE',0,0);
INSERT INTO bdc_canali(id,id_broadcaster,nome,tipo_canale,generalista,active) VALUES (383,50,'FOX CRIME','TELEVISIONE',0,1);
INSERT INTO bdc_canali(id,id_broadcaster,nome,tipo_canale,generalista,active) VALUES (384,50,'FOX CRIME+1','TELEVISIONE',0,1);
INSERT INTO bdc_canali(id,id_broadcaster,nome,tipo_canale,generalista,active) VALUES (385,50,'FOX CRIME+2','TELEVISIONE',0,1);
INSERT INTO bdc_canali(id,id_broadcaster,nome,tipo_canale,generalista,active) VALUES (386,50,'FOX LIFE','TELEVISIONE',0,1);
INSERT INTO bdc_canali(id,id_broadcaster,nome,tipo_canale,generalista,active) VALUES (387,50,'FOX LIFE+1','TELEVISIONE',0,1);
INSERT INTO bdc_canali(id,id_broadcaster,nome,tipo_canale,generalista,active) VALUES (388,50,'FOX LIFE+2','TELEVISIONE',0,0);
INSERT INTO bdc_canali(id,id_broadcaster,nome,tipo_canale,generalista,active) VALUES (389,50,'FOX NAT GEO PEOPLE','TELEVISIONE',0,1);
INSERT INTO bdc_canali(id,id_broadcaster,nome,tipo_canale,generalista,active) VALUES (390,54,'TOONDISNEY','TELEVISIONE',0,0);
INSERT INTO bdc_canali(id,id_broadcaster,nome,tipo_canale,generalista,active) VALUES (391,54,'TOONDISNEY+1','TELEVISIONE',0,0);
INSERT INTO bdc_canali(id,id_broadcaster,nome,tipo_canale,generalista,active) VALUES (392,50,'FOX NAT GEO WILD','TELEVISIONE',0,1);
INSERT INTO bdc_canali(id,id_broadcaster,nome,tipo_canale,generalista,active) VALUES (393,50,'FOX RETRO','TELEVISIONE',0,0);
INSERT INTO bdc_canali(id,id_broadcaster,nome,tipo_canale,generalista,active) VALUES (394,50,'FOX SPORTS','TELEVISIONE',0,1);
INSERT INTO bdc_canali(id,id_broadcaster,nome,tipo_canale,generalista,active) VALUES (395,50,'FOX SPORTS 2','TELEVISIONE',0,1);
INSERT INTO bdc_canali(id,id_broadcaster,nome,tipo_canale,generalista,active) VALUES (396,50,'HISTORY CHANNEL','TELEVISIONE',0,0);
INSERT INTO bdc_canali(id,id_broadcaster,nome,tipo_canale,generalista,active) VALUES (397,50,'HISTORY CHANNEL+1 ','TELEVISIONE',0,0);
INSERT INTO bdc_canali(id,id_broadcaster,nome,tipo_canale,generalista,active) VALUES (398,50,'NATIONAL GEOGRAPHIC','TELEVISIONE',0,1);
INSERT INTO bdc_canali(id,id_broadcaster,nome,tipo_canale,generalista,active) VALUES (399,50,'NATIONAL GEOGRAPHIC+1','TELEVISIONE',0,1);
INSERT INTO bdc_canali(id,id_broadcaster,nome,tipo_canale,generalista,active) VALUES (400,103,'LA 3','TELEVISIONE',0,1);
INSERT INTO bdc_canali(id,id_broadcaster,nome,tipo_canale,generalista,active) VALUES (401,104,'WINGA TV','TELEVISIONE',0,1);
INSERT INTO bdc_canali(id,id_broadcaster,nome,tipo_canale,generalista,active) VALUES (402,105,'EASYBABY','TELEVISIONE',0,0);
INSERT INTO bdc_canali(id,id_broadcaster,nome,tipo_canale,generalista,active) VALUES (403,34,'ONDA LATINA','TELEVISIONE',0,1);
INSERT INTO bdc_canali(id,id_broadcaster,nome,tipo_canale,generalista,active) VALUES (404,20,'MUSIC BOX','TELEVISIONE',0,1);
INSERT INTO bdc_canali(id,id_broadcaster,nome,tipo_canale,generalista,active) VALUES (405,21,'ITALIA CHANNEL','TELEVISIONE',0,1);
INSERT INTO bdc_canali(id,id_broadcaster,nome,tipo_canale,generalista,active) VALUES (406,15,'DEEJAY TV','TELEVISIONE',0,1);
INSERT INTO bdc_canali(id,id_broadcaster,nome,tipo_canale,generalista,active) VALUES (407,106,'COMING SOON TELEVISION ','TELEVISIONE',0,1);
INSERT INTO bdc_canali(id,id_broadcaster,nome,tipo_canale,generalista,active) VALUES (408,107,'AUTOMOTO TV','TELEVISIONE',0,0);
INSERT INTO bdc_canali(id,id_broadcaster,nome,tipo_canale,generalista,active) VALUES (409,28,'NOVE','TELEVISIONE',0,1);
INSERT INTO bdc_canali(id,id_broadcaster,nome,tipo_canale,generalista,active) VALUES (410,108,'CHALLENGER TV','TELEVISIONE',0,1);
INSERT INTO bdc_canali(id,id_broadcaster,nome,tipo_canale,generalista,active) VALUES (411,109,'CURRENT ITALY ','TELEVISIONE',0,0);
INSERT INTO bdc_canali(id,id_broadcaster,nome,tipo_canale,generalista,active) VALUES (412,31,'CACCIA','TELEVISIONE',0,1);
INSERT INTO bdc_canali(id,id_broadcaster,nome,tipo_canale,generalista,active) VALUES (413,31,'PESCA','TELEVISIONE',0,1);
INSERT INTO bdc_canali(id,id_broadcaster,nome,tipo_canale,generalista,active) VALUES (414,110,'TV8','TELEVISIONE',0,1);
INSERT INTO bdc_canali(id,id_broadcaster,nome,tipo_canale,generalista,active) VALUES (415,111,'CLASS HORSE TV','TELEVISIONE',0,0);
INSERT INTO bdc_canali(id,id_broadcaster,nome,tipo_canale,generalista,active) VALUES (416,112,'CLASS HORSE TV','TELEVISIONE',0,1);
INSERT INTO bdc_canali(id,id_broadcaster,nome,tipo_canale,generalista,active) VALUES (417,113,'RADIO MARIA','RADIO',0,1);
INSERT INTO bdc_canali(id,id_broadcaster,nome,tipo_canale,generalista,active) VALUES (418,114,'R.D.S. ','RADIO',0,1);
INSERT INTO bdc_canali(id,id_broadcaster,nome,tipo_canale,generalista,active) VALUES (419,115,'RADIO ITALIA NETWORK','RADIO',0,0);
INSERT INTO bdc_canali(id,id_broadcaster,nome,tipo_canale,generalista,active) VALUES (420,116,'RADIO 24','RADIO',0,1);
INSERT INTO bdc_canali(id,id_broadcaster,nome,tipo_canale,generalista,active) VALUES (421,117,'R.I.S.M.I. ','RADIO',0,1);
INSERT INTO bdc_canali(id,id_broadcaster,nome,tipo_canale,generalista,active) VALUES (422,118,'RADIO STUDIO 105','RADIO',0,1);
INSERT INTO bdc_canali(id,id_broadcaster,nome,tipo_canale,generalista,active) VALUES (423,119,'RADIO MONTECARLO','RADIO',0,1);
INSERT INTO bdc_canali(id,id_broadcaster,nome,tipo_canale,generalista,active) VALUES (424,120,'RADIO RTL 102_5','RADIO',0,1);
INSERT INTO bdc_canali(id,id_broadcaster,nome,tipo_canale,generalista,active) VALUES (425,121,'RADIO RADICALE','RADIO',0,0);
INSERT INTO bdc_canali(id,id_broadcaster,nome,tipo_canale,generalista,active) VALUES (426,122,'RADIO 101','RADIO',0,1);
INSERT INTO bdc_canali(id,id_broadcaster,nome,tipo_canale,generalista,active) VALUES (427,123,'RADIO DEEJAY ','RADIO',0,1);
INSERT INTO bdc_canali(id,id_broadcaster,nome,tipo_canale,generalista,active) VALUES (428,124,'RADIO CAPITAL ','RADIO',0,1);
INSERT INTO bdc_canali(id,id_broadcaster,nome,tipo_canale,generalista,active) VALUES (429,125,'RADIO M2O ','RADIO',0,1);
INSERT INTO bdc_canali(id,id_broadcaster,nome,tipo_canale,generalista,active) VALUES (430,126,'RADIO KISS KISS','RADIO',0,1);
INSERT INTO bdc_canali(id,id_broadcaster,nome,tipo_canale,generalista,active) VALUES (431,127,'RADIO COOP ','RADIO',0,0);
INSERT INTO bdc_canali(id,id_broadcaster,nome,tipo_canale,generalista,active) VALUES (432,128,'RADIO PILLOW SERVICE ','RADIO',0,0);
INSERT INTO bdc_canali(id,id_broadcaster,nome,tipo_canale,generalista,active) VALUES (433,129,'RADIO MUSICCHOICE ','RADIO',0,0);
INSERT INTO bdc_canali(id,id_broadcaster,nome,tipo_canale,generalista,active) VALUES (434,130,'RADIO ROSANDROS','RADIO',0,0);
INSERT INTO bdc_canali(id,id_broadcaster,nome,tipo_canale,generalista,active) VALUES (435,131,'RADIO NET SYNERGY ','RADIO',0,0);
INSERT INTO bdc_canali(id,id_broadcaster,nome,tipo_canale,generalista,active) VALUES (436,132,'RADIO NEWPENTA ','RADIO',0,0);
INSERT INTO bdc_canali(id,id_broadcaster,nome,tipo_canale,generalista,active) VALUES (437,133,'RADIO PADANIA','RADIO',0,0);
INSERT INTO bdc_canali(id,id_broadcaster,nome,tipo_canale,generalista,active) VALUES (438,134,'ROMA RADIO ATAC ','RADIO',0,0);
INSERT INTO bdc_canali(id,id_broadcaster,nome,tipo_canale,generalista,active) VALUES (439,135,'RADIO VATICANA','RADIO',0,1);
INSERT INTO bdc_canali(id,id_broadcaster,nome,tipo_canale,generalista,active) VALUES (440,136,'VIRGIN RADIO ','RADIO',0,1);
INSERT INTO bdc_canali(id,id_broadcaster,nome,tipo_canale,generalista,active) VALUES (441,137,'RADIO 1','RADIO',1,1);
INSERT INTO bdc_canali(id,id_broadcaster,nome,tipo_canale,generalista,active) VALUES (442,137,'RADIO 2','RADIO',1,1);
INSERT INTO bdc_canali(id,id_broadcaster,nome,tipo_canale,generalista,active) VALUES (443,137,'RADIO 3','RADIO',1,1);
INSERT INTO bdc_canali(id,id_broadcaster,nome,tipo_canale,generalista,active) VALUES (444,58,'RAI MOVIE','TELEVISIONE',0,1);
INSERT INTO bdc_canali(id,id_broadcaster,nome,tipo_canale,generalista,active) VALUES (445,58,'RAI PREMIUM','TELEVISIONE',0,1);
INSERT INTO bdc_canali(id,id_broadcaster,nome,tipo_canale,generalista,active) VALUES (446,58,'JUVENTUS CHANNEL','TELEVISIONE',0,1);
INSERT INTO bdc_canali(id,id_broadcaster,nome,tipo_canale,generalista,active) VALUES (447,137,'ISORADIO','RADIO',0,1);
INSERT INTO bdc_canali(id,id_broadcaster,nome,tipo_canale,generalista,active) VALUES (448,137,'FILODIFFUSIONE - RADIO 4 LIGHT','RADIO',0,1);
INSERT INTO bdc_canali(id,id_broadcaster,nome,tipo_canale,generalista,active) VALUES (449,137,'FILODIFFUSIONE - RADIO 5 CLASSICA','RADIO',0,1);
INSERT INTO bdc_canali(id,id_broadcaster,nome,tipo_canale,generalista,active) VALUES (450,19,'CANALE 5','TELEVISIONE',1,1);
INSERT INTO bdc_canali(id,id_broadcaster,nome,tipo_canale,generalista,active) VALUES (451,19,'ITALIA 1','TELEVISIONE',1,1);
INSERT INTO bdc_canali(id,id_broadcaster,nome,tipo_canale,generalista,active) VALUES (452,19,'RETE 4','TELEVISIONE',1,1);
INSERT INTO bdc_canali(id,id_broadcaster,nome,tipo_canale,generalista,active) VALUES (453,76,'LA7','TELEVISIONE',1,1);
INSERT INTO bdc_ruoli (`id`, `ruolo`) VALUES ('1', 'SIAE');
INSERT INTO bdc_ruoli (`id`, `ruolo`) VALUES ('2', 'BROADCASTER');
UPDATE `bdc_canali` SET `nome`='RETE 4', `generalista`='1' WHERE `id`='220';
UPDATE `bdc_canali` SET `nome`='CANALE 5', `generalista`='1' WHERE `id`='221';
UPDATE `bdc_canali` SET `nome`='ITALIA 1', `generalista`='1' WHERE `id`='222';
UPDATE `bdc_canali` SET `nome`='PREMIUM CALCIO 7', `generalista`='0' WHERE `id`='450';
UPDATE `bdc_canali` SET `nome`='PREMIUM SPORT', `generalista`='0' WHERE `id`='451';
UPDATE `bdc_canali` SET `nome`='PREMIUM CALCIO/SPORT2', `generalista`='0' WHERE `id`='452';
UPDATE `bdc_canali` SET `nome`='IRIS' WHERE `id`='223';
UPDATE `bdc_canali` SET `nome`='LA5' WHERE `id`='226';
UPDATE `bdc_canali` SET `nome`='ITALIA2' WHERE `id`='227';
UPDATE `bdc_canali` SET `nome`='DISNEY CHANNEL ' WHERE `id`='231';
UPDATE `bdc_canali` SET `nome`='DISNEY CHANNEL+1' WHERE `id`='233';
UPDATE `bdc_canali` SET `nome`='PLAYHOUSE DISNEY JUNIOR' WHERE `id`='234';
UPDATE `bdc_canali` SET `nome`='CARTOON NETWORK ' WHERE `id`='236';
UPDATE `bdc_canali` SET `nome`='CARTOONITO' WHERE `id`='237';
UPDATE `bdc_canali` SET `nome`='BOING' WHERE `id`='240';
UPDATE `bdc_canali` SET `nome`='BBC KNOWLEDGE ' WHERE `id`='241';
UPDATE `bdc_canali` SET `nome`='TGCOM24' WHERE `id`='242';
UPDATE `bdc_canali` SET `nome`='TOP CRIME' WHERE `id`='243';
UPDATE `bdc_canali` SET `nome`='PREMIUM CINEMA' WHERE `id`='244';
UPDATE `bdc_canali` SET `nome`='PREMIUM CINEMA 2' WHERE `id`='245';
UPDATE `bdc_canali` SET `nome`='PREMIUM CINEMA EMOTION' WHERE `id`='246';
UPDATE `bdc_canali` SET `nome`='PREMIUM CINEMA ENERGY' WHERE `id`='247';
UPDATE `bdc_canali` SET `nome`='PREMIUM COMEDY' WHERE `id`='248';
UPDATE `bdc_canali` SET `nome`='PREMIUM CRIME ' WHERE `id`='249';
UPDATE `bdc_canali` SET `nome`='PREMIUM EXTRA 1' WHERE `id`='250';
UPDATE `bdc_canali` SET `nome`='PREMIUM EXTRA 2' WHERE `id`='251';
UPDATE `bdc_canali` SET `nome`='STEEL/PREMIUM ACTION' WHERE `id`='252';
UPDATE `bdc_canali` SET `nome`='STUDIO UNIVERSAL' WHERE `id`='253';
UPDATE `bdc_canali` SET `nome`='JOI' WHERE `id`='254';
UPDATE `bdc_canali` SET `nome`='MYA/PREMIUM STORIES' WHERE `id`='255';
UPDATE `bdc_canali` SET `nome`='MEDIASET EXTRA' WHERE `id`='256';
UPDATE `bdc_canali` SET `nome`='PREMIUM CALCIO 1' WHERE `id`='257';
UPDATE `bdc_canali` SET `nome`='PREMIUM CALCIO 2' WHERE `id`='260';
UPDATE `bdc_canali` SET `nome`='PREMIUM CALCIO 3' WHERE `id`='261';
UPDATE `bdc_canali` SET `nome`='PREMIUM CALCIO 4' WHERE `id`='262';
UPDATE `bdc_canali` SET `nome`='PREMIUM CALCIO 5' WHERE `id`='263';
UPDATE `bdc_canali` SET `nome`='PREMIUM CALCIO 6' WHERE `id`='264';