-- BDC_BROADCASTER_CONFIG
INSERT INTO `BDC_BROADCASTER_CONFIG` (`ID_BROADCASTER_CONFIG`, `ID_BROADCASTER`, `ID_CHANNEL`, `VALID_FROM`, `CREATION_DATE`, `CREATION_USER`, `CONFIGURATION`) VALUES ('1', '58', '0', '2017-11-27 21:56:29', '2017-11-27 21:56:07', 'sophia_dev', '{\"fileParser\": \"com.alkemytech.sophia.harmonizer.parser.TvHarmonicTemplateParser\", \"expectedFiles\": 1, \"parseConfigPath\": \"/var/local/sophia/dev/broadcasting/mapping/harmonizedTemplateTv.xml\", \"parseStreamName\": \"harmonizedTvRecords\", \"supportedFormat\": \"^(xls|xlsx|csv|txt)$\", \"writeConfigPath\": \"/var/local/sophia/dev/broadcasting/mapping/normalizedTemplateTv.xml\", \"validateRulePath\": \"/var/local/sophia/dev/broadcasting/rules/VALIDATE_NORMALIZED.xlsx\", \"normalizeRulePath\": \"/var/local/sophia/dev/broadcasting/rules/HARMONIZED_TO_NORMALIZED.xlsx\", \"writeConfigStream\": \"normalizedTvRecords\", \"writeTemplateBucket\": \"s3://siae-sophia-broadcasting/tracciato_normalizzato_tv.csv\"}');
INSERT INTO `BDC_BROADCASTER_CONFIG` (`ID_BROADCASTER_CONFIG`, `ID_BROADCASTER`, `VALID_FROM`, `CREATION_USER`, `CONFIGURATION`) VALUES ('5', '19', '2017-12-15 00:00:00', 'sophia_dev', '{\"fileParser\": \"com.alkemytech.sophia.harmonizer.parser.RaiTvParser\", \"expectedFiles\": 2, \"fileValidator\": \"com.alkemytech.sophia.harmonizer.validator.CoppiaRaiValidator\", \"parseConfigPath\": \"/var/local/sophia/dev/broadcasting/mapping/TV_RAI_parsing_TX.xml|/var/local/sophia/dev/broadcasting/mapping/TV_RAI_parsing_OP.xml\", \"parseStreamName\": \"raiTvShow_TX|raiTvShow_OP\", \"supportedFormat\": \"^(xls|xlsx|csv|txt)$\", \"writeConfigPath\": \"/var/local/sophia/dev/broadcasting/mapping/normalizedTemplateTv.xml\", \"validateRulePath\": \"/var/local/sophia/dev/broadcasting/rules/VALIDATE_NORMALIZED.xlsx\", \"normalizeRulePath\": \"/var/local/sophia/dev/broadcasting/rules/TV_RAI_TO_NORMALIZED.xlsx\", \"writeConfigStream\": \"normalizedTvRecords\", \"writeTemplateBucket\": \"s3://siae-sophia-broadcasting/tracciato_normalizzato_tv.csv\"}');
INSERT INTO `BDC_BROADCASTER_CONFIG` (`ID_BROADCASTER_CONFIG`, `ID_BROADCASTER`, `VALID_FROM`, `CREATION_USER`, `CONFIGURATION`) VALUES ('6', '21', '2018-01-11 15:46:59', 'sophia_dev', '{\"fileParser\": \"com.alkemytech.sophia.harmonizer.parser.TvHarmonicTemplateParser\", \"expectedFiles\": 1, \"parseConfigPath\": \"/var/local/sophia/dev/broadcasting/mapping/harmonizedTemplateTvTxt.xml\", \"parseStreamName\": \"harmonizedTvRecords\", \"supportedFormat\": \"^(txt)$\", \"writeConfigPath\": \"/var/local/sophia/dev/broadcasting/mapping/normalizedTemplateTv.xml\", \"validateRulePath\": \"/var/local/sophia/dev/broadcasting/rules/VALIDATE_NORMALIZED.xlsx\", \"normalizeRulePath\": \"/var/local/sophia/dev/broadcasting/rules/HARMONIZED_TO_NORMALIZED.xlsx\", \"writeConfigStream\": \"normalizedTvRecords\", \"writeTemplateBucket\": \"s3://siae-sophia-broadcasting/tracciato_normalizzato_tv.csv\"}');
INSERT INTO `BDC_BROADCASTER_CONFIG` (`ID_BROADCASTER_CONFIG`, `ID_BROADCASTER`, `VALID_FROM`, `CREATION_USER`, `CONFIGURATION`) VALUES ('7', '15', '2017-12-15 00:00:00', 'sophia_dev', '{\"fileParser\": \"com.alkemytech.sophia.harmonizer.parser.TvHarmonicTemplateParser\", \"expectedFiles\": 1, \"parseConfigPath\": \"C:/dati/portale_dati/risorse/sophia/harmonizedTemplateTvTxt.xml\", \"parseStreamName\": \"harmonizedTvRecords\", \"supportedFormat\": \"^(txt)$\", \"writeConfigPath\": \"C:/dati/portale_dati/risorse/sophia/normalizedTemplateTv.xml\", \"validateRulePath\": \"C:/dati/portale_dati/risorse/sophia/VALIDATE_NORMALIZED.xlsx\", \"normalizeRulePath\": \"C:/dati/portale_dati/risorse/sophia/HARMONIZED_TO_NORMALIZED.xlsx\", \"writeConfigStream\": \"normalizedTvRecords\", \"writeTemplateBucket\": \"s3://siae-sophia-broadcasting/tracciato_normalizzato_tv.csv\"}');
INSERT INTO `BDC_BROADCASTER_CONFIG` (`ID_BROADCASTER_CONFIG`, `ID_BROADCASTER`, `VALID_FROM`, `CREATION_DATE`, `CREATION_USER`, `CONFIGURATION`) VALUES ('8', '137', '2018-01-01 00:00:00', '2018-01-15 12:16:05', 'sophia_dev', '{\"fileParser\": \"com.alkemytech.sophia.harmonizer.parser.RadioHarmonicTemplateParser\", \"expectedFiles\": 1, \"parseConfigPath\": \"/var/local/sophia/dev/broadcasting/mapping/harmonizedTemplateRadio.xml\", \"parseStreamName\": \"harmonizedRadioRecords\", \"supportedFormat\": \"^(xls|xlsx|csv|txt)$\", \"writeConfigPath\": \"/var/local/sophia/dev/broadcasting/mapping/normalizedTemplateRadio.xml\", \"validateRulePath\": \"/var/local/sophia/dev/broadcasting/rules/VALIDATE_RAI_RADIO_NORMALIZED.xlsx\", \"normalizeRulePath\": \"/var/local/sophia/dev/broadcasting/rules/RADIO_HARMONIZED_TO_NORMALIZED.xlsx\", \"writeConfigStream\": \"normalizedRadioRecords\", \"writeTemplateBucket\": \"s3://siae-sophia-broadcasting/tracciato_normalizzato_radio.csv\"}');
INSERT INTO `BDC_BROADCASTER_CONFIG` (`ID_BROADCASTER_CONFIG`, `ID_BROADCASTER`, `VALID_FROM`, `CREATION_DATE`, `CREATION_USER`, `CONFIGURATION`) VALUES ('9', '120', '2018-01-01 00:00:00', '2018-01-15 19:14:48', 'sophia_dev', '{\"fileParser\": \"com.alkemytech.sophia.harmonizer.parser.RadioHarmonicTemplateParser\", \"expectedFiles\": 1, \"parseConfigPath\": \"/var/local/sophia/dev/broadcasting/mapping/harmonizedTemplateRadio.xml\", \"parseStreamName\": \"harmonizedRadioRecords\", \"supportedFormat\": \"^(xls|xlsx|csv|txt)$\", \"writeConfigPath\": \"/var/local/sophia/dev/broadcasting/mapping/normalizedTemplateRadio.xml\", \"validateRulePath\": \"/var/local/sophia/dev/broadcasting/rules/VALIDATE_ALTRE_RADIO_NORMALIZED.xlsx\", \"normalizeRulePath\": \"/var/local/sophia/dev/broadcasting/rules/RADIO_HARMONIZED_TO_NORMALIZED.xlsx\", \"writeConfigStream\": \"normalizedRadioRecords\", \"writeTemplateBucket\": \"s3://siae-sophia-broadcasting/tracciato_normalizzato_radio.csv\"}');

-- BDC_DECODE_CHANNEL
INSERT INTO `BDC_DECODE_CHANNEL` (`ID_DECODE_CHANNEL`, `ID_CHANNEL`, `VALUE`, `REGIONAL`) VALUES ('1', '191', '01', '0');
INSERT INTO `BDC_DECODE_CHANNEL` (`ID_DECODE_CHANNEL`, `ID_CHANNEL`, `VALUE`, `REGIONAL`) VALUES ('2', '205', '03', '0');
INSERT INTO `BDC_DECODE_CHANNEL` (`ID_DECODE_CHANNEL`, `ID_CHANNEL`, `VALUE`, `REGIONAL`) VALUES ('3', '205', '04', '1');
INSERT INTO `BDC_DECODE_CHANNEL` (`ID_DECODE_CHANNEL`, `ID_CHANNEL`, `VALUE`, `REGIONAL`) VALUES ('4', '205', '05', '1');

-- BDC_DECODE_MUSIC_TYPE
INSERT INTO `BDC_DECODE_MUSIC_TYPE` (`ID_DECODE_MUSIC_TYPE`, `ID_MUSIC_TYPE`, `ID_BROADCASTER`, `VALUE`, `SCOPE`) VALUES ('1', '1', '58', '70', 'T');
INSERT INTO `BDC_DECODE_MUSIC_TYPE` (`ID_DECODE_MUSIC_TYPE`, `ID_MUSIC_TYPE`, `ID_BROADCASTER`, `VALUE`, `SCOPE`) VALUES ('2', '1', '58', '71', 'T');
INSERT INTO `BDC_DECODE_MUSIC_TYPE` (`ID_DECODE_MUSIC_TYPE`, `ID_MUSIC_TYPE`, `ID_BROADCASTER`, `VALUE`, `SCOPE`) VALUES ('3', '1', '58', '72', 'T');
INSERT INTO `BDC_DECODE_MUSIC_TYPE` (`ID_DECODE_MUSIC_TYPE`, `ID_MUSIC_TYPE`, `ID_BROADCASTER`, `VALUE`, `SCOPE`) VALUES ('4', '3', '58', '73', 'T');
INSERT INTO `BDC_DECODE_MUSIC_TYPE` (`ID_DECODE_MUSIC_TYPE`, `ID_MUSIC_TYPE`, `ID_BROADCASTER`, `VALUE`, `SCOPE`) VALUES ('5', '1', '58', '74', 'T');
INSERT INTO `BDC_DECODE_MUSIC_TYPE` (`ID_DECODE_MUSIC_TYPE`, `ID_MUSIC_TYPE`, `ID_BROADCASTER`, `VALUE`, `SCOPE`) VALUES ('6', '1', '58', '76', 'T');
INSERT INTO `BDC_DECODE_MUSIC_TYPE` (`ID_DECODE_MUSIC_TYPE`, `ID_MUSIC_TYPE`, `ID_BROADCASTER`, `VALUE`, `SCOPE`) VALUES ('7', '2', '58', '77', 'T');
INSERT INTO `BDC_DECODE_MUSIC_TYPE` (`ID_DECODE_MUSIC_TYPE`, `ID_MUSIC_TYPE`, `ID_BROADCASTER`, `VALUE`, `SCOPE`) VALUES ('8', '1', '58', '79', 'T');
INSERT INTO `BDC_DECODE_MUSIC_TYPE` (`ID_DECODE_MUSIC_TYPE`, `ID_MUSIC_TYPE`, `ID_BROADCASTER`, `VALUE`, `SCOPE`) VALUES ('9', '1', '58', '80', 'T');
INSERT INTO `BDC_DECODE_MUSIC_TYPE` (`ID_DECODE_MUSIC_TYPE`, `ID_MUSIC_TYPE`, `ID_BROADCASTER`, `VALUE`, `SCOPE`) VALUES ('10', '3', '58', '7A', 'T');
INSERT INTO `BDC_DECODE_MUSIC_TYPE` (`ID_DECODE_MUSIC_TYPE`, `ID_MUSIC_TYPE`, `ID_BROADCASTER`, `VALUE`, `SCOPE`) VALUES ('11', '3', '58', '7Z', 'T');

-- BDC_MUSIC_TYPE
INSERT INTO `BDC_MUSIC_TYPE` (`ID_MUSIC_TYPE`, `NAME`, `CATEGORY`) VALUES ('1', 'PROTAGONISTA', 'PROTAGONISTA');
INSERT INTO `BDC_MUSIC_TYPE` (`ID_MUSIC_TYPE`, `NAME`, `CATEGORY`) VALUES ('2', 'SOTTOFONDO', 'SOTTOFONDO');
INSERT INTO `BDC_MUSIC_TYPE` (`ID_MUSIC_TYPE`, `NAME`, `CATEGORY`) VALUES ('3', 'IDENTIFICATIVA', 'SIGLE/STACCHI');
INSERT INTO `BDC_MUSIC_TYPE` (`ID_MUSIC_TYPE`, `NAME`, `CATEGORY`) VALUES ('4', 'COMMENTO', 'COMMENTO');

-- BDC_SHOW_TYPE
INSERT INTO `BDC_SHOW_TYPE` (`ID_SHOW_TYPE`, `NAME`, `CATEGORY`) VALUES ('1', 'FILM', 'FILM');
INSERT INTO `BDC_SHOW_TYPE` (`ID_SHOW_TYPE`, `NAME`, `CATEGORY`) VALUES ('2', 'TELEFILM', 'TELEFILM');
INSERT INTO `BDC_SHOW_TYPE` (`ID_SHOW_TYPE`, `NAME`, `CATEGORY`) VALUES ('3', 'SHOW TV', 'SHOW TV-ALTRI GENERI');
INSERT INTO `BDC_SHOW_TYPE` (`ID_SHOW_TYPE`, `NAME`, `CATEGORY`) VALUES ('4', 'SHOW TV', 'SHOW TV-DOCUMENTARI E CORTOMETRAGGI');
INSERT INTO `BDC_SHOW_TYPE` (`ID_SHOW_TYPE`, `NAME`, `CATEGORY`) VALUES ('5', 'SHOW TV', 'SHOW TV-TELEGIORNALI E RASSEGNE');
INSERT INTO `BDC_SHOW_TYPE` (`ID_SHOW_TYPE`, `NAME`, `CATEGORY`) VALUES ('6', 'SHOW TV', 'SHOW TV-PROMO (PUBBLICITA\' NON COMMERCIALE)');
INSERT INTO `BDC_SHOW_TYPE` (`ID_SHOW_TYPE`, `NAME`, `CATEGORY`) VALUES ('7', 'SHOW TV', 'SHOW TV');
INSERT INTO `BDC_SHOW_TYPE` (`ID_SHOW_TYPE`, `NAME`, `CATEGORY`) VALUES ('8', 'PUBBLICITA\' COMMERCIALE', 'PUBBLICITA\' COMMERCIALE');
