INSERT INTO company(id,name,nif,email,address,country,city,postal_code)VALUES(1,'Time Job','0000000T','timejobtest@timejob.es','C/ Nueva Nº2','Spain','Madrid',28031);
INSERT INTO company(id,name,nif,email,address,country,city,postal_code)VALUES(2,'Delta S.A.','123456789L','deltacompany@delta.com','C/ Nueva Nº13','Spain','Pontevedra',36031);
INSERT INTO company(id,name,nif,email,address,country,city,postal_code)VALUES(3,'Tabacalera de Toledo S.A.','53698774J','tabtoledo@tabtoledo.es','C/ Nueva Nº32','Spain','Toledo',26301);
INSERT INTO employee(id,name,first_name,email,dni,address,country,city,postal_code,contract_type,company_id) VALUES (1,'Ruben','Sanchez','rortega@timejob.es','56345697K','C/ Alcazar Nº32','Spain','Madrid',28031,'COMPLETE',1);
INSERT INTO employee(id,name,first_name,email,dni,address,country,city,postal_code,contract_type,company_id) VALUES (2,'Miguel','Perdana','mperdana@delta.com','75636987L','C/ Picotes Nº14 2º A','Spain','Santiago de compostela',36985,'COMPLETE',2);
INSERT INTO employee(id,name,first_name,email,dni,address,country,city,postal_code,contract_type,company_id) VALUES (3,'Sandra','Perez','sperez@delta.com','1234752G','C/ Viu Nº16 Portal 2 Bº C','Spain','Madrid',28224,'COMPLETE',2);
INSERT INTO employee(id,name,first_name,email,dni,address,country,city,postal_code,contract_type,company_id) VALUES (4,'Roberto','Lopez','rlopez@delta.com','25639784I','C/ De la Torre Nº25 Portal 6  2º C','Spain','Madrid',28224,'PARTIAL',2);
INSERT INTO employee(id,name,first_name,email,dni,address,country,city,postal_code,contract_type,company_id) VALUES (5,'Jose','Lopez','jlopez@tabtoledo.es','5698751N','C/ De la Torre Nº53 Portal 7  2º A','Spain','Madrid',28224,'COMPLETE',3);
INSERT INTO employee(id,name,first_name,email,dni,address,country,city,postal_code,contract_type,company_id) VALUES (6,'Lucia','Rodriguez','lrodriguez@tabtoledo.es','2369854H','C/ De la lanza Nº24','Spain','Madrid',28522,'PARTIAL',3);
INSERT INTO users(id,username,password,enabled,employee_id)VALUES(1,'rortega@timejob.es','$2a$10$X2I/rIonC9VX0iRoNqPS2unHEQiJGShLl7chb6epm4cnywf8kI85K',true,1);
INSERT INTO users(id,username,password,enabled,employee_id)VALUES(2,'mperdana@delta.com','$2a$10$X2I/rIonC9VX0iRoNqPS2unHEQiJGShLl7chb6epm4cnywf8kI85K',true,2);
INSERT INTO users(id,username,password,enabled,employee_id)VALUES(3,'sperez@delta.com','$2a$10$X2I/rIonC9VX0iRoNqPS2unHEQiJGShLl7chb6epm4cnywf8kI85K',true,3);
INSERT INTO users(id,username,password,enabled,employee_id)VALUES(4,'rlopez@delta.com','$2a$10$X2I/rIonC9VX0iRoNqPS2unHEQiJGShLl7chb6epm4cnywf8kI85K',true,4);
INSERT INTO users(id,username,password,enabled,employee_id)VALUES(5,'jlopez@tabtoledo.es','$2a$10$X2I/rIonC9VX0iRoNqPS2unHEQiJGShLl7chb6epm4cnywf8kI85K',true,5);
INSERT INTO users(id,username,password,enabled,employee_id)VALUES(6,'lrodriguez@delta.es','$2a$10$X2I/rIonC9VX0iRoNqPS2unHEQiJGShLl7chb6epm4cnywf8kI85K',false,6);
INSERT INTO user_authorities(id,authority,user_id)VALUES(1,'ROLE_MASTER',1);
INSERT INTO user_authorities(id,authority,user_id)VALUES(2,'ROLE_ADMIN',1);
INSERT INTO user_authorities(id,authority,user_id)VALUES(3,'ROLE_USER',1);
INSERT INTO user_authorities(id,authority,user_id)VALUES(4,'ROLE_ADMIN',2);
INSERT INTO user_authorities(id,authority,user_id)VALUES(5,'ROLE_USER',2);
INSERT INTO user_authorities(id,authority,user_id)VALUES(6,'ROLE_USER',3);
INSERT INTO user_authorities(id,authority,user_id)VALUES(7,'ROLE_ADMIN',4);
INSERT INTO user_authorities(id,authority,user_id)VALUES(8,'ROLE_USER',4);
INSERT INTO user_authorities(id,authority,user_id)VALUES(9,'ROLE_USER',5);
INSERT INTO registries(id,record_type,dates,times,latitude,longitude,user_id) VALUES (1,'CHECKIN','2020-05-12','09:00:23',28.2365987,12.563547,2);
INSERT INTO registries(id,record_type,dates,times,latitude,longitude,user_id) VALUES (2,'PAUSE','2020-05-12','14:22:36',28.2365987,12.563547,2);
INSERT INTO registries(id,record_type,dates,times,latitude,longitude,user_id) VALUES (3,'BACK','2020-05-12','15:31:57',28.2365987,12.563547,2);
INSERT INTO registries(id,record_type,dates,times,latitude,longitude,user_id) VALUES (4,'CHECKOUT','2020-05-12','18:07:53',28.2365987,12.563547,2);
INSERT INTO registries(id,record_type,dates,times,latitude,longitude,user_id) VALUES (5,'CHECKIN','2020-05-13','09:00:23',28.2365987,12.563547,2);
INSERT INTO registries(id,record_type,dates,times,latitude,longitude,user_id) VALUES (6,'PAUSE','2020-05-13','14:22:36',28.2365987,12.563547,2);
INSERT INTO registries(id,record_type,dates,times,latitude,longitude,user_id) VALUES (7,'BACK','2020-05-13','15:31:57',28.2365987,12.563547,2);
INSERT INTO registries(id,record_type,dates,times,latitude,longitude,user_id) VALUES (8,'CHECKOUT','2020-05-13','18:07:53',28.2365987,12.563547,2);
INSERT INTO registries(id,record_type,dates,times,latitude,longitude,user_id) VALUES (9,'CHECKIN','2020-05-14','09:00:23',28.2365987,12.563547,2);
INSERT INTO registries(id,record_type,dates,times,latitude,longitude,user_id) VALUES (10,'PAUSE','2020-05-14','14:22:36',28.2365987,12.563547,2);
INSERT INTO registries(id,record_type,dates,times,latitude,longitude,user_id) VALUES (11,'BACK','2020-05-14','15:31:57',28.2365987,12.563547,2);
INSERT INTO registries(id,record_type,dates,times,latitude,longitude,user_id) VALUES (12,'CHECKOUT','2020-05-14','18:07:53',28.2365987,12.563547,2);
INSERT INTO registries(id,record_type,dates,times,latitude,longitude,user_id) VALUES (13,'CHECKIN','2020-05-15','09:00:23',28.2365987,12.563547,2);
INSERT INTO registries(id,record_type,dates,times,latitude,longitude,user_id) VALUES (14,'PAUSE','2020-05-15','14:22:36',28.2365987,12.563547,2);
INSERT INTO registries(id,record_type,dates,times,latitude,longitude,user_id) VALUES (15,'BACK','2020-05-15','15:31:57',28.2365987,12.563547,2);
INSERT INTO registries(id,record_type,dates,times,latitude,longitude,user_id) VALUES (16,'CHECKOUT','2020-05-15','18:07:53',28.2365987,12.563547,2);
INSERT INTO registries(id,record_type,dates,times,latitude,longitude,user_id) VALUES (17,'CHECKIN','2020-05-16','09:00:23',28.2365987,12.563547,2);
INSERT INTO registries(id,record_type,dates,times,latitude,longitude,user_id) VALUES (18,'PAUSE','2020-05-16','14:22:36',28.2365987,12.563547,2);
INSERT INTO registries(id,record_type,dates,times,latitude,longitude,user_id) VALUES (19,'BACK','2020-05-16','15:31:57',28.2365987,12.563547,2);
INSERT INTO registries(id,record_type,dates,times,latitude,longitude,user_id) VALUES (20,'CHECKIN','2020-05-23','09:00:23',28.2365987,12.563547,3);
INSERT INTO registries(id,record_type,dates,times,latitude,longitude,user_id) VALUES (21,'PAUSE','2020-05-23','14:22:36',28.2365987,12.563547,3);
INSERT INTO registries(id,record_type,dates,times,latitude,longitude,user_id) VALUES (22,'BACK','2020-05-23','15:31:57',28.2365987,12.563547,3);
INSERT INTO registries(id,record_type,dates,times,latitude,longitude,user_id) VALUES (23,'CHECKOUT','2020-05-23','18:07:53',28.2365987,12.563547,3);
INSERT INTO registries(id,record_type,dates,times,latitude,longitude,user_id) VALUES (24,'CHECKIN','2020-05-23','09:00:23',28.2365987,12.563547,4);
INSERT INTO registries(id,record_type,dates,times,latitude,longitude,user_id) VALUES (25,'CHECKOUT','2020-05-23','14:07:53',28.2365987,12.563547,4);