
connect to sebeapps;

create schema spg;

create table spg.merchant (
	merchant_id integer not null generated always as identity (start with 1, increment by 1, cache 20, no minvalue, no maxvalue, no cycle, no order),
	merchant_name varchar(50) not null,
	description varchar(500) null,
	sign_secret varchar(64) not null,
	minimum_payment decimal(13,2) null,
	maximum_payment decimal(13,2) null,
	s2s_payment_update_url varchar(1000) not null,
	client_payment_update_url varchar(1000) null,
	enabled integer not null with default 1,
	last_updated_by varchar(50) null,
	last_updated_datetime timestamp generated by default for each row on update as row change timestamp not null,
	created_by varchar(50) not null,
	created_datetime timestamp with default current timestamp not null,
	primary key(merchant_id)
);

create unique index idx_spg_merchant_uniq_name ON spg.merchant(upper(merchant_name));

insert into spg.merchant (merchant_name, description, sign_secret, s2s_payment_update_url, enabled, created_by) values ('SEBCARES', 'SEBCares Merchant', '$8d5=%v9u&JRynXB', 'http://10.110.30.54:8080/SEB-Middleware/spgdirect', 1, '*' );

create table spg.gateway (
	gateway_id varchar(50) not null,
	description varchar(500) null,
	minimum_payment decimal(13,2) null,
	maximum_payment decimal(13,2) null,
	enabled integer not null with default 1,
	last_updated_by varchar(50) null,
	last_updated_datetime timestamp generated by default for each row on update as row change timestamp not null,
	primary key(gateway_id)
);

create table spg.gateway_config (
	gateway_id varchar(50) not null,
	config_key varchar(100) not null,
	config_value clob not null,
	last_updated_by varchar(50) null,
	last_updated_datetime timestamp generated by default for each row on update as row change timestamp not null,
	created_by varchar(50) not null,
	created_datetime timestamp with default current timestamp not null,
	primary key(gateway_id, config_key),
	foreign key fk_gateway_config_gateway_id (gateway_id) references spg.gateway on delete cascade
);

insert into spg.gateway (gateway_id, description, minimum_payment, maximum_payment, enabled) values ('FPX', 'MyClear FPX - B2B B2C Real-time Bank Transfer Service', 1.00, 1000000.00, 1);

insert into spg.gateway_config (gateway_id, config_key, config_value, created_by) values ('FPX', 'MERCHANT_ID', 'SE00005254', '*');
insert into spg.gateway_config (gateway_id, config_key, config_value, created_by) values ('FPX', 'EXCHANGE_ID', 'EX00004669', '*');
insert into spg.gateway_config (gateway_id, config_key, config_value, created_by) values ('FPX', 'SELLER_BANK_CODE', '01', '*');
insert into spg.gateway_config (gateway_id, config_key, config_value, created_by) values ('FPX', 'VERSION', '5.0', '*');
insert into spg.gateway_config (gateway_id, config_key, config_value, created_by) values ('FPX', 'SUBMIT_URL', 'https://uat.mepsfpx.com.my/FPXMain/seller2DReceiver.jsp', '*');
insert into spg.gateway_config (gateway_id, config_key, config_value, created_by) values ('FPX', 'QUERY_URL', 'https://uat.mepsfpx.com.my/FPXMain/sellerNVPTxnStatus.jsp', '*');
insert into spg.gateway_config (gateway_id, config_key, config_value, created_by) values ('FPX', 'BANK_LISTING_URL', 'https://uat.mepsfpx.com.my/FPXMain/RetrieveBankList', '*');
insert into spg.gateway_config (gateway_id, config_key, config_value, created_by) values ('FPX', 'CSR_COUNTRY_NAME', 'MY', '*');
insert into spg.gateway_config (gateway_id, config_key, config_value, created_by) values ('FPX', 'CSR_STATE_OR_PROVINCE_NAME', 'Sarawak', '*');
insert into spg.gateway_config (gateway_id, config_key, config_value, created_by) values ('FPX', 'CSR_LOCALITY_NAME', 'Kuching', '*');
insert into spg.gateway_config (gateway_id, config_key, config_value, created_by) values ('FPX', 'CSR_ORGANIZATION_NAME', 'SESCO', '*');
insert into spg.gateway_config (gateway_id, config_key, config_value, created_by) values ('FPX', 'CSR_ORGANIZATION_UNIT', 'HQ', '*');
insert into spg.gateway_config (gateway_id, config_key, config_value, created_by) values ('FPX', 'CSR_COMMON_NAME', 'SESCO', '*');
insert into spg.gateway_config (gateway_id, config_key, config_value, created_by) values ('FPX', 'CSR_EMAIL', 'SEBCARESPAYMENT@SARAWAKENERGY.COM.MY', '*');
insert into spg.gateway_config (gateway_id, config_key, config_value, created_by) values ('FPX', 'CERTIFICATE_EXPIRY_WARNING_DAYS_BEFORE', '30', '*');
insert into spg.gateway_config (gateway_id, config_key, config_value, created_by) values ('FPX', 'CERTIFICATE_EXPIRY_WARNING_EMAIL', 'peirhwa.soo@isentric.com,paul.kanwj@sarawakenergy.com.my,pohpc@sarawakenergy.com.my,Dzafri@sarawakenergy.com.my', '*');

insert into spg.gateway (gateway_id, description, minimum_payment, maximum_payment, enabled) values ('MBB', 'Maybank Credit Card Payment Service', 1.00, 5000.00, 1);
insert into spg.gateway_config (gateway_id, config_key, config_value, created_by) values ('MBB', 'SUBMIT_URL', 'https://ebpgcards.maybank.com/BPG/admin/payment/PaymentInterfaceSimulator.jsp', '*');
insert into spg.gateway_config (gateway_id, config_key, config_value, created_by) values ('MBB', 'QUERY_URL', 'https://ebpgcards.maybank.com/BPG/admin/payment/process_simulator', '*');
insert into spg.gateway_config (gateway_id, config_key, config_value, created_by) values ('MBB', 'MERCHANT_ID', '02700770364875001454', '*');
insert into spg.gateway_config (gateway_id, config_key, config_value, created_by) values ('MBB', 'HASH_KEY', 'xE6P3esX', '*');
insert into spg.gateway_config (gateway_id, config_key, config_value, created_by) values ('MBB', 'AMEX_MERCHANT_ID', '02701700467275100309', '*');
insert into spg.gateway_config (gateway_id, config_key, config_value, created_by) values ('MBB', 'AMEX_HASH_KEY', 'tNbA8Yc4', '*');

create table spg.fpx_bank(
	bank_id int not null generated always as identity (start with 1000, increment by 1, cache 20, no minvalue, no maxvalue, no cycle, no order),
	bank_fpx_id varchar(10) not null,
	bank_name varchar(200) null,
	bank_type varchar(4) not null,
	logo blob null,
	enabled integer not null with default 1,
	deleted integer not null with default 0,
	last_updated_by varchar(50) null,
	last_updated_datetime timestamp generated by default for each row on update as row change timestamp not null,
	created_by varchar(50) not null,
	created_datetime timestamp with default current timestamp not null,
	primary key(bank_id)
);

create unique index idx_spg_fpx_bank_uniq_fpx_id on spg.fpx_bank (bank_type, bank_fpx_id);

create table spg.payment (
	payment_id bigint not null generated always as identity (start with 1000000, increment by 1, cache 20, no minvalue, no maxvalue, no cycle, no order),
	merchant_id integer not null,	
	merchant_transaction_id varchar(25) not null,
	amount decimal(13,2) not null,
	customer_email varchar(254) null,
	customer_username varchar(50) null,
	status varchar(16) not null,
	product_description varchar(30) not null,
	client_return_url varchar(1000) not null,
	gateway_id varchar(50) not null,
	gateway_transaction_id varchar(25) null,
	gateway_authorization_datetime timestamp null,
	gateway_status_id bigint null,
	merchant_s2s_status_id bigint null,
	merchant_client_status_id bigint null,
	last_updated_by varchar(50) null,
	last_updated_datetime timestamp generated by default for each row on update as row change timestamp not null,
	created_by varchar(50) not null,
	created_datetime timestamp with default current timestamp not null,
	primary key(payment_id),
	foreign key fk_payment_merchant_id (merchant_id) references spg.merchant on delete restrict,
	foreign key fk_payment_gateway_id (gateway_id) references spg.gateway on delete restrict
);

create unique index idx_spg_payment_uniq_trans_id on spg.payment (merchant_id, merchant_transaction_id);
create index idx_spg_payment_unnotified on spg.payment (status, gateway_authorization_datetime);

create table spg.payment_data (
	payment_data_id bigint not null generated always as identity (start with 1, increment by 1, cache 20, no minvalue, no maxvalue, no cycle, no order),
	payment_id bigint not null,	
	payment_data_name varchar(50) not null,
	payment_data_value varchar(1024) null,
	primary key(payment_data_id),
	foreign key fk_payment_data_payment_id (payment_id) references spg.payment on delete cascade
);

create table spg.status (
	status_id bigint not null generated always as identity (start with 1000, increment by 1, cache 20, no minvalue, no maxvalue, no cycle, no order),
	payment_id bigint not null,
	status varchar(50) not null,
	direction varchar(15) not null,
	remark varchar(500) null,
	created_datetime timestamp with default current timestamp not null,
	primary key(status_id),
	foreign key fk_status_payment_id (payment_id) references spg.payment on delete cascade
);

alter table spg.payment add constraint fk_payment_gateway_status_id foreign key (gateway_status_id) references spg.status (status_id);
alter table spg.payment add constraint fk_payment_merchant_s2s_status_id foreign key (merchant_s2s_status_id) references spg.status (status_id);
alter table spg.payment add constraint fk_payment_merchant_client_status_id foreign key (merchant_client_status_id) references spg.status (status_id);

create table spg.config (
	config_key varchar(100) not null,
	config_value clob not null,
	last_updated_by varchar(50) null,
	last_updated_datetime timestamp generated by default for each row on update as row change timestamp not null,
	created_by varchar(50) not null,
	created_datetime timestamp with default current timestamp not null,
	primary key(config_key)
);

insert into spg.config (config_key, config_value, created_by) values ('S2S_UPDATE_RETRY_WITHIN_MINUTES', '10', '*');
insert into spg.config (config_key, config_value, created_by) values ('S2S_UPDATE_TIMEOUT_SECONDS', '30', '*');
insert into spg.config (config_key, config_value, created_by) values ('GATEWAY_QUERY_TIMEOUT_SECONDS', '30', '*');
insert into spg.config (config_key, config_value, created_by) values ('EMAIL_SENDER', 'seb.payment@sarawakenergy.com.my', '*');
insert into spg.config (config_key, config_value, created_by) values ('PUBLIC_WEB_PATH', 'https://sebcarestest.sarawakenergy.com.my/sebpayment', '*');
insert into spg.config (config_key, config_value, created_by) values ('SPG_BYPASS_GATEWAY_ROUTING', 'false', '*');
insert into spg.config (config_key, config_value, created_by) values ('SPG_BYPASS_GATEWAY_STATIC_STATUS', '', '*');
insert into spg.config (config_key, config_value, created_by) values ('SPG_TEST_MODE_ENABLED', 'false', '*');

create table spg.api_user (
	user_id varchar(20) not null,
	password varchar(128) null,
	created_by varchar(50) not null,
	created_datetime timestamp with default current timestamp not null,
	primary key(user_id)
);

insert into spg.api_user (user_id, password, created_by) values ('SEBCARES', '06de4b144181f220520b96d6abcee7f59b4d8321802bfe4429a00d9fae62cde1f47d1a196a6ad2e866579111be1252c172444ceabd5375ca088cb1842e60e5f2', '*');


