-- phpMyAdmin SQL Dump
-- version 4.5.1
-- http://www.phpmyadmin.net
--
-- Host: 127.0.0.1
-- Generation Time: Aug 17, 2019 at 04:46 PM
-- Server version: 10.1.9-MariaDB
-- PHP Version: 5.6.15

SET SQL_MODE = "NO_AUTO_VALUE_ON_ZERO";
SET time_zone = "+00:00";


/*!40101 SET @OLD_CHARACTER_SET_CLIENT=@@CHARACTER_SET_CLIENT */;
/*!40101 SET @OLD_CHARACTER_SET_RESULTS=@@CHARACTER_SET_RESULTS */;
/*!40101 SET @OLD_COLLATION_CONNECTION=@@COLLATION_CONNECTION */;
/*!40101 SET NAMES utf8mb4 */;

--
-- Database: `spkwpbps`
--

-- --------------------------------------------------------

--
-- Table structure for table `admin`
--

CREATE TABLE `admin` (
  `id` int(11) NOT NULL,
  `username` varchar(255) NOT NULL,
  `password` varchar(255) NOT NULL
) ENGINE=InnoDB DEFAULT CHARSET=latin1;

--
-- Dumping data for table `admin`
--

INSERT INTO `admin` (`id`, `username`, `password`) VALUES
(1, 'dimas', '7d49e40f4b3d8f68c19406a58303f826');

-- --------------------------------------------------------

--
-- Table structure for table `tbl_alternatif`
--

CREATE TABLE `tbl_alternatif` (
  `nis` varchar(20) NOT NULL,
  `nama` varchar(50) NOT NULL,
  `jk` enum('Laki-Laki','Perempuan') NOT NULL,
  `alamat` varchar(150) NOT NULL,
  `tempat_lahir` varchar(100) NOT NULL,
  `tanggal_lahir` date NOT NULL,
  `nohp` text NOT NULL
) ENGINE=InnoDB DEFAULT CHARSET=latin1;

--
-- Dumping data for table `tbl_alternatif`
--

INSERT INTO `tbl_alternatif` (`nis`, `nama`, `jk`, `alamat`, `tempat_lahir`, `tanggal_lahir`, `nohp`) VALUES
('12412', 'dasdsda', 'Laki-Laki', '', '', '0000-00-00', ''),
('3273170512800003', 'Djoenaedi Santoso', 'Laki-Laki', 'Bandung', 'Bandung', '1960-05-29', '08134342125323'),
('3273171011680005', 'yahya sugandi', 'Laki-Laki', 'jl. uranus utama', 'jakarta', '1968-11-10', '082119068491'),
('327317110370003', 'muhamad dani', 'Laki-Laki', 'situsaeur, bojongloa kidul', 'bandung', '1970-03-11', '089509007099'),
('3273171506840016', 'dani ramdani', 'Laki-Laki', 'kebon lega, bojongloa kidul', 'bandung', '0000-00-00', '0896467330084'),
('3273171908680003', 'adnan murtamanata', 'Laki-Laki', 'situsaeur, bojongloa kidul', 'bandung', '1968-08-19', '083821070147'),
('3273172208750005', 'agus sofyan husen', 'Laki-Laki', 'situsaeur, bojongloa kidul', 'bandung', '1975-08-22', '081299859200'),
('3273172707000002', 'fauzy putra pratama', 'Laki-Laki', 'mekar wangi, bojongloa kidul', 'bandung', '2000-07-27', '088222306730'),
('3273173005880001', 'rosadi', 'Laki-Laki', 'kebon lega, bojongloa kidul', 'bandung', '1985-05-20', '082219137245'),
('327317300680001', 'ahmad fatony', 'Laki-Laki', 'situsaeur, bojongloa kidul', 'bandung', '1978-11-25', '0895333803251'),
('3273174505970002', 'Sita Meireta Putri', 'Perempuan', 'situsaeur, bojongloa kidul', 'bandung', '1997-05-05', '089656290771'),
('3273174804960002', 'riri safitri', 'Perempuan', 'mekar wangi, bojongloa kidul', 'bandung', '1996-04-08', '087745421612'),
('3273174907990001', 'amelia firdauz', 'Perempuan', 'cibaduyut wetan, bojongloa kidul', 'bandung', '1999-07-09', '0895330737533'),
('3273175303970001', 'ratu rima marfila', 'Perempuan', 'cibaduyut wetan, bojongloa kidul', 'bandung', '1997-03-13', '089661550935'),
('3273175504980004', 'Ririn nur aprianti', 'Laki-Laki', 'Cibaduyut, Bojongloa Kidul', 'bandung', '1995-03-05', '0895344183686'),
('3273175505780005', 'siti maryani', 'Perempuan', 'cibaduyut wetan, bojongloa kidul', 'bandung', '1978-05-15', '087821220256'),
('3273175507860003', 'wulan yulianti', 'Perempuan', 'cibaduyut kidul, bojongloa kidul', 'bandung', '1986-07-15', '089670120655'),
('3273175607670001', 'enita susanti', 'Perempuan', 'cibaduyut wetan, bojongloa kidul', 'bandung', '1967-07-16', '082218978653'),
('3273175808650005', 'dede sumiati', 'Perempuan', 'mekar wangi, bojongloa kidul', 'bandung', '1965-08-18', '082240523621'),
('3273176505780005', 'imas ati r', 'Perempuan', 'cibaduyut wetan, bojongloa kidul', 'bandung', '1978-05-25', '082117992492'),
('3273177003000001', 'nadya nur fadilah', 'Perempuan', 'mekar wangi, bojongloa kidul', 'bandung', '0000-00-00', '087825825960'),
('327320601790003', 'aggi yanuar sabela', 'Laki-Laki', 'jl. megarsari', 'bandung', '1979-01-06', '082127399834'),
('3273220408970003', 'kustriana', 'Laki-Laki', 'margaluyu', 'bandung', '1997-08-04', '08994929779'),
('3273221303600001', 'm. naufal', 'Laki-Laki', 'jl. kencana puri V', 'bandung', '1960-03-13', '08113141434'),
('3273222505990002', 'Andriansyah Surya pratama', 'Laki-Laki', 'jl. margaluyu', 'bandung', '1999-05-25', '0895351912050'),
('3273222612730003', 'terri', 'Laki-Laki', 'cipaganti graha', 'cirebon', '1973-12-26', '0812236754678'),
('3273224101820004', 'nina cumina', 'Perempuan', 'margasari 161', 'bandung', '1982-01-01', '085864420224'),
('3273224411650002', 'imas lihyani', 'Perempuan', 'jl. cijawura', 'bandung', '1965-04-11', '085722334839'),
('3273226806740006', 'je&#039;ah', 'Perempuan', 'jl. margacinta', 'bandung', '1974-06-28', '083831130795'),
('327326701800002', 'fenny kardiany', 'Laki-Laki', 'jl. pluto utara IV', 'bandung', '1980-01-27', '081572130553');

-- --------------------------------------------------------

--
-- Table structure for table `tbl_evaluasi`
--

CREATE TABLE `tbl_evaluasi` (
  `id_evaluasi` int(11) NOT NULL,
  `id_subkriteria` int(11) NOT NULL,
  `nis` varchar(20) NOT NULL,
  `nilai` int(11) NOT NULL
) ENGINE=InnoDB DEFAULT CHARSET=latin1;

--
-- Dumping data for table `tbl_evaluasi`
--

INSERT INTO `tbl_evaluasi` (`id_evaluasi`, `id_subkriteria`, `nis`, `nilai`) VALUES
(371, 55, '327326701800002', 2),
(372, 56, '327326701800002', 2),
(373, 57, '327326701800002', 2),
(374, 58, '327326701800002', 1),
(375, 59, '327326701800002', 2),
(376, 60, '327326701800002', 1),
(377, 61, '327326701800002', 1),
(378, 62, '327326701800002', 2),
(379, 63, '327326701800002', 3),
(380, 55, '3273224411650002', 2),
(381, 56, '3273224411650002', 2),
(382, 57, '3273224411650002', 2),
(383, 58, '3273224411650002', 1),
(384, 59, '3273224411650002', 2),
(385, 60, '3273224411650002', 1),
(386, 61, '3273224411650002', 1),
(387, 62, '3273224411650002', 1),
(388, 63, '3273224411650002', 1),
(389, 55, '3273221303600001', 2),
(390, 56, '3273221303600001', 2),
(391, 57, '3273221303600001', 2),
(392, 58, '3273221303600001', 1),
(393, 59, '3273221303600001', 2),
(394, 60, '3273221303600001', 1),
(395, 61, '3273221303600001', 0),
(396, 62, '3273221303600001', 0),
(397, 63, '3273221303600001', 0),
(398, 55, '3273224101820004', 2),
(399, 56, '3273224101820004', 2),
(400, 57, '3273224101820004', 2),
(401, 58, '3273224101820004', 1),
(402, 59, '3273224101820004', 2),
(403, 60, '3273224101820004', 1),
(404, 61, '3273224101820004', 1),
(405, 62, '3273224101820004', 2),
(406, 63, '3273224101820004', 2),
(407, 55, '3273171011680005', 2),
(408, 56, '3273171011680005', 2),
(409, 57, '3273171011680005', 2),
(410, 58, '3273171011680005', 1),
(411, 59, '3273171011680005', 2),
(412, 60, '3273171011680005', 1),
(413, 61, '3273171011680005', 1),
(414, 62, '3273171011680005', 1),
(415, 63, '3273171011680005', 1),
(416, 55, '3273222612730003', 2),
(417, 56, '3273222612730003', 2),
(418, 57, '3273222612730003', 2),
(419, 58, '3273222612730003', 1),
(420, 59, '3273222612730003', 2),
(421, 60, '3273222612730003', 1),
(422, 61, '3273222612730003', 1),
(423, 62, '3273222612730003', 2),
(424, 63, '3273222612730003', 3),
(425, 55, '3273226806740006', 2),
(426, 56, '3273226806740006', 2),
(427, 57, '3273226806740006', 2),
(428, 58, '3273226806740006', 1),
(429, 59, '3273226806740006', 2),
(430, 60, '3273226806740006', 0),
(431, 61, '3273226806740006', 1),
(432, 62, '3273226806740006', 2),
(433, 63, '3273226806740006', 1),
(434, 55, '3273222505990002', 2),
(435, 56, '3273222505990002', 2),
(436, 57, '3273222505990002', 2),
(437, 58, '3273222505990002', 1),
(438, 59, '3273222505990002', 2),
(439, 60, '3273222505990002', 1),
(440, 61, '3273222505990002', 1),
(441, 62, '3273222505990002', 2),
(442, 63, '3273222505990002', 2),
(443, 55, '3273220408970003', 2),
(444, 56, '3273220408970003', 2),
(445, 57, '3273220408970003', 2),
(446, 58, '3273220408970003', 1),
(447, 59, '3273220408970003', 2),
(448, 60, '3273220408970003', 1),
(449, 61, '3273220408970003', 1),
(450, 62, '3273220408970003', 2),
(451, 63, '3273220408970003', 2),
(452, 55, '327320601790003', 2),
(453, 56, '327320601790003', 2),
(454, 57, '327320601790003', 2),
(455, 58, '327320601790003', 1),
(456, 59, '327320601790003', 2),
(457, 60, '327320601790003', 1),
(458, 61, '327320601790003', 1),
(459, 62, '327320601790003', 2),
(460, 63, '327320601790003', 2),
(461, 55, '3273170512800003', 2),
(462, 56, '3273170512800003', 2),
(463, 57, '3273170512800003', 2),
(464, 58, '3273170512800003', 1),
(465, 59, '3273170512800003', 2),
(466, 60, '3273170512800003', 1),
(467, 61, '3273170512800003', 1),
(468, 62, '3273170512800003', 1),
(469, 63, '3273170512800003', 1),
(479, 55, '3273175504980004', 2),
(480, 56, '3273175504980004', 2),
(481, 57, '3273175504980004', 2),
(482, 58, '3273175504980004', 1),
(483, 59, '3273175504980004', 2),
(484, 60, '3273175504980004', 1),
(485, 61, '3273175504980004', 1),
(486, 62, '3273175504980004', 2),
(487, 63, '3273175504980004', 2),
(488, 55, '3273174505970002', 2),
(489, 56, '3273174505970002', 2),
(490, 57, '3273174505970002', 1),
(491, 58, '3273174505970002', 1),
(492, 59, '3273174505970002', 2),
(493, 60, '3273174505970002', 1),
(494, 61, '3273174505970002', 1),
(495, 62, '3273174505970002', 2),
(496, 63, '3273174505970002', 1),
(497, 55, '327317110370003', 2),
(498, 56, '327317110370003', 2),
(499, 57, '327317110370003', 2),
(500, 58, '327317110370003', 1),
(501, 59, '327317110370003', 2),
(502, 60, '327317110370003', 1),
(503, 61, '327317110370003', 0),
(504, 62, '327317110370003', 0),
(505, 63, '327317110370003', 0),
(506, 55, '3273171908680003', 2),
(507, 56, '3273171908680003', 2),
(508, 57, '3273171908680003', 2),
(509, 58, '3273171908680003', 0),
(510, 59, '3273171908680003', 0),
(511, 60, '3273171908680003', 0),
(512, 61, '3273171908680003', 0),
(513, 62, '3273171908680003', 0),
(514, 63, '3273171908680003', 0),
(515, 55, '327317300680001', 2),
(516, 56, '327317300680001', 2),
(517, 57, '327317300680001', 2),
(518, 58, '327317300680001', 1),
(519, 59, '327317300680001', 2),
(520, 60, '327317300680001', 1),
(521, 61, '327317300680001', 1),
(522, 62, '327317300680001', 0),
(523, 63, '327317300680001', 1),
(524, 55, '3273174907990001', 2),
(525, 56, '3273174907990001', 2),
(526, 57, '3273174907990001', 2),
(527, 58, '3273174907990001', 1),
(528, 59, '3273174907990001', 2),
(529, 60, '3273174907990001', 1),
(530, 61, '3273174907990001', 1),
(531, 62, '3273174907990001', 2),
(532, 63, '3273174907990001', 3),
(533, 55, '3273175507860003', 2),
(534, 56, '3273175507860003', 2),
(535, 57, '3273175507860003', 2),
(536, 58, '3273175507860003', 1),
(537, 59, '3273175507860003', 2),
(538, 60, '3273175507860003', 1),
(539, 61, '3273175507860003', 1),
(540, 62, '3273175507860003', 2),
(541, 63, '3273175507860003', 2),
(542, 55, '3273172208750005', 2),
(543, 56, '3273172208750005', 2),
(544, 57, '3273172208750005', 2),
(545, 58, '3273172208750005', 1),
(546, 59, '3273172208750005', 2),
(547, 60, '3273172208750005', 1),
(548, 61, '3273172208750005', 0),
(549, 62, '3273172208750005', 0),
(550, 63, '3273172208750005', 0),
(551, 55, '3273171506840016', 2),
(552, 56, '3273171506840016', 2),
(553, 57, '3273171506840016', 2),
(554, 58, '3273171506840016', 1),
(555, 59, '3273171506840016', 2),
(556, 60, '3273171506840016', 0),
(557, 61, '3273171506840016', 1),
(558, 62, '3273171506840016', 2),
(559, 63, '3273171506840016', 1),
(560, 55, '3273173005880001', 2),
(561, 56, '3273173005880001', 2),
(562, 57, '3273173005880001', 2),
(563, 58, '3273173005880001', 1),
(564, 59, '3273173005880001', 2),
(565, 60, '3273173005880001', 1),
(566, 61, '3273173005880001', 1),
(567, 62, '3273173005880001', 0),
(568, 63, '3273173005880001', 1),
(569, 55, '3273177003000001', 2),
(570, 56, '3273177003000001', 2),
(571, 57, '3273177003000001', 2),
(572, 58, '3273177003000001', 1),
(573, 59, '3273177003000001', 2),
(574, 60, '3273177003000001', 1),
(575, 61, '3273177003000001', 1),
(576, 62, '3273177003000001', 2),
(577, 63, '3273177003000001', 3),
(578, 55, '3273172707000002', 2),
(579, 56, '3273172707000002', 2),
(580, 57, '3273172707000002', 2),
(581, 58, '3273172707000002', 1),
(582, 59, '3273172707000002', 2),
(583, 60, '3273172707000002', 1),
(584, 61, '3273172707000002', 1),
(585, 62, '3273172707000002', 2),
(586, 63, '3273172707000002', 2),
(587, 55, '3273174804960002', 2),
(588, 56, '3273174804960002', 2),
(589, 57, '3273174804960002', 2),
(590, 58, '3273174804960002', 1),
(591, 59, '3273174804960002', 2),
(592, 60, '3273174804960002', 1),
(593, 61, '3273174804960002', 1),
(594, 62, '3273174804960002', 2),
(595, 63, '3273174804960002', 3),
(596, 55, '3273175808650005', 2),
(597, 56, '3273175808650005', 2),
(598, 57, '3273175808650005', 2),
(599, 58, '3273175808650005', 1),
(600, 59, '3273175808650005', 2),
(601, 60, '3273175808650005', 1),
(602, 61, '3273175808650005', 1),
(603, 62, '3273175808650005', 2),
(604, 63, '3273175808650005', 2),
(605, 55, '3273175303970001', 2),
(606, 56, '3273175303970001', 2),
(607, 57, '3273175303970001', 2),
(608, 58, '3273175303970001', 1),
(609, 59, '3273175303970001', 2),
(610, 60, '3273175303970001', 1),
(611, 61, '3273175303970001', 1),
(612, 62, '3273175303970001', 2),
(613, 63, '3273175303970001', 2),
(614, 55, '3273175505780005', 2),
(615, 56, '3273175505780005', 2),
(616, 57, '3273175505780005', 2),
(617, 58, '3273175505780005', 1),
(618, 59, '3273175505780005', 2),
(619, 60, '3273175505780005', 1),
(620, 61, '3273175505780005', 1),
(621, 62, '3273175505780005', 2),
(622, 63, '3273175505780005', 3),
(623, 55, '3273176505780005', 2),
(624, 56, '3273176505780005', 2),
(625, 57, '3273176505780005', 2),
(626, 58, '3273176505780005', 1),
(627, 59, '3273176505780005', 2),
(628, 60, '3273176505780005', 1),
(629, 61, '3273176505780005', 1),
(630, 62, '3273176505780005', 1),
(631, 63, '3273176505780005', 2),
(632, 55, '3273175607670001', 2),
(633, 56, '3273175607670001', 2),
(634, 57, '3273175607670001', 2),
(635, 58, '3273175607670001', 1),
(636, 59, '3273175607670001', 2),
(637, 60, '3273175607670001', 1),
(638, 61, '3273175607670001', 1),
(639, 62, '3273175607670001', 2),
(640, 63, '3273175607670001', 2),
(641, 55, '12412', 2),
(642, 56, '12412', 1),
(643, 57, '12412', 1),
(644, 58, '12412', 1),
(645, 59, '12412', 1),
(646, 60, '12412', 1),
(647, 61, '12412', 1),
(648, 62, '12412', 1),
(649, 63, '12412', 1);

-- --------------------------------------------------------

--
-- Table structure for table `tbl_kriteria`
--

CREATE TABLE `tbl_kriteria` (
  `id_kriteria` int(11) NOT NULL,
  `nama_kriteria` varchar(70) NOT NULL,
  `bobot` float NOT NULL,
  `hasil_bobot` float NOT NULL
) ENGINE=InnoDB DEFAULT CHARSET=latin1;

--
-- Dumping data for table `tbl_kriteria`
--

INSERT INTO `tbl_kriteria` (`id_kriteria`, `nama_kriteria`, `bobot`, `hasil_bobot`) VALUES
(22, 'Wawancara', 5, 1);

-- --------------------------------------------------------

--
-- Table structure for table `tbl_subkriteria`
--

CREATE TABLE `tbl_subkriteria` (
  `id_subkriteria` int(11) NOT NULL,
  `id_kriteria` int(11) NOT NULL,
  `nama_subkriteria` varchar(70) NOT NULL,
  `bobot` int(11) NOT NULL,
  `hasil_bobot` float NOT NULL,
  `bobot_global` float NOT NULL
) ENGINE=InnoDB DEFAULT CHARSET=latin1;

--
-- Dumping data for table `tbl_subkriteria`
--

INSERT INTO `tbl_subkriteria` (`id_subkriteria`, `id_kriteria`, `nama_subkriteria`, `bobot`, `hasil_bobot`, `bobot_global`) VALUES
(55, 22, 'Kesiapan Pelatihan', 5, 0.131579, 0.131579),
(56, 22, 'Kesiapan Kegiatan Lapangan', 5, 0.131579, 0.131579),
(57, 22, 'Kesiapan Lintas Kelurahan', 4, 0.105263, 0.105263),
(58, 22, 'Menguasai Handphone Android', 5, 0.131579, 0.131579),
(59, 22, 'Memiliki Handphone Sendiri', 3, 0.0789474, 0.0789474),
(60, 22, 'Spesifikasi Handphone Memenuhi', 5, 0.131579, 0.131579),
(61, 22, 'Menggunakan Peta Digital ', 5, 0.131579, 0.131579),
(62, 22, 'Menunjukan Posisi Saat Ini Pada Peta Digital', 3, 0.0789474, 0.0789474),
(63, 22, 'Kemampuan Praktek foto SW MAP', 3, 0.0789474, 0.0789474);

--
-- Indexes for dumped tables
--

--
-- Indexes for table `admin`
--
ALTER TABLE `admin`
  ADD PRIMARY KEY (`id`);

--
-- Indexes for table `tbl_alternatif`
--
ALTER TABLE `tbl_alternatif`
  ADD PRIMARY KEY (`nis`);

--
-- Indexes for table `tbl_evaluasi`
--
ALTER TABLE `tbl_evaluasi`
  ADD PRIMARY KEY (`id_evaluasi`),
  ADD KEY `fk_id_subkriteria` (`id_subkriteria`),
  ADD KEY `fk_nis_alternatif` (`nis`);

--
-- Indexes for table `tbl_kriteria`
--
ALTER TABLE `tbl_kriteria`
  ADD PRIMARY KEY (`id_kriteria`);

--
-- Indexes for table `tbl_subkriteria`
--
ALTER TABLE `tbl_subkriteria`
  ADD PRIMARY KEY (`id_subkriteria`),
  ADD KEY `fk_id_kriteria` (`id_kriteria`);

--
-- AUTO_INCREMENT for dumped tables
--

--
-- AUTO_INCREMENT for table `admin`
--
ALTER TABLE `admin`
  MODIFY `id` int(11) NOT NULL AUTO_INCREMENT, AUTO_INCREMENT=2;
--
-- AUTO_INCREMENT for table `tbl_evaluasi`
--
ALTER TABLE `tbl_evaluasi`
  MODIFY `id_evaluasi` int(11) NOT NULL AUTO_INCREMENT, AUTO_INCREMENT=650;
--
-- AUTO_INCREMENT for table `tbl_kriteria`
--
ALTER TABLE `tbl_kriteria`
  MODIFY `id_kriteria` int(11) NOT NULL AUTO_INCREMENT, AUTO_INCREMENT=23;
--
-- AUTO_INCREMENT for table `tbl_subkriteria`
--
ALTER TABLE `tbl_subkriteria`
  MODIFY `id_subkriteria` int(11) NOT NULL AUTO_INCREMENT, AUTO_INCREMENT=64;
--
-- Constraints for dumped tables
--

--
-- Constraints for table `tbl_evaluasi`
--
ALTER TABLE `tbl_evaluasi`
  ADD CONSTRAINT `fk_id_subkriteria` FOREIGN KEY (`id_subkriteria`) REFERENCES `tbl_subkriteria` (`id_subkriteria`) ON DELETE CASCADE,
  ADD CONSTRAINT `fk_nis_alternatif` FOREIGN KEY (`nis`) REFERENCES `tbl_alternatif` (`nis`) ON DELETE CASCADE;

--
-- Constraints for table `tbl_subkriteria`
--
ALTER TABLE `tbl_subkriteria`
  ADD CONSTRAINT `fk_id_kriteria` FOREIGN KEY (`id_kriteria`) REFERENCES `tbl_kriteria` (`id_kriteria`) ON DELETE CASCADE;

/*!40101 SET CHARACTER_SET_CLIENT=@OLD_CHARACTER_SET_CLIENT */;
/*!40101 SET CHARACTER_SET_RESULTS=@OLD_CHARACTER_SET_RESULTS */;
/*!40101 SET COLLATION_CONNECTION=@OLD_COLLATION_CONNECTION */;
