﻿SET IDENTITY_INSERT [dbo].[Artiste] ON
INSERT INTO [dbo].[Artiste] ([Id], [Nom], [UrlPhoto], [PaysOrigine], [Style], [Descriptif], [UrlExtraitMusical]) VALUES (2, N'Philippe Katerine', N'../images/artistes/Philippe_Katerine.jpg', N'France', N'Chanson française', N'Libre, populaire, inclassable, instinctif, génialement touche-à-tout et sans limites, bref fascinant, tel est Philippe Katerine. Après une brillante parenthèse cinéma couronnée notamment par un césar pour le Grand Bain, son 10ème album Confessions est un sommet à la fois moderne et iconoclaste, dansant et politique, frontal et touchant, sensuel et engagé. Ouvert à tous les styles musicaux : pop, chanson électro, hip-hop, il collabore avec toutes les générations d’artistes et parlent à tous les publics. Sur scène, il nous embarque dans son univers poétique, décalé, envoûtant. Avec lui soyez prêt à passer un moment unique, stratosphérique et totalement jouissif le jeudi 2 juillet au festival Beauregard.', N'https://open.spotify.com/track/47W27gtGCbdCsJDfLNnmBQ?si=goTU6WvdQg6FssvAmNQw5Q')
INSERT INTO [dbo].[Artiste] ([Id], [Nom], [UrlPhoto], [PaysOrigine], [Style], [Descriptif], [UrlExtraitMusical]) VALUES (3, N'Hamza & SCH', N'../images/artistes/Hamza_&_SCH.jpg', N'France', N'Rap', N'Hamza et SCH, deux pointures du rap game, une tournée commune, l’évènement rap 2020. À eux deux ils cumulent plus de 800 millions de vues sur Youtube et des millions de fans. Une rencontre, un succès - qui se prolongera sur scène pendant tout l’été.', N'https://open.spotify.com/track/2JAO138j1wJjQ2mmm7aAbP?si=odIiFvX3RvSN4hR8BEJK8g')
INSERT INTO [dbo].[Artiste] ([Id], [Nom], [UrlPhoto], [PaysOrigine], [Style], [Descriptif], [UrlExtraitMusical]) VALUES (4, N'Nekfeu', N'../images/artistes/Nekfeu.jpg', N'France', N'Rap / Pop Urbaine', N'Des flammes aux étoiles, Nekfeu a parcouru du chemin depuis le succès de son premier album Feu, sorti en 2015. Plus mûr, plus vulnérable, plus sincère, le rappeur nous dévoile aujourd’hui son vrai visage dans son troisième album Les Étoiles Vagabondes, sorti le même jour que son film éponyme. Le succès fulgurant et la frénésie des tournées ont rendu l''artiste pudique. Dans ce nouvel opus, tout comme dans son documentaire, Ken Samaras dresse un autoportrait touchant dans lequel il évoque sans détour son rapport au succès, sa quête d’inspiration et son retour aux sources. Mélancolique, poétique, Nekfeu n’en perd pas pour autant l’essence de son succès : un flow inimitable, une facilité déconcertante à passer des punchlines cinglantes aux rimes émouvantes. Nekfeu revient à Beauregard le jeudi 2 juillet pour un show aussi intimiste qu’époustouflant…', N'https://open.spotify.com/track/57I5KhEpQFC9XBgKt6nklL')
INSERT INTO [dbo].[Artiste] ([Id], [Nom], [UrlPhoto], [PaysOrigine], [Style], [Descriptif], [UrlExtraitMusical]) VALUES (5, N'Martin Solveig', N'../images/artistes/Martin_Solveig1053540.jpg', N'France', N'Electro', N'Impossible de ne pas s’être déhanché au moins une fois sur les tubes planétaires que sont “Rejection”, “Everybody”, “Jealousy” ou encore “Places”. Figurant parmi les DJ internationaux les plus appréciés et plébiscités au monde, Martin Solveig a su conquérir le coeur du public avec des sonorités terriblement efficaces mêlant funk, disco et variété française. Bercé par la musique depuis son plus jeune âge, le DJ français sort son premier album Sur la Terre en 2002 sur lequel figure son premier tube, le remix de Salif Keita, “Madan”. Fort de ce premier succès, le producteur enchaîne les albums avec Hedonist en 2005 et C’est la vie en 2008 qui s''avèrent être de véritables viviers à tubes. Sa notoriété grandissante lui permet d’installer sa carrière à l’international et lui ouvre la voie vers des collaborations prestigieuses avec Madonna, M.I.A ou encore Nicki Minaj. Si Martin Solveig n’a aujourd’hui plus rien à prouver, il ne cesse pourtant de se renouveler et de nous surprendre. Capable de transformer n’importe quel endroit du globe en dancefloor géant, il enflammera le parc de Beauregard le jeudi 2 juillet.', N'https://open.spotify.com/track/26haJjtanhamtf25RXH0MO')
INSERT INTO [dbo].[Artiste] ([Id], [Nom], [UrlPhoto], [PaysOrigine], [Style], [Descriptif], [UrlExtraitMusical]) VALUES (6, N'Madness', N'../images/artistes/Madness.jpg', N'Grande-Bretagne', N'Ska Jamaican Music', N'Plus de quarante année d’existence, douze albums et une quinzaine de hits incontournables, Madness a largement dépassé le statut de simple groupe de ska. Groupe emblématique de la pop britannique des années 80, véritable rayon de soleil au coeur de la triste Angleterre de Thatcher, Suggs et sa bande ont réussi le pari de réchauffer les coeurs avec un son pop aux rythmes tropicaux et des compositions douces-amères aux sujets éminemment politiques et sociétales. Avec panache et élégance, les vilains garnement de Camden Town ont su s’imposer dans le monde entier grâce à des titre qui ont fait la légende du groupe tels que de “One Step Beyond”, “Can’t Touch Us Now”, “Our House” ou encore “Night Boat to Cairo”. Véritable groupe de scène qui insuffle fraîcheur et bonne humeur partout où il passe, Madness a définitivement trouvé le secret de la longévité, pour le plus grand plaisir de leurs fans. Il ne nous reste donc qu’une chose à leur souhaiter : “Long live Madness !”.', N'https://open.spotify.com/track/0bAYJxEe6ate8gL0G2qj1B?si=fV7XZchlTf-0GgwoByU0IA')
INSERT INTO [dbo].[Artiste] ([Id], [Nom], [UrlPhoto], [PaysOrigine], [Style], [Descriptif], [UrlExtraitMusical]) VALUES (7, N'PNL', N'../images/artistes/PNL.jpg', N'France', N'Rap', N'Que ce soit en termes d’empreinte musicale, de réussite commerciale ou d’impact culturel, le duo PNL réalise un parcours aussi fulgurant que singulier. Évoluant en totale indépendance, les deux frères des Tarterêts se sont taillés une place à part dans le paysage musical français et fascinent même au-delà des frontières. Sur des flows mélodiques et des beats lents et épurés qui leur vaut l’étiquette de “cloud rap”, les deux frères entretiennent la dualité entre Bien et Mal, entre dealers charismatiques et icônes de la pop-culture. Absents des médias mais proches de leur public avec qui ils entretiennent une relation singulière, le duo nous dévoilera son vrai visage à Beauregard le vendredi 3 juillet.', N'https://open.spotify.com/track/5lCxlSBFyP5g4EhVypAoOu')
INSERT INTO [dbo].[Artiste] ([Id], [Nom], [UrlPhoto], [PaysOrigine], [Style], [Descriptif], [UrlExtraitMusical]) VALUES (8, N'Sum 41', N'../images/artistes/Sum_41.jpg', N'Canada', N'Rock', N'Véritable madeleine de Proust pour tous les ados des années 2000, Sum 41 c’est avant tout des tubes comme “In Too Deep” et “Fat Lip’” dont les clips ont fait le tour du monde. Et si le succès est pour beaucoup aussi bref que fulgurant, le groupe post punk étonne pourtant pas sa longévité et sa capacité à se renouveler. Après l’album All Killer, No Filler qui les propulse au sommet en 2001, les Canadiens enchaînent les albums à un rythme frénétique. Emmenées par le chanteur Deryck Whibley à l’énergie punk inimitable, les performances survoltées du groupe sont toujours un évènement. Après une pause de plusieurs années revient en force avec l’album Order in Decline en 2019. Une chose est sûre, la flamme Sum 41 brûle encore.', N'https://open.spotify.com/track/1HNE2PX70ztbEl6MLxrpNL')
INSERT INTO [dbo].[Artiste] ([Id], [Nom], [UrlPhoto], [PaysOrigine], [Style], [Descriptif], [UrlExtraitMusical]) VALUES (9, N'Bertrand Belin', N'../images/artistes/Bertrand_Belin.jpg', N'France', N'Folk Rock', N'Chanteur littéraire à la voix de velours, certes, mais le crooner de Quibéron est bien plus complexe que cela. Si on le compare à Alain Bashung, Bertrand Belin, après 15 ans de carrière et 6 albums encensés par la critique, est surtout et toujours singulier, insaisissable donc fascinant. 6 albums cela pourrait sembler peu mais l’auteur-compositeur-interprète est aussi écrivain, comédien, compositeur de musique de films, réalisateur, parolier. Rien que ces 2 dernières années, il a sorti son majestueux album Persona, publié un troisième roman Grands carnivores, collaboré avec Vanessa Paradis, L’Epée ou The Limiñanas, écrit la musique du film Ma Vie avec James Dean…Prolifique donc, mais surtout libre et multiple : poétique et réaliste, grave et nonchalant, folk et rock, ce tailleur de mots, l’est tout à la fois. Sur scène, l’auteur d’Hypernuit est là encore un paradoxe : troublant, séduisant, mélancolique, rageur mais aussi surréaliste, capable de faire pleurer le public de rire et juste après de l’émouvoir ou l’inciter à réfléchir.  Le dandy insoumis, fantasque et fantaisiste, sera à Beauregard le samedi 4 juillet, soyez prêts à passer par toutes les émotions !', N'https://open.spotify.com/track/5eKVn4reNYf3cION4Joi24')
INSERT INTO [dbo].[Artiste] ([Id], [Nom], [UrlPhoto], [PaysOrigine], [Style], [Descriptif], [UrlExtraitMusical]) VALUES (10, N'Ninho', N'../images/artistes/Ninho.jpg', N'France', N'rap', N'Deuxième artiste le plus écouté en France en 2018 sur Spotify, des featurings dont les clips cumulent des millions de vues, un premier album, Comme Prévu, numéro 1 des ventes en France dès la première semaine, une chose est sûre Ninho fait partie de cette génération de rappeurs pour qui l’on manque de superlatifs. Capable à la fois de produire des titres puissants et nerveux, et de faire preuve d’un talent de lyriciste extrêmement précoce, Ninho a su prendre la mesure du rap français et s’imposer comme un leader incontestable. Plus préoccupé par la volonté de parfaire sa palette technique et enrichir son spectre artistique que par l’ambition d’exploiter son buzz naissant en 2013-2014, Ninho prend son temps en studio. Besogneux, il est convaincu que le respect de ses pairs et du public doit se gagner par des faits, et non pas par une simple réputation de talent en devenir. Cette capacité à transformer un bon titre en tube ultra-populaire a permis à Ninho de devenir, au cours des deux dernières années, l’un des artistes les plus sollicités par le milieu du rap. L’auteur de M.I.L.Ss’adapte aisément à toutes les ambiances et toutes les couleurs musicales lui permettant de collaborer avec des artistes de la nouvelle génération (Kpoint, DA Uzi, Yaro) des rappeurs aux carrières déjà très solides (Sadek, Rim’K) mais aussi des artistes qui se situent en dehors de son propre genre musical tels que Fally Ipupa ou Faouzia. Avec la sortie de son album Destin,Ninho vient aujourd’hui asseoir son statut et peut désormais viser plus haut. Il entend bien continuer à faire ce qu’il sait faire de mieux : coffrer, accumuler les certifications, exploser tous les compteurs, et tendre la main au reste du game pour le tirer vers le haut.', N'https://open.spotify.com/track/0Jh6iWjna1wk5le0Ahn7No?si=YPdWoF49QtKeT2szK4Aoqg')
INSERT INTO [dbo].[Artiste] ([Id], [Nom], [UrlPhoto], [PaysOrigine], [Style], [Descriptif], [UrlExtraitMusical]) VALUES (11, N'Perturbator', N'../images/artistes/Perturbator.jpg', N'France', N'Electro', N'Le producteur français James Kent, aka Perturbator, alimente les fans de musique électroniques avec sa synthwave aussi sombre que percutante depuis 2011, année pendant laquelle, il commença à définir les contours d’une musique qui sans le savoir allait devenir quelques années plus tard, un genre à part entière. Premier de cordée d’un genre nouveau, défini le plus souvent comme "Cyber Punk", Perturbator n’a eu de cesse de surprendre album après album, en proposant une musique toujours avant-gardiste, en perpétuelle mutation, comme l’a prouvé son dernier disque en date, New Model, au nom symbolique, faisant bouger les lignes des codes musicaux 80s qu’il avait lui-même établi quelques années plus tôt. Fort de ce succès Perturbator s’est également lancé le défi de transposer sa musique sur scène. En l’espace de 4 ans, il a su conquérir un public toujours plus nombreux. Ce tour de force est le résultat d’un travail acharné pour proposer une prestation live toujours plus aboutie et surprenante, musicalement et visuellement. Claque garantie le samedi 4 juillet à Beauregard.', N'https://open.spotify.com/track/20ztml2STRF7Sq1UaBB6ox')
INSERT INTO [dbo].[Artiste] ([Id], [Nom], [UrlPhoto], [PaysOrigine], [Style], [Descriptif], [UrlExtraitMusical]) VALUES (12, N'-M-', N'../images/artistes/-M-.jpg', N'France', N'Variété Française', N'Costumes pailletés, coiffure extravagante, mises en scènes délirantes, déjà plus de vingt ans que -M- nous régale grâce à son univers loufoque et acidulé. Avec un répertoire éclectique et des morceaux mémorables tels que “Je Dis Aime”, “Qui de Nous deux”, “Mama Sam” ou encore “Mojo”, Matthieu Chedid a su rassembler derrière lui un public fidèle en prônant l’amour, le métissage et l’harmonie. Infatigable, jamais rassasié, il revient en janvier 2019 avec son sixième album Lettre infinie. Plus intime, toujours aussi proche de son public, -M- est désormais seul sur scène accompagné d’automates en guise de musiciens. Véritable homme-orchestre, Mathieu Chedid nous offre un show fou et unique dont lui seul à le secret. Une belle manière de fêter une carrière prolifique pour lui et son alter-ego cousu à même la peau.', N'https://open.spotify.com/track/2auCqTaHVgjmqpsIZlN3oh?si=qVTqCNgrQe-RA8FejCfD0A')
INSERT INTO [dbo].[Artiste] ([Id], [Nom], [UrlPhoto], [PaysOrigine], [Style], [Descriptif], [UrlExtraitMusical]) VALUES (13, N'Niska', N'../images/artistes/Niska.jpg', N'France', N'Rap', N'Impertinent, explosif, excessif, en seulement cinq petites années et trois albums Niska est passé du statut d’inconnu à véritable poids lourd de la scène rap française. Fort de ses millions de vues sur son titre Réseaux, devenu viral en 2018, le rappeur de l''Essonne ne cesse de faire parler de lui. Fans et détracteurs s''accordent tous à dire que Niska ne laisse personne indifférent tant son style déroute autant qu’il fascine. Deux ans après le carton de son album Commando, le rappeur revient en septembre 2019 avec son troisième album Mr. Sal.Un franc parler, un rap cru et sans concession, des feats prestigieux avec des artistes tels que Booba, Ninho ou encore Koba LaD, le Charo d’Evry a définitivement trouvé sa marque de fabrique et continue d’atteindre des sommets. Retrouvez les refrains entêtants et l’énergie furieusement contagieuse de Niska le dimanche 5 juillet à Beauregard.', N'https://open.spotify.com/track/0HKNlsZ0zFlSqUqWj1nVVG?si=K_muju6uTOCUqXyqbJybCw')
INSERT INTO [dbo].[Artiste] ([Id], [Nom], [UrlPhoto], [PaysOrigine], [Style], [Descriptif], [UrlExtraitMusical]) VALUES (14, N'Lorenzo', N'../images/artistes/Lorenzo.jpg', N'France', N'Pop Urbaine', N'Autoproclamé empereur du sale, avec son bob, sa moustache & ses lunettes noires emblématiques de son personnage, Lorenzo s’est imposé comme un véritable phénomène totalement impertinent et politiquement incorrect. Apparu avec le collectif Columbine, dont il réalisa les clips, les tubes de son album Rien à branler ont placé cet ovni du rap en orbite. Son humour white trash, ses textes qui fusent à l’attaque de tout ce qui bouge, son goût de l’absurde, et son rap débridé sont irrésistiblement efficaces, légers, grinçants et dansants. Se prendre au sérieux n’est vraiment pas au programme et ce malgré le succès de son nouvel album Sex In the City déjà disque d’or et ses millions de vues sur sa chaîne youtube. Tu l’attendais mamène, et bien il sera à Beauregard le dimanche 5 juillet !', N'https://open.spotify.com/track/4VzalpjiHHK5cKSgrZuNjg')
SET IDENTITY_INSERT [dbo].[Artiste] OFF
SET IDENTITY_INSERT [dbo].[Billet] ON
INSERT INTO [dbo].[Billet] ([Id], [DateAchat], [IdFestivalier], [IdFestival], [DebutFormule], [FinFormule], [Montant], [FestivalId], [FestivalierId]) VALUES (2, N'2020-05-01 22:10:31', 1, 3, N'2020-07-02 00:00:00', N'2020-07-05 00:00:00', 208, NULL, NULL)
INSERT INTO [dbo].[Billet] ([Id], [DateAchat], [IdFestivalier], [IdFestival], [DebutFormule], [FinFormule], [Montant], [FestivalId], [FestivalierId]) VALUES (3, N'2020-05-02 22:10:38', 1, 3, N'2020-07-02 00:00:00', N'2020-07-05 00:00:00', 208, NULL, NULL)
INSERT INTO [dbo].[Billet] ([Id], [DateAchat], [IdFestivalier], [IdFestival], [DebutFormule], [FinFormule], [Montant], [FestivalId], [FestivalierId]) VALUES (4, N'2020-05-02 22:10:46', 1, 3, N'2020-07-02 00:00:00', N'2020-07-03 00:00:00', 104, NULL, NULL)
INSERT INTO [dbo].[Billet] ([Id], [DateAchat], [IdFestivalier], [IdFestival], [DebutFormule], [FinFormule], [Montant], [FestivalId], [FestivalierId]) VALUES (5, N'2020-05-03 22:10:56', 1, 3, N'2020-07-03 00:00:00', N'2020-07-05 00:00:00', 156, NULL, NULL)
INSERT INTO [dbo].[Billet] ([Id], [DateAchat], [IdFestivalier], [IdFestival], [DebutFormule], [FinFormule], [Montant], [FestivalId], [FestivalierId]) VALUES (6, N'2020-05-03 22:11:06', 1, 3, N'2020-07-02 00:00:00', N'2020-07-03 00:00:00', 104, NULL, NULL)
INSERT INTO [dbo].[Billet] ([Id], [DateAchat], [IdFestivalier], [IdFestival], [DebutFormule], [FinFormule], [Montant], [FestivalId], [FestivalierId]) VALUES (7, N'2020-05-04 22:12:53', 1, 3, N'2020-07-02 00:00:00', N'2020-07-05 00:00:00', 208, NULL, NULL)
INSERT INTO [dbo].[Billet] ([Id], [DateAchat], [IdFestivalier], [IdFestival], [DebutFormule], [FinFormule], [Montant], [FestivalId], [FestivalierId]) VALUES (8, N'2020-05-05 22:12:58', 1, 3, N'2020-07-02 00:00:00', N'2020-07-05 00:00:00', 208, NULL, NULL)
INSERT INTO [dbo].[Billet] ([Id], [DateAchat], [IdFestivalier], [IdFestival], [DebutFormule], [FinFormule], [Montant], [FestivalId], [FestivalierId]) VALUES (9, N'2020-05-06 22:13:04', 1, 3, N'2020-07-02 00:00:00', N'2020-07-05 00:00:00', 208, NULL, NULL)
INSERT INTO [dbo].[Billet] ([Id], [DateAchat], [IdFestivalier], [IdFestival], [DebutFormule], [FinFormule], [Montant], [FestivalId], [FestivalierId]) VALUES (10, N'2020-05-07 22:13:09', 1, 3, N'2020-07-02 00:00:00', N'2020-07-05 00:00:00', 208, NULL, NULL)
INSERT INTO [dbo].[Billet] ([Id], [DateAchat], [IdFestivalier], [IdFestival], [DebutFormule], [FinFormule], [Montant], [FestivalId], [FestivalierId]) VALUES (11, N'2020-05-07 22:13:14', 1, 3, N'2020-07-02 00:00:00', N'2020-07-05 00:00:00', 208, NULL, NULL)
INSERT INTO [dbo].[Billet] ([Id], [DateAchat], [IdFestivalier], [IdFestival], [DebutFormule], [FinFormule], [Montant], [FestivalId], [FestivalierId]) VALUES (12, N'2020-05-08 22:15:02', 1, 3, N'2020-07-02 00:00:00', N'2020-07-05 00:00:00', 208, NULL, NULL)
INSERT INTO [dbo].[Billet] ([Id], [DateAchat], [IdFestivalier], [IdFestival], [DebutFormule], [FinFormule], [Montant], [FestivalId], [FestivalierId]) VALUES (13, N'2020-05-08 22:15:08', 1, 3, N'2020-07-02 00:00:00', N'2020-07-05 00:00:00', 208, NULL, NULL)
INSERT INTO [dbo].[Billet] ([Id], [DateAchat], [IdFestivalier], [IdFestival], [DebutFormule], [FinFormule], [Montant], [FestivalId], [FestivalierId]) VALUES (14, N'2020-05-08 22:15:15', 1, 3, N'2020-07-02 00:00:00', N'2020-07-05 00:00:00', 208, NULL, NULL)
INSERT INTO [dbo].[Billet] ([Id], [DateAchat], [IdFestivalier], [IdFestival], [DebutFormule], [FinFormule], [Montant], [FestivalId], [FestivalierId]) VALUES (15, N'2020-05-09 22:15:20', 1, 3, N'2020-07-02 00:00:00', N'2020-07-05 00:00:00', 208, NULL, NULL)
INSERT INTO [dbo].[Billet] ([Id], [DateAchat], [IdFestivalier], [IdFestival], [DebutFormule], [FinFormule], [Montant], [FestivalId], [FestivalierId]) VALUES (16, N'2020-05-09 22:15:24', 1, 3, N'2020-07-02 00:00:00', N'2020-07-05 00:00:00', 208, NULL, NULL)
INSERT INTO [dbo].[Billet] ([Id], [DateAchat], [IdFestivalier], [IdFestival], [DebutFormule], [FinFormule], [Montant], [FestivalId], [FestivalierId]) VALUES (17, N'2020-05-10 22:15:30', 1, 3, N'2020-07-02 00:00:00', N'2020-07-05 00:00:00', 208, NULL, NULL)
INSERT INTO [dbo].[Billet] ([Id], [DateAchat], [IdFestivalier], [IdFestival], [DebutFormule], [FinFormule], [Montant], [FestivalId], [FestivalierId]) VALUES (18, N'2020-05-10 22:15:35', 1, 3, N'2020-07-02 00:00:00', N'2020-07-05 00:00:00', 208, NULL, NULL)
INSERT INTO [dbo].[Billet] ([Id], [DateAchat], [IdFestivalier], [IdFestival], [DebutFormule], [FinFormule], [Montant], [FestivalId], [FestivalierId]) VALUES (19, N'2020-05-11 22:15:40', 1, 3, N'2020-07-02 00:00:00', N'2020-07-05 00:00:00', 208, NULL, NULL)
INSERT INTO [dbo].[Billet] ([Id], [DateAchat], [IdFestivalier], [IdFestival], [DebutFormule], [FinFormule], [Montant], [FestivalId], [FestivalierId]) VALUES (20, N'2020-05-11 22:15:45', 1, 3, N'2020-07-02 00:00:00', N'2020-07-05 00:00:00', 208, NULL, NULL)
INSERT INTO [dbo].[Billet] ([Id], [DateAchat], [IdFestivalier], [IdFestival], [DebutFormule], [FinFormule], [Montant], [FestivalId], [FestivalierId]) VALUES (21, N'2020-05-11 22:15:50', 1, 3, N'2020-07-02 00:00:00', N'2020-07-05 00:00:00', 208, NULL, NULL)
INSERT INTO [dbo].[Billet] ([Id], [DateAchat], [IdFestivalier], [IdFestival], [DebutFormule], [FinFormule], [Montant], [FestivalId], [FestivalierId]) VALUES (22, N'2020-05-12 22:15:54', 1, 3, N'2020-07-02 00:00:00', N'2020-07-05 00:00:00', 208, NULL, NULL)
INSERT INTO [dbo].[Billet] ([Id], [DateAchat], [IdFestivalier], [IdFestival], [DebutFormule], [FinFormule], [Montant], [FestivalId], [FestivalierId]) VALUES (23, N'2020-05-12 22:15:59', 1, 3, N'2020-07-02 00:00:00', N'2020-07-05 00:00:00', 208, NULL, NULL)
INSERT INTO [dbo].[Billet] ([Id], [DateAchat], [IdFestivalier], [IdFestival], [DebutFormule], [FinFormule], [Montant], [FestivalId], [FestivalierId]) VALUES (24, N'2020-05-12 22:16:03', 1, 3, N'2020-07-02 00:00:00', N'2020-07-05 00:00:00', 208, NULL, NULL)
INSERT INTO [dbo].[Billet] ([Id], [DateAchat], [IdFestivalier], [IdFestival], [DebutFormule], [FinFormule], [Montant], [FestivalId], [FestivalierId]) VALUES (25, N'2020-05-13 22:16:08', 1, 3, N'2020-07-02 00:00:00', N'2020-07-05 00:00:00', 208, NULL, NULL)
INSERT INTO [dbo].[Billet] ([Id], [DateAchat], [IdFestivalier], [IdFestival], [DebutFormule], [FinFormule], [Montant], [FestivalId], [FestivalierId]) VALUES (26, N'2020-05-13 22:16:11', 1, 3, N'2020-07-02 00:00:00', N'2020-07-05 00:00:00', 208, NULL, NULL)
INSERT INTO [dbo].[Billet] ([Id], [DateAchat], [IdFestivalier], [IdFestival], [DebutFormule], [FinFormule], [Montant], [FestivalId], [FestivalierId]) VALUES (27, N'2020-05-13 22:16:15', 1, 3, N'2020-07-02 00:00:00', N'2020-07-05 00:00:00', 208, NULL, NULL)
INSERT INTO [dbo].[Billet] ([Id], [DateAchat], [IdFestivalier], [IdFestival], [DebutFormule], [FinFormule], [Montant], [FestivalId], [FestivalierId]) VALUES (28, N'2020-05-13 22:16:19', 1, 3, N'2020-07-02 00:00:00', N'2020-07-05 00:00:00', 208, NULL, NULL)
INSERT INTO [dbo].[Billet] ([Id], [DateAchat], [IdFestivalier], [IdFestival], [DebutFormule], [FinFormule], [Montant], [FestivalId], [FestivalierId]) VALUES (29, N'2020-05-14 22:17:55', 1, 3, N'2020-07-02 00:00:00', N'2020-07-05 00:00:00', 208, NULL, NULL)
INSERT INTO [dbo].[Billet] ([Id], [DateAchat], [IdFestivalier], [IdFestival], [DebutFormule], [FinFormule], [Montant], [FestivalId], [FestivalierId]) VALUES (30, N'2020-05-14 22:18:00', 1, 3, N'2020-07-02 00:00:00', N'2020-07-05 00:00:00', 208, NULL, NULL)
INSERT INTO [dbo].[Billet] ([Id], [DateAchat], [IdFestivalier], [IdFestival], [DebutFormule], [FinFormule], [Montant], [FestivalId], [FestivalierId]) VALUES (31, N'2020-05-14 22:18:05', 1, 3, N'2020-07-02 00:00:00', N'2020-07-05 00:00:00', 208, NULL, NULL)
INSERT INTO [dbo].[Billet] ([Id], [DateAchat], [IdFestivalier], [IdFestival], [DebutFormule], [FinFormule], [Montant], [FestivalId], [FestivalierId]) VALUES (32, N'2020-05-14 22:18:10', 1, 3, N'2020-07-02 00:00:00', N'2020-07-05 00:00:00', 208, NULL, NULL)
INSERT INTO [dbo].[Billet] ([Id], [DateAchat], [IdFestivalier], [IdFestival], [DebutFormule], [FinFormule], [Montant], [FestivalId], [FestivalierId]) VALUES (33, N'2020-05-15 22:18:15', 1, 3, N'2020-07-02 00:00:00', N'2020-07-05 00:00:00', 208, NULL, NULL)
INSERT INTO [dbo].[Billet] ([Id], [DateAchat], [IdFestivalier], [IdFestival], [DebutFormule], [FinFormule], [Montant], [FestivalId], [FestivalierId]) VALUES (34, N'2020-05-15 22:18:22', 1, 3, N'2020-07-02 00:00:00', N'2020-07-05 00:00:00', 208, NULL, NULL)
INSERT INTO [dbo].[Billet] ([Id], [DateAchat], [IdFestivalier], [IdFestival], [DebutFormule], [FinFormule], [Montant], [FestivalId], [FestivalierId]) VALUES (35, N'2020-05-15 22:18:27', 1, 3, N'2020-07-02 00:00:00', N'2020-07-05 00:00:00', 208, NULL, NULL)
INSERT INTO [dbo].[Billet] ([Id], [DateAchat], [IdFestivalier], [IdFestival], [DebutFormule], [FinFormule], [Montant], [FestivalId], [FestivalierId]) VALUES (36, N'2020-05-15 22:18:33', 1, 3, N'2020-07-02 00:00:00', N'2020-07-05 00:00:00', 208, NULL, NULL)
INSERT INTO [dbo].[Billet] ([Id], [DateAchat], [IdFestivalier], [IdFestival], [DebutFormule], [FinFormule], [Montant], [FestivalId], [FestivalierId]) VALUES (37, N'2020-05-15 22:18:38', 1, 3, N'2020-07-02 00:00:00', N'2020-07-05 00:00:00', 208, NULL, NULL)
INSERT INTO [dbo].[Billet] ([Id], [DateAchat], [IdFestivalier], [IdFestival], [DebutFormule], [FinFormule], [Montant], [FestivalId], [FestivalierId]) VALUES (38, N'2020-05-16 22:18:43', 1, 3, N'2020-07-02 00:00:00', N'2020-07-05 00:00:00', 208, NULL, NULL)
INSERT INTO [dbo].[Billet] ([Id], [DateAchat], [IdFestivalier], [IdFestival], [DebutFormule], [FinFormule], [Montant], [FestivalId], [FestivalierId]) VALUES (39, N'2020-05-16 22:18:47', 1, 3, N'2020-07-02 00:00:00', N'2020-07-05 00:00:00', 208, NULL, NULL)
INSERT INTO [dbo].[Billet] ([Id], [DateAchat], [IdFestivalier], [IdFestival], [DebutFormule], [FinFormule], [Montant], [FestivalId], [FestivalierId]) VALUES (40, N'2020-05-16 22:18:51', 1, 3, N'2020-07-02 00:00:00', N'2020-07-05 00:00:00', 208, NULL, NULL)
INSERT INTO [dbo].[Billet] ([Id], [DateAchat], [IdFestivalier], [IdFestival], [DebutFormule], [FinFormule], [Montant], [FestivalId], [FestivalierId]) VALUES (41, N'2020-05-16 22:18:56', 1, 3, N'2020-07-02 00:00:00', N'2020-07-05 00:00:00', 208, NULL, NULL)
INSERT INTO [dbo].[Billet] ([Id], [DateAchat], [IdFestivalier], [IdFestival], [DebutFormule], [FinFormule], [Montant], [FestivalId], [FestivalierId]) VALUES (42, N'2020-05-16 22:18:59', 1, 3, N'2020-07-02 00:00:00', N'2020-07-05 00:00:00', 208, NULL, NULL)
INSERT INTO [dbo].[Billet] ([Id], [DateAchat], [IdFestivalier], [IdFestival], [DebutFormule], [FinFormule], [Montant], [FestivalId], [FestivalierId]) VALUES (43, N'2020-05-16 22:19:03', 1, 3, N'2020-07-02 00:00:00', N'2020-07-05 00:00:00', 208, NULL, NULL)
SET IDENTITY_INSERT [dbo].[Billet] OFF
SET IDENTITY_INSERT [dbo].[Festival] ON
INSERT INTO [dbo].[Festival] ([Id], [Nom], [UrlLogo], [Description], [Lieu], [TarifJournee], [Hebergement], [DateDeDebut], [DateDeFin], [NombreDePlaces], [RempliOuNon], [PublieOuNon], [InscriptionsOuvertesOuNOn]) VALUES (3, N'Festival Beauregard', N'/images/festivals/Beauregard.png', N'12ème édition du festival Beauregard, au coeur de la Normandie !', N'Hérouville St-Clair', 52, N'non', N'2020-07-02 00:00:00', N'2020-07-05 00:00:00', 15000, 1, 1, 1)
SET IDENTITY_INSERT [dbo].[Festival] OFF
SET IDENTITY_INSERT [dbo].[Festivalier] ON
INSERT INTO [dbo].[Festivalier] ([Id], [Nom], [Prenom], [DateDeNaissance], [Sexe], [Pays], [CodePostal], [Commune], [Telephone], [AdresseMail], [MotDePasse]) VALUES (1, N'Le Viennesse', N'Ronan', N'1998-08-13 00:00:00', N'm', N'France', 78580, N'Maule', N'0640281843', N'rlv78@hotmail.fr', N'test')
SET IDENTITY_INSERT [dbo].[Festivalier] OFF
SET IDENTITY_INSERT [dbo].[JouerSur] ON
INSERT INTO [dbo].[JouerSur] ([Id], [IdArtiste], [DateHeureDebutPerformance], [DateHeureFinPerformance], [IdScn], [FestivalId]) VALUES (2, 2, N'2020-07-02 13:30:00', N'2020-07-02 14:30:00', 3, NULL)
INSERT INTO [dbo].[JouerSur] ([Id], [IdArtiste], [DateHeureDebutPerformance], [DateHeureFinPerformance], [IdScn], [FestivalId]) VALUES (3, 3, N'2020-07-02 14:35:00', N'2020-07-02 15:50:00', 3, NULL)
INSERT INTO [dbo].[JouerSur] ([Id], [IdArtiste], [DateHeureDebutPerformance], [DateHeureFinPerformance], [IdScn], [FestivalId]) VALUES (4, 4, N'2020-07-02 16:00:00', N'2020-07-02 17:30:00', 3, NULL)
INSERT INTO [dbo].[JouerSur] ([Id], [IdArtiste], [DateHeureDebutPerformance], [DateHeureFinPerformance], [IdScn], [FestivalId]) VALUES (5, 5, N'2020-07-02 17:45:00', N'2020-07-02 19:00:00', 3, NULL)
INSERT INTO [dbo].[JouerSur] ([Id], [IdArtiste], [DateHeureDebutPerformance], [DateHeureFinPerformance], [IdScn], [FestivalId]) VALUES (6, 6, N'2020-07-03 14:30:00', N'2020-07-03 15:45:00', 3, NULL)
INSERT INTO [dbo].[JouerSur] ([Id], [IdArtiste], [DateHeureDebutPerformance], [DateHeureFinPerformance], [IdScn], [FestivalId]) VALUES (7, 7, N'2020-07-03 16:00:00', N'2020-07-03 17:30:00', 3, NULL)
INSERT INTO [dbo].[JouerSur] ([Id], [IdArtiste], [DateHeureDebutPerformance], [DateHeureFinPerformance], [IdScn], [FestivalId]) VALUES (8, 8, N'2020-07-03 17:30:00', N'2020-07-03 19:00:00', 3, NULL)
INSERT INTO [dbo].[JouerSur] ([Id], [IdArtiste], [DateHeureDebutPerformance], [DateHeureFinPerformance], [IdScn], [FestivalId]) VALUES (9, 9, N'2020-07-04 14:00:00', N'2020-07-04 15:15:00', 3, NULL)
INSERT INTO [dbo].[JouerSur] ([Id], [IdArtiste], [DateHeureDebutPerformance], [DateHeureFinPerformance], [IdScn], [FestivalId]) VALUES (10, 10, N'2020-07-04 15:30:00', N'2020-07-04 17:00:00', 3, NULL)
INSERT INTO [dbo].[JouerSur] ([Id], [IdArtiste], [DateHeureDebutPerformance], [DateHeureFinPerformance], [IdScn], [FestivalId]) VALUES (11, 11, N'2020-07-04 17:15:00', N'2020-07-04 19:00:00', 3, NULL)
INSERT INTO [dbo].[JouerSur] ([Id], [IdArtiste], [DateHeureDebutPerformance], [DateHeureFinPerformance], [IdScn], [FestivalId]) VALUES (12, 12, N'2020-07-05 14:00:00', N'2020-07-05 15:30:00', 3, NULL)
INSERT INTO [dbo].[JouerSur] ([Id], [IdArtiste], [DateHeureDebutPerformance], [DateHeureFinPerformance], [IdScn], [FestivalId]) VALUES (13, 13, N'2020-07-05 15:45:00', N'2020-07-05 17:30:00', 3, NULL)
INSERT INTO [dbo].[JouerSur] ([Id], [IdArtiste], [DateHeureDebutPerformance], [DateHeureFinPerformance], [IdScn], [FestivalId]) VALUES (14, 14, N'2020-07-05 17:45:00', N'2020-07-05 19:00:00', 3, NULL)
SET IDENTITY_INSERT [dbo].[JouerSur] OFF
SET IDENTITY_INSERT [dbo].[Organisateur] ON
INSERT INTO [dbo].[Organisateur] ([Id], [Nom], [Prenom], [AdresseMail], [NumeroTelephone], [MotDePasse], [IdFestival]) VALUES (2, N'Le Viennesse', N'Ronan', N'rlv78@hotmail.fr', N'0640281843', N'test', 3)
SET IDENTITY_INSERT [dbo].[Organisateur] OFF
SET IDENTITY_INSERT [dbo].[Scène] ON
INSERT INTO [dbo].[Scène] ([Id], [NomScene], [DescriptionScene], [NombreDePlaces], [Accessibilite], [IdFestival]) VALUES (3, N'Main Stage', N'La main stage', 10000, N'Possibilité d''accès via chemins réservés pour les personnes à mobilité réduite.', 3)
SET IDENTITY_INSERT [dbo].[Scène] OFF
