﻿--
-- Script was generated by Devart dbForge Studio for MySQL, Version 8.0.40.0
-- Product Home Page: http://www.devart.com/dbforge/mysql/studio
-- Script date 12/07/2019 13:40:46
-- Target server version: 5.5.5-10.1.40-MariaDB
-- Target connection string: User Id=root;Host=127.0.0.1;Character Set=utf8
--




SET NAMES 'utf8';
USE paginaweb;
--
-- -- Disable foreign keys
--
/*!40014 SET @OLD_FOREIGN_KEY_CHECKS=@@FOREIGN_KEY_CHECKS, FOREIGN_KEY_CHECKS=0 */;

--
-- Dropping constraints from libro
--
ALTER TABLE paginaweb.libro 
   DROP FOREIGN KEY fklibroautor;
ALTER TABLE paginaweb.libro 
   DROP FOREIGN KEY fklibrocoleccion;

--
-- Dropping constraints from descarga
--
ALTER TABLE paginaweb.descarga 
   DROP FOREIGN KEY fkdescargalibro;
ALTER TABLE paginaweb.descarga 
   DROP FOREIGN KEY fkdescargausuario;

--
-- Dropping constraints from ayuda
--
ALTER TABLE paginaweb.ayuda 
   DROP FOREIGN KEY fkayudaautor;
ALTER TABLE paginaweb.ayuda 
   DROP FOREIGN KEY fkayudalibro;

--
-- Dropping constraints from fechadescarga
--
ALTER TABLE paginaweb.fechadescarga 
   DROP FOREIGN KEY fkfechadescarga;

--
-- Dropping constraints from tiene
--
ALTER TABLE paginaweb.tiene 
   DROP FOREIGN KEY fktienelibro;
ALTER TABLE paginaweb.tiene 
   DROP FOREIGN KEY fktienetipo;
--
-- Delete data from the table 'tiene'
--
TRUNCATE TABLE tiene;
--
-- Delete data from the table 'fechadescarga'
--
TRUNCATE TABLE fechadescarga;
--
-- Delete data from the table 'ayuda'
--
TRUNCATE TABLE ayuda;
--
-- Delete data from the table 'descarga'
--
TRUNCATE TABLE descarga;
--
-- Delete data from the table 'libro'
--
TRUNCATE TABLE libro;
--
-- Delete data from the table 'usuario'
--
TRUNCATE TABLE usuario;
--
-- Delete data from the table 'tipo'
--
TRUNCATE TABLE tipo;
--
-- Delete data from the table 'coleccion'
--
TRUNCATE TABLE coleccion;
--
-- Delete data from the table 'autor'
--
TRUNCATE TABLE autor;

--
-- Inserting data into table autor
--
INSERT INTO autor(id_autor, nombre_completo, fecha_nacimiento) VALUES
(1, 'Letha Bolt', '1971-03-09'),
(2, 'Vanita Kelleher', '1985-03-06'),
(3, 'Marcos Abraham', '1981-05-08'),
(4, 'Miyoko Mckinney', '1977-01-10'),
(5, 'Adolph Francisco', '1973-07-03'),
(6, 'Oma Lawler', '1990-03-09'),
(7, 'Felix Alba', '1971-05-05'),
(8, 'Eusebia Noland', '1977-09-17'),
(9, 'Denisha Mcginnis', '1970-03-05'),
(10, 'Stanford Sullivan', '1988-01-27'),
(11, 'Nathan Salisbury', '1991-09-12'),
(12, 'Burton Bunnell', '1970-01-05'),
(13, 'Adah Jameson', '1998-07-20'),
(14, 'Adam Geer', '1970-01-01'),
(15, 'Freeman Selby', '1977-12-20'),
(16, 'Laura Barger', '1979-10-24'),
(17, 'Ariel Hermann', '1996-07-06'),
(18, 'Adam Maddox', '1972-07-30'),
(19, 'Winnifred Brantley', '1996-06-08'),
(20, 'Gayle Baugh', '1970-03-24'),
(21, 'Delcie Abney', '1987-09-06'),
(22, 'Kasey Furr', '1991-06-13'),
(23, 'Gertie Abel', '1971-03-13'),
(24, 'Myles Angel', '1979-02-20'),
(25, 'Jerome Gipson', '1970-11-09'),
(26, 'Lilla Perez', '1975-05-02'),
(27, 'Josephine Norwood', '1983-03-20'),
(28, 'Elli Robertson', '1970-03-29'),
(29, 'Curtis Hutson', '1972-05-15'),
(30, 'Melia Gates', '1970-04-08'),
(31, 'Marc Pickering', '1987-10-21'),
(32, 'Alida Jobe', '1993-07-06'),
(33, 'Cordelia Key', '1977-11-06'),
(34, 'Reba Gregg', '1979-11-27'),
(35, 'Jarod Bourgeois', '1972-09-12'),
(36, 'Oliva Coble', '1980-11-24'),
(37, 'Corey Musgrove', '1989-08-23'),
(38, 'Bud Grubbs', '1982-12-19'),
(39, 'Newton Graves', '1998-11-09'),
(40, 'Tamica Goins', '1995-12-23'),
(41, 'Bertram Herzog', '1986-07-19'),
(42, 'Malcolm Coward', '1981-01-06'),
(43, 'Carley Valdez', '1999-07-25'),
(44, 'Lizzie Krueger', '1988-07-12'),
(45, 'Celestine Hong', '1970-05-22'),
(46, 'Shonda Leake', '1992-09-06'),
(47, 'Hubert Waldrop', '1994-03-28'),
(48, 'Alphonso Meeks', '1992-09-04'),
(49, 'Aimee Stamm', '1970-02-23'),
(50, 'Sonia Ackerman', '1997-02-22'),
(51, 'Derrick Ruiz', '1995-05-30'),
(52, 'Alejandro Espinal', '1970-09-28'),
(53, 'Myrtis Thornhill', '1971-07-08'),
(54, 'Calvin Looney', '1971-01-27'),
(55, 'Deedee Strange', '1970-10-20'),
(56, 'Burt Hughes', '1970-11-15'),
(57, 'Calvin Abrams', '1986-08-15'),
(58, 'Hobert Adam', '1989-03-25'),
(59, 'Adan Pulido', '1972-03-01'),
(60, 'Abel Christian', '1996-07-16'),
(61, 'Jeanna Maxwell', '1984-08-14'),
(62, 'Alice Gonzales', '1982-04-12'),
(63, 'Ronnie Roby', '1982-09-01'),
(64, 'Mervin Lyon', '1985-07-10'),
(65, 'Abram Fenton', '1979-02-15'),
(66, 'Carlton Beaudoin', '1970-01-10'),
(67, 'Alexa Saucedo', '1982-06-15'),
(68, 'Bryce Estrada', '1976-02-10'),
(69, 'Milton Gay', '1970-10-28'),
(70, 'Halley Bostic', '1970-02-05'),
(71, 'Darrick Olmstead', '1989-08-27'),
(72, 'Logan Flannery', '1970-02-07'),
(73, 'Armando Alvarez', '1994-04-12'),
(74, 'Glynis Redman', '1976-12-16'),
(75, 'Sonya Tinsley', '1971-08-02'),
(76, 'Machelle Andersen', '1988-11-06'),
(77, 'Owen Alston', '1974-06-27'),
(78, 'Bradford Alfaro', '1989-06-29'),
(79, 'Benito Agee', '1970-03-16'),
(80, 'Alan Judd', '1970-05-01'),
(81, 'Abram Swank', '1973-06-15'),
(82, 'Elaina Gruber', '1971-02-04'),
(83, 'Debbra Packer', '1983-04-06'),
(84, 'Freeman Blevins', '1990-02-15'),
(85, 'Drew Burt', '1989-11-04'),
(86, 'Rivka Caron', '1980-07-22'),
(87, 'Lesia Hatch', '1970-01-02'),
(88, 'Janis Gonsalves', '1987-01-19'),
(89, 'Selina Pfeiffer', '1988-10-03'),
(90, 'Johnathan Magana', '1972-08-30'),
(91, 'Hosea Spears', '1978-07-10'),
(92, 'Graham Alger', '1982-05-13'),
(93, 'Kizzy Hightower', '1972-03-02'),
(94, 'Sanjuanita Conners', '1972-09-05'),
(95, 'Tanner Van', '1976-03-13'),
(96, 'Abel Paulson', '1985-02-04'),
(97, 'Abdul Freed', '1994-04-26'),
(98, 'Ora Dorris', '1999-10-30'),
(99, 'Abbie Gurley', '1970-01-10'),
(100, 'Bradford Broderick', '1970-02-20');

--
-- Inserting data into table coleccion
--
INSERT INTO coleccion(id_coleccion, nombre) VALUES
(1, 'Games'),
(2, 'Movies'),
(3, 'Accessories'),
(4, 'Baby'),
(5, 'Tools'),
(6, 'Automotive'),
(7, 'Health'),
(8, 'Shoes'),
(9, 'Pets'),
(10, 'Sports'),
(11, 'Patio'),
(12, 'Toys'),
(13, 'Gifts'),
(14, 'Home'),
(15, 'Crafts'),
(16, 'Clothing'),
(17, 'Pharmacy'),
(18, 'Garden'),
(19, 'Audible'),
(20, 'Outdoors'),
(21, 'Beauty'),
(22, 'Books'),
(23, 'Electronics'),
(24, 'Office'),
(25, 'Computers'),
(26, 'Music'),
(27, 'Furniture'),
(28, 'Food'),
(29, 'Jewelry');

--
-- Inserting data into table tipo
--
INSERT INTO tipo(id_tipo, descripcion) VALUES
(1, 'txt'),
(2, 'docx'),
(3, 'php'),
(4, 'png'),
(5, 'cpp'),
(6, 'gif'),
(7, 'htm'),
(8, 'jpg'),
(9, 'doc'),
(10, 'mov'),
(11, 'ppt'),
(12, 'pdf'),
(13, 'xml'),
(14, 'bmp'),
(15, 'cs'),
(16, 'xlsx'),
(17, 'cproj'),
(18, 'html'),
(19, 'aspx'),
(20, 'xls'),
(21, 'asp'),
(22, 'dbf'),
(23, 'chm'),
(24, 'asf'),
(25, 'mpg'),
(26, 'xaml'),
(27, 'flv'),
(28, 'avi'),
(29, '3gp'),
(30, 'mp3'),
(31, 'wmv'),
(32, 'mkv'),
(33, 'mpeg');

--
-- Inserting data into table usuario
--
INSERT INTO usuario(login, contraseña, email, fecha_alta) VALUES
('Catherina533', 'VGFFQ3683V', 'Jerold_Overstreet872', '1995-04-01'),
('Carmelina382', 'VEXBN4277S', 'BerylCarlin@nowhere.', '1993-05-26'),
('Mead1954', 'YYSPQ4973K', 'NakeshaWallis12@nowh', '1988-11-23'),
('Adelaida2', 'WOGKT5868F', 'Colby_D.Reyna@exampl', '1973-03-11'),
('Lanier4', 'RXNPP8318C', 'RolfRoot638@nowhere.', '1999-08-10'),
('Jarod2021', 'SXCCG3529H', 'MelonyLange8@nowhere', '1976-12-03'),
('Abney2020', 'IZHGQ6322A', 'fyjjyast.yioss@examp', '2017-01-17'),
('Rawlings1966', 'HZIPL5724L', 'Coburn782@example.co', '1983-03-16'),
('Zook2014', 'YUUAW2869O', 'AugustCasey458@examp', '2016-07-05'),
('Denna1961', 'JCKFM4282C', 'Addie_BGillen185@exa', '2004-11-10'),
('Bert631', 'OIHGX1656L', 'BuckCarver85@nowhere', '1970-01-05'),
('Crouch93', 'TXGLU5663H', 'LynelleLyles828@nowh', '2011-10-17'),
('Wynona1996', 'YDSHF1422A', 'IdaliaJMagee@nowhere', '2006-12-30'),
('Hawkins231', 'RSFBT1632F', 'Ahrens88@example.com', '1999-12-01'),
('Wheeler2', 'KJWCR2884F', 'WillaAponte@nowhere.', '1970-07-02'),
('Lester2029', 'MWMAC3296T', 'qvgkbnex3442@example', '1978-06-14'),
('Riva1959', 'CQMGW8986K', 'HargroveI1@example.c', '1971-07-20'),
('Acevedo1972', 'YZJBB8814O', 'Akin@example.com', '2008-06-26'),
('Ziegler1970', 'IHALM2968N', 'Cleveland79@example.', '2009-03-05'),
('Shaw2019', 'EEMBJ4166W', 'Miyoko_Pence168@exam', '1978-01-28'),
('Alfonzo534', 'CLVLU9624A', 'Fontaine92@example.c', '1974-01-26'),
('Cisneros36', 'ASKFZ9229H', 'obzfhvfe.dkgluf@exam', '1970-01-10'),
('Antwan96', 'IKUFT8948K', 'Fritz@example.com', '1970-01-24'),
('Alanna8', 'SKTTO7579W', 'Shavonne_QCheek782@e', '2010-09-09'),
('Jamey848', 'UORPP2644O', 'iccdvtnp.idgagnrr@no', '1978-06-30'),
('Mitchell5', 'FUVGA9694L', 'mhbz642@nowhere.com', '1983-11-06'),
('Enrique2006', 'ZHGJC2271M', 'Aubrey.Lundy@nowhere', '1971-01-04'),
('Courtney2007', 'XDHTO6482V', 'Cleo.High@nowhere.co', '1989-01-08'),
('Xavier1964', 'BLQFW3355C', 'Orellana@example.com', '2014-11-20'),
('Begay34', 'RQNPI9174C', 'Busby39@example.com', '1970-03-23'),
('Shanna1960', 'ATWKG8737S', 'AbelE@example.com', '2018-07-30'),
('Angelo2018', 'YJCLF5658R', 'NatoshaBertram2@exam', '1971-09-20'),
('Addie2014', 'GSXHP4989U', 'Ewing@nowhere.com', '1987-01-12'),
('Giovanni9', 'KHJLO7731Z', 'TroyD_Bertrand856@ex', '1987-11-08'),
('Adair845', 'AWCJX6791W', 'Sampson@example.com', '1973-04-25'),
('Patricia1994', 'WIBTD3355U', 'NathanielGold@exampl', '1989-10-04'),
('Pringle1994', 'EMYAD3311O', 'fexpo1821@example.co', '1989-02-06'),
('Mears617', 'SGZKM1882L', 'Hutto937@example.com', '2015-07-10'),
('Enriquez819', 'CVWFU8276E', 'Abreu@example.com', '1981-06-30'),
('Harley1998', 'KPYLZ7448T', 'ncxassfx828@example.', '2014-05-28'),
('Winslow1950', 'YHOLW9252T', 'Josh.AHodges@nowhere', '1972-02-08'),
('Abraham2020', 'YHWFA3913T', 'Andrew_Cooke@example', '2008-12-30'),
('Christian6', 'XOILX1155W', 'Gregg412@example.com', '2001-10-10'),
('Milliken166', 'XSUCQ2297I', 'Hodge@nowhere.com', '2014-10-17'),
('Alec1986', 'MNJBM7825F', 'Andreas.E.Corbin@exa', '1971-05-13'),
('Avelina2017', 'VYMFX4295G', 'Brinkman@example.com', '1971-11-17'),
('Michael531', 'SZQPC1335G', 'Kim@example.com', '1970-04-04'),
('Snider2017', 'JVBBT2358I', 'Culver@example.com', '1981-03-06'),
('Stallings2029', 'BTNPH5837K', 'bfja88@nowhere.com', '1991-09-15'),
('Kimbrough1', 'LCTKA2983G', 'Canales597@example.c', '2011-12-07'),
('Diego3', 'YHPCE2359X', 'menw5@nowhere.com', '1997-12-15'),
('Oliva1985', 'FMOLD5766E', 'AlainaBeane56@exampl', '1973-12-02'),
('Brendon2001', 'DLIJS2582U', 'Alford7@example.com', '2006-08-23'),
('Caroyln1994', 'MKUAC6992N', 'MikelReno9@example.c', '1972-05-12'),
('Shaquita2004', 'VXZFI8833T', 'IrvinSmart@example.c', '1999-12-16'),
('Shane229', 'RENJE6495Z', 'AbbyDang389@example.', '2007-02-17'),
('Adam3', 'OHJBF7427E', 'Babcock522@example.c', '1972-07-12'),
('Brittny1998', 'FPZGN2269K', 'HutchesonO@example.c', '1976-03-24'),
('Kenny1983', 'QRZLR7699A', 'Adam_Bruner5@example', '2013-06-06'),
('Providencia2', 'QNVPO2879D', 'JulesVan@example.com', '1977-09-10'),
('Domitila1974', 'KISLN5837W', 'Stepanie.Abrams7@exa', '1970-11-05'),
('Denis1954', 'EHZCA6983G', 'wwgnzu4174@example.c', '2019-05-13'),
('Myles1', 'ZYPPV8343Z', 'AishaCurtis818@examp', '1977-02-12'),
('Ackerman835', 'NOOTX3739W', 'Derrick.VMullin@nowh', '1988-02-26'),
('Delfina2026', 'GCJCX9163N', 'Royster@example.com', '2014-05-14'),
('Ulrike2029', 'VLZJJ4842S', 'hoyw7492@example.com', '1973-03-28'),
('Aleshia2021', 'ACKTQ5187E', 'CoralAbreu@nowhere.c', '1970-02-23'),
('Coates72', 'RYIPN1438Z', 'Abigail_Phelps443@ex', '1974-04-20'),
('Orosco2005', 'GXUAN5939J', 'Stacie.Crosby165@exa', '2005-06-05'),
('Shea1953', 'DHDHN8239U', 'Jolly@nowhere.com', '2007-11-30'),
('Delmar2', 'HNYHH6295S', 'TamekiaOliver441@exa', '1998-05-02'),
('Milagro93', 'IWNBY9553H', 'Moody92@nowhere.com', '2014-06-16'),
('Jimmy225', 'WSMJX5837Y', 'Oakley94@example.com', '1984-10-19'),
('Michel1983', 'SAYHK5938F', 'Abney48@example.com', '1971-12-07'),
('Albers622', 'XYWLV1668O', 'KennaGoodrich@exampl', '1970-03-24'),
('Brenda1973', 'IQEJI2193O', 'bgan1984@example.com', '1970-06-03'),
('Dalene587', 'LBVFB6712B', 'ScottieBolt2@nowhere', '1971-09-27'),
('Abney2016', 'HRRHT8959S', 'Weems@example.com', '1998-05-24'),
('Calkins135', 'VQHJB5262Q', 'rnxxqy555@example.co', '2001-02-14'),
('Rowley2010', 'WMIHR9969A', 'Blais255@example.com', '1991-04-08'),
('Foote4', 'MPRFG6283I', 'DemarcusBurkhart299@', '1970-01-04'),
('Philip527', 'NHWJY5975R', 'PasqualeCobb@example', '2005-08-11'),
('Melisa2022', 'GYFBP9164C', 'Canty@nowhere.com', '1970-01-08'),
('Annelle2004', 'YHEPX9241D', 'HenriettaBright71@ex', '1972-10-02'),
('Vanetta2012', 'ZEVGX7117J', 'AleidaCamacho@exampl', '1970-01-03'),
('Courtney78', 'HCWGE6278J', 'ErnestParnell@exampl', '1993-11-08'),
('Freddie2000', 'XVTAO8454C', 'WillettaCooke@exampl', '1970-08-20'),
('Sebrina3', 'DCWGW8855U', 'Abrams@nowhere.com', '1989-03-14'),
('Canales883', 'JAAHP4987J', 'Shayla.Y.Houghton645', '1970-01-05'),
('Tanisha2024', 'LRAGL9611V', 'Kim@example.com', '1995-02-19'),
('Abbie2014', 'VLDFV3821W', 'Bayne@nowhere.com', '1970-01-09'),
('Timmy2025', 'SVABE9716O', 'Barth@example.com', '1988-10-21'),
('March1962', 'VDQFT9721K', 'Parsons@example.com', '1970-01-06'),
('Erwin2008', 'ZQGBU6854H', 'FrankieConklin43@exa', '1970-01-03'),
('Nava739', 'KTPPZ1399Y', 'KentCraven@example.c', '1970-11-24'),
('Florene846', 'KURCH8162M', 'Florentino_E_Ayala18', '2006-04-25'),
('Candace754', 'TRICU8377A', 'AdelaAhern@example.c', '1992-08-15'),
('Geiger2017', 'OAYFL2318K', 'AbelBaker@example.co', '1999-09-28'),
('Malcom2010', 'COQCW4215F', 'LaurenDurham@example', '1975-08-31'),
('Walton1965', 'QNBKR1398S', 'AbdulAbraham@nowhere', '2015-07-24');

--
-- Inserting data into table libro
--
INSERT INTO libro(id_libro, titulo, coleccion, autor) VALUES
(1, 'Antaridge', 25, 10),
(2, 'Monwoofridge', 7, 10),
(3, 'Chartoplet', 21, 11),
(4, 'Prolifiar', 14, 48),
(5, 'Recordicphone', 19, 35),
(6, 'Contopexor', 16, 35),
(7, 'Monoholdphone', 4, 57),
(8, 'Bijectentor', 14, 55),
(9, 'Probandeflet', 20, 79),
(10, 'Tabcordefscope', 2, 14),
(11, 'Comtectar', 22, 81),
(12, 'Tabniepra', 16, 36),
(13, 'Reholdepscope', 1, 13),
(14, 'Mictellewor', 12, 71),
(15, 'Printculon', 11, 21),
(16, 'Ampcordletra', 19, 1),
(17, 'Subbandridge', 6, 81),
(18, 'Charcesseder', 18, 82),
(19, 'Readleinridge', 12, 70),
(20, 'Cartnieper', 29, 92),
(21, 'Ampcordimor', 28, 68),
(22, 'Stereomuterphone', 11, 51),
(23, 'Readcordar', 27, 98),
(24, 'Monholdewon', 16, 94),
(25, 'Projectimer', 6, 37),
(26, 'Ampleupentor', 15, 4),
(27, 'Stereoplotter', 6, 34),
(28, 'Tecordletphone', 22, 76),
(29, 'Stereowooflet', 26, 39),
(30, 'Tweettaridge', 17, 37),
(31, 'Proputlet', 6, 70),
(32, 'Ampjectfiator', 2, 51),
(33, 'Tweetplottar', 15, 51),
(34, 'Cleancessentor', 10, 34),
(35, 'Monofindommer', 13, 57),
(36, 'Charpickedgphone', 11, 57),
(37, 'Mictinlet', 7, 46),
(38, 'Supbandinscope', 17, 18),
(39, 'Monofinder', 14, 59),
(40, 'Cartcyclader', 16, 15),
(41, 'Armbandentor', 7, 69),
(42, 'Armleadator', 19, 71),
(43, 'Bilictedgon', 7, 3),
(44, 'Amptellopator', 22, 86),
(45, 'Chartectridge', 10, 81),
(46, 'Biceivonor', 25, 72),
(47, 'Tweetcordaquar', 25, 81),
(48, 'Monocessimentor', 28, 94),
(49, 'Comcycler', 27, 5),
(50, 'Tweetbandimphone', 2, 51),
(51, 'Charcycledger', 6, 81),
(52, 'Cleantinaqura', 11, 98),
(53, 'Subjecter', 12, 19),
(54, 'Playbander', 20, 96),
(55, 'Tabtopepentor', 23, 91),
(56, 'Tabtinscope', 27, 45),
(57, 'Readtaer', 9, 33),
(58, 'Tweetniator', 7, 8),
(59, 'Tepicklet', 21, 4),
(60, 'Speakfindgara', 18, 79),
(61, 'Cartleopra', 15, 64),
(62, 'Subfindlet', 12, 55),
(63, 'Charmutedry', 2, 35),
(64, 'Monoplottry', 27, 59),
(65, 'Anfindscope', 10, 25),
(66, 'Printlifionry', 2, 73),
(67, 'Charmuter', 1, 35),
(68, 'Protopscope', 3, 82),
(69, 'Charcordon', 23, 18),
(70, 'Antopor', 11, 75),
(71, 'Cartjector', 26, 22),
(72, 'Anputscope', 22, 93),
(73, 'Charculaquon', 23, 85),
(74, 'Rejector', 3, 5),
(75, 'Anceivgaer', 12, 74),
(76, 'Protectefon', 16, 87),
(77, 'Proculphone', 16, 58),
(78, 'Comlictfier', 16, 47),
(79, 'Tewoofer', 27, 66),
(80, 'Transputor', 21, 7),
(81, 'Comlifier', 7, 96),
(82, 'Tabbandfier', 22, 12),
(83, 'Tabculaquator', 20, 32),
(84, 'Printpickadlet', 19, 48),
(85, 'Supcordon', 6, 22),
(86, 'Armtafiar', 22, 95),
(87, 'Tetary', 21, 86),
(88, 'Ampbandgaer', 11, 80),
(89, 'Comcordentor', 27, 37),
(90, 'Readholdexon', 3, 17),
(91, 'Comleewator', 2, 18),
(92, 'Tweettinar', 10, 44),
(93, 'Tabmutewer', 1, 18),
(94, 'Cleanleer', 11, 6),
(95, 'Subculonscope', 25, 14),
(96, 'Cabcesser', 27, 89),
(97, 'Monocordinentor', 19, 72),
(98, 'Cabcycler', 12, 81),
(99, 'Cabceivra', 15, 9),
(100, 'Playtellfientor', 6, 68);

--
-- Inserting data into table descarga
--
INSERT INTO descarga(libro, usuario) VALUES
(97, 'Candace754'),
(17, 'Riva1959'),
(41, 'Winslow1950'),
(7, 'Abney2020'),
(55, 'Shaquita2004'),
(100, 'Walton1965'),
(90, 'Tanisha2024'),
(98, 'Geiger2017'),
(91, 'Abbie2014'),
(45, 'Alec1986'),
(31, 'Shanna1960'),
(42, 'Abraham2020'),
(82, 'Philip527'),
(32, 'Angelo2018'),
(22, 'Cisneros36'),
(99, 'Malcom2010'),
(33, 'Addie2014'),
(72, 'Milagro93'),
(83, 'Melisa2022'),
(92, 'Timmy2025'),
(56, 'Shane229'),
(46, 'Avelina2017'),
(85, 'Vanetta2012'),
(18, 'Acevedo1972'),
(57, 'Adam3'),
(23, 'Antwan96'),
(34, 'Giovanni9'),
(47, 'Michael531'),
(73, 'Jimmy225'),
(84, 'Annelle2004'),
(24, 'Alanna8'),
(93, 'March1962'),
(8, 'Rawlings1966'),
(74, 'Michel1983'),
(64, 'Ackerman835'),
(58, 'Brittny1998'),
(75, 'Albers622'),
(35, 'Adair845'),
(25, 'Jamey848'),
(19, 'Ziegler1970'),
(86, 'Courtney78'),
(94, 'Erwin2008'),
(65, 'Delfina2026'),
(76, 'Brenda1973'),
(9, 'Zook2014'),
(48, 'Snider2017'),
(87, 'Freddie2000'),
(95, 'Nava739'),
(88, 'Sebrina3'),
(66, 'Ulrike2029'),
(96, 'Florene846'),
(59, 'Kenny1983'),
(49, 'Stallings2029'),
(20, 'Shaw2019'),
(36, 'Patricia1994'),
(77, 'Dalene587'),
(26, 'Mitchell5'),
(10, 'Denna1961'),
(89, 'Canales883'),
(67, 'Aleshia2021'),
(60, 'Providencia2'),
(21, 'Alfonzo534'),
(50, 'Kimbrough1'),
(78, 'Abney2016'),
(11, 'Bert631'),
(1, 'Catherina533'),
(12, 'Crouch93'),
(61, 'Domitila1974'),
(68, 'Coates72'),
(2, 'Carmelina382'),
(13, 'Wynona1996'),
(37, 'Pringle1994'),
(51, 'Diego3'),
(79, 'Calkins135'),
(62, 'Denis1954'),
(69, 'Orosco2005'),
(27, 'Enrique2006'),
(80, 'Rowley2010'),
(70, 'Shea1953'),
(3, 'Mead1954'),
(38, 'Mears617'),
(52, 'Oliva1985'),
(14, 'Hawkins231'),
(81, 'Foote4'),
(63, 'Myles1'),
(28, 'Courtney2007'),
(71, 'Delmar2'),
(39, 'Enriquez819'),
(4, 'Adelaida2'),
(15, 'Wheeler2'),
(53, 'Brendon2001'),
(29, 'Xavier1964'),
(43, 'Christian6'),
(40, 'Harley1998'),
(54, 'Caroyln1994'),
(5, 'Lanier4'),
(44, 'Milliken166'),
(16, 'Lester2029'),
(6, 'Jarod2021'),
(30, 'Begay34');

--
-- Inserting data into table ayuda
--
INSERT INTO ayuda(libro, autor) VALUES
(97, 97),
(17, 17),
(41, 41),
(7, 7),
(55, 55),
(100, 100),
(90, 90),
(98, 98),
(91, 91),
(45, 45),
(31, 31),
(42, 42),
(82, 82),
(32, 32),
(22, 22),
(99, 99),
(33, 33),
(72, 72),
(83, 83),
(92, 92),
(56, 56),
(46, 46),
(85, 85),
(18, 18),
(57, 57),
(23, 23),
(34, 34),
(47, 47),
(73, 73),
(84, 84),
(24, 24),
(93, 93),
(8, 8),
(74, 74),
(64, 64),
(58, 58),
(75, 75),
(35, 35),
(25, 25),
(19, 19),
(86, 86),
(94, 94),
(65, 65),
(76, 76),
(9, 9),
(48, 48),
(87, 87),
(95, 95),
(88, 88),
(66, 66),
(96, 96),
(59, 59),
(49, 49),
(20, 20),
(36, 36),
(77, 77),
(26, 26),
(10, 10),
(89, 89),
(67, 67),
(60, 60),
(21, 21),
(50, 50),
(78, 78),
(11, 11),
(1, 1),
(12, 12),
(61, 61),
(68, 68),
(2, 2),
(13, 13),
(37, 37),
(51, 51),
(79, 79),
(62, 62),
(69, 69),
(27, 27),
(80, 80),
(70, 70),
(3, 3),
(38, 38),
(52, 52),
(14, 14),
(81, 81),
(63, 63),
(28, 28),
(71, 71),
(39, 39),
(4, 4),
(15, 15),
(53, 53),
(29, 29),
(43, 43),
(40, 40),
(54, 54),
(5, 5),
(44, 44),
(16, 16),
(6, 6),
(30, 30);

--
-- Inserting data into table fechadescarga
--
INSERT INTO fechadescarga(libro, usuario, fecha_descarga) VALUES
(44, 'Milliken166', '1982-06-14'),
(33, 'Addie2014', '1998-09-26'),
(86, 'Courtney78', '1971-03-20'),
(90, 'Tanisha2024', '1976-02-28'),
(36, 'Patricia1994', '1987-05-24'),
(30, 'Begay34', '2011-08-28'),
(15, 'Wheeler2', '1998-10-04'),
(16, 'Lester2029', '1998-10-05'),
(53, 'Brendon2001', '1993-10-21'),
(9, 'Zook2014', '1998-09-30'),
(24, 'Alanna8', '2016-07-31'),
(94, 'Erwin2008', '1976-03-03'),
(52, 'Oliva1985', '1987-05-26'),
(93, 'March1962', '1987-05-22'),
(46, 'Avelina2017', '1971-03-18'),
(6, 'Jarod2021', '1993-10-22'),
(8, 'Rawlings1966', '1993-10-15'),
(37, 'Pringle1994', '1971-03-24'),
(14, 'Hawkins231', '1998-10-03'),
(29, 'Xavier1964', '2011-08-27'),
(77, 'Dalene587', '1976-03-05'),
(48, 'Snider2017', '2002-05-06'),
(63, 'Myles1', '1987-05-27'),
(72, 'Milagro93', '1993-10-13'),
(26, 'Mitchell5', '1998-10-01'),
(85, 'Vanetta2012', '1976-03-01'),
(74, 'Michel1983', '2002-05-05'),
(87, 'Freddie2000', '1993-10-17'),
(51, 'Diego3', '2011-08-25'),
(81, 'Foote4', '1982-06-12'),
(18, 'Acevedo1972', '1982-06-07'),
(43, 'Christian6', '1971-03-26'),
(98, 'Geiger2017', '2016-07-28'),
(79, 'Calkins135', '2002-05-09'),
(78, 'Abney2016', '2011-08-23'),
(10, 'Denna1961', '2002-05-07'),
(62, 'Denis1954', '2007-04-23'),
(64, 'Ackerman835', '1998-09-29'),
(57, 'Adam3', '1971-03-19'),
(83, 'Melisa2022', '1998-09-27'),
(28, 'Courtney2007', '1982-06-13'),
(40, 'Harley1998', '1976-03-09'),
(11, 'Bert631', '1987-05-25'),
(69, 'Orosco2005', '1998-10-02'),
(91, 'Abbie2014', '2011-08-18'),
(95, 'Nava739', '1987-05-23'),
(71, 'Delmar2', '2016-08-06'),
(54, 'Caroyln1994', '1987-05-28'),
(39, 'Enriquez819', '1993-10-20'),
(1, 'Catherina533', '2002-05-08'),
(5, 'Lanier4', '2016-08-07'),
(89, 'Canales883', '1971-03-23'),
(88, 'Sebrina3', '1971-03-21'),
(92, 'Timmy2025', '1993-10-14'),
(58, 'Brittny1998', '2007-04-19'),
(27, 'Enrique2006', '2016-08-05'),
(23, 'Antwan96', '2016-07-30'),
(45, 'Alec1986', '2007-04-17'),
(4, 'Adelaida2', '1976-03-08'),
(12, 'Crouch93', '2016-08-03'),
(67, 'Aleshia2021', '1993-10-18'),
(56, 'Shane229', '1987-05-21'),
(66, 'Ulrike2029', '1982-06-09'),
(80, 'Rowley2010', '2011-08-26'),
(31, 'Shanna1960', '1987-05-20'),
(97, 'Candace754', '1976-02-27'),
(42, 'Abraham2020', '1971-03-17'),
(60, 'Providencia2', '1976-03-06'),
(61, 'Domitila1974', '1982-06-11'),
(17, 'Riva1959', '2011-08-17'),
(82, 'Philip527', '1976-02-29'),
(75, 'Albers622', '1982-06-08'),
(96, 'Florene846', '1976-03-04'),
(70, 'Shea1953', '1976-03-07'),
(21, 'Alfonzo534', '2007-04-21'),
(68, 'Coates72', '2011-08-24'),
(34, 'Giovanni9', '2002-05-04'),
(3, 'Mead1954', '1993-10-19'),
(2, 'Carmelina382', '2007-04-22'),
(41, 'Winslow1950', '1982-06-05'),
(35, 'Adair845', '1993-10-16'),
(59, 'Kenny1983', '2016-08-02'),
(32, 'Angelo2018', '2016-07-29'),
(38, 'Mears617', '1971-03-25'),
(50, 'Kimbrough1', '1982-06-10'),
(47, 'Michael531', '2007-04-18'),
(13, 'Wynona1996', '2016-08-04'),
(25, 'Jamey848', '2011-08-21'),
(7, 'Abney2020', '2019-07-12'),
(22, 'Cisneros36', '2011-08-19'),
(49, 'Stallings2029', '1971-03-22'),
(73, 'Jimmy225', '1998-09-28'),
(65, 'Delfina2026', '2016-08-01'),
(19, 'Ziegler1970', '1976-03-02'),
(20, 'Shaw2019', '2007-04-20'),
(55, 'Shaquita2004', '1993-10-12'),
(76, 'Brenda1973', '2011-08-22'),
(99, 'Malcom2010', '1982-06-06'),
(100, 'Walton1965', '1971-03-16'),
(84, 'Annelle2004', '2011-08-20');

--
-- Inserting data into table tiene
--
INSERT INTO tiene(libro, tipo) VALUES
(33, 31),
(17, 17),
(9, 8),
(7, 7),
(23, 22),
(4, 1),
(26, 24),
(34, 32),
(27, 25),
(13, 12),
(31, 31),
(10, 9),
(18, 16),
(32, 32),
(22, 22),
(35, 33),
(33, 33),
(8, 6),
(19, 17),
(28, 26),
(24, 23),
(14, 13),
(21, 19),
(18, 18),
(25, 24),
(23, 23),
(2, 1),
(15, 14),
(9, 7),
(20, 18),
(24, 24),
(29, 27),
(8, 8),
(10, 8),
(32, 31),
(26, 25),
(11, 9),
(3, 2),
(25, 25),
(19, 19),
(22, 20),
(30, 28),
(33, 32),
(12, 10),
(9, 9),
(16, 15),
(23, 21),
(31, 29),
(24, 22),
(34, 33),
(32, 30),
(27, 26),
(17, 16),
(20, 20),
(4, 3),
(13, 11),
(26, 26),
(10, 10),
(25, 23),
(3, 1),
(28, 27),
(21, 21),
(18, 17),
(14, 12),
(11, 11),
(1, 1),
(12, 12),
(29, 28),
(4, 2),
(2, 2),
(13, 13),
(5, 4),
(19, 18),
(15, 13),
(30, 29),
(5, 3),
(27, 27),
(16, 14),
(6, 4),
(3, 3),
(6, 5),
(20, 19),
(14, 14),
(17, 15),
(31, 30),
(28, 28),
(7, 5),
(7, 6),
(4, 4),
(15, 15),
(21, 20),
(29, 29),
(11, 10),
(8, 7),
(22, 21),
(5, 5),
(12, 11),
(16, 16),
(6, 6),
(30, 30);
--
-- -- Enable foreign keys
--
/*!40014 SET FOREIGN_KEY_CHECKS=@OLD_FOREIGN_KEY_CHECKS */;

--
-- Creating constraints for libro
--
ALTER TABLE paginaweb.libro 
  ADD CONSTRAINT fklibroautor FOREIGN KEY (autor)
    REFERENCES paginaweb.autor(id_autor);
ALTER TABLE paginaweb.libro 
  ADD CONSTRAINT fklibrocoleccion FOREIGN KEY (coleccion)
    REFERENCES paginaweb.coleccion(id_coleccion);

--
-- Creating constraints for descarga
--
ALTER TABLE paginaweb.descarga 
  ADD CONSTRAINT fkdescargalibro FOREIGN KEY (libro)
    REFERENCES paginaweb.libro(id_libro);
ALTER TABLE paginaweb.descarga 
  ADD CONSTRAINT fkdescargausuario FOREIGN KEY (usuario)
    REFERENCES paginaweb.usuario(login);

--
-- Creating constraints for ayuda
--
ALTER TABLE paginaweb.ayuda 
  ADD CONSTRAINT fkayudaautor FOREIGN KEY (autor)
    REFERENCES paginaweb.autor(id_autor);
ALTER TABLE paginaweb.ayuda 
  ADD CONSTRAINT fkayudalibro FOREIGN KEY (libro)
    REFERENCES paginaweb.libro(id_libro);

--
-- Creating constraints for fechadescarga
--
ALTER TABLE paginaweb.fechadescarga 
  ADD CONSTRAINT fkfechadescarga FOREIGN KEY (libro, usuario)
    REFERENCES paginaweb.descarga(libro, usuario);

--
-- Creating constraints for tiene
--
ALTER TABLE paginaweb.tiene 
  ADD CONSTRAINT fktienelibro FOREIGN KEY (libro)
    REFERENCES paginaweb.libro(id_libro);
ALTER TABLE paginaweb.tiene 
  ADD CONSTRAINT fktienetipo FOREIGN KEY (tipo)
    REFERENCES paginaweb.tipo(id_tipo);