﻿--
-- Script was generated by Devart dbForge Studio for MySQL, Version 8.0.40.0
-- Product Home Page: http://www.devart.com/dbforge/mysql/studio
-- Script date 09/09/2019 13:18:00
-- Target server version: 5.5.5-10.1.40-MariaDB
-- Target connection string: User Id=root;Host=127.0.0.1;Character Set=utf8
--



SET NAMES 'utf8';
USE practica5;
--
-- Delete data from the table 'composicion'
--
TRUNCATE TABLE composicion;
--
-- Delete data from the table 'mienbro'
--
DELETE FROM mienbro;
--
-- Delete data from the table 'federacion'
--
DELETE FROM federacion;

--
-- Inserting data into table federacion
--
INSERT INTO federacion(nombre, direccion, telefono) VALUES
('Smart H-Mobile Co.', 'WX2706O1H', -943839737),
('Federal Space Research Group', 'V', -409185753),
('WorldWide Partners Corporation', 'S83', -476),
('Special Engineering Group', 'M93', -12972683),
('General B-Mobile Corp.', 'P', -1624469049),
('Professional Wind Energy Inc.', '3BR3', -307310126),
('Home Protection Corporation', 'BMO0MN8A59YZ2', -1209708887),
('Home High-Technologies Group', 'Y171', -429275820),
('Pacific O-Mobile Group', '1PXB7', -1922734024),
('North Space Research Inc.', 'KD3625J', -1490537754),
('Union High-Technologies Corp.', 'HH7X23XN9', 6),
('Union Trust Inc.', 'T6621N637K081', -950747444),
('Professional Business Co.', '394X51O050SS0S795AC2MBDRDY52', -1195193230),
('East Space Explore Corp.', '66', -532059750),
('First High-Technologies Inc.', '54RW8G59X639BP8', -1866654781),
('North Telecom Corp.', '228T0K2G', -638715405),
('South Travel Inc.', 'I04C6S', -2133206387),
('Pacific High-Technologies Grou', 'S78E', -3631),
('Global V-Mobile Inc.', 'HT841Y', -1618757887),
('Federal Systems Co.', 'U1', -1231576311),
('Domestic Mining Corporation', '04', -556477826),
('Advanced High-Technologies Cor', '7J', -546337011),
('Flexible Technologies Group', 'D0PECZ89', -1655169076),
('Creative Oil Co.', '23', -8),
('Special Broadcasting Inc.', 'R4S69', 63),
('United Solar Power Corp.', 'T4S', -622724199),
('North Wave Power Corp.', '90S', -207740402),
('Canadian Space Explore Corp.', '9', -114995481),
('Future High-Technologies Co.', '0Y4', -1448960231),
('International Industry Inc.', 'FBND4687UE0ML5NP1', 110),
('West Coast I-Mobile Group', '9955TXF5GH9HAKVOV1H3C1HFRV2FAO', -94163426),
('Western Data Corp.', '5JXJUC', -686281364),
('American Travel Corp.', 'J354A00K', -248217915),
('National Data Corp.', '7', -1321247616),
('American Explore Co.', '8', -965712830),
('National High-Technologies Cor', 'D6KI8LM2V5847N05', -8),
('Professional High-Technologies', '9', -1258858447),
('Canadian P-Mobile Inc.', 'QYV47K7EC4YH7K76B', -379307018),
('Smart J-Mobile Corporation', '6', -920399458),
('West G-Mobile Corporation', '28NVRA13', -1868052182),
('Future T-Mobile Group', '1357V2C9', -1548597520),
('Professional Natural Gas Energ', 'C1', 6199),
('City Semiconductor Inc.', '4', -885707670),
('Domestic Space Research Corpor', 'Q299Y', -1794008574),
('West Space Research Co.', '73', -1538289913),
('Professional U-Mobile Group', '72R4', -978193146),
('Global High-Technologies Group', '585', -1747243567),
('Beyond Space Research Corp.', '3DO6B', -194840941),
('Home Transportation Inc.', 'GB8HME734415UE7', -1970866709),
('Canadian 2G Wireless Co.', 'U', -1458913346);

--
-- Inserting data into table mienbro
--
INSERT INTO mienbro(dni, nombre_m, titulacion) VALUES
(2147483647, 'Scot Acker', 'LQYL88'),
(307297986, 'Albert Mclean', '117Q37260178C27'),
(92549621, 'Adelaida Bergman', '7YL63L8Q10S0'),
(1837520715, 'Abram Patten', 'Y'),
(307297987, 'Edgar Adler', '0K1'),
(2052269077, 'Edward Jarvis', '7P'),
(1632497362, 'Wesley Ramirez', '04884'),
(1043326478, 'Gregg Fulmer', 'CSE657I7K777294K'),
(92549622, 'Karly Aguirre', 'G22'),
(614948845, 'Rueben Sell', '0Y93H712277SO'),
(829697211, 'Porsha Minton', '5H'),
(1837520716, 'Almeta Bowling', '7U1N2C'),
(307297988, 'Leonora Houser', '3DQ'),
(614948846, 'Dudley Rowan', '41Y2PCV6'),
(1258074844, 'Vance Blaine', '8G'),
(2052269078, 'Clemmie Grove', 'T52NU103WCYQY67'),
(1043326479, 'Lester Cohn', 'F1'),
(829697212, 'Andrew Crutchfield', 'J81'),
(614948847, 'Percy Valdes', '6R2OS09X1E'),
(829697213, 'Duncan Sisco', 'XGIN1I62B129PW'),
(1417748997, 'Christian Gill', 'J9'),
(1632497363, 'Avery Weeks', 'T16F6ZV28POWUU62JZM1759547'),
(1837520717, 'Travis Abney', 'LJY495F4U'),
(92549623, 'Judson Oh', 'A'),
(1258074845, 'Abe Tibbs', '0DF3V42A78JM3G'),
(307297989, 'Allan Canales', 'LGAPO'),
(2052269079, 'Kristle Dickens', '5MNZLZ3'),
(614948848, 'Aide Manley', '0J4YBRN682C89X42'),
(829697214, 'Vita Morrissey', '67N5186F8M5M8N0'),
(614948849, 'Alease Perales', 'WDYE2C'),
(1837520718, 'Agueda Camp', 'R'),
(92549624, 'Jamie Aguiar', '2K40959KJEU16196X86416P'),
(2052269080, 'Augustus Abreu', 'T'),
(307297990, 'Romeo Anderson', '2Z44J526'),
(92549625, 'Abdul Rainey', 'O9H'),
(1043326480, 'Joye Ryder', 'D6'),
(829697215, 'Rory Burchfield', '57B'),
(1837520719, 'Adaline Shah', 'BF1'),
(1417748998, 'Alexandria Mendenhall', 'V9O552395UK'),
(2052269081, 'Adolfo Rangel', 'RNU0WTXD11PM5DH'),
(307297991, 'Kyung Andrew', '68FJ4'),
(1258074846, 'Melvin Sommers', 'YNUUWFER'),
(1043326481, 'Jamika Mendez', 'KAG49532'),
(92549626, 'Seth Ojeda', '9Y2PWHHL7F'),
(1632497364, 'Mistie Musgrove', '9S7DW7L3XC134BB8T11O24FQBEIWPC'),
(1417748999, 'Gabriela Harmon', 'D16HVJ587P'),
(1258074847, 'Alexis Goulet', 'AA'),
(1632497365, 'Neal Bergman', 'C'),
(1837520720, 'Fermina Fields', '4CFSF4V99Y'),
(614948850, 'Rolande Price', '01S2K8U7B3');

--
-- Inserting data into table composicion
--
INSERT INTO composicion(nombrefe, dnimi, cargo, fecha_inicio) VALUES
('Global High-Technologies Group', 1258074847, 'presidente', '1971-03-09'),
('Pacific O-Mobile Group', 92549622, 'asesor tecnico', '1987-01-29'),
('Pacific High-Technologies Grou', 829697212, 'presidente', '2018-03-28'),
('Special Engineering Group', 1837520715, 'gerente', '1995-11-19'),
('Canadian Space Explore Corp.', 614948848, 'presidente', '1993-01-05'),
('Canadian 2G Wireless Co.', 614948850, 'sicologo', '1988-08-22'),
('West Space Research Co.', 1632497364, 'asesor tecnico', '1971-02-13'),
('Beyond Space Research Corp.', 1632497365, 'sicologo', '1978-05-08'),
('Professional U-Mobile Group', 1417748999, 'gerente', '1970-03-05'),
('Flexible Technologies Group', 1837520717, 'asesor tecnico', '1990-11-02'),
('Professional Business Co.', 307297988, 'presidente', '1999-08-07'),
('Global V-Mobile Inc.', 614948847, 'sicologo', '1970-01-05'),
('Professional Natural Gas Energ', 1258074846, 'presidente', '1989-06-30'),
('East Space Explore Corp.', 614948846, 'asesor tecnico', '1970-01-01'),
('Federal Systems Co.', 829697213, 'presidente', '1974-01-20'),
('Home Transportation Inc.', 1837520720, 'sicologo', '2000-04-20'),
('First High-Technologies Inc.', 1258074844, 'gerente', '2002-09-27'),
('Professional High-Technologies', 829697215, 'sicologo', '1972-07-30'),
('City Semiconductor Inc.', 1043326481, 'sicologo', '2005-04-08'),
('Domestic Mining Corporation', 1417748997, 'asesor tecnico', '1970-03-24'),
('Future High-Technologies Co.', 829697214, 'gerente', '2009-08-30'),
('Canadian P-Mobile Inc.', 1837520719, 'sicologo', '2001-04-02'),
('North Space Research Inc.', 614948845, 'presidente', '2009-04-22'),
('North Telecom Corp.', 2052269078, 'presidente', '1981-07-30'),
('General B-Mobile Corp.', 307297987, 'asesor tecnico', '1970-11-09'),
('Union High-Technologies Corp.', 829697211, 'gerente', '2005-09-26'),
('Creative Oil Co.', 92549623, 'presidente', '1981-08-14'),
('International Industry Inc.', 614948849, 'asesor tecnico', '1970-03-29'),
('Special Broadcasting Inc.', 1258074845, 'asesor tecnico', '2019-06-26'),
('Advanced High-Technologies Cor', 1632497363, 'gerente', '1970-04-08'),
('Domestic Space Research Corpor', 92549626, 'presidente', '2004-07-03'),
('Professional Wind Energy Inc.', 2052269077, 'asesor tecnico', '2006-01-03'),
('West Coast I-Mobile Group', 1837520718, 'asesor tecnico', '1998-03-29'),
('Smart J-Mobile Corporation', 1417748998, 'presidente', '1979-11-27'),
('United Solar Power Corp.', 307297989, 'presidente', '2009-08-04'),
('Western Data Corp.', 92549624, 'sicologo', '2003-03-18'),
('South Travel Inc.', 1043326479, 'sicologo', '1986-09-07'),
('Union Trust Inc.', 1837520716, 'sicologo', '2004-12-24'),
('Smart H-Mobile Co.', 2147483647, 'asesor tecnico', '1994-09-03'),
('National Data Corp.', 307297990, 'asesor tecnico', '1989-09-17'),
('West G-Mobile Corporation', 2052269081, 'gerente', '2019-08-24'),
('North Wave Power Corp.', 2052269079, 'sicologo', '1982-01-09'),
('American Travel Corp.', 2052269080, 'asesor tecnico', '1993-11-03'),
('Home Protection Corporation', 1632497362, 'presidente', '1972-01-09'),
('American Explore Co.', 92549625, 'sicologo', '1970-05-22'),
('Future T-Mobile Group', 307297991, 'gerente', '1980-04-06'),
('National High-Technologies Cor', 1043326480, 'sicologo', '2009-06-03'),
('Federal Space Research Group', 307297986, 'gerente', '1990-10-19'),
('Home High-Technologies Group', 1043326478, 'presidente', '2019-08-19'),
('WorldWide Partners Corporation', 92549621, 'sicologo', '1997-02-22');