SET NAMES 'utf8';
SET SQL_MODE="NO_AUTO_VALUE_ON_ZERO";
SET time_zone = "+00:00";
SET FOREIGN_KEY_CHECKS = 0;

-- Insert Categories / Category-Assignments
TRUNCATE TABLE `s_categories`;

INSERT INTO `s_categories` (`id`, `parent`, `path`, `description`, `position`, `left`, `right`, `level`, `added`, `changed`, `metakeywords`, `metadescription`, `cmsheadline`, `cmstext`, `template`, `active`, `blog`, `external`, `hidefilter`, `hidetop`, `mediaID`, `product_box_layout`, `meta_title`, `stream_id`) VALUES
(1, NULL, NULL, 'Root', 0, 0, 0, 0, '2012-07-30 15:24:59', '2012-07-30 15:24:59', NULL, NULL, NULL, NULL, NULL, 1, 0, NULL, 0, 0, 0, NULL, NULL, NULL),
(3, 1, NULL, 'Deutsch', 0, 0, 0, 0, '2012-07-30 15:24:59', '2012-07-30 15:24:59', NULL, '', '', '', NULL, 1, 0, '', 0, 0, NULL, NULL, NULL, NULL),
(5, 3, '|3|', 'Genusswelten', 0, 0, 0, 0, '2012-08-15 15:48:04', '2012-08-15 15:48:04', NULL, '', 'Genusswelten', '<p>Ivi praebalteata Occumbo congruens seco, lea qui se surculus sed abhinc praejudico in forix curo. Sui aut hoc refectorium celo hos iam Upilio Ars retineo etsi lac damnatio imcomposite for oneratus sacrificum ora navigatio. St incultus Vox inennarabilis ludo per dis misericordaliter Summitto cos Infectum per velut scaccarium abico, inconsolabilis Occasus. Ipse Succumbo, Accumulo cui supellectilis Cogitatio contumelia fama quadruplator. Per sol insequor prex his arx necessarius Primordia De cum casa fiducialiter laboriosus Secundus, lex asper ros hio cur interrogatio saltem vir Adversa, Gregatim mei Eo metuo sum maro iam proclivia amicabiliter occulto cruor fleo peto delitesco Comperte lacerta his tot Os ut Fruor res Gaza provisio conscientia dux effrenus Promus sui secundus rutila. Celo nam balnearius Opprimo Pennatus, no decentia sui, dicto esse se pulchritudo, pupa Sive res indifferenter. Captivo pala pro de tandem Singulus labor, determino cui Ingurgito quo Ico pax ethologus praet.</p>', NULL, 1, 0, '', 0, 0, NULL, NULL, NULL, NULL),
(6, 3, '|3|', 'Sommerwelten', 3, 0, 0, 0, '2012-08-15 15:48:54', '2012-08-15 15:48:54', NULL, '', 'Sommerwelten', '<p>O. Ruo in divortium ita sesquimellesimus Oppono plus celo sceptrum, res ingustatus hi Ango prae tum quatenus/quatinus Sumptus per Avoco nos Indulgens mei heu cur Baiulus attonitus. Via subterfugio radio hac castra, tui Seorsum tam Byssus ex infirmitas. Cum illi organum archidictus, aedificium aut Exsilio neo, pie Promus finis ingenium luo Penna iocus curo Agnellus divinus. Ut ops gero ops Adsumo .</p>', NULL, 1, 0, '', 0, 0, NULL, NULL, NULL, NULL),
(8, 3, '|3|', 'Wohnwelten', 2, 0, 0, 0, '2012-08-15 15:49:31', '2012-08-15 15:49:31', NULL, '', 'Wohnwelten', '<p>O. Ruo in divortium ita sesquimellesimus Oppono plus celo sceptrum, res ingustatus hi Ango prae tum quatenus/quatinus Sumptus per Avoco nos Indulgens mei heu cur Baiulus attonitus. Via subterfugio radio hac castra, tui Seorsum tam Byssus ex infirmitas. Cum illi organum archidictus, aedificium aut Exsilio neo, pie Promus finis ingenium luo Penna iocus curo Agnellus divinus. Ut ops gero ops Adsumo .</p>', NULL, 1, 0, '', 0, 0, NULL, NULL, NULL, NULL),
(9, 3, '|3|', 'Freizeitwelten', 1, 0, 0, 0, '2012-08-15 15:50:39', '2012-08-15 15:50:39', NULL, '', 'Freizeitwelten', '<p>Nfrunitus, inconcussus Rogo eo non Namucense, commissum, laureatus Scutum, de boo si anhelo Commoneo procellosus sono emitto Crimen agna. Si subo Accubo castimonia hic ibi qua lux sto eu Pulcher Sem. Dis Cubiculum quo scitus Litigo diripio ango quies pes res penitentia Tabula, vos diu Sordes vae Epulor ile Tenor, nox Opulentia diu, ago Suppono sto pia Erilis, hae Virgo iam ora. Nam constat Lues h.</p>', NULL, 1, 0, '', 0, 0, NULL, NULL, NULL, NULL),
(10, 3, '|3|', 'Beispiele', 4, 0, 0, 0, '2012-08-15 15:50:50', '2012-08-15 15:50:50', NULL, '', 'Beispiele', '<p>Ed praesidium perspicax Prodoceo cotidie. Leo tam pro, aut dux tui Pluo hic tu ait vis proterus. Ubi consonum venor, sum incommendatus Generasco pumilius Ferme, Profectus nos dissemino, aer quibus demum intellectus senior carrus. Sus repecto nam familia hoc cado pax aut vindico tamdiu. Exaro dictator Quatenus quo pallium cum Ceterum fore hi ait ops Duo. Ops Quamobrem Affinitas natu tener baro, pe.</p>', NULL, 1, 0, '', 0, 0, NULL, NULL, NULL, NULL),
(11, 5, '|5|3|', 'Tees und Zubehör', 0, 0, 0, 0, '2012-08-16 12:24:02', '2012-08-16 12:24:02', NULL, '', 'Tees und Zubehör', '<p>X per ferme pellis nos cito aer Quibus. Cras huic Quod ango sus no Oculus fio indigus amo pica aut Vulgus Sal emineo. Se, per Series In cum ceterum hac martyr Aula Opto, an Prodoceo par Verber In ruo crapula recito Res tellus In duco mel iuro laboro os, do Cos Luna dono ter horum, for res iuxta Patulum ira, tam hoc qui for se ait. Tam suo nam sono eximo ars, sub Crispus alveus. Una, vae hic latex.</p>', NULL, 1, 0, '', 0, 0, NULL, NULL, NULL, NULL),
(12, 11, '|11|5|3|', 'Tees', 0, 0, 0, 0, '2012-08-16 12:37:19', '2012-08-16 12:37:19', NULL, '', 'Tees', '<p>Nos districtus delinquentes sesquioctavus cras hoc silva Concedo, abeo repere nam Familia lignarius cado sesquimellesimus Se, volo tergo duco Dictator per Socus.</p>', NULL, 1, 0, '', 0, 0, NULL, NULL, NULL, NULL),
(13, 11, '|11|5|3|', 'Tee-Zubehör', 1, 0, 0, 0, '2012-08-16 12:37:32', '2012-08-16 12:37:32', NULL, '', 'Tee-Zubehör', '<p>Do, cum Murus, re in munita, opto ala leo Certamen spoliatio, curvo Exemplar annecto per hic commorantes, ater ut poema Basilice, sic Venor acer caballus, incommoditas Propero exacuo palus.&nbsp;</p>', NULL, 1, 0, '', 0, 0, NULL, NULL, NULL, NULL),
(14, 5, '|5|3|', 'Edelbrände', 1, 0, 0, 0, '2012-08-16 16:52:19', '2012-08-16 16:52:19', NULL, '', 'Die besten Edelbrände', '', NULL, 1, 0, '', 0, 0, NULL, NULL, NULL, NULL),
(15, 5, '|5|3|', 'Köstlichkeiten', 2, 0, 0, 0, '2012-08-17 08:58:56', '2012-08-17 08:58:56', NULL, '', 'Köstlichkeiten', '<p>O curriculum Paene tum lea aut plane Subdo eia Permetior luxuria. Se Velamen ora advoco.Sem Ferreus, pax sis Faenum incumbo lux Advoco alea crimen, provida amita boo illis quatenus/quatinus Tandem, Sanctus lex ratio, per Vobis latrocinium queo tergum Varietas lea hic Fero at Fides prae festinanter lacer. Mugio universitas magnificentia contente St incogito Mire to aut ut Avunculus do specialitas,.</p>', NULL, 1, 0, '', 0, 0, NULL, NULL, NULL, NULL),
(16, 9, '|9|3|', 'Entertainment', 1, 0, 0, 0, '2012-08-17 12:19:25', '2012-08-17 12:19:25', NULL, '', '', '', NULL, 1, 0, '', 0, 0, NULL, NULL, NULL, NULL),
(17, 3, '|3|', 'Trends + News', 5, 0, 0, 0, '2012-08-18 18:22:16', '2012-08-18 18:22:16', NULL, '', 'Blogfunktion', '<p>Weblogs sind heutzutage ein sehr popul&auml;res Kommunikationsmedium, um regelm&auml;&szlig;ig Informationen zu ver&ouml;ffentlichen. Das neue Blog-System in Shopware 4 kombiniert die Vorteile von modernen Weblogs mit dem eigenen Onlineshop. So k&ouml;nnen etwa Produktneuheiten, News aus dem Unternehmen und vieles mehr direkt im Shop mitgeteilt und mit Produkten sinnvoll verkn&uuml;pft werden.</p>\n<p>Mehr noch, ist der shopeigene Blog eine schon fast nicht mehr wegzudenkende Option, das Suchmaschinen-Ranking durch relevante Texte und Bilder zu verbessern. Das neue Blog-System in Shopware bietet neben einem neuen Design mehr Funktionen und eine verbesserte Usability.&nbsp;</p>', NULL, 1, 1, '', 0, 0, NULL, NULL, NULL, NULL),
(19, 10, '|10|3|', 'Crossselling', 6, 0, 0, 0, '2012-08-20 12:46:24', '2012-08-20 12:46:24', NULL, '', 'Crossselling', '<p>Um dem Kunden das Einkaufen so einfach und komfortabel wie m&ouml;glich zu gestalten, k&ouml;nnen unter Cross-Selling direkte Verkn&uuml;pfungen zu anderen Artikeln eingerichtet werden.</p>\n<p>Hierbei k&ouml;nnen Sie <strong>&Auml;hnliche Artikel</strong> und auch <strong>Artikel-Zubeh&ouml;r</strong> zum jeweiligen Artikel vorschlagen.</p>', NULL, 1, 0, '', 0, 0, NULL, NULL, NULL, NULL),
(20, 10, '|10|3|', 'Darstellung', 5, 0, 0, 0, '2012-08-20 12:46:28', '2012-08-20 12:46:28', NULL, '', 'Artikeldarstellung im Listing.', '<p>Shopware bietet Ihnen vielf&auml;ltige M&ouml;glichkeiten zur Darstellung der Artikel in der Artikel&uuml;bersicht. So k&ouml;nnen Sie ganz einfach bestimmte Artikel&nbsp;als Highlight,&nbsp;bewertete Artikel,&nbsp;neue Artikel anzeigen lassen. Zudem werden Downloadartikel auch automatisch gekennzeichnet.</p>', NULL, 1, 0, '', 0, 0, NULL, NULL, NULL, NULL),
(21, 10, '|10|3|', 'Produktvergleiche & Filter', 4, 0, 0, 0, '2012-08-20 12:46:42', '2012-08-20 12:46:42', NULL, '', 'Eigenschaften und Filter', '<p><span style="text-decoration: underline;"><strong>Eigenschaften /Filter</strong></span><br />Den Artikeln in dieser Kategorie wurden mehrere Eigenschaften zugeordnet. Sobald Eigenschaften hinterlegt wurden erscheinen diese in der Storefront in der linken Spalte unter den Kategorien und k&ouml;nnen dort gefiltert werden.<br /><br /><span style="text-decoration: underline;"><strong>Produktvergleich</strong></span><br />Die hinterlegten Eigenschaften erm&ouml;glichen Ihrem Kunden zudem den einfachen Produktvergleich zwischen den Artikeln. W&auml;hlen Sie hierf&uuml;r bei den gew&uuml;nschten Artikel die Option "Vergleichen". Im Anschluss k&ouml;nnen Sie den Vergleich im Header (oben im Shop) starten.</p>', NULL, 1, 0, '', 0, 0, NULL, NULL, NULL, NULL),
(22, 10, '|10|3|', 'Konfiguratorartikel', 2, 0, 0, 0, '2012-08-20 12:47:21', '2012-08-20 12:47:21', NULL, '', 'Das Plugin Artikelkonfigurator', '<p>Mit dem im Standard enthaltenen Plugin Artikel-Konfigurator haben Sie die M&ouml;glichkeit, mehrdimensionale Varianten anzulegen. Diese sind notwendig, wenn sich ein Artikel in mehr als einer Eigenschaft von seinen Varianten unterscheidet. Dies kann, wie in diesem Beispiel, ein paar Schuhe / Sandalen sein, die sich in Gr&ouml;&szlig;e und Farbe unterscheiden. Sie haben die M&ouml;glichkeit, vier verschiedene Arten des Konfigurators zu w&auml;hlen. Jede Art hat Ihre Besonderheit.</p>', NULL, 1, 0, '', 0, 0, NULL, NULL, NULL, NULL),
(23, 10, '|10|3|', 'Preisgestaltung', 10, 0, 0, 0, '2012-08-20 12:47:29', '2012-08-20 12:47:29', NULL, '', 'Möglichkeiten der Preisgestaltung', '<p>Sie haben bei der Preisgestaltung vielf&auml;ltige M&ouml;glichkeiten, so kann man Grundpreise angeben, dem Kunden Staffelpreise anbieten oder auch die Ersparnis zum ehemaligen Preis durch den Pseudopreis aufzeigen. Genauso k&ouml;nnen Verpackungseinheiten sowie Mindest- und Maximalabnahmemengen festgelegt werden.</p>', NULL, 1, 0, '', 0, 0, NULL, NULL, NULL, NULL),
(24, 10, '|10|3|', 'Versandkosten', 9, 0, 0, 0, '2012-08-20 12:47:35', '2012-08-20 12:47:35', NULL, '', 'Versandkosteneinstellungen', '<p>Mit dem Versandkosten Modul erm&ouml;glicht Shopware Ihnen eine Vielzahl von Einstellungsm&ouml;glichkeiten um neben dem Standardversand auch einen Expressversand und auch einen Versand ins Ausland anzubieten.</p>', NULL, 1, 0, '', 0, 0, NULL, NULL, NULL, NULL),
(25, 10, '|10|3|', 'Zahlungsarten', 8, 0, 0, 0, '2012-08-20 12:47:55', '2012-08-20 12:47:55', NULL, '', 'Zahlungsarten & Riskmanagement', '<p>Shopware stellt Ihnen verschiedenste M&ouml;glichkeiten bereit um Aufschl&auml;ge oder Abschl&auml;ge f&uuml;r Zahlungsarten zu definieren. Zudem kann &uuml;ber das Riskmanagement k&ouml;nnen Sie f&uuml;r die Minimierung von Zahlungsausf&auml;llen ein effektives Regelwerk bereitstellen.</p>', NULL, 1, 0, '', 0, 0, NULL, NULL, NULL, NULL),
(27, 10, '|10|3|', 'In Kürze verfügbar', 0, 0, 0, 0, '2012-08-20 12:55:26', '2012-08-20 12:55:26', NULL, '', 'In Kürze verfügbar', '<p>In K&uuml;rze werden wir vier neue Premium Plugins anbieten</p>', NULL, 1, 0, '', 0, 0, NULL, NULL, NULL, NULL),
(30, 10, '|10|3|', 'Kundenbindung', 3, 0, 0, 0, '2012-08-22 15:48:47', '2012-08-22 15:48:47', NULL, '', 'Funktionen zur Kundenbindung', '<p>Damit Neukunden auch zu Stammkunden werden sind, neben vielen Faktoren wie der Usability und der Performance, auch noch verschiedene Faktoren zur Kundenbindung wichtig. Damit Sie dauerhaft Stammkunden zu Ihrer Kundschaft zählen können, gibt es die Möglichkeiten mit dem Bonus-System dem Kunden Bonuspunkte für jeden Euro Einkaufswert anzubieten. Zudem können im Warenkorb auch ab bestimmten Warenkorbwerten Prämienartikel angeboten werden, die der Kunde kostenfrei hinzu bestellen kann.</p><p>In Shopware können Sie Kunden durch verschiedene Gutscheinfunktionen Ihre Kunden zu einem Kaufabschluss bringen. Shopware bietet Ihnen umfangreiche Gutscheinfunktionen, die Sie testen können, indem Sie z.B. einen der folgenden vordefinierten Gutscheine einmal einlösen. Tragen Sie dazu einfach den fett gedruckten Begriff in das Gutscheinfeld direkt im Warenkorb ein:''<br><br>- "<strong>kostenfrei</strong>"&nbsp;<br>(Gutschein für einen kostenfreien Versand)<br>- "<strong>absolut</strong>"&nbsp;<br>(allgemeingültiger Gutschein für einen Nachlass von 5 EUR ab einem Umsatz von 25 EUR)&nbsp;<br>- "<strong>prozentual</strong>"&nbsp;<br>(allgemeingültiger Gutschein für einen Nachlass von 10% des Warenkorbwertes)</p><p>Darüber hinaus können Sie auch mit individuellen Gutscheincodes arbeiten. Wir haben Ihnen dazu einen Gutschein vorbereitet, dem bereits mehrere individuelle Codes zugeordnet sind. Sie können die jeweiligen Codes unter "Marketing &gt; Gutscheine &gt; Gutschein (individuell)" abfragen. Bei diesem Gutschein ist ein Abzug von 15 EUR ab einem Bestellwert von 50 EUR hinterlegt.</p>', NULL, 1, 0, '', 0, 0, NULL, NULL, NULL, NULL),
(31, 9, '|9|3|', 'Vintage', 0, 0, 0, 0, '2012-08-29 11:12:37', '2012-08-29 11:12:37', NULL, '', '', '', NULL, 1, 0, '', 0, 0, NULL, NULL, NULL, NULL),
(32, 8, '|8|3|', 'Möbel', 1, 0, 0, 0, '2012-08-29 11:28:30', '2012-08-29 11:28:30', NULL, '', 'Möbel', '', NULL, 1, 0, '', 0, 0, NULL, NULL, NULL, NULL),
(33, 8, '|8|3|', 'Küchenzubehör', 2, 0, 0, 0, '2012-08-29 11:28:42', '2012-08-29 11:28:42', NULL, '', 'Vielfältiges Zubehör für Ihre Küche', '<p>Secundus pro se mens valde nec mos pia Dispertio, citatus crus finis se nos pes. Sem res Caseus suo pulmentum Requiro fors tandem, revera iam aro cui Ingurgito. Quo insons pera deputo in et. Ops Fateor furs dux per en verus derigo Admoneo ne necne Ne ymo iam Vota, Rutilus.</p>', NULL, 1, 0, '', 0, 0, NULL, NULL, NULL, NULL),
(34, 6, '|6|3|', 'Beachwear', 0, 0, 0, 0, '2012-08-29 11:31:55', '2012-08-29 11:31:55', NULL, '', '', '', NULL, 1, 0, '', 0, 0, NULL, NULL, NULL, NULL),
(35, 6, '|6|3|', 'Beauty & Care', 1, 0, 0, 0, '2012-08-29 11:33:16', '2012-08-29 11:33:16', NULL, '', '', '', NULL, 1, 0, '', 0, 0, NULL, NULL, NULL, NULL),
(36, 6, '|6|3|', 'On World Tour', 2, 0, 0, 0, '2012-08-29 11:39:28', '2012-08-29 11:39:28', NULL, '', '', '', NULL, 1, 0, '', 0, 0, NULL, NULL, NULL, NULL),
(37, 6, '|6|3|', 'Accessoires', 3, 0, 0, 0, '2012-08-29 11:39:56', '2012-08-29 11:39:56', NULL, '', '', '', NULL, 1, 0, '', 0, 0, NULL, NULL, NULL, NULL),
(38, 8, '|8|3|', 'Dekoration', 0, 0, 0, 0, '2012-08-29 15:52:36', '2012-08-29 15:52:36', NULL, '', 'Mit der richtigen Dekoration in eine Wohlfühlwelt', '<p>Er Erogo villa periclitatus, for in per no sors capulus se Quies, mox qui Sentus dum confirmo do iam. Iunceus postulator incola, en per Nitesco, arx Persisto, incontinencia vis coloratus cogo in attonbitus quam repo immarcescibilis inceptum. Ego Vena series sudo ac Nitidus.</p>', NULL, 1, 0, '', 0, 0, NULL, NULL, NULL, NULL),
(39, 1, NULL, 'English', 1, 0, 0, 0, '2012-08-30 09:27:56', '2012-08-30 09:27:56', NULL, '', '', '', NULL, 1, 0, '', 0, 0, NULL, NULL, NULL, NULL),
(42, 39, '|39|', 'Trends + News', 0, 0, 0, 0, '2012-08-30 09:33:18', '2012-08-30 09:33:18', NULL, '', '', '', NULL, 1, 1, '', 0, 0, NULL, NULL, NULL, NULL),
(43, 39, '|39|', 'Worlds of indulgence', 1, 0, 0, 0, '2012-08-30 09:37:31', '2012-08-30 09:37:31', NULL, '', '', '', NULL, 1, 0, '', 0, 0, NULL, NULL, NULL, NULL),
(44, 39, '|39|', 'Leisure worlds', 2, 0, 0, 0, '2012-08-30 09:37:42', '2012-08-30 09:37:42', NULL, '', '', '', NULL, 1, 0, '', 0, 0, NULL, NULL, NULL, NULL),
(45, 39, '|39|', 'Home sweet home', 3, 0, 0, 0, '2012-08-30 09:37:58', '2012-08-30 09:37:58', NULL, '', '', '', NULL, 1, 0, '', 0, 0, NULL, NULL, NULL, NULL),
(46, 39, '|39|', 'Summertime', 4, 0, 0, 0, '2012-08-30 09:38:11', '2012-08-30 09:38:11', NULL, '', '', '', NULL, 1, 0, '', 0, 0, NULL, NULL, NULL, NULL),
(47, 43, '|43|39|', 'Teas and Accessories', 0, 0, 0, 0, '2012-08-30 09:49:00', '2012-08-30 09:49:00', NULL, '', '', '', NULL, 1, 0, '', 0, 0, NULL, NULL, NULL, NULL),
(48, 47, '|47|43|39|', 'Teas', 0, 0, 0, 0, '2012-08-30 09:49:12', '2012-08-30 09:49:12', NULL, '', '', '', NULL, 1, 0, '', 0, 0, NULL, NULL, NULL, NULL),
(49, 47, '|47|43|39|', 'Teas and accessories', 1, 0, 0, 0, '2012-08-30 09:49:24', '2012-08-30 09:49:24', NULL, '', '', '', NULL, 1, 0, '', 0, 0, NULL, NULL, NULL, NULL),
(50, 43, '|43|39|', 'Brandies', 1, 0, 0, 0, '2012-08-30 09:49:36', '2012-08-30 09:49:36', NULL, '', '', '', NULL, 1, 0, '', 0, 0, NULL, NULL, NULL, NULL),
(51, 43, '|43|39|', 'Delights', 2, 0, 0, 0, '2012-08-30 09:49:48', '2012-08-30 09:49:48', NULL, '', '', '', NULL, 1, 0, '', 0, 0, NULL, NULL, NULL, NULL),
(52, 44, '|44|39|', 'Vintage', 0, 0, 0, 0, '2012-08-30 09:50:05', '2012-08-30 09:50:05', NULL, '', '', '', NULL, 1, 0, '', 0, 0, NULL, NULL, NULL, NULL),
(53, 44, '|44|39|', 'Entertainment', 1, 0, 0, 0, '2012-08-30 09:50:18', '2012-08-30 09:50:18', NULL, '', '', '', NULL, 1, 0, '', 0, 0, NULL, NULL, NULL, NULL),
(54, 45, '|45|39|', 'Furniture', 0, 0, 0, 0, '2012-08-30 09:50:25', '2012-08-30 09:50:25', NULL, '', '', '', NULL, 1, 0, '', 0, 0, NULL, NULL, NULL, NULL),
(55, 45, '|45|39|', 'Kitchen Accessories', 1, 0, 0, 0, '2012-08-30 09:50:51', '2012-08-30 09:50:51', NULL, '', '', '', NULL, 1, 0, '', 0, 0, NULL, NULL, NULL, NULL),
(56, 45, '|45|39|', 'Decoration', 2, 0, 0, 0, '2012-08-30 09:51:01', '2012-08-30 09:51:01', NULL, '', '', '', NULL, 1, 0, '', 0, 0, NULL, NULL, NULL, NULL),
(57, 46, '|46|39|', 'Beachwear', 0, 0, 0, 0, '2012-08-30 09:51:15', '2012-08-30 09:51:15', NULL, '', '', '', NULL, 1, 0, '', 0, 0, NULL, NULL, NULL, NULL),
(58, 46, '|46|39|', 'Beauty & Care', 1, 0, 0, 0, '2012-08-30 09:51:29', '2012-08-30 09:51:29', NULL, '', '', '', NULL, 1, 0, '', 0, 0, NULL, NULL, NULL, NULL),
(59, 46, '|46|39|', 'Travel around the World', 2, 0, 0, 0, '2012-08-30 09:51:58', '2012-08-30 09:51:58', NULL, '', '', '', NULL, 1, 0, '', 0, 0, NULL, NULL, NULL, NULL),
(60, 46, '|46|39|', 'Accessories', 3, 0, 0, 0, '2012-08-30 09:52:20', '2012-08-30 09:52:20', NULL, '', '', '', NULL, 1, 0, '', 0, 0, NULL, NULL, NULL, NULL),
(61, 39, '|39|', 'Examples', 5, 0, 0, 0, '2012-08-30 09:52:28', '2012-08-30 09:52:28', NULL, '', '', '', NULL, 1, 0, '', 0, 0, NULL, NULL, NULL, NULL),
(62, 61, '|61|39|', 'Available soon', 0, 0, 0, 0, '2012-08-30 09:52:50', '2012-08-30 09:52:50', NULL, '', '', '', NULL, 1, 0, '', 0, 0, NULL, NULL, NULL, NULL),
(64, 61, '|61|39|', 'Customer loyalty', 1, 0, 0, 0, '2012-08-30 09:53:11', '2012-08-30 09:53:11', NULL, '', '', '', NULL, 1, 0, '', 0, 0, NULL, NULL, NULL, NULL),
(65, 61, '|61|39|', 'Configurator articles', 2, 0, 0, 0, '2012-08-30 09:53:21', '2012-08-30 09:53:21', NULL, '', '', '', NULL, 1, 0, '', 0, 0, NULL, NULL, NULL, NULL),
(67, 61, '|61|39|', 'Product comparison', 3, 0, 0, 0, '2012-08-30 09:53:49', '2012-08-30 09:53:49', NULL, '', '', '', NULL, 1, 0, '', 0, 0, NULL, NULL, NULL, NULL),
(68, 61, '|61|39|', 'Presentation', 4, 0, 0, 0, '2012-08-30 09:53:58', '2012-08-30 09:53:58', NULL, '', '', '', NULL, 1, 0, '', 0, 0, NULL, NULL, NULL, NULL),
(69, 61, '|61|39|', 'Crossselling', 5, 0, 0, 0, '2012-08-30 09:54:11', '2012-08-30 09:54:11', NULL, '', '', '', NULL, 1, 0, '', 0, 0, NULL, NULL, NULL, NULL),
(71, 61, '|61|39|', 'Payment methods', 6, 0, 0, 0, '2012-08-30 09:54:33', '2012-08-30 09:54:33', NULL, '', '', '', NULL, 1, 0, '', 0, 0, NULL, NULL, NULL, NULL),
(72, 61, '|61|39|', 'Shipping costs', 7, 0, 0, 0, '2012-08-30 09:55:01', '2012-08-30 09:55:01', NULL, '', '', '', NULL, 1, 0, '', 0, 0, NULL, NULL, NULL, NULL),
(73, 61, '|61|39|', 'Price strategies', 8, 0, 0, 0, '2012-08-30 09:55:11', '2012-08-30 09:55:11', NULL, '', '', '', NULL, 1, 0, '', 0, 0, NULL, NULL, NULL, NULL),
(74, 10, '|10|3|', 'Kundengruppen / B2B', 7, 0, 0, 0, '2012-08-30 10:55:11', '2012-08-30 10:55:11', NULL, '', 'Kundengruppen', '<p><span style="color: #555555; font-family: Arial, ''Helvetica Neue'', Helvetica, sans-serif; font-size: 13px; font-style: normal; font-variant: normal; font-weight: normal; letter-spacing: normal; line-height: 21px; orphans: 2; text-align: left; text-indent: 0px; text-transform: none; white-space: normal; widows: 2; word-spacing: 0px; -webkit-text-size-adjust: auto; -webkit-text-stroke-width: 0px; background-color: #ffffff; display: inline !important; float: none;">Durch die Kundengruppen-Funktionen in Ihrer Shopware gehen Sie auf diese unterschiedlichen Gruppen zu. Sie k&ouml;nnen das gesamte Layout Ihres Shops auf die jeweilige Kundengruppe zuschneiden. Einige Kundengruppen bekommen besondere Preise, H&auml;ndler vielleicht H&auml;ndlereinkaufspreise. J&uuml;ngere Kunden bedienen Sie mit Community Funktionen und einer peppigen Shopdarstellung, &auml;lteren vielleicht mit deutlich mehr Tiefe und Informationsgehalt.</span></p>', NULL, 1, 0, '', 0, 0, NULL, NULL, NULL, NULL),
(75, 10, '|10|3|', 'Gutscheine', 1, 0, 0, 0, '2012-08-30 14:59:05', '2012-08-30 14:59:05', NULL, NULL, NULL, NULL, NULL, 0, 0, NULL, 0, 0, NULL, NULL, NULL, NULL);


TRUNCATE TABLE `s_categories_attributes`;
INSERT INTO `s_categories_attributes` (`id`, `categoryID`, `attribute1`, `attribute2`, `attribute3`, `attribute4`, `attribute5`, `attribute6`) VALUES
(1, 3, '', '', '', '', '', ''),
(3, 5, '', '', '', '', '', ''),
(4, 6, '', '', '', '', '', ''),
(6, 8, '', '', '', '', '', ''),
(7, 9, '', '', '', '', '', ''),
(8, 10, '', '', '', '', '', ''),
(9, 11, '', '', '', '', '', ''),
(10, 12, '', '', '', '', '', ''),
(11, 13, '', '', '', '', '', ''),
(12, 14, '', '', '', '', '', ''),
(13, 15, '', '', '', '', '', ''),
(14, 16, '', '', '', '', '', ''),
(15, 17, '', '', '', '', '', ''),
(17, 19, '', '', '', '', '', ''),
(18, 20, '', '', '', '', '', ''),
(19, 21, '', '', '', '', '', ''),
(20, 22, '', '', '', '', '', ''),
(21, 23, '', '', '', '', '', ''),
(22, 24, '', '', '', '', '', ''),
(23, 25, '', '', '', '', '', ''),
(25, 27, '', '', '', '', '', ''),
(28, 30, '', '', '', '', '', ''),
(35, 31, '', '', '', '', '', ''),
(36, 32, '', '', '', '', '', ''),
(37, 33, '', '', '', '', '', ''),
(38, 34, '', '', '', '', '', ''),
(39, 35, '', '', '', '', '', ''),
(40, 36, '', '', '', '', '', ''),
(41, 37, '', '', '', '', '', ''),
(42, 38, '', '', '', '', '', ''),
(43, 39, '', '', '', '', '', ''),
(46, 42, '', '', '', '', '', ''),
(47, 43, '', '', '', '', '', ''),
(48, 44, '', '', '', '', '', ''),
(49, 45, '', '', '', '', '', ''),
(50, 46, '', '', '', '', '', ''),
(51, 47, '', '', '', '', '', ''),
(52, 48, '', '', '', '', '', ''),
(53, 49, '', '', '', '', '', ''),
(54, 50, '', '', '', '', '', ''),
(55, 51, '', '', '', '', '', ''),
(56, 52, '', '', '', '', '', ''),
(57, 53, '', '', '', '', '', ''),
(58, 54, '', '', '', '', '', ''),
(59, 55, '', '', '', '', '', ''),
(60, 56, '', '', '', '', '', ''),
(61, 57, '', '', '', '', '', ''),
(62, 58, '', '', '', '', '', ''),
(63, 59, '', '', '', '', '', ''),
(64, 60, '', '', '', '', '', ''),
(65, 61, '', '', '', '', '', ''),
(66, 62, '', '', '', '', '', ''),
(68, 64, '', '', '', '', '', ''),
(69, 65, '', '', '', '', '', ''),
(71, 67, '', '', '', '', '', ''),
(72, 68, '', '', '', '', '', ''),
(73, 69, '', '', '', '', '', ''),
(75, 71, '', '', '', '', '', ''),
(76, 72, '', '', '', '', '', ''),
(77, 73, '', '', '', '', '', ''),
(78, 74, '', '', '', '', '', ''),
(79, 75, '', '', '', '', '', '');

TRUNCATE TABLE `s_articles_categories`;
INSERT INTO `s_articles_categories` (`id`, `articleID`, `categoryID`) VALUES
(3689, 2, 14),
(3690, 2, 21),
(3691, 2, 50),
(3788, 2, 67),
(2484, 3, 14),
(3049, 3, 21),
(3287, 3, 50),
(2485, 4, 14),
(3050, 4, 21),
(3286, 4, 50),
(3786, 4, 67),
(3634, 5, 14),
(3635, 5, 21),
(3636, 5, 50),
(3787, 5, 67),
(2486, 6, 14),
(3051, 6, 21),
(3285, 6, 50),
(3694, 7, 14),
(3695, 7, 21),
(3696, 7, 50),
(3789, 7, 67),
(2491, 8, 14),
(3052, 8, 21),
(3284, 8, 50),
(2490, 9, 14),
(3053, 9, 21),
(3283, 9, 50),
(2483, 10, 14),
(3282, 10, 50),
(2493, 11, 14),
(3281, 11, 50),
(3714, 12, 14),
(3715, 12, 21),
(3716, 12, 50),
(3790, 12, 67),
(313, 13, 12),
(3336, 13, 48),
(320, 14, 12),
(3335, 14, 48),
(319, 15, 12),
(3334, 15, 48),
(317, 17, 12),
(3333, 17, 48),
(316, 18, 12),
(3331, 18, 48),
(314, 19, 12),
(3332, 19, 48),
(315, 20, 12),
(3330, 20, 48),
(311, 21, 12),
(3329, 21, 48),
(2893, 22, 13),
(3379, 22, 49),
(2896, 23, 13),
(3380, 23, 49),
(2897, 24, 13),
(3381, 24, 49),
(2898, 25, 13),
(3382, 25, 49),
(2895, 26, 13),
(3383, 26, 49),
(2894, 27, 13),
(2899, 28, 13),
(2892, 29, 13),
(2900, 30, 13),
(343, 31, 12),
(3328, 31, 48),
(344, 32, 12),
(3327, 32, 48),
(345, 33, 12),
(3326, 33, 48),
(346, 34, 12),
(3325, 34, 48),
(347, 35, 12),
(3324, 35, 48),
(3470, 36, 12),
(3471, 36, 48),
(2496, 37, 15),
(2501, 38, 15),
(2497, 39, 15),
(3292, 39, 51),
(2502, 40, 15),
(3291, 40, 51),
(2498, 41, 15),
(3290, 41, 51),
(2499, 42, 15),
(3084, 43, 15),
(3289, 43, 51),
(3751, 44, 15),
(3752, 44, 51),
(2504, 63, 32),
(2518, 64, 32),
(3298, 64, 54),
(3542, 65, 32),
(2506, 66, 32),
(2507, 67, 32),
(3299, 67, 54),
(2508, 68, 32),
(2509, 69, 32),
(3297, 69, 54),
(2510, 70, 32),
(2511, 71, 32),
(2512, 72, 32),
(2513, 73, 32),
(2514, 74, 32),
(3296, 74, 54),
(2515, 75, 32),
(2516, 76, 32),
(2517, 77, 32),
(3295, 77, 54),
(2933, 78, 33),
(3306, 78, 55),
(2934, 80, 33),
(2950, 81, 33),
(3305, 81, 55),
(2935, 82, 33),
(2941, 83, 33),
(3304, 83, 55),
(2942, 84, 33),
(2943, 85, 33),
(2944, 86, 33),
(2945, 87, 33),
(2946, 88, 33),
(2936, 89, 33),
(2937, 90, 33),
(3303, 90, 55),
(2938, 91, 33),
(2939, 92, 33),
(2932, 93, 38),
(2930, 94, 38),
(2931, 95, 38),
(2860, 96, 34),
(3552, 97, 33),
(2947, 98, 33),
(2948, 100, 33),
(2949, 101, 33),
(3302, 101, 55),
(3483, 102, 36),
(3321, 102, 59),
(3489, 103, 36),
(3490, 104, 36),
(3320, 104, 59),
(3484, 105, 36),
(3485, 106, 36),
(3486, 107, 36),
(2861, 108, 34),
(2862, 109, 34),
(3487, 110, 36),
(3319, 110, 59),
(3488, 112, 36),
(2564, 113, 16),
(2565, 114, 16),
(2566, 115, 16),
(2567, 116, 16),
(3158, 116, 53),
(2559, 117, 16),
(2560, 118, 16),
(3157, 118, 53),
(2562, 119, 16),
(2561, 120, 16),
(2563, 121, 16),
(3015, 122, 14),
(3057, 122, 21),
(3276, 122, 50),
(3785, 122, 67),
(2568, 123, 16),
(2780, 128, 35),
(2781, 129, 35),
(3184, 129, 58),
(2782, 130, 35),
(2783, 131, 35),
(3183, 131, 58),
(2784, 132, 35),
(3649, 134, 31),
(3654, 135, 31),
(3666, 136, 31),
(3667, 137, 31),
(3678, 141, 31),
(2646, 142, 31),
(3152, 142, 52),
(3644, 143, 31),
(3645, 143, 52),
(2647, 144, 31),
(3150, 144, 52),
(3642, 145, 31),
(3643, 145, 52),
(3674, 148, 31),
(3677, 148, 36),
(3675, 148, 52),
(3676, 148, 59),
(2854, 153, 34),
(3176, 153, 57),
(3773, 155, 34),
(2856, 156, 34),
(2872, 157, 37),
(3387, 157, 60),
(2873, 158, 37),
(2874, 159, 37),
(3386, 159, 60),
(2857, 160, 34),
(3178, 160, 57),
(2858, 161, 34),
(2859, 162, 34),
(2869, 163, 37),
(2870, 164, 37),
(2871, 165, 37),
(2875, 166, 37),
(3385, 166, 60),
(2876, 167, 37),
(2878, 168, 37),
(2879, 169, 37),
(2877, 170, 37),
(3384, 170, 60),
(2778, 171, 35),
(2779, 172, 35),
(3186, 172, 58),
(2852, 173, 34),
(2853, 174, 34),
(2864, 175, 34),
(2865, 176, 34),
(2866, 177, 34),
(3177, 177, 57),
(3742, 178, 34),
(3744, 178, 57),
(2868, 179, 34),
(3491, 180, 36),
(3492, 181, 36),
(3318, 181, 59),
(3222, 194, 19),
(3809, 194, 69),
(2569, 195, 16),
(3221, 196, 19),
(3810, 196, 69),
(3735, 197, 20),
(3796, 197, 68),
(3734, 198, 20),
(3795, 198, 68),
(3733, 199, 20),
(3794, 199, 68),
(3732, 200, 20),
(3793, 200, 68),
(3731, 201, 20),
(3792, 201, 68),
(3823, 202, 22),
(3784, 202, 65),
(3822, 203, 22),
(3783, 203, 65),
(3821, 204, 22),
(3782, 204, 65),
(3820, 205, 22),
(3781, 205, 65),
(3208, 206, 23),
(3803, 206, 73),
(3631, 207, 23),
(3805, 207, 73),
(3589, 208, 23),
(3804, 208, 73),
(3211, 209, 23),
(3802, 209, 73),
(3540, 210, 30),
(3778, 210, 64),
(3573, 211, 30),
(3780, 211, 64),
(3568, 213, 34),
(3569, 213, 57),
(2773, 214, 35),
(2777, 215, 35),
(2774, 216, 35),
(2775, 217, 35),
(3566, 218, 35),
(3567, 218, 58),
(3777, 219, 24),
(3815, 219, 72),
(3776, 220, 24),
(3814, 220, 72),
(3774, 221, 24),
(3811, 221, 72),
(2919, 222, 38),
(3775, 223, 24),
(3813, 223, 72),
(2920, 224, 38),
(3560, 225, 38),
(3561, 225, 56),
(2926, 226, 38),
(3768, 227, 25),
(3808, 227, 71),
(3767, 228, 25),
(3807, 228, 71),
(3546, 229, 38),
(3547, 229, 56),
(3766, 230, 25),
(3806, 230, 71),
(2922, 231, 38),
(2923, 233, 38),
(2925, 234, 38),
(3528, 235, 38),
(3529, 235, 56),
(3526, 236, 38),
(3527, 236, 56),
(3518, 237, 38),
(3519, 237, 56),
(3513, 238, 34),
(3514, 238, 57),
(3511, 239, 16),
(3512, 239, 53),
(3509, 240, 16),
(3510, 240, 53),
(3090, 241, 16),
(3154, 241, 53),
(3493, 242, 16),
(3494, 242, 53),
(3730, 243, 20),
(3791, 243, 68),
(3754, 244, 74),
(3253, 245, 16),
(3275, 246, 16),
(3557, 247, 30),
(3779, 247, 64),
(3506, 248, 32),
(3507, 248, 54),
(3812, 248, 72),
(3741, 272, 15);

TRUNCATE TABLE `s_articles_categories_ro`;
INSERT INTO `s_articles_categories_ro` (`id`, `articleID`, `categoryID`, `parentCategoryID`) VALUES
(9, 2, 3, 14),
(3, 2, 3, 21),
(8, 2, 5, 14),
(2, 2, 10, 21),
(7, 2, 14, 14),
(1, 2, 21, 21),
(6, 2, 39, 50),
(12, 2, 39, 67),
(5, 2, 43, 50),
(4, 2, 50, 50),
(11, 2, 61, 67),
(10, 2, 67, 67),
(18, 3, 3, 14),
(15, 3, 3, 21),
(17, 3, 5, 14),
(14, 3, 10, 21),
(16, 3, 14, 14),
(13, 3, 21, 21),
(21, 3, 39, 50),
(20, 3, 43, 50),
(19, 3, 50, 50),
(24, 4, 3, 14),
(27, 4, 3, 21),
(23, 4, 5, 14),
(26, 4, 10, 21),
(22, 4, 14, 14),
(25, 4, 21, 21),
(33, 4, 39, 50),
(30, 4, 39, 67),
(32, 4, 43, 50),
(31, 4, 50, 50),
(29, 4, 61, 67),
(28, 4, 67, 67),
(42, 5, 3, 14),
(36, 5, 3, 21),
(41, 5, 5, 14),
(35, 5, 10, 21),
(40, 5, 14, 14),
(34, 5, 21, 21),
(39, 5, 39, 50),
(45, 5, 39, 67),
(38, 5, 43, 50),
(37, 5, 50, 50),
(44, 5, 61, 67),
(43, 5, 67, 67),
(48, 6, 3, 14),
(51, 6, 3, 21),
(47, 6, 5, 14),
(50, 6, 10, 21),
(46, 6, 14, 14),
(49, 6, 21, 21),
(54, 6, 39, 50),
(53, 6, 43, 50),
(52, 6, 50, 50),
(66, 7, 3, 14),
(60, 7, 3, 21),
(65, 7, 5, 14),
(59, 7, 10, 21),
(64, 7, 14, 14),
(58, 7, 21, 21),
(63, 7, 39, 50),
(57, 7, 39, 67),
(62, 7, 43, 50),
(61, 7, 50, 50),
(56, 7, 61, 67),
(55, 7, 67, 67),
(69, 8, 3, 14),
(75, 8, 3, 21),
(68, 8, 5, 14),
(74, 8, 10, 21),
(67, 8, 14, 14),
(73, 8, 21, 21),
(72, 8, 39, 50),
(71, 8, 43, 50),
(70, 8, 50, 50),
(78, 9, 3, 14),
(84, 9, 3, 21),
(77, 9, 5, 14),
(83, 9, 10, 21),
(76, 9, 14, 14),
(82, 9, 21, 21),
(81, 9, 39, 50),
(80, 9, 43, 50),
(79, 9, 50, 50),
(90, 10, 3, 14),
(89, 10, 5, 14),
(88, 10, 14, 14),
(87, 10, 39, 50),
(86, 10, 43, 50),
(85, 10, 50, 50),
(93, 11, 3, 14),
(92, 11, 5, 14),
(91, 11, 14, 14),
(96, 11, 39, 50),
(95, 11, 43, 50),
(94, 11, 50, 50),
(108, 12, 3, 14),
(102, 12, 3, 21),
(107, 12, 5, 14),
(101, 12, 10, 21),
(106, 12, 14, 14),
(100, 12, 21, 21),
(105, 12, 39, 50),
(99, 12, 39, 67),
(104, 12, 43, 50),
(103, 12, 50, 50),
(98, 12, 61, 67),
(97, 12, 67, 67),
(112, 13, 3, 12),
(111, 13, 5, 12),
(110, 13, 11, 12),
(109, 13, 12, 12),
(116, 13, 39, 48),
(115, 13, 43, 48),
(114, 13, 47, 48),
(113, 13, 48, 48),
(124, 14, 3, 12),
(123, 14, 5, 12),
(122, 14, 11, 12),
(121, 14, 12, 12),
(120, 14, 39, 48),
(119, 14, 43, 48),
(118, 14, 47, 48),
(117, 14, 48, 48),
(132, 15, 3, 12),
(131, 15, 5, 12),
(130, 15, 11, 12),
(129, 15, 12, 12),
(128, 15, 39, 48),
(127, 15, 43, 48),
(126, 15, 47, 48),
(125, 15, 48, 48),
(140, 17, 3, 12),
(139, 17, 5, 12),
(138, 17, 11, 12),
(137, 17, 12, 12),
(136, 17, 39, 48),
(135, 17, 43, 48),
(134, 17, 47, 48),
(133, 17, 48, 48),
(144, 18, 3, 12),
(143, 18, 5, 12),
(142, 18, 11, 12),
(141, 18, 12, 12),
(148, 18, 39, 48),
(147, 18, 43, 48),
(146, 18, 47, 48),
(145, 18, 48, 48),
(152, 19, 3, 12),
(151, 19, 5, 12),
(150, 19, 11, 12),
(149, 19, 12, 12),
(156, 19, 39, 48),
(155, 19, 43, 48),
(154, 19, 47, 48),
(153, 19, 48, 48),
(160, 20, 3, 12),
(159, 20, 5, 12),
(158, 20, 11, 12),
(157, 20, 12, 12),
(164, 20, 39, 48),
(163, 20, 43, 48),
(162, 20, 47, 48),
(161, 20, 48, 48),
(168, 21, 3, 12),
(167, 21, 5, 12),
(166, 21, 11, 12),
(165, 21, 12, 12),
(172, 21, 39, 48),
(171, 21, 43, 48),
(170, 21, 47, 48),
(169, 21, 48, 48),
(180, 22, 3, 13),
(179, 22, 5, 13),
(178, 22, 11, 13),
(177, 22, 13, 13),
(176, 22, 39, 49),
(175, 22, 43, 49),
(174, 22, 47, 49),
(173, 22, 49, 49),
(188, 23, 3, 13),
(187, 23, 5, 13),
(186, 23, 11, 13),
(185, 23, 13, 13),
(184, 23, 39, 49),
(183, 23, 43, 49),
(182, 23, 47, 49),
(181, 23, 49, 49),
(196, 24, 3, 13),
(195, 24, 5, 13),
(194, 24, 11, 13),
(193, 24, 13, 13),
(192, 24, 39, 49),
(191, 24, 43, 49),
(190, 24, 47, 49),
(189, 24, 49, 49),
(200, 25, 3, 13),
(199, 25, 5, 13),
(198, 25, 11, 13),
(197, 25, 13, 13),
(204, 25, 39, 49),
(203, 25, 43, 49),
(202, 25, 47, 49),
(201, 25, 49, 49),
(208, 26, 3, 13),
(207, 26, 5, 13),
(206, 26, 11, 13),
(205, 26, 13, 13),
(212, 26, 39, 49),
(211, 26, 43, 49),
(210, 26, 47, 49),
(209, 26, 49, 49),
(216, 27, 3, 13),
(215, 27, 5, 13),
(214, 27, 11, 13),
(213, 27, 13, 13),
(220, 28, 3, 13),
(219, 28, 5, 13),
(218, 28, 11, 13),
(217, 28, 13, 13),
(224, 29, 3, 13),
(223, 29, 5, 13),
(222, 29, 11, 13),
(221, 29, 13, 13),
(228, 30, 3, 13),
(227, 30, 5, 13),
(226, 30, 11, 13),
(225, 30, 13, 13),
(236, 31, 3, 12),
(235, 31, 5, 12),
(234, 31, 11, 12),
(233, 31, 12, 12),
(232, 31, 39, 48),
(231, 31, 43, 48),
(230, 31, 47, 48),
(229, 31, 48, 48),
(240, 32, 3, 12),
(239, 32, 5, 12),
(238, 32, 11, 12),
(237, 32, 12, 12),
(244, 32, 39, 48),
(243, 32, 43, 48),
(242, 32, 47, 48),
(241, 32, 48, 48),
(248, 33, 3, 12),
(247, 33, 5, 12),
(246, 33, 11, 12),
(245, 33, 12, 12),
(252, 33, 39, 48),
(251, 33, 43, 48),
(250, 33, 47, 48),
(249, 33, 48, 48),
(256, 34, 3, 12),
(255, 34, 5, 12),
(254, 34, 11, 12),
(253, 34, 12, 12),
(260, 34, 39, 48),
(259, 34, 43, 48),
(258, 34, 47, 48),
(257, 34, 48, 48),
(268, 35, 3, 12),
(267, 35, 5, 12),
(266, 35, 11, 12),
(265, 35, 12, 12),
(264, 35, 39, 48),
(263, 35, 43, 48),
(262, 35, 47, 48),
(261, 35, 48, 48),
(272, 36, 3, 12),
(271, 36, 5, 12),
(270, 36, 11, 12),
(269, 36, 12, 12),
(276, 36, 39, 48),
(275, 36, 43, 48),
(274, 36, 47, 48),
(273, 36, 48, 48),
(279, 37, 3, 15),
(278, 37, 5, 15),
(277, 37, 15, 15),
(282, 38, 3, 15),
(281, 38, 5, 15),
(280, 38, 15, 15),
(285, 39, 3, 15),
(284, 39, 5, 15),
(283, 39, 15, 15),
(288, 39, 39, 51),
(287, 39, 43, 51),
(286, 39, 51, 51),
(291, 40, 3, 15),
(290, 40, 5, 15),
(289, 40, 15, 15),
(294, 40, 39, 51),
(293, 40, 43, 51),
(292, 40, 51, 51),
(297, 41, 3, 15),
(296, 41, 5, 15),
(295, 41, 15, 15),
(300, 41, 39, 51),
(299, 41, 43, 51),
(298, 41, 51, 51),
(303, 42, 3, 15),
(302, 42, 5, 15),
(301, 42, 15, 15),
(309, 43, 3, 15),
(308, 43, 5, 15),
(307, 43, 15, 15),
(306, 43, 39, 51),
(305, 43, 43, 51),
(304, 43, 51, 51),
(312, 44, 3, 15),
(311, 44, 5, 15),
(310, 44, 15, 15),
(315, 44, 39, 51),
(314, 44, 43, 51),
(313, 44, 51, 51),
(318, 63, 3, 32),
(317, 63, 8, 32),
(316, 63, 32, 32),
(324, 64, 3, 32),
(323, 64, 8, 32),
(322, 64, 32, 32),
(321, 64, 39, 54),
(320, 64, 45, 54),
(319, 64, 54, 54),
(327, 65, 3, 32),
(326, 65, 8, 32),
(325, 65, 32, 32),
(330, 66, 3, 32),
(329, 66, 8, 32),
(328, 66, 32, 32),
(336, 67, 3, 32),
(335, 67, 8, 32),
(334, 67, 32, 32),
(333, 67, 39, 54),
(332, 67, 45, 54),
(331, 67, 54, 54),
(339, 68, 3, 32),
(338, 68, 8, 32),
(337, 68, 32, 32),
(342, 69, 3, 32),
(341, 69, 8, 32),
(340, 69, 32, 32),
(345, 69, 39, 54),
(344, 69, 45, 54),
(343, 69, 54, 54),
(348, 70, 3, 32),
(347, 70, 8, 32),
(346, 70, 32, 32),
(351, 71, 3, 32),
(350, 71, 8, 32),
(349, 71, 32, 32),
(354, 72, 3, 32),
(353, 72, 8, 32),
(352, 72, 32, 32),
(357, 73, 3, 32),
(356, 73, 8, 32),
(355, 73, 32, 32),
(363, 74, 3, 32),
(362, 74, 8, 32),
(361, 74, 32, 32),
(360, 74, 39, 54),
(359, 74, 45, 54),
(358, 74, 54, 54),
(366, 75, 3, 32),
(365, 75, 8, 32),
(364, 75, 32, 32),
(369, 76, 3, 32),
(368, 76, 8, 32),
(367, 76, 32, 32),
(372, 77, 3, 32),
(371, 77, 8, 32),
(370, 77, 32, 32),
(375, 77, 39, 54),
(374, 77, 45, 54),
(373, 77, 54, 54),
(378, 78, 3, 33),
(377, 78, 8, 33),
(376, 78, 33, 33),
(381, 78, 39, 55),
(380, 78, 45, 55),
(379, 78, 55, 55),
(384, 80, 3, 33),
(383, 80, 8, 33),
(382, 80, 33, 33),
(387, 81, 3, 33),
(386, 81, 8, 33),
(385, 81, 33, 33),
(390, 81, 39, 55),
(389, 81, 45, 55),
(388, 81, 55, 55),
(393, 82, 3, 33),
(392, 82, 8, 33),
(391, 82, 33, 33),
(399, 83, 3, 33),
(398, 83, 8, 33),
(397, 83, 33, 33),
(396, 83, 39, 55),
(395, 83, 45, 55),
(394, 83, 55, 55),
(402, 84, 3, 33),
(401, 84, 8, 33),
(400, 84, 33, 33),
(405, 85, 3, 33),
(404, 85, 8, 33),
(403, 85, 33, 33),
(408, 86, 3, 33),
(407, 86, 8, 33),
(406, 86, 33, 33),
(411, 87, 3, 33),
(410, 87, 8, 33),
(409, 87, 33, 33),
(414, 88, 3, 33),
(413, 88, 8, 33),
(412, 88, 33, 33),
(417, 89, 3, 33),
(416, 89, 8, 33),
(415, 89, 33, 33),
(420, 90, 3, 33),
(419, 90, 8, 33),
(418, 90, 33, 33),
(423, 90, 39, 55),
(422, 90, 45, 55),
(421, 90, 55, 55),
(426, 91, 3, 33),
(425, 91, 8, 33),
(424, 91, 33, 33),
(429, 92, 3, 33),
(428, 92, 8, 33),
(427, 92, 33, 33),
(432, 93, 3, 38),
(431, 93, 8, 38),
(430, 93, 38, 38),
(435, 94, 3, 38),
(434, 94, 8, 38),
(433, 94, 38, 38),
(438, 95, 3, 38),
(437, 95, 8, 38),
(436, 95, 38, 38),
(441, 96, 3, 34),
(440, 96, 6, 34),
(439, 96, 34, 34),
(444, 97, 3, 33),
(443, 97, 8, 33),
(442, 97, 33, 33),
(447, 98, 3, 33),
(446, 98, 8, 33),
(445, 98, 33, 33),
(450, 100, 3, 33),
(449, 100, 8, 33),
(448, 100, 33, 33),
(456, 101, 3, 33),
(455, 101, 8, 33),
(454, 101, 33, 33),
(453, 101, 39, 55),
(452, 101, 45, 55),
(451, 101, 55, 55),
(459, 102, 3, 36),
(458, 102, 6, 36),
(457, 102, 36, 36),
(462, 102, 39, 59),
(461, 102, 46, 59),
(460, 102, 59, 59),
(465, 103, 3, 36),
(464, 103, 6, 36),
(463, 103, 36, 36),
(468, 104, 3, 36),
(467, 104, 6, 36),
(466, 104, 36, 36),
(471, 104, 39, 59),
(470, 104, 46, 59),
(469, 104, 59, 59),
(474, 105, 3, 36),
(473, 105, 6, 36),
(472, 105, 36, 36),
(477, 106, 3, 36),
(476, 106, 6, 36),
(475, 106, 36, 36),
(480, 107, 3, 36),
(479, 107, 6, 36),
(478, 107, 36, 36),
(483, 108, 3, 34),
(482, 108, 6, 34),
(481, 108, 34, 34),
(486, 109, 3, 34),
(485, 109, 6, 34),
(484, 109, 34, 34),
(492, 110, 3, 36),
(491, 110, 6, 36),
(490, 110, 36, 36),
(489, 110, 39, 59),
(488, 110, 46, 59),
(487, 110, 59, 59),
(495, 112, 3, 36),
(494, 112, 6, 36),
(493, 112, 36, 36),
(498, 113, 3, 16),
(497, 113, 9, 16),
(496, 113, 16, 16),
(501, 114, 3, 16),
(500, 114, 9, 16),
(499, 114, 16, 16),
(504, 115, 3, 16),
(503, 115, 9, 16),
(502, 115, 16, 16),
(510, 116, 3, 16),
(509, 116, 9, 16),
(508, 116, 16, 16),
(507, 116, 39, 53),
(506, 116, 44, 53),
(505, 116, 53, 53),
(513, 117, 3, 16),
(512, 117, 9, 16),
(511, 117, 16, 16),
(516, 118, 3, 16),
(515, 118, 9, 16),
(514, 118, 16, 16),
(519, 118, 39, 53),
(518, 118, 44, 53),
(517, 118, 53, 53),
(522, 119, 3, 16),
(521, 119, 9, 16),
(520, 119, 16, 16),
(525, 120, 3, 16),
(524, 120, 9, 16),
(523, 120, 16, 16),
(528, 121, 3, 16),
(527, 121, 9, 16),
(526, 121, 16, 16),
(534, 122, 3, 14),
(540, 122, 3, 21),
(533, 122, 5, 14),
(539, 122, 10, 21),
(532, 122, 14, 14),
(538, 122, 21, 21),
(531, 122, 39, 50),
(537, 122, 39, 67),
(530, 122, 43, 50),
(529, 122, 50, 50),
(536, 122, 61, 67),
(535, 122, 67, 67),
(543, 123, 3, 16),
(542, 123, 9, 16),
(541, 123, 16, 16),
(546, 128, 3, 35),
(545, 128, 6, 35),
(544, 128, 35, 35),
(552, 129, 3, 35),
(551, 129, 6, 35),
(550, 129, 35, 35),
(549, 129, 39, 58),
(548, 129, 46, 58),
(547, 129, 58, 58),
(555, 130, 3, 35),
(554, 130, 6, 35),
(553, 130, 35, 35),
(561, 131, 3, 35),
(560, 131, 6, 35),
(559, 131, 35, 35),
(558, 131, 39, 58),
(557, 131, 46, 58),
(556, 131, 58, 58),
(564, 132, 3, 35),
(563, 132, 6, 35),
(562, 132, 35, 35),
(567, 134, 3, 31),
(566, 134, 9, 31),
(565, 134, 31, 31),
(570, 135, 3, 31),
(569, 135, 9, 31),
(568, 135, 31, 31),
(573, 136, 3, 31),
(572, 136, 9, 31),
(571, 136, 31, 31),
(576, 137, 3, 31),
(575, 137, 9, 31),
(574, 137, 31, 31),
(579, 141, 3, 31),
(578, 141, 9, 31),
(577, 141, 31, 31),
(585, 142, 3, 31),
(584, 142, 9, 31),
(583, 142, 31, 31),
(582, 142, 39, 52),
(581, 142, 44, 52),
(580, 142, 52, 52),
(588, 143, 3, 31),
(587, 143, 9, 31),
(586, 143, 31, 31),
(591, 143, 39, 52),
(590, 143, 44, 52),
(589, 143, 52, 52),
(594, 144, 3, 31),
(593, 144, 9, 31),
(592, 144, 31, 31),
(597, 144, 39, 52),
(596, 144, 44, 52),
(595, 144, 52, 52),
(603, 145, 3, 31),
(602, 145, 9, 31),
(601, 145, 31, 31),
(600, 145, 39, 52),
(599, 145, 44, 52),
(598, 145, 52, 52),
(609, 148, 3, 31),
(612, 148, 3, 36),
(611, 148, 6, 36),
(608, 148, 9, 31),
(607, 148, 31, 31),
(610, 148, 36, 36),
(606, 148, 39, 52),
(615, 148, 39, 59),
(605, 148, 44, 52),
(614, 148, 46, 59),
(604, 148, 52, 52),
(613, 148, 59, 59),
(621, 153, 3, 34),
(620, 153, 6, 34),
(619, 153, 34, 34),
(618, 153, 39, 57),
(617, 153, 46, 57),
(616, 153, 57, 57),
(624, 155, 3, 34),
(623, 155, 6, 34),
(622, 155, 34, 34),
(627, 156, 3, 34),
(626, 156, 6, 34),
(625, 156, 34, 34),
(633, 157, 3, 37),
(632, 157, 6, 37),
(631, 157, 37, 37),
(630, 157, 39, 60),
(629, 157, 46, 60),
(628, 157, 60, 60),
(636, 158, 3, 37),
(635, 158, 6, 37),
(634, 158, 37, 37),
(642, 159, 3, 37),
(641, 159, 6, 37),
(640, 159, 37, 37),
(639, 159, 39, 60),
(638, 159, 46, 60),
(637, 159, 60, 60),
(645, 160, 3, 34),
(644, 160, 6, 34),
(643, 160, 34, 34),
(648, 160, 39, 57),
(647, 160, 46, 57),
(646, 160, 57, 57),
(651, 161, 3, 34),
(650, 161, 6, 34),
(649, 161, 34, 34),
(654, 162, 3, 34),
(653, 162, 6, 34),
(652, 162, 34, 34),
(657, 163, 3, 37),
(656, 163, 6, 37),
(655, 163, 37, 37),
(660, 164, 3, 37),
(659, 164, 6, 37),
(658, 164, 37, 37),
(663, 165, 3, 37),
(662, 165, 6, 37),
(661, 165, 37, 37),
(666, 166, 3, 37),
(665, 166, 6, 37),
(664, 166, 37, 37),
(669, 166, 39, 60),
(668, 166, 46, 60),
(667, 166, 60, 60),
(672, 167, 3, 37),
(671, 167, 6, 37),
(670, 167, 37, 37),
(675, 168, 3, 37),
(674, 168, 6, 37),
(673, 168, 37, 37),
(678, 169, 3, 37),
(677, 169, 6, 37),
(676, 169, 37, 37),
(681, 170, 3, 37),
(680, 170, 6, 37),
(679, 170, 37, 37),
(684, 170, 39, 60),
(683, 170, 46, 60),
(682, 170, 60, 60),
(687, 171, 3, 35),
(686, 171, 6, 35),
(685, 171, 35, 35),
(693, 172, 3, 35),
(692, 172, 6, 35),
(691, 172, 35, 35),
(690, 172, 39, 58),
(689, 172, 46, 58),
(688, 172, 58, 58),
(696, 173, 3, 34),
(695, 173, 6, 34),
(694, 173, 34, 34),
(699, 174, 3, 34),
(698, 174, 6, 34),
(697, 174, 34, 34),
(702, 175, 3, 34),
(701, 175, 6, 34),
(700, 175, 34, 34),
(705, 176, 3, 34),
(704, 176, 6, 34),
(703, 176, 34, 34),
(711, 177, 3, 34),
(710, 177, 6, 34),
(709, 177, 34, 34),
(708, 177, 39, 57),
(707, 177, 46, 57),
(706, 177, 57, 57),
(714, 178, 3, 34),
(713, 178, 6, 34),
(712, 178, 34, 34),
(717, 178, 39, 57),
(716, 178, 46, 57),
(715, 178, 57, 57),
(720, 179, 3, 34),
(719, 179, 6, 34),
(718, 179, 34, 34),
(723, 180, 3, 36),
(722, 180, 6, 36),
(721, 180, 36, 36),
(729, 181, 3, 36),
(728, 181, 6, 36),
(727, 181, 36, 36),
(726, 181, 39, 59),
(725, 181, 46, 59),
(724, 181, 59, 59),
(732, 194, 3, 19),
(731, 194, 10, 19),
(730, 194, 19, 19),
(735, 194, 39, 69),
(734, 194, 61, 69),
(733, 194, 69, 69),
(738, 195, 3, 16),
(737, 195, 9, 16),
(736, 195, 16, 16),
(741, 196, 3, 19),
(740, 196, 10, 19),
(739, 196, 19, 19),
(744, 196, 39, 69),
(743, 196, 61, 69),
(742, 196, 69, 69),
(747, 197, 3, 20),
(746, 197, 10, 20),
(745, 197, 20, 20),
(750, 197, 39, 68),
(749, 197, 61, 68),
(748, 197, 68, 68),
(753, 198, 3, 20),
(752, 198, 10, 20),
(751, 198, 20, 20),
(756, 198, 39, 68),
(755, 198, 61, 68),
(754, 198, 68, 68),
(759, 199, 3, 20),
(758, 199, 10, 20),
(757, 199, 20, 20),
(762, 199, 39, 68),
(761, 199, 61, 68),
(760, 199, 68, 68),
(765, 200, 3, 20),
(764, 200, 10, 20),
(763, 200, 20, 20),
(768, 200, 39, 68),
(767, 200, 61, 68),
(766, 200, 68, 68),
(774, 201, 3, 20),
(773, 201, 10, 20),
(772, 201, 20, 20),
(771, 201, 39, 68),
(770, 201, 61, 68),
(769, 201, 68, 68),
(780, 202, 3, 22),
(779, 202, 10, 22),
(778, 202, 22, 22),
(777, 202, 39, 65),
(776, 202, 61, 65),
(775, 202, 65, 65),
(786, 203, 3, 22),
(785, 203, 10, 22),
(784, 203, 22, 22),
(783, 203, 39, 65),
(782, 203, 61, 65),
(781, 203, 65, 65),
(792, 204, 3, 22),
(791, 204, 10, 22),
(790, 204, 22, 22),
(789, 204, 39, 65),
(788, 204, 61, 65),
(787, 204, 65, 65),
(798, 205, 3, 22),
(797, 205, 10, 22),
(796, 205, 22, 22),
(795, 205, 39, 65),
(794, 205, 61, 65),
(793, 205, 65, 65),
(801, 206, 3, 23),
(800, 206, 10, 23),
(799, 206, 23, 23),
(804, 206, 39, 73),
(803, 206, 61, 73),
(802, 206, 73, 73),
(810, 207, 3, 23),
(809, 207, 10, 23),
(808, 207, 23, 23),
(807, 207, 39, 73),
(806, 207, 61, 73),
(805, 207, 73, 73),
(816, 208, 3, 23),
(815, 208, 10, 23),
(814, 208, 23, 23),
(813, 208, 39, 73),
(812, 208, 61, 73),
(811, 208, 73, 73),
(822, 209, 3, 23),
(821, 209, 10, 23),
(820, 209, 23, 23),
(819, 209, 39, 73),
(818, 209, 61, 73),
(817, 209, 73, 73),
(828, 210, 3, 30),
(827, 210, 10, 30),
(826, 210, 30, 30),
(825, 210, 39, 64),
(824, 210, 61, 64),
(823, 210, 64, 64),
(834, 211, 3, 30),
(833, 211, 10, 30),
(832, 211, 30, 30),
(831, 211, 39, 64),
(830, 211, 61, 64),
(829, 211, 64, 64),
(837, 213, 3, 34),
(836, 213, 6, 34),
(835, 213, 34, 34),
(840, 213, 39, 57),
(839, 213, 46, 57),
(838, 213, 57, 57),
(843, 214, 3, 35),
(842, 214, 6, 35),
(841, 214, 35, 35),
(846, 215, 3, 35),
(845, 215, 6, 35),
(844, 215, 35, 35),
(849, 216, 3, 35),
(848, 216, 6, 35),
(847, 216, 35, 35),
(852, 217, 3, 35),
(851, 217, 6, 35),
(850, 217, 35, 35),
(858, 218, 3, 35),
(857, 218, 6, 35),
(856, 218, 35, 35),
(855, 218, 39, 58),
(854, 218, 46, 58),
(853, 218, 58, 58),
(861, 219, 3, 24),
(860, 219, 10, 24),
(859, 219, 24, 24),
(864, 219, 39, 72),
(863, 219, 61, 72),
(862, 219, 72, 72),
(867, 220, 3, 24),
(866, 220, 10, 24),
(865, 220, 24, 24),
(870, 220, 39, 72),
(869, 220, 61, 72),
(868, 220, 72, 72),
(873, 221, 3, 24),
(872, 221, 10, 24),
(871, 221, 24, 24),
(876, 221, 39, 72),
(875, 221, 61, 72),
(874, 221, 72, 72),
(879, 222, 3, 38),
(878, 222, 8, 38),
(877, 222, 38, 38),
(882, 223, 3, 24),
(881, 223, 10, 24),
(880, 223, 24, 24),
(885, 223, 39, 72),
(884, 223, 61, 72),
(883, 223, 72, 72),
(888, 224, 3, 38),
(887, 224, 8, 38),
(886, 224, 38, 38),
(891, 225, 3, 38),
(890, 225, 8, 38),
(889, 225, 38, 38),
(894, 225, 39, 56),
(893, 225, 45, 56),
(892, 225, 56, 56),
(897, 226, 3, 38),
(896, 226, 8, 38),
(895, 226, 38, 38),
(903, 227, 3, 25),
(902, 227, 10, 25),
(901, 227, 25, 25),
(900, 227, 39, 71),
(899, 227, 61, 71),
(898, 227, 71, 71),
(909, 228, 3, 25),
(908, 228, 10, 25),
(907, 228, 25, 25),
(906, 228, 39, 71),
(905, 228, 61, 71),
(904, 228, 71, 71),
(915, 229, 3, 38),
(914, 229, 8, 38),
(913, 229, 38, 38),
(912, 229, 39, 56),
(911, 229, 45, 56),
(910, 229, 56, 56),
(918, 230, 3, 25),
(917, 230, 10, 25),
(916, 230, 25, 25),
(921, 230, 39, 71),
(920, 230, 61, 71),
(919, 230, 71, 71),
(924, 231, 3, 38),
(923, 231, 8, 38),
(922, 231, 38, 38),
(927, 233, 3, 38),
(926, 233, 8, 38),
(925, 233, 38, 38),
(930, 234, 3, 38),
(929, 234, 8, 38),
(928, 234, 38, 38),
(936, 235, 3, 38),
(935, 235, 8, 38),
(934, 235, 38, 38),
(933, 235, 39, 56),
(932, 235, 45, 56),
(931, 235, 56, 56),
(942, 236, 3, 38),
(941, 236, 8, 38),
(940, 236, 38, 38),
(939, 236, 39, 56),
(938, 236, 45, 56),
(937, 236, 56, 56),
(945, 237, 3, 38),
(944, 237, 8, 38),
(943, 237, 38, 38),
(948, 237, 39, 56),
(947, 237, 45, 56),
(946, 237, 56, 56),
(951, 238, 3, 34),
(950, 238, 6, 34),
(949, 238, 34, 34),
(954, 238, 39, 57),
(953, 238, 46, 57),
(952, 238, 57, 57),
(957, 239, 3, 16),
(956, 239, 9, 16),
(955, 239, 16, 16),
(960, 239, 39, 53),
(959, 239, 44, 53),
(958, 239, 53, 53),
(963, 240, 3, 16),
(962, 240, 9, 16),
(961, 240, 16, 16),
(966, 240, 39, 53),
(965, 240, 44, 53),
(964, 240, 53, 53),
(969, 241, 3, 16),
(968, 241, 9, 16),
(967, 241, 16, 16),
(972, 241, 39, 53),
(971, 241, 44, 53),
(970, 241, 53, 53),
(975, 242, 3, 16),
(974, 242, 9, 16),
(973, 242, 16, 16),
(978, 242, 39, 53),
(977, 242, 44, 53),
(976, 242, 53, 53),
(984, 243, 3, 20),
(983, 243, 10, 20),
(982, 243, 20, 20),
(981, 243, 39, 68),
(980, 243, 61, 68),
(979, 243, 68, 68),
(987, 244, 3, 74),
(986, 244, 10, 74),
(985, 244, 74, 74),
(990, 245, 3, 16),
(989, 245, 9, 16),
(988, 245, 16, 16),
(993, 246, 3, 16),
(992, 246, 9, 16),
(991, 246, 16, 16),
(999, 247, 3, 30),
(998, 247, 10, 30),
(997, 247, 30, 30),
(996, 247, 39, 64),
(995, 247, 61, 64),
(994, 247, 64, 64),
(1008, 248, 3, 32),
(1007, 248, 8, 32),
(1006, 248, 32, 32),
(1005, 248, 39, 54),
(1002, 248, 39, 72),
(1004, 248, 45, 54),
(1003, 248, 54, 54),
(1001, 248, 61, 72),
(1000, 248, 72, 72),
(1011, 272, 3, 15),
(1010, 272, 5, 15),
(1009, 272, 15, 15);

-- Insert articles/variants
TRUNCATE TABLE `s_articles`;
INSERT INTO `s_articles` (`id`, `supplierID`, `name`, `description`, `description_long`, `shippingtime`, `datum`, `active`, `taxID`, `pseudosales`, `topseller`, `keywords`, `changetime`, `pricegroupID`, `pricegroupActive`, `filtergroupID`, `laststock`, `crossbundlelook`, `notification`, `template`, `mode`, `main_detail_id`, `available_from`, `available_to`, `configurator_set_id`) VALUES
(2, 2, 'Münsterländer Lagerkorn 32%', '', '<p>dono&nbsp;algor,&nbsp;incrementum&nbsp;indulgens.&nbsp;Rogo&nbsp;hos&nbsp;is&nbsp;interpolatio,&nbsp;tam&nbsp;ingenuus&nbsp;supersilium&nbsp;incrementabiliter&nbsp;se&nbsp;decoloratio,&nbsp;tam&nbsp;Commoneo,&nbsp;nam&nbsp;alter&nbsp;dum&nbsp;copia&nbsp;crepitaculum&nbsp;convenio,&nbsp;incommendatus&nbsp;una&nbsp;vae&nbsp;Habitus&nbsp;ibi.&nbsp;Qua&nbsp;lux&nbsp;brevis&nbsp;interpolatio,&nbsp;per&nbsp;Vivificus&nbsp;fonticulus,&nbsp;ala&nbsp;quo&nbsp;os&nbsp;malus&nbsp;Effor&nbsp;conatus,&nbsp;quies&nbsp;pes&nbsp;roto&nbsp;munio&nbsp;veneficus&nbsp;admonitio.&nbsp;Duco&nbsp;spurcus,&nbsp;consanguinei&nbsp;Egeo&nbsp;ile&nbsp;penintentiarius,&nbsp;praeproperus&nbsp;ivi&nbsp;interpellatio&nbsp;Conticeo,&nbsp;ruo&nbsp;te&nbsp;pia&nbsp;fructuarius&nbsp;Graviter&nbsp;vos&nbsp;iam&nbsp;oryx&nbsp;nutus&nbsp;Cetera&nbsp;mel&nbsp;irreverens&nbsp;eia&nbsp;qua&nbsp;vox&nbsp;depraedor&nbsp;proh,&nbsp;eo&nbsp;derideo&nbsp;Vultus&nbsp;Contero.&nbsp;An&nbsp;ergo&nbsp;via&nbsp;edico&nbsp;oratu&nbsp;for&nbsp;in&nbsp;hae,&nbsp;se&nbsp;obex&nbsp;has&nbsp;eo&nbsp;Veho&nbsp;cum&nbsp;Celox,&nbsp;edo&nbsp;iam&nbsp;cumulatius.&nbsp;Ars&nbsp;Vobis&nbsp;probus&nbsp;an&nbsp;tumeo&nbsp;far&nbsp;Aestimo&nbsp;his&nbsp;internecio&nbsp;illi,&nbsp;incrementabiliter&nbsp;ver&nbsp;Pupillus&nbsp;is&nbsp;quamobrem,&nbsp;dissimulo&nbsp;utor&nbsp;dux&nbsp;tempestuosus&nbsp;Etiamtum&nbsp;ros&nbsp;industrius&nbsp;Fuga&nbsp;et&nbsp;temerarius,&nbsp;accersitus,&nbsp;pio&nbsp;emo&nbsp;summa&nbsp;pudor&nbsp;etiam,&nbsp;mos&nbsp;in&nbsp;effreno,&nbsp;ita&nbsp;ioco&nbsp;sesquimellesimus&nbsp;cum&nbsp;quantuslibet&nbsp;inhospitalitas.&nbsp;Invocatio&nbsp;Consecro&nbsp;Ico&nbsp;sem&nbsp;Persuadeo&nbsp;Particeps&nbsp;pio&nbsp;sto&nbsp;Decentia&nbsp;complector,&nbsp;emoveo&nbsp;diu&nbsp;his&nbsp;arx&nbsp;arx&nbsp;appropinquo&nbsp;Incoho&nbsp;officium.&nbsp;Quid,&nbsp;ubi&nbsp;caedes,&nbsp;inferi&nbsp;sapor&nbsp;tam&nbsp;Convinco&nbsp;rex&nbsp;miraculose,&nbsp;ut&nbsp;quo&nbsp;Quidne&nbsp;oro&nbsp;sanctimonialis&nbsp;Fervesco&nbsp;subsidarius,&nbsp;edo&nbsp;incomposite&nbsp;Diffinio&nbsp;cupio&nbsp;vae&nbsp;ferramentum,&nbsp;nam&nbsp;caedo&nbsp;Mensa&nbsp;voro&nbsp;deprecatio&nbsp;par&nbsp;per&nbsp;laqueus&nbsp;Promo&nbsp;Marcieniensis&nbsp;quicumque&nbsp;adulatio&nbsp;pax&nbsp;lac&nbsp;omnino&nbsp;spatiosus&nbsp;repraesento&nbsp;Sperno.&nbsp;Si&nbsp;conjux&nbsp;contradictio,&nbsp;sem&nbsp;iam&nbsp;Lenis&nbsp;St&nbsp;Jugis&nbsp;his&nbsp;cedo&nbsp;ops&nbsp;de&nbsp;qui&nbsp;Abavus&nbsp;aequor&nbsp;incrementabiliter&nbsp;res,&nbsp;inhumanitas&nbsp;enim&nbsp;ars&nbsp;ara&nbsp;Noxa&nbsp;tunc&nbsp;aqua&nbsp;refrigerium&nbsp;Formica&nbsp;suspicio&nbsp;misericordaliter&nbsp;aer&nbsp;impenetrabiilis,&nbsp;turpiter&nbsp;familiaritas&nbsp;hac&nbsp;concupiscentia,&nbsp;alias&nbsp;cattus&nbsp;obvolvo&nbsp;Northmanni&nbsp;huic.&nbsp;Subeo&nbsp;effundo&nbsp;sive&nbsp;cavus,&nbsp;ara&nbsp;ora&nbsp;per&nbsp;res&nbsp;Cum&nbsp;Suffoco&nbsp;in&nbsp;depono&nbsp;Conduco&nbsp;Ico&nbsp;amicabiliter&nbsp;fraudatio&nbsp;obsum.&nbsp;Humo&nbsp;to&nbsp;qui&nbsp;quin&nbsp;ne&nbsp;pes&nbsp;castellatim&nbsp;pertingo,&nbsp;leo&nbsp;te&nbsp;Subduco&nbsp;sol&nbsp;quaestuosus&nbsp;compaciscor&nbsp;is&nbsp;nex&nbsp;quotienscumque&nbsp;propinquo&nbsp;aptus,&nbsp;tam&nbsp;aetas,&nbsp;Arbor&nbsp;eia&nbsp;Subnuba,&nbsp;religiosus&nbsp;puteus,&nbsp;luo&nbsp;et&nbsp;quotienscumque&nbsp;angulus&nbsp;edo&nbsp;Monasteriense&nbsp;Turba&nbsp;hic&nbsp;Defaeco&nbsp;ymo&nbsp;vix&nbsp;Balatus&nbsp;convenienter&nbsp;sanctifico&nbsp;metus&nbsp;in&nbsp;per&nbsp;magnificabiliter&nbsp;ars&nbsp;divinitus&nbsp;quatenus/quatinus&nbsp;emitto.&nbsp;Bello&nbsp;crusta&nbsp;incrementabiliter&nbsp;sententiosus&nbsp;beo&nbsp;hi&nbsp;duco&nbsp;turbo&nbsp;comprovincialis,&nbsp;penintentiarius&nbsp;magnificabiliter,&nbsp;iam&nbsp;tollo&nbsp;ora&nbsp;Liquidus&nbsp;per&nbsp;abhinc&nbsp;his&nbsp;piscis&nbsp;difficilis&nbsp;una&nbsp;oro&nbsp;suffoco&nbsp;Contraho.&nbsp;Ora&nbsp;Fluctus,&nbsp;sis&nbsp;suo&nbsp;Nequam&nbsp;gaudium&nbsp;vox&nbsp;Amitto&nbsp;duco&nbsp;polleo,&nbsp;compleo&nbsp;mille&nbsp;lex&nbsp;tamen&nbsp;incrementabiliter&nbsp;Lentus,&nbsp;reproba&nbsp;mox&nbsp;acies,&nbsp;pax&nbsp;Valde&nbsp;subobscurus&nbsp;acer&nbsp;aequor&nbsp;Labiosus&nbsp;ora&nbsp;dux&nbsp;Fluo&nbsp;an&nbsp;Lento&nbsp;sero&nbsp;conciliator&nbsp;redeo.&nbsp;Palor&nbsp;procellosus&nbsp;intempestivus&nbsp;furiosus&nbsp;ut&nbsp;exstasis&nbsp;Arma&nbsp;eu&nbsp;sto&nbsp;se&nbsp;Simulatio&nbsp;en&nbsp;volubiliter,&nbsp;sed&nbsp;Crocinus&nbsp;mos&nbsp;Absit&nbsp;iam&nbsp;Cunctator&nbsp;transfero.&nbsp;Dux&nbsp;Vehiculum,&nbsp;se&nbsp;vicis&nbsp;Incol&nbsp;se&nbsp;nex&nbsp;incontinencia,&nbsp;exigo&nbsp;era&nbsp;Palus&nbsp;sum&nbsp;iam&nbsp;magnificabiliter&nbsp;loci,&nbsp;sal&nbsp;incurro,&nbsp;dux&nbsp;necessarius&nbsp;Negotium&nbsp;os&nbsp;orbis,&nbsp;era&nbsp;alatus&nbsp;ineo,&nbsp;vel&nbsp;loquor,&nbsp;hic&nbsp;sed,&nbsp;Viva&nbsp;tam.&nbsp;Ico&nbsp;explorator&nbsp;mos,&nbsp;Expello&nbsp;hinc&nbsp;hac&nbsp;talio,&nbsp;mensa&nbsp;plures&nbsp;utor&nbsp;to&nbsp;tutamen&nbsp;eia&nbsp;Extundo&nbsp;sentus&nbsp;ita&nbsp;Novus,&nbsp;his&nbsp;Securus,&nbsp;tam&nbsp;nam&nbsp;Crepundia,&nbsp;Torreo&nbsp;fas&nbsp;Prolixus,&nbsp;nec&nbsp;flecto&nbsp;alibi&nbsp;peragro.&nbsp;Nam&nbsp;Deficio&nbsp;contradictio&nbsp;ops&nbsp;Posco&nbsp;laeto&nbsp;aeger&nbsp;Freno&nbsp;ruo,&nbsp;votum&nbsp;Spero&nbsp;ergo&nbsp;Penetro,&nbsp;Pulmo&nbsp;pro,&nbsp;ops&nbsp;infra&nbsp;Vacuus&nbsp;ususfructus&nbsp;qui&nbsp;Perturpis,&nbsp;neco&nbsp;Illas&nbsp;his&nbsp;Libro.&nbsp;Vel&nbsp;emo&nbsp;mons&nbsp;liberalis&nbsp;longe&nbsp;vir&nbsp;ingredior,&nbsp;sui&nbsp;cautor&nbsp;Concito,&nbsp;far,&nbsp;Comitatus&nbsp;mus&nbsp;Ambiguus&nbsp;palma&nbsp;via&nbsp;Degenero&nbsp;pio&nbsp;ala&nbsp;Imputo.&nbsp;Pudeo&nbsp;teneo&nbsp;triticeus,&nbsp;iam&nbsp;conjuratio,&nbsp;regno&nbsp;re&nbsp;oro&nbsp;Aveho&nbsp;curiositas&nbsp;cicuta,&nbsp;dis&nbsp;Occulte,&nbsp;deprecativus&nbsp;typus&nbsp;caterva&nbsp;pauci,&nbsp;his&nbsp;re&nbsp;supermitto.&nbsp;Ruo&nbsp;in&nbsp;divortium&nbsp;ita&nbsp;sesquimellesimus&nbsp;Oppono&nbsp;plus&nbsp;celo&nbsp;sceptrum,&nbsp;res&nbsp;ingustatus&nbsp;hi&nbsp;Ango&nbsp;prae&nbsp;tum&nbsp;quatenus/quatinus&nbsp;Sumptus&nbsp;per&nbsp;Avoco&nbsp;nos&nbsp;Indulgens&nbsp;mei&nbsp;heu&nbsp;cur&nbsp;Baiulus&nbsp;attonitus.&nbsp;Via&nbsp;subterfugio&nbsp;radio&nbsp;hac&nbsp;castra,&nbsp;tui&nbsp;Seorsum&nbsp;tam&nbsp;Byssus&nbsp;ex&nbsp;infirmitas.&nbsp;Cum&nbsp;illi&nbsp;organum&nbsp;archidictus,&nbsp;aedificium&nbsp;aut&nbsp;Exsilio&nbsp;neo,&nbsp;pie&nbsp;Promus&nbsp;finis&nbsp;ingenium&nbsp;luo&nbsp;Penna&nbsp;iocus&nbsp;curo&nbsp;Agnellus&nbsp;divinus.&nbsp;Ut&nbsp;ops&nbsp;gero&nbsp;ops&nbsp;Adsumo&nbsp;hoc&nbsp;propugnaculum&nbsp;heu&nbsp;Ferveo&nbsp;necne&nbsp;Multo&nbsp;per&nbsp;Placitum&nbsp;potior&nbsp;vel&nbsp;custodia&nbsp;caleo&nbsp;emendo&nbsp;cui&nbsp;prodigium&nbsp;alo&nbsp;quo&nbsp;beo.&nbsp;Amens&nbsp;lu.</p>', NULL, '2012-08-15', 1, 1, 20, 0, '', '2012-08-30 16:57:00', 1, 0, 1, 0, 0, 0, '', 0, 125, NULL, NULL, 8),
(3, 2, 'Münsterländer Aperitif 16%', 'ubi ait animadverto poema adicio', '<p>Poraliter Sufficio, cum aut pax se Erro, diu Ingressus qui Honestas roto vos hos vix Distinguo humus dignor. Cui leno ex suspicor Amor quibus res occido Consido oro noster lauvabrum sed Inquam haec eia Cumulus, ius lux Castrum ver Fatuo ymo res for Animus laxe Novem nec Teneo. Ego macto re stupeo Labor sus, ver ex aut exhorto sis aliter foetidus expono. Sensus apud latrocinor, impenetrabiilis far incrementabiliter Commodo cum mel voluptarius Pariter modicus opto coepto, maligo spes Resono Curvo escendo adsum per Frutex, ubi ait animadverto poema, adicio Consonum archipater sum Aeger Dux prius edo paterna precipue, cunae declaratio per dolositas Huic quod Sis canalis quam nam fio Insidiae, si pax Cupido, ut Tergo, ac Cui per quo processus Disputo sui Infucatus leo, ait ops, duo Prodoceo par Verber, nec Uberrime alo Scelestus, res Tellus mei Escensio Mundus, ita liber qui has inconsideratus nauta effrenus, Algor infrunitus, inconcussus Rogo eo non Namucense, commissum, laureatus Scutum,.</p>', NULL, '2012-08-15', 1, 1, 30, 0, '', '2012-08-20 15:16:45', NULL, 0, 1, 0, 0, 0, '', 0, 3, NULL, NULL, NULL),
(4, 2, 'Latte Macchiato 17%', 'Fas Proinde quandoquidem sol Iubeo quasi imago C', '<p>Spiro praeclarus Desero alica for Amoena, qui apto Zephyr fabre Felix era Ferratus prosum amicabiliter, ops statua ops is Labo curriculum Paene tum lea aut plane Subdo eia Permetior luxuria. Se Velamen ora advoco.Sem Ferreus, pax sis Faenum incumbo lux Advoco alea crimen, provida amita boo illis quatenus/quatinus Tandem, Sanctus lex ratio, per Vobis latrocinium queo tergum Varietas lea hic Fero at Fides prae festinanter lacer. Mugio universitas magnificentia contente St incogito Mire to aut ut Avunculus do specialitas, iam Prodigus tam Plaga ait Confestim volubilis. Ymo Humilitas, ex palpo Obses te ruo praetermissio, senex cum Stips sed vas sesquimellesimus nemo, fas differo, sui episcopalis Inhabito me cornu, hos induco veho, ars saevio, emo lac, Cito eia. For ornamentum per, Populus ipse sis illae, volup creber ludo ne efficax his Solator demens his Ratio, vir Recipio, ubi cui Praelabor, Irrito quo Accumulo, cui recedo algeo colloco. Fas Proinde quandoquidem sol Iubeo quasi imago C.</p>', NULL, '2012-06-13', 1, 1, 0, 1, '', '2012-08-20 15:20:08', NULL, 0, 1, 0, 0, 0, '', 0, 4, NULL, NULL, NULL),
(5, 2, 'Emmelkamp Holunder Likör 18%', 'Lorem ipsum dolor sit amet, consetetur sadipscing elitr, sed diam nonumy eirmod tempor invidunt ut labore et dolore magna aliquyam', '<p>Ita&nbsp;ioco&nbsp;sesquimellesimus&nbsp;cum&nbsp;quantuslibet&nbsp;inhospitalitas.&nbsp;Invocatio&nbsp;Consecro&nbsp;Ico&nbsp;sem&nbsp;Persuadeo&nbsp;Particeps&nbsp;pio&nbsp;sto&nbsp;Decentia&nbsp;complector,&nbsp;emoveo&nbsp;diu&nbsp;his&nbsp;arx&nbsp;arx&nbsp;appropinquo&nbsp;Incoho&nbsp;officium.&nbsp;Quid,&nbsp;ubi&nbsp;caedes,&nbsp;inferi&nbsp;sapor&nbsp;tam&nbsp;Convinco&nbsp;rex&nbsp;miraculose,&nbsp;ut&nbsp;quo&nbsp;Quidne&nbsp;oro&nbsp;sanctimonialis&nbsp;Fervesco&nbsp;subsidarius,&nbsp;edo&nbsp;incomposite&nbsp;Diffinio&nbsp;cupio&nbsp;vae&nbsp;ferramentum.</p>', NULL, '2012-06-12', 1, 1, 0, 0, '', '2012-08-30 16:00:49', NULL, 0, 1, 0, 0, 1, '', 0, 252, NULL, NULL, 3),
(6, 2, 'Cigar Special 40%', 'O barbaricus poeta Casus dum dis tueor iam Basilicus cur ne duo de neglectum, ut heu Fera hic Profiteor. Ius Perpetuus stilla confido Pax servus jus misericordaliter Servio, pax scandalum duco eo eia Depono immo. ', '<p>A De cum casa fiducialiter laboriosus Secundus, lex asper ros hio cur interrogatio saltem vir Adversa, Gregatim mei Eo metuo sum maro iam proclivia amicabiliter occulto cruor fleo peto delitesco Comperte lacerta his tot Os ut Fruor res Gaza provisio conscientia dux effrenus Promus sui secundus rutila. Celo nam balnearius Opprimo Pennatus, no decentia sui, dicto esse se pulchritudo, pupa Sive res indifferenter. Captivo pala pro de tandem Singulus labor, determino cui Ingurgito quo Ico pax ethologus praetorgredior internuntius. Ops foveo Huius dux respublica his animadverto dolus imperterritus. Pax necne per, ymo invetero voluptas, qui dux somniculosus lascivio vel res compendiose Oriens propitius, alo ita pax galactinus emo. Lacer hos Immanitas intervigilium, abeo sub edo beo for lea per discidium Infulatus adapto peritus recolitus esca cos misericordaliter Morbus, his Senium ars Humilitas edo, cui. Sis sacrilegus Fatigo almus vae excedo, aut vegetabiliter Erogo villa periclitatus, for.</p>', NULL, '2012-08-15', 1, 1, 0, 0, '', '2012-08-20 15:24:42', NULL, 0, 1, 0, 0, 0, '', 0, 6, NULL, NULL, NULL),
(7, 2, 'Wacholder Premium extra mild 32%', 'Na exuo plura ut sumo lavo vindex qualiscumque Castellum fere longinquus An se Super. Nec patulum ita tui Designo curso tum Lavo misericordaliter.', '<p>Na&nbsp;exuo&nbsp;plura&nbsp;ut&nbsp;sumo&nbsp;lavo&nbsp;vindex&nbsp;qualiscumque&nbsp;Castellum&nbsp;fere&nbsp;longinquus&nbsp;An&nbsp;se&nbsp;Super.&nbsp;Nec&nbsp;patulum&nbsp;ita&nbsp;tui&nbsp;Designo&nbsp;curso&nbsp;tum&nbsp;Lavo&nbsp;misericordaliter,&nbsp;ubi&nbsp;in&nbsp;locupletatus&nbsp;farrago.&nbsp;Lux&nbsp;inhabitabilis&nbsp;cedo&nbsp;cito&nbsp;arx&nbsp;sceleratus&nbsp;propinquitas&nbsp;Pastus,&nbsp;cum&nbsp;Abutor&nbsp;Occursus&nbsp;hordeum&nbsp;quid&nbsp;tuba&nbsp;Proprius&nbsp;hio&nbsp;Elatio&nbsp;inspiro,&nbsp;cui&nbsp;Subcribo,&nbsp;qui&nbsp;quo&nbsp;seco&nbsp;Paciscor&nbsp;nam&nbsp;Se&nbsp;specialitas&nbsp;lumen.&nbsp;Os&nbsp;disperdo&nbsp;aut&nbsp;Quercetum&nbsp;domus&nbsp;Hospitium,&nbsp;diu&nbsp;has&nbsp;Subservio&nbsp;has&nbsp;Specus&nbsp;vapulus,&nbsp;hos&nbsp;vix&nbsp;Cupido&nbsp;hic&nbsp;elido,&nbsp;cui&nbsp;leno&nbsp;magis&nbsp;roto&nbsp;indifferenter&nbsp;Respondeo&nbsp;res&nbsp;occido&nbsp;ago&nbsp;oro&nbsp;praepositus&nbsp;huic&nbsp;vitualamen&nbsp;Insisto&nbsp;insperatus&nbsp;exitus&nbsp;ara,&nbsp;lautus&nbsp;penetralis&nbsp;aufero,&nbsp;ut&nbsp;edo&nbsp;voro,&nbsp;os&nbsp;furor&nbsp;alter&nbsp;jus&nbsp;pollicitas&nbsp;preoccupo,&nbsp;ruo&nbsp;ego&nbsp;Opulentia&nbsp;tenus&nbsp;Telum,&nbsp;Labor&nbsp;sus&nbsp;Amiculum&nbsp;jugiter&nbsp;deficio&nbsp;exsequor.&nbsp;Sis&nbsp;Cogitatus&nbsp;fas&nbsp;era&nbsp;qui&nbsp;seu&nbsp;iam&nbsp;forda&nbsp;Do&nbsp;for&nbsp;sol&nbsp;eques&nbsp;moderor&nbsp;Tectum&nbsp;nex&nbsp;Perspicax.&nbsp;Ops&nbsp;ala&nbsp;mille&nbsp;alius&nbsp;silentio,&nbsp;cursor&nbsp;exemplar&nbsp;tui&nbsp;sesquimellesimus&nbsp;inhumatus&nbsp;tres&nbsp;ait&nbsp;vis&nbsp;pax&nbsp;ubi&nbsp;curiositas&nbsp;vis&nbsp;sum&nbsp;Appello&nbsp;dux.&nbsp;Ne&nbsp;edo&nbsp;Palus&nbsp;profusius&nbsp;dedec.</p>', NULL, '2012-07-10', 1, 1, 0, 0, 'Wacholder Premium extra mild 32%', '2012-08-30 16:57:36', NULL, 0, 1, 0, 0, 0, '', 0, 249, NULL, NULL, 12),
(8, 2, 'T.S. Privat 41,5 %', 'Rofiteor ius Perpetuus stilla seu pax sufficientia jus far rego promus per fragilitas iurisdictio Fines inquinamentum latrunculus.', '<p>Rofiteor ius Perpetuus stilla seu pax sufficientia jus far rego promus per fragilitas iurisdictio Fines inquinamentum latrunculus. Effor ex Balena exuo plura ut sumo lavo vindex qualiscumque Castellum fere longinquus An se Super. Nec patulum ita tui Designo curso tum Lavo misericordaliter, ubi in locupletatus farrago. Lux inhabitabilis cedo cito arx sceleratus propinquitas Pastus, cum Abutor Occursus hordeum quid tuba Proprius hio Elatio inspiro, cui Subcribo, qui quo seco Paciscor nam Se specialitas lumen. Os disperdo aut Quercetum domus Hospitium, diu has Subservio has Specus vapulus, hos vix Cupido hic elido, cui leno magis roto indifferenter Respondeo res occido ago oro praepositus huic vitualamen Insisto insperatus exitus ara, lautus penetralis aufero, ut edo voro, os furor alter jus pollicitas preoccupo, ruo ego Opulentia tenus Telum, Labor sus Amiculum jugiter deficio exsequor. Sis Cogitatus fas era qui seu iam forda Do for sol eques moderor Tectum nex Perspicax. Ops ala mille .</p>', NULL, '2012-07-02', 1, 1, 0, 0, '', '2012-08-20 15:54:16', NULL, 0, 1, 0, 0, 0, '', 0, 14, NULL, NULL, NULL),
(9, 2, 'Special Finish Lagerkorn X.O. 32%', 'Mugio universitas magnificentia contente St incogito Mire to aut ut Avunculus do specialitas, iam Prodigus tam Plaga ait Confestim volubilis.', '<p>O reficio Praecox, de per Facio qua Mansuetus ara Necdum. Spiro praeclarus Desero alica for Amoena, qui apto Zephyr fabre Felix era Ferratus prosum amicabiliter, ops statua ops is Labo curriculum Paene tum lea aut plane Subdo eia Permetior luxuria. Se Velamen ora advoco.Sem Ferreus, pax sis Faenum incumbo lux Advoco alea crimen, provida amita boo illis quatenus/quatinus Tandem, Sanctus lex ratio, per Vobis latrocinium queo tergum Varietas lea hic Fero at Fides prae festinanter lacer. Mugio universitas magnificentia contente St incogito Mire to aut ut Avunculus do specialitas, iam Prodigus tam Plaga ait Confestim volubilis. Ymo Humilitas, ex palpo Obses te ruo praetermissio, senex cum Stips sed vas sesquimellesimus nemo, fas differo, sui episcopalis Inhabito me cornu, hos induco veho, ars saevio, emo lac, Cito eia. For ornamentum per, Populus ipse sis illae, volup creber ludo ne efficax his Solator demens his Ratio, vir Recipio, ubi cui Praelabor, Irrito quo Accumulo, cui recedo algeo .</p>', NULL, '2012-08-16', 1, 1, 38, 0, '', '2012-08-20 15:43:54', NULL, 0, 1, 0, 0, 0, '', 0, 15, NULL, NULL, NULL),
(10, 2, 'Aperitif-Glas Demi Sec', 'Atus propinquitas Pastus, cum Abutor Occursus hordeum quid tuba Proprius hio Elatio inspiro, cui Subcribo, qui quo seco Paciscor nam Se specialitas lumen.', '<p>S Cetera mel irreverens eia qua vox depraedor proh, eo derideo Vultus Contero. An ergo via edico oratu for in hae, se obex has eo Veho cum Celox, edo iam cumulatius. Ars Vobis probus an tumeo far Aestimo his internecio illi, incrementabiliter ver Pupillus is quamobrem, dissimulo utor dux tempestuosus Etiamtum ros industrius Fuga et temerarius, accersitus, pio emo summa pudor etiam, mos in effreno, ita ioco sesquimellesimus cum quantuslibet inhospitalitas. Invocatio Consecro Ico sem Persuadeo Particeps pio sto Decentia complector, emoveo diu his arx arx appropinquo Incoho officium. Quid, ubi caedes, inferi sapor tam Convinco rex miraculose, ut quo Quidne oro sanctimonialis Fervesco subsidarius, edo incomposite Diffinio cupio vae ferramentum, nam caedo Mensa voro deprecatio par per laqueus Promo Marcieniensis quicumque adulatio pax lac omnino spatiosus repraesento Sperno. Si conjux contradictio, sem iam Lenis St Jugis his cedo ops de qui Abavus aequor incrementabiliter res, inhumanitas .</p>', NULL, '2012-07-09', 1, 1, 0, 0, '', '2012-08-16 11:39:23', NULL, 0, NULL, 0, 0, 0, '', 0, 16, NULL, NULL, NULL),
(11, 2, 'Münsterländer Aperitif Präsent Box', 'Hic ira quis Perago tu Ops ratio, rufus ut Simul Sperno rixa mos turbo lucus Mortifera veles Chalybs imperito ardor. Cui opportune Pango sem.', '<p>Ars quies Polliceor simul temperantia. An colonus Fructus initium labo postulator infeste en ne nitesco discidium, nam sto vis Alica se nutus Vallo Sollertia solum. Ago inhaeresco at vis socer attollo Elatus. Mus Qua, Immanis Me. Opera tutus hae Cur resumo Inflexus laxo hortus seu multipliciter officiosus, Daci humus Exsupero ivi vituperabilis Depascor stabilis an animus. His decipio eo hi certus, follis luo Triduum facio per Letalis pie Cruentus, venio ego tendo Percutio stips exter scilicet connubialis Anhelo Fastidio cogo commodum terra, Sollertia se edo me signum. Pullulo edo Lugo in lex Edoctus capio concedo ictus, ego sic magnificabiliter Retribuo an Laurus penitus, refero abeo os ile ferito nam De ora Personam Strepitus carina Refero Optatus arma texo arca Dilgenter ferox Luxuria. Sus penna Sono Proelium pario has Viduitas Sordes suborior, hic ira quis Perago tu Ops ratio, rufus ut Simul Sperno rixa mos turbo lucus Mortifera veles Chalybs imperito ardor. Cui opportune Pango sem.</p>', NULL, '2012-07-31', 1, 1, 0, 0, '', '2012-08-21 08:16:49', NULL, 0, NULL, 0, 0, 0, '', 0, 17, NULL, NULL, NULL),
(12, 2, 'Kobra Vodka 37,5%', 'Refero Eluo fornax vos illa ora Nutus casus moderor hoc Fides, revolvo vox corium ne eo Decoro. Vultus clango Duro an via Dilabor nec for Placitum, hae boo nos Grano his vir cum Cupiditas erga. Illo apex copia Vexamen pute.', '<p>pluris coepto, mille tam no curvo erumpo commiscere Prodo furo ubi ait vexo pax adicio consonum Venor acer tot dux prius excorio non profusius arx census quibus se intro Quod conticinium Sus quam notos frons imputo si posco Deficio voluntas voluntarius diu dictator per suscipere ortus cum adeo de opportunus Ait me duo pendo Pars, vix pannus Ruo cunctatio per Subdido terebro mei exoro, mel ita iugo quod has cos in etiam ter Frutex for res inopportunitas Nous, ira alter Inruo os funis deduco Aula alter. Suo Odium tam dum disciplina sub comito alveus Tuba ut iento moestifer Satio Lux aurum Intereo, Pulmo. Tremo dis coacto, solator qui malus cui contactus. Raptor pes roto mei Sero ut duco res castigatus everbero ile ruo pauci ex implacabilis, conticeo ruo cruciamentum. Refero Eluo fornax vos illa ora Nutus casus moderor hoc Fides, revolvo vox corium ne eo Decoro. Vultus clango Duro an via Dilabor nec for Placitum, hae boo nos Grano his vir cum Cupiditas erga. Illo apex copia Vexamen pute.</p>', NULL, '2012-08-01', 1, 1, 0, 0, '', '2012-08-31 08:20:18', NULL, 0, 1, 0, 0, 0, '', 0, 18, NULL, NULL, NULL),
(13, 3, 'Pai Mu Tan Tee weiss', 'Peragro fugo virus Res qui hic ira quatenus/quatinus Perago tui Pronuntio per pio vel superstes sperno. Spero n.', '<p>Go, me. Solum par quicumque me me vis Exsulo, ceno Praestans, se. Armo undo vel Castigo quinquagesimus, qua res ubi ratio, tui perfringo vis Manus sesquimellesimus, cui Approbo, hi. Ico epulo Nolo eo do consepio, cardo cedo Ingenuus. Audeo, de. Orior Minutor sordeo una crustum hi nec Pravus. In specto Suus. Nos ius pes ter Exorior contendo. Pax illi concio Latus an ansa pons in vis, crur me tam rudo se os pie Quod hac, for furs provectus os omitto Summitto Ita repuo nos sto Illis in Vinculum. Ut quem nec crus idem Piaculum. In ictus te gero, quo atrox de qua Grator via. beo hoc Iuventus. Tutis frux levo Arcesso edulis pro haec quid neco has congelo Maxime to. Ars illa perfringo immo extrico. Memor dux genetrix Inter conqueror pumilius, sine saepio translatio pergo Noxa eu crus iam pie, do. Appono St ora Urbs Obviam rabiose, esca valetudo vis fumo Orchestra sal. Ops tego improbitas. Per taeter furo turma diu ora limus Ademptio supercilium, ius habito. Mos nidor, equa nos nec hic ambitu.</p>', NULL, '2012-08-07', 1, 1, 0, 0, '', '2012-08-16 18:54:40', NULL, 0, NULL, 0, 0, 0, '', 0, 19, NULL, NULL, NULL),
(14, 3, 'Silver Yin Zhen Tee weiss', 'Mus Saxum habito Pollex placitum undo hae Eruca resideo his Luctus, hinc seu. Haec lac Daci furs fidus i.', '<p>Tor, in. Gravida, sis illae siccus sub hac Spiculum, his via Cogo hunc iam vas Frux hi tot etiam Quas infortunatus. Pro primordia Grano.Sem for pax Caries, incentivus, Lesciense Multi, tibi constipatus Cedo ne Abeo. Boo en mihi re quod lex per, per voco Lambo. Speciosus sem sed Lenitas do de Expello, eia putator cur martyrium, lux os esca si castor. Hio nam ter aut vis, ut frendo pes magnopere ops to prenda ait arceo vulpes zelus exhorto, lavo nex obses Avarus re lea Subvertio emico, rogo termino unde Nego neo fas cui, te. Se huic pars, ars infelix induco vir ars Retineo, emo litigo arx erus.. Fero, lex ne prosequor Navigatio St Gestum volo, se, panthera quibus Etiam hinc Reus cos, his per vir redimo ut Diffama operam irrito. Os, vis dedo ne, aliqua Colloco, fama pax ne sol impleo, ne hanc Se limus Neco flax, egens depraedor debeo hoc Repeto minuo Bardus. Ros, gero cur, ira saxum agalmate abdico hae Miseror inanis, madide anxio, nam, eo. Neo virgo, in, arx fleo pax certo Cernuus ius i.</p>', NULL, '2012-07-31', 1, 1, 0, 0, '', '2012-08-16 19:02:56', NULL, 0, NULL, 0, 0, 0, '', 0, 20, NULL, NULL, NULL),
(15, 3, 'LUNG CHING grüner Tee', 'A barathrum lA barathrum lex dictata sesquimellesimus per, nox hic adfero Quin capreolus immo Quod consulo post vermis aura to Pala iam Violenter aro substrictus ius Objurgo vitupero.ex dictata sesquimellesimus per, nox hic adfero Quin capreolus immo Quod consulo post vermis aura to Pala iam Violenter aro substrictus ius Objurgo vitupero.', '<p>St confidenter, boo gero perversa. Tandem quod levo rectum prae adolescens ingens no sino sed hi furs, for expello eia prae, dies inhibeo prodigialiter supergredior eia. Cervus, sis gens mire ter curvo vena ultra illectus redigo incubo. Prodigus bravium oro Aula, sui vulpes ymo eruo Libero pellax modo comperio, ruo lea qui dens rogo Tellus tutis nego progenierum. Extraho cui chalybs. Curvo illius plebs, ars instituo labes Agalmate se Sophisma Firmo lac culpa exspecto Famulor hi per proficio. Ira ante illae ut aro ludo post dis eo solator Cos en, rectum velut Redeo ubi Desino mihi ira, quo vis exsecrabile per. sumo autem Foliatus proinde Quaestus bacca impleo per hanc arx multifluus, nec de dictus ara cogo. Incurvo sollicito lex Comprobo ros hio impenetrabiilis Intrico qua tractus undo, infirmatio Multum, Litigatio leo sum maro iucundus Patina, voco occulto crucio for Peto. Amo Armis ludio en aestus, ruo Vox fero ususfructus Gaza Pomum te incommoditas dono promus, sui no pro credo pers.</p>', NULL, '2012-07-16', 1, 1, 0, 1, '', '2012-08-16 19:02:07', NULL, 0, NULL, 0, 0, 0, '', 0, 21, NULL, NULL, NULL),
(17, 3, 'Mao Feng grüner Tee', 'Multi adeo Valeo fatuo ut subdo for tam malum mico pallor, ruo at macto sero trimodus Labor Comminor tribuo lanx se Excolo coniecto ter fama do sensus Cardo Iam forda Foris flax sol se murus timor palor munita pluris coepto', '<p>St confidenter, boo gero perversa. Tandem quod levo rectum prae adolescens ingens no sino sed hi furs, for expello eia prae, dies inhibeo prodigialiter supergredior eia. Cervus, sis gens mire ter curvo vena ultra illectus redigo incubo. Prodigus bravium oro Aula, sui vulpes ymo eruo Libero pellax modo comperio, ruo lea qui dens rogo Tellus tutis nego progenierum. Extraho cui chalybs. Curvo illius plebs, ars instituo labes Agalmate se Sophisma Firmo lac culpa exspecto Famulor hi per proficio. Ira ante illae ut aro ludo post dis eo solator Cos en, rectum velut Redeo ubi Desino mihi ira, quo vis exsecrabile per. sumo autem Foliatus proinde Quaestus bacca impleo per hanc arx multifluus, nec de dictus ara cogo. Incurvo sollicito lex Comprobo ros hio impenetrabiilis Intrico qua tractus undo, infirmatio Multum, Litigatio leo sum maro iucundus Patina, voco occulto crucio for Peto. Amo Armis ludio en aestus, ruo Vox fero ususfructus Gaza Pomum te incommoditas dono promus, sui no pro credo pers.</p>', NULL, '2012-07-16', 1, 1, 0, 0, '', '2012-08-16 19:01:00', NULL, 0, NULL, 0, 0, 0, '', 0, 23, NULL, NULL, NULL),
(18, 3, 'Pi Lo Chun grüner Tee', 'Cito Crimen crusta discessio Quae Peto paene, se uber lex en solitudo. Trium, pars hio doxa Inquis Daci qui qui sisto vicissitudo Lito nam devotio satellites Laus quo dens aut proluo curo at formositas has satura Has res viva illa ut deficio do cum Diapason misericordaliter Ex stringo te Quilibet Socors perstruo ago pratum Mara eo sed ibi indutiae esca calx lautus', '<p>St confidenter, boo gero perversa. Tandem quod levo rectum prae adolescens ingens no sino sed hi furs, for expello eia prae, dies inhibeo prodigialiter supergredior eia. Cervus, sis gens mire ter curvo vena ultra illectus redigo incubo. Prodigus bravium oro Aula, sui vulpes ymo eruo Libero pellax modo comperio, ruo lea qui dens rogo Tellus tutis nego progenierum. Extraho cui chalybs. Curvo illius plebs, ars instituo labes Agalmate se Sophisma Firmo lac culpa exspecto Famulor hi per proficio. Ira ante illae ut aro ludo post dis eo solator Cos en, rectum velut Redeo ubi Desino mihi ira, quo vis exsecrabile per. sumo autem Foliatus proinde Quaestus bacca impleo per hanc arx multifluus, nec de dictus ara cogo. Incurvo sollicito lex Comprobo ros hio impenetrabiilis Intrico qua tractus undo, infirmatio Multum, Litigatio leo sum maro iucundus Patina, voco occulto crucio for Peto. Amo Armis ludio en aestus, ruo Vox fero ususfructus Gaza Pomum te incommoditas dono promus, sui no pro credo pers.</p>', NULL, '2012-07-16', 1, 1, 0, 0, '', '2012-08-16 18:59:30', NULL, 0, NULL, 0, 0, 0, '', 0, 24, NULL, NULL, NULL),
(19, 3, 'Oriental Jasmine Tee', 'Per tu fere ibi famen denuntio, specus orbis is Limen, texo boo aut adhuc intolerabiliter opportune tres, mico ex fugio prodigialiter. ', '<p>St confidenter, boo gero perversa. Tandem quod levo rectum prae adolescens ingens no sino sed hi furs, for expello eia prae, dies inhibeo prodigialiter supergredior eia. Cervus, sis gens mire ter curvo vena ultra illectus redigo incubo. Prodigus bravium oro Aula, sui vulpes ymo eruo Libero pellax modo comperio, ruo lea qui dens rogo Tellus tutis nego progenierum. Extraho cui chalybs. Curvo illius plebs, ars instituo labes Agalmate se Sophisma Firmo lac culpa exspecto Famulor hi per proficio. Ira ante illae ut aro ludo post dis eo solator Cos en, rectum velut Redeo ubi Desino mihi ira, quo vis exsecrabile per. sumo autem Foliatus proinde Quaestus bacca impleo per hanc arx multifluus, nec de dictus ara cogo. Incurvo sollicito lex Comprobo ros hio impenetrabiilis Intrico qua tractus undo, infirmatio Multum, Litigatio leo sum maro iucundus Patina, voco occulto crucio for Peto. Amo Armis ludio en aestus, ruo Vox fero ususfructus Gaza Pomum te incommoditas dono promus, sui no pro credo pers.</p>', NULL, '2012-07-16', 1, 1, 0, 0, '', '2012-08-16 18:57:35', NULL, 0, NULL, 0, 0, 0, '', 0, 25, NULL, NULL, NULL),
(20, 3, 'Jasmine Phoenix Tee', 'Tumulosus profundus pax Parum ne edo aggero articulus pax ait Emiror effluo Tunc iam vas, ac per Faber industria, lepor via inhoneste fastus, gelidus parco negligentia in sane apto peto succumbo opusculus extimus os produco Quendam eximo iam Expando dolor immo expilatio ex balena, far plura upilio Aliquo ex vivax.', '<p>St confidenter, boo gero perversa. Tandem quod levo rectum prae adolescens ingens no sino sed hi furs, for expello eia prae, dies inhibeo prodigialiter supergredior eia. Cervus, sis gens mire ter curvo vena ultra illectus redigo incubo. Prodigus bravium oro Aula, sui vulpes ymo eruo Libero pellax modo comperio, ruo lea qui dens rogo Tellus tutis nego progenierum. Extraho cui chalybs. Curvo illius plebs, ars instituo labes Agalmate se Sophisma Firmo lac culpa exspecto Famulor hi per proficio. Ira ante illae ut aro ludo post dis eo solator Cos en, rectum velut Redeo ubi Desino mihi ira, quo vis exsecrabile per. sumo autem Foliatus proinde Quaestus bacca impleo per hanc arx multifluus, nec de dictus ara cogo. Incurvo sollicito lex Comprobo ros hio impenetrabiilis Intrico qua tractus undo, infirmatio Multum, Litigatio leo sum maro iucundus Patina, voco occulto crucio for Peto. Amo Armis ludio en aestus, ruo Vox fero ususfructus Gaza Pomum te incommoditas dono promus, sui no pro credo pers.</p>', NULL, '2012-07-16', 1, 1, 0, 0, '', '2012-08-16 18:58:37', NULL, 0, NULL, 0, 0, 0, '', 0, 26, NULL, NULL, NULL),
(21, 3, 'Jasmine Lotus Tee', 'To Gelidus ferveo Res hos Non ipse sono illico qui funis se. Ait alter acer piscator, tam Dum ars agna Celox subo ut vae, hic et sordesco, lux te ile Respectus ventosus. Efficax ala quo Scitus jus effor Conatus raptor, red.', '<p>Tiens hos vita aut hic Demo, cui leno laqueum res sis pullulo Temeritas nomen, armo ovis mus Inclino tellus ibi his Esca cinis. Longe, lux Aufero ver Glorifico Volubilis subdo Furor, tam malum nam orbus vegetabiliter At. Lavo tabula ruo eo amita Vafra lanx curto Eruo sis alias, fama exsilio sensus cardo Jacio far foris flax sol eques Mel Timor palor Patronus Ops caveo leno Alius sermocinatio aut Epos tui per Horum commorantes, casus. Ubertas pax ubi sic Veho, sum aestus Epos puppis At non Nos Decessio aer querulus demum inculta os. Ango anima Pro nam fio imputo custodiae Radicitus aut ut re flagitium, cui Provida rare nego Disputo avello Fluctus hi ait proditus. Duo ops Propense, vix in ruo crapula ne Rudo vestigium mei. Duco mel ita iugo serio Fragor cura mos dono. To Gelidus ferveo Res hos Non ipse sono illico qui funis se. Ait alter acer piscator, tam Dum ars agna Celox subo ut vae, hic et sordesco, lux te ile Respectus ventosus. Efficax ala quo Scitus jus effor Conatus raptor, red.</p>', NULL, '2012-07-16', 1, 1, 0, 0, '', '2012-08-16 18:52:43', NULL, 0, NULL, 0, 0, 0, '', 0, 27, NULL, NULL, NULL),
(22, 3, 'Glas -Teetasse 0,25l', 'Almus Emitto Bos sicut hae Amplitudo rixa ortus retribuo Vicarius an nam capitagium medius.', '<p>Reficio congratulor simplex Ile familia mire hae Prosequor in pro St quae Muto,, St Texo aer Cornu ferox lex inconsiderate propitius, animus ops nos haero vietus Subdo qui Gemo ipse somniculosus. Non Apertio ops, per Repere torpeo penintentiarius Synagoga res mala caelestis praestigiator. Ineo via consectatio Gemitus sui domus ludio is vulgariter, hic ut legens nox Falx nos cui vaco insudo tero, tollo valde emo. deprecativus fio redigo probabiliter pacificus sem Nequequam, suppliciter dis Te summisse Consuesco cur Desolo sis insolesco expeditus pes Curo aut Crocotula Trimodus. Almus Emitto Bos sicut hae Amplitudo rixa ortus retribuo Vicarius an nam capitagium medius. Cui Praebeo, per plango Inclitus ubi sator basiator et subsanno, cubicularis per ut Aura congressus precor ille sem. aro quid ius Praedatio vitupero Tractare nos premo procurator. Ne edo circumsto barbaricus poeta Casus dum dis tueor iam Basilicus cur ne duo de neglectum, ut heu Fera hic Profiteor. Ius Perpetuus stilla co.</p>', NULL, '2012-07-16', 1, 1, 0, 0, '', '2012-08-16 18:42:44', NULL, 0, NULL, 0, 0, 0, '', 0, 28, NULL, NULL, NULL),
(23, 3, 'Glasbecher', 'Ivi praebalteata Occumbo congruens seco, lea qui se surculus sed abhinc praejudico in forix curo.', '<p>Per cur Iam in supparum Eia ago sis misericordaliter Occatio ter aut Aliusmodi vel Fugo redigo, iam ops tam Plaga consulo sui ymo Zephyr humilitas. Ivi praebalteata Occumbo congruens seco, lea qui se surculus sed abhinc praejudico in forix curo. Sui aut hoc refectorium celo hos iam Upilio Ars retineo etsi lac damnatio imcomposite for oneratus sacrificum ora navigatio. St incultus Vox inennarabili.</p>', NULL, '2012-07-16', 1, 1, 0, 0, '', '2012-08-16 18:44:56', NULL, 0, NULL, 0, 0, 0, '', 0, 29, NULL, NULL, NULL),
(24, 3, 'Glas-Teekännchen', 'Dux texo propino, hic tres, casus Ubertas, pax Alumnus catena, ut, acer tero an, per edo in is arx Arma querul.', '<p>opisthotonos. Rex contristo Poena, serenus laxe fabula rego propinquitas, quasi duco iam fines Devotio ibi Expilatio, ius aera Exsulto pax vir Aliquo praestigiator vox, ne. Tui, fio ibi dux Crur res, oppugno non intolerabiliter Celeritas. Crur aut tibi lavo ius Abluo norma. Laxe for Mucro arx ars inconsideratus cruor, quae pluma nemo cum ut lex Gero retardo, una pars hio Diu. Immo se os qui, os Suavis, luo obtineo se Revertor ivi solor extorqueo, aut prodico domus exalto. Diu gusto quin has, res vos iuxta vix Curso hic dignor. Desino penetranter, jus super te post res occido armo, oro mus insto Sine, ibi en filia cinis munimentum lux incontinencia. Ver edo ymo suscipio flos cognomen Ex praeficio nec ruo Eruo, locupletatus re, os ille To utor ius aut eruo St sudo. Fas foedo qui apud magnifico fabula, faba for sol cum Murus valetudo nex mel ops caveo leo Spes saepe domesticus. Dux texo propino, hic tres, casus Ubertas, pax Alumnus catena, ut, acer tero an, per edo in is arx Arma querul.</p>', NULL, '2012-08-16', 1, 1, 0, 0, '', '2012-08-16 18:45:10', NULL, 0, NULL, 0, 0, 0, '', 0, 30, NULL, NULL, NULL),
(25, 3, 'Glas-Teekanne', 'lautus penetralis aufero, ut edo voro, os furor alter jus pollicitas preoccupo, ruo ego Opulentia tenus Telum, Labor su.', '<p>Nos ne Prognatus prex edo Agger trunco, poeta aula dum dono tueor iam typus dummodo sciscitor. Faber for Neglectum ut heu do infrequens, profiteor ius Perpetuus stilla seu pax sufficientia jus far rego promus per fragilitas iurisdictio Fines inquinamentum latrunculus. Effor ex Balena exuo plura ut sumo lavo vindex qualiscumque Castellum fere longinquus An se Super. Nec patulum ita tui Designo curso tum Lavo misericordaliter, ubi in locupletatus farrago. Lux inhabitabilis cedo cito arx sceleratus propinquitas Pastus, cum Abutor Occursus hordeum quid tuba Proprius hio Elatio inspiro, cui Subcribo, qui quo seco Paciscor nam Se specialitas lumen. Os disperdo aut Quercetum domus Hospitium, diu has Subservio has Specus vapulus, hos vix Cupido hic elido, cui leno magis roto indifferenter Respondeo res occido ago oro praepositus huic vitualamen Insisto insperatus exitus ara, lautus penetralis aufero, ut edo voro, os furor alter jus pollicitas preoccupo, ruo ego Opulentia tenus Telum, Labor su.</p>', NULL, '2012-07-16', 1, 1, 0, 0, '', '2012-08-16 18:47:35', NULL, 0, NULL, 0, 0, 0, '', 0, 31, NULL, NULL, NULL),
(26, 3, 'Glas Teezubereiter', 'Hoc eia quin administratio corium proh ille derideo Vulnero contingo impenetrabiilis incompositus Via magnificabiliter Oportet for Nec hae esculentus pro.', '<p>Abiliter archipater. Te tot dux puppis erro non pario culter delinquentes secretarius decido hoc summopere conticinium contubernium, pro obtineo ferito Lignarius concio pax divulgatio ut sal duco Desolo provida. rare in gubernaculum, sui de leno ait ops evanidus me par Viduo in subter Contumax ne res penintentiarius millies, exoro persevero Iuro ita Subcribo, has se mos effero sumo hic Fascino Thesaurus intentio, nous lenio alter infructuosus qui. De designo aula sono arduus piscator tam incontaminatus Digredior concordo. Si tam trudo Baccatus, hic latex retineo Molior alea ile Quicquid sem Ac si quo Sermo ex expilatio. Sis Quies pes res prodigialiter rus amicabiliter Equester sordes auxilium epulor. Ile quatenus/quatinus Proluvies libido effodio cubicularis ruo sto sesquimellesimus furibundus hae Ut eo ora postulatio Ago percunctor. Hoc eia quin administratio corium proh ille derideo Vulnero contingo impenetrabiilis incompositus Via magnificabiliter Oportet for Nec hae esculentus pro.</p>', NULL, '2012-07-16', 1, 1, 0, 0, '', '2012-08-16 18:43:53', NULL, 0, NULL, 0, 0, 0, '', 0, 32, NULL, NULL, NULL),
(27, 3, 'Facil Teezubereiter', ' Spiro praeclarus Desero alica for Amoena, qui apto Zephyr fabre Felix era Ferratus prosum amicabiliter, ops statua ops is Labo curriculum Paene tum lea aut plane Subdo eia Permetior luxuria.', '<p>Eu cur Baiulus attonitus. Via subterfugio radio hac castra, tui Seorsum tam Byssus ex infirmitas. Cum illi organum archidictus, aedificium aut Exsilio neo, pie Promus finis ingenium luo Penna iocus curo Agnellus divinus. Ut ops gero ops Adsumo hoc propugnaculum heu Ferveo necne Multo per Placitum potior vel custodia caleo emendo cui prodigium alo quo beo. Amens lugo res hoc rus te Felix. Do magnificentia fundo ait duo cui consul claritas Quorum ira ago ruo Moestitia, subnego en proletarius os nos, vivo his ferox Seputus lex Triduum tam in quinquagesimus nec usquequaque vomer requietum soleo potens nam Contemno ac qui pensio reficio Praecox, de per Facio qua Mansuetus ara Necdum. Spiro praeclarus Desero alica for Amoena, qui apto Zephyr fabre Felix era Ferratus prosum amicabiliter, ops statua ops is Labo curriculum Paene tum lea aut plane Subdo eia Permetior luxuria. Se Velamen ora advoco.Sem Ferreus, pax sis Faenum incumbo lux Advoco alea crimen, provida amita boo illis quatenus/quati.</p>', NULL, '2012-07-16', 1, 1, 0, 0, '', '2012-08-16 18:43:26', NULL, 0, NULL, 0, 0, 0, '', 0, 33, NULL, NULL, NULL),
(28, 3, 'Deluxe Eisteezubereiter', 'Pupillus, pensito pax Cultor ver dux Statuo eniteo Ueraciter fore has laeve res voveo secessus.', '<p>Nosco hic, ibi retineo lux sto ioco. Per Re dono. Copiose reus scitus jus diligens sis scapulare Servitium transitus mei tenus vivo Equester, res vae Epulor ile Supero perjuro, ivi impenetrabiilis Cetera seco Consilium pia dux gigno ut inficio ora sesquimellesimus si mel irreverens Exorior qua voco. Ara recolo Manipulus creo vota ala dum edo imperterritus, edico oratu for Placitum incrementabiliter depulso is frux hinc argumentum Dominor converso erga Iam Conduco, cedo vox Quamobrem, executor tumeo imperator Abicio haec largiflue Matertera tu ut. Pupillus, pensito pax Cultor ver dux Statuo eniteo Ueraciter fore has laeve res voveo secessus. Emo Specto requietum etiam in Praecipue ac licet intoneo Pergo exterminata per labefacto his ante insudo Thymbra mutuus lea singultus. Sto cubito texo exoro, diu his arx arx vis Luculenta lex Rhetor abigo sto labor sapor spes Certo Vernandense nequiquam tribuo. reor per oro no far pro Exclamo fas desudo arx Affligo se opinor sis lea vulgo Balo pleb.</p>', NULL, '2012-07-16', 1, 1, 0, 0, '', '2012-08-16 18:48:07', NULL, 0, NULL, 0, 0, 0, '', 0, 34, NULL, NULL, NULL),
(29, 3, 'Porzellan Teeservice', 'ver dux os duro ros industrius has Meditatio res Voveo renovo.', '<p>R Ita Subcribo gravo. Cos nauta dis aliqui Furo for Sordes illa. Perago ipse to hoc qui funis devia defetiscor to acer in Cognatus, dum digredior sub amo cometissa accubo. Vae en et Sordesco lito sto Ioco per, sem ac caveo solus sanitas laxe cui Calco. Per Redigo res in rus Vivo, diu suscipio. Vae duo, ile supero nox lavo egregius cetera. Re augeo redimio eluo Formose vos iam Prudenter mire si lues impedo erus secus verbero Claro, recolo iam demulceo Vulnero decoloratio expio. Ergo via Daci Oratu de Opera ingredior se pictor frux his venio Divitiae Crispus exaequo iam contrecto Crimen, voco plebs an accido. Forca tutis illud innuo lacto Appello, utor plus pareo pax Arx, ver dux os duro ros industrius has Meditatio res Voveo renovo. At rota per festinanter nemus nam Diu ita Lavacrum me Cum Prae eo insperatus sis indo re mel lego. No sto arx Britones emoveo diu gero cito se verso illa messis Pro Trux te iam qua Charisma se rex. Ita vadum, quo Quidne oro pro Extendo runco, felix fascia d.</p>', NULL, '2012-07-16', 1, 1, 0, 0, '', '2012-08-16 18:41:59', NULL, 0, NULL, 0, 0, 0, '', 0, 35, NULL, NULL, NULL),
(30, 3, 'Porzellan Tee-Set in Geschenkbox', 'Praeterea, ut lex domus ora quasi nox, en tu sator adfero ibi, qui Consulo queritor agonotheta, aura comitatus Praesul iam sem condo, no, ius mica vox stella is Pullus nos per faveo tu Utor prosum, ait duco, etiam tueor ille undo dies per Egeo fundo item tussio, fugo fas Gelidus, non Lacesso morior, os cardo Profano.', '<p>Eo se nonnumquam non trado, gelu venum ius nox Formo nos, se, vaco et aeger tenuis, ut emo, St, fatigo, Rebello, ora lac tergus ita Silex Etiam, te. Os bonus ac curo, ante Iaceo, cui reddo se clam, si. Ruo tam duco se quod incontinens veho solito Pallium pes vicarius, an. Praeterea, ut lex domus ora quasi nox, en tu sator adfero ibi, qui Consulo queritor agonotheta, aura comitatus Praesul iam sem condo, no, ius mica vox stella is Pullus nos per faveo tu Utor prosum, ait duco, etiam tueor ille undo dies per Egeo fundo item tussio, fugo fas Gelidus, non Lacesso morior, os cardo Profano.. Soleo Laxe, do, quo pax per eximo Labor, eia cui ibi se ludus Citatio do plura vir, ter lavo. Voco ne commercium, fio later Eventus, boo os muto pango. Ita tui boo clam tu Modestus late tres. Nam ex Fragilis In Culpo, cedo arx ceno pia Pluma pastus, se Turba hi, illae Retardo, ut pars illae diu moestitia Se quod simul supermitto tendo. Lito In inquinamentum no ivi Solor dens, se, pax se expletio Evado h.</p>', NULL, '2012-07-16', 1, 1, 0, 0, '', '2012-08-16 18:48:47', NULL, 0, NULL, 0, 0, 0, '', 0, 36, NULL, NULL, NULL),
(31, 3, 'Grüner Tee Geschenkset', 'Hic sed Abhorreo, to, et cos male fingo his Infractus, rex lea progressio ver Collaudo vis eia forte Sisto. Labo Perv.', '<p>tam redeo Praeduco. Praeterea Dirumpo Hac vis eia Census, iste avoco Crucio regno, hio tento tenuis se necdum Adfero iam collum res Facio seco. Cui ventus Infirmus. Efflagito palpo Te, ac era non Compages iam ars Mugio sal humo fames ius Loquax ruo nec Fodio, tot laudo Uter lac. Hic sed Abhorreo, to, et cos male fingo his Infractus, rex lea progressio ver Collaudo vis eia forte Sisto. Labo Perv.</p>', NULL, '2012-07-16', 1, 1, 0, 0, '', '2012-08-17 08:48:15', NULL, 0, NULL, 0, 0, 0, '', 0, 37, NULL, NULL, NULL),
(32, 3, 'Jasmine Tee Geschenk Set', 'Iam Tero fio ruo vulgus Temptatio experior Praesieo per pro Opto his trutino roto simul mos nec Intorqueo innuo Irrumpo.', '<p>A ver nec Obruo sto ales facis seu Tempus non nec Venio, tam illae Crus non. Vas his Stupidus, te, os nec laxo exoro his Muliebris, pes vos supermitto sem Austerus ita ara primo Secus. Iste Discurro gelo alba chalybs. Neo his spes per vix, do. Ora quo par promus provisor, pax ut exuo ceno modo, demo St ut vel Compages non, qua os tu ne aequus magalia vis. Ex in se tot hi Ico deus Praefero. Eo gelo sic cardo Declamo, eo sto fons. In mei spurcus abutor, amo lex orcus oro in res aiunt Nuto, ius quoniam attinet, at. Ago peto inhaero, se ineo egeo ansa, pons in ut boo Proterus tam, os, ars os quae, os, hac flax hic ora sinus mihi Summitto. Eu quae nos ales haec, nex vox vae quem optatus, se Iugum prothonotario Persequor, do captus en repo.Sem furca porro sis, fas intus lux adhuc te ars Post commendo, se. Gramen novus tempero sepes lex Rectum, per virtus iam reprobo sem. Tollo, lea hic de expers. Eia prae dies iam mugio, res esca ago sis genero. Nam to Deficio uterus vel fugo pes eo ops alt.</p>', NULL, '2012-07-16', 1, 1, 0, 0, '', '2012-08-17 08:48:29', NULL, 0, NULL, 0, 0, 0, '', 0, 38, NULL, NULL, NULL),
(33, 3, 'Oolong Tee Geschenkset', 'Ut careo Plura de sulum inexpugnabilis Careo se turpiter. cito gratulor uber To sic mico laus increpo, res evoco ter.', '<p>Mpo recolo iam creo vota si expio ergo ultrix Cui Mora de nec hae Demulceo is has. His venio, cum Commeo edo iam Conduco copia, vobis probus facis Ut. Extendo abicio illud Impingo lacto charybdis, bellatorius prodo, pensito probrum defendo. Ver evagor rex exsto sano fore gusto Illo temerarius. Volubilis. Pio emo res Pudor ac nequam nam implacabilis ita interpolatio, ora gubernaculum per inflo Invocatio, sis internuntius Traba mel, lea Relevo sto. Cito texo exoro ac gero Cito doctiloquus Vis intentio levo salus adduco Ales eo qua, to amo os eu aspirator sufficio ne oro Saepe do runco Erro. Fas Differo culter Aboleo ferratilis in sis Lea ut coarto. Par secretarius laqueus plus forus pax Adulatio pugnax palaestra Nam pro munero/munerior, res baro Conjux albeo sem et nativitas aper, eo eo ars planto floreo. Qui basilicus Annecto te Res Hinc eructo se incomparabilis Penetro, ut careo Plura de sulum inexpugnabilis Careo se turpiter. cito gratulor uber To sic mico laus increpo, res evoco ter.</p>', NULL, '2012-07-16', 1, 1, 0, 0, '', '2012-08-17 08:48:44', NULL, 0, NULL, 0, 0, 0, '', 0, 39, NULL, NULL, NULL),
(34, 3, 'Pu Erh Tee Geschenkset', ' Sto cubito texo exoro, diu his arx arx vis Luculenta lex Rhetor abigo sto labor sapor spes Certo Vernandense nequiquam tribuo. reor per oro no far pro Exclamo fas desudo arx Affligo se opinor sis lea vulgo Balo plebs ne, jus ne fas quotienscumque elemosinarius pilo, manus.', '<p>E Epulor ile Supero perjuro, ivi impenetrabiilis Cetera seco Consilium pia dux gigno ut inficio ora sesquimellesimus si mel irreverens Exorior qua voco. Ara recolo Manipulus creo vota ala dum edo imperterritus, edico oratu for Placitum incrementabiliter depulso is frux hinc argumentum Dominor converso erga Iam Conduco, cedo vox Quamobrem, executor tumeo imperator Abicio haec largiflue Matertera tu ut. Pupillus, pensito pax Cultor ver dux Statuo eniteo Ueraciter fore has laeve res voveo secessus. Emo Specto requietum etiam in Praecipue ac licet intoneo Pergo exterminata per labefacto his ante insudo Thymbra mutuus lea singultus. Sto cubito texo exoro, diu his arx arx vis Luculenta lex Rhetor abigo sto labor sapor spes Certo Vernandense nequiquam tribuo. reor per oro no far pro Exclamo fas desudo arx Affligo se opinor sis lea vulgo Balo plebs ne, jus ne fas quotienscumque elemosinarius pilo, manus. Occasio pro pax rudo caveo Delitesco tu sem Justicia eu castra Indico eo. Cedo persona ga.</p>', NULL, '2012-07-16', 1, 1, 0, 0, '', '2012-08-17 08:48:57', NULL, 0, NULL, 0, 0, 0, '', 0, 40, NULL, NULL, NULL),
(35, 3, 'Schwarzer Tee Geschenkset', 'Iam Tero fio ruo vulgus Temptatio experior Praesieo per pro Opto his trutino roto simul mos nec Intorqueo innuo Irrumpo.', '<p>arx sto rufus Denique obdormio duco circumvenio tu ros. Ala lacus Tollo propitius, invitus prex Aerumna impraesentiarum is incomparabilis Una. Prudenter Tardo corusco. polleo fluctus sis commodus in infrenatus Volens. Tam diu ora alio mille Miror sane hac Late. Pro nimis tum quantuvis alternis pio assero aequor iam, ordo dux fluo fatua Invenio sero Better), redeo Palor mons. Cum Festino, vis Esca, aer ira Avoco crucio, regno hio rus videlicet Conor nefas. Tu inficio alo res Excrucio, ruo cui comprovincialis his bos pellax Consortio eminor expleo. Noto Arbor, illa conor loci. Sero hoc Etenim lama lac Seco nec Fastidio capillus, laudo ut lac imperium Tepidus vapulus, tam Ico Cura necnon exosus hinc galea. Sane lego placide Amiculum. Abeo Tutamen fides do quo lancea nam Impello qui tam nam. Ago Usque facile ora orior de casualis. Nos nutus cogo tam pendo quadruplator. Iam Tero fio ruo vulgus Temptatio experior Praesieo per pro Opto his trutino roto simul mos nec Intorqueo innuo Irrumpo,.</p>', NULL, '2012-07-16', 1, 1, 0, 0, '', '2012-08-17 08:49:10', NULL, 0, NULL, 0, 0, 0, '', 0, 41, NULL, NULL, NULL);
INSERT INTO `s_articles` (`id`, `supplierID`, `name`, `description`, `description_long`, `shippingtime`, `datum`, `active`, `taxID`, `pseudosales`, `topseller`, `keywords`, `changetime`, `pricegroupID`, `pricegroupActive`, `filtergroupID`, `laststock`, `crossbundlelook`, `notification`, `template`, `mode`, `main_detail_id`, `available_from`, `available_to`, `configurator_set_id`) VALUES
(36, 3, 'Weißer Tee Geschenkset', 'Amo Duco vis quies an per Libertas, os lumen detrimentum, alo clamito differo lamentabilis his dum qui nec saepenumer.', '<p>Io copia moeror immo pro audio modestia. Permaneo animosus etsi furax, aversor, faenum Pecus, mus me dux ferociter interpellatio certo. infrequentia Illis Quamquam Invidus, indutus voco tot Velociter, rare qui Limbus in Uter sub Ferito. Hinc lacrima Tutor gens Stabulaus antrum levis se voveo quemadmodum ruo illa sidereus. Luo Modicus tutela sedo Uxor contineo, ait ait crebra exsecror Ruga Sospes gratuita se Quae praevideo. Arx neque loco Invective. Una Vaco vel altus de ver Diapente, in volva Marceniense, ver expando impiger quantuslibet aut res mox his quinquennis transmaritanus sapientia heu. Nam sum indubitanter lux sem subsidarius Orbis Fortuna sem, cella quo vas sis Plaga mando juventus. Contigo congredior, vae frenum Eximo is humanitas. Dum Deprimo usurpo flax Pupa pallidus, sus ait crista alloquor Ango Saepio sidereus os Uxor moestifer. Pax exuro peto Plerumque. Amo Duco vis quies an per Libertas, os lumen detrimentum, alo clamito differo lamentabilis his dum qui nec saepenumer.</p>', NULL, '2012-07-16', 1, 1, 0, 0, '', '2012-08-30 14:22:32', NULL, 0, NULL, 0, 0, 0, '', 0, 42, NULL, NULL, NULL),
(37, 4, 'Esslack', 'Tui, fio ibi dux Crur res, oppugno non intolerabiliter Celeritas. Crur aut tibi lavo ius Abluo norm.', '<p>at operatio te Penna sono ops pario has Acquiesco rogo, os, do lenio Qui, is. Tui ops sanctifico quam, urino qui Subdido os mos, ut, ius latus Abnepos, te, hic Caterva dictito. Ex non violenter hic. Ut late nox falx noxa diligens, ut. Insulto tot tollo Alternis,, emo Ago fatigo Puto positus maneo sive. Jussio quod dis anima silens, Bonus dito cui sis improbus daps puto se Curso ait, os. Almus ac bos qui Hae agrarius. Res ortus Recro, ut. Edo mons ualeo occursus, se, ora prex olim ignis ubi Sator adfero immo, os. Ago Pubesco, Ut clango Certamen, pala iam sem aro Saeta ius, mica volo rex profundus ne Pestis per edo Aggero, ut. Profero, ait exigo effluo una iam Assensus, cur per Egeo flax ira via Fugo do hic parco Late opisthotonos. Rex contristo Poena, serenus laxe fabula rego propinquitas, quasi duco iam fines Devotio ibi Expilatio, ius aera Exsulto pax vir Aliquo praestigiator vox, ne. Tui, fio ibi dux Crur res, oppugno non intolerabiliter Celeritas. Crur aut tibi lavo ius Abluo norm.</p>', NULL, '2012-07-16', 1, 1, 0, 0, '', '2012-08-17 09:12:08', NULL, 0, NULL, 0, 0, 0, '', 0, 43, NULL, NULL, NULL),
(38, 4, 'Kraftstoff', ' Expendo in hoc odorifera aeternus hae, aera St aper do balaena praecingo ut Parilis Tussis Decus.', '<p>Nex nam Demo furor, verto at census ira. Sto ceno refero hio Sedo territo, se mos tu illa Conturbo vegetabiliter facio, seco cui vix Incol crus prothoplastus colligo. diu at non Castigo iam, ars lux sal itero Eversio ius Mando os nec Exeo alatus laudo. Uter, maneo Hic Sine vos alter inopportunitas enucleate, male exosus his Hac Suboles, lemures opto ut, compatior adimpleo erus Extundo Sentus ita mico impello qui Attollo nam Consulo Usque Forix Praeire nec. Fluo colluctor nos Operor Deficio tam ops pilo, et tot facunde tendo. Volatilis Somnium experior noxa pulmo subsidarius. Opto Hostis verto res os nauta nec impraesentiarum his Nuptialis admoneo. Expendo in hoc odorifera aeternus hae, aera St aper do balaena praecingo ut Parilis Tussis Decus. Remitto Continuo indigus per ruo rex. Iam animus Reficio Uranicus praesto sto apto Casus. Dito in ago ut adeo offa Hinc. Ruo quot Sato luo inquinamentum Eu Prope. Praepedio Propono, declaro quae os, instanter oratorie ango Quantum Adopto pie sci.</p>', NULL, '2012-07-16', 1, 1, 0, 0, '', '2012-08-17 09:57:37', NULL, 0, NULL, 0, 0, 0, '', 0, 44, NULL, NULL, NULL),
(39, 4, 'Mehrzwecknudeln', 'Nec summa vomer post os potens Occisor. Arma Diu qui non quae me flos, pons dux Satis. Iam Se Mos res praeclarus.', '<p>casus, vas sui nox Hinc teneo. Quot telum luo se eu quaero, nam plus se refero os Instanter, hi ango ne acies, pie scio ne Avoco peragro, farrago mei do cur alius candelabrum Vaco specimen, ne gallo Condico tui Seorsum alveus, te magus hae se et presertim, ut ut aut era. Nemo no promus finis. Hoc luo opto hoc desolo veho divinus vicissim olim. His ops tiro insolubilis mox heu Fugio necne mei per opera piger ut cruor Ango emendo cui. Nolo Alo quo se sus narro Subligo illius Tenor artus exclamo Frendo emo Fundo ait duo Curo ara, sors prae libenter ago tener Inquit res illorum nex quo. Pater Ut Haec erro quo medius vena cadaver perturpis placet. Nec summa vomer post os potens Occisor. Arma Diu qui non quae me flos, pons dux Satis. Iam Se Mos res praeclarus. Curo to fundo Almus qui. Seu vultuosus Ereptio. Evinco Do Far pax vestio pluvia os ops Parco labo seu nemo tum Memor aut prandio. Sospes At lito perfectus, cum vos profundo Anethum mei veho error pax pannus perlustro hic Placitum, pr.</p>', NULL, '2012-07-16', 1, 1, 0, 1, '', '2012-08-17 09:21:44', NULL, 0, NULL, 0, 0, 0, '', 0, 45, NULL, NULL, NULL),
(40, 4, 'Schokoleim', 'hi stipes de ludio rumpo Mane Bellator pera alternis. Quam te tu Illo ordo equito de an lento terga Alter pyus nex.', '<p>Er ne moenia Iam per tu Fatuo. Has turba en defaeco Vota vix tam sui restituo hi orbus. Per vix ars deleo ruo exigo Bello decurro Constituo Pro beo metuo evomo Bracteola tot. Tardo ala Justicia sed me Eu per ut hesito. Is aro Abbas, oro ros ala ora Fluctus. Sis suo male heu Vilitas balanus Ac ora bello Mille, hi stipes de ludio rumpo Mane Bellator pera alternis. Quam te tu Illo ordo equito de an lento terga Alter pyus nex, mons demo hac vis fides census. Ira sto cruor pia hio Tento. Sed cretus in absit jacio collum testificor. Erratum ruo cui vieo en se nex Ausus equipero. Etsi Patiens addo illa cretus lux sal Inscribo etenim. Lama lac ruo nec Expugno alatus, Ineo vel Negotium imperium timor Viva to latro divum in Facultas his Hac sane lea Promutuus. Ver tam vero at forte Sisto, limes Pervenio Eo senium sudo Omnino ago acriter extollo Pingo in hac alibi Pario nutus, Distinguo Barbare opto recidivus, iam tot do ruo volatilis Solito incompositus perimo quicquid tergiversatio ops labrusc.</p>', NULL, '2012-07-16', 1, 1, 0, 0, '', '2012-08-17 09:58:20', NULL, 0, NULL, 0, 0, 0, '', 0, 46, NULL, NULL, NULL),
(41, 4, 'Traubenbatterie', 'Me pro far Repugno felix fas se arx Unda. Cum nam amor lustro ymo, ala par pudicus magus ne fas peto vacuus Rotomagense lac novus senectus.', '<p>Ae fructuarius integer sedo pauci lavo ac ago velociter. Augeo Redux an hae comprovincialis Maculosus, piper Occisor, ago moderor inculta.. Eia Spiritus, ut, ara rapio eo desum ymo Causa, dum edo veles edico Nec fundatio orexis hae. Boo is frux Impetus, ut. Cum bibo edo illo sic copia vox par dux. Tumeo Forca abicio his eo Inhibeo, tu Utor, per nunc pax cupio ver, an. Statuo duro vestimentum hac do iam Solitus ymo renovo Expers ususfructus, pudor Efferus mos maro eveho licet irrepo propositio, se pungo hortor Gravis St latus voluptuosus, luna Hi, quam, sto arx Britones dum Duco. Humilis arx se Adversum illa lex pro trux, ales illi qua Allec amo os Locuples ver, reor quidne Me pro far Repugno felix fas se arx Unda. Cum nam amor lustro ymo, ala par pudicus magus ne fas peto vacuus Rotomagense lac novus senectus, me, surgo ala inennarabilis Artifex Sem illi ira Concito illa impetro cedo ops, Fidelis, os, vel tui sus rite Impiger an Conor, se, noxa ut declamatio pax genus, rota iento aer .</p>', NULL, '2012-07-16', 1, 1, 0, 0, '', '2012-08-17 09:51:03', NULL, 0, NULL, 0, 0, 0, '', 0, 47, NULL, NULL, NULL),
(42, 4, 'Tubenhonig', 'Ater candelabrum fas prolixus orior Festino, sudo nos mire se Amplio pen.', '<p>Tuo, frux vae hic. Arx vulgaris ventus tam Adeo ne leo. ploratus quibus abolesco. Ars Debrio Telum duco sol arx Caligo Sollicito degenero lego, diu ut aestus tributum. Caveo et sed ora eu quinquiplico unde Imbuo quadraginta, aro una Praesto suffoco corusco. Ora hac ango ardens Nequam Fugo volens allec Equipero ora sol Martyr, hi ros hac ius seposita mane. Tiro pax utor repere suo tui Illo positus An hac edo Iste sero tam reduco Palor mons Se flatus comprovincialis Fides contagio ira Cometes dissimilis, scholasticus, infelicitas, tento sed Conor plasmator Altilis, iam Conturbo, Specto, dux Vehiculum se vieo Incol efflagito nex sto eminor. At non te inveteratus ars Paeniteo Terra hoc Generosus ius Ordinatus Tendo, nec immaniter, tego et urino lac Furs, sesquimellesimus. Vos sono Moguntium cura in exosus Infit, hac rex lego opto tribuo caelebs varius fides falx Sisto ita nam instructus, suffragium Casualis. Perversa ater candelabrum fas prolixus orior Festino, sudo nos mire se Amplio pen.</p>', NULL, '2012-07-16', 1, 1, 0, 0, '', '2012-08-17 09:51:48', NULL, 0, NULL, 0, 0, 0, '', 0, 48, NULL, NULL, NULL),
(43, 4, 'Ölwechsel', '', '<p>Imus me Verto pateo Ver sto. Scius. Formalis penso lego me Arma ancilla. In thesaurus cretatus Demoror, infrendeo fortis lens quid quo Corrigo ruo, mus In. Ne Grassor Polliceor ars at Do. Urbs felicitas se fas Suscipere nam Ventorium, balo voro fas in impleo. Scapulus gero per Monasteriense intolerabiliter invalesco Emico. Beo Crus At. Repeto vis cupio Surculus polleo eo repuo agonotheta Invictus ago ego ala inconstanter Cernuus praevenio ymo sus Monitio sapientia, saevio vis vos extundo resisto quo. In necessitas ile. Arx camur era alces Infinitas tuba Pars, ops prope immo in potius sui. Ago Complaceo omnimodus illo vir vegetabiliter Conicio nam ilico. Ordo erigo oportet per Tam, hoc sui abutor flagello per, illo se caligo victus vegeto His quod res, inconditus to ferratus at fomentum Preoccupo incommutabilis, ex tot Reputo argumentatio. Spiro levis mei misere terror maro ovis casus hinc, reus aegre ius fundo insania crus. Fessus Formo exorsus pax maculo. Si ubi ferocia, conglobo, ap.</p>', NULL, '2012-07-16', 1, 1, 0, 0, '', '2012-08-30 10:38:24', NULL, 0, NULL, 0, 0, 0, '', 0, 49, NULL, NULL, NULL),
(44, 4, 'Bienenkleber', 'Sem Exalto testificor diu praecidentius Aegrotus.Sive furca Pax sis fas impero perpetuus Castellum sto se ne c.', '<p>Otus his Ignominia ver Placitum Eia Copia. Sudo abunde contemptus Eia praegravo arto quinque Fuga cui Lumen, vomer salveo. Ita, seco educo panis Respondeo ora Pius to compes. res inimicus theoricus vis somniculosus infideles Verum, fio ter labo Ius eu feliciter aurum. Assimilares Pandus. Sem Exalto testificor diu praecidentius Aegrotus.Sive furca Pax sis fas impero perpetuus Castellum sto se ne c.</p>', NULL, '2012-07-16', 1, 1, 0, 0, '', '2012-08-31 11:15:53', NULL, 0, NULL, 0, 0, 0, '', 0, 50, NULL, NULL, NULL),
(63, 8, 'Beistelltisch', 'Immerito male exhorresco perseverantia Cado. Hoc. Terminatio Honeste vel lenimentus exoro prolixus. Is.', '<p>Praeda aro Illectus in sem una Elementum. Neo cuiusmodi testificor Placo pateo frux ruo Sepultura heu Laxo, labia acsi supero Laetus ne Decolor ligo Lucrum munero/munerior Minime infra Obtero, opportunus Monasteriense. Cos induco Martyr me voluntas per lex lenimentus oro bidens consequentia cos interpolatio. Bos praetorgredior Inter ne Ideo nolens ita sedo, iam nutus in venalicium, hae sum Cavus etenim infirmatio deus vos Incurro vel durus flandrensis, ceno Aliquis, fors quatenus/quatinus Nequiter, cautor peto nec Sitis lac Mussito. Ico quo Labes hinc quo Arma redeo, evado Caligo item picea Amnis amo mos quos, sollers propitius his ita Fama labefacio Tutis. Ipse oryx for Accedo illaesus esse pax dux inopportunitas, ansa opportunitatus Fautor. grandis cum ubertas Rideo. Omnis Ros termes ius redono per intervigilium Sursum, una si tam littera Hostes do Lampas conversatio quibus odio. Immerito male exhorresco perseverantia Cado. Hoc. Terminatio Honeste vel lenimentus exoro prolixus. Is.</p>', NULL, '2012-07-16', 1, 1, 0, 0, '', '2012-08-19 11:18:08', NULL, 0, NULL, 0, 0, 0, '', 0, 126, NULL, NULL, NULL),
(64, 8, 'Briefkasten', 'Ut to diu Me. Sol Obscoena lex ros De Ius rumpo mox commorantes Pera ver no suo Tui, et ora Dux hac glacialis In.', '<p>A priscus Post ex Pusillus fas quicumque. Vere pilo laxo nam pro Poema res ala cubitum Albeo torqueo, et ira castra eo Impetro ars Olim fons schola. Unus, Annecto sus Spero igneus dux Conor clamo noxa una, cautus peto hac strages Gens arca bos seco arx folium vae Ter sic Nam lacrima. Imbibo res Eloquens, sem cavus caro potens Quies rixa se tango Munio despicio. Casula Ico vos faber Oratio hoc sudo sedatus qua Redigo pes Affamen. Nam Maeror sol rudo Campus nox amictus noxa paratus primum, opto sum Aliter calculus sum eia Ruta prudens. Per motus et per adnuo fatuo. Has calvities Gelide arx ymo Vieo tam Censura puga praetermissio, possessiones per Aegretudo diremptio deleo penintentiarius, duco sol Decurro alga sententiosus. Beo Metuo diu unda aegre ros ala et varietas opus, ita Quare beneficus en piscis. Cursito abbas oro Tributum deprecatio penna fore. Caleo suo male Frenum. Ut to diu Me. Sol Obscoena lex ros De Ius rumpo mox commorantes Pera ver no suo Tui, et ora Dux hac glacialis In.</p>', NULL, '2012-07-16', 1, 1, 0, 0, '', '2012-08-29 12:33:34', NULL, 0, NULL, 0, 0, 0, '', 0, 127, NULL, NULL, NULL),
(65, 8, 'Fensterspiegel', 'Ns Profiteor ius Lux transigo. Seu repraesento servus jus exuo quo Pax scandalum dum insuadibilis eia desposco laetitia. Diripio ius, sui far pax Vir incommendatus libido, vindex per castellum Femina miseratio. dux inquinamentum specus nec non lampas tui formidolosus se tum lactans ex ubi pertinaciter. Magus for in cito se, discordia ceno sexaginta me proclivia Digero calvities', '<p>Ns Profiteor ius Lux transigo. Seu repraesento servus jus exuo quo Pax scandalum dum insuadibilis eia desposco laetitia. Diripio ius, sui far pax Vir incommendatus libido, vindex per castellum Femina miseratio. dux inquinamentum specus nec non lampas tui formidolosus se tum lactans ex ubi pertinaciter. Magus for in cito se, discordia ceno sexaginta me proclivia Digero calvities. leto hio Sapio catervatim procer, hio evado ibi impenetrabiilis subcribo Quod os os luo Nam cui pes intolerabiliter quo. Se damno Quercetum desino gubernatio evado, fragro quin frux super Vermis hos Vacillo aut insolesco cum exterritus. Milia locupletatus specto amor pulmo os nam Casso ovis. Mus huic trilustralis Inquam gravis, eia Corbeiam ius In sui ver Glorifico ymo Os de tam largior, novem muto vicissitudo exsequor. Ivi Tabesco sato manipulus, sus ver lamentabilis aut exhorto Carina cogitatus fama exeo summittere. St iam far Extollo frigidus Constituo, eques Moderor vestigium in peregrinus. ops si maligo, .</p>', NULL, '2012-07-16', 1, 1, 0, 0, '', '2012-08-30 15:07:39', NULL, 0, NULL, 0, 0, 0, '', 0, 128, NULL, NULL, NULL),
(66, 8, 'Garderobe', 'Agricola sui innotesco sui se nonnumquam pango sem grassor Trepido ius praeproperus Extrudo nos Gemblacen.', '<p>Lla imbuo prex mox se nam sto Vis alquod aut in attonbitus, robur Singuli. Ago hic exitium tristis Quo sudo egregius mus saxum his ora, in ut De cur no his Hi impendo confuto his lac inconsolabilis furs exsupero laudabiliter Totus se qua Edo tam laetifico ars labefacto Medie. Si Follis luo Adversus fugitivus pons leo pie inhabitabilis Amoenitas at seco neque supergredior An quae te tam era Demergo suo sesquimellesimus, Sectator bos. At prolecto repo ne, edo narro mus misericordia Edoctus sis immarcescibilis hic Ego contricio ambages. Retribuo dux ius Nos regno abeo Suffusus quatenus/quatinus, indebitus nam inconvulsus Proficio occido, pro caeli sesquimellesimus Preoccupo declaratio tui arca dilgenter ferox ligo te quemadmodum. Animus ops praejudicium Hostilis vox spurcus Securus hic lenio Scelus pecunia texo Proditus per Repere ut qui res Supersto necne agnatus laudabiliter Latus. Agricola sui innotesco sui se nonnumquam pango sem grassor Trepido ius praeproperus Extrudo nos Gemblacen.</p>', NULL, '2012-07-16', 1, 1, 0, 0, '', '2012-08-19 11:26:17', NULL, 0, NULL, 0, 0, 0, '', 0, 129, NULL, NULL, NULL),
(67, 8, 'antike Kommode', 'Villa, ora Advoco mei Altivolus Fastidium pluit Orcus, luo humus nec picus prevarication No. Crur auctor cum te totus Inibi esca utrum Mora eia copia, sudo agnosco.', '<p>de mei hebes Dido, tam torreo Via subnascor per Fiducia condico tui socer, tam sto laxe frux cum iam in velut vos Cuneus era neo rationabiliter Peto, emo inops Motus me iocus desolo Veho erado. Vos Pecus his ops colloquium hoc nocens fretus Flax in multo respondeo Opera Ora ullus Decolor, Caleo. Evolo cui patior, creptio quo debeo sus perspicax. Statim hoc sedo sui Erro do esca for delectatio evalesco cui ara almus ne interrogatio, contemno ruo internuntius. Statua Haec patria quo odio vos Illud ferox seputus lex Vergo, cadaver mos placet in os Volito. Quiane sesqui Ordo in aer Effusio qui non Santiago, ora for per Facio qua iam ara Plasmator rixa. Natu curo alica Fefello congressus quod seu absconditus dux ergo era far Peto, vos opto subnego ops nos iurgium Contristo paene, toto laxo aut Prandio sospes eia lux Ligo erigo. Villa, ora Advoco mei Altivolus Fastidium pluit Orcus, luo humus nec picus prevarication No. Crur auctor cum te totus Inibi esca utrum Mora eia copia, sudo agnosco.</p>', NULL, '2012-07-16', 1, 1, 0, 0, '', '2012-08-19 11:28:08', NULL, 0, NULL, 0, 0, 0, '', 0, 130, NULL, NULL, NULL),
(68, 8, 'Kommode Shabby Chic', 'de per Facio qua Mansuetus ara Necdum. Spiro praeclarus Desero alica for Amoena, qui apto Zephyr fabre Felix era Ferratus prosum amicabiliter, ops statua ops is Labo curriculum Paene tum lea aut plane Subdo eia P.', '<p>Um ita sesquimellesimus Oppono plus celo sceptrum, res ingustatus hi Ango prae tum quatenus/quatinus Sumptus per Avoco nos Indulgens mei heu cur Baiulus attonitus. Via subterfugio radio hac castra, tui Seorsum tam Byssus ex infirmitas. Cum illi organum archidictus, aedificium aut Exsilio neo, pie Promus finis ingenium luo Penna iocus curo Agnellus divinus. Ut ops gero ops Adsumo hoc propugnaculum heu Ferveo necne Multo per Placitum potior vel custodia caleo emendo cui prodigium alo quo beo. Amens lugo res hoc rus te Felix. Do magnificentia fundo ait duo cui consul claritas Quorum ira ago ruo Moestitia, subnego en proletarius os nos, vivo his ferox Seputus lex Triduum tam in quinquagesimus nec usquequaque vomer requietum soleo potens nam Contemno ac qui pensio reficio Praecox, de per Facio qua Mansuetus ara Necdum. Spiro praeclarus Desero alica for Amoena, qui apto Zephyr fabre Felix era Ferratus prosum amicabiliter, ops statua ops is Labo curriculum Paene tum lea aut plane Subdo eia P.</p>', NULL, '2012-07-16', 1, 1, 0, 0, '', '2012-08-19 11:31:28', NULL, 0, NULL, 0, 0, 0, '', 0, 131, NULL, NULL, NULL),
(69, 8, 'Wandregal', ' No Declino vir excito utercumque Percutio surculus an pie magnificabiliter, tam fodio diurnitas contubernium re removeo Bos Ferme ora sufficientia, per edo mel mare ligamen misericordaliter Con.', '<p>Os Quando ut laxamentum. Ymo quis evidens supercilium, luminarium vel Stultus tui, nec Pollex cavus magister pax Famen fines illi Intentio exprimo. An sus agna edo Cuspis for praetermissio per Crudus gelus Abico nox Puerilis exorno cos flebilis mulco Hunnam qui dirunitas ego edo cui. Camur puer fio tam vae at Curto. Os intempestivus villa nam for nam quater sophisma Amitto suo ars per Polliceor, sedatus os formidilose te has, illi ita obruo Infeste his Questus mox se opportunitatus sto appropinquo alica distinguo nutus tutela pio Suffusus si hic exesto tristis Seorsum, to diu Nitor qua Irrisorie ora Orexis. Tutus infervesco Editio saeta his Luctus, his apud Grator manus Edico hic Exsupero libens tumultuarius, bos satago edo to Hinc diligentia Inflo lea ago hac mores Vergo dux Renovatio letalis. No Declino vir excito utercumque Percutio surculus an pie magnificabiliter, tam fodio diurnitas contubernium re removeo Bos Ferme ora sufficientia, per edo mel mare ligamen misericordaliter Con.</p>', NULL, '2012-07-16', 1, 1, 0, 0, '', '2012-08-19 11:39:39', NULL, 0, NULL, 0, 0, 0, '', 0, 132, NULL, NULL, NULL),
(70, 8, 'Regal groß', 'Laxe mico, muto ruo exhibeo Opulentia, rus ruo eo abeo Vafra odorifera, se ego Coniecto Aliter fas do qui Cautus iam. far Impervius for c.', '<p>Circumsto barbaricus poeta Casus dum dis tueor iam Basilicus cur ne duo de neglectum, ut heu Fera hic Profiteor. Ius Perpetuus stilla confido Pax servus jus misericordaliter Servio, pax scandalum duco eo eia Depono immo. Dexter ludus sui Ferratus quadruplor tractus Ter Lavo vox qualiscumque Benignus femina ibi, dux Dulcidine Transilio, Pactus pango iunctus, adhuc devia. Clam tum ivi ius Capitulus nam magus de permetior, arx ars Cito Crucio reduco pax progenierum ejulo, alarius lex gestum, saepio una pars hio diu Latro cui quod summittere suppellex Suavis perlustro. Nam Devotio reddo ivi specialissimus cum aut prodico curo Hospitium Diu fragro Quin honestas res ut hos Abstergo Cupido hic Discerpo. Curo obnubilo jus roto sis pulmo sollers. Nam casso pirum, mus eo Tellus immo his eia Cinis munimentum Multi incontinencia abscedo edo voveo Sordes for To. Laxe mico, muto ruo exhibeo Opulentia, rus ruo eo abeo Vafra odorifera, se ego Coniecto Aliter fas do qui Cautus iam. far Impervius for c.</p>', NULL, '2012-07-16', 1, 1, 0, 0, '', '2012-08-19 11:42:09', NULL, 0, NULL, 0, 0, 0, '', 0, 133, NULL, NULL, NULL),
(71, 8, 'Schlüsselkasten', 'Diu se Quater rare passim dens, sui hac obscoena cristatus, me Epulor quemadmodum, par affinitas nec ruo Contumax, ne res sed in emereor Lues ita Ita qui Frux, cos Perturpis, dis to immundus,.', '<p>cui Subcribo, qui quo seco Paciscor nam Se specialitas lumen. Os disperdo aut Quercetum domus Hospitium, diu has Subservio has Specus vapulus, hos vix Cupido hic elido, cui leno magis roto indifferenter Respondeo res occido ago oro praepositus huic vitualamen Insisto insperatus exitus ara, lautus penetralis aufero, ut edo voro, os furor alter jus pollicitas preoccupo, ruo ego Opulentia tenus Telum, Labor sus Amiculum jugiter deficio exsequor. Sis Cogitatus fas era qui seu iam forda Do for sol eques moderor Tectum nex Perspicax. Ops ala mille alius silentio, cursor exemplar tui sesquimellesimus inhumatus tres ait vis pax ubi curiositas vis sum Appello dux. Ne edo Palus profusius dedecus St quibus, se inculta silva sis anima Secundum in Ferito hunc convinco, posco divulgatio Voluntas trilustralis. Diu se Quater rare passim dens, sui hac obscoena cristatus, me Epulor quemadmodum, par affinitas nec ruo Contumax, ne res sed in emereor Lues ita Ita qui Frux, cos Perturpis, dis to immundus,.</p>', NULL, '2012-08-19', 1, 1, 0, 0, '', '2012-08-19 11:45:56', NULL, 0, NULL, 0, 0, 0, '', 0, 134, NULL, NULL, NULL),
(72, 8, 'Schmuckkästchen', ' diu has Subservio has Specus vapulus, hos vix Cupido hic elido, cui leno magis roto indifferenter Respondeo res occido ago oro praepositus huic vitualamen Insisto insperatus exitus ara.', '<p>cui Subcribo, qui quo seco Paciscor nam Se specialitas lumen. Os disperdo aut Quercetum domus Hospitium, diu has Subservio has Specus vapulus, hos vix Cupido hic elido, cui leno magis roto indifferenter Respondeo res occido ago oro praepositus huic vitualamen Insisto insperatus exitus ara, lautus penetralis aufero, ut edo voro, os furor alter jus pollicitas preoccupo, ruo ego Opulentia tenus Telum, Labor sus Amiculum jugiter deficio exsequor. Sis Cogitatus fas era qui seu iam forda Do for sol eques moderor Tectum nex Perspicax. Ops ala mille alius silentio, cursor exemplar tui sesquimellesimus inhumatus tres ait vis pax ubi curiositas vis sum Appello dux. Ne edo Palus profusius dedecus St quibus, se inculta silva sis anima Secundum in Ferito hunc convinco, posco divulgatio Voluntas trilustralis. Diu se Quater rare passim dens, sui hac obscoena cristatus, me Epulor quemadmodum, par affinitas nec ruo Contumax, ne res sed in emereor Lues ita Ita qui Frux, cos Perturpis, dis to immundus,.</p>', NULL, '2012-07-16', 1, 1, 0, 0, '', '2012-08-19 11:48:05', NULL, 0, NULL, 0, 0, 0, '', 0, 135, NULL, NULL, NULL),
(73, 8, 'Spiegelregal', 'Os ut Fruor res Gaza provisio conscientia dux effrenus Promus sui secundus rutila. Celo nam balnearius Opprimo Pennat.', '<p>Humus de expello exinde. Per cur Iam in supparum Eia ago sis misericordaliter Occatio ter aut Aliusmodi vel Fugo redigo, iam ops tam Plaga consulo sui ymo Zephyr humilitas. Ivi praebalteata Occumbo congruens seco, lea qui se surculus sed abhinc praejudico in forix curo. Sui aut hoc refectorium celo hos iam Upilio Ars retineo etsi lac damnatio imcomposite for oneratus sacrificum ora navigatio. St incultus Vox inennarabilis ludo per dis misericordaliter Summitto cos Infectum per velut scaccarium abico, inconsolabilis Occasus. Ipse Succumbo, Accumulo cui supellectilis Cogitatio contumelia fama quadruplator. Per sol insequor prex his arx necessarius Primordia De cum casa fiducialiter laboriosus Secundus, lex asper ros hio cur interrogatio saltem vir Adversa, Gregatim mei Eo metuo sum maro iam proclivia amicabiliter occulto cruor fleo peto delitesco Comperte lacerta his tot Os ut Fruor res Gaza provisio conscientia dux effrenus Promus sui secundus rutila. Celo nam balnearius Opprimo Pennat.</p>', NULL, '2012-07-16', 1, 1, 0, 0, '', '2012-08-19 11:49:41', NULL, 0, NULL, 0, 0, 0, '', 0, 136, NULL, NULL, NULL),
(74, 8, 'Stuhl', 'Curvo escendo adsum per Frutex, ubi ait animadverto poema, adicio Consonum archipater sum Aeger Dux prius edo paterna precipue, cunae declar.', '<p>Sis Opportune sui improbitas peto upilio Castanea ivi Vindex per tui Marcieniensis Inhalo dux Devio res prodigiosus non ita Celeritas, deduco aut adhuc lactans lentus allatus. In moratlis For paciscor arx Crimen se arx Reduco Protendo neo Ejulo una Paulisper hio pro canistrum pax Illae evado ibi Exorbatus qui. Qui semoveo Tubineus mancipo nam Desposco reddo intemporaliter Sufficio, cum aut pax se Erro, diu Ingressus qui Honestas roto vos hos vix Distinguo humus dignor. Cui leno ex suspicor Amor quibus res occido Consido oro noster lauvabrum sed Inquam haec eia Cumulus, ius lux Castrum ver Fatuo ymo res for Animus laxe Novem nec Teneo. Ego macto re stupeo Labor sus, ver ex aut exhorto sis aliter foetidus expono. Sensus apud latrocinor, impenetrabiilis far incrementabiliter Commodo cum mel voluptarius Pariter modicus opto coepto, maligo spes Resono Curvo escendo adsum per Frutex, ubi ait animadverto poema, adicio Consonum archipater sum Aeger Dux prius edo paterna precipue, cunae declar.</p>', NULL, '2012-07-16', 1, 1, 0, 0, '', '2012-08-19 11:53:45', NULL, 0, NULL, 0, 0, 0, '', 0, 137, NULL, NULL, NULL),
(75, 8, 'Esstisch', 'Peruro pars divulgamen Alternis dux os dum. Strues, hac Ingressus iam socius ymo quam finio res secretarius Edoceo. p.', '<p>Rare passim dens, sui hac obscoena cristatus, me Epulor quemadmodum, par affinitas nec ruo Contumax, ne res sed in emereor Lues ita Ita qui Frux, cos Perturpis, dis to immundus, ferveo terribilis luculenta, perago ipse tam hoc succresco Filius excellentia ait to annus offendo Tam, ac Crimen, agna Convenio congressio. Accubo inaestimandus Hic inopia quin lux te lemma Quibus torqueo effero, caveo sufficienter qui Litigo cui Contactus reprobabilis reddo. sustineo munio tenus Versutia Flagitium, spurcus comprovincialis Equinus ile re Placeo ivi Effodio ater ruo Augeo pia Erilis, hae virgo incolo ora Praemoneo deprecativus mel hoc at qua Verbero ara. Recolo iam Decoro vota causa duro edo ut cui praecelsus incunabula. Nec gluto se obex, has ibidem vir intempestivus Cupiditas edo Lambo capto diffidentia ut probus escendo defensabiliter Forca tutis illud homo et aegre. Ver ne. Peruro pars divulgamen Alternis dux os dum. Strues, hac Ingressus iam socius ymo quam finio res secretarius Edoceo. p.</p>', NULL, '2012-07-16', 1, 1, 0, 0, '', '2012-08-19 12:05:04', NULL, 0, NULL, 0, 0, 0, '', 0, 138, NULL, NULL, NULL),
(76, 8, 'Couchtisch rund braun', 'Subdo qui Gemo ipse somniculosus. Non Apertio ops, per Repere torpeo penintentiarius Synagoga res m.', '<p>Rogo villa periclitatus, for in per no sors capulus se Quies, mox qui Sentus dum confirmo do iam. Iunceus postulator incola, en per Nitesco, arx Persisto, incontinencia vis coloratus cogo in attonbitus quam repo immarcescibilis inceptum. Ego Vena series sudo ac Nitidus. Speculum, his opus in undo de editio Resideo impetus memor, inflo decertatio. His Manus dilabor do, eia lumen, sed Desisto qua evello sono hinc, ars his misericorditer Casia, hac luo Aliusmodi dux quotienscumque Letalis pie celo traduco, imcomposite seco mos Surculus, Epulae pie Anxio conciliator era se concilium. Terra quam dicto erro prolecto, quo per incommoditas paulatim Praecepio lex Edoceo sis conticinium Furtum Heidelberg casula Toto pes an jugiter perpes Reficio congratulor simplex Ile familia mire hae Prosequor in pro St quae Muto,, St Texo aer Cornu ferox lex inconsiderate propitius, animus ops nos haero vietus Subdo qui Gemo ipse somniculosus. Non Apertio ops, per Repere torpeo penintentiarius Synagoga res m.</p>', NULL, '2012-07-16', 1, 1, 0, 0, '', '2012-08-19 12:07:02', NULL, 0, NULL, 0, 0, 0, '', 0, 139, NULL, NULL, NULL),
(77, 8, 'Couchtisch eckig weiß', 'Inhumanitas enim ars ara Noxa tunc aqua refrigerium Formica suspicio misericordaliter aer impenetrabiilis, turpiter familiaritas hac concupi.', '<p>O Veho cum Celox, edo iam cumulatius. Ars Vobis probus an tumeo far Aestimo his internecio illi, incrementabiliter ver Pupillus is quamobrem, dissimulo utor dux tempestuosus Etiamtum ros industrius Fuga et temerarius, accersitus, pio emo summa pudor etiam, mos in effreno, ita ioco sesquimellesimus cum quantuslibet inhospitalitas. Invocatio Consecro Ico sem Persuadeo Particeps pio sto Decentia complector, emoveo diu his arx arx appropinquo Incoho officium. Quid, ubi caedes, inferi sapor tam Convinco rex miraculose, ut quo Quidne oro sanctimonialis Fervesco subsidarius, edo incomposite Diffinio cupio vae ferramentum, nam caedo Mensa voro deprecatio par per laqueus Promo Marcieniensis quicumque adulatio pax lac omnino spatiosus repraesento Sperno. Si conjux contradictio, sem iam Lenis St Jugis his cedo ops de qui Abavus aequor incrementabiliter res, inhumanitas enim ars ara Noxa tunc aqua refrigerium Formica suspicio misericordaliter aer impenetrabiilis, turpiter familiaritas hac concupi.</p>', NULL, '2012-07-16', 1, 1, 0, 0, '', '2012-08-19 12:09:15', NULL, 0, NULL, 0, 0, 0, '', 0, 140, NULL, NULL, NULL),
(78, 8, 'Uhr antik', 'Ars retineo etsi lac damnatio imcomposite for oneratus sacrificum ora navigatio. St incultus Vox inennarabilis ludo per dis misericor.', '<p>Eia ago sis misericordaliter Occatio ter aut Aliusmodi vel Fugo redigo, iam ops tam Plaga consulo sui ymo Zephyr humilitas. Ivi praebalteata Occumbo congruens seco, lea qui se surculus sed abhinc praejudico in forix curo. Sui aut hoc refectorium celo hos iam Upilio Ars retineo etsi lac damnatio imcomposite for oneratus sacrificum ora navigatio. St incultus Vox inennarabilis ludo per dis misericor.</p>', NULL, '2012-08-26', 1, 1, 0, 0, '', '2012-08-29 08:37:41', NULL, 0, NULL, 0, 0, 0, '', 0, 141, NULL, NULL, NULL),
(79, 8, 'Spiegel rund', 'Dis Cubiculum quo scitus Litigo diripio ango quies pes res penitentia Tabula, vos diu Sordes vae Epulor ile Tenor, nox Opu.', '<p>Mei Escensio Mundus, ita liber qui has inconsideratus nauta effrenus, Algor infrunitus, inconcussus Rogo eo non Namucense, commissum, laureatus Scutum, de boo si anhelo Commoneo procellosus sono emitto Crimen agna. Si subo Accubo castimonia hic ibi qua lux sto eu Pulcher Sem. Dis Cubiculum quo scitus Litigo diripio ango quies pes res penitentia Tabula, vos diu Sordes vae Epulor ile Tenor, nox Opu.</p>', NULL, '2012-07-16', 1, 1, 0, 0, '', '2012-08-19 12:16:19', NULL, 0, NULL, 0, 0, 0, '', 0, 142, NULL, NULL, NULL),
(80, 8, 'Backform gelb', 'inflo decertatio. His Manus dilabor do, eia lumen, sed Desisto qua evello sono hinc, ars his misericordite.', '<p>sors capulus se Quies, mox qui Sentus dum confirmo do iam. Iunceus postulator incola, en per Nitesco, arx Persisto, incontinencia vis coloratus cogo in attonbitus quam repo immarcescibilis inceptum. Ego Vena series sudo ac Nitidus. Speculum, his opus in undo de editio Resideo impetus memor, inflo decertatio. His Manus dilabor do, eia lumen, sed Desisto qua evello sono hinc, ars his misericordite.</p>', NULL, '2012-07-16', 1, 1, 0, 0, '', '2012-08-19 12:20:40', NULL, 0, NULL, 0, 0, 0, '', 0, 143, NULL, NULL, NULL),
(81, 8, 'Backform pink', 'Ego Vena series sudo ac Nitidus. Speculum', '<p>sors capulus se Quies, mox qui Sentus dum confirmo do iam. Iunceus postulator incola, en per Nitesco, arx Persisto, incontinencia vis coloratus cogo in attonbitus quam repo immarcescibilis inceptum. Ego Vena series sudo ac Nitidus. Speculum, his opus in undo de editio Resideo impetus memor, inflo decertatio. His Manus dilabor do, eia lumen, sed Desisto qua evello sono hinc, ars his misericordite.</p>', NULL, '2012-07-16', 1, 1, 0, 0, '', '2012-08-29 12:37:59', NULL, 0, NULL, 1, 0, 0, '', 0, 144, NULL, NULL, NULL),
(82, 8, 'Pralinen-Backform', 'ferveo terribilis luculenta, perago ipse tam hoc succresco Filius excellentia ait to annus offendo Tam, ac Crimen, agna Co.', '<p>sis anima Secundum in Ferito hunc convinco, posco divulgatio Voluntas trilustralis. Diu se Quater rare passim dens, sui hac obscoena cristatus, me Epulor quemadmodum, par affinitas nec ruo Contumax, ne res sed in emereor Lues ita Ita qui Frux, cos Perturpis, dis to immundus, ferveo terribilis luculenta, perago ipse tam hoc succresco Filius excellentia ait to annus offendo Tam, ac Crimen, agna Co.</p>', NULL, '2012-07-16', 1, 1, 0, 1, '', '2012-08-19 12:26:15', NULL, 0, NULL, 0, 0, 0, '', 0, 145, NULL, NULL, NULL),
(83, 8, 'Back-Set 3 teilig', 'alarius lex gestum, saepio una pars hio diu Latro cui quod summittere suppellex Suavis perlustro. N.', '<p>Servio, pax scandalum duco eo eia Depono immo. Dexter ludus sui Ferratus quadruplor tractus Ter Lavo vox qualiscumque Benignus femina ibi, dux Dulcidine Transilio, Pactus pango iunctus, adhuc devia. Clam tum ivi ius Capitulus nam magus de permetior, arx ars Cito Crucio reduco pax progenierum ejulo, alarius lex gestum, saepio una pars hio diu Latro cui quod summittere suppellex Suavis perlustro. N.</p>', NULL, '2012-07-16', 1, 1, 0, 0, '', '2012-08-19 12:27:54', NULL, 0, NULL, 0, 0, 0, '', 0, 146, NULL, NULL, NULL),
(84, 8, 'Löffel-Set', ' Latro cui quod summittere suppellex Suavis perlustro. Nam Devotio reddo ivi specialissimus cum aut prodico curo Hospit.', '<p>Ferratus quadruplor tractus Ter Lavo vox qualiscumque Benignus femina ibi, dux Dulcidine Transilio, Pactus pango iunctus, adhuc devia. Clam tum ivi ius Capitulus nam magus de permetior, arx ars Cito Crucio reduco pax progenierum ejulo, alarius lex gestum, saepio una pars hio diu Latro cui quod summittere suppellex Suavis perlustro. Nam Devotio reddo ivi specialissimus cum aut prodico curo Hospit.</p>', NULL, '2012-07-16', 1, 1, 0, 0, '', '2012-08-19 12:29:38', NULL, 0, NULL, 0, 0, 0, '', 0, 147, NULL, NULL, NULL),
(85, 8, 'Schneebesen', 'Cui opportune Pango sem gelu vena ex nox flagello Nos effor, via Ico contemplatio, sed ut Expers armo incuratus.', '<p>Abeo os ile ferito nam De ora Personam Strepitus carina Refero Optatus arma texo arca Dilgenter ferox Luxuria. Sus penna Sono Proelium pario has Viduitas Sordes suborior, hic ira quis Perago tu Ops ratio, rufus ut Simul Sperno rixa mos turbo lucus Mortifera veles Chalybs imperito ardor. Cui opportune Pango sem gelu vena ex nox flagello Nos effor, via Ico contemplatio, sed ut Expers armo incuratus.</p>', NULL, '2012-07-16', 1, 1, 0, 0, '', '2012-08-19 12:31:26', NULL, 0, NULL, 0, 0, 0, '', 0, 148, NULL, NULL, NULL),
(86, 8, 'Schüssel Style Vögel', 'Pax necne per, ymo invetero voluptas, qui dux somniculosus lascivio vel res compendiose Oriens pro.', '<p>La. Celo nam balnearius Opprimo Pennatus, no decentia sui, dicto esse se pulchritudo, pupa Sive res indifferenter. Captivo pala pro de tandem Singulus labor, determino cui Ingurgito quo Ico pax ethologus praetorgredior internuntius. Ops foveo Huius dux respublica his animadverto dolus imperterritus. Pax necne per, ymo invetero voluptas, qui dux somniculosus lascivio vel res compendiose Oriens pro.</p>', NULL, '2012-07-16', 1, 1, 0, 0, '', '2012-08-19 12:36:03', NULL, 0, NULL, 0, 0, 0, '', 0, 149, NULL, NULL, NULL),
(87, 8, 'Schüssel Style Blumen', 'Impetro quod se Exhibeo faveo se concido per Fatigo, almus ut erro cupido res famulatus Adstringo nobis, for nam per Stupend.', '<p>furs dux per en verus derigo Admoneo ne necne Ne ymo iam Vota, Rutilus dux scelus internuntius. Uter res comprovincialis placitum opus alo Liceo, ploro an at lenocinium. Iuste Immanitas dux sus conclamo an Diuturnus, for lea Ne. cibo foro, ut Piscis, ne Esca, se Faenum, in Impetro quod se Exhibeo faveo se concido per Fatigo, almus ut erro cupido res famulatus Adstringo nobis, for nam per Stupend.</p>', NULL, '2012-07-16', 1, 1, 0, 0, '', '2012-08-19 12:35:38', NULL, 0, NULL, 0, 0, 0, '', 0, 150, NULL, NULL, NULL),
(88, 8, 'Schüssel Style Ringe rot und weiß', 'fames ac pax Ardor solemnitas rutila, ars Nusquam, benevolentia orbis monstro redeo, arx te eva.', '<p>M sol Iubeo quasi imago Cupio ius, orior Fundo dedo Curatio, Debeo hoc, pro minuo Bardus vestimentum hio Fastidium, ipse Saxum vir Typus. Hae mei idem patefacio anxio nam manipulus, neo victus Occulto, arx, Inexperta pax Convinco armis ius Infirmus tot ruo Vorago. Fruor summa innumerus, pax consuetudo, fames ac pax Ardor solemnitas rutila, ars Nusquam, benevolentia orbis monstro redeo, arx te eva.</p>', NULL, '2012-07-16', 1, 1, 0, 0, '', '2012-08-19 12:38:30', NULL, 0, NULL, 0, 0, 0, '', 0, 151, NULL, NULL, NULL),
(89, 8, 'Teigschaber', 'Cui opportune Pango sem gelu vena ex nox flagello Nos effor, via Ico contemplatio, sed ut Expers armo incuratus, pes quant.hnwe', '<p>ferito nam De ora Personam Strepitus carina Refero Optatus arma texo arca Dilgenter ferox Luxuria. Sus penna Sono Proelium pario has Viduitas Sordes suborior, hic ira quis Perago tu Ops ratio, rufus ut Simul Sperno rixa mos turbo lucus Mortifera veles Chalybs imperito ardor. Cui opportune Pango sem gelu vena ex nox flagello Nos effor, via Ico contemplatio, sed ut Expers armo incuratus, pes quant.</p>', NULL, '2012-07-16', 1, 1, 0, 0, '', '2012-08-19 12:44:00', NULL, 0, NULL, 1, 0, 0, '', 0, 153, NULL, NULL, 9),
(90, 8, 'Teller Style Hühner', 'In mei spurcus abutor, amo lex orcus oro in res aiunt Nuto, ius quoniam attinet, at. Ago peto inhaero, se i.', '<p>Upermitto sem Austerus ita ara primo Secus. Iste Discurro gelo alba chalybs. Neo his spes per vix, do. Ora quo par promus provisor, pax ut exuo ceno modo, demo St ut vel Compages non, qua os tu ne aequus magalia vis. Ex in se tot hi Ico deus Praefero. Eo gelo sic cardo Declamo, eo sto fons. In mei spurcus abutor, amo lex orcus oro in res aiunt Nuto, ius quoniam attinet, at. Ago peto inhaero, se i.</p>', NULL, '2012-07-16', 1, 1, 0, 0, '', '2012-08-19 12:52:00', NULL, 0, NULL, 0, 0, 0, '', 0, 155, NULL, NULL, NULL),
(91, 8, 'Teller Style Vögel und Blumen', 'Reficio congratulor simplex Ile familia mire hae Prosequor in pro St quae Muto,, St Texo aer Cornu ferox lex inconsider.', '<p>Smodi dux quotienscumque Letalis pie celo traduco, imcomposite seco mos Surculus, Epulae pie Anxio conciliator era se concilium. Terra quam dicto erro prolecto, quo per incommoditas paulatim Praecepio lex Edoceo sis conticinium Furtum Heidelberg casula Toto pes an jugiter perpes Reficio congratulor simplex Ile familia mire hae Prosequor in pro St quae Muto,, St Texo aer Cornu ferox lex inconsider.</p>', NULL, '2012-07-16', 1, 1, 0, 0, '', '2012-08-19 13:01:18', NULL, 0, NULL, 0, 0, 0, '', 0, 156, NULL, NULL, NULL),
(92, 8, 'Teller Style Rot und Pink', 'Te ora to me. Peragro fugo virus Res qui hic ira quatenus/quatinus Perago tui Pronuntio per pio vel supe.', '<p>Cabiliter, tam fodio diurnitas contubernium re removeo Bos Ferme ora sufficientia, per edo mel mare ligamen misericordaliter Consepio St hic at casula, toto pupa an ius. Parco refero abeo solum. Eu do. Occatio frux me mica pro Contactus pie prodigiosus Contagio. tui St cornu edo praetermissio. Te ora to me. Peragro fugo virus Res qui hic ira quatenus/quatinus Perago tui Pronuntio per pio vel supe.</p>', NULL, '2012-07-16', 1, 1, 0, 0, '', '2012-08-19 13:10:02', NULL, 0, NULL, 0, 0, 0, '', 0, 157, NULL, NULL, NULL),
(93, 8, 'Blumenarrangement mit Keramiktopf', 'neo beneficentia. Sui Innotesco sui cui Lentus perago sem hic Trepido lucus nox fas nos effor via et', '<p>Ineo beneficentia. Sui Innotesco sui cui Lentus perago sem hic Trepido lucus nox fas nos effor via et, appello sed appositus at carus indissolubilis servitium ora lac Vehemens, ita Silex dis Concateno quo sis cur. Cui Concite hic daps, pes cui distinguo crocotula ruo. Sors emitto depopulo Sedulo formido via spero ortus Sarcalogos, vos excello omnis minuo cui Praebeo per nox hic Capulatio. No con.</p>', NULL, '2012-07-16', 1, 1, 0, 0, '', '2012-08-19 13:20:44', NULL, 0, NULL, 0, 0, 0, '', 0, 158, NULL, NULL, NULL),
(94, 8, 'Blütenarrangement mit Rattan', 'pax sis Faenum incumbo lux Advoco alea crimen, provida amita boo illis quatenus/quatinus Tandem, Sanctus lex ratio, per .', '<p>Icio Praecox, de per Facio qua Mansuetus ara Necdum. Spiro praeclarus Desero alica for Amoena, qui apto Zephyr fabre Felix era Ferratus prosum amicabiliter, ops statua ops is Labo curriculum Paene tum lea aut plane Subdo eia Permetior luxuria. Se Velamen ora advoco.Sem Ferreus, pax sis Faenum incumbo lux Advoco alea crimen, provida amita boo illis quatenus/quatinus Tandem, Sanctus lex ratio, per .</p>', NULL, '2012-07-16', 1, 1, 0, 0, '', '2012-08-19 13:21:22', NULL, 0, NULL, 0, 0, 0, '', 0, 159, NULL, NULL, NULL),
(95, 8, 'Blütenarrangement mit Rattan', 'Icio Praecox, de per Facio qua Mansuetus ara Necdum. Spiro praeclarus Desero alica for Amoena, qui apto Zephyr fabre Felix era Ferratus prosum amicabiliter.', '<p>Icio Praecox, de per Facio qua Mansuetus ara Necdum. Spiro praeclarus Desero alica for Amoena, qui apto Zephyr fabre Felix era Ferratus prosum amicabiliter, ops statua ops is Labo curriculum Paene tum lea aut plane Subdo eia Permetior luxuria. Se Velamen ora advoco.Sem Ferreus, pax sis Faenum incumbo lux Advoco alea crimen, provida amita boo illis quatenus/quatinus Tandem, Sanctus lex ratio, per .</p>', NULL, '2012-07-16', 1, 1, 0, 0, '', '2012-08-19 13:24:48', NULL, 0, NULL, 0, 0, 0, '', 0, 160, NULL, NULL, NULL),
(96, 8, 'Strandbag', 'Irrito quo Accumulo, cui recedo algeo colloco. Fas Proinde quandoquidem sol Iubeo quasi imago Cupio ius, orior Fundo .', '<p>Io, senex cum Stips sed vas sesquimellesimus nemo, fas differo, sui episcopalis Inhabito me cornu, hos induco veho, ars saevio, emo lac, Cito eia. For ornamentum per, Populus ipse sis illae, volup creber ludo ne efficax his Solator demens his Ratio, vir Recipio, ubi cui Praelabor, Irrito quo Accumulo, cui recedo algeo colloco. Fas Proinde quandoquidem sol Iubeo quasi imago Cupio ius, orior Fundo .</p>', NULL, '2012-07-16', 1, 1, 0, 1, '', '2012-08-19 13:58:24', NULL, 0, NULL, 0, 0, 0, '', 0, 161, NULL, NULL, NULL),
(97, 8, 'Eisförmchen', 'Quid illi aro incrementabiliter Frustro quo Latro pax Ethologus nec Ico ops Fabrico innotesco. Dux sesquialter illum vis derigo, vel .', '<p>Inco armis ius Infirmus tot ruo Vorago. Fruor summa innumerus, pax consuetudo, fames ac pax Ardor solemnitas rutila, ars Nusquam, benevolentia orbis monstro redeo, arx te evangelium. Emo se profundum pes sesquimellesimus Socors ango abeo promitto, pro infecundus re Quid illi aro incrementabiliter Frustro quo Latro pax Ethologus nec Ico ops Fabrico innotesco. Dux sesquialter illum vis derigo, vel .</p>', NULL, '2012-07-16', 1, 1, 0, 0, '', '2012-08-30 15:20:44', NULL, 0, NULL, 0, 0, 0, '', 0, 162, NULL, NULL, NULL),
(98, 8, 'Fliegenklatsche grün', 'Fruor summa innumerus, pax consuetudo, fames ac pax Ardor solemnitas rutila, ars Nusquam', '<p>Inco armis ius Infirmus tot ruo Vorago. Fruor summa innumerus, pax consuetudo, fames ac pax Ardor solemnitas rutila, ars Nusquam, benevolentia orbis monstro redeo, arx te evangelium. Emo se profundum pes sesquimellesimus Socors ango abeo promitto, pro infecundus re Quid illi aro incrementabiliter Frustro quo Latro pax Ethologus nec Ico ops Fabrico innotesco. Dux sesquialter illum vis derigo, vel .</p>', NULL, '2012-08-19', 1, 1, 0, 0, '', '2012-08-19 13:32:54', NULL, 0, NULL, 0, 0, 0, '', 0, 163, NULL, NULL, NULL),
(100, 8, 'Fliegenklatsche lila', 'Fruor summa innumerus, pax consuetudo, fames ac pax Ardor solemnitas rutila, ars Nusquam', '<p>Inco armis ius Infirmus tot ruo Vorago. Fruor summa innumerus, pax consuetudo, fames ac pax Ardor solemnitas rutila, ars Nusquam, benevolentia orbis monstro redeo, arx te evangelium. Emo se profundum pes sesquimellesimus Socors ango abeo promitto, pro infecundus re Quid illi aro incrementabiliter Frustro quo Latro pax Ethologus nec Ico ops Fabrico innotesco. Dux sesquialter illum vis derigo, vel .</p>', NULL, '2012-08-19', 1, 1, 0, 0, '', '2012-08-19 13:34:27', NULL, 0, NULL, 0, 0, 0, '', 0, 165, NULL, NULL, NULL),
(101, 8, 'Fliegenklatsche gelb', 'Fruor summa innumerus, pax consuetudo, fames ac pax Ardor solemnitas rutila, ars Nusquam', '<p>Inco armis ius Infirmus tot ruo Vorago. Fruor summa innumerus, pax consuetudo, fames ac pax Ardor solemnitas rutila, ars Nusquam, benevolentia orbis monstro redeo, arx te evangelium. Emo se profundum pes sesquimellesimus Socors ango abeo promitto, pro infecundus re Quid illi aro incrementabiliter Frustro quo Latro pax Ethologus nec Ico ops Fabrico innotesco. Dux sesquialter illum vis derigo, vel .</p>', NULL, '2012-07-16', 1, 1, 0, 0, '', '2012-08-19 13:37:47', NULL, 0, NULL, 0, 0, 0, '', 0, 166, NULL, NULL, NULL),
(102, 8, 'iPadtasche mit Stiftmappe', 'quies pes roto munio veneficus admonitio. Duco spurcus, consanguinei Egeo ile penintentiarius, praeproper.', '<p>Algor, incrementum indulgens. Rogo hos is interpolatio, tam ingenuus supersilium incrementabiliter se decoloratio, tam Commoneo, nam alter dum copia crepitaculum convenio, incommendatus una vae Habitus ibi. Qua lux brevis interpolatio, per Vivificus fonticulus, ala quo os malus Effor conatus, quies pes roto munio veneficus admonitio. Duco spurcus, consanguinei Egeo ile penintentiarius, praeproper.</p>', NULL, '2012-07-16', 1, 1, 0, 0, '', '2012-08-19 13:38:06', NULL, 0, NULL, 0, 0, 0, '', 0, 167, NULL, NULL, NULL),
(103, 8, 'Reisekoffer groß', 'lac Decurro, fides Fruor, modio per opus Marceniense Cassus gestum volup diatesseron muni.', '<p>stipo incrementabiliter, cervus ante hilaris, mire algor se Vena thorax frendo puto Magnopere ops tam prenda contineo. Addo ymo xiphias Heidelberg Lactuca, nex in congruens, ruo lego os cum universitas. Tellus vas neo prothoplastus Improviso cui te curvo. Eo privus ars Iussu infodio, ut se stipatores firmo, lac Decurro, fides Fruor, modio per opus Marceniense Cassus gestum volup diatesseron muni.</p>', NULL, '2012-07-16', 1, 1, 0, 0, '', '2012-08-19 13:44:56', NULL, 0, NULL, 0, 0, 0, '', 0, 168, NULL, NULL, NULL),
(104, 8, 'Reisekoffer klein', ' Addo ymo xiphias Heidelberg Lactuca', '<p>stipo incrementabiliter, cervus ante hilaris, mire algor se Vena thorax frendo puto Magnopere ops tam prenda contineo. Addo ymo xiphias Heidelberg Lactuca, nex in congruens, ruo lego os cum universitas. Tellus vas neo prothoplastus Improviso cui te curvo. Eo privus ars Iussu infodio, ut se stipatores firmo, lac Decurro, fides Fruor, modio per opus Marceniense Cassus gestum volup diatesseron muni.</p>', NULL, '2012-07-16', 1, 1, 0, 0, '', '2012-08-19 13:43:10', NULL, 0, NULL, 0, 0, 0, '', 0, 169, NULL, NULL, NULL),
(105, 8, 'Kosmetiktasche', ' res Tellus mei Escensio Mundus, ita liber qui has inconsideratus nauta effrenus, Algor infrunitus, inconc.', '<p>To poema, adicio Consonum archipater sum Aeger Dux prius edo paterna precipue, cunae declaratio per dolositas Huic quod Sis canalis quam nam fio Insidiae, si pax Cupido, ut Tergo, ac Cui per quo processus Disputo sui Infucatus leo, ait ops, duo Prodoceo par Verber, nec Uberrime alo Scelestus, res Tellus mei Escensio Mundus, ita liber qui has inconsideratus nauta effrenus, Algor infrunitus, inconc.</p>', NULL, '2012-08-19', 1, 1, 0, 0, '', '2012-08-19 13:49:43', NULL, 0, NULL, 0, 0, 0, '', 0, 170, NULL, NULL, NULL),
(106, 8, 'Kosmetiktasche', ' res Tellus mei Escensio Mundus, ita liber qui has inconsideratus nauta effrenus, Algor infrunitus, inconc.', '<p>To poema, adicio Consonum archipater sum Aeger Dux prius edo paterna precipue, cunae declaratio per dolositas Huic quod Sis canalis quam nam fio Insidiae, si pax Cupido, ut Tergo, ac Cui per quo processus Disputo sui Infucatus leo, ait ops, duo Prodoceo par Verber, nec Uberrime alo Scelestus, res Tellus mei Escensio Mundus, ita liber qui has inconsideratus nauta effrenus, Algor infrunitus, inconc.</p>', NULL, '2012-08-19', 1, 1, 0, 0, '', '2012-08-19 13:50:21', NULL, 0, NULL, 0, 0, 0, '', 0, 171, NULL, NULL, NULL);
INSERT INTO `s_articles` (`id`, `supplierID`, `name`, `description`, `description_long`, `shippingtime`, `datum`, `active`, `taxID`, `pseudosales`, `topseller`, `keywords`, `changetime`, `pricegroupID`, `pricegroupActive`, `filtergroupID`, `laststock`, `crossbundlelook`, `notification`, `template`, `mode`, `main_detail_id`, `available_from`, `available_to`, `configurator_set_id`) VALUES
(107, 8, 'Kosmetiktasche', ' res Tellus mei Escensio Mundus, ita liber qui has inconsideratus nauta effrenus, Algor infrunitus, inconc.', '<p>To poema, adicio Consonum archipater sum Aeger Dux prius edo paterna precipue, cunae declaratio per dolositas Huic quod Sis canalis quam nam fio Insidiae, si pax Cupido, ut Tergo, ac Cui per quo processus Disputo sui Infucatus leo, ait ops, duo Prodoceo par Verber, nec Uberrime alo Scelestus, res Tellus mei Escensio Mundus, ita liber qui has inconsideratus nauta effrenus, Algor infrunitus, inconc.</p>', NULL, '2012-07-16', 1, 1, 0, 0, '', '2012-08-19 13:52:32', NULL, 0, NULL, 0, 0, 0, '', 0, 172, NULL, NULL, NULL),
(108, 8, 'Strandbag', 'Culter census post se Intro stillicidium connecto anima pro. Nam Fere lignarius concio, me curto ymo sal Duco se quater suscipere pas.', '<p>Seditio. Apud iam far Fervidus industria commodo cum opportunitatus Timor nex opportunitatus ops deprehensio penetranter amitto pro cogo fallo tui per inedicabilis Adicio ait Vegeto quatenus/quatinus absit, apex usurpo sum tu incommoditas, per erro non pulchritudo Culter census post se Intro stillicidium connecto anima pro. Nam Fere lignarius concio, me curto ymo sal Duco se quater suscipere pas.</p>', NULL, '2012-07-16', 1, 1, 0, 0, '', '2012-08-19 13:59:47', NULL, 0, NULL, 0, 0, 0, '', 0, 173, NULL, NULL, NULL),
(109, 8, 'Strandbag Fantasy', 'Secundus, lex asper ros hio cur interrogatio saltem vir Adve.', '<p>Oneratus sacrificum ora navigatio. St incultus Vox inennarabilis ludo per dis misericordaliter Summitto cos Infectum per velut scaccarium abico, inconsolabilis Occasus. Ipse Succumbo, Accumulo cui supellectilis Cogitatio contumelia fama quadruplator. Per sol insequor prex his arx necessarius Primordia De cum casa fiducialiter laboriosus Secundus, lex asper ros hio cur interrogatio saltem vir Adve.</p>', NULL, '2012-07-16', 1, 1, 0, 1, '', '2012-08-19 14:01:37', NULL, 0, NULL, 0, 0, 0, '', 0, 174, NULL, NULL, NULL),
(110, 8, 'Tasche Feed Me', 'in demo hac verto esca aer Iustum te cruor Quae inopinatus tento Sino cedo, mos ubi iam Cavus specto, facio ruo eg.', '<p>Ellatim Imbuo pauci Cursito tuba professorius Stulte ala Opus. Fore sis Ardens praenuntius fugo volo tam fluctivagus Penso Te, leo Ligatio sane festino late, reputo Nomine ambitus profor benevolentia Repecto acer Celeriter inritus. ordo eluo. Fluo fatua iste rus sono rusticus pauper, in demo hac verto esca aer Iustum te cruor Quae inopinatus tento Sino cedo, mos ubi iam Cavus specto, facio ruo eg.</p>', NULL, '2012-07-16', 1, 1, 0, 0, '', '2012-08-19 14:07:44', NULL, 0, NULL, 0, 0, 0, '', 0, 175, NULL, NULL, NULL),
(112, 8, 'Tasche Remember Me', 'in demo hac verto esca aer Iustum te cruor Quae inopinatus tento Sino cedo, mos ubi iam Cavus specto, facio ruo eg.', '<p>Ellatim Imbuo pauci Cursito tuba professorius Stulte ala Opus. Fore sis Ardens praenuntius fugo volo tam fluctivagus Penso Te, leo Ligatio sane festino late, reputo Nomine ambitus profor benevolentia Repecto acer Celeriter inritus. ordo eluo. Fluo fatua iste rus sono rusticus pauper, in demo hac verto esca aer Iustum te cruor Quae inopinatus tento Sino cedo, mos ubi iam Cavus specto, facio ruo eg.</p>', NULL, '2012-07-16', 1, 1, 0, 0, '', '2012-08-19 14:10:07', NULL, 0, NULL, 0, 0, 0, '', 0, 177, NULL, NULL, NULL),
(113, 9, 'Kicker Champ Elite', 'Ut to diu Me. Sol Obscoena lex ros De Ius rumpo mox commorantes Pera ver no suo Tui, et ora Dux hac glacialis Invenio terg.', '<p>Post ex Pusillus fas quicumque. Vere pilo laxo nam pro Poema res ala cubitum Albeo torqueo, et ira castra eo Impetro ars Olim fons schola. Unus, Annecto sus Spero igneus dux Conor clamo noxa una, cautus peto hac strages Gens arca bos seco arx folium vae Ter sic Nam lacrima. Imbibo res Eloquens, sem cavus caro potens Quies rixa se tango Munio despicio. Casula Ico vos faber Oratio hoc sudo sedatus qua Redigo pes Affamen. Nam Maeror sol rudo Campus nox amictus noxa paratus primum, opto sum Aliter calculus sum eia Ruta prudens. Per motus et per adnuo fatuo. Has calvities Gelide arx ymo Vieo tam Censura puga praetermissio, possessiones per Aegretudo diremptio deleo penintentiarius, duco sol Decurro alga sententiosus. Beo Metuo diu unda aegre ros ala et varietas opus, ita Quare beneficus en piscis. Cursito abbas oro Tributum deprecatio penna fore. Caleo suo male Frenum. Ut to diu Me. Sol Obscoena lex ros De Ius rumpo mox commorantes Pera ver no suo Tui, et ora Dux hac glacialis Invenio terg.</p>', NULL, '2012-07-16', 1, 1, 0, 0, '', '2012-08-20 10:43:03', NULL, 0, NULL, 0, 0, 0, '', 0, 178, NULL, NULL, NULL),
(114, 9, 'Kicker Champ Elite Pro (in vielen Farben)', 'duco sol Decurro alga sententiosus. Beo Metuo diu unda aegre ros ala et varietas opus, ita Quare beneficus en piscis. Cursito abbas oro Tributum deprecatio penna fore. Caleo suo male Frenum.', '<p>Post ex Pusillus fas quicumque. Vere pilo laxo nam pro Poema res ala cubitum Albeo torqueo, et ira castra eo Impetro ars Olim fons schola. Unus, Annecto sus Spero igneus dux Conor clamo noxa una, cautus peto hac strages Gens arca bos seco arx folium vae Ter sic Nam lacrima. Imbibo res Eloquens, sem cavus caro potens Quies rixa se tango Munio despicio. Casula Ico vos faber Oratio hoc sudo sedatus qua Redigo pes Affamen. Nam Maeror sol rudo Campus nox amictus noxa paratus primum, opto sum Aliter calculus sum eia Ruta prudens. Per motus et per adnuo fatuo. Has calvities Gelide arx ymo Vieo tam Censura puga praetermissio, possessiones per Aegretudo diremptio deleo penintentiarius, duco sol Decurro alga sententiosus. Beo Metuo diu unda aegre ros ala et varietas opus, ita Quare beneficus en piscis. Cursito abbas oro Tributum deprecatio penna fore. Caleo suo male Frenum. Ut to diu Me. Sol Obscoena lex ros De Ius rumpo mox commorantes Pera ver no suo Tui, et ora Dux hac glacialis Invenio terg.</p>', NULL, '2012-07-16', 1, 1, 0, 1, '', '2012-08-20 10:43:58', NULL, 0, NULL, 1, 0, 0, '', 0, 182, NULL, NULL, 10),
(115, 9, 'Kicker Champ Family platzsparend', 'Sol Obscoena lex ros De Ius rumpo mox commorantes Pera ver no suo Tui, et ora Dux hac glacialis Invenio terg.', '<p>Post ex Pusillus fas quicumque. Vere pilo laxo nam pro Poema res ala cubitum Albeo torqueo, et ira castra eo Impetro ars Olim fons schola. Unus, Annecto sus Spero igneus dux Conor clamo noxa una, cautus peto hac strages Gens arca bos seco arx folium vae Ter sic Nam lacrima. Imbibo res Eloquens, sem cavus caro potens Quies rixa se tango Munio despicio. Casula Ico vos faber Oratio hoc sudo sedatus qua Redigo pes Affamen. Nam Maeror sol rudo Campus nox amictus noxa paratus primum, opto sum Aliter calculus sum eia Ruta prudens. Per motus et per adnuo fatuo. Has calvities Gelide arx ymo Vieo tam Censura puga praetermissio, possessiones per Aegretudo diremptio deleo penintentiarius, duco sol Decurro alga sententiosus. Beo Metuo diu unda aegre ros ala et varietas opus, ita Quare beneficus en piscis. Cursito abbas oro Tributum deprecatio penna fore. Caleo suo male Frenum. Ut to diu Me. Sol Obscoena lex ros De Ius rumpo mox commorantes Pera ver no suo Tui, et ora Dux hac glacialis Invenio terg.</p>', NULL, '2012-07-16', 1, 1, 0, 0, '', '2012-08-20 10:44:52', NULL, 0, NULL, 0, 0, 0, '', 0, 185, NULL, NULL, NULL),
(116, 9, 'Kicker Champ, individuell gestaltbar', 'Pullulo edo Lugo in lex Edoctus capio concedo ictus, ego sic magnificabiliter Retribuo an Laurus penitus, refero abeo os ile ferito nam De ora Personam Strepitus carina Refero Optatus arma texo a.', '<p>X sus conclamo an Diuturnus, for lea Ne. cibo foro, ut Piscis, ne Esca, se Faenum, in Impetro quod se Exhibeo faveo se concido per Fatigo, almus ut erro cupido res famulatus Adstringo nobis, for nam per Stupendum commemoro Annuo ars quies Polliceor simul temperantia. An colonus Fructus initium labo postulator infeste en ne nitesco discidium, nam sto vis Alica se nutus Vallo Sollertia solum. Ago inhaeresco at vis socer attollo Elatus. Mus Qua, Immanis Me. Opera tutus hae Cur resumo Inflexus laxo hortus seu multipliciter officiosus, Daci humus Exsupero ivi vituperabilis Depascor stabilis an animus. His decipio eo hi certus, follis luo Triduum facio per Letalis pie Cruentus, venio ego tendo Percutio stips exter scilicet connubialis Anhelo Fastidio cogo commodum terra, Sollertia se edo me signum. Pullulo edo Lugo in lex Edoctus capio concedo ictus, ego sic magnificabiliter Retribuo an Laurus penitus, refero abeo os ile ferito nam De ora Personam Strepitus carina Refero Optatus arma texo a.</p>', NULL, '2012-07-16', 1, 1, 0, 0, '', '2012-08-20 10:45:39', NULL, 0, NULL, 0, 0, 0, '', 0, 186, NULL, NULL, NULL),
(117, 9, 'Kicker Figuren Set, große Auswahl', 'arx Persisto, incontinencia vis coloratus cogo in attonbitus quam repo immarcescibilis inceptum.', '<p>Nfulatus adapto peritus recolitus esca cos misericordaliter Morbus, his Senium ars Humilitas edo, cui. Sis sacrilegus Fatigo almus vae excedo, aut vegetabiliter Erogo villa periclitatus, for in per no sors capulus se Quies, mox qui Sentus dum confirmo do iam. Iunceus postulator incola, en per Nitesco, arx Persisto, incontinencia vis coloratus cogo in attonbitus quam repo immarcescibilis inceptum..</p>', NULL, '2012-08-20', 1, 1, 0, 0, '', '2012-08-20 09:20:02', NULL, 0, NULL, 0, 0, 0, '', 0, 220, NULL, NULL, 11),
(118, 9, 'Kicker Torzähler', 'exigo era Palus sum iam magnificabiliter loci, sal incurro, dux necessarius Negotium os orbis, era .', '<p>Proba mox acies, pax Valde subobscurus acer aequor Labiosus ora dux Fluo an Lento sero conciliator redeo. Palor procellosus intempestivus furiosus ut exstasis Arma eu sto se Simulatio en volubiliter, sed Crocinus mos Absit iam Cunctator transfero. Dux Vehiculum, se vicis Incol se nex incontinencia, exigo era Palus sum iam magnificabiliter loci, sal incurro, dux necessarius Negotium os orbis, era .</p>', NULL, '2012-07-16', 1, 1, 0, 0, '', '2012-08-20 09:22:02', NULL, 0, NULL, 0, 0, 0, '', 0, 236, NULL, NULL, NULL),
(119, 9, 'Kickerball Standard', 'hac flax hic ora sinus mihi Summitto. Eu quae nos ales haec, nex vox vae quem optatus, se Iugum prothonota.', '<p>Ompages non, qua os tu ne aequus magalia vis. Ex in se tot hi Ico deus Praefero. Eo gelo sic cardo Declamo, eo sto fons. In mei spurcus abutor, amo lex orcus oro in res aiunt Nuto, ius quoniam attinet, at. Ago peto inhaero, se ineo egeo ansa, pons in ut boo Proterus tam, os, ars os quae, os, hac flax hic ora sinus mihi Summitto. Eu quae nos ales haec, nex vox vae quem optatus, se Iugum prothonota.</p>', NULL, '2012-07-16', 1, 1, 0, 0, '', '2012-08-20 09:53:40', NULL, 0, NULL, 0, 0, 0, '', 0, 237, NULL, NULL, NULL),
(120, 9, 'Kickerball Kork', 'hac flax hic ora sinus mihi Summitto. Eu quae nos ales haec, nex vox vae quem optatus, se Iugum prothonota.', '<p>Ompages non, qua os tu ne aequus magalia vis. Ex in se tot hi Ico deus Praefero. Eo gelo sic cardo Declamo, eo sto fons. In mei spurcus abutor, amo lex orcus oro in res aiunt Nuto, ius quoniam attinet, at. Ago peto inhaero, se ineo egeo ansa, pons in ut boo Proterus tam, os, ars os quae, os, hac flax hic ora sinus mihi Summitto. Eu quae nos ales haec, nex vox vae quem optatus, se Iugum prothonota.</p>', NULL, '2012-07-16', 1, 1, 0, 0, '', '2012-08-20 09:51:42', NULL, 0, NULL, 0, 0, 0, '', 0, 238, NULL, NULL, NULL),
(121, 9, 'Kickerball Probierset', 'hi Ango prae tum quatenus/quatinus Sumptus per Avoco nos Indulgens mei heu cur Baiulus atton.', '<p>sui cautor Concito, far, Comitatus mus Ambiguus palma via Degenero pio ala Imputo. Pudeo teneo triticeus, iam conjuratio, regno re oro Aveho curiositas cicuta, dis Occulte, deprecativus typus caterva pauci, his re supermitto. Ruo in divortium ita sesquimellesimus Oppono plus celo sceptrum, res ingustatus hi Ango prae tum quatenus/quatinus Sumptus per Avoco nos Indulgens mei heu cur Baiulus atton.</p>', NULL, '2012-07-16', 1, 1, 0, 0, '', '2012-08-20 09:57:59', NULL, 0, NULL, 0, 0, 0, '', 0, 239, NULL, NULL, NULL),
(122, 2, 'Sasse Korn 32%', 'nam caedo Mensa voro deprecatio par per laqueus Promo Marcieniensis quicumque adula.', '<p>Tuslibet inhospitalitas. Invocatio Consecro Ico sem Persuadeo Particeps pio sto Decentia complector, emoveo diu his arx arx appropinquo Incoho officium. Quid, ubi caedes, inferi sapor tam Convinco rex miraculose, ut quo Quidne oro sanctimonialis Fervesco subsidarius, edo incomposite Diffinio cupio vae ferramentum, nam caedo Mensa voro deprecatio par per laqueus Promo Marcieniensis quicumque adula.</p>', NULL, '2012-07-16', 1, 1, 0, 0, '', '2012-08-30 10:02:12', NULL, 0, 1, 0, 0, 0, '', 0, 256, NULL, NULL, 13),
(123, 9, 'Kicker XXL Champ Elite Pro', 'ut se stipatores firmo, lac Decurro, fides Fruor, modio per opus Marceniense Cassus gestum volup diatesseron munio. Pulpa .', '<p>Crementabiliter, cervus ante hilaris, mire algor se Vena thorax frendo puto Magnopere ops tam prenda contineo. Addo ymo xiphias Heidelberg Lactuca, nex in congruens, ruo lego os cum universitas. Tellus vas neo prothoplastus Improviso cui te curvo. Eo privus ars Iussu infodio, ut se stipatores firmo, lac Decurro, fides Fruor, modio per opus Marceniense Cassus gestum volup diatesseron munio. Pulpa .</p>', NULL, '2012-07-16', 1, 1, 0, 0, '', '2012-08-20 10:49:42', NULL, 0, NULL, 0, 0, 0, '', 0, 241, NULL, NULL, NULL),
(128, 11, 'Sonnenschirm Alu-Style, 270cm', 'inferi sapor tam Convinco rex miraculose, ut quo Quidne oro sanctimonialis Fervesco subsidarius, edo incomposi.', '<p>Dustrius Fuga et temerarius, accersitus, pio emo summa pudor etiam, mos in effreno, ita ioco sesquimellesimus cum quantuslibet inhospitalitas. Invocatio Consecro Ico sem Persuadeo Particeps pio sto Decentia complector, emoveo diu his arx arx appropinquo Incoho officium. Quid, ubi caedes, inferi sapor tam Convinco rex miraculose, ut quo Quidne oro sanctimonialis Fervesco subsidarius, edo incomposi.</p>', NULL, '2012-07-16', 1, 1, 0, 0, '', '2012-08-23 10:26:24', NULL, 0, NULL, 1, 0, 0, '', 0, 260, NULL, NULL, NULL),
(129, 11, 'Sonnenschirm Fortino, 270cm', 'citatus crus finis se nos pes. Sem res Caseus suo pulmentum Requiro fors tandem, revera iam aro cui Ing.', '<p>As humo pro leto. Sui Ueraciter hio eruca lenis qua Agalmate ut fors penitentia. Iugum obdormio anxio nuncupo iam, in vos nam Custodio for pax se Armis ius Honoro complectus Tendo ut indebitus res hic Quingenti sui dux dis Poema immarcescibilis. Secundus pro se mens valde nec mos pia Dispertio, citatus crus finis se nos pes. Sem res Caseus suo pulmentum Requiro fors tandem, revera iam aro cui Ing.</p>', NULL, '2012-07-16', 1, 1, 0, 0, '', '2012-08-23 10:23:07', NULL, 0, NULL, 0, 0, 0, '', 0, 261, NULL, NULL, NULL),
(130, 11, 'Sonnenschirm Pendalex V+, 280cm', 'Ut ops gero ops Adsumo hoc propugnaculum heu Ferveo necne Multo per Placitum potior vel custodia caleo emendo cui prodigium alo quo beo..', '<p>Inus Sumptus per Avoco nos Indulgens mei heu cur Baiulus attonitus. Via subterfugio radio hac castra, tui Seorsum tam Byssus ex infirmitas. Cum illi organum archidictus, aedificium aut Exsilio neo, pie Promus finis ingenium luo Penna iocus curo Agnellus divinus. Ut ops gero ops Adsumo hoc propugnaculum heu Ferveo necne Multo per Placitum potior vel custodia caleo emendo cui prodigium alo quo beo..</p>', NULL, '2012-07-16', 1, 1, 0, 0, '', '2012-08-23 10:27:12', NULL, 0, NULL, 0, 0, 0, '', 0, 262, NULL, NULL, NULL),
(131, 11, 'Sonnenschirm Sombrano, 350cm', 'sedatus os formidilose te has, illi ita obruo Infeste his Questus mox se opportunitatus sto appropinquo.', '<p>Ister pax Famen fines illi Intentio exprimo. An sus agna edo Cuspis for praetermissio per Crudus gelus Abico nox Puerilis exorno cos flebilis mulco Hunnam qui dirunitas ego edo cui. Camur puer fio tam vae at Curto. Os intempestivus villa nam for nam quater sophisma Amitto suo ars per Polliceor, sedatus os formidilose te has, illi ita obruo Infeste his Questus mox se opportunitatus sto appropinquo.</p>', NULL, '2012-07-16', 1, 1, 0, 0, '', '2012-08-23 10:27:40', NULL, 0, NULL, 0, 0, 0, '', 0, 263, NULL, NULL, NULL),
(132, 11, 'Sonnenschirm Sunwing C+, 260cm', 'Cui Praebeo, per plango Inclitus ubi sator basiator et subsanno, cubicularis per ut Aura congressus precor ille sem. aro quid ius Praedat.', '<p>deprecativus fio redigo probabiliter pacificus sem Nequequam, suppliciter dis Te summisse Consuesco cur Desolo sis insolesco expeditus pes Curo aut Crocotula Trimodus. Almus Emitto Bos sicut hae Amplitudo rixa ortus retribuo Vicarius an nam capitagium medius. Cui Praebeo, per plango Inclitus ubi sator basiator et subsanno, cubicularis per ut Aura congressus precor ille sem. aro quid ius Praedat.</p>', NULL, '2012-08-20', 1, 1, 0, 0, '', '2012-08-23 10:24:11', NULL, 0, NULL, 0, 0, 0, '', 0, 264, NULL, NULL, NULL),
(134, 7, 'Balmoral Flatcap Tweed', 'prodico curo Hospitium Diu fragro Quin honestas res ut hos Abstergo Cupido hic Discerpo. Curo obnubilo jus roto sis pulmo s.', '<p>Tus pango iunctus, adhuc devia. Clam tum ivi ius Capitulus nam magus de permetior, arx ars Cito Crucio reduco pax progenierum ejulo, alarius lex gestum, saepio una pars hio diu Latro cui quod summittere suppellex Suavis perlustro. Nam Devotio reddo ivi specialissimus cum aut prodico curo Hospitium Diu fragro Quin honestas res ut hos Abstergo Cupido hic Discerpo. Curo obnubilo jus roto sis pulmo s.</p>', NULL, '2012-07-16', 1, 1, 0, 0, '', '2012-08-30 16:13:21', NULL, 0, NULL, 1, 0, 0, '', 0, 278, NULL, NULL, NULL),
(135, 7, 'Damenhandschuh, halbfinger aus Peccary Leder', 'Oriens propitius, alo ita pax galactinus emo. Lacer hos Immanitas intervigilium, abeo sub edo beo for lea per discidium Infulatu.', '<p>Tivo pala pro de tandem Singulus labor, determino cui Ingurgito quo Ico pax ethologus praetorgredior internuntius. Ops foveo Huius dux respublica his animadverto dolus imperterritus. Pax necne per, ymo invetero voluptas, qui dux somniculosus lascivio vel res compendiose Oriens propitius, alo ita pax galactinus emo. Lacer hos Immanitas intervigilium, abeo sub edo beo for lea per discidium Infulatu.</p>', NULL, '2012-07-16', 1, 1, 0, 0, '', '2012-08-30 16:14:22', NULL, 0, NULL, 0, 0, 0, '', 0, 279, NULL, NULL, NULL),
(136, 7, 'Damenhandschuh aus Peccary Leder zweifarbig', 'Tivo pala pro de tandem Singulus labor, determino cui Ingurgito quo Ico pax ethologus praetorgredior internuntius.', '<p>Tivo pala pro de tandem Singulus labor, determino cui Ingurgito quo Ico pax ethologus praetorgredior internuntius. Ops foveo Huius dux respublica his animadverto dolus imperterritus. Pax necne per, ymo invetero voluptas, qui dux somniculosus lascivio vel res compendiose Oriens propitius, alo ita pax galactinus emo. Lacer hos Immanitas intervigilium, abeo sub edo beo for lea per discidium Infulatu.</p>', NULL, '2012-07-16', 1, 1, 0, 0, '', '2012-08-30 16:20:43', NULL, 0, NULL, 0, 0, 1, '', 0, 280, NULL, NULL, NULL),
(137, 7, 'Fahrerbrille Chronos', 'Faber for Neglectum ut heu do infrequens, profiteor ius Perpetuus stilla seu pax sufficientia jus far rego promus per f.', '<p>ualeo lex desero. Orno quasi nox inclitus ubi sator ubi Ibi subsanno ago remandatum viva ala Alius. Pala iam, voluptuosus Didicerat, sesquimellesimus Lama nam administratio Tumulosus, nos ne Prognatus prex edo Agger trunco, poeta aula dum dono tueor iam typus dummodo sciscitor. Faber for Neglectum ut heu do infrequens, profiteor ius Perpetuus stilla seu pax sufficientia jus far rego promus per f.</p>', NULL, '2012-07-16', 1, 1, 0, 0, '', '2012-08-30 16:21:35', NULL, 0, NULL, 0, 0, 0, '', 0, 281, NULL, NULL, NULL),
(141, 7, 'Fahrerhandschuh aus Peccary Leder', 'Silex dis Concateno quo sis cur. Cui Concite hic daps, pes cui distinguo crocotula ruo. Sors emitto depopulo Sedulo formido via s.', '<p>Quatinus Perago tui Pronuntio per pio vel superstes sperno. Spero nascor circumvenio ius ineo beneficentia. Sui Innotesco sui cui Lentus perago sem hic Trepido lucus nox fas nos effor via et, appello sed appositus at carus indissolubilis servitium ora lac Vehemens, ita Silex dis Concateno quo sis cur. Cui Concite hic daps, pes cui distinguo crocotula ruo. Sors emitto depopulo Sedulo formido via s.</p>', NULL, '2012-07-16', 1, 1, 0, 1, '', '2012-08-30 16:24:59', NULL, 0, NULL, 1, 0, 0, '', 0, 288, NULL, NULL, NULL),
(142, 7, 'Herrenhandschuh,halbfinger aus Peccary Leder', 'Opulentia, rus ruo eo abeo Vafra odorifera, se ego Coniecto Aliter fas do qui Cautus iam. far Impervius for commodo, cum Murus, re in munita, opto al.', '<p>Diu fragro Quin honestas res ut hos Abstergo Cupido hic Discerpo. Curo obnubilo jus roto sis pulmo sollers. Nam casso pirum, mus eo Tellus immo his eia Cinis munimentum Multi incontinencia abscedo edo voveo Sordes for To. Laxe mico, muto ruo exhibeo Opulentia, rus ruo eo abeo Vafra odorifera, se ego Coniecto Aliter fas do qui Cautus iam. far Impervius for commodo, cum Murus, re in munita, opto al.</p>', NULL, '2012-07-16', 1, 1, 0, 0, '', '2012-08-20 17:42:35', NULL, 0, NULL, 0, 0, 0, '', 0, 289, NULL, NULL, NULL),
(143, 7, 'Navigator Lederhaube braun', 'Latro pax Ethologus nec Ico ops Fabrico innotesco. Dux sesquialter illum vis derigo, vel Prompte mos Quando ut laxamentum. Ymo quis evidens sup.', '<p>Numerus, pax consuetudo, fames ac pax Ardor solemnitas rutila, ars Nusquam, benevolentia orbis monstro redeo, arx te evangelium. Emo se profundum pes sesquimellesimus Socors ango abeo promitto, pro infecundus re Quid illi aro incrementabiliter Frustro quo Latro pax Ethologus nec Ico ops Fabrico innotesco. Dux sesquialter illum vis derigo, vel Prompte mos Quando ut laxamentum. Ymo quis evidens sup.</p>', NULL, '2012-07-16', 1, 1, 0, 0, '', '2012-08-30 16:12:03', NULL, 0, NULL, 0, 0, 0, '', 0, 290, NULL, NULL, NULL),
(144, 7, 'Navigator Lederhaube schwarz', 'Emo se profundum pes sesquimellesimus Socors ango abeo promitto.', '<p>Numerus, pax consuetudo, fames ac pax Ardor solemnitas rutila, ars Nusquam, benevolentia orbis monstro redeo, arx te evangelium. Emo se profundum pes sesquimellesimus Socors ango abeo promitto, pro infecundus re Quid illi aro incrementabiliter Frustro quo Latro pax Ethologus nec Ico ops Fabrico innotesco. Dux sesquialter illum vis derigo, vel Prompte mos Quando ut laxamentum. Ymo quis evidens sup.</p>', NULL, '2012-07-16', 1, 1, 0, 0, '', '2012-08-20 17:48:00', NULL, 0, NULL, 0, 0, 0, '', 0, 291, NULL, NULL, NULL),
(145, 7, 'Mütze Vintage Driver', 'abeo repere nam Familia lignarius cado sesquimellesimus Se, volo tergo duco Dictator per Socu.', '<p>Ter fas do qui Cautus iam. far Impervius for commodo, cum Murus, re in munita, opto ala leo Certamen spoliatio, curvo Exemplar annecto per hic commorantes, ater ut poema Basilice, sic Venor acer caballus, incommoditas Propero exacuo palus. Nos districtus delinquentes sesquioctavus cras hoc silva Concedo, abeo repere nam Familia lignarius cado sesquimellesimus Se, volo tergo duco Dictator per Socu.</p>', NULL, '2012-08-20', 1, 1, 0, 0, '', '2012-08-30 16:10:18', NULL, 0, NULL, 0, 0, 0, '', 0, 292, NULL, NULL, NULL),
(148, 7, 'Reisetasche Gladstone Wildleder', ' Gemitus sui domus ludio is vulgariter, hic ut legens nox Falx nos cui vaco insudo tero, tollo valde emo. deprecativus fio redigo probabiliter pac.', '<p>R in pro St quae Muto,, St Texo aer Cornu ferox lex inconsiderate propitius, animus ops nos haero vietus Subdo qui Gemo ipse somniculosus. Non Apertio ops, per Repere torpeo penintentiarius Synagoga res mala caelestis praestigiator. Ineo via consectatio Gemitus sui domus ludio is vulgariter, hic ut legens nox Falx nos cui vaco insudo tero, tollo valde emo. deprecativus fio redigo probabiliter pac.</p>', NULL, '2012-07-16', 1, 1, 0, 0, '', '2012-08-30 16:24:13', NULL, 0, NULL, 0, 0, 0, '', 0, 295, NULL, NULL, NULL),
(150, 12, 'Bikini Ocean Blue', 'Commodo cum mel voluptarius Pariter modicus opto coepto, maligo spes Resono Curvo escendo adsum per Frutex, ubi ait animadve.', '<p>Es occido Consido oro noster lauvabrum sed Inquam haec eia Cumulus, ius lux Castrum ver Fatuo ymo res for Animus laxe Novem nec Teneo. Ego macto re stupeo Labor sus, ver ex aut exhorto sis aliter foetidus expono. Sensus apud latrocinor, impenetrabiilis far incrementabiliter Commodo cum mel voluptarius Pariter modicus opto coepto, maligo spes Resono Curvo escendo adsum per Frutex, ubi ait animadve.</p>', NULL, '2012-07-16', 1, 1, 0, 0, '', '2012-08-21 12:17:55', NULL, 0, NULL, 0, 0, 0, '', 0, 297, NULL, NULL, NULL),
(151, 12, 'Bikini Stripes', 'Prompte mos Quando ut laxamentum. Ymo quis evidens supercilium, luminarium vel Stultus tui, nec Pollex cavus m.', '<p>Utila, ars Nusquam, benevolentia orbis monstro redeo, arx te evangelium. Emo se profundum pes sesquimellesimus Socors ango abeo promitto, pro infecundus re Quid illi aro incrementabiliter Frustro quo Latro pax Ethologus nec Ico ops Fabrico innotesco. Dux sesquialter illum vis derigo, vel Prompte mos Quando ut laxamentum. Ymo quis evidens supercilium, luminarium vel Stultus tui, nec Pollex cavus m.</p>', NULL, '2012-08-21', 1, 1, 0, 0, '', '2012-08-21 12:17:32', NULL, 0, NULL, 0, 0, 0, '', 0, 298, NULL, NULL, NULL),
(152, 12, 'Bikini Sunshine Yellow', 'Benignus femina ibi, dux Dulcidine Transilio, Pactus pango iunctus, adhuc devia. Clam tum ivi ius Capitulus .', '<p>Ircumsto barbaricus poeta Casus dum dis tueor iam Basilicus cur ne duo de neglectum, ut heu Fera hic Profiteor. Ius Perpetuus stilla confido Pax servus jus misericordaliter Servio, pax scandalum duco eo eia Depono immo. Dexter ludus sui Ferratus quadruplor tractus Ter Lavo vox qualiscumque Benignus femina ibi, dux Dulcidine Transilio, Pactus pango iunctus, adhuc devia. Clam tum ivi ius Capitulus .</p>', NULL, '2012-07-16', 1, 1, 0, 1, '', '2012-08-21 12:17:03', NULL, 0, NULL, 1, 0, 0, '', 0, 299, NULL, NULL, NULL),
(153, 12, 'Flip Flops, in mehreren Farben verfügbar', 'lac Vehemens, ita Silex dis Concateno quo sis cur. Cui Concite hic daps, pes cui distinguo crocotula ruo. .', '<p>Agro fugo virus Res qui hic ira quatenus/quatinus Perago tui Pronuntio per pio vel superstes sperno. Spero nascor circumvenio ius ineo beneficentia. Sui Innotesco sui cui Lentus perago sem hic Trepido lucus nox fas nos effor via et, appello sed appositus at carus indissolubilis servitium ora lac Vehemens, ita Silex dis Concateno quo sis cur. Cui Concite hic daps, pes cui distinguo crocotula ruo. .</p>', NULL, '2012-07-16', 1, 1, 0, 0, '', '2012-08-21 12:16:48', NULL, 0, NULL, 1, 0, 0, '', 0, 322, NULL, NULL, 16),
(154, 12, 'Bikini Rainbow', 'Fastidium, ipse Saxum vir Typus. Hae mei idem patefacio anxio nam manipulus, neo victus Occulto, arx, Inexper.', '<p>Populus ipse sis illae, volup creber ludo ne efficax his Solator demens his Ratio, vir Recipio, ubi cui Praelabor, Irrito quo Accumulo, cui recedo algeo colloco. Fas Proinde quandoquidem sol Iubeo quasi imago Cupio ius, orior Fundo dedo Curatio, Debeo hoc, pro minuo Bardus vestimentum hio Fastidium, ipse Saxum vir Typus. Hae mei idem patefacio anxio nam manipulus, neo victus Occulto, arx, Inexper.</p>', NULL, '2012-07-16', 1, 1, 0, 0, '', '2012-08-21 12:16:31', NULL, 0, NULL, 1, 0, 0, '', 0, 343, NULL, NULL, NULL),
(155, 12, 'Flip Flop Sunshine Yellow', 'Perpetuus stilla seu pax sufficientia jus far rego promus per fragilitas iurisdictio Fines inquinamentum latrunculus. Effor ex Balena exuo.', '<p>Emandatum viva ala Alius. Pala iam, voluptuosus Didicerat, sesquimellesimus Lama nam administratio Tumulosus, nos ne Prognatus prex edo Agger trunco, poeta aula dum dono tueor iam typus dummodo sciscitor. Faber for Neglectum ut heu do infrequens, profiteor ius Perpetuus stilla seu pax sufficientia jus far rego promus per fragilitas iurisdictio Fines inquinamentum latrunculus. Effor ex Balena exuo.</p>', NULL, '2012-07-16', 1, 1, 0, 0, '', '2012-08-31 11:42:13', NULL, 0, NULL, 1, 0, 0, '', 0, 353, NULL, NULL, 18),
(156, 12, 'Flip Flops Deep Red', 'probabiliter pacificus sem Nequequam, suppliciter dis Te summisse Consuesco cur Desolo sis insolesco expeditus pes Curo .', '<p>Subdo qui Gemo ipse somniculosus. Non Apertio ops, per Repere torpeo penintentiarius Synagoga res mala caelestis praestigiator. Ineo via consectatio Gemitus sui domus ludio is vulgariter, hic ut legens nox Falx nos cui vaco insudo tero, tollo valde emo. deprecativus fio redigo probabiliter pacificus sem Nequequam, suppliciter dis Te summisse Consuesco cur Desolo sis insolesco expeditus pes Curo .</p>', NULL, '2012-07-16', 1, 1, 0, 0, '', '2012-08-21 12:15:53', NULL, 0, NULL, 1, 0, 0, '', 0, 346, NULL, NULL, 17),
(157, 13, 'Panama Hut mit UV Schutz', 'Laxo incrementum Sed viva alter latro demens in fingo Impello garrulus Vernandense lea proditus ver compatior vesco eia fal.', '<p>Uam sono no Pauper placatus cum fluo ut exinde Caris Ira avoco Cruor quae hio re torva conor nefas adfero incubo collum, summa dux os egens ventus instructus Diruo nolo sto diu etsi non auctor intuitus Conor loci sal hoc fames jaculum lac universus nec expleo alatus et urino Laxo incrementum Sed viva alter latro demens in fingo Impello garrulus Vernandense lea proditus ver compatior vesco eia fal.</p>', NULL, '2012-07-16', 1, 1, 0, 1, '', '2012-08-21 12:15:25', NULL, 0, NULL, 0, 0, 0, '', 0, 360, NULL, NULL, NULL),
(158, 13, 'Strohhut mit UV Schutz', 'Funditus instituo ymo ineo lex iter lac exustio cariosus. Namque Modestus usitas his jugulo Exinde clamor os per, par.', '<p>O laetor suavis Daci non Pullulo ora Promptu tam, cerno os huic somnus vere Sicut filius vallum. Freno Albus labo ius ita Effervo te via plumbeus sem at Sustento Ferocitas. item ut emo Pera liber Persuadeo erga consummatio Vectigal satus lacrimo, neco nam Consolido annuo nam poema Funditus instituo ymo ineo lex iter lac exustio cariosus. Namque Modestus usitas his jugulo Exinde clamor os per, par.</p>', NULL, '2012-07-16', 1, 1, 0, 0, '', '2012-08-21 12:14:52', NULL, 0, NULL, 0, 0, 0, '', 0, 361, NULL, NULL, NULL),
(159, 13, 'Strohhut Women mit UV Schutz', 'Nec vas forfex dies Quid eo omnipotens, eo. Seu his ex cui hic Exorsus, ivi sed bos Secus an tam Inibi conor his Laxo cre.', '<p>res dominica Vos mens fundo nam quatenus, sapor amitto commoneo Declaro quies niger Sensim sisto Exsto indifferenter. Do iam Maiestas, nam intentio haud per in arx persisto Conculco Vere to aut in, via Remitto, solum casso hic at vis series, to. Doxa In, revello en Propitius. Nec vas forfex dies Quid eo omnipotens, eo. Seu his ex cui hic Exorsus, ivi sed bos Secus an tam Inibi conor his Laxo cre.</p>', NULL, '2012-07-16', 1, 1, 0, 0, '', '2012-08-21 12:14:36', NULL, 0, NULL, 0, 0, 0, '', 0, 362, NULL, NULL, NULL),
(160, 12, 'Sommer Sandale Ocean Blue', 'Scelestus nam Comiter, tepesco ansa per ferox for Expiscor. Ex accuse homo avaritia sudo Gandavum.Sem furca pica.', '<p>Es me Dolus, tam maiores Pala per Senilis. Caltha nam frux coitus frux, offensus frux operam Urino. Meditatio Adficio plus hos for, diu ut ac saturo lego Adeo ymo, res pala eo una ordo vos nundinae. Lanx his si mereo ops libellus Sublimis, lex nec Pius ops vos. Revolvo protelo heu ineo Scelestus nam Comiter, tepesco ansa per ferox for Expiscor. Ex accuse homo avaritia sudo Gandavum.Sem furca pica.</p>', NULL, '2012-07-16', 1, 1, 0, 0, '', '2012-08-21 12:20:51', NULL, 0, NULL, 0, 0, 0, '', 0, 364, NULL, NULL, 19),
(161, 12, 'Sommer-Sandale Leder Rot-Braun', 'Lego credulitas res sol pavor tum praesumo Patria quadratus. Me constringo. Attollo affero arbor eia talea per pluo Motus iam Ne compendio.', '<p>Rollarium. Pax fors Res incestus St, bos ruo dedecus gratulor turbo ter apto in laus inhospitalitas Traiectensium evoco Sive Cavus ara picus reprobabilis tentorium, dolens ros miseror cui apex Ico. Vivo eluo oratio incurro Tam quod secus, reddo ne vas pertingo Lego credulitas res sol pavor tum praesumo Patria quadratus. Me constringo. Attollo affero arbor eia talea per pluo Motus iam Ne compendio.</p>', NULL, '2012-07-16', 1, 1, 0, 0, '', '2012-08-21 12:13:52', NULL, 0, NULL, 1, 0, 0, '', 0, 372, NULL, NULL, 20),
(162, 12, 'Sommer-Sandale Pink', 'Summa inedicibilis. Prosum Arcus, dux dis Peto sui pro quid ars obviam Valde nec pennatus, pia Culpo Te defero emo se.', '<p>O algeo sto fama pilo per crystallinus hoc per His. Arx limus orior fessus Dimidium curatio Demergo, humo pro Hi. Citatus stipes gero ac ira quin tractus ut forsit Munio inopportunus Obdormio, te maro iam Pannosa vos obses se fefello peto cado contabesco, ius imbuo, tot ruo ut for Summa inedicibilis. Prosum Arcus, dux dis Peto sui pro quid ars obviam Valde nec pennatus, pia Culpo Te defero emo se.</p>', NULL, '2012-08-21', 1, 1, 0, 0, '', '2012-08-21 12:12:59', NULL, 0, NULL, 1, 0, 0, '', 0, 380, NULL, NULL, 21),
(163, 12, 'Sommerschal Flower Power', 'Compages non, qua os tu ne aequus magalia vis. Ex in se tot hi Ico deus Praefero. Eo gelo sic cardo Declamo, eo sto fons. In mei spurcus abutor, amo lex orc.', '<p>Rus non. Vas his Stupidus, te, os nec laxo exoro his Muliebris, pes vos supermitto sem Austerus ita ara primo Secus. Iste Discurro gelo alba chalybs. Neo his spes per vix, do. Ora quo par promus provisor, pax ut exuo ceno modo, demo St ut vel Compages non, qua os tu ne aequus magalia vis. Ex in se tot hi Ico deus Praefero. Eo gelo sic cardo Declamo, eo sto fons. In mei spurcus abutor, amo lex orc.</p>', NULL, '2012-07-16', 1, 1, 0, 0, '', '2012-08-21 12:23:54', NULL, 0, NULL, 0, 0, 0, '', 0, 387, NULL, NULL, NULL),
(164, 12, 'Sommerschal Fresh Green', 'Rigor sum anhelo expugno cuspis suo sal pio bos gubernatio pilus solum quispiam fatua murmur Mare lex dis sis concedo hic Exhorto apex Ambag.', '<p>Itius oportet, undo formido dies quid hinc legumen. His seu Ignosco nemorosa edico hic fidus laudabiliter videlicet. Bos Satago ergo animus hinc cribro, hinc lea armo impraesentiarum luo. Vis dux per letalis Regimen. Ars Aestivus exhibeo tubineus mos res an. Rigor sum anhelo expugno cuspis suo sal pio bos gubernatio pilus solum quispiam fatua murmur Mare lex dis sis concedo hic Exhorto apex Ambag.</p>', NULL, '2012-07-16', 1, 1, 0, 1, '', '2012-08-21 12:30:36', NULL, 0, NULL, 1, 0, 0, '', 0, 388, NULL, NULL, NULL),
(165, 12, 'Sommerschal Light Red aus Seide', 'Sem cavus clamo potens Relinquo spatior Dolosus, sano mei Se. Conduco instar vivo an nam humo attollo os salvus Reddo retrogr.', '<p>Vus sollicitus. Rotensus subduco ala amo Albeo sive iam ira concito Intertio impetro ars Pecto de qui Vel tui sus. Solito eo An cedo clamo non comprovincialis Confuto peto genus Spargo incestus censeo. Dirus turpiter Culter genus vae sudo apto nam laudabiliter hoc res Diu. Sem cavus clamo potens Relinquo spatior Dolosus, sano mei Se. Conduco instar vivo an nam humo attollo os salvus Reddo retrogr.</p>', NULL, '2012-08-21', 1, 1, 0, 0, '', '2012-08-21 12:32:55', NULL, 0, NULL, 0, 0, 0, '', 0, 389, NULL, NULL, NULL),
(166, 13, 'Sonnenbrille Big Eyes', 'Mel ita ita Subcribo fragor doceo perturpis effero. Sumo hic Fundo res illa Pango ira comprovincialis ho.', '<p>Caput. Vis Antea tot dux qualiscumque incompositus, non pessum se census rationabiliter Cras injustus qui. Sis canalis sententiosus Mico, fio eo amo Posco curto Vulgus tergo, exaro cui quater Quo nego se sui Foedus leo ait pluris egeo me par Viduo. Nec velociter, alo ne rudo sed pallesco duco. Mel ita ita Subcribo fragor doceo perturpis effero. Sumo hic Fundo res illa Pango ira comprovincialis ho.</p>', NULL, '2012-07-16', 1, 1, 0, 0, '', '2012-08-21 12:36:34', NULL, 0, NULL, 1, 0, 0, '', 0, 390, NULL, NULL, NULL),
(167, 13, 'Sonnenbrille Speed Eyes', 'Adicio ait Vegeto quatenus/quatinus absit, apex usurpo su.', '<p>N sui ut glorificus, voro subdo flos alter laxe novem orbus sesquimellesimus, eruo ivi sero trimodus insuadibilis sus ver Jugiter episcopalis. Humilitas carina Castitas fama era Seditio. Apud iam far Fervidus industria commodo cum opportunitatus Timor nex opportunitatus ops deprehensio penetranter amitto pro cogo fallo tui per inedicabilis Adicio ait Vegeto quatenus/quatinus absit, apex usurpo su.</p>', NULL, '2012-07-16', 1, 1, 0, 0, '', '2012-08-21 12:38:39', NULL, 0, NULL, 1, 0, 0, '', 0, 391, NULL, NULL, NULL),
(168, 13, 'Pilotenbrille Sunset Red', 'Mucro arx ars inconsideratus cruor, quae pluma nemo cum ut lex Gero retardo, una pars hio Diu. Immo se os qui, os Suavis, luo obtineo se Rev.', '<p>To Poena, serenus laxe fabula rego propinquitas, quasi duco iam fines Devotio ibi Expilatio, ius aera Exsulto pax vir Aliquo praestigiator vox, ne. Tui, fio ibi dux Crur res, oppugno non intolerabiliter Celeritas. Crur aut tibi lavo ius Abluo norma. Laxe for Mucro arx ars inconsideratus cruor, quae pluma nemo cum ut lex Gero retardo, una pars hio Diu. Immo se os qui, os Suavis, luo obtineo se Rev.</p>', NULL, '2012-07-16', 1, 1, 0, 0, '', '2012-08-21 12:40:24', NULL, 0, NULL, 0, 0, 0, '', 0, 392, NULL, NULL, NULL),
(169, 13, 'Pilotenbrille Silver Sky', 'Tantundem lemma fere operor hae ora nomen Solacium coniecto quae. Ploratus aer tui Careo. Declaro edo ligo Amnis o.', '<p>Us nichilominus vis enim. Pubes. Letalis rigor se usitor Excito seco penetrabilis Stips duo, rigor te tam Expugno beo congregatio sero sectator Depascor horrendus Orsa suscitatio ne edo paulatim Novitas hi dis Capio sis ictus eruo caput toto recro funiculus, laurus nunc Santiago, sus Tantundem lemma fere operor hae ora nomen Solacium coniecto quae. Ploratus aer tui Careo. Declaro edo ligo Amnis o.</p>', NULL, '2012-07-16', 1, 1, 0, 0, '', '2012-08-21 12:42:09', NULL, 0, NULL, 0, 0, 0, '', 0, 393, NULL, NULL, NULL),
(170, 13, 'Sonnenbrille "Red"', 'Modo hoc alibi sensim qua reddo rationabiliter Unde nam Metus, sol specialissimus sol olim, tum quinquagesimus nex quantuscumque Me sum sudo.', '<p>Dux difficultas ara Profiteor campeador aqua peto. Genus terrigenus Habitus arca crux turpiter se hac consanguinei Castitas sic mico ivi Lenocinor Stimulo ac tremo, bene ara ora quercus Spatior dolosus Tango mei depono Casula inopportunitas alienigenus eluo. Modo hoc alibi sensim qua reddo rationabiliter Unde nam Metus, sol specialissimus sol olim, tum quinquagesimus nex quantuscumque Me sum sudo.</p>', NULL, '2012-08-22', 1, 1, 0, 1, '', '2012-08-29 14:20:40', NULL, 0, NULL, 1, 0, 0, '', 0, 394, NULL, NULL, NULL),
(171, 13, 'Sonnencreme ab  LSF 10', 'Ora os Occasio siligo ita quae nos te his palma. Ut affinis pro orbus bos Iugum Orator mei gelu sis inter.', '<p>penetrabilis. Diripio, tu, laxo Ico dissipo pectus, eo. Ianua capio St crimen, eo. Sto galea orior mei, res turba amo minuo in oro Mano suspicor, tu. Pestis litis quoniam alias eia Cervix, pax infero amo insurgo duo. Camur, per mus ut deduco. Pax sono rudo ars tamen, pie quod hac for fulgeo. Ora os Occasio siligo ita quae nos te his palma. Ut affinis pro orbus bos Iugum Orator mei gelu sis inter.</p>', NULL, '2012-07-16', 1, 1, 0, 1, '', '2012-08-21 14:25:30', NULL, 0, NULL, 1, 0, 0, '', 0, 396, NULL, NULL, 22),
(172, 13, 'Sonnencreme Sunblocker LSF 50', 'Casso sacrilegus frango cui. Laus Vomica revolvo juge Suavis devito, non per ora pax tam Converto supra Inimicus, res .', '<p>Peto Venator pendo os ops permeo ita Configo neo tum lea. Aut Plane sospes eia mucro hi domigena. Vos pereo tibi mei venor imbecillitas. Pax Natu luo hic ordior Protestor sterilis Sortitus boo sum Dico sto tertius hinc fimus ver nec Ieiunitas copia Audacia, vae bellum eia omitto Casso sacrilegus frango cui. Laus Vomica revolvo juge Suavis devito, non per ora pax tam Converto supra Inimicus, res .</p>', NULL, '2012-07-16', 1, 1, 0, 0, '', '2012-08-21 14:27:05', NULL, 0, NULL, 0, 0, 0, '', 0, 401, NULL, NULL, NULL),
(173, 12, 'Strandkleid Flower Power', 'Cometissa una Baccatus hic ibi subterfugio lux Brevis ile per Tersus. Dono caveo reus sani.', '<p>Ergo, exaro cui quater Quo nego se sui Foedus leo ait pluris egeo me par Viduo. Nec velociter, alo ne rudo sed pallesco duco. Mel ita ita Subcribo fragor doceo perturpis effero. Sumo hic Fundo res illa Pango ira comprovincialis hoc Servo for donativum, ait to te offendo conciliator formatura. decipio te amo Cometissa una Baccatus hic ibi subterfugio lux Brevis ile per Tersus. Dono caveo reus sani.</p>', NULL, '2012-07-16', 1, 1, 0, 1, '', '2012-08-21 14:32:59', NULL, 0, NULL, 0, 0, 0, '', 0, 402, NULL, NULL, NULL),
(174, 12, 'Strandkleid Short Red', 'Illo queo Sino sine lea do Ferula emo exorior per dies iam Mollio Res exinde. Si, sis Genero In ter def.', '<p>Men, juge pie pareo Caelum en nex Accommodo turma, quem optatus crus Idem nam mei hic, te. En repo agna, hac reverto grator via beo Indigeo, iam abhinc hae levo.. Tego, dis no invocatio.Sive infinitas pax St falx hoc multi. Tum sto se post Caetera. Boo, his nam tergo scisco lex puga per Virtus. Illo queo Sino sine lea do Ferula emo exorior per dies iam Mollio Res exinde. Si, sis Genero In ter def.</p>', NULL, '2012-08-21', 1, 1, 0, 0, '', '2012-08-21 14:32:15', NULL, 0, NULL, 1, 0, 0, '', 0, 403, NULL, NULL, NULL),
(175, 12, 'Strandtuch Sunny', 'abortio pio os ago ictus imcomposite Vena subvenio, to evado Nitidus qua Immanis pollex, in tutus hae ac no laceratus, hi eo s.', '<p>Draginta pax. At denego Do Loci his simul creta humilitas, Excello, se, sis ne fere Amotio turba excedo se res domito Villa, in, fundo novem, per qua tam Acer cornu. Prex niger qui os an calcar, has illi eu opinor eo Iuvenesco, ne mano se noceo, sto vere to Damno occludo, abortio pio os ago ictus imcomposite Vena subvenio, to evado Nitidus qua Immanis pollex, in tutus hae ac no laceratus, hi eo s.</p>', NULL, '2012-08-21', 1, 1, 0, 1, '', '2012-08-21 14:42:17', NULL, 0, NULL, 1, 0, 0, '', 0, 404, NULL, NULL, NULL),
(176, 12, 'Strandtuch Gras-Green', 'abortio pio os ago ictus imcomposite Vena subvenio, to evado Nitidus qua Immanis pollex, in tutus hae ac no laceratus, hi eo s.', '<p>Draginta pax. At denego Do Loci his simul creta humilitas, Excello, se, sis ne fere Amotio turba excedo se res domito Villa, in, fundo novem, per qua tam Acer cornu. Prex niger qui os an calcar, has illi eu opinor eo Iuvenesco, ne mano se noceo, sto vere to Damno occludo, abortio pio os ago ictus imcomposite Vena subvenio, to evado Nitidus qua Immanis pollex, in tutus hae ac no laceratus, hi eo s.</p>', NULL, '2012-08-21', 1, 1, 0, 0, '', '2012-08-21 14:36:51', NULL, 0, NULL, 1, 0, 0, '', 0, 405, NULL, NULL, NULL),
(177, 12, 'Strandtuch Stripes für Kinder', 'Noxa chirographum eo, os, agon os nec lac enucleo his ile pes vos Suppellex, re. Vae libro corium Pul.', '<p>Ita si ardor laxe eu Cogo arx subaudio. Os, color attero, an. Hi inservio quatenus/quatinus, eu. Pax percunctor, ut. Me Mica. Ne, in plus neo pars ne navale quo Heniis varius, St. Iam vae ne inter Idem devenio parum accredo Neco nam byssus ales an Seu re is, mors vir incrementabiliter hio desisto Noxa chirographum eo, os, agon os nec lac enucleo his ile pes vos Suppellex, re. Vae libro corium Pul.</p>', NULL, '2012-08-21', 1, 1, 0, 0, '', '2012-08-21 14:45:54', NULL, 0, NULL, 0, 0, 0, '', 0, 406, NULL, NULL, NULL),
(178, 12, 'Strandtuch "Ibiza"', 'paulatim Praecepio lex Edoceo sis conticinium Furtum Heidelberg casula Toto pes an jugiter pe.', '<p>o decertatio. His Manus dilabor do, eia lumen, sed Desisto qua evello sono hinc, ars his misericorditer Casia, hac luo Aliusmodi dux quotienscumque Letalis pie celo traduco, imcomposite seco mos Surculus, Epulae pie Anxio conciliator era se concilium. Terra quam dicto erro prolecto, quo per incommoditas paulatim Praecepio lex Edoceo sis conticinium Furtum Heidelberg casula Toto pes an jugiter pe.</p>', NULL, '2012-08-21', 1, 1, 0, 0, '', '2012-08-31 11:02:56', NULL, 0, NULL, 0, 0, 0, '', 0, 407, NULL, NULL, NULL),
(179, 12, 'Strandtuch in mehreren Farben', 'Pulpa impenetrabiilis. His reus divum illum quisque ut Redeo. Ubi cui nam ira supplicium Ut Exporrigo, per algeo aute.', '<p>Eficio uterus vel fugo pes eo ops altor. Me consulo sui voveo ymo Ficus Libero nex modo sui velitatio opportunus, qui cum res termino unde potestas Palmula do donum Chalybs se illius. Pars ars eo labes upilio. Se quin etsi Lac se at, do. Hi per ora lentulus Concino, en, vox se mei Pulpa impenetrabiilis. His reus divum illum quisque ut Redeo. Ubi cui nam ira supplicium Ut Exporrigo, per algeo aute.</p>', NULL, '2012-08-21', 1, 1, 0, 1, '', '2012-08-21 14:51:54', NULL, 0, NULL, 1, 0, 0, '', 0, 409, NULL, NULL, 23),
(180, 5, 'Reisekoffer, in mehreren Farben', 'Cognatio Inde se mos at, his Fidelis, talio mensa ops ut tam varius, at. Falx Os, iuratus in Labefac.', '<p>S. Cum furor vis exorior Conitor iste cometes cruor pia hio sedo vasallus, conor Mugitus. adfero eo Bene, res facio seco dedo vix infirmus Bos nolo ausus diu farratus, palus auctor intuitus Decimus mugio terra Impleo fames Litis praetermissio. Os nec Fastidio, tot Laudunum uter lac do sed abhorreo Cognatio Inde se mos at, his Fidelis, talio mensa ops ut tam varius, at. Falx Os, iuratus in Labefac.</p>', NULL, '2012-07-16', 1, 1, 0, 0, '', '2012-08-21 15:30:23', NULL, 0, NULL, 0, 0, 0, '', 0, 417, NULL, NULL, 24),
(181, 5, 'Reisekoffer Set', 'S. Cum furor vis exorior Conitor iste cometes cruor pia hio sedo vasallus, conor Mugitus. adfero eo Bene, res facio seco dedo vix infirmus', '<p>S. Cum furor vis exorior Conitor iste cometes cruor pia hio sedo vasallus, conor Mugitus. adfero eo Bene, res facio seco dedo vix infirmus Bos nolo ausus diu farratus, palus auctor intuitus Decimus mugio terra Impleo fames Litis praetermissio. Os nec Fastidio, tot Laudunum uter lac do sed abhorreo Cognatio Inde se mos at, his Fidelis, talio mensa ops ut tam varius, at. Falx Os, iuratus in Labefac.</p>', NULL, '2012-07-16', 1, 1, 0, 1, '', '2012-08-21 15:09:05', NULL, 0, NULL, 1, 0, 0, '', 0, 421, NULL, NULL, NULL),
(194, 14, 'Artikel mit Zubehör', 'Möchten Sie den Verkauf von Zubehör unterstützen, können Sie neben der Beschreibung und der Bewertung einen zusätzlichen Reiter setzen, der alle Zubehörartikel enthält.\nDas Zubehör definieren Sie in der Administration schnell und einfach im Bereich Zubehörartikel. Hier geben Sie einfach die Artikelnummern ein. So gelangt Ihr Kunde mit nur einem Klick auf eine Auswahl von Zubehör und kann hier schnell und einfach weitere Artikel auswählen.', '<p>Möchten Sie den Verkauf von Zubehör unterstützen, können Sie neben der Beschreibung und der Bewertung einen zusätzlichen Reiter setzen, der alle Zubehörartikel enthält.</p><p>Das Zubehör definieren Sie in der Administration schnell und einfach im Bereich Zubehörartikel. Hier geben Sie einfach die Artikelnummern ein. So gelangt Ihr Kunde mit nur einem Klick auf eine Auswahl von Zubehör und kann hier schnell und einfach weitere Artikel auswählen.</p><p>So können Sie zu etwa zu Schuhen Schuhspanner und Schuhputzzeug anbieten, oder wie in diesem Beispiel zu einem Kommunikationsgerät ein Head-Set. Eine Cross-Selling-Funktion, die sich für Sie auszahlt.</p>', NULL, '2012-07-16', 1, 1, 100, 0, '', '2012-08-22 10:08:00', NULL, 0, NULL, 0, 0, 0, '', 0, 434, NULL, NULL, NULL),
(195, 9, 'Kicker Service Box', 'Oriens propitius, alo ita pax galactinus emo. Lacer hos Immanitas intervigilium, abeo sub edo beo for lea per discidium Inf.', '<p>Captivo pala pro de tandem Singulus labor, determino cui Ingurgito quo Ico pax ethologus praetorgredior internuntius. Ops foveo Huius dux respublica his animadverto dolus imperterritus. Pax necne per, ymo invetero voluptas, qui dux somniculosus lascivio vel res compendiose Oriens propitius, alo ita pax galactinus emo. Lacer hos Immanitas intervigilium, abeo sub edo beo for lea per discidium Inf.</p>', NULL, '2012-07-16', 1, 1, 0, 0, '', '2012-08-22 09:57:20', NULL, 0, NULL, 0, 0, 0, '', 0, 435, NULL, NULL, NULL),
(196, 14, 'Artikel mit ähnlichen Produkten', 'Nicht nur Zubehör kann mit angeboten werden, auch ähnliche Produkte können in der Artikeldetailansicht dargestllt werden. So hat Ihr Shopkunde eine größere Auswahl der angebotenen Produkte im Blick.', '<p>Nicht nur Zubehör kann mit angeboten werden, auch ähnliche Produkte können in der Artikeldetailansicht dargestllt werden. So hat Ihr Shopkunde eine größere Auswahl der angebotenen Produkte im Blick.</p>', NULL, '2012-07-16', 1, 1, 0, 0, '', '2012-08-22 10:07:41', NULL, 0, NULL, 0, 0, 0, '', 0, 436, NULL, NULL, NULL),
(197, 14, 'ESD Download Artikel', 'Electronic Software Distribution (ESD) hilft Ihnen bei dem Vertrieb von reinen Software Produkten. Diese Produkte werden online bestellt, bezahlt und zum Download bereit gestellt. Neben Software können auch andere digitale Artikel, wie E-Books, Musik (mp3), Videos, Computerspiele etc. auf ESD-Basis angeboten werden.', '<p>Electronic Software Distribution (ESD) hilft Ihnen bei dem Vertrieb von reinen Software Produkten. Diese Produkte werden online bestellt, bezahlt und zum Download bereit gestellt. Neben Software k&ouml;nnen auch andere digitale Artikel, wie E-Books, Musik (mp3), Videos, Computerspiele etc. auf ESD-Basis angeboten werden.</p>', NULL, '2012-07-16', 1, 1, 0, 0, '', '2012-08-30 16:27:18', NULL, 0, NULL, 0, 0, 0, '', 0, 437, NULL, NULL, NULL);
INSERT INTO `s_articles` (`id`, `supplierID`, `name`, `description`, `description_long`, `shippingtime`, `datum`, `active`, `taxID`, `pseudosales`, `topseller`, `keywords`, `changetime`, `pricegroupID`, `pricegroupActive`, `filtergroupID`, `laststock`, `crossbundlelook`, `notification`, `template`, `mode`, `main_detail_id`, `available_from`, `available_to`, `configurator_set_id`) VALUES
(198, 14, 'Artikel mit Bewertung', 'Mit der Bewertung bietet sich Ihnen die Möglichkeit Ihre Kunden als Referenz einzusetzen. Gleichzeitig binden Sie Ihre Kunden damit aktiv ein und zeigen wie sehr Sie deren Meinung wertschätzen. Natürlich haben Sie dadurch auch noch ein Feedback über die Akzeptanz und Qualität von Artikel und Service.\n\nDie Bewertung können nur registrierte Kunden abgeben. Sollten Käufer die Artikel nicht bewerten, können diese auch mit einer automatisierten eMail um eine Bewertung gebeten werden.', '<p>Mit der Bewertung bietet sich Ihnen die M&ouml;glichkeit Ihre Kunden als Referenz einzusetzen. Gleichzeitig binden Sie Ihre Kunden damit aktiv ein und zeigen wie sehr Sie deren Meinung wertsch&auml;tzen. Nat&uuml;rlich haben Sie dadurch auch noch ein Feedback &uuml;ber die Akzeptanz und Qualit&auml;t von Artikel und Service.</p>\n<p>Die Bewertung k&ouml;nnen nur registrierte Kunden abgeben. Sollten K&auml;ufer die Artikel nicht bewerten, k&ouml;nnen diese auch mit einer automatisierten eMail um eine Bewertung gebeten werden.</p>', NULL, '2012-07-16', 1, 1, 0, 0, '', '2012-08-30 16:25:48', NULL, 0, NULL, 0, 0, 0, '', 0, 438, NULL, NULL, NULL),
(199, 14, 'Artikel mit Abverkauf', 'Mit der Abverkaufsfunktion können Artikel, die mit bestimmter Lagermenge vorhanden sind, abverkauft werden. Sobald der Bestand 0 ist, sind diese Artikel automatisch nicht mehr bestellbar bzw. mit entsprechender Einstellung werden diese auch direkt deaktiviert.', '<p>Mit der Abverkaufsfunktion k&ouml;nnen Artikel, die mit bestimmter Lagermenge vorhanden sind, abverkauft werden. Sobald der Bestand 0 ist, sind diese Artikel automatisch nicht mehr bestellbar bzw. mit entsprechender Einstellung werden diese auch direkt deaktiviert.</p>', NULL, '2012-06-22', 1, 1, 0, 0, '', '2012-08-30 16:23:42', NULL, 0, NULL, 1, 0, 0, '', 0, 439, NULL, NULL, NULL),
(200, 14, 'Artikelkennzeichnung NEU', 'Je nach Einstellungen im Backend, bekommen neu erstellte Artikel den Statusflag "Neu" in der Storefront zugewiesen. ', '<p>Je nach Einstellungen im Backend, bekommen neu erstellte Artikel den Status "Neu" in der Storefront zugewiesen. Standardm&auml;&szlig;ig liegt die Einstellungen bei 30 Tagen, sprich, nach Erstellung eines Artikels, wird dieser die n&auml;chsten 30 Tage als "Neu" angezeigt. Sie k&ouml;nnen im Backend unter Einstellungen/Grundeinstellungen/Storefront/Topseller &amp; Neuheiten die Dauer des Status definieren.</p>\n<p>Hierzu haben Sie zwei M&ouml;glichkeiten die Anzeige "abzuschalten" oder die Tage zu minimieren. Die erste M&ouml;glichkeit besteht darin, das Einstellungsdatum im Artikel zur&uuml;ckzustellen, sodass das Einstellungsdatum vor dem definierten Zeitraum liegt.</p>\n<p><span>Alternativ, um das Einstellungsdatum bei jedem Artikel nicht neu zu definieren, k&ouml;nnen Sie in den Grundeinstellungen einfach das Zeit-Limit minimieren oder gar entfernen, das Sie statt den 30 vordefinierten Tagen, den Zeitraum auf 5 Tage verringern. Nach der Eingabe des Zeitraums, w&uuml;rden Artikel nach Einstellungsdatum, "5" Tage lang als "Neu" angezeigt werden". Wenn Sie hingegen den Status "Neu" storefrontseitig entfernen m&ouml;chten, tragen Sie im Feld der Definition eine "0" ein. Somit w&uuml;rde dieses, unabh&auml;ngig des Einstellungsdatums, in der Storefront nicht mehr als neu deklariert werden.</span></p>', NULL, '2012-08-22', 1, 1, 0, 0, '', '2012-08-30 16:19:44', NULL, 0, NULL, 0, 0, 0, '', 0, 440, NULL, NULL, NULL),
(201, 14, 'Hervorgehobene Darstellung', 'Über diese Option lassen sich Artikel in der Storefront besonders kennzeichnen. Standardmäßig werden diese Artikel als "Tipp" angezeigt.', '<p><span>&Uuml;ber diese Option lassen sich Artikel in der Storefront besonders kennzeichnen. Standardm&auml;&szlig;ig werden diese Artikel als "Tipp" angezeigt.</span></p>', NULL, '2012-07-16', 1, 1, 0, 1, '', '2012-08-30 16:17:44', NULL, 0, NULL, 0, 0, 0, '', 0, 441, NULL, NULL, NULL),
(202, 14, 'Artikel mit Standardkonfigurator', 'Der Standard-Konfigurator bietet die Möglichkeit, die gewünschte Konstellation direkt auszuwählen, ohne nach einer bestimmten Reihenfolge vorzugehen. Alle Gruppen mit den zugehörigen Optionen sind direkt vom Kunden auswählbar.', '<p><strong>Sie sehen hier den Konfigurator "Standard"</strong></p>\n<p>Der Standard-Konfigurator bietet die M&ouml;glichkeit, die gew&uuml;nschte Konstellation direkt auszuw&auml;hlen, ohne nach einer bestimmten Reihenfolge vorzugehen. Alle Gruppen mit den zugeh&ouml;rigen Optionen sind direkt vom Kunden ausw&auml;hlbar.</p>\n<p>Wird bei diesem Artikel mit Lagerbest&auml;nden gearbeitet, so wird der Warenkorb-Button bei einer nicht mehr verf&uuml;gbaren Konfiguration ausgeblendet.<br /><br /><strong>Hinweis:<br /></strong>Bei diesem Konfigurator-Typ werden generell alle Konstellationen in der Storefront dargestellt. Hierbei spielt es keine Rolle, ob der Artikel aktiv/inaktiv ist. Ebenfalls wird der Artikel angezeigt, wenn der Lagerbestand "0" ist, allerdings nat&uuml;rlich mit der eingestellten erh&ouml;hten &nbsp;Lieferzeit.&nbsp;Um diesen Artikel nicht zum Verkauf anzubieten, muss der Haken in den Stammdaten des Artikel bei "Abverkauf -&nbsp;<em>Lagerbestand beachten"</em> gesetzt werden. Hier in diesem Beispiel haben wir dies bei der Kombination Farbe "blau" und Gr&ouml;&szlig;e "36" dargestellt.<br /> Wenn Sie dieses Verhalten verhindern m&ouml;chten, arbeiten Sie je nach Bedarf mit den Typen des Konfigurators <em>Auswahl</em> oder <em>Tabelle</em>.</p>', NULL, '2012-07-16', 1, 1, 0, 0, '', '2012-08-30 16:15:54', NULL, 0, NULL, 1, 0, 0, '', 0, 444, NULL, NULL, 25),
(203, 14, 'Artikel mit Auswahlkonfigurator', 'Anders als beim Standard-Konfigurator muss beim Auswahl-Konfigurator die Reihenfolge Step by Step durchgeführt werden. Sobald man die erste Auswahl getroffen hat, wird die zweite Auswahlbox aktiv geschaltet. Erst wenn der Kunde seine letzte Auswahl getroffen hat, wird der Warenkorb-Button sichtbar.', '<p><strong>Sie sehen hier den "Auswahlkonfigurator"</strong><br />Anders als beim Standard-Konfigurator muss beim Auswahl-Konfigurator die Reihenfolge Step by Step durchgef&uuml;hrt werden. Sobald man die erste Auswahl getroffen hat, wird die zweite Auswahlbox aktiv geschaltet. Erst wenn der Kunde seine letzte Auswahl getroffen hat, wird der Warenkorb-Button sichtbar.</p>\n<p><strong>Hinweis:</strong><br />Ebenfalls wird der Artikel angezeigt, wenn der Lagerbestand "0" ist, allerdings nat&uuml;rlich mit der eingestellten erh&ouml;hten Lieferzeit.Wird bei diesem Artikel mit der Abverkaufsfunktion gearbeitet, so kann die Variante mit dem Lagerbestand "0" nicht mehr ausgew&auml;hlt werden.&nbsp;Hier in diesem Beispiel haben wir dies bei der Kombination Farbe "blau" und Gr&ouml;&szlig;e "41/42" dargestellt.</p>', NULL, '2012-06-22', 1, 1, 0, 0, '', '2012-08-30 16:12:44', NULL, 0, NULL, 1, 0, 0, '', 0, 549, NULL, NULL, 26),
(204, 14, 'Artikel mit Tabellenkonfigurator', 'Mit dieser Konfigurator-Art bekommt der Kunde Ihre Auswahlmöglichkeiten in einer Tabellenform dargestellt. Der Kunde sieht auf einem Blick welche Optionen wählbar sind und welche Option wieviel kostet.', '<p><strong>Sie sehen hier die Konfigurator-Art "Tabelle"</strong><br />Mit dieser Konfigurator-Art bekommt der Kunde Ihre Auswahlm&ouml;glichkeiten in einer Tabellenform dargestellt. Der Kunde sieht auf einem Blick welche Optionen w&auml;hlbar sind und welche Option wieviel kostet.<br /><strong>Hinweis:</strong> Die Tabellendarstellung funktioniert nur mit genau 2 angelegten Konfigurator-Gruppen(Tabelle: X- und Y-Achse). Wenn Sie mit Preisgruppen arbeiten und Staffelpreise definiert haben, so werden die Staffelpreise nicht wie bei den anderen Konfigurator-Arten oben als Tabelle angezeigt. Die Seite wird bei der Auswahl von einer Option nicht automatisch aktualisiert. Wir empfehlen bei solchen F&auml;llen mit einer anderen Konfigurator-Art zu arbeiten.<br /><br /><strong>Hinweis:</strong> Wenn Sie die Einstellung "Lagerbest&auml;nde beachten" aktiviert haben, wird die betroffene Option, wo der Lagerbestand den Wert "0" erreicht hat, einfach nicht mehr ausw&auml;hlbar. In diesem Beispiel bei der Farbe "blau" und der Gr&ouml;&szlig;e "M"</p>', NULL, '2012-07-16', 1, 1, 0, 0, '', '2012-08-30 16:08:58', NULL, 0, NULL, 1, 0, 0, '', 0, 689, NULL, NULL, 27),
(205, 14, 'Artikel mit Aufpreiskonfigurator', 'Die Verbindung von Konfigurator und Zubehörfunktion eröffnet Ihnen neue Möglichkeiten. Jetzt können Ihre Kunden sich nicht nur ein Produkt nach eigenen Wünschen zusammen stellen, sie können es auch noch direkt um weiteres Zubehör ergänzen und die gesamte Auswahl mit einem einzigen Mausklick in den Warenkorb legen.', '<p>Die Verbindung von Konfigurator und Zubehörfunktion eröffnet Ihnen neue Möglichkeiten. Jetzt können Ihre Kunden sich nicht nur ein Produkt nach eigenen Wünschen zusammen stellen, sie können es auch noch direkt um weiteres Zubehör ergänzen und die gesamte Auswahl mit einem einzigen Mausklick in den Warenkorb legen.</p>', NULL, '2012-06-22', 1, 1, 0, 0, '', '2012-08-22 14:48:11', NULL, 0, NULL, 0, 0, 0, '', 0, 726, NULL, NULL, 28),
(206, 14, 'Artikel mit Grundpreisberechnung', 'In diesem Beispiel zeigen wir einen Artikel mit Bezugspreisen. Sie können schon im Standard jedem Artikel auch Bezugspreise zuordnen. So wird z.B. für eine Flasche  automatisch der Grundpreis für 1 Liter ausgewiesen. Die Verpackungseinheit kann bspw. als Flasche angegeben werden. Diese Grundpreisberechnung kann für jede Variante beliebig hinterlegt werden.', '<p>In diesem Beispiel zeigen wir einen Artikel mit Bezugspreisen. Sie können schon im Standard jedem Artikel auch Bezugspreise zuordnen. So wird z.B. für eine Flasche&nbsp; automatisch der Grundpreis für 1 Liter ausgewiesen. Die Verpackungseinheit kann bspw. als Flasche angegeben werden. Diese Grundpreisberechnung kann für jede Variante beliebig hinterlegt werden.</p>', NULL, '2012-07-16', 1, 1, 0, 0, '', '2012-08-22 15:15:44', NULL, 0, NULL, 0, 0, 0, '', 0, 744, NULL, NULL, 29),
(207, 14, 'Staffelung, Mindest- / Maximalabnahme', 'Bereits im Standard von Shopware kann von Ihnen eine Mindest- und Maximalabnahme einzeln für jeden Artikel definiert werden.\n\nBei diesem Artikel wurde eine Mindestabnahmemenge von 3 Stück definiert. In Dreierschritten setzt sich dieses bis zur Höchstmenge von 15 Stück fort. Diese Staffelung ist beispielsweise sinnvoll, wenn Artikel in entsprechenden Verpackungseinheiten vorhanden sind.', '<p>Bereits im Standard von Shopware kann von Ihnen eine Mindest- und Maximalabnahme einzeln f&uuml;r jeden Artikel definiert werden.</p>\n<p>Bei diesem Artikel wurde eine Mindestabnahmemenge von 3 St&uuml;ck definiert. In Dreierschritten setzt sich dieses bis zur H&ouml;chstmenge von 15 St&uuml;ck fort. Diese Staffelung ist beispielsweise sinnvoll, wenn Artikel in entsprechenden Verpackungseinheiten vorhanden sind.</p>', NULL, '2012-08-22', 1, 1, 0, 0, '', '2012-08-30 15:59:57', NULL, 0, NULL, 0, 0, 0, '', 0, 745, NULL, NULL, NULL),
(208, 14, 'Pseudopreis', 'Der Pseudopreis erscheint klein und durchgestrichen über dem aktuellen Verkaufspreis Ihres Artikels. Damit haben Sie die Möglichkeit Ihre Kunden auf Preissenkungen oder den Preisunterschied zur unverbindlichen Preisempfehlung des Herstellers hinzuweisen.Die zusätzliche Angabe des Preisunterschieds in Prozent zeigt Ihren Kunden plastisch, wie günstig dieser Artikel nun ist. Die Erfassung des Pseudopreises erfolgt bei der Artikelerfassung direkt neben dem Verkaufspreis in den Stammdaten und kann damit einfach angelegt werden.', '<p>Der Pseudopreis erscheint klein und durchgestrichen &uuml;ber dem aktuellen Verkaufspreis Ihres Artikels. Damit haben Sie die M&ouml;glichkeit Ihre Kunden auf Preissenkungen oder den Preisunterschied zur unverbindlichen Preisempfehlung des Herstellers hinzuweisen.</p>\n<p>Die zus&auml;tzliche Angabe des Preisunterschieds in Prozent zeigt Ihren Kunden plastisch, wie g&uuml;nstig dieser Artikel nun ist.</p>\n<p>Die Erfassung des Pseudopreises erfolgt bei der Artikelerfassung direkt neben dem Verkaufspreis in den Stammdaten und kann damit einfach angelegt werden.</p>', NULL, '2012-07-16', 1, 1, 0, 0, '', '2012-08-30 15:54:49', NULL, 0, NULL, 0, 0, 0, '', 0, 746, NULL, NULL, NULL),
(209, 14, 'Staffelpreise', 'Staffelpreise ermöglichen Ihnen für unterschiedliche Abnahmemengen unterschiedliche Preise zu definieren. So können Sie beispielsweise nach Gewicht, Verpackungseinheiten (ein Karton mit 10 Schachteln) oder Palettenabnahme (50 Stück gleich eine Palette) den Preis anpassen.', '<p>Staffelpreise ermöglichen Ihnen für unterschiedliche Abnahmemengen unterschiedliche Preise zu definieren. So können Sie beispielsweise nach Gewicht, Verpackungseinheiten (ein Karton mit 10 Schachteln) oder Palettenabnahme (50 Stück gleich eine Palette) den Preis anpassen.</p><p>Die Eingabe erfolgt einfach im Administrationsbereich des Shops. Nachdem Sie eine Mengenbegrenzung eingegeben haben, öffnet sich eine neue Zeile in die Sie die nächsten Werte eingeben können. Für die kleinste Abgabemenge geben Sie den Verkaufspreis ein, für die anderen Abgabemengen wahlweise den Verkaufspreis oder den Rabatt in Prozent.</p><p>Staffelpreise sind nicht nur bei eindimensionalen Artikeln, sondern auch bei frei konfigurierbaren Artikeln (beispielsweise ein Kleidungsstück, welches sich in Farbe, Größe und Stoffqualität unterscheidet) möglich.</p><p><strong>Alternative:</strong><br>Möchten Sie bestimmten Kunden generell ab einer bestimmten Summe Rabatte einräumen, können Sie dieses über Warenkorb-Rabatte realisieren.</p>', NULL, '2012-07-16', 1, 1, 0, 0, '', '2012-08-22 15:36:02', NULL, 0, NULL, 0, 0, 0, '', 0, 747, NULL, NULL, NULL),
(210, 14, 'Prämienartikel ab 50 Euro Warenkorb Wert', 'Diesen Artikel können die Kunden kostenpflichtig erwerben oder kostenlos als Prämienartikel ab einem Warenkorb Wert von 100 Euro bekommen.', '<p>Diesen Artikel k&ouml;nnen die Kunden kostenpflichtig erwerben oder kostenlos als Pr&auml;mienartikel ab einem Warenkorb Wert von 50 Euro bekommen. <br />Hinweis:<br />Damit die Pr&auml;mienartikel im Warenkorb angezeigt werden, muss diese Funktion im Backend unter Einstellungen - Storefront - Bestellabschluss aktiviert sein.</p>', NULL, '2012-07-16', 1, 1, 0, 0, '', '2012-08-30 13:06:37', NULL, 0, NULL, 0, 0, 0, '', 0, 748, NULL, NULL, NULL),
(211, 14, 'Prämienartikel ab 250 Euro Warenkorb Wert', 'Diesen Artikel können die Kunden kostenpflichtig erwerben oder kostenlos als Prämienartikel ab einem Warenkorb Wert von 250 Euro bekommen.', '<p>Diesen Artikel k&ouml;nnen die Kunden kostenpflichtig erwerben oder kostenlos als Pr&auml;mienartikel ab einem&nbsp;Warenkorb Wert von 250 Euro bekommen.</p>\n<p>Hinweis:<br />Damit die Pr&auml;mienartikel im Warenkorb angezeigt werden, muss diese Funktion im Backend unter Einstellungen - Storefront - Bestellabschluss aktiviert sein.</p>', NULL, '2012-07-16', 1, 1, 0, 0, '', '2012-08-30 15:44:28', NULL, 0, NULL, 0, 0, 0, '', 0, 749, NULL, NULL, NULL),
(213, 12, 'Surfbrett', 'abortio pio os ago ictus imcomposite Vena subvenio, to evado Nitidus qua Immanis pollex, in tutus hae ac no laceratus, hi eo seu his. Laxo se fu.', '<p>Enego Do Loci his simul creta humilitas, Excello, se, sis ne fere Amotio turba excedo se res domito Villa, in, fundo novem, per qua tam Acer cornu. Prex niger qui os an calcar, has illi eu opinor eo Iuvenesco, ne mano se noceo, sto vere to Damno occludo, abortio pio os ago ictus imcomposite Vena subvenio, to evado Nitidus qua Immanis pollex, in tutus hae ac no laceratus, hi eo seu his. Laxo se fu.</p>', NULL, '2012-07-16', 1, 1, 122, 0, '', '2012-08-30 15:38:15', NULL, 0, NULL, 1, 0, 1, '', 0, 751, NULL, NULL, NULL),
(214, 15, 'All Natural - Rosemary Grapefruit Conditioner', 'Recolo Primum scutum Permoveo. Hoc erumpo Munimen, qui excedo retrogradior.Sem flagro Porro amor Falx hoc Mic.', '<p>R Lamnia multimodus ludicrum effero alea, tutela Plumbeus sive edo res Ferocitas ira, vis esca pluma liber mel Erga sis Traba subcriptio lumen In nixus sto Commodum nam Proterus Ferocia hoc Volatilis Laudator, minuo jugulo Litigo fartor Cariosus, mos ivi Tractus, his ita eia Causa semino, recolo Primum scutum Permoveo. Hoc erumpo Munimen, qui excedo retrogradior.Sem flagro Porro amor Falx hoc Mic.</p>', NULL, '2012-08-29', 1, 1, 100, 0, '', '2012-08-29 15:44:22', NULL, 0, NULL, 0, 0, 0, '', 0, 753, NULL, NULL, 30),
(215, 15, 'All Natural - Rosemary Grapefruit Shampoo', 'Te ipse hae pestilencia bonus par Res ala Recessus to Per Gemo to laboriosus nos rixa no ius quin. Ut ymo pax compacta sociu.', '<p>Dicatio grate. Quia sal loco Pareo in Jacio capulatio si inhalo laus aut faveo Obscoena Sublime quartus pax sollicito Regina, item spera si candeo. Inflo honor saepe audeo poena Honesto, vere ager alius hic Hic, non Ico se rego eia Tornacense res Relucesco cum Piper vacuus. Te ipse hae pestilencia bonus par Res ala Recessus to Per Gemo to laboriosus nos rixa no ius quin. Ut ymo pax compacta sociu.</p>', NULL, '2012-08-29', 1, 1, 1000, 0, '', '2012-08-29 15:47:13', NULL, 0, NULL, 0, 0, 0, '', 0, 757, NULL, NULL, 31),
(216, 15, 'All Natural - Sesame Sage Bodylotion', ' fuga Ingens res Ut no facultas, res post flagitiosa perspicuus in eveho lacrimabilis Namucense.', '<p>subringor voco ara recolo, labia boo volutarie avus expio ergo via Daci, in for nec fortis, se primoris. Frux eo veho dolosa Crispus erga lambo, sic ars ut Probus dux Una extendo vas instigatus inhumanitas, iam Charybdis appositus qualiscumque. Nos pars arx Alternis, dux Subnoto eniteo sano industrius, fuga Ingens res Ut no facultas, res post flagitiosa perspicuus in eveho lacrimabilis Namucense.</p>', NULL, '2012-08-29', 1, 1, 1000, 0, '', '2012-08-29 15:44:59', NULL, 0, NULL, 0, 0, 0, '', 0, 761, NULL, NULL, 32),
(217, 15, 'All Natural - Orange Wild Herbs Shower Gel', 'Pax per duco eo illacrimo cura latet effor. Misellus asper far quassatio ut ter opulentia Vindex, pius tibi femina insig.', '<p>Ilis ala comitatus oro labia, tergus aro saeta ius nomen. Vox Tractare nos premo quinquagesimus recedo excello tot ambiguus Provideo ait Dum dis colluctatio Infamo vas cur per duo for Iustus via inhoneste. Fera horum noxa mirifice penetralis Turpitudo seu pax quo Lamenta do quo Pax per duco eo illacrimo cura latet effor. Misellus asper far quassatio ut ter opulentia Vindex, pius tibi femina insig.</p>', NULL, '2012-07-16', 1, 1, 1111, 0, '', '2012-08-29 15:45:25', NULL, 0, NULL, 0, 0, 0, '', 0, 766, NULL, NULL, 33),
(218, 15, 'All Natural - Lemon Honey Soap', 'Species alimentum os incunabula. vis do aliger, oblittero livor Libet dis cruciamentum vaco nec re horrendus res diu item incrementab.', '<p>Ichilominus Fultus ordior, ora Sterilis qua Se sum cum Conspicio sed Eo at ver oportet, filia cedo comprehendo baccatus. Sub Exortus mihi crastinus, per has frequentatio ivi vindico Salveo nutrimens seco Daci prepositus. Ne ora pax Bravium converto Translato, inter Species alimentum os incunabula. vis do aliger, oblittero livor Libet dis cruciamentum vaco nec re horrendus res diu item incrementab.</p>', NULL, '2012-08-29', 1, 1, 2222, 0, '', '2012-08-30 15:37:24', NULL, 0, NULL, 0, 0, 0, '', 0, 769, NULL, NULL, 34),
(219, 14, 'Express Versand', 'In Shopware können Sie auch einen Expressversand anbieten. Hier wird dem Shopkunden  entsprechend höhere Versandkosten in Rechnung gestellt.', '<p>In Shopware k&ouml;nnen Sie auch einen Expressversand anbieten. Hier wird dem Shopkunden&nbsp; entsprechend h&ouml;here Versandkosten in Rechnung gestellt.<br /><br />Legen Sie diesen Artikel in den Warenkorb, melden sich mit den unten stehenden Kundendaten an und gehen weiter zur Kasse. Hier k&ouml;nnen Sie zwischen einem "normalen" und "Express" Versand w&auml;hlen. Die Versandkosten werden automatisch angepasst.<br /><br />Shopkunde: <br />max.mustermann@mail.com<br />Passwort lautet "shopware"<br /><br />In diesem Beispielt wird f&uuml;r den Expressversand nicht die M&ouml;glichkeit der Vorkasse / Lastschrift angeboten.</p>', NULL, '2012-06-12', 1, 1, 0, 0, '', '2012-08-30 15:36:37', NULL, 0, NULL, 1, 0, 0, '', 0, 772, NULL, NULL, NULL),
(220, 14, 'Versandkostenfreier Artikel', 'Sie haben die Möglichkeit, Artikel versandkostenfrei zu versenden. Auch wenn Sie Versandkosten konfiguriert haben, greifen diese nicht, sobald  in den Artikelstammdaten das Feld "Versandkostenfrei" selektiert ist.\n\nLegen Sie diesen Artikel in den Warenkorb und sehen sich das Ergebnis an.', '<p>Sie haben die M&ouml;glichkeit, Artikel versandkostenfrei zu versenden. Auch wenn Sie Versandkosten konfiguriert haben, greifen diese nicht, sobald&nbsp; in den Artikelstammdaten das Feld "Versandkostenfrei" selektiert ist.<br /><br />Legen Sie diesen Artikel in den Warenkorb und sehen sich das Ergebnis an.</p>', NULL, '2012-08-29', 1, 1, 0, 0, 'Versandkostenfreier Artikel, Free Shipping,', '2012-08-30 15:33:54', NULL, 0, NULL, 0, 0, 0, '', 0, 773, NULL, NULL, NULL),
(221, 14, 'Versandkosten Optionen', 'In dem Versandkostenmodul stehen Ihnen verschiedenste Optionen zur Verfügung um Versandkosten nach verschiedensten Kriterien automatisch berechnen zu lassen. ', '<p>In den Versandkostenoptionen bieten sich noch wesentlich detailliertere Einstellungsm&ouml;glichkeiten:</p>\n<ul>\n<li>Unterschiedliche Versandarten m&ouml;glich\n<ul>\n<li>Standard-Versandart</li>\n<li>Aufschlag-Versandart</li>\n<li>Ausweich-Versandart</li>\n</ul>\n</li>\n</ul>\n<ul>\n<li>Versandkostenberechnung nach:\n<ul>\n<li>Gewicht</li>\n<li>Preis</li>\n<li>Anzahl Artikel</li>\n<li>Eigene Berechnung</li>\n</ul>\n</li>\n</ul>\n<p>mit Staffelung in Prozent- oder Absolute-Wert</p>\n<ul>\n<li>Versandkostenregeln nach:\n<ul>\n<li>Gewicht</li>\n<li>Preis</li>\n<li>Bestand</li>\n<li>Wochentag</li>\n<li>Uhrzeit</li>\n<li>Feiertage</li>\n<li>Artikelkategorien</li>\n<li>Subshops</li>\n<li>Kundengruppen</li>\n<li>Zahlungsart</li>\n<li>L&auml;nder</li>\n<li>Artikel-Zusatzfelder</li>\n</ul>\n</li>\n</ul>', NULL, '2012-08-29', 1, 1, 0, 0, '', '2012-08-30 11:43:29', NULL, 0, NULL, 0, 0, 0, '', 0, 774, NULL, NULL, NULL),
(222, 8, 'Dekokissen Blume', 'Quiane sesqui Ordo in aer Effusio qui non Santiago, ora for per Facio qua iam ara Plasmator rixa. Natu.', '<p>Eo Opera Ora ullus Decolor, Caleo. Evolo cui patior, creptio quo debeo sus perspicax. Statim hoc sedo sui Erro do esca for delectatio evalesco cui ara almus ne interrogatio, contemno ruo internuntius. Statua Haec patria quo odio vos Illud ferox seputus lex Vergo, cadaver mos placet in os Volito. Quiane sesqui Ordo in aer Effusio qui non Santiago, ora for per Facio qua iam ara Plasmator rixa. Natu.</p>', NULL, '2012-07-16', 1, 1, 0, 0, '', '2012-08-29 15:53:02', NULL, 0, NULL, 1, 0, 0, '', 0, 775, NULL, NULL, NULL),
(223, 14, 'Ausweichversandkosten', 'Diese Versandart greift als Ausweich-Versandart grundsätzlich immer dann wenn die Standard-Versandart für die Warenkorb-Konstellation nicht zur Verfügung steht.', '<p>Diese Versandart greift als Ausweich-Versandart grunds&auml;tzlich immer dann wenn die Standard-Versandart f&uuml;r die Warenkorb-Konstellation nicht zur Verf&uuml;gung steht. Wenn Sie z. Bsp. die Standard Versandkosten f&uuml;r einen Warenkorbwert nur bis 49&euro; definiert haben, ist es m&ouml;glich eine Ausweichversandart anzulegen, die ab 50&euro; automatisch greift und so verhindert, dass keine Versandkosten berechnet werden.</p>', NULL, '2012-08-29', 1, 1, 0, 0, '', '2012-08-30 15:27:05', NULL, 0, NULL, 0, 0, 0, '', 0, 780, NULL, NULL, 35),
(224, 8, 'Dekokissen Bus', 'Nego neo fas cui, te. Se huic pars, ars infelix induco vir ars Retineo, emo litigo arx erus.. Fero, lex .', '<p>Eo. Boo en mihi re quod lex per, per voco Lambo. Speciosus sem sed Lenitas do de Expello, eia putator cur martyrium, lux os esca si castor. Hio nam ter aut vis, ut frendo pes magnopere ops to prenda ait arceo vulpes zelus exhorto, lavo nex obses Avarus re lea Subvertio emico, rogo termino unde Nego neo fas cui, te. Se huic pars, ars infelix induco vir ars Retineo, emo litigo arx erus.. Fero, lex .</p>', NULL, '2012-07-16', 1, 1, 0, 1, '', '2012-08-29 16:01:47', NULL, 0, NULL, 0, 0, 0, '', 0, 777, NULL, NULL, NULL),
(225, 8, 'Dekokissen Vogel', 'Accendo munero/munerior Tussis se similitudo Avus. Indigus per tumultus Terrenus iam Tam regno re pratum crystallinu.', '<p>In hac alibi Pario nutus, Distinguo Barbare opto recidivus, iam tot do ruo volatilis Solito incompositus perimo quicquid tergiversatio ops labruscum Trutino, studium superstes in parcus intorqueo eo. Iuvo ultor Facultas in insequor, mestitia veho hae Sui seu sic foras tam praecingo Accendo munero/munerior Tussis se similitudo Avus. Indigus per tumultus Terrenus iam Tam regno re pratum crystallinu.</p>', NULL, '2012-07-16', 1, 1, 0, 0, '', '2012-08-30 15:28:41', NULL, 0, NULL, 0, 0, 0, '', 0, 778, NULL, NULL, NULL),
(226, 8, 'Magnete ABC', 'Cautus Plura hac res Gens Censeo, bos Os, dissemino hac vae ter Consonum nam lacrima increpo rogo. evoco tremo bene Corrumpo .', '<p>Eo at fama desudo se Unda, cum miro caries notarius voro corrigo Priscus, per jus promo fama profero Verto premo Palaestra mihi replico pax rudo baro conjux suus. Sem et lenis castra illa hostis cedo, ops hac quod, vel adsum abeo solito Inibi. Furibundus Se cupidus Noxa ut Cautus Plura hac res Gens Censeo, bos Os, dissemino hac vae ter Consonum nam lacrima increpo rogo. evoco tremo bene Corrumpo .</p>', NULL, '2012-07-16', 1, 1, 0, 0, '', '2012-08-29 16:28:31', NULL, 0, NULL, 0, 0, 0, '', 0, 779, NULL, NULL, NULL),
(227, 14, 'Aufschlag bei Zahlungsarten', 'In Shopware können Sie bei gewünchten Zahlungsarten Aufschläge definieren.\nSo ist bei diesem Beispiel ein Aufschlag von 5€ auf die Zahlungsart Rechnung definiert worden.\nMelden Sie sich als Shopkunden max.mustermann@mail.com (Passwort: shopware) an, gehen in den "Mein Konto" Bereich und wechseln auf die Zahlungsart "Rechnung".\nBei jeder Bestellung wird Ihnen nun der Zuschlag für die Zahlungsart berechnet.', '<p>In Shopware k&ouml;nnen Sie bei gew&uuml;nchten Zahlungsarten Aufschl&auml;ge definieren.<br />So ist bei diesem Beispiel ein Aufschlag von 5&euro; auf die Zahlungsart Rechnung definiert worden. <br />Melden Sie sich als Shopkunden max.mustermann@mail.com (Passwort: shopware) an, gehen in den "Mein Konto" Bereich und wechseln auf die Zahlungsart "Rechnung".<br />Bei jeder Bestellung wird Ihnen nun der Zuschlag f&uuml;r die Zahlungsart berechnet.</p>', NULL, '2012-08-29', 1, 1, 0, 0, '', '2012-08-30 15:18:49', NULL, 0, NULL, 0, 0, 0, '', 0, 782, NULL, NULL, NULL),
(228, 14, 'Zahlungsarten & Riskmanagement', 'In Shopware haben Sie ein sehr umfangreiches Riskmanagement, in dem Sie gewünscht Zahlungsarten unter Berücksichtigung verschiedenster Faktoren (z.B. des Bestellwertes, des Ortes oder der Kundengruppen) sperren können.\n', '<p>In Shopware haben Sie ein sehr umfangreiches Riskmanagement, in dem Sie gew&uuml;nscht Zahlungsarten unter Ber&uuml;cksichtigung verschiedenster Faktoren (z.B. des Bestellwertes, des Ortes oder der Kundengruppen) sperren k&ouml;nnen.</p>\n<p>In diesem Beispiel wird Ihnen keine Zahlungsart "Rechnung" angeboten, wenn sie diesen Artikel in den Warenkorb legen. Grund ist eine Regel im Riskmanagement, die diese Zahlungsart bei einem Warenkorbwert gr&ouml;&szlig;er 99&euro; oder bei Neukunden sperrt. <br />Hier wird automatisch auf die jeweilige Standard Zahlungsart des Shopkunden gewechselt.</p>', NULL, '2012-08-29', 1, 1, 0, 0, '', '2012-08-30 15:15:57', NULL, 0, NULL, 0, 0, 0, '', 0, 783, NULL, NULL, NULL),
(229, 8, 'Magnete London', 'Plura hac res Gens Censeo, bos Os, dissemino hac vae ter Consonum nam lacrima increpo rogo. evoco tremo bene Corrumpo .', '<p>Eo at fama desudo se Unda, cum miro caries notarius voro corrigo Priscus, per jus promo fama profero Verto premo Palaestra mihi replico pax rudo baro conjux suus. Sem et lenis castra illa hostis cedo, ops hac quod, vel adsum abeo solito Inibi. Furibundus Se cupidus Noxa ut Cautus Plura hac res Gens Censeo, bos Os, dissemino hac vae ter Consonum nam lacrima increpo rogo. evoco tremo bene Corrumpo .</p>', NULL, '2012-07-16', 1, 1, 0, 0, '', '2012-08-30 15:09:05', NULL, 0, NULL, 0, 0, 0, '', 0, 784, NULL, NULL, NULL),
(230, 14, 'Abschlag bei Zahlungsarten', 'In Shopware können Sie bei gewünschten Zahlungsarten auch Abschläge definieren.\nSo ist bei diesem Beispiel ein Abschlag von 10% des Warenkorbwertes auf die Zahlungsart Lastschrift definiert worden. Melden Sie sich als Shopkunden max.mustermann@mail.com (Passwort: shopware) an, gehen in den "Mein Konto" Bereich und wechseln auf die Zahlungsart "Lastschrift". Bei jeder Bestellung wird Ihnen nun der Nachlass für die Zahlungsart gutgeschrieben. ', '<p>In Shopware k&ouml;nnen Sie bei gew&uuml;nschten Zahlungsarten auch Abschl&auml;ge definieren.<br />So ist bei diesem Beispiel ein Abschlag von 10% des Warenkorbwertes auf die Zahlungsart Lastschrift definiert worden. Melden Sie sich als Shopkunden max.mustermann@mail.com (Passwort: shopware) an, gehen in den "Mein Konto" Bereich und wechseln auf die Zahlungsart "Lastschrift". Bei jeder Bestellung wird Ihnen nun der Nachlass f&uuml;r die Zahlungsart gutgeschrieben.&nbsp;</p>', NULL, '2012-08-29', 1, 1, 0, 0, '', '2012-08-30 15:08:02', NULL, 0, NULL, 0, 0, 0, '', 0, 785, NULL, NULL, NULL),
(231, 8, 'Notizbuch New York', 'Daci nolo, celer reus se abeo narro ruga. Huic rus Artus at do expedio. Flax ait ecce deputo calx amotio, ne. Lento, ago suscito .', '', NULL, '2012-07-16', 1, 1, 0, 0, '', '2012-08-29 16:24:28', NULL, 0, NULL, 0, 0, 0, '', 0, 786, NULL, NULL, NULL),
(233, 8, 'Notizbuch London', 'Daci nolo, celer reus se abeo narro ruga. Huic rus Artus at do expedio. Flax ait ecce deputo calx amotio, ne. Lento, ago suscito .', '', NULL, '2012-07-16', 1, 1, 0, 0, '', '2012-08-29 16:24:39', NULL, 0, NULL, 0, 0, 0, '', 0, 788, NULL, NULL, NULL),
(234, 8, 'Notizbuch Paris', 'Daci nolo, celer reus se abeo narro ruga. Huic rus Artus at do expedio. Flax ait ecce deputo calx amotio, ne. Lento, ago suscito .', '', NULL, '2012-07-16', 1, 1, 0, 0, '', '2012-08-29 16:27:45', NULL, 0, NULL, 0, 0, 0, '', 0, 789, NULL, NULL, NULL),
(235, 8, 'Deko Topf', 'Modestia nitor utor at Fleo aversor. Do promissio perfusus Pinguis, generosus elabor dono cado his.', '<p>Carectum, vos Genitus persto Expeto, discedo an usitas ferrugo, nisi illis me cogitatus. Per Per beo donum hac edo voro, ymo at gero garrio subicio. Ager texo Inglorius is, sino Usura, sol Secus. Pie Abeo lac amo quo praeoccupor voluntarius. Os levitas sed Penis fio ars luo latro no inaestimabilis. Modestia nitor utor at Fleo aversor. Do promissio perfusus Pinguis, generosus elabor dono cado his.</p>', NULL, '2012-07-16', 1, 1, 0, 0, '', '2012-08-30 15:05:12', NULL, 0, NULL, 1, 0, 0, '', 0, 790, NULL, NULL, NULL),
(236, 8, 'Servietten', '', '<p>S aequor incrementabiliter res, inhumanitas enim ars ara Noxa tunc aqua refrigerium Formica suspicio misericordaliter aer impenetrabiilis, turpiter familiaritas hac concupiscentia, alias cattus obvolvo Northmanni huic. Subeo effundo sive cavus, ara ora per res Cum Suffoco in depono Conduco Ico amicabiliter fraudatio obsum. Humo to qui quin ne pes castellatim pertingo, leo te Subduco sol quaestuos.</p>', NULL, '2012-07-16', 1, 1, 0, 0, '', '2012-08-30 15:03:01', NULL, 0, NULL, 0, 0, 0, '', 0, 791, NULL, NULL, NULL),
(237, 8, 'Stoffherz kariert', 'Nam casso pirum, mus eo Tellus immo his eia Cinis munimentum Multi incontinencia abscedo edo voveo Sorde.', '<p>X progenierum ejulo, alarius lex gestum, saepio una pars hio diu Latro cui quod summittere suppellex Suavis perlustro. Nam Devotio reddo ivi specialissimus cum aut prodico curo Hospitium Diu fragro Quin honestas res ut hos Abstergo Cupido hic Discerpo. Curo obnubilo jus roto sis pulmo sollers. Nam casso pirum, mus eo Tellus immo his eia Cinis munimentum Multi incontinencia abscedo edo voveo Sorde.</p>', NULL, '2012-07-16', 1, 1, 0, 0, '', '2012-08-30 15:02:00', NULL, 0, NULL, 0, 0, 0, '', 0, 792, NULL, NULL, NULL),
(238, 8, 'Strandbag Sailor', 'Decolor, sis evolo., educo nex creptio siligo, cogo abeo Perspicax vegetabiliter insum rus sui Hodiernus heu emo Inefficax si Epotus cui consul Amotio so.', '<p>Gustata no ne, de condico tui Socer tam condoleo magus de equus et in. vir victus clam era neo pie Proterus, emo eo lino, me incumbo cui velum, cum Vicissim progredior en onus. Carnifico hoc In heu inconcussus mos mei pullulo nec ora castellanus Decolor, sis evolo., educo nex creptio siligo, cogo abeo Perspicax vegetabiliter insum rus sui Hodiernus heu emo Inefficax si Epotus cui consul Amotio so.</p>', NULL, '2012-07-16', 1, 1, 0, 1, '', '2012-08-30 15:00:14', NULL, 0, NULL, 1, 0, 0, '', 0, 793, NULL, NULL, NULL),
(239, 9, 'Dart Automat Standgerät', 'Edoctus capio concedo ictus, ego sic magnificabiliter Retribuo an Laurus penitus, refero abeo os ile ferito nam De ora Personam S.', '<p>Vi vituperabilis Depascor stabilis an animus. His decipio eo hi certus, follis luo Triduum facio per Letalis pie Cruentus, venio ego tendo Percutio stips exter scilicet connubialis Anhelo Fastidio cogo commodum terra, Sollertia se edo me signum. Pullulo edo Lugo in lex Edoctus capio concedo ictus, ego sic magnificabiliter Retribuo an Laurus penitus, refero abeo os ile ferito nam De ora Personam S.</p>', NULL, '2012-07-16', 1, 1, 0, 1, '', '2012-08-30 14:59:30', NULL, 0, NULL, 0, 0, 0, '', 0, 794, NULL, NULL, NULL),
(240, 9, 'Dartscheibe Circle', 'Accubo castimonia hic ibi qua lux sto eu Pulcher Sem. Dis Cubiculum quo scitus Litigo diripio ango quies pes res penitentia Tabula,.', '<p>Rber, nec Uberrime alo Scelestus, res Tellus mei Escensio Mundus, ita liber qui has inconsideratus nauta effrenus, Algor infrunitus, inconcussus Rogo eo non Namucense, commissum, laureatus Scutum, de boo si anhelo Commoneo procellosus sono emitto Crimen agna. Si subo Accubo castimonia hic ibi qua lux sto eu Pulcher Sem. Dis Cubiculum quo scitus Litigo diripio ango quies pes res penitentia Tabula,.</p>', NULL, '2012-07-16', 1, 1, 0, 0, '', '2012-08-30 14:58:37', NULL, 0, NULL, 0, 0, 0, '', 0, 795, NULL, NULL, NULL),
(241, 9, 'Dartpfeil Steel Atomic', ' tam fodio diurnitas contubernium re removeo Bos Ferme ora sufficientia, per edo mel mare ligamen misericordaliter Consepi.', '<p>Ra Orexis. Tutus infervesco Editio saeta his Luctus, his apud Grator manus Edico hic Exsupero libens tumultuarius, bos satago edo to Hinc diligentia Inflo lea ago hac mores Vergo dux Renovatio letalis. No Declino vir excito utercumque Percutio surculus an pie magnificabiliter, tam fodio diurnitas contubernium re removeo Bos Ferme ora sufficientia, per edo mel mare ligamen misericordaliter Consepi.</p>', NULL, '2012-07-16', 1, 1, 0, 0, '', '2012-08-30 10:41:36', NULL, 0, NULL, 0, 0, 0, '', 0, 796, NULL, NULL, NULL),
(242, 9, 'Dartpfeil Steel Smiley 745', 'contubernium re removeo Bos Ferme ora sufficientia, per edo mel mare ligamen misericordaliter Consepi.', '<p>Ra Orexis. Tutus infervesco Editio saeta his Luctus, his apud Grator manus Edico hic Exsupero libens tumultuarius, bos satago edo to Hinc diligentia Inflo lea ago hac mores Vergo dux Renovatio letalis. No Declino vir excito utercumque Percutio surculus an pie magnificabiliter, tam fodio diurnitas contubernium re removeo Bos Ferme ora sufficientia, per edo mel mare ligamen misericordaliter Consepi.</p>', NULL, '2012-07-16', 1, 1, 0, 0, '', '2012-08-30 14:44:09', NULL, 0, NULL, 0, 0, 0, '', 0, 797, NULL, NULL, NULL),
(243, 14, 'Artikel mit Emailbenachrichtigung', 'Mit dem besonderen Service der Emailbenachrichtigung können Kunden bei einem nicht lagernden Artikel Ihre Emailadresse angeben, damit Sie als Shopbetreiber die Kunden direkt informieren können, sobald der Artikel wieder verfügbar ist.', '<p>Mit dem besonderen Service der Emailbenachrichtigung k&ouml;nnen Kunden bei einem nicht lagernden Artikel Ihre Emailadresse angeben, damit Sie als Shopbetreiber die Kunden direkt informieren k&ouml;nnen, sobald der Artikel wieder verf&uuml;gbar ist.</p>', NULL, '2012-06-22', 1, 1, 0, 0, '', '2012-08-30 16:14:05', NULL, 0, NULL, 1, 0, 1, '', 0, 798, NULL, NULL, NULL),
(244, 14, 'Kundengruppen Brutto / Nettopreise', 'Mit der Kundengruppen-Funktion können Sie verschiedene Kundengruppen definieren und bei Bedarf abweichende Preis (Brutto oder Netto) anzeigen lassen. ', '<p>Kundengruppen sind im eCommerce eine sehr wichtige Klassifizierungsm&ouml;glichkeit um Kunden sehr individuell anzusprechen. Der Gesch&auml;ftspartner reagiert z.B. auf andere Werbebotschaften und Preise, wie ein Endverbraucher.</p>\n<p>Durch die Kundengruppen-Funktionen in Ihrer Shopware gehen Sie auf diese unterschiedlichen Gruppen zu. Sie k&ouml;nnen das gesamte Layout Ihres Shops auf die jeweilige Kundengruppe zuschneiden. Einige Kundengruppen bekommen besondere Preise, H&auml;ndler vielleicht H&auml;ndlereinkaufspreise. J&uuml;ngere Kunden bedienen Sie mit Community Funktionen und einer peppigen Shopdarstellung, &auml;lteren vielleicht mit deutlich mehr Tiefe und Informationsgehalt.<br /><br />Sie sehen hier aktuell den Artikel f&uuml;r 110 Euro brutto. Wenn Sie sich jetzt mit der Emailadresse "mustermann@b2b.de" und dem Passwort "mustermann" anmelden, wird Ihnen der Artikel mit 100 Euro netto angezeigt, weil dieser Kunde der entsprechenden Kundengruppe "H&auml;ndler B2B" zugewiesen ist und f&uuml;r diese Gruppe definiert wurde.</p>', NULL, '2012-08-30', 1, 1, 0, 0, '', '2012-08-30 11:43:03', NULL, 0, NULL, 0, 0, 0, '', 0, 799, NULL, NULL, NULL),
(245, 9, 'Bumerang', 'Cruor quae hio re torva conor nefas adfero incubo collum, summa dux os egens ventus instructus Diruo nolo sto diu etsi non auctor intuitus Co.', '<p>Una Pipio tardo baro ora, foedus ango suo munitio Fugo volo tam duco ora candeo leo Lex ros Hac lacerta. Reputo mox Bellator, pax valde quam assero Adsum illo me fabre Galea exhilaro. Iuncus Tamquam sono no Pauper placatus cum fluo ut exinde Caris Ira avoco Cruor quae hio re torva conor nefas adfero incubo collum, summa dux os egens ventus instructus Diruo nolo sto diu etsi non auctor intuitus Co.</p>', NULL, '2012-07-16', 1, 1, 0, 0, '', '2012-08-30 11:12:28', NULL, 0, NULL, 0, 0, 0, '', 0, 800, NULL, NULL, NULL),
(246, 14, 'Dart-Set', 'Sive furca Proicio St extrudo. Hoc pestilencia tum byssus digredior. Per Caetera deduco gero pertinaciter. Sa.', '<p>Imonia hic ibi qua lux sto eu Pulcher Sem. Dis Cubiculum quo scitus Litigo diripio ango quies pes res penitentia Tabula, vos diu Sordes vae Epulor ile Tenor, nox Opulentia diu, ago Suppono sto pia Erilis, hae Virgo iam ora. Nam constat Lues huic eia qua vox ara proh ille se Ymber clango. Sive furca Proicio St extrudo. Hoc pestilencia tum byssus digredior. Per Caetera deduco gero pertinaciter. Sa.</p>', NULL, '2012-07-16', 1, 1, 0, 0, '', '2012-08-30 11:15:24', NULL, 0, NULL, 0, 0, 0, '', 0, 801, NULL, NULL, NULL),
(247, 14, 'Prämienartikel ab 100 Euro Warenkorbwert', 'Diesen Artikel können die Kunden kostenpflichtig erwerben oder kostenlos als Prämienartikel ab einem Warenkorb Wert von 100 Euro bekommen.', '<p>Ihre Kunden k&ouml;nnen diesen Artikel entweder kaufen oder alsPr&auml;mienartikel ab einem Warenkorbwert von 100 Euro angeboten bekommen. </p>\n<p>Hinweis:</p>\n<p>Um pr&auml;mienartikel im Warenkorb angezeigt zu bekommen, m&uuml;ssen Sie diese Funktionen im Backend aktivieren unter Einstellungen --&gt; Storefront</p>', NULL, '2012-07-16', 1, 1, 0, 0, '', '2012-08-30 15:22:54', NULL, 0, NULL, 0, 0, 0, '', 0, 802, NULL, NULL, NULL),
(248, 8, 'Versandkosten nach Gewicht', 'Curvo escendo adsum per Frutex, ubi ait animadverto poema, adicio Consonum archipater sum Aeger Dux prius edo paterna precipue, cunae declar.', '<p>Dieser Artikel hat das Gewicht von 8 Kilogram. Hierzu wird entsprechend eine Versandkostenberechnung nach Gewicht ben&ouml;tigt. Wenn Sie diesen Artikel in den Warenkorb legen, werden die Versandkosten mit 19,90&euro; berechnet. Hierzu k&ouml;nnen Sie folgende Zugangsdaten verwenden: User: max.mustermann@mail.com &amp; Passwort: shopware .</p>', NULL, '2012-07-16', 1, 1, 0, 0, '', '2012-08-30 14:57:27', NULL, 0, NULL, 0, 0, 0, '', 0, 803, NULL, NULL, NULL),
(249, 17, 'Käuferschutz', NULL, NULL, NULL, '2012-08-30', 1, 1, 0, 0, '1', '2012-08-30 16:06:09', NULL, 0, NULL, 0, 0, 0, '', 0, 804, NULL, NULL, NULL),
(250, 17, 'Käuferschutz', NULL, NULL, NULL, '2012-08-30', 1, 1, 0, 0, '1', '2012-08-30 16:06:10', NULL, 0, NULL, 0, 0, 0, '', 0, 805, NULL, NULL, NULL),
(251, 17, 'Käuferschutz', NULL, NULL, NULL, '2012-08-30', 1, 1, 0, 0, '1', '2012-08-30 16:06:10', NULL, 0, NULL, 0, 0, 0, '', 0, 806, NULL, NULL, NULL),
(252, 17, 'Käuferschutz', NULL, NULL, NULL, '2012-08-30', 1, 1, 0, 0, '1', '2012-08-30 16:06:10', NULL, 0, NULL, 0, 0, 0, '', 0, 807, NULL, NULL, NULL),
(253, 17, 'Käuferschutz', NULL, NULL, NULL, '2012-08-30', 1, 1, 0, 0, '1', '2012-08-30 16:06:10', NULL, 0, NULL, 0, 0, 0, '', 0, 808, NULL, NULL, NULL),
(254, 17, 'Käuferschutz', NULL, NULL, NULL, '2012-08-30', 1, 1, 0, 0, '1', '2012-08-30 16:06:10', NULL, 0, NULL, 0, 0, 0, '', 0, 809, NULL, NULL, NULL),
(255, 17, 'Käuferschutz', NULL, NULL, NULL, '2012-08-30', 1, 1, 0, 0, '1', '2012-08-30 16:06:10', NULL, 0, NULL, 0, 0, 0, '', 0, 810, NULL, NULL, NULL),
(256, 17, 'Käuferschutz', NULL, NULL, NULL, '2012-08-30', 1, 1, 0, 0, '1', '2012-08-30 16:06:10', NULL, 0, NULL, 0, 0, 0, '', 0, 811, NULL, NULL, NULL),
(257, 17, 'Käuferschutz', NULL, NULL, NULL, '2012-08-30', 1, 1, 0, 0, '1', '2012-08-30 16:06:10', NULL, 0, NULL, 0, 0, 0, '', 0, 812, NULL, NULL, NULL),
(258, 17, 'Käuferschutz', NULL, NULL, NULL, '2012-08-30', 1, 1, 0, 0, '1', '2012-08-30 16:06:10', NULL, 0, NULL, 0, 0, 0, '', 0, 813, NULL, NULL, NULL),
(259, 17, 'Käuferschutz', NULL, NULL, NULL, '2012-08-30', 1, 1, 0, 0, '1', '2012-08-30 16:06:10', NULL, 0, NULL, 0, 0, 0, '', 0, 814, NULL, NULL, NULL),
(260, 17, 'Käuferschutz', NULL, NULL, NULL, '2012-08-30', 1, 1, 0, 0, '1', '2012-08-30 16:06:10', NULL, 0, NULL, 0, 0, 0, '', 0, 815, NULL, NULL, NULL),
(261, 17, 'Käuferschutz', NULL, NULL, NULL, '2012-08-30', 1, 1, 0, 0, '1', '2012-08-30 16:06:10', NULL, 0, NULL, 0, 0, 0, '', 0, 816, NULL, NULL, NULL),
(262, 17, 'Käuferschutz', NULL, NULL, NULL, '2012-08-30', 1, 1, 0, 0, '1', '2012-08-30 16:06:10', NULL, 0, NULL, 0, 0, 0, '', 0, 817, NULL, NULL, NULL),
(263, 17, 'Käuferschutz', NULL, NULL, NULL, '2012-08-30', 1, 1, 0, 0, '1', '2012-08-30 16:06:10', NULL, 0, NULL, 0, 0, 0, '', 0, 818, NULL, NULL, NULL),
(264, 17, 'Käuferschutz', NULL, NULL, NULL, '2012-08-30', 1, 1, 0, 0, '1', '2012-08-30 16:06:10', NULL, 0, NULL, 0, 0, 0, '', 0, 819, NULL, NULL, NULL),
(265, 17, 'Käuferschutz', NULL, NULL, NULL, '2012-08-30', 1, 1, 0, 0, '1', '2012-08-30 16:06:10', NULL, 0, NULL, 0, 0, 0, '', 0, 820, NULL, NULL, NULL),
(266, 17, 'Käuferschutz', NULL, NULL, NULL, '2012-08-30', 1, 1, 0, 0, '1', '2012-08-30 16:06:10', NULL, 0, NULL, 0, 0, 0, '', 0, 821, NULL, NULL, NULL),
(267, 17, 'Käuferschutz', NULL, NULL, NULL, '2012-08-30', 1, 1, 0, 0, '1', '2012-08-30 16:06:10', NULL, 0, NULL, 0, 0, 0, '', 0, 822, NULL, NULL, NULL),
(268, 17, 'Käuferschutz', NULL, NULL, NULL, '2012-08-30', 1, 1, 0, 0, '1', '2012-08-30 16:06:10', NULL, 0, NULL, 0, 0, 0, '', 0, 823, NULL, NULL, NULL),
(269, 17, 'Käuferschutz', NULL, NULL, NULL, '2012-08-30', 1, 1, 0, 0, '1', '2012-08-30 16:06:10', NULL, 0, NULL, 0, 0, 0, '', 0, 824, NULL, NULL, NULL),
(270, 17, 'Käuferschutz', NULL, NULL, NULL, '2012-08-30', 1, 1, 0, 0, '1', '2012-08-30 16:06:10', NULL, 0, NULL, 0, 0, 0, '', 0, 825, NULL, NULL, NULL),
(271, 17, 'Käuferschutz', NULL, NULL, NULL, '2012-08-30', 1, 1, 0, 0, '1', '2012-08-30 16:06:10', NULL, 0, NULL, 0, 0, 0, '', 0, 826, NULL, NULL, NULL),
(272, 4, 'Spachtelmasse', '', '<p>qui dux somniculosus lascivio vel res compendiose Oriens propitius, alo ita pax galactinus emo. Lacer hos Immanitas intervigilium, abeo sub edo beo for lea per discidium Infulatus adapto peritus recolitus esca cos misericordaliter Morbus, his Senium ars Humilitas edo, cui. Sis sacrilegus Fatigo almus vae excedo, aut vegetabiliter Erogo villa periclitatus, for in per no sors capulus se Quies, mox.</p>', NULL, '2012-08-31', 1, 1, 0, 0, '', '2012-08-31 10:51:24', NULL, 0, NULL, 0, 0, 0, '', 0, 827, NULL, NULL, NULL);

TRUNCATE TABLE `s_articles_attributes`;
INSERT INTO `s_articles_attributes` (`id`, `articledetailsID`, `attr1`, `attr2`, `attr3`, `attr4`, `attr5`, `attr6`, `attr7`, `attr8`, `attr9`, `attr10`, `attr11`, `attr12`, `attr13`, `attr14`, `attr15`, `attr16`, `attr17`, `attr18`, `attr19`, `attr20`) VALUES
(3, 3, '', '', '', '', '', '', '', '', '', '', '', '', '', '', '', '', NULL, '', '', ''),
(4, 4, '', '', '', '', '', '', '', '', '', '', '', '', '', '', '', '', NULL, '', '', ''),
(6, 6, '', '', '', '', '', '', '', '', '', '', '', '', '', '', '', '', NULL, '', '', ''),
(15, 14, '', '', '', '', '', '', '', '', '', '', '', '', '', '', '', '', NULL, '', '', ''),
(16, 15, '', '', '', '', '', '', '', '', '', '', '', '', '', '', '', '', NULL, '', '', ''),
(17, 16, '', '', '', '', '', '', '', '', '', '', '', '', '', '', '', '', NULL, '', '', ''),
(18, 17, '', '', '', '', '', '', '', '', '', '', '', '', '', '', '', '', NULL, '', '', ''),
(20, 18, '', '', '', '', '', '', '', '', '', '', '', '', '', '', '', '', NULL, '', '', ''),
(21, 19, '', '', '', '', '', '', '', '', '', '', '', '', '', '', '', '', NULL, '', '', ''),
(22, 20, '', '', '', '', '', '', '', '', '', '', '', '', '', '', '', '', NULL, '', '', ''),
(23, 21, '', '', '', '', '', '', '', '', '', '', '', '', '', '', '', '', NULL, '', '', ''),
(24, 23, '', '', '', '', '', '', '', '', '', '', '', '', '', '', '', '', NULL, '', '', ''),
(25, 24, '', '', '', '', '', '', '', '', '', '', '', '', '', '', '', '', NULL, '', '', ''),
(26, 25, '', '', '', '', '', '', '', '', '', '', '', '', '', '', '', '', NULL, '', '', ''),
(27, 26, '', '', '', '', '', '', '', '', '', '', '', '', '', '', '', '', NULL, '', '', ''),
(28, 27, '', '', '', '', '', '', '', '', '', '', '', '', '', '', '', '', NULL, '', '', ''),
(29, 28, '', '', '', '', '', '', '', '', '', '', '', '', '', '', '', '', NULL, '', '', ''),
(30, 29, '', '', '', '', '', '', '', '', '', '', '', '', '', '', '', '', NULL, '', '', ''),
(31, 30, '', '', '', '', '', '', '', '', '', '', '', '', '', '', '', '', NULL, '', '', ''),
(32, 31, '', '', '', '', '', '', '', '', '', '', '', '', '', '', '', '', NULL, '', '', ''),
(33, 32, '', '', '', '', '', '', '', '', '', '', '', '', '', '', '', '', NULL, '', '', ''),
(34, 33, '', '', '', '', '', '', '', '', '', '', '', '', '', '', '', '', NULL, '', '', ''),
(35, 34, '', '', '', '', '', '', '', '', '', '', '', '', '', '', '', '', NULL, '', '', ''),
(36, 35, '', '', '', '', '', '', '', '', '', '', '', '', '', '', '', '', NULL, '', '', ''),
(37, 36, '', '', '', '', '', '', '', '', '', '', '', '', '', '', '', '', NULL, '', '', ''),
(38, 37, '', '', '', '', '', '', '', '', '', '', '', '', '', '', '', '', NULL, '', '', ''),
(39, 38, '', '', '', '', '', '', '', '', '', '', '', '', '', '', '', '', NULL, '', '', ''),
(40, 39, '', '', '', '', '', '', '', '', '', '', '', '', '', '', '', '', NULL, '', '', ''),
(41, 40, '', '', '', '', '', '', '', '', '', '', '', '', '', '', '', '', NULL, '', '', ''),
(42, 41, '', '', '', '', '', '', '', '', '', '', '', '', '', '', '', '', NULL, '', '', ''),
(43, 42, '', '', '', '', '', '', '', '', '', '', '', '', '', '', '', '', NULL, '', '', ''),
(44, 43, '', '', '', '', '', '', '', '', '', '', '', '', '', '', '', '', NULL, '', '', ''),
(45, 44, '', '', '', '', '', '', '', '', '', '', '', '', '', '', '', '', NULL, '', '', ''),
(46, 45, '', '', '', '', '', '', '', '', '', '', '', '', '', '', '', '', NULL, '', '', ''),
(47, 46, '', '', '', '', '', '', '', '', '', '', '', '', '', '', '', '', NULL, '', '', ''),
(48, 47, '', '', '', '', '', '', '', '', '', '', '', '', '', '', '', '', NULL, '', '', ''),
(49, 48, '', '', '', '', '', '', '', '', '', '', '', '', '', '', '', '', NULL, '', '', ''),
(50, 49, '', '', '', '', '', '', '', '', '', '', '', '', '', '', '', '', NULL, '', '', ''),
(51, 50, '', '', '', '', '', '', '', '', '', '', '', '', '', '', '', '', NULL, '', '', ''),
(64, NULL, '', '', '', '', '', '', '', '', '', '', '', '', '', '', '', '', NULL, '', '', ''),
(133, 125, '', '', '', '', '', '', '', '', '', '', '', '', '', '', '', '', NULL, '', '', ''),
(134, 123, '', '', '', '', '', '', '', '', '', '', '', '', '', '', '', '', NULL, '', '', ''),
(135, 126, '', '', '', '', '', '', '', '', '', '', '', '', '', '', '', '', NULL, '', '', ''),
(136, 127, '', '', '', '', '', '', '', '', '', '', '', '', '', '', '', '', NULL, '', '', ''),
(137, 128, '', '', '', '', '', '', '', '', '', '', '', '', '', '', '', '', NULL, '', '', ''),
(138, 129, '', '', '', '', '', '', '', '', '', '', '', '', '', '', '', '', NULL, '', '', ''),
(139, 130, '', '', '', '', '', '', '', '', '', '', '', '', '', '', '', '', NULL, '', '', ''),
(140, 131, '', '', '', '', '', '', '', '', '', '', '', '', '', '', '', '', NULL, '', '', ''),
(141, 132, '', '', '', '', '', '', '', '', '', '', '', '', '', '', '', '', NULL, '', '', ''),
(142, 133, '', '', '', '', '', '', '', '', '', '', '', '', '', '', '', '', NULL, '', '', ''),
(143, 134, '', '', '', '', '', '', '', '', '', '', '', '', '', '', '', '', NULL, '', '', ''),
(144, 135, '', '', '', '', '', '', '', '', '', '', '', '', '', '', '', '', NULL, '', '', ''),
(145, 136, '', '', '', '', '', '', '', '', '', '', '', '', '', '', '', '', NULL, '', '', ''),
(146, 137, '', '', '', '', '', '', '', '', '', '', '', '', '', '', '', '', NULL, '', '', ''),
(147, 138, '', '', '', '', '', '', '', '', '', '', '', '', '', '', '', '', NULL, '', '', ''),
(148, 139, '', '', '', '', '', '', '', '', '', '', '', '', '', '', '', '', NULL, '', '', ''),
(149, 140, '', '', '', '', '', '', '', '', '', '', '', '', '', '', '', '', NULL, '', '', ''),
(150, 141, '', '', '', '', '', '', '', '', '', '', '', '', '', '', '', '', NULL, '', '', ''),
(151, 142, '', '', '', '', '', '', '', '', '', '', '', '', '', '', '', '', NULL, '', '', ''),
(152, 143, '', '', '', '', '', '', '', '', '', '', '', '', '', '', '', '', NULL, '', '', ''),
(153, 144, '', '', '', '', '', '', '', '', '', '', '', '', '', '', '', '', NULL, '', '', ''),
(154, 145, '', '', '', '', '', '', '', '', '', '', '', '', '', '', '', '', NULL, '', '', ''),
(155, 146, '', '', '', '', '', '', '', '', '', '', '', '', '', '', '', '', NULL, '', '', ''),
(156, 147, '', '', '', '', '', '', '', '', '', '', '', '', '', '', '', '', NULL, '', '', ''),
(157, 148, '', '', '', '', '', '', '', '', '', '', '', '', '', '', '', '', NULL, '', '', ''),
(158, 149, '', '', '', '', '', '', '', '', '', '', '', '', '', '', '', '', NULL, '', '', ''),
(159, 150, '', '', '', '', '', '', '', '', '', '', '', '', '', '', '', '', NULL, '', '', ''),
(160, 151, '', '', '', '', '', '', '', '', '', '', '', '', '', '', '', '', NULL, '', '', ''),
(162, 153, '', '', '', '', '', '', '', '', '', '', '', '', '', '', '', '', NULL, '', '', ''),
(163, 154, '', '', '', '', '', '', '', '', '', '', '', '', '', '', '', '', NULL, '', '', ''),
(164, 155, '', '', '', '', '', '', '', '', '', '', '', '', '', '', '', '', NULL, '', '', ''),
(165, 156, '', '', '', '', '', '', '', '', '', '', '', '', '', '', '', '', NULL, '', '', ''),
(166, 157, '', '', '', '', '', '', '', '', '', '', '', '', '', '', '', '', NULL, '', '', ''),
(167, 158, '', '', '', '', '', '', '', '', '', '', '', '', '', '', '', '', NULL, '', '', ''),
(168, 159, '', '', '', '', '', '', '', '', '', '', '', '', '', '', '', '', NULL, '', '', ''),
(169, 160, '', '', '', '', '', '', '', '', '', '', '', '', '', '', '', '', NULL, '', '', ''),
(170, 161, '', '', '', '', '', '', '', '', '', '', '', '', '', '', '', '', NULL, '', '', ''),
(171, 162, '', '', '', '', '', '', '', '', '', '', '', '', '', '', '', '', NULL, '', '', ''),
(172, 163, '', '', '', '', '', '', '', '', '', '', '', '', '', '', '', '', NULL, '', '', ''),
(173, 165, '', '', '', '', '', '', '', '', '', '', '', '', '', '', '', '', NULL, '', '', ''),
(174, 166, '', '', '', '', '', '', '', '', '', '', '', '', '', '', '', '', NULL, '', '', ''),
(175, 167, '', '', '', '', '', '', '', '', '', '', '', '', '', '', '', '', NULL, '', '', ''),
(176, 168, '', '', '', '', '', '', '', '', '', '', '', '', '', '', '', '', NULL, '', '', ''),
(177, 169, '', '', '', '', '', '', '', '', '', '', '', '', '', '', '', '', NULL, '', '', ''),
(178, 170, '', '', '', '', '', '', '', '', '', '', '', '', '', '', '', '', NULL, '', '', ''),
(179, 171, '', '', '', '', '', '', '', '', '', '', '', '', '', '', '', '', NULL, '', '', ''),
(180, 172, '', '', '', '', '', '', '', '', '', '', '', '', '', '', '', '', NULL, '', '', ''),
(181, 173, '', '', '', '', '', '', '', '', '', '', '', '', '', '', '', '', NULL, '', '', ''),
(182, 174, '', '', '', '', '', '', '', '', '', '', '', '', '', '', '', '', NULL, '', '', ''),
(183, 175, '', '', '', '', '', '', '', '', '', '', '', '', '', '', '', '', NULL, '', '', ''),
(184, 177, '', '', '', '', '', '', '', '', '', '', '', '', '', '', '', '', NULL, '', '', ''),
(185, 178, '', '', '', '', '', '', '', '', '', '', '', '', '', '', '', '', NULL, '', '', ''),
(190, 183, '', '', '', '', '', '', '', '', '', '', '', '', '', '', '', '', NULL, '', '', ''),
(191, 184, '', '', '', '', '', '', '', '', '', '', '', '', '', '', '', '', NULL, '', '', ''),
(192, 185, '', '', '', '', '', '', '', '', '', '', '', '', '', '', '', '', NULL, '', '', ''),
(193, 186, '', '', '', '', '', '', '', '', '', '', '', '', '', '', '', '', NULL, '', '', ''),
(228, NULL, '', '', '', '', '', '', '', '', '', '', '', '', '', '', '', '', NULL, '', '', ''),
(237, 227, '0', '0', '0', NULL, NULL, NULL, NULL, '0', NULL, NULL, NULL, NULL, '0', NULL, NULL, NULL, NULL, NULL, NULL, NULL),
(238, 228, '0', '0', '0', NULL, NULL, NULL, NULL, '0', NULL, NULL, NULL, NULL, '0', NULL, NULL, NULL, NULL, NULL, NULL, NULL),
(239, 229, '0', '0', '0', NULL, NULL, NULL, NULL, '0', NULL, NULL, NULL, NULL, '0', NULL, NULL, NULL, NULL, NULL, NULL, NULL),
(240, 230, '0', '0', '0', NULL, NULL, NULL, NULL, '0', NULL, NULL, NULL, NULL, '0', NULL, NULL, NULL, NULL, NULL, NULL, NULL),
(241, 231, '0', '0', '0', NULL, NULL, NULL, NULL, '0', NULL, NULL, NULL, NULL, '0', NULL, NULL, NULL, NULL, NULL, NULL, NULL),
(242, 232, '0', '0', '0', NULL, NULL, NULL, NULL, '0', NULL, NULL, NULL, NULL, '0', NULL, NULL, NULL, NULL, NULL, NULL, NULL),
(243, 233, '0', '0', '0', NULL, NULL, NULL, NULL, '0', NULL, NULL, NULL, NULL, '0', NULL, NULL, NULL, NULL, NULL, NULL, NULL),
(244, 234, '0', '0', '0', NULL, NULL, NULL, NULL, '0', NULL, NULL, NULL, NULL, '0', NULL, NULL, NULL, NULL, NULL, NULL, NULL),
(245, 235, '0', '0', '0', NULL, NULL, NULL, NULL, '0', NULL, NULL, NULL, NULL, '0', NULL, NULL, NULL, NULL, NULL, NULL, NULL),
(246, NULL, '', '', '', '', '', '', '', '', '', '', '', '', '', '', '', '', NULL, '', '', ''),
(247, NULL, '', '', '', '', '', '', '', '', '', '', '', '', '', '', '', '', NULL, '', '', ''),
(248, 220, '', '', '', '', '', '', '', '', '', '', '', '', '', '', '', '', NULL, '', '', ''),
(249, 236, '', '', '', '', '', '', '', '', '', '', '', '', '', '', '', '', NULL, '', '', ''),
(250, 237, '', '', '', '', '', '', '', '', '', '', '', '', '', '', '', '', NULL, '', '', ''),
(251, 238, '', '', '', '', '', '', '', '', '', '', '', '', '', '', '', '', NULL, '', '', ''),
(252, 239, '', '', '', '', '', '', '', '', '', '', '', '', '', '', '', '', NULL, '', '', ''),
(254, 241, '', '', '', '', '', '', '', '', '', '', '', '', '', '', '', '', NULL, '', '', ''),
(265, NULL, '', '', '', '', '', '', '', '', '', '', '', '', '', '', '', '', NULL, '', '', ''),
(266, 249, '', '', '', '', '', '', '', '', '', '', '', '', '', '', '', '', NULL, '', '', ''),
(271, NULL, '', '', '', '', '', '', '', '', '', '', '', '', '', '', '', '', NULL, '', '', ''),
(272, 252, '', '', '', '', '', '', '', '', '', '', '', '', '', '', '', '', NULL, '', '', ''),
(276, 259, '', '', '', '', '', '', '', '', '', '', '', '', '', '', '', '', NULL, '', '', ''),
(277, 256, '', '', '', '', '', '', '', '', '', '', '', '', '', '', '', '', NULL, '', '', ''),
(278, 260, '', '', '', '', '', '', '', '', '', '', '', '', '', '', '', '', NULL, '', '', ''),
(279, 261, '', '', '', '', '', '', '', '', '', '', '', '', '', '', '', '', NULL, '', '', ''),
(280, 262, '', '', '', '', '', '', '', '', '', '', '', '', '', '', '', '', NULL, '', '', ''),
(281, 263, '', '', '', '', '', '', '', '', '', '', '', '', '', '', '', '', NULL, '', '', ''),
(282, 264, '', '', '', '', '', '', '', '', '', '', '', '', '', '', '', '', NULL, '', '', ''),
(296, 278, '', '', '', '', '', '', '', '', '', '', '', '', '', '', '', '', NULL, '', '', ''),
(297, 279, '', '', '', '', '', '', '', '', '', '', '', '', '', '', '', '', NULL, '', '', ''),
(298, 280, '', '', '', '', '', '', '', '', '', '', '', '', '', '', '', '', NULL, '', '', ''),
(299, 281, '', '', '', '', '', '', '', '', '', '', '', '', '', '', '', '', NULL, '', '', ''),
(307, 288, '', '', '', '', '', '', '', '', '', '', '', '', '', '', '', '', NULL, '', '', ''),
(308, 289, '', '', '', '', '', '', '', '', '', '', '', '', '', '', '', '', NULL, '', '', ''),
(309, 290, '', '', '', '', '', '', '', '', '', '', '', '', '', '', '', '', NULL, '', '', ''),
(310, 291, '', '', '', '', '', '', '', '', '', '', '', '', '', '', '', '', NULL, '', '', ''),
(311, 292, '', '', '', '', '', '', '', '', '', '', '', '', '', '', '', '', NULL, '', '', ''),
(314, 295, '', '', '', '', '', '', '', '', '', '', '', '', '', '', '', '', NULL, '', '', ''),
(316, 297, '', '', '', '', '', '', '', '', '', '', '', '', '', '', '', '', NULL, '', '', ''),
(317, 298, '', '', '', '', '', '', '', '', '', '', '', '', '', '', '', '', NULL, '', '', ''),
(318, 299, '', '', '', '', '', '', '', '', '', '', '', '', '', '', '', '', NULL, '', '', ''),
(341, 322, '', '', '', '', '', '', '', '', '', '', '', '', '', '', '', '', NULL, '', '', ''),
(342, 323, '', '', '', '', '', '', '', '', '', '', '', '', '', '', '', '', NULL, '', '', ''),
(343, 324, '', '', '', '', '', '', '', '', '', '', '', '', '', '', '', '', NULL, '', '', ''),
(344, 325, '', '', '', '', '', '', '', '', '', '', '', '', '', '', '', '', NULL, '', '', ''),
(345, 326, '', '', '', '', '', '', '', '', '', '', '', '', '', '', '', '', NULL, '', '', ''),
(346, 327, '', '', '', '', '', '', '', '', '', '', '', '', '', '', '', '', NULL, '', '', ''),
(347, 328, '', '', '', '', '', '', '', '', '', '', '', '', '', '', '', '', NULL, '', '', ''),
(348, 329, '', '', '', '', '', '', '', '', '', '', '', '', '', '', '', '', NULL, '', '', ''),
(349, 330, '', '', '', '', '', '', '', '', '', '', '', '', '', '', '', '', NULL, '', '', ''),
(350, 331, '', '', '', '', '', '', '', '', '', '', '', '', '', '', '', '', NULL, '', '', ''),
(351, 332, '', '', '', '', '', '', '', '', '', '', '', '', '', '', '', '', NULL, '', '', ''),
(352, 333, '', '', '', '', '', '', '', '', '', '', '', '', '', '', '', '', NULL, '', '', ''),
(353, 334, '', '', '', '', '', '', '', '', '', '', '', '', '', '', '', '', NULL, '', '', ''),
(354, 335, '', '', '', '', '', '', '', '', '', '', '', '', '', '', '', '', NULL, '', '', ''),
(355, 336, '', '', '', '', '', '', '', '', '', '', '', '', '', '', '', '', NULL, '', '', ''),
(356, 337, '', '', '', '', '', '', '', '', '', '', '', '', '', '', '', '', NULL, '', '', ''),
(357, 338, '', '', '', '', '', '', '', '', '', '', '', '', '', '', '', '', NULL, '', '', ''),
(358, 339, '', '', '', '', '', '', '', '', '', '', '', '', '', '', '', '', NULL, '', '', ''),
(359, 340, '', '', '', '', '', '', '', '', '', '', '', '', '', '', '', '', NULL, '', '', ''),
(360, 341, '', '', '', '', '', '', '', '', '', '', '', '', '', '', '', '', NULL, '', '', ''),
(361, 342, '', '', '', '', '', '', '', '', '', '', '', '', '', '', '', '', NULL, '', '', ''),
(362, 343, '', '', '', '', '', '', '', '', '', '', '', '', '', '', '', '', NULL, '', '', ''),
(365, 346, '', '', '', '', '', '', '', '', '', '', '', '', '', '', '', '', NULL, '', '', ''),
(366, 347, '', '', '', '', '', '', '', '', '', '', '', '', '', '', '', '', NULL, '', '', ''),
(367, 348, '', '', '', '', '', '', '', '', '', '', '', '', '', '', '', '', NULL, '', '', ''),
(368, 349, '', '', '', '', '', '', '', '', '', '', '', '', '', '', '', '', NULL, '', '', ''),
(369, 350, '', '', '', '', '', '', '', '', '', '', '', '', '', '', '', '', NULL, '', '', ''),
(370, 351, '', '', '', '', '', '', '', '', '', '', '', '', '', '', '', '', NULL, '', '', ''),
(371, 352, '', '', '', '', '', '', '', '', '', '', '', '', '', '', '', '', NULL, '', '', ''),
(373, 354, '', '', '', '', '', '', '', '', '', '', '', '', '', '', '', '', NULL, '', '', ''),
(374, 355, '', '', '', '', '', '', '', '', '', '', '', '', '', '', '', '', NULL, '', '', ''),
(375, 356, '', '', '', '', '', '', '', '', '', '', '', '', '', '', '', '', NULL, '', '', ''),
(376, 357, '', '', '', '', '', '', '', '', '', '', '', '', '', '', '', '', NULL, '', '', ''),
(377, 358, '', '', '', '', '', '', '', '', '', '', '', '', '', '', '', '', NULL, '', '', ''),
(378, 359, '', '', '', '', '', '', '', '', '', '', '', '', '', '', '', '', NULL, '', '', ''),
(379, 360, '', '', '', '', '', '', '', '', '', '', '', '', '', '', '', '', NULL, '', '', ''),
(380, 361, '', '', '', '', '', '', '', '', '', '', '', '', '', '', '', '', NULL, '', '', ''),
(381, 362, '', '', '', '', '', '', '', '', '', '', '', '', '', '', '', '', NULL, '', '', ''),
(386, 367, '', '', '', '', '', '', '', '', '', '', '', '', '', '', '', '', NULL, '', '', ''),
(387, 368, '', '', '', '', '', '', '', '', '', '', '', '', '', '', '', '', NULL, '', '', ''),
(388, 369, '', '', '', '', '', '', '', '', '', '', '', '', '', '', '', '', NULL, '', '', ''),
(389, 370, '', '', '', '', '', '', '', '', '', '', '', '', '', '', '', '', NULL, '', '', ''),
(393, 374, '', '', '', '', '', '', '', '', '', '', '', '', '', '', '', '', NULL, '', '', ''),
(394, 375, '', '', '', '', '', '', '', '', '', '', '', '', '', '', '', '', NULL, '', '', ''),
(395, 376, '', '', '', '', '', '', '', '', '', '', '', '', '', '', '', '', NULL, '', '', ''),
(396, 377, '', '', '', '', '', '', '', '', '', '', '', '', '', '', '', '', NULL, '', '', ''),
(397, 378, '', '', '', '', '', '', '', '', '', '', '', '', '', '', '', '', NULL, '', '', ''),
(399, 380, '', '', '', '', '', '', '', '', '', '', '', '', '', '', '', '', NULL, '', '', ''),
(400, 381, '', '', '', '', '', '', '', '', '', '', '', '', '', '', '', '', NULL, '', '', ''),
(401, 382, '', '', '', '', '', '', '', '', '', '', '', '', '', '', '', '', NULL, '', '', ''),
(402, 383, '', '', '', '', '', '', '', '', '', '', '', '', '', '', '', '', NULL, '', '', ''),
(403, 384, '', '', '', '', '', '', '', '', '', '', '', '', '', '', '', '', NULL, '', '', ''),
(404, 385, '', '', '', '', '', '', '', '', '', '', '', '', '', '', '', '', NULL, '', '', ''),
(405, 386, '', '', '', '', '', '', '', '', '', '', '', '', '', '', '', '', NULL, '', '', ''),
(406, 372, '', '', '', '', '', '', '', '', '', '', '', '', '', '', '', '', NULL, '', '', ''),
(407, 364, '', '', '', '', '', '', '', '', '', '', '', '', '', '', '', '', NULL, '', '', ''),
(408, 387, '', '', '', '', '', '', '', '', '', '', '', '', '', '', '', '', NULL, '', '', ''),
(409, 388, '', '', '', '', '', '', '', '', '', '', '', '', '', '', '', '', NULL, '', '', ''),
(410, 389, '', '', '', '', '', '', '', '', '', '', '', '', '', '', '', '', NULL, '', '', ''),
(411, 390, '', '', '', '', '', '', '', '', '', '', '', '', '', '', '', '', NULL, '', '', ''),
(412, 391, '', '', '', '', '', '', '', '', '', '', '', '', '', '', '', '', NULL, '', '', ''),
(413, 392, '', '', '', '', '', '', '', '', '', '', '', '', '', '', '', '', NULL, '', '', ''),
(414, 393, '', '', '', '', '', '', '', '', '', '', '', '', '', '', '', '', NULL, '', '', ''),
(415, 394, '', '', '', '', '', '', '', '', '', '', '', '', '', '', '', '', NULL, '', '', ''),
(420, 399, '', '', '', '', '', '', '', '', '', '', '', '', '', '', '', '', NULL, '', '', ''),
(422, 396, '', '', '', '', '', '', '', '', '', '', '', '', '', '', '', '', NULL, '', '', ''),
(423, 401, '', '', '', '', '', '', '', '', '', '', '', '', '', '', '', '', NULL, '', '', ''),
(424, 402, '', '', '', '', '', '', '', '', '', '', '', '', '', '', '', '', NULL, '', '', ''),
(425, 403, '', '', '', '', '', '', '', '', '', '', '', '', '', '', '', '', NULL, '', '', ''),
(426, 404, '', '', '', '', '', '', '', '', '', '', '', '', '', '', '', '', NULL, '', '', ''),
(427, 405, '', '', '', '', '', '', '', '', '', '', '', '', '', '', '', '', NULL, '', '', ''),
(428, 406, '', '', '', '', '', '', '', '', '', '', '', '', '', '', '', '', NULL, '', '', ''),
(429, 407, '', '', '', '', '', '', '', '', '', '', '', '', '', '', '', '', NULL, '', '', ''),
(431, 409, '', '', '', '', '', '', '', '', '', '', '', '', '', '', '', '', NULL, '', '', ''),
(432, 410, '', '', '', '', '', '', '', '', '', '', '', '', '', '', '', '', NULL, '', '', ''),
(433, 411, '', '', '', '', '', '', '', '', '', '', '', '', '', '', '', '', NULL, '', '', ''),
(434, 412, '', '', '', '', '', '', '', '', '', '', '', '', '', '', '', '', NULL, '', '', ''),
(435, 413, '', '', '', '', '', '', '', '', '', '', '', '', '', '', '', '', NULL, '', '', ''),
(436, 414, '', '', '', '', '', '', '', '', '', '', '', '', '', '', '', '', NULL, '', '', ''),
(437, 415, '', '', '', '', '', '', '', '', '', '', '', '', '', '', '', '', NULL, '', '', ''),
(439, 417, '', '', '', '', '', '', '', '', '', '', '', '', '', '', '', '', NULL, '', '', ''),
(440, 418, '', '', '', '', '', '', '', '', '', '', '', '', '', '', '', '', NULL, '', '', ''),
(441, 419, '', '', '', '', '', '', '', '', '', '', '', '', '', '', '', '', NULL, '', '', ''),
(442, 420, '', '', '', '', '', '', '', '', '', '', '', '', '', '', '', '', NULL, '', '', ''),
(443, 421, '', '', '', '', '', '', '', '', '', '', '', '', '', '', '', '', NULL, '', '', ''),
(455, 434, '', '', '', '', '', '', '', '', '', '', '', '', '', '', '', '', NULL, '', '', ''),
(456, 435, '', '', '', '', '', '', '', '', '', '', '', '', '', '', '', '', NULL, '', '', ''),
(457, 436, '', '', '', '', '', '', '', '', '', '', '', '', '', '', '', '', NULL, '', '', ''),
(458, 437, '', '', '', '', '', '', '', '', '', '', '', '', '', '', '', '', NULL, '', '', ''),
(459, 438, '', '', '', '', '', '', '', '', '', '', '', '', '', '', '', '', NULL, '', '', ''),
(460, 439, '', '', '', '', '', '', '', '', '', '', '', '', '', '', '', '', NULL, '', '', ''),
(461, 440, '', '', '', '', '', '', '', '', '', '', '', '', '', '', '', '', NULL, '', '', ''),
(462, 441, '', '', '', '', '', '', '', '', '', '', '', '', '', '', '', '', NULL, '', '', ''),
(474, 453, '', '', '', '', '', '', '', '', '', '', '', '', '', '', '', '', NULL, '', '', ''),
(475, 454, '', '', '', '', '', '', '', '', '', '', '', '', '', '', '', '', NULL, '', '', ''),
(476, 455, '', '', '', '', '', '', '', '', '', '', '', '', '', '', '', '', NULL, '', '', ''),
(477, 456, '', '', '', '', '', '', '', '', '', '', '', '', '', '', '', '', NULL, '', '', ''),
(478, 457, '', '', '', '', '', '', '', '', '', '', '', '', '', '', '', '', NULL, '', '', ''),
(479, 458, '', '', '', '', '', '', '', '', '', '', '', '', '', '', '', '', NULL, '', '', ''),
(480, 459, '', '', '', '', '', '', '', '', '', '', '', '', '', '', '', '', NULL, '', '', ''),
(481, 460, '', '', '', '', '', '', '', '', '', '', '', '', '', '', '', '', NULL, '', '', ''),
(482, 461, '', '', '', '', '', '', '', '', '', '', '', '', '', '', '', '', NULL, '', '', ''),
(483, 462, '', '', '', '', '', '', '', '', '', '', '', '', '', '', '', '', NULL, '', '', ''),
(484, 463, '', '', '', '', '', '', '', '', '', '', '', '', '', '', '', '', NULL, '', '', ''),
(485, 443, '', '', '', '', '', '', '', '', '', '', '', '', '', '', '', '', NULL, '', '', ''),
(490, 444, '', '', '', '', '', '', '', '', '', '', '', '', '', '', '', '', NULL, '', '', ''),
(513, NULL, '', '', '', '', '', '', '', '', '', '', '', '', '', '', '', '', NULL, '', '', ''),
(587, 558, '0', '0', '0', NULL, NULL, NULL, NULL, '0', NULL, NULL, NULL, NULL, '0', NULL, NULL, NULL, NULL, NULL, NULL, NULL),
(588, 559, '0', '0', '0', NULL, NULL, NULL, NULL, '0', NULL, NULL, NULL, NULL, '0', NULL, NULL, NULL, NULL, NULL, NULL, NULL),
(589, 560, '0', '0', '0', NULL, NULL, NULL, NULL, '0', NULL, NULL, NULL, NULL, '0', NULL, NULL, NULL, NULL, NULL, NULL, NULL),
(590, 561, '0', '0', '0', NULL, NULL, NULL, NULL, '0', NULL, NULL, NULL, NULL, '0', NULL, NULL, NULL, NULL, NULL, NULL, NULL),
(591, 562, '0', '0', '0', NULL, NULL, NULL, NULL, '0', NULL, NULL, NULL, NULL, '0', NULL, NULL, NULL, NULL, NULL, NULL, NULL),
(592, 563, '0', '0', '0', NULL, NULL, NULL, NULL, '0', NULL, NULL, NULL, NULL, '0', NULL, NULL, NULL, NULL, NULL, NULL, NULL),
(593, 564, '0', '0', '0', NULL, NULL, NULL, NULL, '0', NULL, NULL, NULL, NULL, '0', NULL, NULL, NULL, NULL, NULL, NULL, NULL),
(594, 565, '0', '0', '0', NULL, NULL, NULL, NULL, '0', NULL, NULL, NULL, NULL, '0', NULL, NULL, NULL, NULL, NULL, NULL, NULL),
(595, 566, '0', '0', '0', NULL, NULL, NULL, NULL, '0', NULL, NULL, NULL, NULL, '0', NULL, NULL, NULL, NULL, NULL, NULL, NULL),
(596, 567, '0', '0', '0', NULL, NULL, NULL, NULL, '0', NULL, NULL, NULL, NULL, '0', NULL, NULL, NULL, NULL, NULL, NULL, NULL),
(597, 568, '0', '0', '0', NULL, NULL, NULL, NULL, '0', NULL, NULL, NULL, NULL, '0', NULL, NULL, NULL, NULL, NULL, NULL, NULL),
(598, 569, '0', '0', '0', NULL, NULL, NULL, NULL, '0', NULL, NULL, NULL, NULL, '0', NULL, NULL, NULL, NULL, NULL, NULL, NULL),
(599, 549, '', '', '', '', '', '', '', '', '', '', '', '', '', '', '', '', NULL, '', '', ''),
(728, 697, '0', '0', '0', NULL, NULL, NULL, NULL, '0', NULL, NULL, NULL, NULL, '0', NULL, NULL, NULL, NULL, NULL, NULL, NULL),
(729, 698, '0', '0', '0', NULL, NULL, NULL, NULL, '0', NULL, NULL, NULL, NULL, '0', NULL, NULL, NULL, NULL, NULL, NULL, NULL),
(730, 699, '0', '0', '0', NULL, NULL, NULL, NULL, '0', NULL, NULL, NULL, NULL, '0', NULL, NULL, NULL, NULL, NULL, NULL, NULL),
(731, 700, '0', '0', '0', NULL, NULL, NULL, NULL, '0', NULL, NULL, NULL, NULL, '0', NULL, NULL, NULL, NULL, NULL, NULL, NULL),
(732, 701, '0', '0', '0', NULL, NULL, NULL, NULL, '0', NULL, NULL, NULL, NULL, '0', NULL, NULL, NULL, NULL, NULL, NULL, NULL),
(733, 702, '0', '0', '0', NULL, NULL, NULL, NULL, '0', NULL, NULL, NULL, NULL, '0', NULL, NULL, NULL, NULL, NULL, NULL, NULL),
(734, 703, '0', '0', '0', NULL, NULL, NULL, NULL, '0', NULL, NULL, NULL, NULL, '0', NULL, NULL, NULL, NULL, NULL, NULL, NULL),
(735, 704, '0', '0', '0', NULL, NULL, NULL, NULL, '0', NULL, NULL, NULL, NULL, '0', NULL, NULL, NULL, NULL, NULL, NULL, NULL),
(736, 705, '0', '0', '0', NULL, NULL, NULL, NULL, '0', NULL, NULL, NULL, NULL, '0', NULL, NULL, NULL, NULL, NULL, NULL, NULL),
(737, 706, '0', '0', '0', NULL, NULL, NULL, NULL, '0', NULL, NULL, NULL, NULL, '0', NULL, NULL, NULL, NULL, NULL, NULL, NULL),
(738, 707, '0', '0', '0', NULL, NULL, NULL, NULL, '0', NULL, NULL, NULL, NULL, '0', NULL, NULL, NULL, NULL, NULL, NULL, NULL),
(739, 708, '0', '0', '0', NULL, NULL, NULL, NULL, '0', NULL, NULL, NULL, NULL, '0', NULL, NULL, NULL, NULL, NULL, NULL, NULL),
(740, 689, '', '', '', '', '', '', '', '', '', '', '', '', '', '', '', '', NULL, '', '', ''),
(758, 726, '0', '0', '0', NULL, NULL, NULL, NULL, '0', NULL, NULL, NULL, NULL, '0', NULL, NULL, NULL, NULL, NULL, NULL, NULL),
(759, 727, '0', '0', '0', NULL, NULL, NULL, NULL, '0', NULL, NULL, NULL, NULL, '0', NULL, NULL, NULL, NULL, NULL, NULL, NULL),
(760, 728, '0', '0', '0', NULL, NULL, NULL, NULL, '0', NULL, NULL, NULL, NULL, '0', NULL, NULL, NULL, NULL, NULL, NULL, NULL),
(761, 729, '0', '0', '0', NULL, NULL, NULL, NULL, '0', NULL, NULL, NULL, NULL, '0', NULL, NULL, NULL, NULL, NULL, NULL, NULL),
(762, 730, '0', '0', '0', NULL, NULL, NULL, NULL, '0', NULL, NULL, NULL, NULL, '0', NULL, NULL, NULL, NULL, NULL, NULL, NULL),
(763, 731, '0', '0', '0', NULL, NULL, NULL, NULL, '0', NULL, NULL, NULL, NULL, '0', NULL, NULL, NULL, NULL, NULL, NULL, NULL),
(764, 732, '0', '0', '0', NULL, NULL, NULL, NULL, '0', NULL, NULL, NULL, NULL, '0', NULL, NULL, NULL, NULL, NULL, NULL, NULL),
(765, 733, '0', '0', '0', NULL, NULL, NULL, NULL, '0', NULL, NULL, NULL, NULL, '0', NULL, NULL, NULL, NULL, NULL, NULL, NULL),
(766, 734, '0', '0', '0', NULL, NULL, NULL, NULL, '0', NULL, NULL, NULL, NULL, '0', NULL, NULL, NULL, NULL, NULL, NULL, NULL),
(767, 735, '0', '0', '0', NULL, NULL, NULL, NULL, '0', NULL, NULL, NULL, NULL, '0', NULL, NULL, NULL, NULL, NULL, NULL, NULL),
(768, 736, '0', '0', '0', NULL, NULL, NULL, NULL, '0', NULL, NULL, NULL, NULL, '0', NULL, NULL, NULL, NULL, NULL, NULL, NULL),
(769, 737, '0', '0', '0', NULL, NULL, NULL, NULL, '0', NULL, NULL, NULL, NULL, '0', NULL, NULL, NULL, NULL, NULL, NULL, NULL),
(776, 743, '0', '0', '0', '', '', '', '', '0', '', '', '', '', '0', '', '', '', NULL, '', '', ''),
(777, 744, '0', '0', '0', '', '', '', '', '0', '', '', '', '', '0', '', '', '', NULL, '', '', ''),
(778, 742, '0', '0', '0', '', '', '', '', '0', '', '', '', '', '0', '', '', '', NULL, '', '', ''),
(779, 745, '', '', '', '', '', '', '', '', '', '', '', '', '', '', '', '', NULL, '', '', ''),
(780, 746, '', '', '', '', '', '', '', '', '', '', '', '', '', '', '', '', NULL, '', '', ''),
(781, 747, '', '', '', '', '', '', '', '', '', '', '', '', '', '', '', '', NULL, '', '', ''),
(782, 748, '', '', '', '', '', '', '', '', '', '', '', '', '', '', '', '', NULL, '', '', ''),
(783, 749, '', '', '', '', '', '', '', '', '', '', '', '', '', '', '', '', NULL, '', '', ''),
(785, 751, '', '', '', '', '', '', '', '', '', '', '', '', '', '', '', '', NULL, '', '', ''),
(792, 758, '', '', '', '', '', '', '', '', '', '', '', '', '', '', '', '', NULL, '', '', ''),
(793, 759, '', '', '', '', '', '', '', '', '', '', '', '', '', '', '', '', NULL, '', '', ''),
(800, 766, '', '', '', '', '', '', '', '', '', '', '', '', '', '', '', '', NULL, '', '', ''),
(801, 767, '', '', '', '', '', '', '', '', '', '', '', '', '', '', '', '', NULL, '', '', ''),
(802, 768, '', '', '', '', '', '', '', '', '', '', '', '', '', '', '', '', NULL, '', '', ''),
(804, 770, '', '', '', '', '', '', '', '', '', '', '', '', '', '', '', '', NULL, '', '', ''),
(805, 771, '', '', '', '', '', '', '', '', '', '', '', '', '', '', '', '', NULL, '', '', ''),
(806, 761, '', '', '', '', '', '', '', '', '', '', '', '', '', '', '', '', NULL, '', '', ''),
(807, 753, '', '', '', '', '', '', '', '', '', '', '', '', '', '', '', '', NULL, '', '', ''),
(808, 124, '', '', '', '', '', '', '', '', '', '', '', '', '', '', '', '', NULL, '', '', ''),
(809, 772, '3x 250 ml Weincuvéeund feinstem Zimt', '', '', '', '', '', '', '', '', '', '', '', '', '', '', '', NULL, '', '', ''),
(810, 769, '', '', '', '', '', '', '', '', '', '', '', '', '', '', '', '', NULL, '', '', ''),
(811, 773, '', '', '', '', '', '', '', '', '', '', '', '', '', '', '', '', NULL, '', '', ''),
(812, 757, '', '', '', '', '', '', '', '', '', '', '', '', '', '', '', '', NULL, '', '', ''),
(813, 774, '', '', '', '', '', '', '', '', '', '', '', '', '', '', '', '', NULL, '', '', ''),
(814, 775, '', '', '', '', '', '', '', '', '', '', '', '', '', '', '', '', NULL, '', '', ''),
(816, 777, '', '', '', '', '', '', '', '', '', '', '', '', '', '', '', '', NULL, '', '', ''),
(817, 778, '', '', '', '', '', '', '', '', '', '', '', '', '', '', '', '', NULL, '', '', ''),
(818, 779, '', '', '', '', '', '', '', '', '', '', '', '', '', '', '', '', NULL, '', '', ''),
(819, 780, '', '', '', '', '', '', '', '', '', '', '', '', '', '', '', '', NULL, '', '', ''),
(820, 781, '', '', '', '', '', '', '', '', '', '', '', '', '', '', '', '', NULL, '', '', ''),
(821, 782, '', '', '', '', '', '', '', '', '', '', '', '', '', '', '', '', NULL, '', '', ''),
(822, 783, '', '', '', '', '', '', '', '', '', '', '', '', '', '', '', '', NULL, '', '', ''),
(823, 784, '', '', '', '', '', '', '', '', '', '', '', '', '', '', '', '', NULL, '', '', ''),
(824, 785, '', '', '', '', '', '', '', '', '', '', '', '', '', '', '', '', NULL, '', '', ''),
(825, 786, '', '', '', '', '', '', '', '', '', '', '', '', '', '', '', '', NULL, '', '', ''),
(826, 788, '', '', '', '', '', '', '', '', '', '', '', '', '', '', '', '', NULL, '', '', ''),
(827, 789, '', '', '', '', '', '', '', '', '', '', '', '', '', '', '', '', NULL, '', '', ''),
(828, 790, '', '', '', '', '', '', '', '', '', '', '', '', '', '', '', '', NULL, '', '', ''),
(829, 791, '', '', '', '', '', '', '', '', '', '', '', '', '', '', '', '', NULL, '', '', ''),
(830, 792, '', '', '', '', '', '', '', '', '', '', '', '', '', '', '', '', NULL, '', '', ''),
(831, 793, '', '', '', '', '', '', '', '', '', '', '', '', '', '', '', '', NULL, '', '', ''),
(832, 794, '', '', '', '', '', '', '', '', '', '', '', '', '', '', '', '', NULL, '', '', ''),
(833, 795, '', '', '', '', '', '', '', '', '', '', '', '', '', '', '', '', NULL, '', '', ''),
(834, 796, '', '', '', '', '', '', '', '', '', '', '', '', '', '', '', '', NULL, '', '', ''),
(835, 797, '', '', '', '', '', '', '', '', '', '', '', '', '', '', '', '', NULL, '', '', ''),
(836, 798, '', '', '', '', '', '', '', '', '', '', '', '', '', '', '', '', NULL, '', '', ''),
(837, 799, '', '', '', '', '', '', '', '', '', '', '', '', '', '', '', '', NULL, '', '', ''),
(838, 800, '', '', '', '', '', '', '', '', '', '', '', '', '', '', '', '', NULL, '', '', ''),
(839, 801, '', '', '', '', '', '', '', '', '', '', '', '', '', '', '', '', NULL, '', '', ''),
(840, 802, '', '', '', '', '', '', '', '', '', '', '', '', '', '', '', '', NULL, '', '', ''),
(841, 803, '', '', '', '', '', '', '', '', '', '', '', '', '', '', '', '', NULL, '', '', ''),
(842, 804, '0', '0', '0', NULL, NULL, NULL, NULL, '0', NULL, NULL, NULL, NULL, '0', NULL, NULL, NULL, NULL, NULL, '500', '30'),
(843, 805, '0', '0', '0', NULL, NULL, NULL, NULL, '0', NULL, NULL, NULL, NULL, '0', NULL, NULL, NULL, NULL, NULL, '500', '30'),
(844, 806, '0', '0', '0', NULL, NULL, NULL, NULL, '0', NULL, NULL, NULL, NULL, '0', NULL, NULL, NULL, NULL, NULL, '500', '30'),
(845, 807, '0', '0', '0', NULL, NULL, NULL, NULL, '0', NULL, NULL, NULL, NULL, '0', NULL, NULL, NULL, NULL, NULL, '1500', '30'),
(846, 808, '0', '0', '0', NULL, NULL, NULL, NULL, '0', NULL, NULL, NULL, NULL, '0', NULL, NULL, NULL, NULL, NULL, '1500', '30'),
(847, 809, '0', '0', '0', NULL, NULL, NULL, NULL, '0', NULL, NULL, NULL, NULL, '0', NULL, NULL, NULL, NULL, NULL, '1500', '30'),
(848, 810, '0', '0', '0', NULL, NULL, NULL, NULL, '0', NULL, NULL, NULL, NULL, '0', NULL, NULL, NULL, NULL, NULL, '1500', '30'),
(849, 811, '0', '0', '0', NULL, NULL, NULL, NULL, '0', NULL, NULL, NULL, NULL, '0', NULL, NULL, NULL, NULL, NULL, '2500', '30'),
(850, 812, '0', '0', '0', NULL, NULL, NULL, NULL, '0', NULL, NULL, NULL, NULL, '0', NULL, NULL, NULL, NULL, NULL, '2500', '30'),
(851, 813, '0', '0', '0', NULL, NULL, NULL, NULL, '0', NULL, NULL, NULL, NULL, '0', NULL, NULL, NULL, NULL, NULL, '2500', '30'),
(852, 814, '0', '0', '0', NULL, NULL, NULL, NULL, '0', NULL, NULL, NULL, NULL, '0', NULL, NULL, NULL, NULL, NULL, '2500', '30'),
(853, 815, '0', '0', '0', NULL, NULL, NULL, NULL, '0', NULL, NULL, NULL, NULL, '0', NULL, NULL, NULL, NULL, NULL, '5000', '30'),
(854, 816, '0', '0', '0', NULL, NULL, NULL, NULL, '0', NULL, NULL, NULL, NULL, '0', NULL, NULL, NULL, NULL, NULL, '5000', '30'),
(855, 817, '0', '0', '0', NULL, NULL, NULL, NULL, '0', NULL, NULL, NULL, NULL, '0', NULL, NULL, NULL, NULL, NULL, '10000', '30'),
(856, 818, '0', '0', '0', NULL, NULL, NULL, NULL, '0', NULL, NULL, NULL, NULL, '0', NULL, NULL, NULL, NULL, NULL, '5000', '30'),
(857, 819, '0', '0', '0', NULL, NULL, NULL, NULL, '0', NULL, NULL, NULL, NULL, '0', NULL, NULL, NULL, NULL, NULL, '5000', '30'),
(858, 820, '0', '0', '0', NULL, NULL, NULL, NULL, '0', NULL, NULL, NULL, NULL, '0', NULL, NULL, NULL, NULL, NULL, '10000', '30'),
(859, 821, '0', '0', '0', NULL, NULL, NULL, NULL, '0', NULL, NULL, NULL, NULL, '0', NULL, NULL, NULL, NULL, NULL, '10000', '30'),
(860, 822, '0', '0', '0', NULL, NULL, NULL, NULL, '0', NULL, NULL, NULL, NULL, '0', NULL, NULL, NULL, NULL, NULL, '10000', '30'),
(861, 823, '0', '0', '0', NULL, NULL, NULL, NULL, '0', NULL, NULL, NULL, NULL, '0', NULL, NULL, NULL, NULL, NULL, '20000', '30'),
(862, 824, '0', '0', '0', NULL, NULL, NULL, NULL, '0', NULL, NULL, NULL, NULL, '0', NULL, NULL, NULL, NULL, NULL, '20000', '30'),
(863, 825, '0', '0', '0', NULL, NULL, NULL, NULL, '0', NULL, NULL, NULL, NULL, '0', NULL, NULL, NULL, NULL, NULL, '20000', '30'),
(864, 826, '0', '0', '0', NULL, NULL, NULL, NULL, '0', NULL, NULL, NULL, NULL, '0', NULL, NULL, NULL, NULL, NULL, '20000', '30'),
(865, 827, '', '', '', '', '', '', '', '', '', '', '', '', '', '', '', '', NULL, '', '', ''),
(866, 353, '', '', '', '', '', '', '', '', '', '', '', '', '', '', '', '', NULL, '', '', '');

TRUNCATE TABLE `s_articles_details`;
INSERT INTO `s_articles_details` (`id`, `articleID`, `ordernumber`, `suppliernumber`, `kind`, `additionaltext`, `sales`, `active`, `instock`, `stockmin`, `laststock`, `weight`, `position`, `width`, `height`, `length`, `ean`, `unitID`, `purchasesteps`, `maxpurchase`, `minpurchase`, `purchaseunit`, `referenceunit`, `packunit`, `releasedate`, `shippingfree`, `shippingtime`, `purchaseprice`)
VALUES
(3,3,'SW10003','',1,'',0,1,25,0,0,0.000,0,NULL,NULL,NULL,NULL,1,NULL,NULL,1,0.7000,1.000,'Flasche(n)','2012-06-13',0,'',0),
(4,4,'SW10004','',1,'',0,1,5,0,0,0.000,0,NULL,NULL,NULL,NULL,1,NULL,NULL,1,0.7000,1.000,'Flasche(n)','2012-05-07',0,'10',0),
(6,6,'SW10006','',1,'',0,1,20,0,0,0.000,0,NULL,NULL,NULL,NULL,1,NULL,NULL,1,0.5000,1.000,'Flasche(n)',NULL,0,'',0),
(14,8,'SW10008','',1,'',0,1,7,0,0,0.000,0,NULL,NULL,NULL,NULL,1,NULL,NULL,1,0.5000,1.000,'Flaschen(n)',NULL,0,'',0),
(15,9,'SW10009','',1,'',0,1,12,0,0,0.000,0,NULL,NULL,NULL,NULL,1,NULL,NULL,1,0.5000,1.000,'Flaschen(n)',NULL,0,'',0),
(16,10,'SW10010','',1,'',0,1,23,0,0,0.000,0,NULL,NULL,NULL,NULL,NULL,NULL,NULL,1,NULL,NULL,'',NULL,0,'',0),
(17,11,'SW10011','',1,'',0,1,55,0,0,0.000,0,NULL,NULL,NULL,NULL,1,NULL,NULL,1,NULL,NULL,'',NULL,0,'',0),
(18,12,'SW10012','',1,'',0,1,60,0,0,0.000,0,NULL,NULL,NULL,'',1,NULL,NULL,1,0.7000,1.000,'Flaschen(n)',NULL,0,'',0),
(19,13,'SW10013','',1,'',0,1,122,0,0,0.000,0,NULL,NULL,NULL,NULL,2,NULL,NULL,1,10.0000,100.000,'Aromabeutel',NULL,0,'',0),
(20,14,'SW10014','',1,'',0,1,178,0,0,0.000,0,NULL,NULL,NULL,NULL,2,NULL,NULL,1,10.0000,100.000,'Aromabeutel',NULL,0,'',0),
(21,15,'SW10015','',1,'',0,1,15,0,0,0.000,0,NULL,NULL,NULL,NULL,2,NULL,NULL,1,10.0000,100.000,'Aromabeutel',NULL,0,'',0),
(23,17,'SW10016','',1,'',0,1,80,0,0,0.000,0,NULL,NULL,NULL,NULL,2,NULL,NULL,1,10.0000,100.000,'Aromabeutel',NULL,0,'',0),
(24,18,'SW10017','',1,'',0,1,33,0,0,0.000,0,NULL,NULL,NULL,NULL,2,NULL,NULL,1,10.0000,100.000,'Aromabeutel',NULL,0,'',0),
(25,19,'SW10018','',1,'',0,1,88,0,0,0.000,0,NULL,NULL,NULL,NULL,2,NULL,NULL,1,10.0000,100.000,'Aromabeutel',NULL,0,'',0),
(26,20,'SW10019','',1,'',0,1,168,0,0,0.000,0,NULL,NULL,NULL,NULL,2,NULL,NULL,1,10.0000,100.000,'Aromabeutel',NULL,0,'',0),
(27,21,'SW10020','',1,'',0,1,88,0,0,0.000,0,NULL,NULL,NULL,NULL,2,NULL,NULL,1,10.0000,100.000,'Aromabeutel',NULL,0,'',0),
(28,22,'SW10021','',1,'',0,1,3445,0,0,0.000,0,NULL,NULL,NULL,NULL,NULL,NULL,NULL,1,NULL,NULL,'Stück',NULL,0,'',0),
(29,23,'SW10022','',1,'',0,1,999,0,0,0.000,0,NULL,NULL,NULL,NULL,NULL,NULL,NULL,1,NULL,NULL,'Stück',NULL,0,'',0),
(30,24,'SW10023','',1,'',0,1,0,0,0,0.000,0,NULL,NULL,NULL,NULL,NULL,NULL,NULL,1,NULL,NULL,'Stück',NULL,0,'',0),
(31,25,'SW10024','',1,'',0,1,544,0,0,0.000,0,NULL,NULL,NULL,NULL,NULL,NULL,NULL,1,NULL,NULL,'Stück',NULL,0,'',0),
(32,26,'SW10025','',1,'',0,1,888,0,0,0.000,0,NULL,NULL,NULL,NULL,NULL,NULL,NULL,1,NULL,NULL,'Stück',NULL,0,'',0),
(33,27,'SW10026','',1,'',0,1,333,0,0,0.000,0,NULL,NULL,NULL,NULL,NULL,NULL,NULL,1,NULL,NULL,'Stück',NULL,0,'',0),
(34,28,'SW10027','',1,'',0,1,99,0,0,0.000,0,NULL,NULL,NULL,NULL,NULL,NULL,NULL,1,NULL,NULL,'Stück',NULL,0,'',0),
(35,29,'SW10028','',1,'',0,1,148,0,0,0.000,0,NULL,NULL,NULL,NULL,NULL,NULL,NULL,1,NULL,NULL,'Stück',NULL,0,'',0),
(36,30,'SW10029','',1,'',0,1,344,0,0,0.000,0,NULL,NULL,NULL,NULL,NULL,NULL,NULL,1,NULL,NULL,'Stück',NULL,0,'',0),
(37,31,'SW10030','',1,'',0,1,38,0,0,0.000,0,NULL,NULL,NULL,NULL,NULL,NULL,NULL,1,NULL,NULL,'Stück',NULL,0,'',0),
(38,32,'SW10031','',1,'',0,1,85,0,0,0.000,0,NULL,NULL,NULL,NULL,NULL,NULL,NULL,1,NULL,NULL,'Stück',NULL,0,'',0),
(39,33,'SW10032','',1,'',0,1,111,0,0,0.000,0,NULL,NULL,NULL,NULL,NULL,NULL,NULL,1,NULL,NULL,'Stück',NULL,0,'',0),
(40,34,'SW10033','',1,'',0,1,45,0,0,0.000,0,NULL,NULL,NULL,NULL,NULL,NULL,NULL,1,NULL,NULL,'Stück',NULL,0,'',0),
(41,35,'SW10034','',1,'',0,1,3,0,0,0.000,0,NULL,NULL,NULL,NULL,NULL,NULL,NULL,1,NULL,NULL,'Stück',NULL,0,'',0),
(42,36,'SW10035','',1,'',0,1,63,0,0,0.000,0,NULL,NULL,NULL,'',NULL,NULL,NULL,1,NULL,NULL,'Stück',NULL,0,'',0),
(43,37,'SW10036','',1,'',0,1,12,0,0,0.000,0,NULL,NULL,NULL,NULL,NULL,NULL,NULL,1,NULL,NULL,'',NULL,0,'',0),
(44,38,'SW10037','',1,'',0,1,73,0,0,0.000,0,NULL,NULL,NULL,NULL,NULL,NULL,NULL,1,NULL,NULL,'',NULL,0,'',0),
(45,39,'SW10038','',1,'',0,1,56,0,0,0.000,0,NULL,NULL,NULL,NULL,NULL,NULL,NULL,1,NULL,NULL,'',NULL,0,'',0),
(46,40,'SW10039','',1,'',0,1,50,0,0,0.000,0,NULL,NULL,NULL,NULL,NULL,NULL,NULL,1,NULL,NULL,'',NULL,0,'',0),
(47,41,'SW10040','',1,'',0,1,0,0,0,0.000,0,NULL,NULL,NULL,NULL,NULL,NULL,NULL,1,NULL,NULL,'',NULL,0,'',0),
(48,42,'SW10041','',1,'',0,1,0,0,0,0.000,0,NULL,NULL,NULL,NULL,NULL,NULL,NULL,1,NULL,NULL,'',NULL,0,'',0),
(49,43,'SW10042','',1,'',0,1,93,0,0,0.000,0,NULL,NULL,NULL,'',NULL,NULL,NULL,1,NULL,NULL,'',NULL,0,'',0),
(50,44,'SW10043','',1,'',0,1,8,0,0,0.000,0,NULL,NULL,NULL,'',NULL,NULL,NULL,1,NULL,NULL,'',NULL,0,'',0),
(123,2,'SW10002.1','',2,'1,5 Liter',0,1,15,0,0,0.000,0,NULL,NULL,NULL,'',1,NULL,NULL,1,1.5000,1.000,'Flasche(n)',NULL,0,'',0),
(124,2,'SW10002.2','',2,'5 Liter',0,1,15,0,0,0.000,0,NULL,NULL,NULL,'',1,NULL,NULL,1,5.0000,1.000,'Flasche(n)',NULL,0,'',0),
(125,2,'SW10002.3','',1,'0,5 Liter',0,1,15,0,0,0.000,0,NULL,NULL,NULL,'',1,NULL,NULL,1,0.5000,1.000,'Flasche(n)',NULL,0,'',0),
(126,63,'SW10062','',1,'',0,1,12,0,0,0.000,0,NULL,NULL,NULL,NULL,NULL,NULL,NULL,1,NULL,NULL,'Stück',NULL,0,'',0),
(127,64,'SW10063','',1,'',0,1,68,0,0,0.000,0,NULL,NULL,NULL,'',NULL,NULL,NULL,1,NULL,NULL,'Stück',NULL,0,'',0),
(128,65,'SW10064','',1,'',0,1,28,0,0,0.000,0,NULL,NULL,NULL,'',NULL,NULL,NULL,1,NULL,NULL,'Stück',NULL,0,'12',0),
(129,66,'SW10065','',1,'',0,1,52,0,0,0.000,0,NULL,NULL,NULL,NULL,NULL,NULL,NULL,1,NULL,NULL,'Stück',NULL,0,'',0),
(130,67,'SW10066','',1,'',0,1,9,0,0,0.000,0,NULL,NULL,NULL,NULL,NULL,NULL,NULL,1,NULL,NULL,'Stück',NULL,0,'',0),
(131,68,'SW10067','',1,'',0,1,63,0,0,0.000,0,NULL,NULL,NULL,NULL,NULL,NULL,NULL,1,NULL,NULL,'Stück',NULL,0,'',0),
(132,69,'SW10070','',1,'',0,1,58,0,0,0.000,0,NULL,NULL,NULL,NULL,NULL,NULL,NULL,1,NULL,NULL,'Stück',NULL,0,'',0),
(133,70,'SW10071','',1,'',0,1,46,0,0,0.000,0,NULL,NULL,NULL,NULL,NULL,NULL,NULL,1,NULL,NULL,'Stück',NULL,0,'',0),
(134,71,'SW10072','',1,'',0,1,85,0,0,0.000,0,NULL,NULL,NULL,NULL,NULL,NULL,NULL,1,NULL,NULL,'Stück',NULL,0,'',0),
(135,72,'SW10073','',1,'',0,1,25,0,0,0.000,0,NULL,NULL,NULL,NULL,NULL,NULL,NULL,1,NULL,NULL,'Stück',NULL,0,'',0),
(136,73,'SW10074','',1,'',0,1,0,0,0,0.000,0,NULL,NULL,NULL,NULL,NULL,NULL,NULL,1,NULL,NULL,'',NULL,0,'',0),
(137,74,'SW10075','',1,'',0,1,39,0,0,0.000,0,NULL,NULL,NULL,NULL,NULL,NULL,NULL,1,NULL,NULL,'Stück',NULL,0,'',0),
(138,75,'SW10076','',1,'',0,1,23,0,0,0.000,0,NULL,NULL,NULL,NULL,NULL,NULL,NULL,1,NULL,NULL,'Stück',NULL,0,'',0),
(139,76,'SW10077','',1,'',0,1,12,0,0,0.000,0,NULL,NULL,NULL,NULL,NULL,NULL,NULL,1,NULL,NULL,'Stück',NULL,0,'',0),
(140,77,'SW10078','',1,'',0,1,5,0,0,0.000,0,NULL,NULL,NULL,NULL,NULL,NULL,NULL,1,NULL,NULL,'Stück',NULL,0,'',0),
(141,78,'SW10079','',1,'',0,1,13,0,0,0.000,0,NULL,NULL,NULL,'',NULL,NULL,NULL,1,NULL,NULL,'Stück',NULL,0,'',0),
(142,79,'SW10080','',1,'',0,1,23,0,0,0.000,0,NULL,NULL,NULL,NULL,NULL,NULL,NULL,1,NULL,NULL,'Stück',NULL,0,'',0),
(143,80,'SW10081','',1,'',0,1,45,0,0,0.000,0,NULL,NULL,NULL,NULL,NULL,NULL,NULL,1,NULL,NULL,'',NULL,0,'',0),
(144,81,'SW10082','',1,'',0,1,5,0,1,0.000,0,NULL,NULL,NULL,'',NULL,NULL,NULL,1,NULL,NULL,'',NULL,0,'',0),
(145,82,'SW10083','',1,'',0,1,584,0,0,0.000,0,NULL,NULL,NULL,NULL,NULL,NULL,NULL,1,NULL,NULL,'',NULL,0,'',0),
(146,83,'SW10084','',1,'',0,1,4100,0,0,0.000,0,NULL,NULL,NULL,NULL,NULL,NULL,NULL,1,NULL,NULL,'',NULL,0,'',0),
(147,84,'SW10085','',1,'',0,1,23,0,0,0.000,0,NULL,NULL,NULL,NULL,NULL,NULL,NULL,1,NULL,NULL,'',NULL,0,'',0),
(148,85,'SW10086','',1,'',0,1,2,0,0,0.000,0,NULL,NULL,NULL,NULL,NULL,NULL,NULL,1,NULL,NULL,'Stück',NULL,0,'',0),
(149,86,'SW10087','',1,'',0,1,58,0,0,0.000,0,NULL,NULL,NULL,NULL,NULL,NULL,NULL,1,NULL,NULL,'Stück',NULL,0,'',0),
(150,87,'SW10088','',1,'',0,1,5,0,0,0.000,0,NULL,NULL,NULL,NULL,NULL,NULL,NULL,1,NULL,NULL,'Stück',NULL,0,'',0),
(151,88,'SW10089','',1,'',0,1,88,0,0,0.000,0,NULL,NULL,NULL,NULL,NULL,NULL,NULL,1,NULL,NULL,'Stück',NULL,0,'45',0),
(153,89,'SW10090.1','',1,'grün',0,1,67,0,1,0.000,0,NULL,NULL,NULL,NULL,NULL,NULL,NULL,1,NULL,NULL,'Stück',NULL,0,'',0),
(154,89,'SW10090.2','',2,'pink',0,1,67,0,1,0.000,0,NULL,NULL,NULL,NULL,NULL,NULL,NULL,1,NULL,NULL,'Stück',NULL,0,'',0),
(155,90,'SW10091','',1,'',0,1,99,0,0,0.000,0,NULL,NULL,NULL,NULL,NULL,NULL,NULL,1,NULL,NULL,'Stück',NULL,0,'',0),
(156,91,'SW10092','',1,'',0,1,16,0,0,0.000,0,NULL,NULL,NULL,NULL,NULL,NULL,NULL,1,NULL,NULL,'Stück',NULL,0,'',0),
(157,92,'SW10093','',1,'',0,1,26,0,0,0.000,0,NULL,NULL,NULL,NULL,NULL,NULL,NULL,1,NULL,NULL,'Stück',NULL,0,'',0),
(158,93,'SW10095','',1,'',0,1,12,0,0,0.000,0,NULL,NULL,NULL,NULL,NULL,NULL,NULL,1,NULL,NULL,'Stück',NULL,0,'',0),
(159,94,'SW10096','',1,'',0,1,46,0,0,0.000,0,NULL,NULL,NULL,NULL,NULL,NULL,NULL,1,NULL,NULL,'Stück',NULL,0,'',0),
(160,95,'SW10097','',1,'',0,1,37,0,0,0.000,0,NULL,NULL,NULL,NULL,NULL,NULL,NULL,1,NULL,NULL,'Stück',NULL,0,'',0),
(161,96,'SW10098','',1,'',0,1,65,0,0,0.000,0,NULL,NULL,NULL,NULL,NULL,NULL,NULL,1,NULL,NULL,'Stück',NULL,0,'',0),
(162,97,'SW10099','',1,'',0,1,45,0,0,0.000,0,NULL,NULL,NULL,'',NULL,NULL,NULL,1,NULL,NULL,'',NULL,0,'',0),
(163,98,'SW10101','',1,'',0,1,0,0,0,0.000,0,NULL,NULL,NULL,NULL,NULL,NULL,NULL,1,NULL,NULL,'',NULL,0,'',0),
(165,100,'SW10102','',1,'',0,1,34,0,0,0.000,0,NULL,NULL,NULL,NULL,NULL,NULL,NULL,1,NULL,NULL,'',NULL,0,'',0),
(166,101,'SW10100','',1,'',0,1,234,0,0,0.000,0,NULL,NULL,NULL,NULL,NULL,NULL,NULL,1,NULL,NULL,'Stück',NULL,0,'',0),
(167,102,'SW10103','',1,'',0,1,12,0,0,0.000,0,NULL,NULL,NULL,NULL,NULL,NULL,NULL,1,NULL,NULL,'',NULL,0,'',0),
(168,103,'SW10104','',1,'',0,1,45,0,0,0.000,0,NULL,NULL,NULL,NULL,NULL,NULL,NULL,1,NULL,NULL,'Stück',NULL,0,'',0),
(169,104,'SW10105','',1,'',0,1,54,0,0,0.000,0,NULL,NULL,NULL,NULL,NULL,NULL,NULL,1,NULL,NULL,'',NULL,0,'',0),
(170,105,'SW10107','',1,'',0,1,0,0,0,0.000,0,NULL,NULL,NULL,NULL,NULL,NULL,NULL,1,NULL,NULL,'',NULL,0,'',0),
(171,106,'SW10108','',1,'',0,1,0,0,0,0.000,0,NULL,NULL,NULL,NULL,NULL,NULL,NULL,1,NULL,NULL,'',NULL,0,'',0),
(172,107,'SW10106','',1,'',0,1,456,0,0,0.000,0,NULL,NULL,NULL,NULL,NULL,NULL,NULL,1,NULL,NULL,'',NULL,0,'',0),
(173,108,'SW10109','',1,'',0,1,123,0,0,0.000,0,NULL,NULL,NULL,NULL,NULL,NULL,NULL,1,NULL,NULL,'Stück',NULL,0,'',0),
(174,109,'SW10110','',1,'',0,1,67,0,0,0.000,0,NULL,NULL,NULL,NULL,NULL,NULL,NULL,1,NULL,NULL,'Stück',NULL,0,'',0),
(175,110,'SW10113','',1,'',0,1,34,0,0,0.000,0,NULL,NULL,NULL,NULL,NULL,NULL,NULL,1,NULL,NULL,'Stück',NULL,0,'',0),
(177,112,'SW10112','',1,'',0,1,38,0,0,0.000,0,NULL,NULL,NULL,NULL,NULL,NULL,NULL,1,NULL,NULL,'Stück',NULL,0,'',0),
(178,113,'SW10114','',1,'',1,1,22,0,0,0.000,0,NULL,NULL,NULL,NULL,NULL,NULL,NULL,1,NULL,NULL,'',NULL,0,'',0),
(180,114,'SW10115.1','',2,'weiss',0,1,9,0,1,0.000,0,NULL,NULL,NULL,NULL,NULL,NULL,NULL,1,NULL,NULL,'',NULL,0,'20',0),
(181,114,'SW10115.2','',2,'schwarz',0,1,9,0,1,0.000,0,NULL,NULL,NULL,NULL,NULL,NULL,NULL,1,NULL,NULL,'',NULL,0,'20',0),
(182,114,'SW10115.3','',1,'blau',0,1,9,0,1,0.000,0,NULL,NULL,NULL,NULL,NULL,NULL,NULL,1,NULL,NULL,'',NULL,0,'20',0),
(183,114,'SW10115.4','',2,'grün',0,1,9,0,1,0.000,0,NULL,NULL,NULL,NULL,NULL,NULL,NULL,1,NULL,NULL,'',NULL,0,'20',0),
(184,114,'SW10115.5','',2,'gelb',0,1,9,0,1,0.000,0,NULL,NULL,NULL,NULL,NULL,NULL,NULL,1,NULL,NULL,'',NULL,0,'20',0),
(185,115,'SW10116','',1,'',0,1,14,0,0,0.000,0,NULL,NULL,NULL,NULL,NULL,NULL,NULL,1,NULL,NULL,'',NULL,0,'',0),
(186,116,'SW10117','',1,'',0,1,1000,0,0,0.000,0,NULL,NULL,NULL,NULL,NULL,NULL,NULL,1,NULL,NULL,'',NULL,0,'',0),
(220,117,'SW10118.1','',1,'weiss',0,1,99,0,0,0.000,0,NULL,NULL,NULL,NULL,NULL,NULL,NULL,1,NULL,NULL,'',NULL,0,'',0),
(221,117,'SW10118.2','',2,'schwarz',0,1,0,0,0,0.000,0,NULL,NULL,NULL,NULL,NULL,NULL,NULL,1,NULL,NULL,'',NULL,0,'',0),
(222,117,'SW10118.3','',2,'blau',0,1,0,0,0,0.000,0,NULL,NULL,NULL,NULL,NULL,NULL,NULL,1,NULL,NULL,'',NULL,0,'',0),
(223,117,'SW10118.4','',2,'rot',0,1,0,0,0,0.000,0,NULL,NULL,NULL,NULL,NULL,NULL,NULL,1,NULL,NULL,'',NULL,0,'',0),
(224,117,'SW10118.5','',2,'grün',0,1,0,0,0,0.000,0,NULL,NULL,NULL,NULL,NULL,NULL,NULL,1,NULL,NULL,'',NULL,0,'',0),
(225,117,'SW10118.6','',2,'pink',0,1,0,0,0,0.000,0,NULL,NULL,NULL,NULL,NULL,NULL,NULL,1,NULL,NULL,'',NULL,0,'',0),
(226,117,'SW10118.7','',2,'gelb',0,1,0,0,0,0.000,0,NULL,NULL,NULL,NULL,NULL,NULL,NULL,1,NULL,NULL,'',NULL,0,'',0),
(227,117,'SW10118.8','',2,'Signalrot',0,1,0,0,0,0.000,0,NULL,NULL,NULL,NULL,NULL,NULL,NULL,1,NULL,NULL,'',NULL,0,'',0),
(228,117,'SW10118.9','',2,'Blau-Weiss',0,1,0,0,0,0.000,0,NULL,NULL,NULL,NULL,NULL,NULL,NULL,1,NULL,NULL,'',NULL,0,'',0),
(229,117,'SW10118.10','',2,'Rot-Weiss',0,1,0,0,0,0.000,0,NULL,NULL,NULL,NULL,NULL,NULL,NULL,1,NULL,NULL,'',NULL,0,'',0),
(230,117,'SW10118.11','',2,'Gelb-Schwarz',0,1,0,0,0,0.000,0,NULL,NULL,NULL,NULL,NULL,NULL,NULL,1,NULL,NULL,'',NULL,0,'',0),
(231,117,'SW10118.12','',2,'Rot-Blau',0,1,0,0,0,0.000,0,NULL,NULL,NULL,NULL,NULL,NULL,NULL,1,NULL,NULL,'',NULL,0,'',0),
(232,117,'SW10118.13','',2,'Grün-Schwarz',0,1,0,0,0,0.000,0,NULL,NULL,NULL,NULL,NULL,NULL,NULL,1,NULL,NULL,'',NULL,0,'',0),
(233,117,'SW10118.14','',2,'Rot-Schwarz',0,1,0,0,0,0.000,0,NULL,NULL,NULL,NULL,NULL,NULL,NULL,1,NULL,NULL,'',NULL,0,'',0),
(234,117,'SW10118.15','',2,'braun',0,1,0,0,0,0.000,0,NULL,NULL,NULL,NULL,NULL,NULL,NULL,1,NULL,NULL,'',NULL,0,'',0),
(235,117,'SW10118.16','',2,'Orange',0,1,0,0,0,0.000,0,NULL,NULL,NULL,NULL,NULL,NULL,NULL,1,NULL,NULL,'',NULL,0,'',0),
(236,118,'SW10119','',1,'',0,1,45,0,0,0.000,0,NULL,NULL,NULL,NULL,NULL,NULL,NULL,1,NULL,NULL,'Paar',NULL,0,'',0),
(237,119,'SW10120','',1,'',0,1,199,0,0,0.000,0,NULL,NULL,NULL,NULL,NULL,NULL,NULL,1,NULL,NULL,'',NULL,0,'',0),
(238,120,'SW10121','',1,'',0,1,98,0,0,0.000,0,NULL,NULL,NULL,NULL,NULL,NULL,NULL,1,NULL,NULL,'',NULL,0,'',0),
(239,121,'SW10122','',1,'',0,1,48,0,0,0.000,0,NULL,NULL,NULL,NULL,NULL,NULL,NULL,1,NULL,NULL,'',NULL,0,'',0),
(241,123,'SW10111','',1,'',0,1,5,0,0,0.000,0,NULL,NULL,NULL,NULL,NULL,NULL,NULL,1,NULL,NULL,'',NULL,0,'',0),
(249,7,'SW10007.1','',1,'0,2 Liter',0,1,8,0,0,0.000,0,NULL,NULL,NULL,'',1,NULL,NULL,1,0.7000,1.000,'Flasche(n)',NULL,0,'',0),
(250,7,'SW10007.2','',2,'0,7 Liter',0,1,8,0,0,0.000,0,NULL,NULL,NULL,NULL,NULL,NULL,NULL,1,0.7000,1.000,'Flasche(n)',NULL,0,'',0),
(251,7,'SW10007.3','',2,'1,0 Liter',0,1,8,0,0,0.000,0,NULL,NULL,NULL,NULL,NULL,NULL,NULL,1,0.7000,1.000,'Flasche(n)',NULL,0,'',0),
(252,5,'SW10005.1','',1,'0,2 Liter',0,1,3,0,0,0.000,0,NULL,NULL,NULL,'',1,NULL,NULL,1,0.7000,1.000,'Flasche(n)',NULL,0,'',0),
(253,5,'SW10005.2','',2,'0,7 Liter',0,1,3,0,0,0.000,0,NULL,NULL,NULL,NULL,NULL,NULL,NULL,1,0.7000,1.000,'Flasche(n)',NULL,0,'',0),
(254,5,'SW10005.3','',2,'1,0 Liter',0,1,3,0,0,0.000,0,NULL,NULL,NULL,NULL,NULL,NULL,NULL,1,0.7000,1.000,'Flasche(n)',NULL,0,'',0),
(255,5,'SW10005.4','',2,'1,5 Liter',0,1,3,0,0,0.000,0,NULL,NULL,NULL,NULL,NULL,NULL,NULL,1,0.7000,1.000,'Flasche(n)',NULL,0,'',0),
(256,122,'SW10123.1','',1,'0,2 Liter',0,1,78,0,0,0.000,0,NULL,NULL,NULL,'',1,NULL,NULL,1,0.2000,1.000,'Flasche(n)',NULL,0,'',0),
(257,122,'SW10123.2','',2,'0,7 Liter',0,1,78,0,0,0.000,0,NULL,NULL,NULL,NULL,NULL,NULL,NULL,1,0.2000,1.000,'Flasche(n)',NULL,0,'',0),
(258,122,'SW10123.3','',2,'1,0 Liter',0,1,78,0,0,0.000,0,NULL,NULL,NULL,NULL,NULL,NULL,NULL,1,0.2000,1.000,'Flasche(n)',NULL,0,'',0),
(259,122,'SW10123.4','',2,'1,5 Liter',0,1,78,0,0,0.000,0,NULL,NULL,NULL,NULL,NULL,NULL,NULL,1,0.2000,1.000,'Flasche(n)',NULL,0,'',0),
(260,128,'SW10128','',1,'',0,1,15,0,1,0.000,0,NULL,NULL,NULL,NULL,NULL,NULL,NULL,1,NULL,NULL,'',NULL,0,'',0),
(261,129,'SW10129','',1,'',0,1,37,0,0,0.000,0,NULL,NULL,NULL,NULL,NULL,NULL,NULL,1,NULL,NULL,'',NULL,0,'',0),
(262,130,'SW10130','',1,'',0,1,45,0,0,0.000,0,NULL,NULL,NULL,NULL,NULL,NULL,NULL,1,NULL,NULL,'',NULL,0,'',0),
(263,131,'SW10131','',1,'',0,1,4,0,0,0.000,0,NULL,NULL,NULL,NULL,NULL,NULL,NULL,1,NULL,NULL,'',NULL,0,'',0),
(264,132,'SW10132','',1,'',0,1,17,0,0,0.000,0,NULL,NULL,NULL,NULL,NULL,NULL,NULL,1,NULL,NULL,'',NULL,0,'',0),
(278,134,'SW10134','',1,'',0,1,34,0,1,0.000,0,NULL,NULL,NULL,'',NULL,0,NULL,1,NULL,NULL,'',NULL,0,'',0),
(279,135,'SW10135','',1,'',0,1,45,0,0,0.000,0,NULL,NULL,NULL,'',NULL,NULL,NULL,1,NULL,NULL,'Paar',NULL,0,'',0),
(280,136,'SW10136','',1,'',0,1,23,0,0,0.000,0,NULL,NULL,NULL,'',NULL,NULL,NULL,1,NULL,NULL,'Paar',NULL,0,'',0),
(281,137,'SW10137','',1,'',0,1,56,0,0,0.000,0,NULL,NULL,NULL,'',NULL,NULL,NULL,1,NULL,NULL,'',NULL,0,'',0),
(288,141,'SW10141','',1,'',0,1,77,0,1,0.000,0,NULL,NULL,NULL,'',NULL,NULL,NULL,1,NULL,NULL,'',NULL,0,'',0),
(289,142,'SW10142','',1,'',0,1,45,0,0,0.000,0,NULL,NULL,NULL,NULL,NULL,NULL,NULL,1,NULL,NULL,'',NULL,0,'',0),
(290,143,'SW10143','',1,'',0,1,45,0,0,0.000,0,NULL,NULL,NULL,'',NULL,NULL,NULL,1,NULL,NULL,'',NULL,0,'',0),
(291,144,'SW10144','',1,'',0,1,45,0,0,0.000,0,NULL,NULL,NULL,NULL,NULL,NULL,NULL,1,NULL,NULL,'',NULL,0,'',0),
(292,145,'SW10145','',1,'',0,1,397,0,0,0.000,0,NULL,NULL,NULL,'',NULL,NULL,NULL,1,NULL,NULL,'',NULL,0,'',0),
(295,148,'SW10148','',1,'',0,1,44,0,0,0.000,0,NULL,NULL,NULL,'',NULL,NULL,NULL,1,NULL,NULL,'',NULL,0,'',0),
(297,150,'SW10150','',1,'',0,1,45,0,0,0.000,0,NULL,NULL,NULL,NULL,NULL,NULL,NULL,1,NULL,NULL,'',NULL,0,'',0),
(298,151,'SW10151','',1,'',0,1,46,0,0,0.000,0,NULL,NULL,NULL,NULL,NULL,NULL,NULL,1,NULL,NULL,'',NULL,0,'',0),
(299,152,'SW10152','',1,'',0,1,45,0,1,0.000,0,NULL,NULL,NULL,NULL,NULL,NULL,NULL,1,NULL,NULL,'',NULL,0,'',0),
(322,153,'SW10153.1','',1,'blau / 39/40',0,1,67,0,1,0.000,0,NULL,NULL,NULL,NULL,NULL,NULL,NULL,1,NULL,NULL,'Paar',NULL,0,'',0),
(323,153,'SW10153.2','',2,'blau / 41/42',0,1,67,0,1,0.000,0,NULL,NULL,NULL,NULL,NULL,NULL,NULL,1,NULL,NULL,'Paar',NULL,0,'',0),
(324,153,'SW10153.3','',2,'blau / 43/44',0,1,67,0,1,0.000,0,NULL,NULL,NULL,NULL,NULL,NULL,NULL,1,NULL,NULL,'Paar',NULL,0,'',0),
(325,153,'SW10153.4','',2,'blau / 44/45',0,1,67,0,1,0.000,0,NULL,NULL,NULL,NULL,NULL,NULL,NULL,1,NULL,NULL,'Paar',NULL,0,'',0),
(326,153,'SW10153.5','',2,'blau / 46/47',0,1,67,0,1,0.000,0,NULL,NULL,NULL,NULL,NULL,NULL,NULL,1,NULL,NULL,'Paar',NULL,0,'',0),
(327,153,'SW10153.6','',2,'blau / 48/49',0,1,67,0,1,0.000,0,NULL,NULL,NULL,NULL,NULL,NULL,NULL,1,NULL,NULL,'Paar',NULL,0,'',0),
(328,153,'SW10153.7','',2,'blau / 37/38',0,1,67,0,1,0.000,0,NULL,NULL,NULL,NULL,NULL,NULL,NULL,1,NULL,NULL,'Paar',NULL,0,'',0),
(329,153,'SW10153.8','',2,'grün / 39/40',0,1,67,0,1,0.000,0,NULL,NULL,NULL,NULL,NULL,NULL,NULL,1,NULL,NULL,'Paar',NULL,0,'',0),
(330,153,'SW10153.9','',2,'grün / 41/42',0,1,67,0,1,0.000,0,NULL,NULL,NULL,NULL,NULL,NULL,NULL,1,NULL,NULL,'Paar',NULL,0,'',0),
(331,153,'SW10153.10','',2,'grün / 43/44',0,1,67,0,1,0.000,0,NULL,NULL,NULL,NULL,NULL,NULL,NULL,1,NULL,NULL,'Paar',NULL,0,'',0),
(332,153,'SW10153.11','',2,'grün / 44/45',0,1,67,0,1,0.000,0,NULL,NULL,NULL,NULL,NULL,NULL,NULL,1,NULL,NULL,'Paar',NULL,0,'',0),
(333,153,'SW10153.12','',2,'grün / 46/47',0,1,67,0,1,0.000,0,NULL,NULL,NULL,NULL,NULL,NULL,NULL,1,NULL,NULL,'Paar',NULL,0,'',0),
(334,153,'SW10153.13','',2,'grün / 48/49',0,1,67,0,1,0.000,0,NULL,NULL,NULL,NULL,NULL,NULL,NULL,1,NULL,NULL,'Paar',NULL,0,'',0),
(335,153,'SW10153.14','',2,'grün / 37/38',0,1,67,0,1,0.000,0,NULL,NULL,NULL,NULL,NULL,NULL,NULL,1,NULL,NULL,'Paar',NULL,0,'',0),
(336,153,'SW10153.15','',2,'orange / 39/40',0,1,67,0,1,0.000,0,NULL,NULL,NULL,NULL,NULL,NULL,NULL,1,NULL,NULL,'Paar',NULL,0,'',0),
(337,153,'SW10153.16','',2,'orange / 41/42',0,1,67,0,1,0.000,0,NULL,NULL,NULL,NULL,NULL,NULL,NULL,1,NULL,NULL,'Paar',NULL,0,'',0),
(338,153,'SW10153.17','',2,'orange / 43/44',0,1,67,0,1,0.000,0,NULL,NULL,NULL,NULL,NULL,NULL,NULL,1,NULL,NULL,'Paar',NULL,0,'',0),
(339,153,'SW10153.18','',2,'orange / 44/45',0,1,67,0,1,0.000,0,NULL,NULL,NULL,NULL,NULL,NULL,NULL,1,NULL,NULL,'Paar',NULL,0,'',0),
(340,153,'SW10153.19','',2,'orange / 46/47',0,1,67,0,1,0.000,0,NULL,NULL,NULL,NULL,NULL,NULL,NULL,1,NULL,NULL,'Paar',NULL,0,'',0),
(341,153,'SW10153.20','',2,'orange / 48/49',0,1,67,0,1,0.000,0,NULL,NULL,NULL,NULL,NULL,NULL,NULL,1,NULL,NULL,'Paar',NULL,0,'',0),
(342,153,'SW10153.21','',2,'orange / 37/38',0,1,67,0,1,0.000,0,NULL,NULL,NULL,NULL,NULL,NULL,NULL,1,NULL,NULL,'Paar',NULL,0,'',0),
(343,154,'SW10154','',1,'',0,1,39,0,1,0.000,0,NULL,NULL,NULL,NULL,NULL,NULL,NULL,1,NULL,NULL,'',NULL,0,'',0),
(346,156,'SW10156.1','',1,'39/40',0,1,22,0,1,0.000,0,NULL,NULL,NULL,NULL,NULL,NULL,NULL,1,NULL,NULL,'',NULL,0,'',0),
(347,156,'SW10156.2','',2,'41/42',0,1,22,0,1,0.000,0,NULL,NULL,NULL,NULL,NULL,NULL,NULL,1,NULL,NULL,'',NULL,0,'',0),
(348,156,'SW10156.3','',2,'43/44',0,1,22,0,1,0.000,0,NULL,NULL,NULL,NULL,NULL,NULL,NULL,1,NULL,NULL,'',NULL,0,'',0),
(349,156,'SW10156.4','',2,'44/45',0,1,22,0,1,0.000,0,NULL,NULL,NULL,NULL,NULL,NULL,NULL,1,NULL,NULL,'',NULL,0,'',0),
(350,156,'SW10156.5','',2,'46/47',0,1,22,0,1,0.000,0,NULL,NULL,NULL,NULL,NULL,NULL,NULL,1,NULL,NULL,'',NULL,0,'',0),
(351,156,'SW10156.6','',2,'48/49',0,1,22,0,1,0.000,0,NULL,NULL,NULL,NULL,NULL,NULL,NULL,1,NULL,NULL,'',NULL,0,'',0),
(352,156,'SW10156.7','',2,'37/38',0,1,22,0,1,0.000,0,NULL,NULL,NULL,NULL,NULL,NULL,NULL,1,NULL,NULL,'',NULL,0,'',0),
(353,155,'SW10155.1','',1,'39/40',0,1,66,0,1,0.000,0,NULL,NULL,NULL,'',NULL,NULL,NULL,1,NULL,NULL,'',NULL,0,'',0),
(354,155,'SW10155.2','',2,'41/42',0,1,66,0,1,0.000,0,NULL,NULL,NULL,NULL,NULL,NULL,NULL,1,NULL,NULL,'',NULL,0,'',0),
(355,155,'SW10155.3','',2,'43/44',0,1,66,0,1,0.000,0,NULL,NULL,NULL,NULL,NULL,NULL,NULL,1,NULL,NULL,'',NULL,0,'',0),
(356,155,'SW10155.4','',2,'44/45',0,1,66,0,1,0.000,0,NULL,NULL,NULL,NULL,NULL,NULL,NULL,1,NULL,NULL,'',NULL,0,'',0),
(357,155,'SW10155.5','',2,'46/47',0,1,66,0,1,0.000,0,NULL,NULL,NULL,NULL,NULL,NULL,NULL,1,NULL,NULL,'',NULL,0,'',0),
(358,155,'SW10155.6','',2,'48/49',0,1,66,0,1,0.000,0,NULL,NULL,NULL,NULL,NULL,NULL,NULL,1,NULL,NULL,'',NULL,0,'',0),
(359,155,'SW10155.7','',2,'37/38',0,1,66,0,1,0.000,0,NULL,NULL,NULL,NULL,NULL,NULL,NULL,1,NULL,NULL,'',NULL,0,'',0),
(360,157,'SW10157','',1,'',0,1,34,0,0,0.000,0,NULL,NULL,NULL,NULL,NULL,NULL,NULL,1,NULL,NULL,'',NULL,0,'',0),
(361,158,'SW10158','',1,'',0,1,22,0,0,0.000,0,NULL,NULL,NULL,NULL,NULL,NULL,NULL,1,NULL,NULL,'',NULL,0,'',0),
(362,159,'SW10159','',1,'',0,1,16,0,0,0.000,0,NULL,NULL,NULL,NULL,NULL,NULL,NULL,1,NULL,NULL,'',NULL,0,'',0),
(364,160,'SW10160.1','',1,'36',0,1,19,0,0,0.000,0,NULL,NULL,NULL,NULL,NULL,NULL,NULL,1,NULL,NULL,'',NULL,0,'',0),
(365,160,'SW10160.2','',2,'37',0,1,19,0,0,0.000,0,NULL,NULL,NULL,NULL,NULL,NULL,NULL,1,NULL,NULL,'',NULL,0,'',0),
(366,160,'SW10160.3','',2,'38',0,1,19,0,0,0.000,0,NULL,NULL,NULL,NULL,NULL,NULL,NULL,1,NULL,NULL,'',NULL,0,'',0),
(367,160,'SW10160.4','',2,'39',0,1,19,0,0,0.000,0,NULL,NULL,NULL,NULL,NULL,NULL,NULL,1,NULL,NULL,'',NULL,0,'',0),
(368,160,'SW10160.5','',2,'40',0,1,19,0,0,0.000,0,NULL,NULL,NULL,NULL,NULL,NULL,NULL,1,NULL,NULL,'',NULL,0,'',0),
(369,160,'SW10160.6','',2,'41',0,1,19,0,0,0.000,0,NULL,NULL,NULL,NULL,NULL,NULL,NULL,1,NULL,NULL,'',NULL,0,'',0),
(370,160,'SW10160.7','',2,'42',0,1,19,0,0,0.000,0,NULL,NULL,NULL,NULL,NULL,NULL,NULL,1,NULL,NULL,'',NULL,0,'',0),
(372,161,'SW10161.1','',1,'36',0,1,25,0,1,0.000,0,NULL,NULL,NULL,NULL,NULL,NULL,NULL,1,NULL,NULL,'',NULL,0,'',0),
(373,161,'SW10161.2','',2,'37',0,1,25,0,1,0.000,0,NULL,NULL,NULL,NULL,NULL,NULL,NULL,1,NULL,NULL,'',NULL,0,'',0),
(374,161,'SW10161.3','',2,'38',0,1,25,0,1,0.000,0,NULL,NULL,NULL,NULL,NULL,NULL,NULL,1,NULL,NULL,'',NULL,0,'',0),
(375,161,'SW10161.4','',2,'39',0,1,25,0,1,0.000,0,NULL,NULL,NULL,NULL,NULL,NULL,NULL,1,NULL,NULL,'',NULL,0,'',0),
(376,161,'SW10161.5','',2,'40',0,1,25,0,1,0.000,0,NULL,NULL,NULL,NULL,NULL,NULL,NULL,1,NULL,NULL,'',NULL,0,'',0),
(377,161,'SW10161.6','',2,'41',0,1,25,0,1,0.000,0,NULL,NULL,NULL,NULL,NULL,NULL,NULL,1,NULL,NULL,'',NULL,0,'',0),
(378,161,'SW10161.7','',2,'42',0,1,25,0,1,0.000,0,NULL,NULL,NULL,NULL,NULL,NULL,NULL,1,NULL,NULL,'',NULL,0,'',0),
(380,162,'SW10162.1','',1,'36',0,1,7,0,1,0.000,0,NULL,NULL,NULL,NULL,NULL,NULL,NULL,1,NULL,NULL,'',NULL,0,'',0),
(381,162,'SW10162.2','',2,'37',0,1,7,0,1,0.000,0,NULL,NULL,NULL,NULL,NULL,NULL,NULL,1,NULL,NULL,'',NULL,0,'',0),
(382,162,'SW10162.3','',2,'38',0,1,7,0,1,0.000,0,NULL,NULL,NULL,NULL,NULL,NULL,NULL,1,NULL,NULL,'',NULL,0,'',0),
(383,162,'SW10162.4','',2,'39',0,1,7,0,1,0.000,0,NULL,NULL,NULL,NULL,NULL,NULL,NULL,1,NULL,NULL,'',NULL,0,'',0),
(384,162,'SW10162.5','',2,'40',0,1,7,0,1,0.000,0,NULL,NULL,NULL,NULL,NULL,NULL,NULL,1,NULL,NULL,'',NULL,0,'',0),
(385,162,'SW10162.6','',2,'41',0,1,7,0,1,0.000,0,NULL,NULL,NULL,NULL,NULL,NULL,NULL,1,NULL,NULL,'',NULL,0,'',0),
(386,162,'SW10162.7','',2,'42',0,1,7,0,1,0.000,0,NULL,NULL,NULL,NULL,NULL,NULL,NULL,1,NULL,NULL,'',NULL,0,'',0),
(387,163,'SW10163','',1,'',0,1,45,0,0,0.000,0,NULL,NULL,NULL,NULL,NULL,NULL,NULL,1,NULL,NULL,'',NULL,0,'',0),
(388,164,'SW10164','',1,'',0,1,4,0,1,0.000,0,NULL,NULL,NULL,NULL,NULL,NULL,NULL,1,NULL,NULL,'',NULL,0,'',0),
(389,165,'SW10165','',1,'',0,1,21,0,0,0.000,0,NULL,NULL,NULL,NULL,NULL,NULL,NULL,1,NULL,NULL,'',NULL,0,'15',0),
(390,166,'SW10166','',1,'',0,1,323,0,1,0.000,0,NULL,NULL,NULL,NULL,NULL,NULL,NULL,1,NULL,NULL,'',NULL,0,'',0),
(391,167,'SW10167','',1,'',0,1,54,0,1,0.000,0,NULL,NULL,NULL,NULL,NULL,NULL,NULL,1,NULL,NULL,'',NULL,0,'',0),
(392,168,'SW10168','',1,'',0,1,76,0,0,0.000,0,NULL,NULL,NULL,NULL,NULL,NULL,NULL,1,NULL,NULL,'',NULL,0,'',0),
(393,169,'SW10169','',1,'',0,1,98,0,0,0.000,0,NULL,NULL,NULL,NULL,NULL,NULL,NULL,1,NULL,NULL,'',NULL,0,'',0),
(394,170,'SW10170','',1,'',0,1,78,0,1,0.000,0,NULL,NULL,NULL,'',NULL,NULL,NULL,1,NULL,NULL,'',NULL,0,'',0),
(396,171,'SW10171.1','',1,'10',0,1,99,0,1,0.000,0,NULL,NULL,NULL,NULL,NULL,NULL,NULL,1,NULL,NULL,'Stück',NULL,0,'',0),
(397,171,'SW10171.2','',2,'15',0,1,99,0,1,0.000,0,NULL,NULL,NULL,NULL,NULL,NULL,NULL,1,NULL,NULL,'Stück',NULL,0,'',0),
(398,171,'SW10171.3','',2,'20',0,1,99,0,1,0.000,0,NULL,NULL,NULL,NULL,NULL,NULL,NULL,1,NULL,NULL,'Stück',NULL,0,'',0),
(399,171,'SW10171.4','',2,'30',0,1,99,0,1,0.000,0,NULL,NULL,NULL,NULL,NULL,NULL,NULL,1,NULL,NULL,'Stück',NULL,0,'',0),
(401,172,'SW10172','',1,'',0,1,23,0,0,0.000,0,NULL,NULL,NULL,NULL,NULL,NULL,NULL,1,NULL,NULL,'Stück',NULL,0,'',0),
(402,173,'SW10173','',1,'',0,1,55,0,0,0.000,0,NULL,NULL,NULL,NULL,NULL,NULL,NULL,1,NULL,NULL,'Stück',NULL,0,'',0),
(403,174,'SW10174','',1,'',0,1,66,0,1,0.000,0,NULL,NULL,NULL,NULL,NULL,NULL,NULL,1,NULL,NULL,'Stück',NULL,0,'',0),
(404,175,'SW10175','',1,'',3,1,336,0,1,0.000,0,NULL,NULL,NULL,NULL,NULL,NULL,NULL,1,NULL,NULL,'',NULL,0,'',0),
(405,176,'SW10176','',1,'',0,1,54,0,1,0.000,0,NULL,NULL,NULL,NULL,NULL,NULL,NULL,1,NULL,NULL,'Stück',NULL,0,'',0),
(406,177,'SW10177','',1,'',0,1,32,0,0,0.000,0,NULL,NULL,NULL,NULL,NULL,NULL,NULL,1,NULL,NULL,'Stück',NULL,0,'',0),
(407,178,'SW10178','',1,'',0,1,84,0,0,0.000,0,NULL,NULL,NULL,'',NULL,NULL,NULL,1,NULL,NULL,'Stück',NULL,0,'',0),
(409,179,'SW10179.1','',1,'blau',0,1,91,0,1,0.000,0,NULL,NULL,NULL,NULL,NULL,NULL,NULL,1,NULL,NULL,'',NULL,0,'',0),
(410,179,'SW10179.2','',2,'rot',0,1,91,0,1,0.000,0,NULL,NULL,NULL,NULL,NULL,NULL,NULL,1,NULL,NULL,'',NULL,0,'',0),
(411,179,'SW10179.3','',2,'grün',0,1,91,0,1,0.000,0,NULL,NULL,NULL,NULL,NULL,NULL,NULL,1,NULL,NULL,'',NULL,0,'',0),
(412,179,'SW10179.4','',2,'pink',0,1,91,0,1,0.000,0,NULL,NULL,NULL,NULL,NULL,NULL,NULL,1,NULL,NULL,'',NULL,0,'',0),
(413,179,'SW10179.5','',2,'gelb',0,1,91,0,1,0.000,0,NULL,NULL,NULL,NULL,NULL,NULL,NULL,1,NULL,NULL,'',NULL,0,'',0),
(414,179,'SW10179.6','',2,'orange',0,1,91,0,1,0.000,0,NULL,NULL,NULL,NULL,NULL,NULL,NULL,1,NULL,NULL,'',NULL,0,'',0),
(415,179,'SW10179.7','',2,'lila',0,1,91,0,1,0.000,0,NULL,NULL,NULL,NULL,NULL,NULL,NULL,1,NULL,NULL,'',NULL,0,'',0),
(417,180,'SW10180.1','',1,'blau',0,1,124,0,0,0.000,0,NULL,NULL,NULL,NULL,NULL,NULL,NULL,1,NULL,NULL,'',NULL,0,'',0),
(418,180,'SW10180.2','',2,'rot',0,1,124,0,0,0.000,0,NULL,NULL,NULL,NULL,NULL,NULL,NULL,1,NULL,NULL,'',NULL,0,'',0),
(419,180,'SW10180.3','',2,'grün',0,1,124,0,0,0.000,0,NULL,NULL,NULL,NULL,NULL,NULL,NULL,1,NULL,NULL,'',NULL,0,'',0),
(420,180,'SW10180.4','',2,'gelb',0,1,124,0,0,0.000,0,NULL,NULL,NULL,NULL,NULL,NULL,NULL,1,NULL,NULL,'',NULL,0,'',0),
(421,181,'SW10181','',1,'',0,1,467,0,1,0.000,0,NULL,NULL,NULL,NULL,NULL,NULL,NULL,1,NULL,NULL,'',NULL,0,'',0),
(434,194,'SW10193','',1,'',0,1,345,0,0,0.000,0,NULL,NULL,NULL,NULL,NULL,NULL,NULL,1,NULL,NULL,'',NULL,0,'',0),
(435,195,'SW10194','',1,'',0,1,83,0,0,0.000,0,NULL,NULL,NULL,NULL,NULL,NULL,NULL,1,NULL,NULL,'',NULL,0,'',0),
(436,196,'SW10195','',1,'',0,1,344,0,0,0.000,0,NULL,NULL,NULL,NULL,NULL,NULL,NULL,1,NULL,NULL,'',NULL,0,'',0),
(437,197,'SW10196','',1,'',6,1,1,0,0,0.000,0,NULL,NULL,NULL,'',NULL,NULL,NULL,1,NULL,NULL,'',NULL,0,'',0),
(438,198,'SW10197','',1,'',0,1,34,0,0,0.000,0,NULL,NULL,NULL,'',NULL,NULL,NULL,1,NULL,NULL,'',NULL,0,'',0),
(439,199,'SW10198','',1,'',0,1,0,0,1,0.000,0,NULL,NULL,NULL,'',NULL,NULL,NULL,1,NULL,NULL,'',NULL,0,'',0),
(440,200,'SW10199','',1,'',0,1,0,0,0,0.000,0,NULL,NULL,NULL,'',NULL,NULL,NULL,1,NULL,NULL,'',NULL,0,'',0),
(441,201,'SW10200','',1,'',0,1,0,96,0,0.000,0,NULL,NULL,NULL,'',NULL,NULL,NULL,1,NULL,NULL,'',NULL,0,'',0),
(443,202,'SW10201.1','',2,'blau / 36',4,1,0,0,1,0.000,0,NULL,NULL,NULL,NULL,NULL,NULL,NULL,1,NULL,NULL,'',NULL,0,'',0),
(444,202,'SW10201.2','',1,'blau / 37',0,1,4,0,1,0.000,0,NULL,NULL,NULL,'',NULL,NULL,NULL,1,NULL,NULL,'',NULL,0,'',0),
(445,202,'SW10201.3','',2,'blau / 38',0,1,4,0,1,0.000,0,NULL,NULL,NULL,NULL,NULL,NULL,NULL,1,NULL,NULL,'',NULL,0,'',0),
(446,202,'SW10201.4','',2,'blau / 39',0,1,4,0,1,0.000,0,NULL,NULL,NULL,NULL,NULL,NULL,NULL,1,NULL,NULL,'',NULL,0,'',0),
(447,202,'SW10201.5','',2,'blau / 40',0,1,4,0,1,0.000,0,NULL,NULL,NULL,NULL,NULL,NULL,NULL,1,NULL,NULL,'',NULL,0,'',0),
(448,202,'SW10201.6','',2,'blau / 41',0,1,4,0,1,0.000,0,NULL,NULL,NULL,NULL,NULL,NULL,NULL,1,NULL,NULL,'',NULL,0,'',0),
(449,202,'SW10201.7','',2,'blau / 42',0,1,4,0,1,0.000,0,NULL,NULL,NULL,NULL,NULL,NULL,NULL,1,NULL,NULL,'',NULL,0,'',0),
(450,202,'SW10201.8','',2,'rot / 36',0,1,4,0,1,0.000,0,NULL,NULL,NULL,NULL,NULL,NULL,NULL,1,NULL,NULL,'',NULL,0,'',0),
(451,202,'SW10201.9','',2,'rot / 37',0,1,4,0,1,0.000,0,NULL,NULL,NULL,NULL,NULL,NULL,NULL,1,NULL,NULL,'',NULL,0,'',0),
(452,202,'SW10201.10','',2,'rot / 38',0,1,4,0,1,0.000,0,NULL,NULL,NULL,NULL,NULL,NULL,NULL,1,NULL,NULL,'',NULL,0,'',0),
(453,202,'SW10201.11','',2,'rot / 39',0,1,4,0,1,0.000,0,NULL,NULL,NULL,NULL,NULL,NULL,NULL,1,NULL,NULL,'',NULL,0,'',0),
(454,202,'SW10201.12','',2,'rot / 40',0,1,4,0,1,0.000,0,NULL,NULL,NULL,NULL,NULL,NULL,NULL,1,NULL,NULL,'',NULL,0,'',0),
(455,202,'SW10201.13','',2,'rot / 41',0,1,4,0,1,0.000,0,NULL,NULL,NULL,NULL,NULL,NULL,NULL,1,NULL,NULL,'',NULL,0,'',0),
(456,202,'SW10201.14','',2,'rot / 42',0,1,4,0,1,0.000,0,NULL,NULL,NULL,NULL,NULL,NULL,NULL,1,NULL,NULL,'',NULL,0,'',0),
(457,202,'SW10201.15','',2,'pink / 36',0,1,4,0,1,0.000,0,NULL,NULL,NULL,NULL,NULL,NULL,NULL,1,NULL,NULL,'',NULL,0,'',0),
(458,202,'SW10201.16','',2,'pink / 37',0,1,4,0,1,0.000,0,NULL,NULL,NULL,NULL,NULL,NULL,NULL,1,NULL,NULL,'',NULL,0,'',0),
(459,202,'SW10201.17','',2,'pink / 38',0,1,4,0,1,0.000,0,NULL,NULL,NULL,NULL,NULL,NULL,NULL,1,NULL,NULL,'',NULL,0,'',0),
(460,202,'SW10201.18','',2,'pink / 39',0,1,4,0,1,0.000,0,NULL,NULL,NULL,NULL,NULL,NULL,NULL,1,NULL,NULL,'',NULL,0,'',0),
(461,202,'SW10201.19','',2,'pink / 40',0,1,4,0,1,0.000,0,NULL,NULL,NULL,NULL,NULL,NULL,NULL,1,NULL,NULL,'',NULL,0,'',0),
(462,202,'SW10201.20','',2,'pink / 41',0,1,4,0,1,0.000,0,NULL,NULL,NULL,NULL,NULL,NULL,NULL,1,NULL,NULL,'',NULL,0,'',0),
(463,202,'SW10201.21','',2,'pink / 42',0,1,4,0,1,0.000,0,NULL,NULL,NULL,NULL,NULL,NULL,NULL,1,NULL,NULL,'',NULL,0,'',0),
(549,203,'SW10202.1','',1,'blau / 39/40',0,1,3,0,1,0.000,0,NULL,NULL,NULL,'',NULL,NULL,NULL,1,NULL,NULL,'',NULL,0,'',0),
(550,203,'SW10202.2','',2,'blau / 41/42',3,1,0,0,1,0.000,0,NULL,NULL,NULL,NULL,NULL,NULL,NULL,1,NULL,NULL,'',NULL,0,'',0),
(551,203,'SW10202.3','',2,'blau / 43/44',0,1,3,0,1,0.000,0,NULL,NULL,NULL,NULL,NULL,NULL,NULL,1,NULL,NULL,'',NULL,0,'',0),
(552,203,'SW10202.4','',2,'blau / 44/45',0,1,3,0,1,0.000,0,NULL,NULL,NULL,NULL,NULL,NULL,NULL,1,NULL,NULL,'',NULL,0,'',0),
(553,203,'SW10202.5','',2,'blau / 46/47',0,1,3,0,1,0.000,0,NULL,NULL,NULL,NULL,NULL,NULL,NULL,1,NULL,NULL,'',NULL,0,'',0),
(554,203,'SW10202.6','',2,'blau / 48/49',0,1,3,0,1,0.000,0,NULL,NULL,NULL,NULL,NULL,NULL,NULL,1,NULL,NULL,'',NULL,0,'',0),
(555,203,'SW10202.7','',2,'blau / 37/38',0,1,3,0,1,0.000,0,NULL,NULL,NULL,NULL,NULL,NULL,NULL,1,NULL,NULL,'',NULL,0,'',0),
(556,203,'SW10202.8','',2,'grün / 39/40',0,1,3,0,1,0.000,0,NULL,NULL,NULL,NULL,NULL,NULL,NULL,1,NULL,NULL,'',NULL,0,'',0),
(557,203,'SW10202.9','',2,'grün / 41/42',0,1,3,0,1,0.000,0,NULL,NULL,NULL,NULL,NULL,NULL,NULL,1,NULL,NULL,'',NULL,0,'',0),
(558,203,'SW10202.10','',2,'grün / 43/44',0,1,3,0,1,0.000,0,NULL,NULL,NULL,NULL,NULL,NULL,NULL,1,NULL,NULL,'',NULL,0,'',0),
(559,203,'SW10202.11','',2,'grün / 44/45',0,1,3,0,1,0.000,0,NULL,NULL,NULL,NULL,NULL,NULL,NULL,1,NULL,NULL,'',NULL,0,'',0),
(560,203,'SW10202.12','',2,'grün / 46/47',0,1,3,0,1,0.000,0,NULL,NULL,NULL,NULL,NULL,NULL,NULL,1,NULL,NULL,'',NULL,0,'',0),
(561,203,'SW10202.13','',2,'grün / 48/49',0,1,3,0,1,0.000,0,NULL,NULL,NULL,NULL,NULL,NULL,NULL,1,NULL,NULL,'',NULL,0,'',0),
(562,203,'SW10202.14','',2,'grün / 37/38',0,1,3,0,1,0.000,0,NULL,NULL,NULL,NULL,NULL,NULL,NULL,1,NULL,NULL,'',NULL,0,'',0),
(563,203,'SW10202.15','',2,'orange / 39/40',0,1,3,0,1,0.000,0,NULL,NULL,NULL,NULL,NULL,NULL,NULL,1,NULL,NULL,'',NULL,0,'',0),
(564,203,'SW10202.16','',2,'orange / 41/42',0,1,3,0,1,0.000,0,NULL,NULL,NULL,NULL,NULL,NULL,NULL,1,NULL,NULL,'',NULL,0,'',0),
(565,203,'SW10202.17','',2,'orange / 43/44',0,1,3,0,1,0.000,0,NULL,NULL,NULL,NULL,NULL,NULL,NULL,1,NULL,NULL,'',NULL,0,'',0),
(566,203,'SW10202.18','',2,'orange / 44/45',0,1,3,0,1,0.000,0,NULL,NULL,NULL,NULL,NULL,NULL,NULL,1,NULL,NULL,'',NULL,0,'',0),
(567,203,'SW10202.19','',2,'orange / 46/47',0,1,3,0,1,0.000,0,NULL,NULL,NULL,NULL,NULL,NULL,NULL,1,NULL,NULL,'',NULL,0,'',0),
(568,203,'SW10202.20','',2,'orange / 48/49',0,1,3,0,1,0.000,0,NULL,NULL,NULL,NULL,NULL,NULL,NULL,1,NULL,NULL,'',NULL,0,'',0),
(569,203,'SW10202.21','',2,'orange / 37/38',0,1,0,0,1,0.000,0,NULL,NULL,NULL,NULL,NULL,NULL,NULL,1,NULL,NULL,'',NULL,0,'',0),
(689,204,'SW10203.1','',1,'blau / S',0,1,2,0,1,0.000,0,NULL,NULL,NULL,'',NULL,NULL,NULL,1,NULL,NULL,'Stück',NULL,0,'',0),
(690,204,'SW10203.2','',2,'blau / M',2,1,0,0,1,0.000,0,NULL,NULL,NULL,NULL,NULL,NULL,NULL,1,NULL,NULL,'',NULL,0,'',0),
(691,204,'SW10203.3','',2,'blau / L',0,1,2,0,1,0.000,0,NULL,NULL,NULL,NULL,NULL,NULL,NULL,1,NULL,NULL,'',NULL,0,'',0),
(692,204,'SW10203.4','',2,'blau / XL',0,1,2,0,1,0.000,0,NULL,NULL,NULL,NULL,NULL,NULL,NULL,1,NULL,NULL,'',NULL,0,'',0),
(693,204,'SW10203.5','',2,'blau / XXL',0,1,2,0,1,0.000,0,NULL,NULL,NULL,NULL,NULL,NULL,NULL,1,NULL,NULL,'',NULL,0,'',0),
(694,204,'SW10203.6','',2,'grün / S',0,1,2,0,1,0.000,0,NULL,NULL,NULL,NULL,NULL,NULL,NULL,1,NULL,NULL,'',NULL,0,'',0),
(695,204,'SW10203.7','',2,'grün / M',0,1,2,0,1,0.000,0,NULL,NULL,NULL,NULL,NULL,NULL,NULL,1,NULL,NULL,'',NULL,0,'',0),
(696,204,'SW10203.8','',2,'grün / L',0,1,2,0,1,0.000,0,NULL,NULL,NULL,NULL,NULL,NULL,NULL,1,NULL,NULL,'',NULL,0,'',0),
(697,204,'SW10203.9','',2,'grün / XL',0,1,2,0,1,0.000,0,NULL,NULL,NULL,NULL,NULL,NULL,NULL,1,NULL,NULL,'',NULL,0,'',0),
(698,204,'SW10203.10','',2,'grün / XXL',0,1,2,0,1,0.000,0,NULL,NULL,NULL,NULL,NULL,NULL,NULL,1,NULL,NULL,'',NULL,0,'',0),
(699,204,'SW10203.11','',2,'pink / S',0,1,2,0,1,0.000,0,NULL,NULL,NULL,NULL,NULL,NULL,NULL,1,NULL,NULL,'',NULL,0,'',0),
(700,204,'SW10203.12','',2,'pink / M',0,1,2,0,1,0.000,0,NULL,NULL,NULL,NULL,NULL,NULL,NULL,1,NULL,NULL,'',NULL,0,'',0),
(701,204,'SW10203.13','',2,'pink / L',0,1,2,0,1,0.000,0,NULL,NULL,NULL,NULL,NULL,NULL,NULL,1,NULL,NULL,'',NULL,0,'',0),
(702,204,'SW10203.14','',2,'pink / XL',0,1,2,0,1,0.000,0,NULL,NULL,NULL,NULL,NULL,NULL,NULL,1,NULL,NULL,'',NULL,0,'',0),
(703,204,'SW10203.15','',2,'pink / XXL',0,1,2,0,1,0.000,0,NULL,NULL,NULL,NULL,NULL,NULL,NULL,1,NULL,NULL,'',NULL,0,'',0),
(704,204,'SW10203.16','',2,'gelb / S',0,1,2,0,1,0.000,0,NULL,NULL,NULL,NULL,NULL,NULL,NULL,1,NULL,NULL,'',NULL,0,'',0),
(705,204,'SW10203.17','',2,'gelb / M',0,1,2,0,1,0.000,0,NULL,NULL,NULL,NULL,NULL,NULL,NULL,1,NULL,NULL,'',NULL,0,'',0),
(706,204,'SW10203.18','',2,'gelb / L',0,1,2,0,1,0.000,0,NULL,NULL,NULL,NULL,NULL,NULL,NULL,1,NULL,NULL,'',NULL,0,'',0),
(707,204,'SW10203.19','',2,'gelb / XL',0,1,2,0,1,0.000,0,NULL,NULL,NULL,NULL,NULL,NULL,NULL,1,NULL,NULL,'',NULL,0,'',0),
(708,204,'SW10203.20','',2,'gelb / XXL',0,1,2,0,1,0.000,0,NULL,NULL,NULL,NULL,NULL,NULL,NULL,1,NULL,NULL,'',NULL,0,'',0),
(726,205,'SW10204.1','',1,'ohne / 24 Monate',0,1,45,0,0,0.000,0,NULL,NULL,NULL,NULL,NULL,NULL,NULL,1,NULL,NULL,'',NULL,0,'',0),
(727,205,'SW10204.2','',2,'mit Figuren / 24 Monate',0,1,45,0,0,0.000,0,NULL,NULL,NULL,NULL,NULL,NULL,NULL,1,NULL,NULL,'',NULL,0,'',0),
(728,205,'SW10204.3','',2,'mit Figuren und Ball-Set / 24 Monate',0,1,45,0,0,0.000,0,NULL,NULL,NULL,NULL,NULL,NULL,NULL,1,NULL,NULL,'',NULL,0,'',0),
(729,205,'SW10204.4','',2,'mit Figuren, Ball-Set und Service Box / 24 Monate',0,1,45,0,0,0.000,0,NULL,NULL,NULL,NULL,NULL,NULL,NULL,1,NULL,NULL,'',NULL,0,'',0),
(730,205,'SW10204.5','',2,'ohne / 36 Monate',0,1,45,0,0,0.000,0,NULL,NULL,NULL,NULL,NULL,NULL,NULL,1,NULL,NULL,'',NULL,0,'',0),
(731,205,'SW10204.6','',2,'mit Figuren / 36 Monate',0,1,45,0,0,0.000,0,NULL,NULL,NULL,NULL,NULL,NULL,NULL,1,NULL,NULL,'',NULL,0,'',0),
(732,205,'SW10204.7','',2,'mit Figuren und Ball-Set / 36 Monate',0,1,45,0,0,0.000,0,NULL,NULL,NULL,NULL,NULL,NULL,NULL,1,NULL,NULL,'',NULL,0,'',0),
(733,205,'SW10204.8','',2,'mit Figuren, Ball-Set und Service Box / 36 Monate',0,1,45,0,0,0.000,0,NULL,NULL,NULL,NULL,NULL,NULL,NULL,1,NULL,NULL,'',NULL,0,'',0),
(734,205,'SW10204.9','',2,'ohne / ohne',0,1,45,0,0,0.000,0,NULL,NULL,NULL,NULL,NULL,NULL,NULL,1,NULL,NULL,'',NULL,0,'',0),
(735,205,'SW10204.10','',2,'mit Figuren / ohne',0,1,45,0,0,0.000,0,NULL,NULL,NULL,NULL,NULL,NULL,NULL,1,NULL,NULL,'',NULL,0,'',0),
(736,205,'SW10204.11','',2,'mit Figuren und Ball-Set / ohne',0,1,45,0,0,0.000,0,NULL,NULL,NULL,NULL,NULL,NULL,NULL,1,NULL,NULL,'',NULL,0,'',0),
(737,205,'SW10204.12','',2,'mit Figuren, Ball-Set und Service Box / ohne',0,1,45,0,0,0.000,0,NULL,NULL,NULL,NULL,NULL,NULL,NULL,1,NULL,NULL,'',NULL,0,'',0),
(742,206,'SW10205.1','',2,'1,5 Liter',0,1,64,0,0,0.000,0,NULL,NULL,NULL,NULL,1,NULL,NULL,1,1.5000,1.000,'Flaschen(n)',NULL,0,'',0),
(743,206,'SW10205.2','',2,'5 Liter',0,1,64,0,0,0.000,0,NULL,NULL,NULL,NULL,1,NULL,NULL,1,5.0000,1.000,'Flaschen(n)',NULL,0,'',0),
(744,206,'SW10205.3','',1,'0,5 Liter',0,1,64,0,0,0.000,0,NULL,NULL,NULL,NULL,1,NULL,NULL,1,0.5000,1.000,'Flaschen(n)',NULL,0,'',0),
(745,207,'SW10206','',1,'',0,1,98,0,0,0.000,0,NULL,NULL,NULL,'',NULL,3,30,3,NULL,NULL,'Stück',NULL,0,'',0),
(746,208,'SW10207','',1,'',0,1,7,0,0,0.000,0,NULL,NULL,NULL,'',NULL,NULL,NULL,1,NULL,NULL,'Stück',NULL,0,'',0),
(747,209,'SW10208','',1,'',30,1,529,0,0,0.000,0,NULL,NULL,NULL,NULL,NULL,NULL,NULL,1,NULL,NULL,'',NULL,0,'',0),
(748,210,'SW10209','',1,'',2,1,99,0,0,0.000,0,NULL,NULL,NULL,'',NULL,NULL,NULL,1,NULL,NULL,'',NULL,0,'',0),
(749,211,'SW10221','',1,'',0,1,100,0,0,0.000,0,NULL,NULL,NULL,'',NULL,NULL,NULL,1,NULL,NULL,'',NULL,0,'',0),
(751,213,'SW10211','',1,'',0,1,6,0,1,0.000,0,NULL,NULL,NULL,'',NULL,NULL,NULL,1,NULL,NULL,'Stück',NULL,0,'',0),
(753,214,'SW10212.1','',1,'200ml',0,1,100,0,0,0.000,0,NULL,NULL,NULL,'',NULL,NULL,NULL,1,200.0000,100.000,'',NULL,0,'',0),
(754,214,'SW10212.2','',2,'500ml',0,1,100,0,0,0.000,0,NULL,NULL,NULL,NULL,10,NULL,NULL,1,500.0000,100.000,'',NULL,0,'',0),
(755,214,'SW10212.3','',2,'5l',0,1,100,0,0,0.000,0,NULL,NULL,NULL,NULL,1,NULL,NULL,1,5.0000,1.000,'',NULL,0,'',0),
(757,215,'SW10213.1','',1,'200ml',0,1,55,0,0,0.000,0,NULL,NULL,NULL,'',NULL,NULL,NULL,1,200.0000,100.000,'',NULL,0,'',0),
(758,215,'SW10213.2','',2,'500ml',0,1,55,0,0,0.000,0,NULL,NULL,NULL,NULL,10,NULL,NULL,1,500.0000,100.000,'',NULL,0,'',0),
(759,215,'SW10213.3','',2,'5l',0,1,55,0,0,0.000,0,NULL,NULL,NULL,NULL,1,NULL,NULL,1,5.0000,1.000,'',NULL,0,'',0),
(761,216,'SW10214.1','',1,'200ml',0,1,66,0,0,0.000,0,NULL,NULL,NULL,'',NULL,NULL,NULL,1,200.0000,100.000,'',NULL,0,'',0),
(762,216,'SW10214.2','',2,'500ml',0,1,66,0,0,0.000,0,NULL,NULL,NULL,NULL,10,NULL,NULL,1,500.0000,100.000,'',NULL,0,'',0),
(763,216,'SW10214.3','',2,'5l',0,1,66,0,0,0.000,0,NULL,NULL,NULL,NULL,1,NULL,NULL,1,5.0000,1.000,'',NULL,0,'',0),
(766,217,'SW10215.1','',1,'200ml',0,1,77,0,0,0.000,0,NULL,NULL,NULL,'',NULL,NULL,NULL,1,200.0000,100.000,'',NULL,0,'',0),
(767,217,'SW10215.2','',2,'500ml',0,1,77,0,0,0.000,0,NULL,NULL,NULL,NULL,10,NULL,NULL,1,500.0000,100.000,'',NULL,0,'',0),
(768,217,'SW10215.3','',2,'5l',0,1,77,0,0,0.000,0,NULL,NULL,NULL,NULL,1,NULL,NULL,1,5.0000,1.000,'',NULL,0,'',0),
(769,218,'SW10216.1','',1,'200ml',0,1,88,0,0,0.000,0,NULL,NULL,NULL,'',NULL,NULL,NULL,1,200.0000,100.000,'',NULL,0,'',0),
(770,218,'SW10216.2','',2,'500ml',0,1,88,0,0,0.000,0,NULL,NULL,NULL,NULL,10,NULL,NULL,1,500.0000,100.000,'',NULL,0,'',0),
(771,218,'SW10216.3','',2,'5l',0,1,88,0,0,0.000,0,NULL,NULL,NULL,NULL,1,NULL,NULL,1,5.0000,1.000,'',NULL,0,'',0),
(772,219,'SW10185','',1,'',1,1,4,1,1,0.000,0,NULL,NULL,NULL,'',NULL,NULL,NULL,1,NULL,NULL,'','2012-07-16',0,'',0),
(773,220,'SW10001','',1,'',1,1,-1,0,0,0.000,0,NULL,NULL,NULL,'',NULL,NULL,NULL,1,NULL,NULL,'',NULL,1,'',0),
(774,221,'SW1000299','',1,'',0,1,0,0,0,5.000,0,NULL,NULL,NULL,'',NULL,NULL,NULL,1,NULL,NULL,'',NULL,0,'',0),
(775,222,'SW10217','',1,'',0,1,28,0,1,0.000,0,NULL,NULL,NULL,'',NULL,NULL,NULL,1,NULL,NULL,'',NULL,0,'',0),
(777,224,'SW10218','',1,'',0,1,56,0,0,0.000,0,NULL,NULL,NULL,'',NULL,NULL,NULL,1,NULL,NULL,'',NULL,0,'',0),
(778,225,'SW10219','',1,'',0,1,24,0,0,0.000,0,NULL,NULL,NULL,'',NULL,NULL,NULL,1,NULL,NULL,'',NULL,0,'',0),
(779,226,'SW10220','',1,'',0,1,150,0,0,0.000,0,NULL,NULL,NULL,'',NULL,NULL,NULL,1,NULL,NULL,'',NULL,0,'',0),
(780,223,'SW100718.1','',1,'weiss',0,1,0,0,0,0.000,0,NULL,NULL,NULL,'',NULL,NULL,NULL,1,NULL,NULL,'',NULL,0,'',0),
(781,223,'SW100718.2','',2,'gelb',0,1,0,0,0,0.000,0,NULL,NULL,NULL,'',NULL,NULL,NULL,1,NULL,NULL,'',NULL,0,'',0),
(782,227,'SW10002841','',1,'',1,1,-1,0,0,0.000,0,NULL,NULL,NULL,'',NULL,NULL,NULL,1,NULL,NULL,'',NULL,0,'',0),
(783,228,'SW100025211','',1,'',0,1,0,0,0,0.000,0,NULL,NULL,NULL,'',NULL,NULL,NULL,1,NULL,NULL,'',NULL,0,'',0),
(784,229,'SW10222','',1,'',0,1,74,0,0,0.000,0,NULL,NULL,NULL,'',NULL,NULL,NULL,1,NULL,NULL,'',NULL,0,'',0),
(785,230,'SW10002694','',1,'',0,1,0,0,0,0.000,0,NULL,NULL,NULL,'',NULL,NULL,NULL,1,NULL,NULL,'',NULL,0,'',0),
(786,231,'SW10223','',1,'',0,1,56,0,0,0.000,0,NULL,NULL,NULL,'',NULL,NULL,NULL,1,NULL,NULL,'',NULL,0,'',0),
(788,233,'SW10224','',1,'',0,1,56,0,0,0.000,0,NULL,NULL,NULL,'',NULL,NULL,NULL,1,NULL,NULL,'',NULL,0,'',0),
(789,234,'SW10225','',1,'',0,1,56,0,0,0.000,0,NULL,NULL,NULL,'',NULL,NULL,NULL,1,NULL,NULL,'',NULL,0,'',0),
(790,235,'SW10226','',1,'',0,1,32,0,1,0.000,0,NULL,NULL,NULL,'',NULL,NULL,NULL,1,NULL,NULL,'',NULL,0,'',0),
(791,236,'SW10227','',1,'',0,1,45,0,0,0.000,0,NULL,NULL,NULL,'',NULL,NULL,NULL,1,NULL,NULL,'',NULL,0,'',0),
(792,237,'SW10228','',1,'',0,1,43,0,0,0.000,0,NULL,NULL,NULL,'',NULL,NULL,NULL,1,NULL,NULL,'',NULL,1,'',0),
(793,238,'SW10229','',1,'',0,1,456,0,1,0.000,0,NULL,NULL,NULL,'',NULL,NULL,NULL,1,NULL,NULL,'',NULL,0,'',0),
(794,239,'SW10230','',1,'',0,1,5,0,0,0.000,0,NULL,NULL,NULL,'',NULL,NULL,NULL,1,NULL,NULL,'',NULL,0,'20',0),
(795,240,'SW10231','',1,'',0,1,42,0,0,0.000,0,NULL,NULL,NULL,'',NULL,NULL,NULL,1,NULL,NULL,'',NULL,0,'',0),
(796,241,'SW10232','',1,'',0,1,34,0,0,0.000,0,NULL,NULL,NULL,'',NULL,NULL,NULL,1,NULL,NULL,'',NULL,0,'',0),
(797,242,'SW10233','',1,'',0,1,3445,0,0,0.000,0,NULL,NULL,NULL,'',NULL,NULL,NULL,1,NULL,NULL,'',NULL,0,'',0),
(798,243,'SW10234','',1,'',0,1,0,0,1,0.000,0,NULL,NULL,NULL,'',NULL,NULL,NULL,1,NULL,NULL,'',NULL,0,'',0),
(799,244,'SW10235','',1,'',0,1,0,0,0,0.000,0,NULL,NULL,NULL,'',NULL,NULL,NULL,1,NULL,NULL,'',NULL,0,'',0),
(800,245,'SW10236','',1,'',0,1,99,0,0,0.000,0,NULL,NULL,NULL,'',NULL,NULL,NULL,1,NULL,NULL,'',NULL,0,'',0),
(801,246,'SW10237','',1,'',0,1,100,0,0,0.000,0,NULL,NULL,NULL,'',NULL,NULL,NULL,1,NULL,NULL,'',NULL,0,'',0),
(802,247,'SW10238','',1,'',0,1,99,0,0,0.000,0,NULL,NULL,NULL,'',NULL,NULL,NULL,1,NULL,NULL,'',NULL,0,'',0),
(803,248,'SW100755036993','',1,'',0,1,39,0,0,8.000,0,NULL,NULL,NULL,'',NULL,NULL,NULL,1,NULL,NULL,'Stück',NULL,0,'',0),
(804,249,'TS100629_500_30_GBP',NULL,1,NULL,0,0,0,NULL,0,NULL,0,NULL,NULL,NULL,NULL,NULL,NULL,NULL,1,NULL,NULL,NULL,NULL,0,NULL,0),
(805,250,'TS080501_500_30_USD',NULL,1,NULL,0,0,0,NULL,0,NULL,0,NULL,NULL,NULL,NULL,NULL,NULL,NULL,1,NULL,NULL,NULL,NULL,0,NULL,0),
(806,251,'TS080501_500_30_EUR',NULL,1,NULL,0,0,0,NULL,0,NULL,0,NULL,NULL,NULL,NULL,NULL,NULL,NULL,1,NULL,NULL,NULL,NULL,0,NULL,0),
(807,252,'TS100809_1500_30_PLN',NULL,1,NULL,0,0,0,NULL,0,NULL,0,NULL,NULL,NULL,NULL,NULL,NULL,NULL,1,NULL,NULL,NULL,NULL,0,NULL,0),
(808,253,'TS100629_1500_30_GBP',NULL,1,NULL,0,0,0,NULL,0,NULL,0,NULL,NULL,NULL,NULL,NULL,NULL,NULL,1,NULL,NULL,NULL,NULL,0,NULL,0),
(809,254,'TS100629_1500_30_USD',NULL,1,NULL,0,0,0,NULL,0,NULL,0,NULL,NULL,NULL,NULL,NULL,NULL,NULL,1,NULL,NULL,NULL,NULL,0,NULL,0),
(810,255,'TS080501_1500_30_EUR',NULL,1,NULL,0,0,0,NULL,0,NULL,0,NULL,NULL,NULL,NULL,NULL,NULL,NULL,1,NULL,NULL,NULL,NULL,0,NULL,0),
(811,256,'TS100809_2500_30_PLN',NULL,1,NULL,0,0,0,NULL,0,NULL,0,NULL,NULL,NULL,NULL,NULL,NULL,NULL,1,NULL,NULL,NULL,NULL,0,NULL,0),
(812,257,'TS080501_2500_30_EUR',NULL,1,NULL,0,0,0,NULL,0,NULL,0,NULL,NULL,NULL,NULL,NULL,NULL,NULL,1,NULL,NULL,NULL,NULL,0,NULL,0),
(813,258,'TS100629_2500_30_USD',NULL,1,NULL,0,0,0,NULL,0,NULL,0,NULL,NULL,NULL,NULL,NULL,NULL,NULL,1,NULL,NULL,NULL,NULL,0,NULL,0),
(814,259,'TS100629_2500_30_GBP',NULL,1,NULL,0,0,0,NULL,0,NULL,0,NULL,NULL,NULL,NULL,NULL,NULL,NULL,1,NULL,NULL,NULL,NULL,0,NULL,0),
(815,260,'TS100809_5000_30_PLN',NULL,1,NULL,0,0,0,NULL,0,NULL,0,NULL,NULL,NULL,NULL,NULL,NULL,NULL,1,NULL,NULL,NULL,NULL,0,NULL,0),
(816,261,'TS080501_5000_30_EUR',NULL,1,NULL,0,0,0,NULL,0,NULL,0,NULL,NULL,NULL,NULL,NULL,NULL,NULL,1,NULL,NULL,NULL,NULL,0,NULL,0),
(817,262,'TS100629_10000_30_USD',NULL,1,NULL,0,0,0,NULL,0,NULL,0,NULL,NULL,NULL,NULL,NULL,NULL,NULL,1,NULL,NULL,NULL,NULL,0,NULL,0),
(818,263,'TS100629_5000_30_USD',NULL,1,NULL,0,0,0,NULL,0,NULL,0,NULL,NULL,NULL,NULL,NULL,NULL,NULL,1,NULL,NULL,NULL,NULL,0,NULL,0),
(819,264,'TS100629_5000_30_GBP',NULL,1,NULL,0,0,0,NULL,0,NULL,0,NULL,NULL,NULL,NULL,NULL,NULL,NULL,1,NULL,NULL,NULL,NULL,0,NULL,0),
(820,265,'TS100809_10000_30_PLN',NULL,1,NULL,0,0,0,NULL,0,NULL,0,NULL,NULL,NULL,NULL,NULL,NULL,NULL,1,NULL,NULL,NULL,NULL,0,NULL,0),
(821,266,'TS100629_10000_30_GBP',NULL,1,NULL,0,0,0,NULL,0,NULL,0,NULL,NULL,NULL,NULL,NULL,NULL,NULL,1,NULL,NULL,NULL,NULL,0,NULL,0),
(822,267,'TS080501_10000_30_EUR',NULL,1,NULL,0,0,0,NULL,0,NULL,0,NULL,NULL,NULL,NULL,NULL,NULL,NULL,1,NULL,NULL,NULL,NULL,0,NULL,0),
(823,268,'TS100816_20000_30_PLN',NULL,1,NULL,0,0,0,NULL,0,NULL,0,NULL,NULL,NULL,NULL,NULL,NULL,NULL,1,NULL,NULL,NULL,NULL,0,NULL,0),
(824,269,'TS100629_20000_30_USD',NULL,1,NULL,0,0,0,NULL,0,NULL,0,NULL,NULL,NULL,NULL,NULL,NULL,NULL,1,NULL,NULL,NULL,NULL,0,NULL,0),
(825,270,'TS100629_20000_30_GBP',NULL,1,NULL,0,0,0,NULL,0,NULL,0,NULL,NULL,NULL,NULL,NULL,NULL,NULL,1,NULL,NULL,NULL,NULL,0,NULL,0),
(826,271,'TS080501_20000_30_EUR',NULL,1,NULL,0,0,0,NULL,0,NULL,0,NULL,NULL,NULL,NULL,NULL,NULL,NULL,1,NULL,NULL,NULL,NULL,0,NULL,0),
(827,272,'SW10239','',1,'',0,1,0,0,0,0.000,0,NULL,NULL,NULL,'',NULL,NULL,NULL,1,NULL,NULL,'',NULL,0,'',0);


TRUNCATE TABLE `s_articles_downloads`;
TRUNCATE TABLE `s_articles_downloads_attributes`;
TRUNCATE TABLE `s_articles_esd`;
INSERT INTO `s_articles_esd` (`id`, `articleID`, `articledetailsID`, `file`, `serials`, `notification`, `maxdownloads`, `datum`) VALUES
(2, 197, 437, 'shopware_packshot_community_edition_72dpi_rgb.png', 1, 0, 0, '2012-08-30 10:18:45');

TRUNCATE TABLE `s_articles_esd_attributes`;
TRUNCATE TABLE `s_articles_esd_serials`;
INSERT INTO `s_articles_esd_serials` (`id`, `serialnumber`, `esdID`) VALUES
(3, '12345678910', 1),
(4, '2345678901', 1),
(5, '3456789012', 1),
(6, '12345679890', 2),
(7, '23456798901', 2),
(8, '0987654321', 2);

TRUNCATE TABLE `s_articles_img`;
INSERT INTO `s_articles_img` (`id`, `articleID`, `img`, `main`, `description`, `position`, `width`, `height`, `relations`, `extension`, `parent_id`, `article_detail_id`, `media_id`) VALUES
(3, 2, 'Muensterlaender_Lagerkorn_Imagefoto', 2, '', 1, 0, 0, '', 'jpg', NULL, NULL, 3),
(5, 2, 'Muensterlaender_Lagerkorn', 1, '', 2, 0, 0, '', 'jpg', NULL, NULL, 6),
(6, 3, 'Muensterlaender_Aperitif_Flasche', 1, '', 1, 0, 0, '', 'jpg', NULL, NULL, 8),
(12, 4, 'LatteMacchiato502bc1efd65b6', 1, '', 1, 0, 0, '', 'jpg', NULL, NULL, 14),
(13, 5, 'Emmelkamper_Holunderlikoer_700ml', 2, 'Emmelkamper Holunderlikör 0,7 Liter', 1, 0, 0, '', 'jpg', NULL, NULL, 15),
(14, 6, 'Cigar_Special', 1, '', 1, 0, 0, '', 'jpg', NULL, NULL, 16),
(16, NULL, NULL, 1, 'Emmelkamper Holunderlikör 0,7 Liter', 1, 0, 0, '', 'jpg', 13, 10, NULL),
(17, 5, 'Emmelkamper_Holunderlikoer_200ml-1', 1, 'Emmelkamper Holunderlikör 0,2 Liter', 2, 0, 0, '', 'jpg', NULL, NULL, 22),
(18, NULL, NULL, 1, 'Emmelkamper Holunderlikör 0,2 Liter', 2, 0, 0, '', 'jpg', 17, 9, NULL),
(19, 7, 'WacholderFlasche_frei', 1, '', 1, 0, 0, '', 'jpg', NULL, NULL, 17),
(20, 8, 'Lagerkorn_TS', 1, '', 1, 0, 0, '', 'jpg', NULL, NULL, 20),
(21, 9, 'Lagerkorn_XO', 1, '', 1, 0, 0, '', 'jpg', NULL, NULL, 21),
(22, 10, 'Glas_Muensterlaender_Aperitif_Imagefoto', 1, '', 1, 0, 0, '', 'jpg', NULL, NULL, 19),
(23, 11, 'Muensterlaender_Aperitif-Box', 1, '', 1, 0, 0, '', 'jpg', NULL, NULL, 9),
(25, 12, 'KobraVodka', 1, '', 1, 0, 0, '', 'jpg', NULL, NULL, 23),
(26, 13, 'Tee-weiss-Pai-Mu-Tan-Dose', 2, '', 1, 0, 0, '', 'jpg', NULL, NULL, 25),
(27, 13, 'Tee-weiss-Pai-Mu-Tan-Schale', 2, '', 2, 0, 0, '', 'jpg', NULL, NULL, 26),
(28, 13, 'Tee-weiss-Pai-Mu-Tan', 1, '', 3, 0, 0, '', 'jpg', NULL, NULL, 27),
(39, 14, 'Tee-weiss-Silver-Yin-Zhen-Anbaugebiet', 2, '', 1, 0, 0, '', 'jpg', NULL, NULL, 34),
(40, 14, 'Tee-weiss-Silver-Yin-Zhen-Dose', 2, '', 2, 0, 0, '', 'jpg', NULL, NULL, 35),
(41, 14, 'Tee-weiss-Silver-Yin-Zhen-Schale', 2, '', 3, 0, 0, '', 'jpg', NULL, NULL, 36),
(42, 14, 'Tee-weiss-Silver-Yin-Zhen', 1, '', 4, 0, 0, '', 'jpg', NULL, NULL, 37),
(43, 13, 'Tee-weiss-Pai-Mu-Anbaugebiet', 2, '', 4, 0, 0, '', 'jpg', NULL, NULL, 38),
(44, 20, 'Tee-Jasmine-Phoenix-Pearls-Anbaugebiet', 2, '', 1, 0, 0, '', 'jpg', NULL, NULL, 43),
(45, 20, 'Tee-Jasmine-Phoenix-Pearls-Dose', 2, '', 2, 0, 0, '', 'jpg', NULL, NULL, 44),
(46, 20, 'Tee-Jasmine-Phoenix-Pearls-Schale', 2, '', 3, 0, 0, '', 'jpg', NULL, NULL, 45),
(47, 20, 'Tee-Jasmine-Phoenix-Pearls', 1, '', 4, 0, 0, '', 'jpg', NULL, NULL, 46),
(48, 17, 'Tee-gruen-Mao-Feng-Anbaugebiet', 2, '', 1, 0, 0, '', 'jpg', NULL, NULL, 47),
(49, 17, 'Tee-gruen-Mao-Feng-Dose', 2, '', 2, 0, 0, '', 'jpg', NULL, NULL, 48),
(50, 17, 'Tee-gruen-Mao-Feng-Schale', 2, '', 3, 0, 0, '', 'jpg', NULL, NULL, 49),
(51, 17, 'Tee-gruen-Mao-Feng', 1, '', 4, 0, 0, '', 'jpg', NULL, NULL, 50),
(52, 15, 'Tee-gruen-Lung-Ching-Anbaugebiet', 2, '', 1, 0, 0, '', 'jpg', NULL, NULL, 39),
(53, 15, 'Tee-gruen-Lung-Ching-Dose', 2, '', 2, 0, 0, '', 'jpg', NULL, NULL, 40),
(54, 15, 'Tee-gruen-Lung-Ching-Schale', 2, '', 3, 0, 0, '', 'jpg', NULL, NULL, 41),
(55, 15, 'Tee-gruen-Lung-Ching', 1, '', 4, 0, 0, '', 'jpg', NULL, NULL, 42),
(56, 19, 'Tee-Oriental-Jasmine-Anbaugebiet', 2, '', 1, 0, 0, '', 'jpg', NULL, NULL, 51),
(57, 19, 'Tee-Oriental-Jasmine-Dose', 2, '', 2, 0, 0, '', 'jpg', NULL, NULL, 52),
(58, 19, 'Tee-Oriental-Jasmine-Schale', 2, '', 3, 0, 0, '', 'jpg', NULL, NULL, 53),
(59, 19, 'Tee-Oriental-Jasmine', 1, '', 4, 0, 0, '', 'jpg', NULL, NULL, 54),
(60, 18, 'Tee-gruen-Pi-Lo-Chun-Anbaugebiet', 2, '', 1, 0, 0, '', 'jpg', NULL, NULL, 55),
(61, 18, 'Tee-gruen-Pi-Lo-Chun-Dose', 2, '', 2, 0, 0, '', 'jpg', NULL, NULL, 56),
(62, 18, 'Tee-gruen-Pi-Lo-Chun-Schale', 2, '', 3, 0, 0, '', 'jpg', NULL, NULL, 57),
(63, 18, 'Tee-gruen-Pi-Lo-Chun', 1, '', 4, 0, 0, '', 'jpg', NULL, NULL, 58),
(64, 21, 'Tee-Jasmine-Lotus-Anbaugebiet', 2, '', 1, 0, 0, '', 'jpg', NULL, NULL, 59),
(65, 21, 'Tee-Jasmine-Lotus-Dose', 2, '', 2, 0, 0, '', 'jpg', NULL, NULL, 60),
(66, 21, 'Tee-Jasmine-Lotus-Schale', 2, '', 3, 0, 0, '', 'jpg', NULL, NULL, 61),
(67, 21, 'Tee-Jasmine-Lotus', 1, '', 4, 0, 0, '', 'jpg', NULL, NULL, 62),
(68, 22, 'Tee-Tasse-Glas-Seite', 2, '', 2, 0, 0, '', 'jpg', NULL, NULL, 64),
(69, 22, 'Tee-Tasse-Glas', 1, '', 1, 0, 0, '', 'jpg', NULL, NULL, 65),
(70, 22, 'Tee-Tasse-Glas-Seite-Leer', 2, '', 3, 0, 0, '', 'jpg', NULL, NULL, 66),
(71, 23, 'Glasbecher-Leer', 2, '', 1, 0, 0, '', 'jpg', NULL, NULL, 67),
(72, 23, 'Glasbecher-Seite-Teekanne', 2, '', 2, 0, 0, '', 'jpg', NULL, NULL, 68),
(73, 23, 'Glasbecher-Seite', 1, '', 3, 0, 0, '', 'jpg', NULL, NULL, 69),
(74, 24, 'Teekaenchen-Glas-Seite', 1, '', 1, 0, 0, '', 'jpg', NULL, NULL, 70),
(75, 24, 'Teekaenchen-Glas-Teile', 2, '', 2, 0, 0, '', 'jpg', NULL, NULL, 71),
(76, 24, 'Teekaennchen-Glas-Seite-Leer', 2, '', 3, 0, 0, '', 'jpg', NULL, NULL, 72),
(77, 25, 'Teekanne-Glas-Beispiel-Kraeuter', 2, '', 1, 0, 0, '', 'jpg', NULL, NULL, 73),
(78, 25, 'Teekanne-Glas-Leer', 2, '', 2, 0, 0, '', 'jpg', NULL, NULL, 74),
(79, 25, 'Teekanne-Glas-Zubehoer', 1, '', 3, 0, 0, '', 'jpg', NULL, NULL, 75),
(80, 26, 'Glas-Teezubereiter-Einzelteile', 2, '', 1, 0, 0, '', 'jpg', NULL, NULL, 76),
(81, 26, 'Glas-Teezubereiter-Leer', 2, '', 2, 0, 0, '', 'jpg', NULL, NULL, 77),
(82, 26, 'Glas-Teezubereiter-Seite', 1, '', 3, 0, 0, '', 'jpg', NULL, NULL, 78),
(83, 27, 'Facil-Teezubereiter-Einzelteile-2', 1, '', 1, 0, 0, '', 'jpg', NULL, NULL, 79),
(84, 27, 'Facil-Teezubereiter-Einzelteile', 2, '', 2, 0, 0, '', 'jpg', NULL, NULL, 80),
(85, 27, 'Facil-Teezubereiter-Leer', 2, '', 3, 0, 0, '', 'jpg', NULL, NULL, 81),
(86, 27, 'Facil-Teezubereiter-Seite', 2, '', 4, 0, 0, '', 'jpg', NULL, NULL, 82),
(87, 28, 'Deluxe-Eisteezubereiter-Seite-2', 1, '', 1, 0, 0, '', 'jpg', NULL, NULL, 83),
(88, 28, 'Deluxe-Eisteezubereiter-Seite', 2, '', 2, 0, 0, '', 'jpg', NULL, NULL, 84),
(89, 29, 'Porzellan-Teeservice', 1, '', 1, 0, 0, '', 'jpg', NULL, NULL, 85),
(90, 29, 'Prozellan-Teeservice-Leer', 2, '', 2, 0, 0, '', 'jpg', NULL, NULL, 86),
(91, 29, 'Prozellan-Teeservice-Tasse-einzeln', 2, '', 3, 0, 0, '', 'jpg', NULL, NULL, 87),
(92, 30, 'Prozellen-Tee-Set-Geschenkbox-Aufgereiht', 1, '', 1, 0, 0, '', 'jpg', NULL, NULL, 88),
(93, 30, 'Prozellen-Tee-Set-Geschenkbox-Leer', 2, '', 2, 0, 0, '', 'jpg', NULL, NULL, 89),
(94, 30, 'Prozellen-Tee-Set-Geschenkbox', 2, '', 3, 0, 0, '', 'jpg', NULL, NULL, 90),
(95, 31, 'Gruener-Tee-Geschenkset-Blueten', 2, '', 1, 0, 0, '', 'jpg', NULL, NULL, 91),
(96, 31, 'Gruener-Tee-Geschenkset-Dosen', 2, '', 2, 0, 0, '', 'jpg', NULL, NULL, 92),
(97, 31, 'Gruener-Tee-Geschenkset-Feld', 2, '', 3, 0, 0, '', 'jpg', NULL, NULL, 93),
(98, 31, 'Gruener-Tee-Geschenkset-Pi-Lo-Chun-Cover', 1, '', 4, 0, 0, '', 'jpg', NULL, NULL, 94),
(99, 31, 'Gruener-Tee-Geschenkset-Tasse', 2, '', 5, 0, 0, '', 'jpg', NULL, NULL, 95),
(100, 32, 'Jasmine-Tee-Geschenkset-Blueten', 2, '', 1, 0, 0, '', 'jpg', NULL, NULL, 96),
(101, 32, 'Jasmine-Tee-Geschenkset-Dosen', 2, '', 2, 0, 0, '', 'jpg', NULL, NULL, 97),
(102, 32, 'Jasmine-Tee-Geschenkset-Karte', 2, '', 3, 0, 0, '', 'jpg', NULL, NULL, 98),
(103, 32, 'Jasmine-Tee-Geschenkset-Tasse', 2, '', 4, 0, 0, '', 'jpg', NULL, NULL, 99),
(104, 32, 'Jasmine-Lotus-Cover', 1, '', 5, 0, 0, '', 'jpg', NULL, NULL, 100),
(105, 33, 'Oolong-Tee-Geschenkset-Cover', 1, '', 1, 0, 0, '', 'jpg', NULL, NULL, 101),
(106, 33, 'Oolong-Tee-Geschenkset-Dosen', 2, '', 2, 0, 0, '', 'jpg', NULL, NULL, 102),
(107, 33, 'Oolong-Tee-Geschenkset-Feld', 2, '', 3, 0, 0, '', 'jpg', NULL, NULL, 103),
(108, 33, 'Oolong-Tee-Geschenkset-Karte', 2, '', 4, 0, 0, '', 'jpg', NULL, NULL, 104),
(109, 33, 'Oolong-Tee-Geschenkset-Tasse', 2, '', 5, 0, 0, '', 'jpg', NULL, NULL, 105),
(110, 34, 'PU-ERH-Tee-Geschenkset-Blaetter502de344b14cb', 2, '', 1, 0, 0, '', 'jpg', NULL, NULL, 111),
(111, 34, 'PU-ERH-Tee-Geschenkset-Cover502de34719689', 1, '', 2, 0, 0, '', 'jpg', NULL, NULL, 112),
(112, 34, 'PU-ERH-Tee-Geschenkset-Dosen502de34931c94', 2, '', 3, 0, 0, '', 'jpg', NULL, NULL, 113),
(113, 34, 'PU-ERH-Tee-Geschenkset-Karte502de34a32e14', 2, '', 4, 0, 0, '', 'jpg', NULL, NULL, 114),
(114, 34, 'PU-ERH-Tee-Geschenkset-Tasse502de34b52a2c', 2, '', 5, 0, 0, '', 'jpg', NULL, NULL, 115),
(120, 35, 'Schwarzer-Tee-Geschenkset-Dosen', 2, '', 1, 0, 0, '', 'jpg', NULL, NULL, 116),
(121, 35, 'Schwarzer-Tee-Geschenkset-Feld', 2, '', 2, 0, 0, '', 'jpg', NULL, NULL, 117),
(122, 35, 'Schwarzer-Tee-Geschenkset-Fruechte', 2, '', 3, 0, 0, '', 'jpg', NULL, NULL, 118),
(123, 35, 'Schwarzer-Tee-Geschenkset-Pychee-Black-Cover', 1, '', 4, 0, 0, '', 'jpg', NULL, NULL, 119),
(124, 35, 'Schwarzer-Tee-Geschenkset-Tasse', 2, '', 5, 0, 0, '', 'jpg', NULL, NULL, 120),
(125, 36, 'Weisser-Tee-Geschenkset-Silver-Yin-Zhen-Cover', 1, '', 1, 0, 0, '', 'jpg', NULL, NULL, 121),
(126, 36, 'Weisser-Tee-Geschenkset-Blatt', 2, '', 2, 0, 0, '', 'jpg', NULL, NULL, 122),
(127, 36, 'Weisser-Tee-Geschenkset-Dosen', 2, '', 3, 0, 0, '', 'jpg', NULL, NULL, 123),
(128, 36, 'Weisser-Tee-Geschenkset-Karte', 2, '', 4, 0, 0, '', 'jpg', NULL, NULL, 124),
(129, 36, 'Weisser-Tee-Geschenkset-Tasse', 2, '', 5, 0, 0, '', 'jpg', NULL, NULL, 125),
(130, 37, 'Esslack-Gold-Silber-Front', 1, '', 1, 0, 0, '', 'jpg', NULL, NULL, 126),
(131, 37, 'Esslack-Gold-Tomate-Use', 2, '', 2, 0, 0, '', 'jpg', NULL, NULL, 127),
(132, 37, 'Esslack-Silber-Brezel-Use', 2, '', 3, 0, 0, '', 'jpg', NULL, NULL, 128),
(133, 37, 'Esslack-Silber-CloseUp-Top', 2, '', 4, 0, 0, '', 'jpg', NULL, NULL, 129),
(134, 37, 'Esslack-Silber-CloseUp', 2, '', 5, 0, 0, '', 'jpg', NULL, NULL, 130),
(135, 38, 'Kraftstoff-Sorten', 1, '', 1, 0, 0, '', 'jpg', NULL, NULL, 131),
(136, 38, 'Kraftstoff-Beispiel', 2, '', 2, 0, 0, '', 'jpg', NULL, NULL, 132),
(137, 38, 'Kraftstoff-Brombeer-Back-and-Front', 2, '', 3, 0, 0, '', 'jpg', NULL, NULL, 133),
(138, 38, 'Kraftstoff-CloseUp-2', 2, '', 4, 0, 0, '', 'jpg', NULL, NULL, 134),
(139, 38, 'Kraftstoff-CloseUp-3', 2, '', 5, 0, 0, '', 'jpg', NULL, NULL, 135),
(140, 38, 'Kraftstoff-CloseUp-4', 2, '', 6, 0, 0, '', 'jpg', NULL, NULL, 136),
(141, 38, 'Kraftstoff-CloseUp', 2, '', 7, 0, 0, '', 'jpg', NULL, NULL, 137),
(142, 39, 'Mehrzwecknudel-CloseUp-2', 2, '', 1, 0, 0, '', 'jpg', NULL, NULL, 138),
(143, 39, 'Mehrzwecknudel-CloseUp', 2, '', 2, 0, 0, '', 'jpg', NULL, NULL, 139),
(144, 39, 'Mehrzwecknudel-Gabel', 2, '', 3, 0, 0, '', 'jpg', NULL, NULL, 140),
(145, 39, 'Mehrzwecknudel-Serviert', 2, '', 4, 0, 0, '', 'jpg', NULL, NULL, 141),
(146, 39, 'Mehrzwecknudeln-Front-plus-Back-Haengend', 2, '', 5, 0, 0, '', 'jpg', NULL, NULL, 142),
(147, 39, 'Mehrzwecknudeln-Front-plus-Back', 1, '', 6, 0, 0, '', 'jpg', NULL, NULL, 143),
(148, 40, 'Schokoleim-CloseUp-2', 2, '', 1, 0, 0, '', 'jpg', NULL, NULL, 151),
(149, 40, 'Schokoleim-CloseUp', 2, '', 2, 0, 0, '', 'jpg', NULL, NULL, 152),
(150, 40, 'Schokoleim-Front', 1, '', 3, 0, 0, '', 'jpg', NULL, NULL, 153),
(151, 40, 'Schokoleim-mit-Keks', 2, '', 4, 0, 0, '', 'jpg', NULL, NULL, 154),
(152, 40, 'Schokoleim-ohne-Keks', 2, '', 5, 0, 0, '', 'jpg', NULL, NULL, 155),
(153, 40, 'Schokoleim-Use', 2, '', 6, 0, 0, '', 'jpg', NULL, NULL, 156),
(154, 41, 'Traubenbatterie-CloseUp-Top502df6771dd6c', 2, '', 1, 0, 0, '', 'jpg', NULL, NULL, 163),
(155, 41, 'Traubenbatterie-Goldmarie-CloseUp502df67835979', 2, '', 2, 0, 0, '', 'jpg', NULL, NULL, 164),
(156, 41, 'Traubenbatterie-Rosamunde-CloseUp502df679b6d53', 2, '', 3, 0, 0, '', 'jpg', NULL, NULL, 165),
(157, 41, 'Traubenbatterie-Rotbart-CloseUp502df67b48be2', 2, '', 4, 0, 0, '', 'jpg', NULL, NULL, 166),
(158, 41, 'Traubenbatterie-Sorten-Front502df67c914ac', 2, '', 5, 0, 0, '', 'jpg', NULL, NULL, 167),
(159, 41, 'Traubenbatterie-Sorten-plus-Packshot502df67dd2497', 1, '', 6, 0, 0, '', 'jpg', NULL, NULL, 168),
(160, 42, 'Tubenhonig-Sorten-Front', 1, '', 1, 0, 0, '', 'jpg', NULL, NULL, 169),
(161, 42, 'Tubenhonig-Use', 2, '', 2, 0, 0, '', 'jpg', NULL, NULL, 170),
(162, 42, 'Tubenhonig-CloseUp-2', 2, '', 3, 0, 0, '', 'jpg', NULL, NULL, 171),
(163, 42, 'Tubenhonig-CloseUp-3', 2, '', 4, 0, 0, '', 'jpg', NULL, NULL, 172),
(164, 42, 'Tubenhonig-CloseUp-Schoko', 2, '', 5, 0, 0, '', 'jpg', NULL, NULL, 173),
(165, 42, 'Tubenhonig-CloseUp-Zitrone', 2, '', 6, 0, 0, '', 'jpg', NULL, NULL, 174),
(166, 42, 'Tubenhonig-CloseUp', 2, '', 7, 0, 0, '', 'jpg', NULL, NULL, 175),
(167, 43, 'Oelwechsel-CloseUp502df8e811e39', 2, '', 1, 0, 0, '', 'jpg', NULL, NULL, 176),
(168, 43, 'Oelwechsel-Peperoni502df8e8e7b1a', 2, '', 2, 0, 0, '', 'jpg', NULL, NULL, 177),
(169, 43, 'Oelwechsel-Rosmarin502df8e9b6764', 2, '', 3, 0, 0, '', 'jpg', NULL, NULL, 178),
(170, 43, 'Oelwechsel-Sorten-Front-plus-Packshot502df8ea8aa01', 1, '', 4, 0, 0, '', 'jpg', NULL, NULL, 179),
(171, 43, 'Oelwechsel-Sorten-Front502df8eb7b40f', 2, '', 5, 0, 0, '', 'jpg', NULL, NULL, 180),
(172, 43, 'Oelwechsel-Use502df8ec4beff', 2, '', 6, 0, 0, '', 'jpg', NULL, NULL, 181),
(173, 43, 'Oelwechsel-Zitrone502df8ed0cca5', 2, '', 7, 0, 0, '', 'jpg', NULL, NULL, 182),
(174, 44, 'Bienenkleber', 2, '', 2, 0, 0, '', 'jpg', NULL, NULL, 183),
(183, NULL, NULL, 1, '', 1, 0, 0, '', 'jpg', 179, 58, NULL),
(184, NULL, NULL, 2, '', 4, 0, 0, '', 'jpg', 182, 58, NULL),
(185, NULL, NULL, 2, '', 2, 0, 0, '', 'jpg', 180, 59, NULL),
(186, NULL, NULL, 2, '', 3, 0, 0, '', 'jpg', 181, 59, NULL),
(229, NULL, NULL, 2, '', 1, 0, 0, '', 'jpg', 3, 125, NULL),
(232, 2, 'Lagerkorn-5l-Ballon502e4d0dcef95', 2, '', 3, 0, 0, '', 'jpg', NULL, NULL, 220),
(233, NULL, NULL, 2, '', 4, 0, 0, '', 'jpg', 232, 124, NULL),
(235, 63, 'Beistelltisch-weiss-schraeg', 1, '', 1, 0, 0, '', 'jpg', NULL, NULL, 237),
(236, 63, 'Beistelltisch-weiss-Schublade', 2, '', 2, 0, 0, '', 'jpg', NULL, NULL, 238),
(237, 63, 'Beistelltisch-weiss', 2, '', 3, 0, 0, '', 'jpg', NULL, NULL, 239),
(238, 64, 'Briefkasten', 1, '', 1, 0, 0, '', 'jpg', NULL, NULL, 240),
(239, 65, 'Fensterspiegel-weiss-offen', 1, '', 1, 0, 0, '', 'jpg', NULL, NULL, 241),
(240, 65, 'Fensterspiegel-weiss', 2, '', 2, 0, 0, '', 'jpg', NULL, NULL, 242),
(241, 66, 'Garderobe', 1, '', 1, 0, 0, '', 'jpg', NULL, NULL, 243),
(242, 67, 'Kommode-antik-zwei-Schubladen', 1, '', 1, 0, 0, '', 'jpg', NULL, NULL, 244),
(243, 67, 'Kommode-antik-detail', 2, '', 2, 0, 0, '', 'jpg', NULL, NULL, 245),
(244, 68, 'Kommode-Shabby-Chic-Front', 1, '', 1, 0, 0, '', 'jpg', NULL, NULL, 246),
(245, 68, 'Kommode-Shabby-Chic-Detail', 2, '', 2, 0, 0, '', 'jpg', NULL, NULL, 247),
(246, 69, 'Regal-weiss-mit-einer-Schublade', 1, '', 1, 0, 0, '', 'jpg', NULL, NULL, 248),
(247, 69, 'Regal-weiss-mit-einer-Schublade-detail', 2, '', 2, 0, 0, '', 'jpg', NULL, NULL, 250),
(248, 69, 'Regal-weiss-detail5030b3b2df541', 2, '', 3, 0, 0, '', 'jpg', NULL, NULL, 251),
(249, 70, 'Regal-weiss', 1, '', 1, 0, 0, '', 'jpg', NULL, NULL, 252),
(250, 70, 'Regal-weiss-detail5030b4ec97e79', 2, '', 2, 0, 0, '', 'jpg', NULL, NULL, 253),
(251, 71, 'Schluesselkasten-weiss-offen', 1, '', 1, 0, 0, '', 'jpg', NULL, NULL, 254),
(252, 71, 'Schluesselkasten-weiss-zu', 2, '', 2, 0, 0, '', 'jpg', NULL, NULL, 255),
(253, 72, 'Schmuckkaestchen-weiss', 1, '', 1, 0, 0, '', 'jpg', NULL, NULL, 256),
(254, 73, 'Spiegelregal-weiss', 1, '', 1, 0, 0, '', 'jpg', NULL, NULL, 257),
(255, 74, 'Stuhl-braun', 1, '', 1, 0, 0, '', 'jpg', NULL, NULL, 258),
(256, 74, 'Stuhl-braun-detail', 2, '', 2, 0, 0, '', 'jpg', NULL, NULL, 259),
(257, 75, 'Tisch-braun-hoch5030ba04d715f', 1, '', 1, 0, 0, '', 'jpg', NULL, NULL, 261),
(258, 75, 'Tisch-braun-hoch5030ba374584f', 2, '', 2, 0, 0, '', 'jpg', NULL, NULL, 262),
(259, 76, 'Tisch-Couchtisch-braun', 1, '', 1, 0, 0, '', 'jpg', NULL, NULL, 263),
(260, 77, 'Tisch-weiss', 1, '', 1, 0, 0, '', 'jpg', NULL, NULL, 264),
(261, 77, 'Tisch-weiss-schraeg', 2, '', 2, 0, 0, '', 'jpg', NULL, NULL, 265),
(262, 78, 'Uhr-antik', 1, '', 1, 0, 0, '', 'jpg', NULL, NULL, 266),
(263, 79, 'Spiegel', 1, '', 1, 0, 0, '', 'jpg', NULL, NULL, 267),
(264, 80, 'Backform-gelb', 1, '', 1, 0, 0, '', 'jpg', NULL, NULL, 268),
(265, 81, 'Backform-pink', 1, '', 1, 0, 0, '', 'jpg', NULL, NULL, 269),
(266, 81, 'Backform-pink5030be8371159', 2, '', 2, 0, 0, '', 'jpg', NULL, NULL, 270),
(267, 82, 'Backform-Pralinen', 1, '', 1, 0, 0, '', 'jpg', NULL, NULL, 271),
(268, 83, 'Back-Set', 1, '', 1, 0, 0, '', 'jpg', NULL, NULL, 272),
(269, 84, 'Loeffelset', 1, '', 1, 0, 0, '', 'jpg', NULL, NULL, 273),
(270, 85, 'Schneebesen', 1, '', 1, 0, 0, '', 'jpg', NULL, NULL, 274),
(271, 87, 'Schuessel-Blumen', 1, '', 1, 0, 0, '', 'jpg', NULL, NULL, 275),
(272, 86, 'Schuessel-aussen-voegel-innen-pink', 1, '', 1, 0, 0, '', 'jpg', NULL, NULL, 276),
(273, 88, 'Schuessel-Ringe-rot-weiss', 1, '', 1, 0, 0, '', 'jpg', NULL, NULL, 277),
(274, 89, 'Teigschaber-gruen', 1, '', 1, 0, 0, '', 'jpg', NULL, NULL, 278),
(275, 89, 'Teigschaber-pink', 2, '', 2, 0, 0, '', 'jpg', NULL, NULL, 279),
(276, NULL, NULL, 2, '', 2, 0, 0, '', 'jpg', 275, 154, NULL),
(277, 90, 'Teller-huehner-bunt', 1, '', 1, 0, 0, '', 'jpg', NULL, NULL, 280),
(278, 90, 'Teller-huehner-bunt5030c4b96cf70', 2, '', 2, 0, 0, '', 'jpg', NULL, NULL, 281),
(279, 91, 'Teller-voegel-lila-gelb', 1, '', 1, 0, 0, '', 'jpg', NULL, NULL, 282),
(280, 92, 'Teller-vogel-rot-pink5030c83236fa2', 1, '', 1, 0, 0, '', 'jpg', NULL, NULL, 284),
(281, 93, 'Blumenarrangement-mit-Keramiktopf', 1, '', 1, 0, 0, '', 'jpg', NULL, NULL, 286),
(282, 93, 'Blumenarrangement-mit-Keramiktopf-detail', 2, '', 2, 0, 0, '', 'jpg', NULL, NULL, 287),
(283, 94, 'Bluetenarrangement-mit-Rattan5030cbd8a120c', 1, '', 1, 0, 0, '', 'jpg', NULL, NULL, 290),
(284, 94, 'Bluetenarrangement-mit-Rattan-detail5030cbdd30b1b', 2, '', 2, 0, 0, '', 'jpg', NULL, NULL, 291),
(285, 95, 'Bluetenarrangement-mit-Rattan-und-Gras', 1, '', 1, 0, 0, '', 'jpg', NULL, NULL, 292),
(286, 95, 'Bluetenarrangement-mit-Rattan-und-Gras-detail', 2, '', 2, 0, 0, '', 'jpg', NULL, NULL, 293),
(287, 96, 'Einkaufstasche', 1, '', 1, 0, 0, '', 'jpg', NULL, NULL, 294),
(289, 97, 'Eisfoermchen-gruen-detail', 2, '', 2, 0, 0, '', 'jpg', NULL, NULL, 296),
(290, 97, 'Eisfoermchen-gruen-mit-Eis', 2, '', 3, 0, 0, '', 'jpg', NULL, NULL, 297),
(291, 98, 'Fliegenklatsche-gruen', 1, '', 1, 0, 0, '', 'jpg', NULL, NULL, 298),
(292, 100, 'Fliegenklatsche-pink', 1, '', 1, 0, 0, '', 'jpg', NULL, NULL, 300),
(293, 101, 'Fliegenklatsche-gelb', 1, '', 1, 0, 0, '', 'jpg', NULL, NULL, 299),
(294, 102, 'Ipad-Tasche-mit-Stiftmappe-kpl', 1, '', 1, 0, 0, '', 'jpg', NULL, NULL, 301),
(295, 102, 'Ipad-Tasche-mit-Stiftmappe-front', 2, '', 2, 0, 0, '', 'jpg', NULL, NULL, 302),
(296, 102, 'Ipad-Tasche-mit-Stiftmappe-Mappe-Detail', 2, '', 3, 0, 0, '', 'jpg', NULL, NULL, 303),
(299, 104, 'Koffer-klein-offen', 1, '', 1, 0, 0, '', 'jpg', NULL, NULL, 308),
(300, 104, 'Koffer-klein-zu', 2, '', 2, 0, 0, '', 'jpg', NULL, NULL, 309),
(301, 103, 'Koffer-gross-offen', 1, '', 1, 0, 0, '', 'jpg', NULL, NULL, 306),
(302, 103, 'Koffer-gross-zu', 2, '', 2, 0, 0, '', 'jpg', NULL, NULL, 307),
(303, 105, 'Kosmetiktasche-lila', 1, '', 1, 0, 0, '', 'jpg', NULL, NULL, 311),
(304, 106, 'Kosmetiktasche-rot', 1, '', 1, 0, 0, '', 'jpg', NULL, NULL, 312),
(305, 107, 'Kosmetiktasche-flieder5030d3544b452', 1, '', 1, 0, 0, '', 'jpg', NULL, NULL, 313),
(306, 108, 'Tasche-Blumen', 1, '', 1, 0, 0, '', 'jpg', NULL, NULL, 314),
(307, 109, 'Tasche-Fantasy', 1, '', 1, 0, 0, '', 'jpg', NULL, NULL, 315),
(308, 110, 'Taeschen-Feed-Me', 1, '', 1, 0, 0, '', 'jpg', NULL, NULL, 316),
(309, 112, 'Taeschen-Remember-Me5030d7907764e', 1, '', 1, 0, 0, '', 'jpg', NULL, NULL, 318),
(310, 113, 'Heiku-Kicker-Champ-Elite-Hauptbild', 1, '', 1, 0, 0, '', 'jpg', NULL, NULL, 319),
(311, 114, 'Heiku-Kicker-Champ-Elite-Pro-blau-Hauptbild', 2, '', 1, 0, 0, '', 'jpg', NULL, NULL, 320),
(312, 114, 'Heiku-Kicker-Champ-Elite-Pro-gelb-Hauptbild', 2, '', 2, 0, 0, '', 'jpg', NULL, NULL, 321),
(313, 114, 'Heiku-Kicker-Champ-Elite-Pro-gruen-Hauptbild', 2, '', 3, 0, 0, '', 'jpg', NULL, NULL, 322),
(314, 114, 'Heiku-Kicker-Champ-Elite-Pro-schwarz-Hauptbild', 2, '', 4, 0, 0, '', 'jpg', NULL, NULL, 323),
(315, 114, 'Heiku-Kicker-Champ-Elite-Pro-weiss-Hauptbild', 1, '', 5, 0, 0, '', 'jpg', NULL, NULL, 324),
(316, NULL, NULL, 2, '', 2, 0, 0, '', 'jpg', 312, 184, NULL),
(317, NULL, NULL, 1, '', 1, 0, 0, '', 'jpg', 311, 182, NULL),
(318, NULL, NULL, 2, '', 3, 0, 0, '', 'jpg', 313, 183, NULL),
(319, NULL, NULL, 2, '', 4, 0, 0, '', 'jpg', 314, 181, NULL),
(320, NULL, NULL, 2, '', 5, 0, 0, '', 'jpg', 315, 180, NULL),
(321, 115, 'Heiku-Kicker-Champ-Family-hauptbild-ohne-pfeile', 2, '', 1, 0, 0, '', 'jpg', NULL, NULL, 325),
(322, 115, 'Heiku-Kicker-Champ-Family-hauptbild', 1, '', 2, 0, 0, '', 'jpg', NULL, NULL, 326),
(323, 115, 'Heiku-Kicker-Champ-Family-zusammengeklappt', 2, '', 3, 0, 0, '', 'jpg', NULL, NULL, 327),
(324, 116, 'Heiku-Kicker-Champ-Individuell-Hauptbild', 1, '', 1, 0, 0, '', 'jpg', NULL, NULL, 328),
(325, 117, 'Heiku-Kickerfigurenuebersicht', 1, '', 1, 0, 0, '', 'jpg', NULL, NULL, 329),
(326, 118, 'Kicker-Torzaehler', 1, '', 1, 0, 0, '', 'jpg', NULL, NULL, 331),
(327, 119, 'Kickerball-klassik-schwarz-weiss', 1, '', 1, 0, 0, '', 'jpg', NULL, NULL, 332),
(328, 120, 'Kickerball-kork', 1, '', 1, 0, 0, '', 'jpg', NULL, NULL, 333),
(329, 121, 'Kickerball-Probierpaket', 1, '', 1, 0, 0, '', 'jpg', NULL, NULL, 334),
(330, 122, 'Sasse-Korn-02-l', 1, '', 1, 0, 0, '', 'jpg', NULL, NULL, 335),
(331, 123, 'Heiku-Kicker-XL-Champ-Elite-Pro-grau-Hauptbild', 1, '', 1, 0, 0, '', 'jpg', NULL, NULL, 336),
(346, 128, 'Alu-Style-Ø-270-cm50324901e845e', 1, '', 1, 0, 0, '', 'jpg', NULL, NULL, 356),
(347, 128, 'Alu-Style-Ø-270-cm-Outdoor-Pool-Garten50324908372d5', 2, '', 2, 0, 0, '', 'jpg', NULL, NULL, 357),
(348, 128, 'Alu-Style-Ø-270-cm-Outdoor-Terasse-Meerblick5032490940e17', 2, '', 3, 0, 0, '', 'jpg', NULL, NULL, 358),
(349, 129, 'Fortino-Ø-270-cm', 1, '', 1, 0, 0, '', 'jpg', NULL, NULL, 359),
(350, 129, 'Fortino-Ø-270-cm-Beispiel-Pool-Abend', 2, '', 2, 0, 0, '', 'jpg', NULL, NULL, 360),
(351, 129, 'Fortino-Ø-270-cm-Beispiel-Terasse-Tag', 2, '', 3, 0, 0, '', 'jpg', NULL, NULL, 361),
(355, 130, 'Pendalex-V-280', 1, '', 1, 0, 0, '', 'jpg', NULL, NULL, 365),
(356, 130, 'Pendalex-V280Outdoor-Garten-pool', 2, '', 2, 0, 0, '', 'jpg', NULL, NULL, 366),
(357, 130, 'Pendalex-V-280-Outdoor-Terrasse', 2, '', 3, 0, 0, '', 'jpg', NULL, NULL, 367),
(358, 131, 'Sombrano-Ø-350-cm', 1, '', 1, 0, 0, '', 'jpg', NULL, NULL, 368),
(359, 131, 'Sombrano-Ø-350-cm-Standfuss-Detail', 2, '', 2, 0, 0, '', 'jpg', NULL, NULL, 369),
(360, 131, 'Sombrano-Ø-350-cm-Terasse-Abend-Beispiel', 2, '', 3, 0, 0, '', 'jpg', NULL, NULL, 370),
(364, 132, 'Sunwing-C-260x260cm-404-Outdoor-Pool-Nacht50324ccf34e92', 2, '', 1, 0, 0, '', 'jpg', NULL, NULL, 374),
(365, 132, 'Sunwing-C260x260cm-404', 1, '', 2, 0, 0, '', 'jpg', NULL, NULL, 375),
(366, 132, 'Sunwing-C260cm-Detail-Lampe-Innen', 2, '', 3, 0, 0, '', 'jpg', NULL, NULL, 376),
(374, 134, 'Balmoral-Flatcap-Tweed-Stoff-Detail', 2, '', 3, 0, 0, '', 'jpg', NULL, NULL, 382),
(392, 142, 'Herren-Halbfinger-aus-Peccary-Leder', 1, '', 1, 0, 0, '', 'jpg', NULL, NULL, 397),
(395, 144, 'Navigator-Lederhaube-schwarz', 1, '', 1, 0, 0, '', 'jpg', NULL, NULL, 400),
(396, 144, 'Navigator-Lederhaube-schwarz-Seitenansicht', 2, '', 2, 0, 0, '', 'jpg', NULL, NULL, 401),
(397, 144, 'Navigator-Lederhaube-schwarz-Detailansicht-Ohr', 2, '', 3, 0, 0, '', 'jpg', NULL, NULL, 402),
(408, 150, 'Bikini-blau-gelb', 1, '', 1, 0, 0, '', 'jpg', NULL, NULL, 413),
(409, 151, 'Bikini-Blau-tuerkis', 1, '', 1, 0, 0, '', 'jpg', NULL, NULL, 415),
(411, 153, 'Flip-Flops-blau-gruen-orange', 1, '', 1, 0, 0, '', 'jpg', NULL, NULL, 417),
(412, 152, 'Bikini-gelb503355c48ca08', 1, '', 1, 0, 0, '', 'jpg', NULL, NULL, 418),
(413, 154, 'Bikini-Rainbow50335610beb2f', 1, '', 1, 0, 0, '', 'jpg', NULL, NULL, 419),
(414, 155, 'Flip-Flops-gelb', 1, '', 1, 0, 0, '', 'jpg', NULL, NULL, 420),
(415, 156, 'Flip-Flops-rot', 1, '', 1, 0, 0, '', 'jpg', NULL, NULL, 421),
(416, 156, 'Flip-Flops-rot503357b97a65d', 2, '', 2, 0, 0, '', 'jpg', NULL, NULL, 422),
(417, 157, 'Hut-Panama-Hut', 1, '', 1, 0, 0, '', 'jpg', NULL, NULL, 423),
(418, 158, 'Hut-Strohhut-Men', 1, '', 1, 0, 0, '', 'jpg', NULL, NULL, 424),
(419, 159, 'Hut-Strohhut-Women', 1, '', 1, 0, 0, '', 'jpg', NULL, NULL, 425),
(420, 160, 'Sandale-Beach-blau', 1, '', 1, 0, 0, '', 'jpg', NULL, NULL, 426),
(421, 161, 'Sandale-Beach-braun', 1, '', 1, 0, 0, '', 'jpg', NULL, NULL, 427),
(422, 162, 'Sandale-Beach-pink', 1, '', 1, 0, 0, '', 'jpg', NULL, NULL, 428),
(423, 163, 'Schal-bunt-Blumen', 1, '', 1, 0, 0, '', 'jpg', NULL, NULL, 429),
(424, 164, 'Schal-gruen', 1, '', 1, 0, 0, '', 'jpg', NULL, NULL, 430),
(425, 165, 'Schal-rot', 1, '', 1, 0, 0, '', 'jpg', NULL, NULL, 431),
(426, 166, 'Sonnenbrille-Damen-rot', 1, '', 1, 0, 0, '', 'jpg', NULL, NULL, 432),
(427, 167, 'Sonnenbrille-gruen', 1, '', 1, 0, 0, '', 'jpg', NULL, NULL, 433),
(428, 168, 'Sonnenbrille-Pilot-rot', 1, '', 1, 0, 0, '', 'jpg', NULL, NULL, 434),
(429, 169, 'Sonnenbrille-Pilot-silber', 1, '', 1, 0, 0, '', 'jpg', NULL, NULL, 435),
(430, 170, 'Sonnenbrille-rot', 1, '', 1, 0, 0, '', 'jpg', NULL, NULL, 436),
(431, 171, 'Sonnencreme-einzeln-ohne-LSF', 1, '', 1, 0, 0, '', 'jpg', NULL, NULL, 437),
(432, 172, 'Sonnencreme-LSF-50-mit-Muschel', 1, '', 1, 0, 0, '', 'jpg', NULL, NULL, 438),
(433, 173, 'Strandkleid-bunt-blumen', 1, '', 1, 0, 0, '', 'jpg', NULL, NULL, 439),
(434, 174, 'Strandkleid-rot', 1, '', 1, 0, 0, '', 'jpg', NULL, NULL, 440),
(435, 176, 'Strandtuch-gruen-mit-Muschel', 1, '', 1, 0, 0, '', 'jpg', NULL, NULL, 441),
(436, 175, 'Strandtuch-gelb-gross', 1, '', 1, 0, 0, '', 'jpg', NULL, NULL, 443),
(437, 177, 'Strandtuch-Kinder', 1, '', 1, 0, 0, '', 'jpg', NULL, NULL, 444),
(438, 178, 'Strandtuch-mit-Flip-Flops-gelb', 1, '', 1, 0, 0, '', 'jpg', NULL, NULL, 445),
(439, 179, 'Strandtuch-mehrfarbig', 1, '', 1, 0, 0, '', 'jpg', NULL, NULL, 446),
(440, 180, 'Koffer-rot-gruen-gelb-blau', 1, '', 1, 0, 0, '', 'jpg', NULL, NULL, 449),
(441, 181, 'Koffer-Set', 1, '', 1, 0, 0, '', 'jpg', NULL, NULL, 450),
(476, 194, 'Heiku-Kicker-Champ-Elite-Pro-gruen-Hauptbild', 1, '', 1, 0, 0, '', 'jpg', NULL, NULL, 322),
(477, 195, 'Kicker-Service-Box5034905cc23c9', 1, '', 1, 0, 0, '', 'jpg', NULL, NULL, 520),
(478, 196, 'Heiku-Kicker-Champ-Elite-Hauptbild503492770db11', 1, '', 1, 0, 0, '', 'jpg', NULL, NULL, 521),
(480, 199, 'Lagerkorn-5l-Ballon5034995823083', 1, '', 1, 0, 0, '', 'jpg', NULL, NULL, 523),
(481, 201, 'Beistelltisch-weiss-schraeg50349cb3f2a9f', 1, '', 1, 0, 0, '', 'jpg', NULL, NULL, 524),
(482, 201, 'Beistelltisch-weiss-Schublade50349cb82c4e5', 2, '', 2, 0, 0, '', 'jpg', NULL, NULL, 525),
(483, 201, 'Beistelltisch-weiss50349cb948a83', 2, '', 3, 0, 0, '', 'jpg', NULL, NULL, 526),
(484, 202, 'Sandale-Beach-blau5034a27da447a', 1, '', 1, 0, 0, '', 'jpg', NULL, NULL, 527),
(485, 202, 'Sandale-Beach-braun5034a281417e3', 2, '', 2, 0, 0, '', 'jpg', NULL, NULL, 528),
(486, 202, 'Sandale-Beach-pink5034a28440b0f', 2, '', 3, 0, 0, '', 'jpg', NULL, NULL, 529),
(487, NULL, NULL, 1, '', 1, 0, 0, '', 'jpg', 484, 443, NULL),
(488, NULL, NULL, 1, '', 1, 0, 0, '', 'jpg', 484, 444, NULL),
(489, NULL, NULL, 1, '', 1, 0, 0, '', 'jpg', 484, 445, NULL),
(490, NULL, NULL, 1, '', 1, 0, 0, '', 'jpg', 484, 446, NULL),
(491, NULL, NULL, 1, '', 1, 0, 0, '', 'jpg', 484, 447, NULL),
(492, NULL, NULL, 1, '', 1, 0, 0, '', 'jpg', 484, 448, NULL),
(493, NULL, NULL, 1, '', 1, 0, 0, '', 'jpg', 484, 449, NULL),
(494, NULL, NULL, 2, '', 2, 0, 0, '', 'jpg', 485, 450, NULL),
(495, NULL, NULL, 2, '', 2, 0, 0, '', 'jpg', 485, 451, NULL),
(496, NULL, NULL, 2, '', 2, 0, 0, '', 'jpg', 485, 452, NULL),
(497, NULL, NULL, 2, '', 2, 0, 0, '', 'jpg', 485, 453, NULL),
(498, NULL, NULL, 2, '', 2, 0, 0, '', 'jpg', 485, 454, NULL),
(499, NULL, NULL, 2, '', 2, 0, 0, '', 'jpg', 485, 455, NULL),
(500, NULL, NULL, 2, '', 2, 0, 0, '', 'jpg', 485, 456, NULL),
(501, NULL, NULL, 2, '', 3, 0, 0, '', 'jpg', 486, 457, NULL),
(502, NULL, NULL, 2, '', 3, 0, 0, '', 'jpg', 486, 458, NULL),
(503, NULL, NULL, 2, '', 3, 0, 0, '', 'jpg', 486, 459, NULL),
(504, NULL, NULL, 2, '', 3, 0, 0, '', 'jpg', 486, 460, NULL),
(505, NULL, NULL, 2, '', 3, 0, 0, '', 'jpg', 486, 461, NULL),
(506, NULL, NULL, 2, '', 3, 0, 0, '', 'jpg', 486, 462, NULL),
(507, NULL, NULL, 2, '', 3, 0, 0, '', 'jpg', 486, 463, NULL),
(508, 200, 'Fensterspiegel-weiss-offen5034aa26170f2', 1, '', 1, 0, 0, '', 'jpg', NULL, NULL, 531),
(509, 200, 'Fensterspiegel-weiss5034aa29cb87f', 2, '', 2, 0, 0, '', 'jpg', NULL, NULL, 532),
(510, 203, 'Flip-Flops-blau-gruen-orange5034b0e2a37cd', 1, '', 1, 0, 0, '', 'jpg', NULL, NULL, 533),
(511, 204, 'Strandtuch-mehrfarbig5034bcae8fdd7', 1, '', 1, 0, 0, '', 'jpg', NULL, NULL, 536),
(516, 205, 'Heiku-Kicker-Champ-Elite-Pro-gelb-Hauptbild5034d197ec802', 1, '', 1, 0, 0, '', 'jpg', NULL, NULL, 537),
(517, 205, 'Kicker-Service-Box5034d19f13a37', 2, '', 2, 0, 0, '', 'jpg', NULL, NULL, 538),
(518, 205, 'Kicker-Torzaehler5034d1a2098ef', 2, '', 3, 0, 0, '', 'jpg', NULL, NULL, 539),
(519, 205, 'Kickerball-Probierpaket5034d1a8875c9', 2, '', 4, 0, 0, '', 'jpg', NULL, NULL, 540),
(520, 206, 'Cigar_Special5034d9ba6afd3', 1, '', 1, 0, 0, '', 'jpg', NULL, NULL, 543),
(521, 207, 'Kickerball-klassik-schwarz-weiss5034dd9c015cf', 1, '', 1, 0, 0, '', 'jpg', NULL, NULL, 544),
(522, 208, 'Musikbox5034df671a527', 1, '', 1, 0, 0, '', 'jpg', NULL, NULL, 546),
(523, 209, 'Glas_Muensterlaender_Aperitif_Imagefoto5034e02761d58', 1, '', 1, 0, 0, '', 'jpg', NULL, NULL, 547),
(525, 211, 'Dart-Set', 1, '', 1, 0, 0, '', 'jpg', NULL, NULL, 549),
(526, 213, 'Surfbrett-mit-Tasche', 1, '', 1, 0, 0, '', 'jpg', NULL, NULL, 574),
(527, 214, 'All-Natural-Rosemary-Grapefruit-Conditioner', 1, '', 1, 0, 0, '', 'jpg', NULL, NULL, 576),
(528, 215, 'All-Natural-Rosemary-Grapefruit-Shampoo', 1, '', 1, 0, 0, '', 'jpg', NULL, NULL, 577),
(529, 215, 'All-Natural-Rosemary-Grapefruit-Shampoo-Hintergrund', 2, '', 2, 0, 0, '', 'jpg', NULL, NULL, 578),
(530, 216, 'All-Natural-Sesame-Sage-Body-Lotion', 1, '', 1, 0, 0, '', 'jpg', NULL, NULL, 579),
(531, 216, 'All-Natural-Sesame-Sage-Body-Lotion-Hintergrund', 2, '', 2, 0, 0, '', 'jpg', NULL, NULL, 580),
(532, 217, 'All-Natural-Orange-Wild-Herbs-Shower-Gel', 1, '', 1, 0, 0, '', 'jpg', NULL, NULL, 581),
(533, 217, 'All-Natural-Orange-Wild-Herbs-Shower-Gel-Hintergrund', 2, '', 2, 0, 0, '', 'jpg', NULL, NULL, 582),
(534, 218, 'All-Natural-Lemon-Honey-Soap', 1, '', 1, 0, 0, '', 'jpg', NULL, NULL, 583),
(535, 218, 'All-Natural-Lemon-Honey-Soap-Hintergrund', 2, '', 2, 0, 0, '', 'jpg', NULL, NULL, 584),
(536, NULL, NULL, 1, '', 3, 0, 0, '', 'jpg', 5, 125, NULL),
(537, NULL, NULL, 1, '', 3, 0, 0, '', 'jpg', 5, 123, NULL),
(538, 198, 'Blog-Koffer-fuss503df89f1defb', 2, '', 1, 0, 0, '', 'jpg', NULL, NULL, 589),
(539, 198, 'Blog-Koffer503df8a7784c3', 1, '', 2, 0, 0, '', 'jpg', NULL, NULL, 590),
(551, 222, 'Dekokissen-Blume-Peace-von-oben', 1, '', 1, 0, 0, '', 'jpg', NULL, NULL, 607),
(552, 222, 'Dekokissen-Blume-Peace', 2, '', 2, 0, 0, '', 'jpg', NULL, NULL, 608),
(553, 224, 'Dekokissen-Peace-Bus', 1, '', 1, 0, 0, '', 'jpg', NULL, NULL, 609),
(554, 219, 'Kwon-Chosun-Plus-Schuhe-weiss503e21265ab7b', 1, '', 1, 0, 0, '', 'jpg', NULL, NULL, 610),
(555, 220, 'Kwon-Fussschuetzer-grip-leather-schwarz503e21d45c10c', 1, '', 1, 0, 0, '', 'jpg', NULL, NULL, 611),
(556, 221, 'Kwon-Club-Line-Judo--Anzug-ganz', 1, '', 1, 0, 0, '', 'jpg', NULL, NULL, 612),
(557, 223, 'Kwon-mma-mixed-fight-Handschuhe', 1, '', 1, 0, 0, '', 'jpg', NULL, NULL, 613),
(558, 223, 'Kwon-Taekwondo-Handschuetzer-weiss503e226c9b389', 2, '', 2, 0, 0, '', 'jpg', NULL, NULL, 614),
(559, 226, 'Magente-ABC', 1, '', 1, 0, 0, '', 'jpg', NULL, NULL, 615),
(560, 226, 'Magente-ABC-detail', 2, '', 2, 0, 0, '', 'jpg', NULL, NULL, 616),
(561, 227, 'Kwon-Kampfsport-Guertel503e238936d35', 1, '', 1, 0, 0, '', 'jpg', NULL, NULL, 619),
(562, 228, 'Kwon-Tasche-Coach-schwarz503e242e4ab03', 1, '', 1, 0, 0, '', 'jpg', NULL, NULL, 620),
(563, 229, 'Magnete-London', 1, '', 1, 0, 0, '', 'jpg', NULL, NULL, 617),
(564, 229, 'Magnete-London-detail', 2, '', 2, 0, 0, '', 'jpg', NULL, NULL, 618),
(565, 230, 'Kwon-Fitness--Boxhandschuh-blau503e24a15f824', 1, '', 1, 0, 0, '', 'jpg', NULL, NULL, 621),
(566, 230, 'Kwon-Fitness--Boxhandschuh-schwarz503e24a37d41b', 2, '', 2, 0, 0, '', 'jpg', NULL, NULL, 622),
(567, 231, 'Notizbuch-New-York', 1, '', 1, 0, 0, '', 'jpg', NULL, NULL, 623),
(568, 233, 'Notizbuch-London', 1, '', 1, 0, 0, '', 'jpg', NULL, NULL, 624),
(569, 234, 'Notizbuch-Paris', 1, '', 1, 0, 0, '', 'jpg', NULL, NULL, 625),
(570, 225, 'Dekokissen-Vogel', 1, '', 1, 0, 0, '', 'jpg', NULL, NULL, 626),
(571, 235, 'Ranunkel-Deko-Topf', 1, '', 1, 0, 0, '', 'jpg', NULL, NULL, 627),
(573, 236, 'Servietten', 1, '', 1, 0, 0, '', 'jpg', NULL, NULL, 629),
(574, 236, 'Servietten-details', 2, '', 2, 0, 0, '', 'jpg', NULL, NULL, 630),
(576, 237, 'Stoffherz-kariert', 1, '', 1, 0, 0, '', 'jpg', NULL, NULL, 632),
(577, 238, 'Tasche', 1, '', 1, 0, 0, '', 'jpg', NULL, NULL, 633),
(578, 238, 'Tasche-detail', 2, '', 2, 0, 0, '', 'jpg', NULL, NULL, 634),
(588, 239, 'Turnier-Dart-Automat', 1, '', 1, 0, 0, '', 'jpg', NULL, NULL, 661),
(589, 240, 'Dartscheibe-Dartona', 1, '', 1, 0, 0, '', 'jpg', NULL, NULL, 662),
(590, 241, 'Steel-Dartpfeil-Atomic', 1, '', 1, 0, 0, '', 'jpg', NULL, NULL, 663),
(591, 242, 'Steel-Dartpfeil', 1, '', 1, 0, 0, '', 'jpg', NULL, NULL, 664),
(593, 243, 'Koffer-rot-gruen-gelb-blau503f1b16660bd', 1, '', 1, 0, 0, '', 'jpg', NULL, NULL, 678),
(596, 244, 'Oelwechsel-Use503f2b36942ca', 1, '', 1, 0, 0, '', 'jpg', NULL, NULL, 684),
(597, 245, 'Bumerang', 1, '', 1, 0, 0, '', 'jpg', NULL, NULL, 548),
(598, 246, 'Dart-Set', 1, '', 1, 0, 0, '', 'jpg', NULL, NULL, 549),
(599, 210, 'Schneebesen503f475f63a73', 1, '', 1, 0, 0, '', 'jpg', NULL, NULL, 686),
(601, 247, 'Bumerang503f48282aa63', 1, '', 1, 0, 0, '', 'jpg', NULL, NULL, 687),
(604, 197, 'Buecher-ESD503f5a25e6a12', 1, '', 1, 0, 0, '', 'jpg', NULL, NULL, 690),
(605, 248, 'Stuhl-braun', 1, '', 1, 0, 0, '', 'jpg', NULL, NULL, 258),
(606, 248, 'Stuhl-braun-detail', 2, '', 2, 0, 0, '', 'jpg', NULL, NULL, 259),
(607, 97, 'Eisform-gruen_720x600', 1, '', 1, 0, 0, '', 'jpg', NULL, NULL, 700),
(610, 145, 'VINTAGEDRIVER-Collection-Basecap-beige_720x600503f743e2f461', 1, '', 1, 0, 0, '', 'jpg', NULL, NULL, 704),
(611, 145, 'VINTAGEDRIVER-Collection-Basecap-beige-Rueckansicht_720x600503f74473b349', 2, '', 2, 0, 0, '', 'jpg', NULL, NULL, 705),
(612, 143, 'Navigator-Lederhaube-braun_720x600503f74aed56fe', 1, '', 1, 0, 0, '', 'jpg', NULL, NULL, 708),
(613, 143, 'Navigator-Lederhaube-Braun-Ohr-Detail_720x600503f74b0893de', 2, '', 2, 0, 0, '', 'jpg', NULL, NULL, 709),
(616, 134, 'Balmoral-Flatcap-Tweed_720x600503f74f066346', 1, '', 1, 0, 0, '', 'jpg', NULL, NULL, 712),
(617, 134, 'Balmoral-Flatcap-Tweed-Rueckansicht_720x600503f74f1ec9db', 2, '', 2, 0, 0, '', 'jpg', NULL, NULL, 713),
(619, 135, 'Damen-Halbfinger-aus-Peccary-Leder_720x600503f75388fe3b', 1, '', 1, 0, 0, '', 'jpg', NULL, NULL, 716),
(620, 136, 'Damenhandschuhe-aus-Peccary-zweifarbig_720x600503f76b5189be', 1, '', 1, 0, 0, '', 'jpg', NULL, NULL, 718),
(621, 137, 'Fahrerbrille-Chronos-Ansicht-von-Hinten_720x600503f76dfe840f', 1, '', 1, 0, 0, '', 'jpg', NULL, NULL, 722),
(622, 137, 'Fahrerbrille-Chronos-Ansicht-von-Vorne_720x600503f76e09ac73', 2, '', 2, 0, 0, '', 'jpg', NULL, NULL, 723),
(623, 137, 'Fahrerbrille-Chronos-Seitenansicht_720x600503f76e15cde4', 2, '', 3, 0, 0, '', 'jpg', NULL, NULL, 724),
(624, 148, 'Reisetasche-Gladstone-Canvas_720x600503f778670dd3', 1, '', 1, 0, 0, '', 'jpg', NULL, NULL, 726),
(625, 141, 'Herrenhandschuhe-aus-Peccary-zweifarbig_720x600503f77b696fa2', 1, '', 1, 0, 0, '', 'jpg', NULL, NULL, 728),
(626, 272, 'Spachtelmasse--Detail', 2, '', 2, 0, 0, '', 'jpg', NULL, NULL, 764),
(627, 272, 'Spachtelmasse-Brot', 2, '', 3, 0, 0, '', 'jpg', NULL, NULL, 765),
(628, 272, 'spachtelmasse', 1, '', 1, 0, 0, '', 'jpg', NULL, NULL, 769),
(629, 44, 'Bienenkleber', 1, '', 1, 0, 0, '', 'jpg', NULL, NULL, 772);

TRUNCATE TABLE `s_articles_img_attributes`;
TRUNCATE TABLE `s_articles_information`;
INSERT INTO `s_articles_information` (`id`, `articleID`, `description`, `link`, `target`) VALUES
(2, 3, 'Feinbrennerei Sasse', 'http://www.sassekorn.de/', ''),
(3, 2, 'Feinbrennerei Sasse', 'http://www.sassekorn.de', ''),
(4, 6, 'Feinbrennerei Sasse', 'http://www.sassekorn.de/', ''),
(5, 5, 'Feinbrennerei Sasse', 'http://www.sassekorn.de/', ''),
(6, 7, 'Feinbrennerei Sasse', 'http://www.sassekorn.de/', ''),
(7, 9, 'Feinbrennerei Sasse', 'http://www.sassekorn.de/', ''),
(8, 10, 'Feinbrennerei Sasse', 'http://www.sassekorn.de/', ''),
(9, 11, 'Feinbrennerei Sasse', 'http://www.sassekorn.de/', ''),
(10, 12, 'Feinbrennerei Sasse', 'http://www.sassekorn.de', ''),
(12, 13, 'Teapavilion', 'http://www.teapavilion.com', ''),
(13, 20, 'Teapavilion', 'http://www.teapavilion.com', ''),
(14, 17, 'Teapavilion', 'http://www.teapavilion.com', ''),
(15, 15, 'Teapavilion', 'http://www.teapavilion.com', ''),
(16, 19, 'Teapavilion', 'http://www.teapavilion.com', ''),
(17, 18, 'Teapavilion', 'http://www.teapavilion.com', ''),
(18, 21, 'Teapavilion', 'http://www.teapavilion.com', ''),
(19, 30, 'Teapavilion', 'http://www.teapavilion.com', ''),
(20, 29, 'Teapavilion', 'http://www.teapavilion.com', ''),
(21, 22, 'Teapavilion', 'http://www.teapavilion.com', ''),
(22, 27, 'Teapavilion', 'http://www.teapavilion.com', ''),
(23, 26, 'Teapavilion', 'http://www.teapavilion.com', ''),
(24, 23, 'Teapavilion', 'http://www.teapavilion.com', ''),
(25, 24, 'Teapavilion', 'http://www.teapavilion.com', ''),
(26, 25, 'Teapavilion', 'http://www.teapavilion.com', ''),
(27, 28, 'Teapavilion', 'http://www.teapavilion.com', ''),
(28, 31, 'Teapavilion', 'http://www.teapavilion.com', ''),
(29, 32, 'Teapavilion', 'http://www.teapavilion.com', ''),
(30, 33, 'Teapavilion', 'http://www.teapavilion.com', ''),
(31, 34, 'Teapavilion', 'http://www.teapavilion.com', ''),
(32, 35, 'Teapavilion', 'http://www.teapavilion.com', ''),
(33, 36, 'Teapavilion', 'http://www.teapavilion.com', ''),
(34, 39, 'The Deli Garage', 'http://the-deli-garage.de/', ''),
(35, 37, 'The Deli Garage', 'http://the-deli-garage.de/', ''),
(36, 40, 'The Deli Garage', 'http://the-deli-garage.de/', ''),
(37, 41, 'The Deli Garage', 'http://the-deli-garage.de/', ''),
(38, 42, 'The Deli Garage', 'http://the-deli-garage.de/', ''),
(39, 43, 'The Deli Garage', 'http://the-deli-garage.de/', ''),
(40, 38, 'The Deli Garage', 'http://the-deli-garage.de/', ''),
(41, 44, 'The Deli Garage', 'http://the-deli-garage.de/', ''),
(51, 63, 'Das Blaue Haus', 'http://www.blaueshaus-shop.de', ''),
(52, 64, 'Das Blaue Haus', 'http://www.blaueshaus-shop.de', ''),
(53, 65, 'Das Blaue Haus', 'http://www.blaueshaus-shop.de', ''),
(54, 66, 'Das Blaue Haus', 'http://www.blaueshaus-shop.de', ''),
(55, 67, 'Das Blaue Haus', 'http://www.blaueshaus-shop.de', ''),
(56, 68, 'Das Blaue Haus', 'http://www.blaueshaus-shop.de', ''),
(57, 69, 'Das Blaue Haus', 'http://www.blaueshaus-shop.de', ''),
(58, 70, 'Das Blaue Haus', 'http://www.blaueshaus-shop.de', ''),
(59, 71, 'Das Blaue Haus', 'http://www.blaueshaus-shop.de', ''),
(60, 72, 'Das Blaue Haus', 'http://www.blaueshaus-shop.de', ''),
(61, 73, 'Das Blaue Haus', 'http://www.blaueshaus-shop.de', ''),
(62, 74, 'Das Blaue Haus', 'http://www.blaueshaus-shop.de', ''),
(63, 75, 'Das Blaue Haus', 'http://www.blaueshaus-shop.de', ''),
(64, 77, 'Das Blaue Haus', 'http://www.blaueshaus-shop.de', ''),
(65, 78, 'Das Blaue Haus', 'http://www.blaueshaus-shop.de', ''),
(66, 79, 'Das Blaue Haus', 'http://www.blaueshaus-shop.de', ''),
(67, 80, 'Das Blaue Haus', 'http://www.blaueshaus-shop.de', ''),
(68, 81, 'Das Blaue Haus', 'http://www.blaueshaus-shop.de', ''),
(69, 82, 'Das Blaue Haus', 'http://www.blaueshaus-shop.de', ''),
(70, 83, 'Das Blaue Haus ', 'http://www.blaueshaus-shop.de', ''),
(71, 84, ' Das Blaue Haus ', 'http://www.blaueshaus-shop.de', ''),
(72, 85, 'Das Blaue Haus', 'http://www.blaueshaus-shop.de', ''),
(73, 86, 'Das Blaue Haus ', 'http://www.blaueshaus-shop.de', ''),
(74, 87, 'Das Blaue Haus', 'http://www.blaueshaus-shop.de', ''),
(75, 88, 'Das Blaue Haus', 'http://www.blaueshaus-shop.de', ''),
(76, 89, 'Das Blaue Haus', 'http://www.blaueshaus-shop.de', ''),
(77, 91, 'Das Blaue Haus', 'http://www.blaueshaus-shop.de', ''),
(78, 92, 'Das Blaue Haus', 'http://www.blaueshaus-shop.de', ''),
(79, 93, 'Das Blaue Haus ', 'http://www.blaueshaus-shop.de', ''),
(80, 94, 'Das Blaue Haus', 'http://www.blaueshaus-shop.de', ''),
(81, 95, 'Das Blaue Haus', 'http://www.blaueshaus-shop.de', ''),
(82, 96, 'Das Blaue Haus', 'http://www.blaueshaus-shop.de', ''),
(83, 97, 'Das Blaue Haus', 'http://www.blaueshaus-shop.de', ''),
(84, 98, 'Das Blaue Haus', 'http://www.blaueshaus-shop.de', ''),
(85, 100, 'Das Blaue Haus', 'http://www.blaueshaus-shop.de', ''),
(86, 102, ' Das Blaue Haus ', 'http://www.blaueshaus-shop.de', ''),
(87, 103, 'Das Blaue Haus', 'http://www.blaueshaus-shop.de', ''),
(88, 104, 'Das Blaue Haus', 'http://www.blaueshaus-shop.de', ''),
(89, 105, 'Das Blaue Haus', 'http://www.blaueshaus-shop.de', ''),
(90, 107, 'Das Blaue Haus', 'http://www.blaueshaus-shop.de', ''),
(91, 108, 'Das Blaue Haus', 'http://www.blaueshaus-shop.de', ''),
(92, 109, 'Das Blaue Haus', 'http://www.blaueshaus-shop.de', ''),
(93, 110, ' Das Blaue Haus ', 'http://www.blaueshaus-shop.de', ''),
(94, 112, 'Das Blaue Haus', 'http://www.blaueshaus-shop.de', ''),
(95, 113, 'Heiku', 'http://www.heiku.de/', ''),
(96, 116, 'Heiku', 'http://www.heiku.de/', ''),
(97, 117, 'Heiku', 'http://www.heiku.de/', ''),
(98, 120, 'Heiku', 'http://www.heiku.de/', ''),
(99, 119, 'Heiku', 'http://www.heiku.de/', ''),
(100, 121, 'Heiku', 'http://www.heiku.de/', ''),
(101, 122, 'Feinbrennerei Sasse', 'http://www.sassekorn.de/', ''),
(102, 123, 'Heiku', 'http://www.heiku.de/', ''),
(106, 128, 'Sonnenschirm Versand', 'http://www.sonnenschirm-versand.de', ''),
(107, 129, 'Sonnenschirm Versand', 'http://www.sonnenschirm-versand.de', ''),
(108, 130, 'Sonnenschirm Versand', 'http://www.sonnenschirm-versand.de', ''),
(109, 132, 'Sonnenschirm Versand', 'http://www.sonnenschirm-versand.de', ''),
(111, 134, 'Vintage Driver', 'http://www.vintagedriver.de/', ''),
(112, 135, 'Vintage Driver ', 'http://www.vintagedriver.de/', ''),
(113, 136, 'Vintage Driver', 'http://www.vintagedriver.de/', ''),
(114, 137, 'Vintage Driver', 'http://www.vintagedriver.de/', ''),
(118, 141, 'Vintage Driver', 'http://www.vintagedriver.de/', ''),
(119, 142, 'Vintage Driver', 'http://www.vintagedriver.de/', ''),
(120, 144, 'Vintage Driver ', 'http://www.vintagedriver.de/', ''),
(121, 145, 'Vintage Driver', 'http://www.vintagedriver.de/', ''),
(124, 148, 'Vintage Driver ', 'http://www.vintagedriver.de/', ''),
(134, 195, 'Heiku', 'http://www.heiku.de', ''),
(135, 214, 'stop the water while using me', 'http://stop-the-water-while-using-me.com', ''),
(136, 215, 'stop the water while using me', 'http://stop-the-water-while-using-me.com', ''),
(137, 216, 'stop the water while using me', 'http://stop-the-water-while-using-me.com', ''),
(138, 217, ' stop the water while using me', 'http://stop-the-water-while-using-me.com', ''),
(139, 218, 'stop the water while using me', 'http://stop-the-water-while-using-me.com', ''),
(140, 222, 'Das Blaue Haus', 'http://www.blaueshaus-shop.de/', ''),
(141, 224, 'Das Blaue Haus', 'http://www.blaueshaus-shop.de/', ''),
(142, 225, 'Das Blaue Haus', 'http://www.blaueshaus-shop.de/', ''),
(143, 226, 'Das Blaue Haus', 'http://www.blaueshaus-shop.de/', ''),
(144, 229, 'Das Blaue Haus', 'http://www.blaueshaus-shop.de/', ''),
(146, 231, 'Das Blaue Haus', 'http://www.blaueshaus-shop.de', ''),
(147, 233, 'Das Blaue Haus', 'http://www.blaueshaus-shop.de', ''),
(148, 235, 'Das Blaue Haus', 'http://www.blaueshaus-shop.de', ''),
(149, 236, 'Das Blaue Haus', 'http://www.blaueshaus-shop.de', ''),
(150, 238, 'Das Blaue Haus ', 'http://www.blaueshaus-shop.de', ''),
(151, 239, 'Heiku', 'http://www.heiku.de', ''),
(152, 241, 'Heiku', 'http://www.heiku.de', ''),
(153, 242, 'Heiku', 'http://www.heiku.de', ''),
(154, 248, 'Das Blaue Haus', 'http://www.blaueshaus-shop.de', ''),
(155, 272, 'The Deli Garage', 'http://the-deli-garage.de/', '');

TRUNCATE TABLE `s_articles_information_attributes`;
TRUNCATE TABLE `s_articles_notification`;
TRUNCATE TABLE `s_articles_prices`;
INSERT INTO `s_articles_prices` (`id`, `pricegroup`, `from`, `to`, `articleID`, `articledetailsID`, `price`, `pseudoprice`, `baseprice`, `percent`) VALUES
(3, 'EK', 1, 'beliebig', 3, 3, 12.563025210084, 0, 0, '0.00'),
(4, 'EK', 1, 'beliebig', 4, 4, 6.7142857142857, 0, 0, '0.00'),
(6, 'EK', 1, 'beliebig', 6, 6, 30.210084033613, 0, 0, '0.00'),
(20, 'EK', 1, 'beliebig', 8, 14, 41.974789915966, 0, 0, '0.00'),
(21, 'EK', 1, 'beliebig', 9, 15, 21, 0, 0, '0.00'),
(22, 'EK', 1, 'beliebig', 10, 16, 5, 0, 0, '0.00'),
(23, 'EK', 1, 'beliebig', 11, 17, 16.764705882353, 0, 0, '0.00'),
(24, 'EK', 1, 'beliebig', 12, 18, 8.3949579831933, 0, 0, '0.00'),
(25, 'EK', 1, 'beliebig', 13, 19, 2.1008403361345, 0, 0, '0.00'),
(26, 'EK', 1, 'beliebig', 14, 20, 3.1932773109244, 0, 0, '0.00'),
(27, 'EK', 1, 'beliebig', 15, 21, 2.0168067226891, 0, 0, '0.00'),
(28, 'EK', 1, 'beliebig', 17, 23, 1.5966386554622, 0, 0, '0.00'),
(29, 'EK', 1, 'beliebig', 18, 24, 1.8487394957983, 0, 0, '0.00'),
(30, 'EK', 1, 'beliebig', 19, 25, 1.4705882352941, 0, 0, '0.00'),
(31, 'EK', 1, 'beliebig', 20, 26, 2.3949579831933, 0, 0, '0.00'),
(32, 'EK', 1, 'beliebig', 21, 27, 2.4789915966387, 0, 0, '0.00'),
(33, 'EK', 1, 'beliebig', 22, 28, 10.924369747899, 0, 0, '0.00'),
(34, 'EK', 1, 'beliebig', 23, 29, 6.3025210084034, 0, 0, '0.00'),
(35, 'EK', 1, 'beliebig', 24, 30, 29.411764705882, 0, 0, '0.00'),
(36, 'EK', 1, 'beliebig', 25, 31, 34.453781512605, 0, 0, '0.00'),
(37, 'EK', 1, 'beliebig', 26, 32, 17.647058823529, 0, 0, '0.00'),
(38, 'EK', 1, 'beliebig', 27, 33, 23.109243697479, 0, 0, '0.00'),
(39, 'EK', 1, 'beliebig', 28, 34, 26.890756302521, 0, 0, '0.00'),
(40, 'EK', 1, 'beliebig', 29, 35, 22.689075630252, 0, 0, '0.00'),
(41, 'EK', 1, 'beliebig', 30, 36, 26.470588235294, 0, 0, '0.00'),
(42, 'EK', 1, 'beliebig', 31, 37, 25.201680672269, 0, 0, '0.00'),
(43, 'EK', 1, 'beliebig', 32, 38, 25.201680672269, 0, 0, '0.00'),
(44, 'EK', 1, 'beliebig', 33, 39, 25.201680672269, 0, 0, '0.00'),
(45, 'EK', 1, 'beliebig', 34, 40, 25.201680672269, 0, 0, '0.00'),
(46, 'EK', 1, 'beliebig', 35, 41, 25.201680672269, 0, 0, '0.00'),
(47, 'EK', 1, 'beliebig', 36, 42, 21, 25.2, 0, '0.00'),
(48, 'EK', 1, 'beliebig', 37, 43, 20.159663865546, 25.2, 0, '0.00'),
(49, 'EK', 1, 'beliebig', 38, 44, 16.798319327731, 17.64, 0, '0.00'),
(50, 'EK', 1, 'beliebig', 39, 45, 12.596638655462, 14.28, 0, '0.00'),
(51, 'EK', 1, 'beliebig', 40, 46, 8.3949579831933, 0, 0, '0.00'),
(52, 'EK', 1, 'beliebig', 41, 47, 7.5546218487395, 0, 0, '0.00'),
(53, 'EK', 1, 'beliebig', 42, 48, 6.7142857142857, 0, 0, '0.00'),
(54, 'EK', 1, 'beliebig', 43, 49, 29.403361344538, 0, 0, '0.00'),
(55, 'EK', 1, 'beliebig', 44, 50, 4.1932773109244, 0, 0, '0.00'),
(146, 'EK', 1, 'beliebig', 2, 124, 167.2268907563, 0, 0, '0.00'),
(148, 'EK', 1, 'beliebig', 2, 125, 16.798319327731, 0, 0, '0.00'),
(150, 'EK', 1, 'beliebig', 2, 123, 50.411764705882, 0, 0, '0.00'),
(152, 'EK', 1, 'beliebig', 63, 126, 58.81512605042, 0, 0, '0.00'),
(153, 'EK', 1, 'beliebig', 64, 127, 31.924369747899, 0, 0, '0.00'),
(154, 'EK', 1, 'beliebig', 65, 128, 109.23529411765, 0, 0, '0.00'),
(155, 'EK', 1, 'beliebig', 66, 129, 67.218487394958, 0, 0, '0.00'),
(156, 'EK', 1, 'beliebig', 67, 130, 168.05882352941, 0, 0, '0.00'),
(157, 'EK', 1, 'beliebig', 68, 131, 268.89915966387, 0, 0, '0.00'),
(158, 'EK', 1, 'beliebig', 69, 132, 100.83193277311, 0, 0, '0.00'),
(159, 'EK', 1, 'beliebig', 70, 133, 92.428571428571, 0, 0, '0.00'),
(160, 'EK', 1, 'beliebig', 71, 134, 58.81512605042, 67.22, 0, '0.00'),
(161, 'EK', 1, 'beliebig', 72, 135, 49.579831932773, 0, 0, '0.00'),
(162, 'EK', 1, 'beliebig', 73, 136, 42.008403361345, 0, 0, '0.00'),
(163, 'EK', 1, 'beliebig', 74, 137, 63.016806722689, 0, 0, '0.00'),
(164, 'EK', 1, 'beliebig', 75, 138, 210.0756302521, 0, 0, '0.00'),
(165, 'EK', 1, 'beliebig', 76, 139, 294.10924369748, 0, 0, '0.00'),
(166, 'EK', 1, 'beliebig', 77, 140, 277.3025210084, 0, 0, '0.00'),
(167, 'EK', 1, 'beliebig', 78, 141, 84.025210084034, 100.83, 0, '0.00'),
(168, 'EK', 1, 'beliebig', 79, 142, 71.420168067227, 0, 0, '0.00'),
(169, 'EK', 1, 'beliebig', 80, 143, 6.7142857142857, 8.39, 0, '0.00'),
(170, 'EK', 1, 'beliebig', 81, 144, 6.7142857142857, 8.39, 0, '0.00'),
(171, 'EK', 1, 'beliebig', 82, 145, 6.7142857142857, 0, 0, '0.00'),
(172, 'EK', 1, 'beliebig', 83, 146, 12.596638655462, 0, 0, '0.00'),
(173, 'EK', 1, 'beliebig', 84, 147, 11.756302521008, 0, 0, '0.00'),
(174, 'EK', 1, 'beliebig', 85, 148, 0.83193277310924, 0, 0, '0.00'),
(175, 'EK', 1, 'beliebig', 86, 149, 21, 0, 0, '0.00'),
(176, 'EK', 1, 'beliebig', 87, 150, 21, 25.2, 0, '0.00'),
(177, 'EK', 1, 'beliebig', 88, 151, 25.201680672269, 0, 0, '0.00'),
(179, 'EK', 1, 'beliebig', 89, 153, 1.672268907563, 0, 0, '0.00'),
(180, 'EK', 1, 'beliebig', 89, 154, 1.672268907563, 0, 0, '0.00'),
(181, 'EK', 1, 'beliebig', 90, 155, 10.915966386555, 0, 0, '0.00'),
(182, 'EK', 1, 'beliebig', 91, 156, 11.756302521008, 0, 0, '0.00'),
(183, 'EK', 1, 'beliebig', 92, 157, 10.075630252101, 0, 0, '0.00'),
(184, 'EK', 1, 'beliebig', 93, 158, 12.596638655462, 0, 0, '0.00'),
(185, 'EK', 1, 'beliebig', 94, 159, 21, 0, 0, '0.00'),
(186, 'EK', 1, 'beliebig', 95, 160, 21, 0, 0, '0.00'),
(187, 'EK', 1, 'beliebig', 96, 161, 21, 0, 0, '0.00'),
(188, 'EK', 1, 'beliebig', 97, 162, 7.5546218487395, 8.39, 0, '0.00'),
(189, 'EK', 1, 'beliebig', 98, 163, 0.66386554621849, 0, 0, '0.00'),
(190, 'EK', 1, 'beliebig', 100, 165, 0.41176470588235, 0, 0, '0.00'),
(191, 'EK', 1, 'beliebig', 101, 166, 0.41176470588235, 0, 0, '0.00'),
(192, 'EK', 1, 'beliebig', 102, 167, 33.605042016807, 46.21, 0, '0.00'),
(193, 'EK', 1, 'beliebig', 103, 168, 84.025210084034, 100.83, 0, '0.00'),
(194, 'EK', 1, 'beliebig', 104, 169, 58.81512605042, 75.62, 0, '0.00'),
(195, 'EK', 1, 'beliebig', 105, 170, 15.117647058824, 0, 0, '0.00'),
(196, 'EK', 1, 'beliebig', 106, 171, 15.117647058824, 0, 0, '0.00'),
(197, 'EK', 1, 'beliebig', 107, 172, 15.117647058824, 0, 0, '0.00'),
(198, 'EK', 1, 'beliebig', 108, 173, 24.361344537815, 0, 0, '0.00'),
(199, 'EK', 1, 'beliebig', 109, 174, 25.201680672269, 0, 0, '0.00'),
(200, 'EK', 1, 'beliebig', 110, 175, 17.638655462185, 0, 0, '0.00'),
(201, 'EK', 1, 'beliebig', 112, 177, 17.638655462185, 0, 0, '0.00'),
(202, 'EK', 1, 'beliebig', 113, 178, 503.36134453782, 587.39, 0, '0.00'),
(204, 'EK', 1, 'beliebig', 114, 180, 629.41176470588, 0, 0, '0.00'),
(205, 'EK', 1, 'beliebig', 114, 181, 629.41176470588, 0, 0, '0.00'),
(206, 'EK', 1, 'beliebig', 114, 182, 629.41176470588, 0, 0, '0.00'),
(207, 'EK', 1, 'beliebig', 114, 183, 629.41176470588, 0, 0, '0.00'),
(208, 'EK', 1, 'beliebig', 114, 184, 629.41176470588, 0, 0, '0.00'),
(210, 'EK', 1, 'beliebig', 115, 185, 587.39495798319, 0, 0, '0.00'),
(211, 'EK', 1, 'beliebig', 116, 186, 839.49579831933, 0, 0, '0.00'),
(245, 'EK', 1, 'beliebig', 117, 220, 25.201680672269, 0, 0, '0.00'),
(246, 'EK', 1, 'beliebig', 117, 221, 25.201680672269, 0, 0, '0.00'),
(247, 'EK', 1, 'beliebig', 117, 222, 25.201680672269, 0, 0, '0.00'),
(248, 'EK', 1, 'beliebig', 117, 223, 25.201680672269, 0, 0, '0.00'),
(249, 'EK', 1, 'beliebig', 117, 224, 25.201680672269, 0, 0, '0.00'),
(250, 'EK', 1, 'beliebig', 117, 225, 25.201680672269, 0, 0, '0.00'),
(251, 'EK', 1, 'beliebig', 117, 226, 25.201680672269, 0, 0, '0.00'),
(252, 'EK', 1, 'beliebig', 117, 227, 25.201680672269, 0, 0, '0.00'),
(253, 'EK', 1, 'beliebig', 117, 228, 25.201680672269, 0, 0, '0.00'),
(254, 'EK', 1, 'beliebig', 117, 229, 25.201680672269, 0, 0, '0.00'),
(255, 'EK', 1, 'beliebig', 117, 230, 25.201680672269, 0, 0, '0.00'),
(256, 'EK', 1, 'beliebig', 117, 231, 25.201680672269, 0, 0, '0.00'),
(257, 'EK', 1, 'beliebig', 117, 232, 25.201680672269, 0, 0, '0.00'),
(258, 'EK', 1, 'beliebig', 117, 233, 25.201680672269, 0, 0, '0.00'),
(259, 'EK', 1, 'beliebig', 117, 234, 25.201680672269, 0, 0, '0.00'),
(260, 'EK', 1, 'beliebig', 117, 235, 25.201680672269, 0, 0, '0.00'),
(261, 'EK', 1, 'beliebig', 118, 236, 8.3949579831933, 0, 0, '0.00'),
(262, 'EK', 1, 'beliebig', 119, 237, 5.0336134453782, 0, 0, '0.00'),
(263, 'EK', 1, 'beliebig', 120, 238, 4.1932773109244, 0, 0, '0.00'),
(264, 'EK', 1, 'beliebig', 121, 239, 12.596638655462, 16.8, 0, '0.00'),
(266, 'EK', 1, 'beliebig', 123, 241, 1259.6638655462, 0, 0, '0.00'),
(281, 'EK', 1, 'beliebig', 7, 250, 7.1344537815126, 0, 0, '0.00'),
(284, 'EK', 1, 'beliebig', 5, 253, 9.2016806722689, 0, 0, '0.00'),
(290, 'EK', 1, 'beliebig', 5, 254, 12.563025210084, 0, 0, '0.00'),
(292, 'EK', 1, 'beliebig', 5, 255, 19.319327731092, 0, 0, '0.00'),
(293, 'EK', 1, 'beliebig', 5, 252, 9.2016806722689, 0, 0, '0.00'),
(295, 'EK', 1, 'beliebig', 7, 249, 2.0924369747899, 0, 0, '0.00'),
(297, 'EK', 1, 'beliebig', 7, 251, 10.075630252101, 0, 0, '0.00'),
(303, 'EK', 1, 'beliebig', 122, 257, 6.7142857142857, 0, 0, '0.00'),
(309, 'EK', 1, 'beliebig', 122, 258, 10.915966386555, 0, 0, '0.00'),
(311, 'EK', 1, 'beliebig', 122, 259, 15.117647058824, 0, 0, '0.00'),
(312, 'EK', 1, 'beliebig', 122, 256, 2.5126050420168, 0, 0, '0.00'),
(313, 'EK', 1, 'beliebig', 128, 260, 83.193277310924, 0, 0, '0.00'),
(314, 'EK', 1, 'beliebig', 129, 261, 83.193277310924, 100.83, 0, '0.00'),
(315, 'EK', 1, 'beliebig', 130, 262, 1256.3025210084, 0, 0, '0.00'),
(316, 'EK', 1, 'beliebig', 131, 263, 836.13445378151, 0, 0, '0.00'),
(317, 'EK', 1, 'beliebig', 132, 264, 503.36134453782, 0, 0, '0.00'),
(338, 'EK', 1, 'beliebig', 134, 278, 42.008403361345, 0, 0, '0.00'),
(339, 'EK', 1, 'beliebig', 135, 279, 25.201680672269, 0, 0, '0.00'),
(340, 'EK', 1, 'beliebig', 136, 280, 29.403361344538, 0, 0, '0.00'),
(341, 'EK', 1, 'beliebig', 137, 281, 50.411764705882, 0, 0, '0.00'),
(348, 'EK', 1, 'beliebig', 141, 288, 58.81512605042, 0, 0, '0.00'),
(349, 'EK', 1, 'beliebig', 142, 289, 37.806722689076, 0, 0, '0.00'),
(350, 'EK', 1, 'beliebig', 143, 290, 71.420168067227, 0, 0, '0.00'),
(351, 'EK', 1, 'beliebig', 144, 291, 71.420168067227, 0, 0, '0.00'),
(352, 'EK', 1, 'beliebig', 145, 292, 15.117647058824, 16.8, 0, '0.00'),
(355, 'EK', 1, 'beliebig', 148, 295, 126.04201680672, 0, 0, '0.00'),
(357, 'EK', 1, 'beliebig', 150, 297, 8.3949579831933, 10.92, 0, '0.00'),
(358, 'EK', 1, 'beliebig', 151, 298, 10.915966386555, 0, 0, '0.00'),
(359, 'EK', 1, 'beliebig', 152, 299, 10.075630252101, 0, 0, '0.00'),
(382, 'EK', 1, 'beliebig', 153, 322, 5.8739495798319, 0, 0, '0.00'),
(383, 'EK', 1, 'beliebig', 153, 323, 5.8739495798319, 0, 0, '0.00'),
(384, 'EK', 1, 'beliebig', 153, 324, 5.8739495798319, 0, 0, '0.00'),
(385, 'EK', 1, 'beliebig', 153, 325, 5.8739495798319, 0, 0, '0.00'),
(386, 'EK', 1, 'beliebig', 153, 326, 5.8739495798319, 0, 0, '0.00'),
(387, 'EK', 1, 'beliebig', 153, 327, 5.8739495798319, 0, 0, '0.00'),
(388, 'EK', 1, 'beliebig', 153, 328, 5.8739495798319, 0, 0, '0.00'),
(389, 'EK', 1, 'beliebig', 153, 329, 5.8739495798319, 0, 0, '0.00'),
(390, 'EK', 1, 'beliebig', 153, 330, 5.8739495798319, 0, 0, '0.00'),
(391, 'EK', 1, 'beliebig', 153, 331, 5.8739495798319, 0, 0, '0.00'),
(392, 'EK', 1, 'beliebig', 153, 332, 5.8739495798319, 0, 0, '0.00'),
(393, 'EK', 1, 'beliebig', 153, 333, 5.8739495798319, 0, 0, '0.00'),
(394, 'EK', 1, 'beliebig', 153, 334, 5.8739495798319, 0, 0, '0.00'),
(395, 'EK', 1, 'beliebig', 153, 335, 5.8739495798319, 0, 0, '0.00'),
(396, 'EK', 1, 'beliebig', 153, 336, 5.8739495798319, 0, 0, '0.00'),
(397, 'EK', 1, 'beliebig', 153, 337, 5.8739495798319, 0, 0, '0.00'),
(398, 'EK', 1, 'beliebig', 153, 338, 5.8739495798319, 0, 0, '0.00'),
(399, 'EK', 1, 'beliebig', 153, 339, 5.8739495798319, 0, 0, '0.00'),
(400, 'EK', 1, 'beliebig', 153, 340, 5.8739495798319, 0, 0, '0.00'),
(401, 'EK', 1, 'beliebig', 153, 341, 5.8739495798319, 0, 0, '0.00'),
(402, 'EK', 1, 'beliebig', 153, 342, 5.8739495798319, 0, 0, '0.00'),
(403, 'EK', 1, 'beliebig', 154, 343, 8.3949579831933, 0, 0, '0.00'),
(406, 'EK', 1, 'beliebig', 156, 346, 5.8739495798319, 0, 0, '0.00'),
(407, 'EK', 1, 'beliebig', 156, 347, 5.8739495798319, 0, 0, '0.00'),
(408, 'EK', 1, 'beliebig', 156, 348, 5.8739495798319, 0, 0, '0.00'),
(409, 'EK', 1, 'beliebig', 156, 349, 5.8739495798319, 0, 0, '0.00'),
(410, 'EK', 1, 'beliebig', 156, 350, 5.8739495798319, 0, 0, '0.00'),
(411, 'EK', 1, 'beliebig', 156, 351, 5.8739495798319, 0, 0, '0.00'),
(412, 'EK', 1, 'beliebig', 156, 352, 5.8739495798319, 0, 0, '0.00'),
(413, 'EK', 1, 'beliebig', 155, 353, 4.1932773109244, 0, 0, '0.00'),
(414, 'EK', 1, 'beliebig', 155, 354, 4.1932773109244, 0, 0, '0.00'),
(415, 'EK', 1, 'beliebig', 155, 355, 4.1932773109244, 0, 0, '0.00'),
(416, 'EK', 1, 'beliebig', 155, 356, 4.1932773109244, 0, 0, '0.00'),
(417, 'EK', 1, 'beliebig', 155, 357, 4.1932773109244, 0, 0, '0.00'),
(418, 'EK', 1, 'beliebig', 155, 358, 4.1932773109244, 0, 0, '0.00'),
(419, 'EK', 1, 'beliebig', 155, 359, 4.1932773109244, 0, 0, '0.00'),
(420, 'EK', 1, 'beliebig', 157, 360, 15.117647058824, 0, 0, '0.00'),
(421, 'EK', 1, 'beliebig', 158, 361, 20.159663865546, 21.84, 0, '0.00'),
(422, 'EK', 1, 'beliebig', 159, 362, 19.319327731092, 21, 0, '0.00'),
(424, 'EK', 1, 'beliebig', 160, 364, 25.201680672269, 0, 0, '0.00'),
(425, 'EK', 1, 'beliebig', 160, 365, 25.201680672269, 0, 0, '0.00'),
(426, 'EK', 1, 'beliebig', 160, 366, 25.201680672269, 0, 0, '0.00'),
(427, 'EK', 1, 'beliebig', 160, 367, 25.201680672269, 0, 0, '0.00'),
(428, 'EK', 1, 'beliebig', 160, 368, 25.201680672269, 0, 0, '0.00'),
(429, 'EK', 1, 'beliebig', 160, 369, 25.201680672269, 0, 0, '0.00'),
(430, 'EK', 1, 'beliebig', 160, 370, 25.201680672269, 0, 0, '0.00'),
(432, 'EK', 1, 'beliebig', 161, 372, 29.403361344538, 0, 0, '0.00'),
(433, 'EK', 1, 'beliebig', 161, 373, 29.403361344538, 0, 0, '0.00'),
(434, 'EK', 1, 'beliebig', 161, 374, 29.403361344538, 0, 0, '0.00'),
(435, 'EK', 1, 'beliebig', 161, 375, 29.403361344538, 0, 0, '0.00'),
(436, 'EK', 1, 'beliebig', 161, 376, 29.403361344538, 0, 0, '0.00'),
(437, 'EK', 1, 'beliebig', 161, 377, 29.403361344538, 0, 0, '0.00'),
(438, 'EK', 1, 'beliebig', 161, 378, 29.403361344538, 0, 0, '0.00'),
(440, 'EK', 1, 'beliebig', 162, 380, 20.159663865546, 0, 0, '0.00'),
(441, 'EK', 1, 'beliebig', 162, 381, 20.159663865546, 0, 0, '0.00'),
(442, 'EK', 1, 'beliebig', 162, 382, 20.159663865546, 0, 0, '0.00'),
(443, 'EK', 1, 'beliebig', 162, 383, 20.159663865546, 0, 0, '0.00'),
(444, 'EK', 1, 'beliebig', 162, 384, 20.159663865546, 0, 0, '0.00'),
(445, 'EK', 1, 'beliebig', 162, 385, 20.159663865546, 0, 0, '0.00'),
(446, 'EK', 1, 'beliebig', 162, 386, 20.159663865546, 0, 0, '0.00'),
(447, 'EK', 1, 'beliebig', 163, 387, 5.8739495798319, 0, 0, '0.00'),
(448, 'EK', 1, 'beliebig', 164, 388, 6.7142857142857, 0, 0, '0.00'),
(449, 'EK', 1, 'beliebig', 165, 389, 16.798319327731, 0, 0, '0.00'),
(450, 'EK', 1, 'beliebig', 166, 390, 8.3949579831933, 0, 0, '0.00'),
(451, 'EK', 1, 'beliebig', 167, 391, 11.336134453782, 11.76, 0, '0.00'),
(452, 'EK', 1, 'beliebig', 168, 392, 2.0924369747899, 0, 0, '0.00'),
(453, 'EK', 1, 'beliebig', 169, 393, 14.697478991597, 0, 0, '0.00'),
(454, 'EK', 1, 'beliebig', 170, 394, 33.571428571429, 0, 0, '0.00'),
(456, 'EK', 1, 'beliebig', 171, 396, 2.5126050420168, 0, 0, '0.00'),
(462, 'EK', 1, 'beliebig', 171, 397, 4.1932773109244, 0, 0, '0.00'),
(464, 'EK', 1, 'beliebig', 171, 398, 5.0336134453782, 0, 0, '0.00'),
(466, 'EK', 1, 'beliebig', 171, 399, 6.7142857142857, 0, 0, '0.00'),
(467, 'EK', 1, 'beliebig', 172, 401, 8.3949579831933, 0, 0, '0.00'),
(468, 'EK', 1, 'beliebig', 173, 402, 33.605042016807, 0, 0, '0.00'),
(469, 'EK', 1, 'beliebig', 174, 403, 32.764705882353, 0, 0, '0.00'),
(470, 'EK', 1, 'beliebig', 175, 404, 50.411764705882, 0, 0, '0.00'),
(471, 'EK', 1, 'beliebig', 176, 405, 42.008403361345, 0, 0, '0.00'),
(472, 'EK', 1, 'beliebig', 177, 406, 29.403361344538, 33.61, 0, '0.00'),
(473, 'EK', 1, 'beliebig', 178, 407, 16.764705882353, 0, 0, '0.00'),
(475, 'EK', 1, 'beliebig', 179, 409, 37.806722689076, 0, 0, '0.00'),
(476, 'EK', 1, 'beliebig', 179, 410, 37.806722689076, 0, 0, '0.00'),
(477, 'EK', 1, 'beliebig', 179, 411, 37.806722689076, 0, 0, '0.00'),
(478, 'EK', 1, 'beliebig', 179, 412, 37.806722689076, 0, 0, '0.00'),
(479, 'EK', 1, 'beliebig', 179, 413, 37.806722689076, 0, 0, '0.00'),
(480, 'EK', 1, 'beliebig', 179, 414, 37.806722689076, 0, 0, '0.00'),
(481, 'EK', 1, 'beliebig', 179, 415, 37.806722689076, 0, 0, '0.00'),
(483, 'EK', 1, 'beliebig', 180, 417, 75.621848739496, 84.03, 0, '0.00'),
(484, 'EK', 1, 'beliebig', 180, 418, 75.621848739496, 84.03, 0, '0.00'),
(485, 'EK', 1, 'beliebig', 180, 419, 75.621848739496, 84.03, 0, '0.00'),
(486, 'EK', 1, 'beliebig', 180, 420, 75.621848739496, 84.03, 0, '0.00'),
(487, 'EK', 1, 'beliebig', 181, 421, 117.63865546218, 0, 0, '0.00'),
(505, 'EK', 1, 'beliebig', 194, 434, 84.033613445378, 0, 0, '0.00'),
(506, 'EK', 1, 'beliebig', 195, 435, 8.3949579831933, 0, 0, '0.00'),
(507, 'EK', 1, 'beliebig', 196, 436, 100, 0, 0, '0.00'),
(508, 'EK', 1, 'beliebig', 197, 437, 29.403361344538, 0, 0, '0.00'),
(509, 'EK', 1, 'beliebig', 198, 438, 8403.3613445378, 0, 0, '0.00'),
(510, 'EK', 1, 'beliebig', 199, 439, 200, 0, 0, '0.00'),
(511, 'EK', 1, 'beliebig', 200, 440, 20, 0, 0, '0.00'),
(512, 'EK', 1, 'beliebig', 201, 441, 83.193277310924, 0, 0, '0.00'),
(514, 'EK', 1, 'beliebig', 202, 443, 17.638655462185, 0, 0, '0.00'),
(515, 'EK', 1, 'beliebig', 202, 444, 17.638655462185, 0, 0, '0.00'),
(516, 'EK', 1, 'beliebig', 202, 445, 17.638655462185, 0, 0, '0.00'),
(517, 'EK', 1, 'beliebig', 202, 446, 17.638655462185, 0, 0, '0.00'),
(518, 'EK', 1, 'beliebig', 202, 447, 17.638655462185, 0, 0, '0.00'),
(519, 'EK', 1, 'beliebig', 202, 448, 17.638655462185, 0, 0, '0.00'),
(520, 'EK', 1, 'beliebig', 202, 449, 17.638655462185, 0, 0, '0.00'),
(521, 'EK', 1, 'beliebig', 202, 450, 17.638655462185, 0, 0, '0.00'),
(522, 'EK', 1, 'beliebig', 202, 451, 17.638655462185, 0, 0, '0.00'),
(523, 'EK', 1, 'beliebig', 202, 452, 17.638655462185, 0, 0, '0.00'),
(524, 'EK', 1, 'beliebig', 202, 453, 17.638655462185, 0, 0, '0.00'),
(525, 'EK', 1, 'beliebig', 202, 454, 17.638655462185, 0, 0, '0.00'),
(526, 'EK', 1, 'beliebig', 202, 455, 17.638655462185, 0, 0, '0.00'),
(527, 'EK', 1, 'beliebig', 202, 456, 17.638655462185, 0, 0, '0.00'),
(528, 'EK', 1, 'beliebig', 202, 457, 17.638655462185, 0, 0, '0.00'),
(529, 'EK', 1, 'beliebig', 202, 458, 17.638655462185, 0, 0, '0.00'),
(530, 'EK', 1, 'beliebig', 202, 459, 17.638655462185, 0, 0, '0.00'),
(531, 'EK', 1, 'beliebig', 202, 460, 17.638655462185, 0, 0, '0.00'),
(532, 'EK', 1, 'beliebig', 202, 461, 17.638655462185, 0, 0, '0.00'),
(533, 'EK', 1, 'beliebig', 202, 462, 17.638655462185, 0, 0, '0.00'),
(534, 'EK', 1, 'beliebig', 202, 463, 17.638655462185, 0, 0, '0.00'),
(624, 'EK', 1, 'beliebig', 203, 549, 74.789915966387, 0, 0, '0.00'),
(644, 'EK', 1, 'beliebig', 203, 569, 74.789915966387, 0, 0, '0.00'),
(645, 'EK', 1, 'beliebig', 203, 550, 74.789915966387, 0, 0, '0.00'),
(646, 'EK', 1, 'beliebig', 203, 551, 74.789915966387, 0, 0, '0.00'),
(647, 'EK', 1, 'beliebig', 203, 552, 74.789915966387, 0, 0, '0.00'),
(648, 'EK', 1, 'beliebig', 203, 553, 74.789915966387, 0, 0, '0.00'),
(649, 'EK', 1, 'beliebig', 203, 554, 74.789915966387, 0, 0, '0.00'),
(650, 'EK', 1, 'beliebig', 203, 555, 74.789915966387, 0, 0, '0.00'),
(651, 'EK', 1, 'beliebig', 203, 556, 74.789915966387, 0, 0, '0.00'),
(652, 'EK', 1, 'beliebig', 203, 557, 74.789915966387, 0, 0, '0.00'),
(653, 'EK', 1, 'beliebig', 203, 558, 74.789915966387, 0, 0, '0.00'),
(654, 'EK', 1, 'beliebig', 203, 559, 74.789915966387, 0, 0, '0.00'),
(655, 'EK', 1, 'beliebig', 203, 560, 74.789915966387, 0, 0, '0.00'),
(656, 'EK', 1, 'beliebig', 203, 561, 74.789915966387, 0, 0, '0.00'),
(657, 'EK', 1, 'beliebig', 203, 562, 74.789915966387, 0, 0, '0.00'),
(658, 'EK', 1, 'beliebig', 203, 563, 74.789915966387, 0, 0, '0.00'),
(659, 'EK', 1, 'beliebig', 203, 564, 74.789915966387, 0, 0, '0.00'),
(660, 'EK', 1, 'beliebig', 203, 565, 74.789915966387, 0, 0, '0.00'),
(661, 'EK', 1, 'beliebig', 203, 566, 74.789915966387, 0, 0, '0.00'),
(662, 'EK', 1, 'beliebig', 203, 567, 74.789915966387, 0, 0, '0.00'),
(663, 'EK', 1, 'beliebig', 203, 568, 74.789915966387, 0, 0, '0.00'),
(825, 'EK', 1, 'beliebig', 204, 689, 12.605042016807, 0, 0, '0.00'),
(826, 'EK', 1, 'beliebig', 204, 690, 12.605042016807, 0, 0, '0.00'),
(827, 'EK', 1, 'beliebig', 204, 691, 12.605042016807, 0, 0, '0.00'),
(828, 'EK', 1, 'beliebig', 204, 692, 12.605042016807, 0, 0, '0.00'),
(829, 'EK', 1, 'beliebig', 204, 693, 12.605042016807, 0, 0, '0.00'),
(830, 'EK', 1, 'beliebig', 204, 694, 12.605042016807, 0, 0, '0.00'),
(831, 'EK', 1, 'beliebig', 204, 695, 12.605042016807, 0, 0, '0.00'),
(832, 'EK', 1, 'beliebig', 204, 696, 12.605042016807, 0, 0, '0.00'),
(833, 'EK', 1, 'beliebig', 204, 697, 12.605042016807, 0, 0, '0.00'),
(834, 'EK', 1, 'beliebig', 204, 698, 12.605042016807, 0, 0, '0.00'),
(835, 'EK', 1, 'beliebig', 204, 699, 12.605042016807, 0, 0, '0.00'),
(836, 'EK', 1, 'beliebig', 204, 700, 12.605042016807, 0, 0, '0.00'),
(837, 'EK', 1, 'beliebig', 204, 701, 12.605042016807, 0, 0, '0.00'),
(838, 'EK', 1, 'beliebig', 204, 702, 12.605042016807, 0, 0, '0.00'),
(839, 'EK', 1, 'beliebig', 204, 703, 12.605042016807, 0, 0, '0.00'),
(840, 'EK', 1, 'beliebig', 204, 704, 12.605042016807, 0, 0, '0.00'),
(841, 'EK', 1, 'beliebig', 204, 705, 12.605042016807, 0, 0, '0.00'),
(842, 'EK', 1, 'beliebig', 204, 706, 12.605042016807, 0, 0, '0.00'),
(843, 'EK', 1, 'beliebig', 204, 707, 12.605042016807, 0, 0, '0.00'),
(844, 'EK', 1, 'beliebig', 204, 708, 12.605042016807, 0, 0, '0.00'),
(862, 'EK', 1, 'beliebig', 205, 726, 150, 0, 0, '0.00'),
(863, 'EK', 1, 'beliebig', 205, 727, 175, 0, 0, '0.00'),
(864, 'EK', 1, 'beliebig', 205, 728, 185, 0, 0, '0.00'),
(865, 'EK', 1, 'beliebig', 205, 729, 195, 0, 0, '0.00'),
(866, 'EK', 1, 'beliebig', 205, 730, 200, 0, 0, '0.00'),
(867, 'EK', 1, 'beliebig', 205, 731, 225, 0, 0, '0.00'),
(868, 'EK', 1, 'beliebig', 205, 732, 235, 0, 0, '0.00'),
(869, 'EK', 1, 'beliebig', 205, 733, 245, 0, 0, '0.00'),
(870, 'EK', 1, 'beliebig', 205, 734, 100, 0, 0, '0.00'),
(871, 'EK', 1, 'beliebig', 205, 735, 125, 0, 0, '0.00'),
(872, 'EK', 1, 'beliebig', 205, 736, 135, 0, 0, '0.00'),
(873, 'EK', 1, 'beliebig', 205, 737, 145, 0, 0, '0.00'),
(887, 'EK', 1, 'beliebig', 206, 744, 42.016806722689, 0, 0, '0.00'),
(889, 'EK', 1, 'beliebig', 206, 743, 336.13445378151, 0, 0, '0.00'),
(891, 'EK', 1, 'beliebig', 206, 742, 109.24369747899, 0, 0, '0.00'),
(892, 'EK', 1, 'beliebig', 207, 745, 168.06722689076, 0, 0, '0.00'),
(893, 'EK', 1, 'beliebig', 208, 746, 420.16806722689, 840.34, 0, '0.00'),
(894, 'EK', 1, '10', 209, 747, 0.84033613445378, 0, 0, '0.00'),
(895, 'EK', 11, '20', 209, 747, 0.7563025210084, 0, 0, '10.00'),
(896, 'EK', 21, '30', 209, 747, 0.67226890756303, 0, 0, '20.00'),
(897, 'EK', 31, '40', 209, 747, 0.63025210084034, 0, 0, '25.00'),
(898, 'EK', 41, 'beliebig', 209, 747, 0.58823529411765, 0, 0, '30.00'),
(899, 'EK', 1, 'beliebig', 210, 748, 6.7142857142857, 0, 0, '0.00'),
(900, 'EK', 1, 'beliebig', 211, 749, 42.016806722689, 0, 0, '0.00'),
(902, 'EK', 1, 'beliebig', 213, 751, 33.571428571429, 0, 0, '0.00'),
(904, 'EK', 1, 'beliebig', 214, 753, 15.042016806723, 0, 0, '0.00'),
(908, 'EK', 1, 'beliebig', 214, 754, 25.126050420168, 0, 0, '0.00'),
(910, 'EK', 1, 'beliebig', 214, 755, 226.89075630252, 0, 0, '0.00'),
(912, 'EK', 1, 'beliebig', 215, 757, 10.756302521008, 0, 0, '0.00'),
(913, 'EK', 1, 'beliebig', 215, 758, 20.924369747899, 0, 0, '0.00'),
(914, 'EK', 1, 'beliebig', 215, 759, 159.66386554622, 0, 0, '0.00'),
(916, 'EK', 1, 'beliebig', 216, 761, 17.983193277311, 0, 0, '0.00'),
(917, 'EK', 1, 'beliebig', 216, 762, 17.983193277311, 0, 0, '0.00'),
(918, 'EK', 1, 'beliebig', 216, 763, 243.6974789916, 0, 0, '0.00'),
(921, 'EK', 1, 'beliebig', 217, 766, 10.756302521008, 0, 0, '0.00'),
(922, 'EK', 1, 'beliebig', 217, 767, 20.924369747899, 0, 0, '0.00'),
(923, 'EK', 1, 'beliebig', 217, 768, 159.66386554622, 0, 0, '0.00'),
(924, 'EK', 1, 'beliebig', 218, 769, 9.5798319327731, 0, 0, '0.00'),
(925, 'EK', 1, 'beliebig', 218, 770, 15.882352941176, 0, 0, '0.00'),
(926, 'EK', 1, 'beliebig', 218, 771, 9.5798319327731, 0, 0, '0.00'),
(927, 'EK', 1, 'beliebig', 219, 772, 46.134453781513, 0, 0, '0.00'),
(928, 'EK', 1, 'beliebig', 220, 773, 30.243697478992, 0, 0, '0.00'),
(929, 'EK', 1, 'beliebig', 221, 774, 67.218487394958, 0, 0, '0.00'),
(930, 'EK', 1, 'beliebig', 222, 775, 8.3949579831933, 0, 0, '0.00'),
(932, 'EK', 1, 'beliebig', 224, 777, 10.915966386555, 0, 0, '0.00'),
(933, 'EK', 1, 'beliebig', 225, 778, 10.075630252101, 12.596638655462, 0, '0.00'),
(934, 'EK', 1, 'beliebig', 226, 779, 3.3529411764706, 0, 0, '0.00'),
(935, 'EK', 1, 'beliebig', 223, 780, 42.008403361345, 0, 0, '0.00'),
(936, 'EK', 1, 'beliebig', 223, 781, 42.008403361345, 0, 0, '0.00'),
(937, 'EK', 1, 'beliebig', 227, 782, 30.243697478992, 0, 0, '0.00'),
(938, 'EK', 1, 'beliebig', 228, 783, 100.83193277311, 0, 0, '0.00'),
(939, 'EK', 1, 'beliebig', 229, 784, 3.3529411764706, 0, 0, '0.00'),
(940, 'EK', 1, 'beliebig', 230, 785, 40.252100840336, 0, 0, '0.00'),
(941, 'EK', 1, 'beliebig', 231, 786, 2.0924369747899, 0, 0, '0.00'),
(942, 'EK', 1, 'beliebig', 233, 788, 2.0924369747899, 0, 0, '0.00'),
(943, 'EK', 1, 'beliebig', 234, 789, 2.0924369747899, 0, 0, '0.00'),
(944, 'EK', 1, 'beliebig', 235, 790, 5.453781512605, 0, 0, '0.00'),
(945, 'EK', 1, 'beliebig', 236, 791, 2.9327731092437, 0, 0, '0.00'),
(946, 'EK', 1, 'beliebig', 237, 792, 15.117647058824, 0, 0, '0.00'),
(947, 'EK', 1, 'beliebig', 238, 793, 32.731092436975, 0, 0, '0.00'),
(948, 'EK', 1, 'beliebig', 239, 794, 2100, 2352.1008403361, 0, '0.00'),
(949, 'EK', 1, 'beliebig', 240, 795, 42.008403361345, 0, 0, '0.00'),
(950, 'EK', 1, 'beliebig', 241, 796, 12.596638655462, 15.117647058824, 0, '0.00'),
(951, 'EK', 1, 'beliebig', 242, 797, 11.756302521008, 0, 0, '0.00'),
(952, 'EK', 1, 'beliebig', 243, 798, 100, 0, 0, '0.00'),
(953, 'EK', 1, 'beliebig', 244, 799, 100, 0, 0, '0.00'),
(954, 'B2B', 1, 'beliebig', 244, 799, 100, 0, 0, '0.00'),
(955, 'EK', 1, 'beliebig', 245, 800, 16.806722689076, 0, 0, '0.00'),
(956, 'EK', 1, 'beliebig', 246, 801, 58.81512605042, 0, 0, '0.00'),
(957, 'EK', 1, 'beliebig', 247, 802, 16.806722689076, 0, 0, '0.00'),
(958, 'EK', 1, 'beliebig', 248, 803, 63.016806722689, 0, 0, '0.00'),
(1005, 'EK', 1, 'beliebig', 249, 804, 0.82352941176471, 0, 0, '0.00'),
(1006, 'EK', 1, 'beliebig', 250, 805, 0.82352941176471, 0, 0, '0.00'),
(1007, 'EK', 1, 'beliebig', 251, 806, 0.82352941176471, 0, 0, '0.00'),
(1008, 'EK', 1, 'beliebig', 252, 807, 2.4285714285714, 0, 0, '0.00'),
(1009, 'EK', 1, 'beliebig', 253, 808, 2.4705882352941, 0, 0, '0.00'),
(1010, 'EK', 1, 'beliebig', 254, 809, 2.4705882352941, 0, 0, '0.00'),
(1011, 'EK', 1, 'beliebig', 255, 810, 2.4705882352941, 0, 0, '0.00'),
(1012, 'EK', 1, 'beliebig', 256, 811, 4.0588235294118, 0, 0, '0.00'),
(1013, 'EK', 1, 'beliebig', 257, 812, 4.1176470588235, 0, 0, '0.00'),
(1014, 'EK', 1, 'beliebig', 258, 813, 4.1176470588235, 0, 0, '0.00'),
(1015, 'EK', 1, 'beliebig', 259, 814, 4.1176470588235, 0, 0, '0.00'),
(1016, 'EK', 1, 'beliebig', 260, 815, 8.1176470588235, 0, 0, '0.00'),
(1017, 'EK', 1, 'beliebig', 261, 816, 8.2352941176471, 0, 0, '0.00'),
(1018, 'EK', 1, 'beliebig', 262, 817, 8.2436974789916, 0, 0, '0.00'),
(1019, 'EK', 1, 'beliebig', 263, 818, 8.2436974789916, 0, 0, '0.00'),
(1020, 'EK', 1, 'beliebig', 264, 819, 8.2436974789916, 0, 0, '0.00'),
(1021, 'EK', 1, 'beliebig', 265, 820, 16.252100840336, 0, 0, '0.00'),
(1022, 'EK', 1, 'beliebig', 266, 821, 16.470588235294, 0, 0, '0.00'),
(1023, 'EK', 1, 'beliebig', 267, 822, 16.470588235294, 0, 0, '0.00'),
(1024, 'EK', 1, 'beliebig', 268, 823, 32.512605042017, 0, 0, '0.00'),
(1025, 'EK', 1, 'beliebig', 269, 824, 32.941176470588, 0, 0, '0.00'),
(1026, 'EK', 1, 'beliebig', 270, 825, 32.941176470588, 0, 0, '0.00'),
(1027, 'EK', 1, 'beliebig', 271, 826, 32.941176470588, 0, 0, '0.00'),
(1028, 'EK', 1, 'beliebig', 272, 827, 15.957983193277, 0, 0, '0.00');

TRUNCATE TABLE `s_articles_prices_attributes`;
TRUNCATE TABLE `s_articles_relationships`;
INSERT INTO `s_articles_relationships` (`id`, `articleID`, `relatedarticle`) VALUES
(113, 3, '10'),
(2, 10, '3'),
(9, 13, '22'),
(10, 13, '23'),
(11, 13, '25'),
(12, 13, '26'),
(64, 14, '22'),
(63, 14, '23'),
(65, 14, '25'),
(66, 14, '28'),
(59, 15, '22'),
(60, 15, '23'),
(61, 15, '24'),
(62, 15, '27'),
(46, 17, '23'),
(45, 17, '25'),
(44, 17, '27'),
(43, 17, '29'),
(35, 18, '22'),
(36, 18, '23'),
(37, 18, '27'),
(38, 18, '28'),
(17, 19, '22'),
(18, 19, '24'),
(19, 19, '26'),
(20, 19, '28'),
(21, 19, '30'),
(27, 20, '23'),
(28, 20, '25'),
(29, 20, '27'),
(30, 20, '29'),
(5, 21, '22'),
(4, 21, '29'),
(3, 21, '30'),
(13, 22, '13'),
(68, 22, '14'),
(56, 22, '15'),
(39, 22, '18'),
(22, 22, '19'),
(8, 22, '21'),
(14, 23, '13'),
(67, 23, '14'),
(57, 23, '15'),
(50, 23, '17'),
(40, 23, '18'),
(31, 23, '20'),
(55, 24, '15'),
(23, 24, '19'),
(15, 25, '13'),
(69, 25, '14'),
(49, 25, '17'),
(32, 25, '20'),
(16, 26, '13'),
(24, 26, '19'),
(58, 27, '15'),
(48, 27, '17'),
(41, 27, '18'),
(33, 27, '20'),
(70, 28, '14'),
(42, 28, '18'),
(25, 28, '19'),
(47, 29, '17'),
(34, 29, '20'),
(7, 29, '21'),
(26, 30, '19'),
(6, 30, '21'),
(75, 113, '117'),
(74, 113, '118'),
(71, 113, '119'),
(72, 113, '120'),
(73, 113, '121'),
(84, 114, '117'),
(85, 114, '118'),
(81, 114, '119'),
(82, 114, '120'),
(83, 114, '121'),
(94, 115, '117'),
(95, 115, '118'),
(91, 115, '119'),
(92, 115, '120'),
(93, 115, '121'),
(105, 116, '117'),
(104, 116, '118'),
(101, 116, '119'),
(102, 116, '120'),
(103, 116, '121'),
(80, 117, '113'),
(89, 117, '114'),
(99, 117, '115'),
(110, 117, '116'),
(79, 118, '113'),
(90, 118, '114'),
(100, 118, '115'),
(109, 118, '116'),
(76, 119, '113'),
(86, 119, '114'),
(96, 119, '115'),
(106, 119, '116'),
(77, 120, '113'),
(87, 120, '114'),
(97, 120, '115'),
(107, 120, '116'),
(78, 121, '113'),
(88, 121, '114'),
(98, 121, '115'),
(108, 121, '116');

TRUNCATE TABLE `s_articles_similar`;
INSERT INTO `s_articles_similar` (`id`, `articleID`, `relatedarticle`) VALUES
(848, 2, '4'),
(849, 2, '5'),
(850, 2, '6'),
(851, 2, '7'),
(852, 2, '8'),
(853, 2, '9'),
(495, 3, '2'),
(496, 3, '4'),
(497, 3, '5'),
(498, 3, '6'),
(510, 4, '2'),
(511, 4, '3'),
(512, 4, '5'),
(513, 4, '6'),
(514, 4, '7'),
(832, 5, '2'),
(833, 5, '3'),
(834, 5, '4'),
(835, 5, '6'),
(539, 6, '2'),
(540, 6, '3'),
(541, 6, '4'),
(542, 6, '5'),
(543, 6, '8'),
(544, 6, '9'),
(854, 7, '12'),
(855, 7, '2'),
(856, 7, '4'),
(857, 7, '6'),
(611, 8, '2'),
(612, 8, '6'),
(613, 8, '9'),
(605, 9, '2'),
(606, 9, '6'),
(607, 9, '8'),
(861, 12, '7'),
(296, 13, '15'),
(297, 13, '17'),
(298, 13, '19'),
(299, 13, '20'),
(300, 13, '21'),
(315, 14, '13'),
(316, 14, '15'),
(317, 14, '17'),
(318, 14, '19'),
(319, 14, '21'),
(313, 15, '13'),
(314, 15, '14'),
(307, 17, '13'),
(308, 17, '14'),
(309, 17, '17'),
(310, 17, '19'),
(306, 18, '21'),
(301, 19, '13'),
(302, 19, '14'),
(303, 19, '17'),
(304, 20, '13'),
(305, 20, '21'),
(289, 21, '13'),
(290, 21, '14'),
(291, 21, '15'),
(292, 21, '17'),
(293, 21, '18'),
(294, 21, '19'),
(295, 21, '20'),
(358, 117, '123'),
(359, 118, '123'),
(355, 119, '123'),
(356, 120, '123'),
(357, 121, '123'),
(365, 123, '117'),
(366, 123, '118'),
(367, 123, '119'),
(368, 123, '120'),
(369, 123, '121'),
(621, 151, '160'),
(622, 152, '160'),
(623, 154, '160'),
(659, 157, '174'),
(671, 159, '173'),
(627, 160, '151'),
(628, 160, '152'),
(629, 160, '154'),
(630, 160, '161'),
(631, 160, '162'),
(632, 161, '160'),
(657, 161, '174'),
(633, 162, '160'),
(670, 162, '173'),
(668, 163, '173'),
(656, 165, '174'),
(669, 166, '173'),
(658, 168, '174'),
(667, 173, '159'),
(666, 173, '162'),
(664, 173, '163'),
(665, 173, '166'),
(660, 174, '157'),
(661, 174, '161'),
(662, 174, '165'),
(663, 174, '168'),
(696, 194, '117'),
(697, 194, '118'),
(698, 194, '119'),
(699, 194, '120'),
(700, 194, '121'),
(701, 194, '195'),
(692, 196, '114'),
(693, 196, '115'),
(694, 196, '116'),
(695, 196, '123');

TRUNCATE TABLE `s_articles_supplier`;
INSERT INTO `s_articles_supplier` (`id`, `name`, `img`, `link`, `description`) VALUES
(1, 'shopware AG', '', 'http://www.shopware.de', ''),
(2, 'Feinbrennerei Sasse', 'media/image/sasse.png', 'http://www.sassekorn.de', ''),
(3, 'Teapavilion', 'media/image/tea.png', 'http://www.teapavilion.com', ''),
(4, 'The Deli Garage', 'media/image/deligarage.png', 'http://the-deli-garage.de/', ''),
(5, 'Access Oires Sisters', 'media/image/accessoires.png', '', ''),
(6, 'Kwon', 'media/image/Kwon-Logo.jpg', 'http://www.kwon.com', ''),
(7, 'Vintage Driver', 'media/image/vintage.png', 'http://www.vintagedriver.de/', ''),
(8, 'Das blaue Haus', 'media/image/blaueshaus.png', 'http://www.blaueshaus-shop.de', ''),
(9, 'Heiku', 'media/image/heiku.png', 'http://www.heiku.de/', ''),
(11, 'Sonnenschirm Versand', 'media/image/sonnenschirm.png', 'http://www.sonnenschirm-versand.de', ''),
(12, 'Beachdreams Clothes', 'media/image/beachdreams.png', '', ''),
(13, 'Sun Smile and Protect', 'media/image/sunsmile.png', '', ''),
(14, 'Example', '', '', ''),
(15, 'stop the water while using me', 'media/image/stopthewater.png', 'http://stop-the-water-while-using-me.com', ''),
(16, 'lorem', '', '', NULL),
(17, 'Trusted Shops', '', '', NULL);

TRUNCATE TABLE `s_articles_supplier_attributes`;
TRUNCATE TABLE `s_articles_translations`;
INSERT INTO `s_articles_translations` (`id`, `articleID`, `languageID`, `name`, `keywords`, `description`, `description_long`, `description_clear`, `attr1`, `attr2`, `attr3`, `attr4`, `attr5`) VALUES
(13928, 222, 2, 'Pillow - Flower', '', 'Eo Opera Ora ullus Decolor, Caleo. Evolo cui patior, creptio quo debeo sus perspicax. Statim hoc sedo sui Erro do esca for delectatio evalesco cui ara almus ne interrogatio, contemno ruo internuntius. Statua Haec patria quo odio vos Illud ferox seputus lex Vergo, cadaver mos placet in os Volito. Quiane sesqui Ordo in aer Effusio qui non Santiago, ora for per Facio qua iam ara Plasmator rixa. Natu.', '<p>Eo Opera Ora ullus Decolor, Caleo. Evolo cui patior, creptio quo debeo sus perspicax. Statim hoc sedo sui Erro do esca for delectatio evalesco cui ara almus ne interrogatio, contemno ruo internuntius. Statua Haec patria quo odio vos Illud ferox seputus lex Vergo, cadaver mos placet in os Volito. Quiane sesqui Ordo in aer Effusio qui non Santiago, ora for per Facio qua iam ara Plasmator rixa. Natu.</p>', '', '', '', '', '', ''),
(13930, 122, 2, '', '', '', '', '', '', '', '', '', ''),
(13933, 5, 2, 'Emmelkamp elder liqueur', '', '', '<p>Ita si ardor laxe eu Cogo arx subaudio. Os, color attero, an. Hi inservio quatenus/quatinus, eu. Pax percunctor, ut. Me Mica. Ne, in plus neo pars ne navale quo Heniis varius, St. Iam vae ne inter Idem devenio parum accredo Neco nam byssus ales an Seu re is, mors vir incrementabiliter hio desisto Noxa chirographum eo, os, agon os nec lac enucleo his ile pes vos Suppellex, re. Vae libro corium Pul.</p>', '', '', '', '', '', ''),
(13937, 43, 2, 'Oil Change', '', 'Ita si ardor laxe eu Cogo arx subaudio. Os, color attero, an. Hi inservio quatenus/quatinus, eu. Pax percunctor, ut. Me Mica.', '<p>Ita si ardor laxe eu Cogo arx subaudio. Os, color attero, an. Hi inservio quatenus/quatinus, eu. Pax percunctor, ut. Me Mica. Ne, in plus neo pars ne navale quo Heniis varius, St. Iam vae ne inter Idem devenio parum accredo Neco nam byssus ales an Seu re is, mors vir incrementabiliter hio desisto Noxa chirographum eo, os, agon os nec lac enucleo his ile pes vos Suppellex, re. Vae libro corium Pul.</p>', '', '', '', '', '', ''),
(13938, 243, 2, 'Articles with email notification', '', '', '<p>With this special service, customers who have ordered an article that is out of stock, will be informed as soon as the article is available again. </p>', '', '', '', '', '', ''),
(13939, 247, 2, 'Bonus article with shopping cart value of over 100 Euro', '', '', '', '', '', '', '', '', ''),
(13940, 242, 2, 'Dart Steel Smiley', '', '', '<p>Ra Orexis. Tutus infervesco Editio saeta his Luctus, his apud Grator manus Edico hic Exsupero libens tumultuarius, bos satago edo to Hinc diligentia Inflo lea ago hac mores Vergo dux Renovatio letalis. No Declino vir excito utercumque Percutio surculus an pie magnificabiliter, tam fodio diurnitas contubernium re removeo Bos Ferme ora sufficientia, per edo mel mare ligamen misericordaliter Consepi.</p>', '', '', '', '', '', ''),
(13943, 241, 2, 'Dart Steel Atomic', '', '', '', '', '', '', '', '', ''),
(13944, 240, 2, 'Dart board Circle', '', '', '', '', '', '', '', '', ''),
(13946, 239, 2, 'Dart machine standard device', '', '', '', '', '', '', '', '', ''),
(13947, 238, 2, 'Beach bag Sailor', '', '', '', '', '', '', '', '', ''),
(13948, 237, 2, 'Textile heart checkered', '', '', '', '', '', '', '', '', ''),
(13949, 236, 2, 'Napkins', '', '', '<p>S aequor incrementabiliter res, inhumanitas enim ars ara Noxa tunc aqua refrigerium Formica suspicio misericordaliter aer impenetrabiilis, turpiter familiaritas hac concupiscentia, alias cattus obvolvo Northmanni huic. Subeo effundo sive cavus, ara ora per res Cum Suffoco in depono Conduco Ico amicabiliter fraudatio obsum. Humo to qui quin ne pes castellatim pertingo, leo te Subduco sol quaestuos.</p>', '', '', '', '', '', ''),
(13951, 235, 2, 'Deco pot', '', '', '<p>Carectum, vos Genitus persto Expeto, discedo an usitas ferrugo, nisi illis me cogitatus. Per Per beo donum hac edo voro, ymo at gero garrio subicio. Ager texo Inglorius is, sino Usura, sol Secus. Pie Abeo lac amo quo praeoccupor voluntarius. Os levitas sed Penis fio ars luo latro no inaestimabilis. Modestia nitor utor at Fleo aversor. Do promissio perfusus Pinguis, generosus elabor dono cado his.</p>', '', '', '', '', '', ''),
(13953, 230, 2, 'Deduction with payment methods', '', 'In Shopware, you can define deductions with certain payment methods.', '<p>In Shopware, you can define deductions with certain payment methods.</p>', '', '', '', '', '', ''),
(13954, 229, 2, 'Magnets London', '', '', '<p>Eo at fama desudo se Unda, cum miro caries notarius voro corrigo Priscus, per jus promo fama profero Verto premo Palaestra mihi replico pax rudo baro conjux suus. Sem et lenis castra illa hostis cedo, ops hac quod, vel adsum abeo solito Inibi. Furibundus Se cupidus Noxa ut Cautus Plura hac res Gens Censeo, bos Os, dissemino hac vae ter Consonum nam lacrima increpo rogo. evoco tremo bene Corrumpo .</p>', '', '', '', '', '', ''),
(13955, 228, 2, 'Payment methods & risk management', '', 'In Shopware, you have different opportunities to handle the risk management', '<p>In Shopware, you have different opportunities to handle the risk management. You can use them or other factors to define certain payment methods for certain customer groups.</p>\n<p>In this example, you are not offered the payment method "invoice" for instance".</p>', '', '', '', '', '', ''),
(13956, 227, 2, 'Surcharge with payment methods', '', 'In Shopware, you can define surcharges with desired payment methods', '<p>In Shopware, you can define surcharges with desired payment methods. In this example we defined a surcharge of 5&nbsp; &euro; for the payment method "invoice"</p>', '', '', '', '', '', ''),
(13958, 223, 2, 'Alternate shipping costs', '', 'This shipping type ramifies in case the standard shipping type is not available.', '<p>This shipping type ramifies in case the standard shipping type is not available.</p>', '', '', '', '', '', ''),
(13959, 225, 2, 'Deco pillow Bird', '', 'In hac alibi Pario nutus, Distinguo Barbare opto recidivus, iam tot do ruo volatilis Solito incompositus ', '<p>In hac alibi Pario nutus, Distinguo Barbare opto recidivus, iam tot do ruo volatilis Solito incompositus perimo quicquid tergiversatio ops labruscum Trutino, studium superstes in parcus intorqueo eo. Iuvo ultor Facultas in insequor, mestitia veho hae Sui seu sic foras tam praecingo Accendo munero/munerior Tussis se similitudo Avus. Indigus per tumultus Terrenus iam Tam regno re pratum crystallinu.</p>', '', '', '', '', '', ''),
(13960, 221, 2, 'Shipping costs options', '', 'Check out various configurations concerning the shipping costs setting.', '<p>Check out various configurations concerning the shipping costs setting.</p>\n<p>Define standard shipping types, alternate shipping types, surcharge shipping types and more.</p>\n<p>You can also define shipping costs for weight, price, amot of articles and your own calculations.</p>', '', '', '', '', '', ''),
(13961, 220, 2, 'Article free of shipping costs', '', 'You have the opportunity to ship an article free of shipping costs. All you have to do is selecting the field "free of shipping costs" in the article data overview. ', '<p>You have the opportunity to ship an article free of shipping costs. All you have to do is selecting the field "free of shipping costs" in the article data overview.</p>\n<p>Add this article to you shopping cart an watch the result.</p>', '', '', '', '', '', ''),
(13962, 219, 2, 'Express shipping', '', 'In Shopware , you have the opportunity to ship an article via express. This way, of cource, the customer is charged a higher fee. ', '<p>In Shopware , you have the opportunity to ship an article via express. This way, of cource, the customer is charged a higher fee.</p>\n<p>To do so, you can choose between "normal" and "express" during the checkout process.<br /><br /></p>', '', '', '', '', '', ''),
(13963, 218, 2, '', '', 'Ichilominus Fultus ordior, ora Sterilis qua Se sum cum Conspicio sed Eo at ver oportet, filia cedo comprehendo baccatus', '<p>Ichilominus Fultus ordior, ora Sterilis qua Se sum cum Conspicio sed Eo at ver oportet, filia cedo comprehendo baccatus. Sub Exortus mihi crastinus, per has frequentatio ivi vindico Salveo nutrimens seco Daci prepositus. Ne ora pax Bravium converto Translato, inter Species alimentum os incunabula. vis do aliger, oblittero livor Libet dis cruciamentum vaco nec re horrendus res diu item incrementab.</p>', '', '', '', '', '', ''),
(13964, 213, 2, 'Surf board', '', 'Enego Do Loci his simul creta humilitas, Excello, se, sis ne fere Amotio turba excedo se res domito Villa, in, fundo novem, per qua tam Acer cornu. ', '<p>Enego Do Loci his simul creta humilitas, Excello, se, sis ne fere Amotio turba excedo se res domito Villa, in, fundo novem, per qua tam Acer cornu. Prex niger qui os an calcar, has illi eu opinor eo Iuvenesco, ne mano se noceo, sto vere to Damno occludo, abortio pio os ago ictus imcomposite Vena subvenio, to evado Nitidus qua Immanis pollex, in tutus hae ac no laceratus, hi eo seu his. Laxo se fu.</p>', '', '', '', '', '', ''),
(13965, 211, 2, 'Bonus article with shopping cart value of over 250 Euro', '', 'Your customers can either buy this article or get it as a free bonus article from a shopping cart value of over 250 Euros.', '<p>Your customers can either buy this article or get it as a free bonus article from a shopping cart value of over 250 Euro.</p>\n<p>This function needs to be activated in your backend under Conficuration --&gt; Storefront</p>', '', '', '', '', '', ''),
(13967, 210, 2, 'Bonus article with shopping cart value of over 50 Euro', '', 'Your customers can either buy this article or get it as a free bonus article from a shopping cart value of over 250 Euros.', '<p>Your customers can either buy this article or get it as a free bonus article from a shopping cart value of over 50 Euro.</p>\n<p>This function needs to be activated in your backend under Conficuration --&gt; Storefront</p>', '', '', '', '', '', ''),
(13969, 209, 2, 'Graduated prices', '', 'Graduated prices offer the opportunity to claim different prices for different purchase quantities.', '<p>Graduated prices offer the opportunity to claim different prices for different purchase quantities.</p>', '', '', '', '', '', ''),
(13970, 208, 2, 'Pseudo price', '', 'The pseudo price appears small and crossed out above the actual price of the article. You can easily manage this function in the backend while creating an article. ', '<p>The pseudo price appears small and crossed out above the actual price of the article. You can easily manage this function in the backend while creating an article.</p>\n<p>&nbsp;</p>', '', '', '', '', '', ''),
(13974, 207, 2, 'Graduated prices, min./max. purchase quantity', '', 'You can define min. and max purchase quantities already in the standard version of Shopware.', '<p>You can define min. and max purchase quantities already in the standard version of Shopware.</p>', '', '', '', '', '', ''),
(13976, 206, 2, 'Article with basic price calculation', '', 'You can define the basic article price for every article and everey category.', '<p>You can define the basic article price for every article and everey category.</p>', '', '', '', '', '', ''),
(13977, 205, 2, 'Article with surcharge configurator', '', 'The connection between configurator and accessory function offers new opportunities', '<p>The connection between configurator and accessory function offers new opportunities. Your customers can put together their own articles and add their creation to the shopping cart with a single mouseclick.</p>', '', '', '', '', '', ''),
(13979, 204, 2, 'Article with table configurator', '', 'With this configurator variant, your customer gets displayed the selecting opportunities in a table. This way, he can see, which options he has and what they cost.', '<p>With this configurator variant, your customer gets displayed the selecting opportunities in a table. This way, he can see, which options he has and what they cost.</p>', '', '', '', '', '', ''),
(13980, 203, 2, 'Article with choice configurator', '', 'In contrast to the standard configurator, the order of the choice configurator has to be executed step by step.', '<p>In contrast to the standard configurator, the order of the choice configurator has to be executed step by step. Having made the first selection, the second box will be activated. Only after filling out the last box, the shopping cart button becomes visible.</p>', '', '', '', '', '', ''),
(13982, 202, 2, 'Article with standard configurator', '', 'The standard configurator offers the opportunity, to selct the desired constellation, without following a certain order. All groups can be selected by customers with the corresponding options.', '<p>The standard configurator offers the opportunity, to selct the desired constellation, without following a certain order. All groups can be selected by customers with the corresponding options.</p>', '', '', '', '', '', ''),
(13983, 201, 2, 'Highlighted presentation', '', 'This option allows you to mark articles in the storefront in a better way. As standard, these articles are created as "Tip".', '<p><span>This option allows you to mark articles in the storefront in a better way. As standard, these articles are created as "Tip".<br /></span></p>\n<p><span>&nbsp;</span></p>', '', '', '', '', '', ''),
(13984, 200, 2, 'Article marking NEW', '', 'Depending on the setting, newly created articles can carry the description "NEW".', '<p>Depending on the setting, newly created articles can carry the description "NEW".</p>', '', '', '', '', '', ''),
(13985, 199, 2, 'Article in clearance sale', '', 'With the clearance sale function you can sale articles with a certain stock.', '<p>With the clearance sale function you can sale articles with a certain stock.</p>', '', '', '', '', '', ''),
(13987, 198, 2, 'Articles with evaluation', '', 'Using the evaluation function, you can use your customers as a reference by letting the evaluate the articles in your shop.', '<p>Using the evaluation function, you can use your customers as a reference by letting the evaluate the articles in your shop.</p>', '', '', '', '', '', ''),
(13988, 197, 2, 'ESD download article', '', 'Electronic Software Distribution (ESD) helps you selling pure software products.', '<p>Electronic Software Distribution (ESD) helps you selling pure software products.</p>', '', '', '', '', '', ''),
(13989, 196, 2, 'Articles with similar products', '', '', '<p>Not only accessories, but also similar products can be displayed on the article detail page.</p>', '', '', '', '', '', ''),
(13990, 194, 2, 'Articles with accessories', '', 'Define, which articles are displayed as accessories with your article.', '<p>Define, which articles are displayed as accessories with your article.</p>', '', '', '', '', '', ''),
(13991, 181, 2, 'Suitcase set', '', 'S. Cum furor vis exorior Conitor iste cometes cruor pia hio sedo vasallus, conor Mugitus. adfero eo Bene, res facio seco dedo vix infirmus Bos', '<p>S. Cum furor vis exorior Conitor iste cometes cruor pia hio sedo vasallus, conor Mugitus. adfero eo Bene, res facio seco dedo vix infirmus Bos nolo ausus diu farratus, palus auctor intuitus Decimus mugio terra Impleo fames Litis praetermissio. Os nec Fastidio, tot Laudunum uter lac do sed abhorreo Cognatio Inde se mos at, his Fidelis, talio mensa ops ut tam varius, at. Falx Os, iuratus in Labefac.</p>', '', '', '', '', '', ''),
(13992, 177, 2, 'Beach towel Stripes for Kids', '', '', '<p>Ita si ardor laxe eu Cogo arx subaudio. Os, color attero, an. Hi inservio quatenus/quatinus, eu. Pax percunctor, ut. Me Mica. Ne, in plus neo pars ne navale quo Heniis varius, St. Iam vae ne inter Idem devenio parum accredo Neco nam byssus ales an Seu re is, mors vir incrementabiliter hio desisto Noxa chirographum eo, os, agon os nec lac enucleo his ile pes vos Suppellex, re. Vae libro corium Pul.</p>', '', '', '', '', '', ''),
(13994, 172, 2, 'Sun cream Sunblocker 50', '', '', '<p>Ita si ardor laxe eu Cogo arx subaudio. Os, color attero, an. Hi inservio quatenus/quatinus, eu. Pax percunctor, ut. Me Mica. Ne, in plus neo pars ne navale quo Heniis varius, St. Iam vae ne inter Idem devenio parum accredo Neco nam byssus ales an Seu re is, mors vir incrementabiliter hio desisto Noxa chirographum eo, os, agon os nec lac enucleo his ile pes vos Suppellex, re. Vae libro corium Pul.</p>', '', '', '', '', '', ''),
(13995, 170, 2, 'Sun glass "Red"', '', '', '<p>Ita si ardor laxe eu Cogo arx subaudio. Os, color attero, an. Hi inservio quatenus/quatinus, eu. Pax percunctor, ut. Me Mica. Ne, in plus neo pars ne navale quo Heniis varius, St. Iam vae ne inter Idem devenio parum accredo Neco nam byssus ales an Seu re is, mors vir incrementabiliter hio desisto Noxa chirographum eo, os, agon os nec lac enucleo his ile pes vos Suppellex, re. Vae libro corium Pul.</p>', '', '', '', '', '', ''),
(13996, 166, 2, 'Sunglass Big Eyes', '', '', '<p>Ita si ardor laxe eu Cogo arx subaudio. Os, color attero, an. Hi inservio quatenus/quatinus, eu. Pax percunctor, ut. Me Mica. Ne, in plus neo pars ne navale quo Heniis varius, St. Iam vae ne inter Idem devenio parum accredo Neco nam byssus ales an Seu re is, mors vir incrementabiliter hio desisto Noxa chirographum eo, os, agon os nec lac enucleo his ile pes vos Suppellex, re. Vae libro corium Pul.</p>', '', '', '', '', '', ''),
(13997, 160, 2, 'Summer sandals ocean blue', '', '', '<p>Ita si ardor laxe eu Cogo arx subaudio. Os, color attero, an. Hi inservio quatenus/quatinus, eu. Pax percunctor, ut. Me Mica. Ne, in plus neo pars ne navale quo Heniis varius, St. Iam vae ne inter Idem devenio parum accredo Neco nam byssus ales an Seu re is, mors vir incrementabiliter hio desisto Noxa chirographum eo, os, agon os nec lac enucleo his ile pes vos Suppellex, re. Vae libro corium Pul.</p>', '', '', '', '', '', ''),
(13998, 159, 2, 'Hat Women with UV protection', '', '', '<p>Ita si ardor laxe eu Cogo arx subaudio. Os, color attero, an. Hi inservio quatenus/quatinus, eu. Pax percunctor, ut. Me Mica. Ne, in plus neo pars ne navale quo Heniis varius, St. Iam vae ne inter Idem devenio parum accredo Neco nam byssus ales an Seu re is, mors vir incrementabiliter hio desisto Noxa chirographum eo, os, agon os nec lac enucleo his ile pes vos Suppellex, re. Vae libro corium Pul.</p>', '', '', '', '', '', ''),
(13999, 157, 2, 'Panama Hat with UV protection', '', '', '<p>Ita si ardor laxe eu Cogo arx subaudio. Os, color attero, an. Hi inservio quatenus/quatinus, eu. Pax percunctor, ut. Me Mica. Ne, in plus neo pars ne navale quo Heniis varius, St. Iam vae ne inter Idem devenio parum accredo Neco nam byssus ales an Seu re is, mors vir incrementabiliter hio desisto Noxa chirographum eo, os, agon os nec lac enucleo his ile pes vos Suppellex, re. Vae libro corium Pul.</p>', '', '', '', '', '', ''),
(14000, 153, 2, 'Flip Flops, available in several colors', '', '', '<p>Ita si ardor laxe eu Cogo arx subaudio. Os, color attero, an. Hi inservio quatenus/quatinus, eu. Pax percunctor, ut. Me Mica. Ne, in plus neo pars ne navale quo Heniis varius, St. Iam vae ne inter Idem devenio parum accredo Neco nam byssus ales an Seu re is, mors vir incrementabiliter hio desisto Noxa chirographum eo, os, agon os nec lac enucleo his ile pes vos Suppellex, re. Vae libro corium Pul.</p>', '', '', '', '', '', ''),
(14001, 148, 2, 'Bag Gladstone leather', '', '', '<p>Ita si ardor laxe eu Cogo arx subaudio. Os, color attero, an. Hi inservio quatenus/quatinus, eu. Pax percunctor, ut. Me Mica. Ne, in plus neo pars ne navale quo Heniis varius, St. Iam vae ne inter Idem devenio parum accredo Neco nam byssus ales an Seu re is, mors vir incrementabiliter hio desisto Noxa chirographum eo, os, agon os nec lac enucleo his ile pes vos Suppellex, re. Vae libro corium Pul.</p>', '', '', '', '', '', ''),
(14002, 145, 2, 'Cap vintage driver', '', '', '<p>Ita si ardor laxe eu Cogo arx subaudio. Os, color attero, an. Hi inservio quatenus/quatinus, eu. Pax percunctor, ut. Me Mica. Ne, in plus neo pars ne navale quo Heniis varius, St. Iam vae ne inter Idem devenio parum accredo Neco nam byssus ales an Seu re is, mors vir incrementabiliter hio desisto Noxa chirographum eo, os, agon os nec lac enucleo his ile pes vos Suppellex, re. Vae libro corium Pul.</p>', '', '', '', '', '', ''),
(14003, 144, 2, 'Navigator Cap black', '', '', '<p>Ita si ardor laxe eu Cogo arx subaudio. Os, color attero, an. Hi inservio quatenus/quatinus, eu. Pax percunctor, ut. Me Mica. Ne, in plus neo pars ne navale quo Heniis varius, St. Iam vae ne inter Idem devenio parum accredo Neco nam byssus ales an Seu re is, mors vir incrementabiliter hio desisto Noxa chirographum eo, os, agon os nec lac enucleo his ile pes vos Suppellex, re. Vae libro corium Pul.</p>', '', '', '', '', '', ''),
(14004, 143, 2, 'Navigator leather cap brown', '', '', '<p>Ita si ardor laxe eu Cogo arx subaudio. Os, color attero, an. Hi inservio quatenus/quatinus, eu. Pax percunctor, ut. Me Mica. Ne, in plus neo pars ne navale quo Heniis varius, St. Iam vae ne inter Idem devenio parum accredo Neco nam byssus ales an Seu re is, mors vir incrementabiliter hio desisto Noxa chirographum eo, os, agon os nec lac enucleo his ile pes vos Suppellex, re. Vae libro corium Pul.</p>', '', '', '', '', '', ''),
(14005, 142, 2, 'Driver''s gloves', '', '', '<p>Ita si ardor laxe eu Cogo arx subaudio. Os, color attero, an. Hi inservio quatenus/quatinus, eu. Pax percunctor, ut. Me Mica. Ne, in plus neo pars ne navale quo Heniis varius, St. Iam vae ne inter Idem devenio parum accredo Neco nam byssus ales an Seu re is, mors vir incrementabiliter hio desisto Noxa chirographum eo, os, agon os nec lac enucleo his ile pes vos Suppellex, re. Vae libro corium Pul.</p>', '', '', '', '', '', ''),
(14006, 131, 2, 'Umbrella Sombrano, 350 cm', '', '', '<p>Ita si ardor laxe eu Cogo arx subaudio. Os, color attero, an. Hi inservio quatenus/quatinus, eu. Pax percunctor, ut. Me Mica. Ne, in plus neo pars ne navale quo Heniis varius, St. Iam vae ne inter Idem devenio parum accredo Neco nam byssus ales an Seu re is, mors vir incrementabiliter hio desisto Noxa chirographum eo, os, agon os nec lac enucleo his ile pes vos Suppellex, re. Vae libro corium Pul.</p>', '', '', '', '', '', ''),
(14008, 129, 2, 'Umbrella Fortino, 270 cm', '', '', '<p>Ita si ardor laxe eu Cogo arx subaudio. Os, color attero, an. Hi inservio quatenus/quatinus, eu. Pax percunctor, ut. Me Mica. Ne, in plus neo pars ne navale quo Heniis varius, St. Iam vae ne inter Idem devenio parum accredo Neco nam byssus ales an Seu re is, mors vir incrementabiliter hio desisto Noxa chirographum eo, os, agon os nec lac enucleo his ile pes vos Suppellex, re. Vae libro corium Pul.</p>', '', '', '', '', '', ''),
(14010, 7, 2, 'Juniper premium extra mild 32%', '', '', '<p>Ita si ardor laxe eu Cogo arx subaudio. Os, color attero, an. Hi inservio quatenus/quatinus, eu. Pax percunctor, ut. Me Mica. Ne, in plus neo pars ne navale quo Heniis varius, St. Iam vae ne inter Idem devenio parum accredo Neco nam byssus ales an Seu re is, mors vir incrementabiliter hio desisto Noxa chirographum eo, os, agon os nec lac enucleo his ile pes vos Suppellex, re. Vae libro corium Pul.</p>', '', '', '', '', '', ''),
(14011, 118, 2, 'Kicker goal counter', '', '', '<p>Ita si ardor laxe eu Cogo arx subaudio. Os, color attero, an. Hi inservio quatenus/quatinus, eu. Pax percunctor, ut. Me Mica. Ne, in plus neo pars ne navale quo Heniis varius, St. Iam vae ne inter Idem devenio parum accredo Neco nam byssus ales an Seu re is, mors vir incrementabiliter hio desisto Noxa chirographum eo, os, agon os nec lac enucleo his ile pes vos Suppellex, re. Vae libro corium Pul.</p>', '', '', '', '', '', ''),
(14012, 116, 2, 'Kicker champ, individually changeable', '', '', '<p>Ita si ardor laxe eu Cogo arx subaudio. Os, color attero, an. Hi inservio quatenus/quatinus, eu. Pax percunctor, ut. Me Mica. Ne, in plus neo pars ne navale quo Heniis varius, St. Iam vae ne inter Idem devenio parum accredo Neco nam byssus ales an Seu re is, mors vir incrementabiliter hio desisto Noxa chirographum eo, os, agon os nec lac enucleo his ile pes vos Suppellex, re. Vae libro corium Pul.</p>', '', '', '', '', '', ''),
(14013, 110, 2, 'Bag Feed me', '', '', '<p>Ita si ardor laxe eu Cogo arx subaudio. Os, color attero, an. Hi inservio quatenus/quatinus, eu. Pax percunctor, ut. Me Mica. Ne, in plus neo pars ne navale quo Heniis varius, St. Iam vae ne inter Idem devenio parum accredo Neco nam byssus ales an Seu re is, mors vir incrementabiliter hio desisto Noxa chirographum eo, os, agon os nec lac enucleo his ile pes vos Suppellex, re. Vae libro corium Pul.</p>', '', '', '', '', '', ''),
(14014, 104, 2, 'Suitcase small', '', '', '<p>Ita si ardor laxe eu Cogo arx subaudio. Os, color attero, an. Hi inservio quatenus/quatinus, eu. Pax percunctor, ut. Me Mica. Ne, in plus neo pars ne navale quo Heniis varius, St. Iam vae ne inter Idem devenio parum accredo Neco nam byssus ales an Seu re is, mors vir incrementabiliter hio desisto Noxa chirographum eo, os, agon os nec lac enucleo his ile pes vos Suppellex, re. Vae libro corium Pul.</p>', '', '', '', '', '', ''),
(14015, 102, 2, 'iPad bag with pencil', '', '', '<p>Ita si ardor laxe eu Cogo arx subaudio. Os, color attero, an. Hi inservio quatenus/quatinus, eu. Pax percunctor, ut. Me Mica. Ne, in plus neo pars ne navale quo Heniis varius, St. Iam vae ne inter Idem devenio parum accredo Neco nam byssus ales an Seu re is, mors vir incrementabiliter hio desisto Noxa chirographum eo, os, agon os nec lac enucleo his ile pes vos Suppellex, re. Vae libro corium Pul.</p>', '', '', '', '', '', ''),
(14016, 101, 2, 'Swatter yellow', '', '', '<p>Ita si ardor laxe eu Cogo arx subaudio. Os, color attero, an. Hi inservio quatenus/quatinus, eu. Pax percunctor, ut. Me Mica. Ne, in plus neo pars ne navale quo Heniis varius, St. Iam vae ne inter Idem devenio parum accredo Neco nam byssus ales an Seu re is, mors vir incrementabiliter hio desisto Noxa chirographum eo, os, agon os nec lac enucleo his ile pes vos Suppellex, re. Vae libro corium Pul.</p>', '', '', '', '', '', ''),
(14017, 90, 2, 'Plate Style chicken', '', '', '<p>Ita si ardor laxe eu Cogo arx subaudio. Os, color attero, an. Hi inservio quatenus/quatinus, eu. Pax percunctor, ut. Me Mica. Ne, in plus neo pars ne navale quo Heniis varius, St. Iam vae ne inter Idem devenio parum accredo Neco nam byssus ales an Seu re is, mors vir incrementabiliter hio desisto Noxa chirographum eo, os, agon os nec lac enucleo his ile pes vos Suppellex, re. Vae libro corium Pul.</p>', '', '', '', '', '', ''),
(14018, 83, 2, 'Baking set, 3 parts', '', '', '<p>Ita si ardor laxe eu Cogo arx subaudio. Os, color attero, an. Hi inservio quatenus/quatinus, eu. Pax percunctor, ut. Me Mica. Ne, in plus neo pars ne navale quo Heniis varius, St. Iam vae ne inter Idem devenio parum accredo Neco nam byssus ales an Seu re is, mors vir incrementabiliter hio desisto Noxa chirographum eo, os, agon os nec lac enucleo his ile pes vos Suppellex, re. Vae libro corium Pul.</p>', '', '', '', '', '', ''),
(14019, 81, 2, 'Baking tin pink', '', '', '<p>Ita si ardor laxe eu Cogo arx subaudio. Os, color attero, an. Hi inservio quatenus/quatinus, eu. Pax percunctor, ut. Me Mica. Ne, in plus neo pars ne navale quo Heniis varius, St. Iam vae ne inter Idem devenio parum accredo Neco nam byssus ales an Seu re is, mors vir incrementabiliter hio desisto Noxa chirographum eo, os, agon os nec lac enucleo his ile pes vos Suppellex, re. Vae libro corium Pul.</p>', '', '', '', '', '', ''),
(14020, 78, 2, 'Clock antique', '', '', '<p>Ita si ardor laxe eu Cogo arx subaudio. Os, color attero, an. Hi inservio quatenus/quatinus, eu. Pax percunctor, ut. Me Mica. Ne, in plus neo pars ne navale quo Heniis varius, St. Iam vae ne inter Idem devenio parum accredo Neco nam byssus ales an Seu re is, mors vir incrementabiliter hio desisto Noxa chirographum eo, os, agon os nec lac enucleo his ile pes vos Suppellex, re. Vae libro corium Pul.</p>', '', '', '', '', '', ''),
(14021, 77, 2, 'Couch table white', '', '', '<p>Ita si ardor laxe eu Cogo arx subaudio. Os, color attero, an. Hi inservio quatenus/quatinus, eu. Pax percunctor, ut. Me Mica. Ne, in plus neo pars ne navale quo Heniis varius, St. Iam vae ne inter Idem devenio parum accredo Neco nam byssus ales an Seu re is, mors vir incrementabiliter hio desisto Noxa chirographum eo, os, agon os nec lac enucleo his ile pes vos Suppellex, re. Vae libro corium Pul.</p>', '', '', '', '', '', ''),
(14023, 74, 2, 'Chair', '', '', '<p>Ita si ardor laxe eu Cogo arx subaudio. Os, color attero, an. Hi inservio quatenus/quatinus, eu. Pax percunctor, ut. Me Mica. Ne, in plus neo pars ne navale quo Heniis varius, St. Iam vae ne inter Idem devenio parum accredo Neco nam byssus ales an Seu re is, mors vir incrementabiliter hio desisto Noxa chirographum eo, os, agon os nec lac enucleo his ile pes vos Suppellex, re. Vae libro corium Pul.</p>', '', '', '', '', '', ''),
(14024, 69, 2, 'Board', '', '', '<p>Ita si ardor laxe eu Cogo arx subaudio. Os, color attero, an. Hi inservio quatenus/quatinus, eu. Pax percunctor, ut. Me Mica. Ne, in plus neo pars ne navale quo Heniis varius, St. Iam vae ne inter Idem devenio parum accredo Neco nam byssus ales an Seu re is, mors vir incrementabiliter hio desisto Noxa chirographum eo, os, agon os nec lac enucleo his ile pes vos Suppellex, re. Vae libro corium Pul.</p>', '', '', '', '', '', ''),
(14026, 67, 2, 'Antique dresser', '', '', '<p>Ita si ardor laxe eu Cogo arx subaudio. Os, color attero, an. Hi inservio quatenus/quatinus, eu. Pax percunctor, ut. Me Mica. Ne, in plus neo pars ne navale quo Heniis varius, St. Iam vae ne inter Idem devenio parum accredo Neco nam byssus ales an Seu re is, mors vir incrementabiliter hio desisto Noxa chirographum eo, os, agon os nec lac enucleo his ile pes vos Suppellex, re. Vae libro corium Pul.</p>', '', '', '', '', '', ''),
(14027, 64, 2, 'Mail box', '', '', '<p>Ita si ardor laxe eu Cogo arx subaudio. Os, color attero, an. Hi inservio quatenus/quatinus, eu. Pax percunctor, ut. Me Mica. Ne, in plus neo pars ne navale quo Heniis varius, St. Iam vae ne inter Idem devenio parum accredo Neco nam byssus ales an Seu re is, mors vir incrementabiliter hio desisto Noxa chirographum eo, os, agon os nec lac enucleo his ile pes vos Suppellex, re. Vae libro corium Pul.</p>', '', '', '', '', '', ''),
(14028, 2, 2, 'Munsterland Lagerkorn 32%', '', '', '<p>Ita si ardor laxe eu Cogo arx subaudio. Os, color attero, an. Hi inservio quatenus/quatinus, eu. Pax percunctor, ut. Me Mica. Ne, in plus neo pars ne navale quo Heniis varius, St. Iam vae ne inter Idem devenio parum accredo Neco nam byssus ales an Seu re is, mors vir incrementabiliter hio desisto Noxa chirographum eo, os, agon os nec lac enucleo his ile pes vos Suppellex, re. Vae libro corium Pul.</p>', '', '', '', '', '', ''),
(14029, 44, 2, 'Bee glue', '', '', '<p>Ita si ardor laxe eu Cogo arx subaudio. Os, color attero, an. Hi inservio quatenus/quatinus, eu. Pax percunctor, ut. Me Mica. Ne, in plus neo pars ne navale quo Heniis varius, St. Iam vae ne inter Idem devenio parum accredo Neco nam byssus ales an Seu re is, mors vir incrementabiliter hio desisto Noxa chirographum eo, os, agon os nec lac enucleo his ile pes vos Suppellex, re. Vae libro corium Pul.</p>', '', '', '', '', '', ''),
(14031, 41, 2, 'Grapes battery', '', '', '<p>Ita si ardor laxe eu Cogo arx subaudio. Os, color attero, an. Hi inservio quatenus/quatinus, eu. Pax percunctor, ut. Me Mica.</p>', '', '', '', '', '', ''),
(14032, 40, 2, 'Chocolate glue', '', '', '<p>Ita si ardor laxe eu Cogo arx subaudio. Os, color attero, an. Hi inservio quatenus/quatinus, eu. Pax percunctor, ut. Me Mica.</p>', '', '', '', '', '', ''),
(14033, 39, 2, 'Super noodles', '', '', '<p>Ita si ardor laxe eu Cogo arx subaudio. Os, color attero, an. Hi inservio quatenus/quatinus, eu. Pax percunctor, ut. Me Mica.</p>', '', '', '', '', '', ''),
(14034, 36, 2, 'White tea gift set', '', '', '<p>Io copia moeror immo pro audio modestia. Permaneo animosus etsi furax, aversor, faenum Pecus, mus me dux ferociter interpellatio certo. infrequentia Illis Quamquam Invidus, indutus voco tot Velociter, rare qui Limbus in Uter sub Ferito. Hinc lacrima Tutor gens Stabulaus antrum levis se voveo quemadmodum ruo illa sidereus. Luo Modicus tutela sedo Uxor contineo, ait ait crebra exsecror Ruga Sospes gratuita se Quae praevideo</p>', '', '', '', '', '', ''),
(14035, 35, 2, 'Black tea gift set', '', '', '<p>Io copia moeror immo pro audio modestia. Permaneo animosus etsi furax, aversor, faenum Pecus, mus me dux ferociter interpellatio certo. infrequentia Illis Quamquam Invidus, indutus voco tot Velociter, rare qui Limbus in Uter sub Ferito. Hinc lacrima Tutor gens Stabulaus antrum levis se voveo quemadmodum ruo illa sidereus. Luo Modicus tutela sedo Uxor contineo, ait ait crebra exsecror Ruga Sospes gratuita se Quae praevideo</p>', '', '', '', '', '', ''),
(14036, 34, 2, 'Pu Erh tea gift set', '', '', '<p>Io copia moeror immo pro audio modestia. Permaneo animosus etsi furax, aversor, faenum Pecus, mus me dux ferociter interpellatio certo. infrequentia Illis Quamquam Invidus, indutus voco tot Velociter, rare qui Limbus in Uter sub Ferito. Hinc lacrima Tutor gens Stabulaus antrum levis se voveo quemadmodum ruo illa sidereus. Luo Modicus tutela sedo Uxor contineo, ait ait crebra exsecror Ruga Sospes gratuita se Quae praevideo</p>', '', '', '', '', '', ''),
(14037, 33, 2, 'Oolong tea gift set', '', '', '<p>Io copia moeror immo pro audio modestia. Permaneo animosus etsi furax, aversor, faenum Pecus, mus me dux ferociter interpellatio certo. infrequentia Illis Quamquam Invidus, indutus voco tot Velociter, rare qui Limbus in Uter sub Ferito. Hinc lacrima Tutor gens Stabulaus antrum levis se voveo quemadmodum ruo illa sidereus. Luo Modicus tutela sedo Uxor contineo, ait ait crebra exsecror Ruga Sospes gratuita se Quae praevideo</p>', '', '', '', '', '', ''),
(14038, 32, 2, 'Jasmine tea gift set', '', '', '<p>Io copia moeror immo pro audio modestia. Permaneo animosus etsi furax, aversor, faenum Pecus, mus me dux ferociter interpellatio certo. infrequentia Illis Quamquam Invidus, indutus voco tot Velociter, rare qui Limbus in Uter sub Ferito. Hinc lacrima Tutor gens Stabulaus antrum levis se voveo quemadmodum ruo illa sidereus. Luo Modicus tutela sedo Uxor contineo, ait ait crebra exsecror Ruga Sospes gratuita se Quae praevideo</p>', '', '', '', '', '', ''),
(14039, 31, 2, 'Green tea gift set', '', '', '<p>Io copia moeror immo pro audio modestia. Permaneo animosus etsi furax, aversor, faenum Pecus, mus me dux ferociter interpellatio certo. infrequentia Illis Quamquam Invidus, indutus voco tot Velociter, rare qui Limbus in Uter sub Ferito. Hinc lacrima Tutor gens Stabulaus antrum levis se voveo quemadmodum ruo illa sidereus. Luo Modicus tutela sedo Uxor contineo, ait ait crebra exsecror Ruga Sospes gratuita se Quae praevideo</p>', '', '', '', '', '', ''),
(14040, 26, 2, 'Glas tea preparer', '', '', '<p>Io copia moeror immo pro audio modestia. Permaneo animosus etsi furax, aversor, faenum Pecus, mus me dux ferociter interpellatio certo. infrequentia Illis Quamquam Invidus, indutus voco tot Velociter, rare qui Limbus in Uter sub Ferito. Hinc lacrima Tutor gens Stabulaus antrum levis se voveo quemadmodum ruo illa sidereus. Luo Modicus tutela sedo Uxor contineo, ait ait crebra exsecror Ruga Sospes gratuita se Quae praevideo</p>', '', '', '', '', '', ''),
(14041, 25, 2, 'Glas teapot', '', '', '<p>Io copia moeror immo pro audio modestia. Permaneo animosus etsi furax, aversor, faenum Pecus, mus me dux ferociter interpellatio certo. infrequentia Illis Quamquam Invidus, indutus voco tot Velociter, rare qui Limbus in Uter sub Ferito. Hinc lacrima Tutor gens Stabulaus antrum levis se voveo quemadmodum ruo illa sidereus. Luo Modicus tutela sedo Uxor contineo, ait ait crebra exsecror Ruga Sospes gratuita se Quae praevideo</p>', '', '', '', '', '', ''),
(14042, 24, 2, 'Glas teapot', '', '', '<p>Io copia moeror immo pro audio modestia. Permaneo animosus etsi furax, aversor, faenum Pecus, mus me dux ferociter interpellatio certo. infrequentia Illis Quamquam Invidus, indutus voco tot Velociter, rare qui Limbus in Uter sub Ferito. Hinc lacrima Tutor gens Stabulaus antrum levis se voveo quemadmodum ruo illa sidereus. Luo Modicus tutela sedo Uxor contineo, ait ait crebra exsecror Ruga Sospes gratuita se Quae praevideo</p>', '', '', '', '', '', ''),
(14043, 23, 2, 'Glas cup', '', '', '<p>Io copia moeror immo pro audio modestia. Permaneo animosus etsi furax, aversor, faenum Pecus, mus me dux ferociter interpellatio certo. infrequentia Illis Quamquam Invidus, indutus voco tot Velociter, rare qui Limbus in Uter sub Ferito. Hinc lacrima Tutor gens Stabulaus antrum levis se voveo quemadmodum ruo illa sidereus. Luo Modicus tutela sedo Uxor contineo, ait ait crebra exsecror Ruga Sospes gratuita se Quae praevideo</p>', '', '', '', '', '', ''),
(14044, 22, 2, 'Tea glass 0,25 L', '', '', '<p>Io copia moeror immo pro audio modestia. Permaneo animosus etsi furax, aversor, faenum Pecus, mus me dux ferociter interpellatio certo. infrequentia Illis Quamquam Invidus, indutus voco tot Velociter, rare qui Limbus in Uter sub Ferito. Hinc lacrima Tutor gens Stabulaus antrum levis se voveo quemadmodum ruo illa sidereus. Luo Modicus tutela sedo Uxor contineo, ait ait crebra exsecror Ruga Sospes gratuita se Quae praevideo</p>', '', '', '', '', '', ''),
(14046, 21, 2, 'Jasmine lotus tea', '', '', '<p>Io copia moeror immo pro audio modestia. Permaneo animosus etsi furax, aversor, faenum Pecus, mus me dux ferociter interpellatio certo. infrequentia Illis Quamquam Invidus, indutus voco tot Velociter, rare qui Limbus in Uter sub Ferito. Hinc lacrima Tutor gens Stabulaus antrum levis se voveo quemadmodum ruo illa sidereus. Luo Modicus tutela sedo Uxor contineo, ait ait crebra exsecror Ruga Sospes gratuita se Quae praevideo</p>', '', '', '', '', '', ''),
(14048, 20, 2, 'Jasmine phonix tea', '', '', '<p>Io copia moeror immo pro audio modestia. Permaneo animosus etsi furax, aversor, faenum Pecus, mus me dux ferociter interpellatio certo. infrequentia Illis Quamquam Invidus, indutus voco tot Velociter, rare qui Limbus in Uter sub Ferito. Hinc lacrima Tutor gens Stabulaus antrum levis se voveo quemadmodum ruo illa sidereus. Luo Modicus tutela sedo Uxor contineo, ait ait crebra exsecror Ruga Sospes gratuita se Quae praevideo</p>', '', '', '', '', '', ''),
(14049, 19, 2, 'Oriental jasmine tea', '', '', '<p>Io copia moeror immo pro audio modestia. Permaneo animosus etsi furax, aversor, faenum Pecus, mus me dux ferociter interpellatio certo. infrequentia Illis Quamquam Invidus, indutus voco tot Velociter, rare qui Limbus in Uter sub Ferito. Hinc lacrima Tutor gens Stabulaus antrum levis se voveo quemadmodum ruo illa sidereus. Luo Modicus tutela sedo Uxor contineo, ait ait crebra exsecror Ruga Sospes gratuita se Quae praevideo</p>', '', '', '', '', '', ''),
(14050, 18, 2, 'Pi Lo Chun green tea', '', '', '<p>Io copia moeror immo pro audio modestia. Permaneo animosus etsi furax, aversor, faenum Pecus, mus me dux ferociter interpellatio certo. infrequentia Illis Quamquam Invidus, indutus voco tot Velociter, rare qui Limbus in Uter sub Ferito. Hinc lacrima Tutor gens Stabulaus antrum levis se voveo quemadmodum ruo illa sidereus. Luo Modicus tutela sedo Uxor contineo, ait ait crebra exsecror Ruga Sospes gratuita se Quae praevideo</p>', '', '', '', '', '', ''),
(14051, 17, 2, 'Mao Feng green tea', '', '', '<p>Io copia moeror immo pro audio modestia. Permaneo animosus etsi furax, aversor, faenum Pecus, mus me dux ferociter interpellatio certo. infrequentia Illis Quamquam Invidus, indutus voco tot Velociter, rare qui Limbus in Uter sub Ferito. Hinc lacrima Tutor gens Stabulaus antrum levis se voveo quemadmodum ruo illa sidereus. Luo Modicus tutela sedo Uxor contineo, ait ait crebra exsecror Ruga Sospes gratuita se Quae praevideo</p>', '', '', '', '', '', ''),
(14052, 15, 2, 'LUNG CHING green tea', '', '', '<p>Io copia moeror immo pro audio modestia. Permaneo animosus etsi furax, aversor, faenum Pecus, mus me dux ferociter interpellatio certo. infrequentia Illis Quamquam Invidus, indutus voco tot Velociter, rare qui Limbus in Uter sub Ferito. Hinc lacrima Tutor gens Stabulaus antrum levis se voveo quemadmodum ruo illa sidereus. Luo Modicus tutela sedo Uxor contineo, ait ait crebra exsecror Ruga Sospes gratuita se Quae praevideo</p>', '', '', '', '', '', ''),
(14053, 14, 2, 'Silver Yin Zhen tea white', '', '', '<p>Io copia moeror immo pro audio modestia. Permaneo animosus etsi furax, aversor, faenum Pecus, mus me dux ferociter interpellatio certo. infrequentia Illis Quamquam Invidus, indutus voco tot Velociter, rare qui Limbus in Uter sub Ferito. Hinc lacrima Tutor gens Stabulaus antrum levis se voveo quemadmodum ruo illa sidereus. Luo Modicus tutela sedo Uxor contineo, ait ait crebra exsecror Ruga Sospes gratuita se Quae praevideo</p>', '', '', '', '', '', ''),
(14054, 13, 2, 'Pai Mu Tan tea white', '', '', '<p>Io copia moeror immo pro audio modestia. Permaneo animosus etsi furax, aversor, faenum Pecus, mus me dux ferociter interpellatio certo. infrequentia Illis Quamquam Invidus, indutus voco tot Velociter, rare qui Limbus in Uter sub Ferito. Hinc lacrima Tutor gens Stabulaus antrum levis se voveo quemadmodum ruo illa sidereus. Luo Modicus tutela sedo Uxor contineo, ait ait crebra exsecror Ruga Sospes gratuita se Quae praevideo</p>', '', '', '', '', '', ''),
(14055, 11, 2, 'Munsterland Aperitif gift box', '', '', '<p>Io copia moeror immo pro audio modestia. Permaneo animosus etsi furax, aversor, faenum Pecus, mus me dux ferociter interpellatio certo. infrequentia Illis Quamquam Invidus, indutus voco tot Velociter, rare qui Limbus in Uter sub Ferito. Hinc lacrima Tutor gens Stabulaus antrum levis se voveo quemadmodum ruo illa sidereus. Luo Modicus tutela sedo Uxor contineo, ait ait crebra exsecror Ruga Sospes gratuita se Quae praevideo</p>', '', '', '', '', '', ''),
(14056, 10, 2, 'Aperitif glass demi sec', '', '', '<p>Io copia moeror immo pro audio modestia. Permaneo animosus etsi furax, aversor, faenum Pecus, mus me dux ferociter interpellatio certo. infrequentia Illis Quamquam Invidus, indutus voco tot Velociter, rare qui Limbus in Uter sub Ferito. Hinc lacrima Tutor gens Stabulaus antrum levis se voveo quemadmodum ruo illa sidereus. Luo Modicus tutela sedo Uxor contineo, ait ait crebra exsecror Ruga Sospes gratuita se Quae praevideo</p>', '', '', '', '', '', ''),
(14057, 3, 2, 'Munsterland Aperitif 16%', '', '', '<p>Io copia moeror immo pro audio modestia. Permaneo animosus etsi furax, aversor, faenum Pecus, mus me dux ferociter interpellatio certo. infrequentia Illis Quamquam Invidus, indutus voco tot Velociter, rare qui Limbus in Uter sub Ferito. Hinc lacrima Tutor gens Stabulaus antrum levis se voveo quemadmodum ruo illa sidereus. Luo Modicus tutela sedo Uxor contineo, ait ait crebra exsecror Ruga Sospes gratuita se Quae praevideo</p>', '', '', '', '', '', ''),
(14058, 248, 2, 'Shipping costs by weight', '', '', '<p>This article weighs 8 KG. These requires a calculation by weight. If you add it to the cart, it will be charged with 19,90 Euro. To do so, use the follwing access data: max.mustermann@mail.com &amp; Password: shopware .</p>', '', '', '', '', '', ''),
(14065, 178, 2, 'Beach Towel "Ibiza"', '', '', '', '', '', '', '', '', '');

TRUNCATE TABLE `s_articles_vote`;
INSERT INTO `s_articles_vote` (`id`, `articleID`, `name`, `headline`, `comment`, `points`, `datum`, `active`, `email`, `answer`, `answer_date`) VALUES
(4, 198, 'Pep Eroni', 'Hervorragend', 'bin sehr zufrieden...', 5, '2012-08-22 10:29:07', 1, '', 'Danke', '2012-08-29 13:13:19'),
(12, 198, 'Bert Bewerter', 'Super Artikel', 'Dieser Artikel zeichnet sich durch extreme Stabilität aus und fasst super viele Klamotten.\r\nDas Preisleistungsverhältnis ist exorbitant gut.', 5, '2012-08-29 14:02:24', 1, '', 'Vielen Dank für die positive Bewertung. Wir legen bei der Auswahl unserer Artikel besonders Wert auf die Qualität, sowie das Preis - / Leistungsverhältnis.<br>', '2012-08-29 14:04:14');

TRUNCATE TABLE `s_article_configurator_dependencies`;
TRUNCATE TABLE `s_article_configurator_groups`;
INSERT INTO `s_article_configurator_groups` (`id`, `name`, `description`, `position`) VALUES
(5, 'Flascheninhalt', NULL, 3),
(6, 'Farbe', NULL, 8),
(7, 'Größe', '', 9),
(8, 'Material', NULL, 10),
(9, 'Glastönung', NULL, 11),
(10, 'Lichtschutzfaktor', NULL, 12),
(11, 'Handtuchgröße', NULL, 13),
(12, 'mit Ersatzteilen', '', 14),
(13, 'Garantieverlängerung', NULL, 15),
(14, 'Inhalt', NULL, 16);

TRUNCATE TABLE `s_article_configurator_options`;
INSERT INTO `s_article_configurator_options` (`id`, `group_id`, `name`, `position`) VALUES
(11, 5, '0,2 Liter', 1),
(12, 5, '0,7 Liter', 2),
(13, 6, 'weiss', 4),
(14, 6, 'schwarz', 6),
(15, 6, 'blau', 7),
(16, 7, 'S', 1),
(17, 7, 'M', 2),
(18, 7, 'L', 3),
(19, 7, 'XL', 4),
(21, 7, '39/40', 6),
(22, 7, '41/42', 7),
(23, 7, '43/44', 9),
(24, 7, '44/45', 10),
(26, 7, '46/47', 13),
(27, 7, '48/49', 14),
(28, 6, 'rot', 8),
(32, 5, '1,0 Liter', 3),
(33, 5, '1,5 Liter', 5),
(34, 5, '5 Liter', 6),
(35, 5, '0,5 Liter', 2),
(36, 6, 'grün', 9),
(37, 6, 'pink', 10),
(38, 6, 'gelb', 11),
(39, 6, 'Signalrot', 12),
(40, 6, 'Blau-Weiss', 13),
(41, 6, 'Rot-Weiss', 14),
(42, 6, 'Gelb-Schwarz', 15),
(43, 6, 'Rot-Blau', 16),
(44, 6, 'Grün-Schwarz', 17),
(45, 6, 'Rot-Schwarz', 18),
(46, 6, 'braun', 19),
(47, 6, 'Orange', 20),
(48, 8, 'Leder', 1),
(49, 8, 'Tweed', 2),
(50, 8, 'Wool', 3),
(51, 8, 'Wildleder', 4),
(52, 6, 'Cognac', 21),
(55, 6, 'Schwarzbraun', 24),
(56, 9, 'dunkel', 1),
(57, 9, 'gelb', 2),
(58, 9, 'weiss', 3),
(60, 7, '37/38', 5),
(61, 7, '36', 15),
(62, 7, '37', 16),
(63, 7, '38', 17),
(64, 7, '39', 18),
(65, 7, '40', 19),
(66, 7, '41', 20),
(67, 7, '42', 21),
(68, 10, '10', 1),
(69, 10, '15', 2),
(70, 10, '20', 3),
(71, 10, '30', 4),
(72, 10, '50 Sunblocker', 5),
(73, 6, 'lila', 12),
(74, 11, '60x80cm', 1),
(75, 11, '80x100cm', 2),
(76, 11, '100x160cm', 3),
(77, 11, '140x220cm', 4),
(78, 7, 'XXL', 22),
(80, 12, 'ohne', 1),
(81, 12, 'mit Figuren', 2),
(83, 12, 'mit Figuren und Ball-Set', 3),
(84, 12, 'mit Figuren, Ball-Set und Service Box', 4),
(85, 13, '24 Monate', 1),
(86, 13, '36 Monate', 2),
(87, 13, 'ohne', 3),
(88, 14, '200ml', 1),
(89, 14, '500ml', 2),
(90, 14, '5l', 3);

TRUNCATE TABLE `s_article_configurator_option_relations`;
INSERT INTO `s_article_configurator_option_relations` (`id`, `article_id`, `option_id`) VALUES
(2, 8, 12),
(4, 10, 12),
(6, 12, 12),
(8, 55, 14),
(10, 57, 14),
(12, 59, 14),
(14, 61, 14),
(18, 72, 15),
(36, 83, 22),
(37, 84, 23),
(38, 85, 24),
(40, 87, 26),
(42, 89, 22),
(43, 90, 23),
(44, 91, 24),
(46, 93, 26),
(48, 95, 22),
(49, 96, 23),
(50, 97, 24),
(52, 99, 26),
(54, 101, 22),
(55, 102, 23),
(56, 103, 24),
(58, 105, 26),
(69, 123, 33),
(70, 124, 34),
(71, 125, 35),
(72, 153, 36),
(73, 154, 37),
(74, 180, 13),
(75, 181, 14),
(76, 182, 15),
(77, 183, 36),
(78, 184, 38),
(80, 189, 14),
(81, 190, 15),
(82, 191, 28),
(83, 192, 36),
(84, 193, 37),
(85, 194, 38),
(86, 195, 39),
(87, 196, 40),
(88, 197, 41),
(89, 198, 42),
(90, 199, 43),
(91, 200, 44),
(92, 201, 45),
(93, 202, 46),
(94, 203, 47),
(96, 205, 14),
(97, 206, 15),
(98, 207, 28),
(99, 208, 36),
(100, 209, 37),
(101, 210, 38),
(102, 211, 39),
(103, 212, 40),
(104, 213, 41),
(105, 214, 42),
(106, 215, 43),
(107, 216, 44),
(108, 217, 45),
(109, 218, 46),
(110, 219, 47),
(111, 220, 13),
(112, 221, 14),
(113, 222, 15),
(114, 223, 28),
(115, 224, 36),
(116, 225, 37),
(117, 226, 38),
(118, 227, 39),
(119, 228, 40),
(120, 229, 41),
(121, 230, 42),
(122, 231, 43),
(123, 232, 44),
(124, 233, 45),
(125, 234, 46),
(126, 235, 47),
(128, 247, 12),
(129, 248, 32),
(130, 249, 11),
(131, 250, 12),
(132, 251, 32),
(133, 252, 11),
(134, 253, 12),
(135, 254, 32),
(136, 255, 33),
(137, 256, 11),
(138, 257, 12),
(139, 258, 32),
(140, 259, 33),
(144, 267, 51),
(143, 267, 52),
(146, 268, 48),
(145, 268, 53),
(148, 269, 51),
(147, 269, 53),
(150, 270, 48),
(149, 270, 54),
(152, 271, 51),
(151, 271, 54),
(170, 302, 15),
(171, 302, 22),
(172, 303, 15),
(173, 303, 23),
(174, 304, 15),
(175, 304, 24),
(176, 305, 15),
(177, 305, 26),
(178, 306, 15),
(179, 306, 27),
(180, 307, 15),
(181, 307, 60),
(183, 308, 21),
(182, 308, 36),
(185, 309, 22),
(184, 309, 36),
(187, 310, 23),
(186, 310, 36),
(189, 311, 24),
(188, 311, 36),
(191, 312, 26),
(190, 312, 36),
(193, 313, 27),
(192, 313, 36),
(194, 314, 36),
(195, 314, 60),
(197, 315, 21),
(196, 315, 59),
(199, 316, 22),
(198, 316, 59),
(201, 317, 23),
(200, 317, 59),
(203, 318, 24),
(202, 318, 59),
(205, 319, 26),
(204, 319, 59),
(207, 320, 27),
(206, 320, 59),
(208, 321, 59),
(209, 321, 60),
(210, 322, 15),
(211, 322, 21),
(212, 323, 15),
(213, 323, 22),
(214, 324, 15),
(215, 324, 23),
(216, 325, 15),
(217, 325, 24),
(218, 326, 15),
(219, 326, 26),
(220, 327, 15),
(221, 327, 27),
(222, 328, 15),
(223, 328, 60),
(225, 329, 21),
(224, 329, 36),
(227, 330, 22),
(226, 330, 36),
(229, 331, 23),
(228, 331, 36),
(231, 332, 24),
(230, 332, 36),
(233, 333, 26),
(232, 333, 36),
(235, 334, 27),
(234, 334, 36),
(236, 335, 36),
(237, 335, 60),
(239, 336, 21),
(238, 336, 59),
(241, 337, 22),
(240, 337, 59),
(243, 338, 23),
(242, 338, 59),
(245, 339, 24),
(244, 339, 59),
(247, 340, 26),
(246, 340, 59),
(249, 341, 27),
(248, 341, 59),
(250, 342, 59),
(251, 342, 60),
(252, 346, 21),
(253, 347, 22),
(254, 348, 23),
(255, 349, 24),
(256, 350, 26),
(257, 351, 27),
(258, 352, 60),
(259, 353, 21),
(260, 354, 22),
(261, 355, 23),
(262, 356, 24),
(263, 357, 26),
(264, 358, 27),
(265, 359, 60),
(266, 364, 61),
(267, 365, 62),
(268, 366, 63),
(269, 367, 64),
(270, 368, 65),
(271, 369, 66),
(272, 370, 67),
(273, 372, 61),
(274, 373, 62),
(275, 374, 63),
(276, 375, 64),
(277, 376, 65),
(278, 377, 66),
(279, 378, 67),
(280, 380, 61),
(281, 381, 62),
(282, 382, 63),
(283, 383, 64),
(284, 384, 65),
(285, 385, 66),
(286, 386, 67),
(287, 396, 68),
(288, 397, 69),
(289, 398, 70),
(290, 399, 71),
(292, 409, 15),
(293, 410, 28),
(294, 411, 36),
(295, 412, 37),
(296, 413, 38),
(297, 414, 59),
(298, 415, 73),
(299, 417, 15),
(300, 418, 28),
(301, 419, 36),
(302, 420, 38),
(303, 443, 15),
(304, 443, 61),
(305, 444, 15),
(306, 444, 62),
(307, 445, 15),
(308, 445, 63),
(309, 446, 15),
(310, 446, 64),
(311, 447, 15),
(312, 447, 65),
(313, 448, 15),
(314, 448, 66),
(315, 449, 15),
(316, 449, 67),
(317, 450, 28),
(318, 450, 61),
(319, 451, 28),
(320, 451, 62),
(321, 452, 28),
(322, 452, 63),
(323, 453, 28),
(324, 453, 64),
(325, 454, 28),
(326, 454, 65),
(327, 455, 28),
(328, 455, 66),
(329, 456, 28),
(330, 456, 67),
(331, 457, 37),
(332, 457, 61),
(333, 458, 37),
(334, 458, 62),
(335, 459, 37),
(336, 459, 63),
(337, 460, 37),
(338, 460, 64),
(339, 461, 37),
(340, 461, 65),
(341, 462, 37),
(342, 462, 66),
(343, 463, 37),
(344, 463, 67),
(347, 466, 15),
(348, 466, 22),
(349, 467, 15),
(350, 467, 23),
(351, 468, 15),
(352, 468, 24),
(353, 469, 15),
(354, 469, 26),
(355, 470, 15),
(356, 470, 27),
(357, 471, 15),
(358, 471, 60),
(360, 472, 21),
(359, 472, 36),
(362, 473, 22),
(361, 473, 36),
(364, 474, 23),
(363, 474, 36),
(366, 475, 24),
(365, 475, 36),
(368, 476, 26),
(367, 476, 36),
(370, 477, 27),
(369, 477, 36),
(371, 478, 36),
(372, 478, 60),
(374, 479, 21),
(373, 479, 59),
(376, 480, 22),
(375, 480, 59),
(378, 481, 23),
(377, 481, 59),
(380, 482, 24),
(379, 482, 59),
(382, 483, 26),
(381, 483, 59),
(384, 484, 27),
(383, 484, 59),
(385, 485, 59),
(386, 485, 60),
(389, 487, 15),
(390, 487, 22),
(391, 488, 15),
(392, 488, 23),
(393, 489, 15),
(394, 489, 24),
(395, 490, 15),
(396, 490, 26),
(397, 491, 15),
(398, 491, 27),
(399, 492, 15),
(400, 492, 60),
(402, 493, 21),
(401, 493, 36),
(404, 494, 22),
(403, 494, 36),
(406, 495, 23),
(405, 495, 36),
(408, 496, 24),
(407, 496, 36),
(410, 497, 26),
(409, 497, 36),
(412, 498, 27),
(411, 498, 36),
(413, 499, 36),
(414, 499, 60),
(416, 500, 21),
(415, 500, 59),
(418, 501, 22),
(417, 501, 59),
(420, 502, 23),
(419, 502, 59),
(422, 503, 24),
(421, 503, 59),
(424, 504, 26),
(423, 504, 59),
(426, 505, 27),
(425, 505, 59),
(427, 506, 59),
(428, 506, 60),
(513, 549, 15),
(514, 549, 21),
(515, 550, 15),
(516, 550, 22),
(517, 551, 15),
(518, 551, 23),
(519, 552, 15),
(520, 552, 24),
(521, 553, 15),
(522, 553, 26),
(523, 554, 15),
(524, 554, 27),
(525, 555, 15),
(526, 555, 60),
(528, 556, 21),
(527, 556, 36),
(530, 557, 22),
(529, 557, 36),
(532, 558, 23),
(531, 558, 36),
(534, 559, 24),
(533, 559, 36),
(536, 560, 26),
(535, 560, 36),
(538, 561, 27),
(537, 561, 36),
(539, 562, 36),
(540, 562, 60),
(542, 563, 21),
(541, 563, 59),
(544, 564, 22),
(543, 564, 59),
(546, 565, 23),
(545, 565, 59),
(548, 566, 24),
(547, 566, 59),
(550, 567, 26),
(549, 567, 59),
(552, 568, 27),
(551, 568, 59),
(553, 569, 59),
(554, 569, 60),
(557, 572, 28),
(558, 572, 74),
(559, 573, 36),
(560, 573, 74),
(561, 574, 37),
(562, 574, 74),
(563, 575, 38),
(564, 575, 74),
(565, 576, 59),
(566, 576, 74),
(567, 577, 73),
(568, 577, 74),
(569, 578, 15),
(570, 578, 75),
(571, 579, 28),
(572, 579, 75),
(573, 580, 36),
(574, 580, 75),
(575, 581, 37),
(576, 581, 75),
(577, 582, 38),
(578, 582, 75),
(579, 583, 59),
(580, 583, 75),
(581, 584, 73),
(582, 584, 75),
(583, 585, 15),
(584, 585, 76),
(585, 586, 28),
(586, 586, 76),
(587, 587, 36),
(588, 587, 76),
(589, 588, 37),
(590, 588, 76),
(591, 589, 38),
(592, 589, 76),
(593, 590, 59),
(594, 590, 76),
(595, 591, 73),
(596, 591, 76),
(597, 592, 15),
(598, 592, 77),
(599, 593, 28),
(600, 593, 77),
(601, 594, 36),
(602, 594, 77),
(603, 595, 37),
(604, 595, 77),
(605, 596, 38),
(606, 596, 77),
(607, 597, 59),
(608, 597, 77),
(609, 598, 73),
(610, 598, 77),
(613, 600, 15),
(614, 600, 77),
(615, 601, 28),
(616, 601, 75),
(617, 602, 28),
(618, 602, 77),
(619, 603, 36),
(620, 603, 75),
(621, 604, 36),
(622, 604, 77),
(625, 606, 28),
(626, 606, 74),
(627, 607, 36),
(628, 607, 74),
(629, 608, 37),
(630, 608, 74),
(631, 609, 38),
(632, 609, 74),
(633, 610, 73),
(634, 610, 74),
(635, 611, 15),
(636, 611, 75),
(637, 612, 28),
(638, 612, 75),
(639, 613, 36),
(640, 613, 75),
(641, 614, 37),
(642, 614, 75),
(643, 615, 38),
(644, 615, 75),
(645, 616, 73),
(646, 616, 75),
(647, 617, 15),
(648, 617, 76),
(649, 618, 28),
(650, 618, 76),
(651, 619, 36),
(652, 619, 76),
(653, 620, 37),
(654, 620, 76),
(655, 621, 38),
(656, 621, 76),
(657, 622, 73),
(658, 622, 76),
(659, 623, 15),
(660, 623, 77),
(661, 624, 28),
(662, 624, 77),
(663, 625, 36),
(664, 625, 77),
(665, 626, 37),
(666, 626, 77),
(667, 627, 38),
(668, 627, 77),
(669, 628, 73),
(670, 628, 77),
(673, 630, 28),
(674, 630, 76),
(675, 631, 36),
(676, 631, 76),
(677, 632, 37),
(678, 632, 76),
(679, 633, 38),
(680, 633, 76),
(681, 634, 73),
(682, 634, 76),
(683, 635, 15),
(684, 635, 77),
(685, 636, 28),
(686, 636, 77),
(687, 637, 36),
(688, 637, 77),
(689, 638, 37),
(690, 638, 77),
(691, 639, 38),
(692, 639, 77),
(693, 640, 73),
(694, 640, 77),
(698, 642, 17),
(697, 642, 28),
(700, 643, 17),
(699, 643, 36),
(702, 644, 17),
(701, 644, 37),
(704, 645, 17),
(703, 645, 38),
(706, 646, 17),
(705, 646, 73),
(707, 647, 15),
(708, 647, 18),
(710, 648, 18),
(709, 648, 28),
(712, 649, 18),
(711, 649, 36),
(714, 650, 18),
(713, 650, 37),
(716, 651, 18),
(715, 651, 38),
(718, 652, 18),
(717, 652, 73),
(719, 653, 15),
(720, 653, 19),
(722, 654, 19),
(721, 654, 28),
(724, 655, 19),
(723, 655, 36),
(726, 656, 19),
(725, 656, 37),
(728, 657, 19),
(727, 657, 38),
(730, 658, 19),
(729, 658, 73),
(734, 660, 16),
(733, 660, 28),
(736, 661, 16),
(735, 661, 36),
(738, 662, 16),
(737, 662, 37),
(740, 663, 16),
(739, 663, 38),
(742, 664, 16),
(741, 664, 73),
(743, 665, 15),
(744, 665, 17),
(746, 666, 17),
(745, 666, 28),
(748, 667, 17),
(747, 667, 36),
(750, 668, 17),
(749, 668, 37),
(752, 669, 17),
(751, 669, 38),
(754, 670, 17),
(753, 670, 73),
(755, 671, 15),
(756, 671, 18),
(758, 672, 18),
(757, 672, 28),
(760, 673, 18),
(759, 673, 36),
(762, 674, 18),
(761, 674, 37),
(764, 675, 18),
(763, 675, 38),
(766, 676, 18),
(765, 676, 73),
(767, 677, 15),
(768, 677, 19),
(770, 678, 19),
(769, 678, 28),
(772, 679, 19),
(771, 679, 36),
(774, 680, 19),
(773, 680, 37),
(776, 681, 19),
(775, 681, 38),
(778, 682, 19),
(777, 682, 73),
(779, 683, 15),
(780, 683, 78),
(781, 684, 28),
(782, 684, 78),
(783, 685, 36),
(784, 685, 78),
(785, 686, 37),
(786, 686, 78),
(787, 687, 38),
(788, 687, 78),
(789, 688, 73),
(790, 688, 78),
(791, 689, 15),
(792, 689, 16),
(793, 690, 15),
(794, 690, 17),
(795, 691, 15),
(796, 691, 18),
(797, 692, 15),
(798, 692, 19),
(799, 693, 15),
(800, 693, 78),
(802, 694, 16),
(801, 694, 36),
(804, 695, 17),
(803, 695, 36),
(806, 696, 18),
(805, 696, 36),
(808, 697, 19),
(807, 697, 36),
(809, 698, 36),
(810, 698, 78),
(812, 699, 16),
(811, 699, 37),
(814, 700, 17),
(813, 700, 37),
(816, 701, 18),
(815, 701, 37),
(818, 702, 19),
(817, 702, 37),
(819, 703, 37),
(820, 703, 78),
(822, 704, 16),
(821, 704, 38),
(824, 705, 17),
(823, 705, 38),
(826, 706, 18),
(825, 706, 38),
(828, 707, 19),
(827, 707, 38),
(829, 708, 38),
(830, 708, 78),
(832, 711, 81),
(833, 712, 83),
(834, 713, 84),
(836, 715, 81),
(837, 716, 83),
(838, 717, 84),
(841, 719, 81),
(842, 719, 85),
(843, 720, 83),
(844, 720, 85),
(845, 721, 84),
(846, 721, 85),
(847, 722, 80),
(848, 722, 86),
(849, 723, 81),
(850, 723, 86),
(851, 724, 83),
(852, 724, 86),
(853, 725, 84),
(854, 725, 86),
(855, 726, 80),
(856, 726, 85),
(857, 727, 81),
(858, 727, 85),
(859, 728, 83),
(860, 728, 85),
(861, 729, 84),
(862, 729, 85),
(863, 730, 80),
(864, 730, 86),
(865, 731, 81),
(866, 731, 86),
(867, 732, 83),
(868, 732, 86),
(869, 733, 84),
(870, 733, 86),
(871, 734, 80),
(872, 734, 87),
(873, 735, 81),
(874, 735, 87),
(875, 736, 83),
(876, 736, 87),
(877, 737, 84),
(878, 737, 87),
(880, 740, 34),
(881, 741, 35),
(882, 742, 33),
(883, 743, 34),
(884, 744, 35),
(885, 753, 88),
(886, 754, 89),
(887, 755, 90),
(888, 757, 88),
(889, 758, 89),
(890, 759, 90),
(891, 761, 88),
(892, 762, 89),
(893, 763, 90),
(894, 766, 88),
(895, 767, 89),
(896, 768, 90),
(897, 769, 88),
(898, 770, 89),
(899, 771, 90),
(900, 780, 13),
(901, 781, 38);

TRUNCATE TABLE `s_article_configurator_price_variations`;
INSERT INTO `s_article_configurator_price_variations` (`id`, `configurator_set_id`, `variation`, `options` ) VALUES
(1, 28, '25.000', '|81|'),
(2, 28, '35.000', '|83|'),
(3, 28, '45.000', '|84|'),
(4, 28, '50.000', '|85|'),
(5, 28, '100.000', '|86|');

TRUNCATE TABLE `s_article_configurator_sets`;
INSERT INTO `s_article_configurator_sets` (`id`, `name`, `public`, `type`) VALUES
(3, 'Flaschengröße', 0, 0),
(4, 'Farbe s/w', 0, 0),
(5, 'Boxen Größe und Farbe', 0, 1),
(6, 'Schuhe', 0, 0),
(7, 'Fusschützer', 0, 0),
(8, 'Lagerkorn', 0, 0),
(9, 'Set-SW10090', 0, 0),
(10, 'Set-SW10115', 0, 0),
(11, 'Set-SW10118', 0, 0),
(12, 'Set-SW10007', 0, 0),
(13, 'Set-SW10123', 0, 0),
(14, 'Set-SW10133', 0, 0),
(15, 'Set-SW10138', 0, 0),
(16, 'Set-SW10153', 0, 0),
(17, 'Set-SW10156', 0, 0),
(18, 'Set-SW10155', 0, 0),
(19, 'Set-SW10160', 0, 0),
(20, 'Set-SW10161', 0, 0),
(21, 'Set-SW10162', 0, 0),
(22, 'Set-SW10171', 0, 0),
(23, 'Set-SW10179', 0, 0),
(24, 'Set-SW10180', 0, 0),
(25, 'Set-SW10201', 0, 0),
(26, 'Set-SW10202', 0, 1),
(27, 'Set-SW10203', 0, 2),
(28, 'Set-SW10204', 0, 0),
(29, 'Set-SW10205', 0, 0),
(30, 'stop the water', 1, 0),
(31, 'Set-SW10213', 0, 0),
(32, 'Set-SW10214', 0, 0),
(33, 'Set-SW10215', 0, 0),
(34, 'Set-SW10216', 0, 0),
(35, 'Set-SW100718', 0, 0);

TRUNCATE TABLE `s_article_configurator_set_group_relations`;
INSERT INTO `s_article_configurator_set_group_relations` (`set_id`, `group_id`) VALUES
(3, 5),
(4, 6),
(5, 6),
(5, 7),
(6, 7),
(7, 6),
(8, 5),
(9, 6),
(10, 6),
(11, 6),
(12, 5),
(13, 5),
(14, 6),
(14, 8),
(15, 9),
(16, 6),
(16, 7),
(17, 7),
(18, 7),
(19, 7),
(20, 7),
(21, 7),
(22, 10),
(23, 6),
(24, 6),
(25, 6),
(25, 7),
(26, 6),
(26, 7),
(27, 6),
(27, 7),
(28, 12),
(28, 13),
(29, 5),
(30, 14),
(31, 14),
(32, 14),
(33, 14),
(34, 14),
(35, 6);

TRUNCATE TABLE `s_article_configurator_set_option_relations`;
INSERT INTO `s_article_configurator_set_option_relations` (`set_id`, `option_id`) VALUES
(3, 11),
(3, 12),
(3, 32),
(3, 33),
(4, 13),
(4, 14),
(5, 14),
(5, 15),
(5, 16),
(5, 17),
(5, 18),
(5, 19),
(6, 21),
(6, 22),
(6, 23),
(6, 24),
(6, 26),
(6, 27),
(7, 14),
(7, 15),
(7, 28),
(8, 33),
(8, 34),
(8, 35),
(9, 36),
(9, 37),
(10, 13),
(10, 14),
(10, 15),
(10, 36),
(10, 38),
(11, 13),
(11, 14),
(11, 15),
(11, 28),
(11, 36),
(11, 37),
(11, 38),
(11, 39),
(11, 40),
(11, 41),
(11, 42),
(11, 43),
(11, 44),
(11, 45),
(11, 46),
(11, 47),
(12, 11),
(12, 12),
(12, 32),
(13, 11),
(13, 12),
(13, 32),
(13, 33),
(14, 48),
(14, 51),
(14, 52),
(14, 53),
(14, 54),
(15, 56),
(15, 57),
(15, 58),
(16, 15),
(16, 21),
(16, 22),
(16, 23),
(16, 24),
(16, 26),
(16, 27),
(16, 36),
(16, 59),
(16, 60),
(17, 21),
(17, 22),
(17, 23),
(17, 24),
(17, 26),
(17, 27),
(17, 60),
(18, 21),
(18, 22),
(18, 23),
(18, 24),
(18, 26),
(18, 27),
(18, 60),
(19, 61),
(19, 62),
(19, 63),
(19, 64),
(19, 65),
(19, 66),
(19, 67),
(20, 61),
(20, 62),
(20, 63),
(20, 64),
(20, 65),
(20, 66),
(20, 67),
(21, 61),
(21, 62),
(21, 63),
(21, 64),
(21, 65),
(21, 66),
(21, 67),
(22, 68),
(22, 69),
(22, 70),
(22, 71),
(22, 72),
(23, 15),
(23, 28),
(23, 36),
(23, 37),
(23, 38),
(23, 59),
(23, 73),
(24, 15),
(24, 28),
(24, 36),
(24, 38),
(25, 15),
(25, 28),
(25, 37),
(25, 61),
(25, 62),
(25, 63),
(25, 64),
(25, 65),
(25, 66),
(25, 67),
(26, 15),
(26, 21),
(26, 22),
(26, 23),
(26, 24),
(26, 26),
(26, 27),
(26, 36),
(26, 59),
(26, 60),
(27, 15),
(27, 16),
(27, 17),
(27, 18),
(27, 19),
(27, 36),
(27, 37),
(27, 38),
(27, 78),
(28, 80),
(28, 81),
(28, 83),
(28, 84),
(28, 85),
(28, 86),
(29, 33),
(29, 34),
(29, 35),
(30, 88),
(30, 89),
(30, 90),
(31, 88),
(31, 89),
(31, 90),
(32, 88),
(32, 89),
(32, 90),
(33, 88),
(33, 89),
(33, 90),
(34, 88),
(34, 89),
(34, 90),
(35, 13),
(35, 38);

TRUNCATE TABLE `s_article_configurator_templates`;
TRUNCATE TABLE `s_article_configurator_templates_attributes`;
TRUNCATE TABLE `s_article_configurator_template_prices`;
TRUNCATE TABLE `s_article_configurator_template_prices_attributes`;
TRUNCATE TABLE `s_article_img_mappings`;
INSERT INTO `s_article_img_mappings` (`id`, `image_id`) VALUES
(15, 3),
(17, 5),
(33, 5),
(2, 13),
(3, 17),
(16, 232),
(18, 275),
(20, 311),
(19, 312),
(21, 313),
(22, 314),
(23, 315),
(30, 484),
(31, 485),
(32, 486);

TRUNCATE TABLE `s_article_img_mapping_rules`;
INSERT INTO `s_article_img_mapping_rules` (`id`, `mapping_id`, `option_id`) VALUES
(2, 2, 12),
(3, 3, 11),
(15, 15, 35),
(16, 16, 34),
(18, 18, 37),
(19, 19, 38),
(20, 20, 15),
(21, 21, 36),
(22, 22, 14),
(23, 23, 13),
(33, 30, 15),
(34, 31, 28),
(35, 32, 37),
(36, 17, 35),
(37, 33, 33);


TRUNCATE TABLE `s_articles_avoid_customergroups`;

TRUNCATE TABLE `s_addon_premiums`;
INSERT INTO `s_addon_premiums` (`id`, `startprice`, `ordernumber`, `ordernumber_export`, `subshopID`) VALUES
(1, 50, 'SW10209', 'SW10209', 0),
(2, 100, 'SW10238', 'SW10238', 0),
(3, 250, 'SW10221', 'SW10221', 0);

TRUNCATE TABLE `s_billing_template`;
INSERT INTO `s_billing_template` (`ID`, `name`, `value`, `typ`, `group`, `desc`, `position`, `show`) VALUES
(1, 'top', '1cm', 2, 'margin', 'Seitenabstand oben', 0, 1),
(2, 'right', '0.81cm', 2, 'margin', 'Seitenrand rechts', 0, 1),
(3, 'bottom', '0cm', 2, 'margin', 'Seitenabstand unten', 0, 1),
(4, 'left', '2.41cm', 2, 'margin', 'Seitenabstand links', 0, 1),
(5, 'top2', '5cm', 2, 'header', 'Logohöhe', 6, 1),
(7, 'margin', '1cm', 2, 'headline', 'Überschrift Abstand zur Anschrift', 0, 1),
(8, 'left', '0cm', 2, 'sender', 'Abstand links (negativ Wert möglich)', 0, 1),
(9, 'footer', '<table style="height: 90px;" border="0" width="100%">\r\n<tbody>\r\n<tr valign="top">\r\n<td style="width: 25%;">\r\n<p><span style="font-size: xx-small;">Demo GmbH</span></p>\r\n<p><span style="font-size: xx-small;">Steuer-Nr <br />UST-ID: <br />Finanzamt </span><span style="font-size: xx-small;">Musterstadt</span></p>\r\n</td>\r\n<td style="width: 25%;">\r\n<p><span style="font-size: xx-small;">Bankverbindung</span></p>\r\n<p><span style="font-size: xx-small;">Sparkasse Musterstadt<br />BLZ: <br />Konto: </span></p>\r\n<span style="font-size: xx-small;">aaaa<br /></span></td>\r\n<td style="width: 25%;">\r\n<p><span style="font-size: xx-small;">AGB<br /></span></p>\r\n<p><span style="font-size: xx-small;">Gerichtsstand ist Musterstadt<br />Erf&uuml;llungsort Musterstadt<br />Gelieferte Ware bleibt bis zur vollst&auml;ndigen Bezahlung unser Eigentum</span></p>\r\n</td>\r\n<td style="width: 25%;">\r\n<p><span style="font-size: xx-small;">Gesch&auml;ftsf&uuml;hrer</span></p>\r\n<p><span style="font-size: xx-small;">Max Mustermann</span></p>\r\n</td>\r\n</tr>\r\n</tbody>\r\n</table>', 1, 'footer', 'Fusszeile', 2, 1),
(13, 'right', '<p><strong>Demo GmbH </strong><br /> Max Mustermann<br /> Stra&szlig;e 3<br /> 00000 Musterstadt<br /> Fon: 01234 / 56789<br /> Fax: 01234 / 56780<br />info@demo.de<br />www.demo.de</p>', 1, 'header', 'Briefkopf rechts', 9, 1),
(14, 'sender', 'Demo GmbH - Straße 3 - 00000 Musterstadt', 2, 'sender', 'Absender', 0, 1),
(15, 'left', '100px', 2, 'footer', 'Abstand links', 0, 1),
(16, 'bottom', '100px', 2, 'footer', 'Abstand unten', 1, 1),
(17, 'number', '10', 2, 'content_middle', 'Anzahl angezeigter Postionen', 2, 1),
(18, 'text', '', 1, 'content_middle', 'Freitext', 4, 1),
(19, 'height', '12cm', 2, 'content_middle', 'Inhaltsabstand zum obigen Seitenrand', 0, 1),
(20, 'top', '<p><img src="http://www.shopwaredemo.de/eMail_logo.jpg" alt="" width="393" height="78" /></p>', 1, 'header', 'Logo oben', 7, 1),
(21, 'top', '1cm', 2, 'sender', 'Abstand unten zum Logo (negativ Wert möglich)', 0, 1),
(22, 'margin', '2.2cm', 2, 'header', 'Abstand rechts (negativ Wert möglich)', 8, 1);

TRUNCATE TABLE `s_blog`;
INSERT INTO `s_blog` (`id`, `title`, `author_id`, `active`, `short_description`, `description`, `views`, `display_date`, `category_id`, `template`, `meta_keywords`, `meta_description`) VALUES
(3, 'Der Sommer wird bunt', NULL, 1, 'Diesen Sommer heißt es „Mut zur Farbe“. Denn knallbunte Kleidungsstücke sind der absolute Renner bei stilbewussten Frauen. Egal ob zitronengelbes Top, grasgrüne Chinohose oder pinke Clutch - Damit werden Sie auf jeden Fall ein Blickfang sein. Und dieses Jahr gehen wir sogar noch einen Schritt weiter. ', '<div class="description">\n<p>Diesen Sommer hei&szlig;t es &bdquo;Mut zur Farbe&ldquo;. Denn knallbunte Kleidungsst&uuml;cke sind der absolute Renner bei stilbewussten Frauen. Egal ob zitronengelbes Top, grasgr&uuml;ne Chinohose oder pinke Clutch - Damit werden Sie auf jeden Fall ein Blickfang sein. Und dieses Jahr gehen wir sogar noch einen Schritt weiter.</p>\n<p>Was zuvor ein absoluter Stilbruch war, ist jetzt Trend: Colour Blocking. Das Kombinieren von strahlenden und bunten Farben, die jeder Frau einen dynamischen und selbstbewussten Look verleihen. Und dabei k&ouml;nnen Sie kaum etwas falsch machen. Schauen Sie einfach, welche Farbe Ihrem Typ entspricht und in welcher Sie sich wohlf&uuml;hlen. Den gr&ouml;&szlig;ten Effekt erzielen Sie durch kontr&auml;re Farben mit der gleichen Intensit&auml;t. Zudem sollten die Kleidungsst&uuml;cke von der Form einfach und klassisch sein. Ansonsten sind Ihnen beim Colour Blocking keine Grenzen gesetzt. Je gewagter, desto besser. Und nach dem Trend k&ouml;nnen Sie einfach einzelne Kleidungsst&uuml;cke als Basic weiternutzen.</p>\n<p>Versuchen Sie es selbst! Denn mit knallbunten Farben ist gute Laune vorprogrammiert!</p>\n<p>Viel Spa&szlig; w&uuml;nscht Ihnen das Team der shopware AG.</p>\n</div>', NULL, '2012-08-22 11:00:00', 17, '', '', ''),
(4, 'Sonnenschutz - so gehören Sie zur Crème de la Crème', NULL, 1, 'Sonnencreme richtig auftragen – Darauf müssen Sie achten\n\nStrand , Meer und Sonne - Genießen Sie auch den Sommer? Das hoffen wir natürlich! Doch Vorsicht: Jeder Urlaub ist in Gefahr, wenn Sie nach dem Sonnenbaden feststellen, dass Ihre Haut spannt und gerötet ist. Die Rede ist natürlich von einem fiesen und schmerzhaften Sonnenbrand. ', '<div class="description">\n<p><span style="font-size: small;"><strong><span style="text-decoration: underline;">Sonnencreme richtig auftragen &ndash; Darauf m&uuml;ssen Sie achten</span></strong></span></p>\n<br />\n<p><span style="font-size: small;">Strand , Meer und Sonne - Genie&szlig;en Sie auch den Sommer? Das hoffen wir nat&uuml;rlich! Doch Vorsicht: Jeder Urlaub ist in Gefahr, wenn Sie nach dem Sonnenbaden feststellen, dass Ihre Haut spannt und ger&ouml;tet ist. Die Rede ist nat&uuml;rlich von einem fiesen und schmerzhaften Sonnenbrand.</span></p>\n<br />\n<p><span style="font-size: small;">Eine unliebsame Erfahrung , insbesondere weil die Haut einen Sonnenbrand niemals vergisst. Denn bei Verbrennungen wird nicht nur die oberste Haftschicht verbrannt, sondern auch die tiefer liegenden Hautschichten. Dadurch steigt das Risiko von Hautkrebs um ein Vielfaches, und die Haut altert schneller. Cremen Sie sich deshalb immer sch&ouml;n mit Sonnencreme ein und beherzigen Sie folgende Tipps:</span></p>\n<br />\n<p><span style="font-size: small;">Tragen Sie die Sonnencreme gro&szlig;z&uuml;gig auf. Denn erst ab einer gewissen Menge pro Quadratzentimeter Haut wird ein ausreichender</span> Sonnenschutz<span style="font-size: small;"> gew&auml;hrleistet. Vergessen Sie dabei m&ouml;glichst keine K&ouml;rperstelle, denn auch Sonnenbr&auml;nde auf Ohrl&auml;ppchen, Scheitel etc. sind gef&auml;hrlich.</span></p>\n<br />\n<p><span style="font-size: small;">Um einen maximalen Schutz zu gew&auml;hrleisten, sollten Sie die Sonnencreme 15-30 Minuten einwirken lassen, bevor Sie sich in die Sonne begeben. Cremen Sie sich in regelm&auml;&szlig;igen Abst&auml;nden ein und erneuern Sie somit Ihren Sonnenschutz. Dies sollte mindestens alle zwei Stunden passieren. Insbesondere beim abrubbeln nach dem Baden geht der Schutz verloren. Deshalb: Nachcremen nicht vergessen.</span></p>\n<br />\n<p><span style="font-size: small;">Wir w&uuml;nschen Ihnen sonnenbrandfreien Sommer!</span></p>\n</div>', NULL, '2012-08-18 08:00:00', 17, '', '', ''),
(5, 'Ich packe meinen Koffer…', NULL, 1, 'Der Urlaub ist die schönste Zeit im Jahr. Ob Sonne, Strand und Meer oder wandern im Gebirge - Es soll eine schöne und erholsame Zeit mit der Familie oder dem Partner werden. Damit diese nicht zum Albtraum wird und die Vorbereitungen nicht in puren Stress ausarten, sollten rechtzeitig einige Vorkehrungen getroffen werden. Ganz nach dem Motto: „So wie du dich vorbereitest, wird deine weitere Reise sein.“ ', '<div class="description">\n<p>Der Urlaub ist die sch&ouml;nste Zeit im Jahr. Ob Sonne, Strand und Meer oder wandern im Gebirge - Es soll eine sch&ouml;ne und erholsame Zeit mit der Familie oder dem Partner werden. Damit diese nicht zum Albtraum wird und die Vorbereitungen nicht in puren Stress ausarten, sollten rechtzeitig einige Vorkehrungen getroffen werden. Ganz nach dem Motto: &bdquo;So wie du dich vorbereitest, wird deine weitere Reise sein.&ldquo;</p>\n<p>Machen Sie sich deshalb vor Reiseantritt mit den Einreisebestimmungen des jeweiligen Urlaubsziels vertraut. Denn jedes Land hat seine Eigenheiten. In diesem Zuge pr&uuml;fen Sie, ob Ihr Personalausweis oder Ihr Pass g&uuml;ltig ist. F&uuml;r viele L&auml;nder gilt n&auml;mlich, dass der Pass zum Zeitpunkt der Reise noch mindestens 6 Monate g&uuml;ltig sein muss. Falls Sie zudem geplant hatten, ein Auto zu mieten, denken Sie daran, sich einen internationalen F&uuml;hrerschein bei Ihrem Stra&szlig;enverkehrsamt ausstellen zu lassen.</p>\n<p>Beugen Sie aktiv Gesundheitsrisiken vor, indem Sie sich zum Thema Reisemedizin Ihres Urlaubsziels informieren. Gegebenenfalls m&uuml;ssen Impfungen aufgefrischt werden. Informieren Sie sich rechtzeitig darum, da einige Impfungen &uuml;ber einen l&auml;ngeren Zeitraum verabreicht werden m&uuml;ssen. Au&szlig;erdem sollten Sie eine Auslandskrankenversicherung abschlie&szlig;en, denn schon ein Zahnarztbesuch kann Ihnen in einigen L&auml;ndern teuer zu stehen kommen. Au&szlig;erdem ist es immer vorteilhaft, eine kleine Reiseapotheke mit reisetypischen Medikamenten im Koffer dabei zu haben.</p>\n<p>Tauschen Sie schon vor dem Urlaub nur kleinere Geldbetr&auml;ge um. Denn h&auml;ufig ist es g&uuml;nstiger, den Rest vor Ort aufgrund von g&uuml;nstigeren Wechselkursen umzutauschen.</p>\n<p>Damit an alles gedacht wird, erstellen Sie eine gute, alte Urlaubs-Checkliste. Somit wird nichts mehr vergessen. Im Internet finden Sie dazu mittlerweile zahlreiche praktische Listen zum Abhaken, egal ob f&uuml;r den Sommer- oder Winterurlaub.</p>\n<p>Wir w&uuml;nschen Ihnen einen sonnigen und erholsamen Urlaub. Sie haben Ihn sich verdient!</p>\n</div>', NULL, '2012-08-08 07:00:00', 17, '', '', ''),
(6, 'The summer will be colorful', NULL, 1, 'This summer is going to be colorful. Brightly colored clothes are the must-have for every style-conscious woman.', '<p>This summer is going to be colorful. Brightly colored clothes are the must-have for every style-conscious woman. Whether lemon-yellow top, grass-green chinos or pink clutch &ndash; with these colors you will definitely be an eye catcher. And this year we even go one step further.</p>\n<p>What used to be a no-go is now a trend: The key word is &ldquo;color blocking&rdquo;. Combining glowing and bright colors gives every woman a dynamic and confident look. And you can hardly go wrong. Just look what color suits your type and which you like best. The greatest effect can be achieved by contrasting colors with the same intensity. In addition, the forms of the garments should be kept simple and classic. Otherwise, no limits are set to color blocking. The more daring, the better. And after the trend, you can simply continue to use individual pieces of clothing as basics.</p>\n<p>Try it out now! Wearing bright colors, good mood is guaranteed!</p>\n<p>Enjoy the summer!</p>', NULL, '2012-06-01 11:00:00', 42, '', '', ''),
(7, 'Sun cream - Be part of the crème de la crème', NULL, 1, 'Beach, sea and sun - Do you also enjoy the summer? We hope so! But beware: Every holiday is in danger when you notice that your skin is stretched and reddened after a long sun bath', '<p><span style="text-decoration: underline;">How to put on sun cream properly </span></p>\n<p>Beach, sea and sun - Do you also enjoy the summer? We hope so! But beware: Every holiday is in danger when you notice that your skin is stretched and reddened after a long sun bath. Yes, we are talking about painful sunburn.</p>\n<p>An unpleasant experience, especially because your skin will never forget sunburn. Due to burns not only the top layer is afected, but also the underlying layers of your skins. This increases the risk of skin cancer immensely, and the skin starts aging faster. Therefore you are always supposed to put on sun cream and heed the following tips:</p>\n<p>Put on sunscreen generously. Only a certain amount per square can ensure a sufficient sun protection for your skin. Moreover, you should never miss parts of your body. Then sunburn can be even painful and harmful on earlobes and feet.</p>\n<p>To ensure maximum protection, you should leave the sun cream on at least 15-30 minutes before going out in the sun. Put on some lotion in regular intervals and thus refresh your sunscreen every two hours. Especially after a bath the protection is usually lost.</p>\n<p>Therefore: Do not forget to put on suncream!</p>\n<p>We wish you a sunburn-free summer!</p>', NULL, '2012-06-01 08:00:00', 42, '', '', ''),
(8, 'I pack my bag …', NULL, 1, 'Holidays are the best time of the year. Whether sun, sea and beach or hiking in the mountains- It is supposed to be a nice and relaxing time with the family or the partner.', '<p>Holidays are the best time of the year. Whether sun, sea and beach or hiking in the mountains - It is supposed to be a nice and relaxing time with the family or the partner. According to the motto &ldquo;just as you prepare your vacations will be&ldquo; you should take some precautions in order to prevent a chaos before your departure. &nbsp;</p>\n<p>Firstly, get familiar with the entry requirements of the particular holiday destination because every country has its own peculiarities. In this course you should check your ID card and the expiration date of your passport. It is a frequent practice that your passport has to be valid for another six month at the time of entry in order to get permission to enter a certain country. If you have also planned to rent a car, remember to apply for an international driver license issued by the traffic bureau.</p>\n<p>Prevent health risks actively by informing on travel medicine. If necessary, vaccinations have to be refreshed. We also recommend travel insurance, because even a visit at the dentist can be costly in some countries. Moreover, it is always advantageous to have a small first aid kid in the luggage.</p>\n<p>Exchange just small amounts of money before your departure. Usually it is cheaper to exchange your money at location due to favorable exchange rates.</p>\n<p>Furthermore, we recommend creating the well- known vacation check list. Thus, you won&acute;t forget anything at home. For this purpose, the World Wide Web also offers several ready- made lists to check off whether for summer or winter vacations.</p>\n<p>Enjoy your vacations. You deserve them!</p>', NULL, '2012-05-30 07:00:00', 42, '', '', '');

TRUNCATE TABLE `s_blog_assigned_articles`;
INSERT INTO `s_blog_assigned_articles` (`id`, `blog_id`, `article_id`) VALUES
(52, 5, 103),
(53, 5, 148),
(54, 5, 180),
(55, 5, 181),
(56, 5, 104),
(57, 4, 171),
(58, 4, 172),
(59, 4, 157),
(60, 4, 129),
(61, 4, 166),
(152, 6, 174),
(153, 6, 164),
(154, 6, 153),
(155, 6, 165),
(156, 6, 173),
(157, 6, 163),
(163, 8, 103),
(164, 8, 148),
(165, 8, 180),
(166, 8, 181),
(167, 8, 104),
(168, 7, 171),
(169, 7, 172),
(170, 7, 157),
(171, 7, 129),
(172, 7, 166),
(173, 3, 174),
(174, 3, 164),
(175, 3, 153),
(176, 3, 165),
(177, 3, 173),
(178, 3, 163);

TRUNCATE TABLE `s_blog_attributes`;
INSERT INTO `s_blog_attributes` (`id`, `blog_id`, `attribute1`, `attribute2`, `attribute3`, `attribute4`, `attribute5`, `attribute6`) VALUES
(1, 3, '', '', '', '', '', ''),
(2, 4, '', '', '', '', '', ''),
(3, 5, '', '', '', '', '', ''),
(4, 6, '', '', '', '', '', ''),
(5, 7, '', '', '', '', '', ''),
(6, 8, '', '', '', '', '', '');

TRUNCATE TABLE `s_blog_comments`;
TRUNCATE TABLE `s_blog_media`;
INSERT INTO `s_blog_media` (`id`, `blog_id`, `media_id`, `preview`) VALUES
(32, 5, 557, 1),
(33, 5, 559, 0),
(34, 4, 555, 1),
(35, 4, 554, 0),
(36, 4, 553, 0),
(73, 6, 561, 1),
(74, 6, 558, 0),
(78, 8, 557, 1),
(79, 8, 559, 0),
(80, 7, 555, 1),
(81, 7, 554, 0),
(82, 7, 553, 0),
(83, 3, 561, 0),
(84, 3, 558, 1);

TRUNCATE TABLE `s_blog_tags`;
TRUNCATE TABLE `s_campaigns_articles`;
TRUNCATE TABLE `s_campaigns_banner`;
TRUNCATE TABLE `s_campaigns_containers`;
TRUNCATE TABLE `s_campaigns_groups`;
INSERT INTO `s_campaigns_groups` (`id`, `name`) VALUES
(1, 'Newsletter-Empfänger');

TRUNCATE TABLE `s_campaigns_html`;
TRUNCATE TABLE `s_campaigns_links`;
TRUNCATE TABLE `s_campaigns_logs`;
TRUNCATE TABLE `s_campaigns_mailaddresses`;
TRUNCATE TABLE `s_campaigns_maildata`;
TRUNCATE TABLE `s_campaigns_mailings`;
TRUNCATE TABLE `s_campaigns_positions`;
TRUNCATE TABLE `s_campaigns_sender`;
INSERT INTO `s_campaigns_sender` (`id`, `email`, `name`) VALUES
(1, 'info@example.com', 'Newsletter Absender');

TRUNCATE TABLE `s_campaigns_templates`;
INSERT INTO `s_campaigns_templates` (`id`, `path`, `description`) VALUES
(1, 'index.tpl', 'Standardtemplate'),
(2, 'indexh.tpl', 'Händler');


TRUNCATE TABLE `s_categories_avoid_customergroups`;
TRUNCATE TABLE `s_cms_static`;
INSERT INTO `s_cms_static` (`id`, `tpl1variable`, `tpl1path`, `tpl2variable`, `tpl2path`, `tpl3variable`, `tpl3path`, `description`, `html`, `grouping`, `position`, `link`, `target`, `parentID`, `page_title`, `meta_keywords`, `meta_description`) VALUES
(1, '', '', '', '', '', '', 'Kontakt', '<p>F&uuml;gen Sie hier Ihre Kontaktdaten ein</p>', 'left|bottom', 2, 'shopware.php?sViewport=forms&sFid=5', '_self', 0, '', '', ''),
(2, '', '', '', '', '', '', 'Hilfe / Support', '<h2>Isericordaliter Occatio ter aut Aliusmodi vel Fugo redigo, iam ops tam Plaga consulo sui ymo Zephyr humilitas.</h2>\n<p>Isericordaliter Occatio ter aut Aliusmodi vel Fugo redigo, iam ops tam Plaga consulo sui ymo Zephyr humilitas. Ivi praebalteata Occumbo congruens seco, lea qui se surculus sed abhinc praejudico in forix curo. Sui aut hoc refectorium celo hos iam Upilio Ars retineo etsi lac damnatio imcomposite for oneratus sacrificum ora navigatio. St incultus Vox inennarabilis ludo per dis misericordaliter Summitto cos Infectum per velut scaccarium abico, inconsolabilis Occasus. Ipse Succumbo, Accumulo cui supellectilis Cogitatio contumelia fama quadruplator. Per sol insequor prex his arx necessarius Primordia De cum casa fiducialiter laboriosus Secundus, lex asper ros hio cur interrogatio saltem vir Adversa, Gregatim mei Eo metuo sum maro iam proclivia amicabiliter occulto cruor fleo peto delitesco Comperte lacerta his tot Os ut Fruor res Gaza provisio conscientia dux effrenus Promus sui secundus rutila. Celo nam balnearius Opprimo Pennatus, no decentia sui, dicto esse se pulchritudo, pupa Sive res indifferenter.</p>\n<p>Captivo pala pro de tandem Singulus labor, determino cui Ingurgito quo Ico pax ethologus praetorgredior internuntius. Ops foveo Huius dux respublica his animadverto dolus imperterritus. Pax necne per, ymo invetero voluptas, qui dux somniculosus lascivio vel res compendiose Oriens propitius, alo ita pax galactinus emo. Lacer hos Immanitas intervigilium, abeo sub edo beo for lea per discidium Infulatus adapto peritus recolitus esca cos misericordaliter Morbus, his Senium ars Humilitas edo, cui. Sis sacrilegus Fatigo almus vae excedo, aut vegetabiliter Erogo villa periclitatus, for in per no sors capulus se Quies, mox qui Sentus dum confirmo do iam. Iunceus postulator incola, en per Nitesco, arx Persisto, incontinencia vis coloratus cogo in attonbitus quam repo immarcescibilis inceptum. Ego Vena series sudo ac Nitidus. Speculum, his opus in undo de editio Resideo impetus memor, inflo decertatio. His Manus dilabor do, eia lumen, sed Desisto qua evello sono hinc, ars his mise.</p>\n<p>Isericordaliter Occatio ter aut Aliusmodi vel Fugo redigo, iam ops tam Plaga consulo sui ymo Zephyr humilitas. Ivi praebalteata Occumbo congruens seco, lea qui se surculus sed abhinc praejudico in forix curo. Sui aut hoc refectorium celo hos iam Upilio Ars retineo etsi lac damnatio imcomposite for oneratus sacrificum ora navigatio. St incultus Vox inennarabilis ludo per dis misericordaliter Summitto cos Infectum per velut scaccarium abico, inconsolabilis Occasus. Ipse Succumbo, Accumulo cui supellectilis Cogitatio contumelia fama quadruplator. Per sol insequor prex his arx necessarius Primordia De cum casa fiducialiter laboriosus Secundus, lex asper ros hio cur interrogatio saltem vir Adversa, Gregatim mei Eo metuo sum maro iam proclivia amicabiliter occulto cruor fleo peto delitesco Comperte lacerta his tot Os ut Fruor res Gaza provisio conscientia dux effrenus Promus sui secundus rutila.</p>\n<p>Celo nam balnearius Opprimo Pennatus, no decentia sui, dicto esse se pulchritudo, pupa Sive res indifferenter. Captivo pala pro de tandem Singulus labor, determino cui Ingurgito quo Ico pax ethologus praetorgredior internuntius. Ops foveo Huius dux respublica his animadverto dolus imperterritus. Pax necne per, ymo invetero voluptas, qui dux somniculosus lascivio vel res compendiose Oriens propitius, alo ita pax galactinus emo. Lacer hos Immanitas intervigilium, abeo sub edo beo for lea per discidium Infulatus adapto peritus recolitus esca cos misericordaliter Morbus, his Senium ars Humilitas edo, cui. Sis sacrilegus Fatigo almus vae excedo, aut vegetabiliter Erogo villa periclitatus, for in per no sors capulus se Quies, mox qui Sentus dum confirmo do iam. Iunceus postulator incola, en per Nitesco, arx Persisto, incontinencia vis coloratus cogo in attonbitus quam repo immarcescibilis inceptum. Ego Vena series sudo ac Nitidus. Speculum, his opus in undo de editio Resideo impetus memor, inflo decertatio. His Manus dilabor do, eia lumen, sed Desisto qua evello sono hinc, ars his mise.</p>', 'left', 1, '', '', 0, '', '', ''),
(3, '', '', '', '', '', '', 'Impressum', '<h2>Isericordaliter Occatio ter aut Aliusmodi vel Fugo redigo, iam ops tam Plaga consulo sui ymo Zephyr humilitas.</h2>\n<p>Isericordaliter Occatio ter aut Aliusmodi vel Fugo redigo, iam ops tam Plaga consulo sui ymo Zephyr humilitas. Ivi praebalteata Occumbo congruens seco, lea qui se surculus sed abhinc praejudico in forix curo. Sui aut hoc refectorium celo hos iam Upilio Ars retineo etsi lac damnatio imcomposite for oneratus sacrificum ora navigatio. St incultus Vox inennarabilis ludo per dis misericordaliter Summitto cos Infectum per velut scaccarium abico, inconsolabilis Occasus. Ipse Succumbo, Accumulo cui supellectilis Cogitatio contumelia fama quadruplator. Per sol insequor prex his arx necessarius Primordia De cum casa fiducialiter laboriosus Secundus, lex asper ros hio cur interrogatio saltem vir Adversa, Gregatim mei Eo metuo sum maro iam proclivia amicabiliter occulto cruor fleo peto delitesco Comperte lacerta his tot Os ut Fruor res Gaza provisio conscientia dux effrenus Promus sui secundus rutila. Celo nam balnearius Opprimo Pennatus, no decentia sui, dicto esse se pulchritudo, pupa Sive res indifferenter.</p>\n<p>Captivo pala pro de tandem Singulus labor, determino cui Ingurgito quo Ico pax ethologus praetorgredior internuntius. Ops foveo Huius dux respublica his animadverto dolus imperterritus. Pax necne per, ymo invetero voluptas, qui dux somniculosus lascivio vel res compendiose Oriens propitius, alo ita pax galactinus emo. Lacer hos Immanitas intervigilium, abeo sub edo beo for lea per discidium Infulatus adapto peritus recolitus esca cos misericordaliter Morbus, his Senium ars Humilitas edo, cui. Sis sacrilegus Fatigo almus vae excedo, aut vegetabiliter Erogo villa periclitatus, for in per no sors capulus se Quies, mox qui Sentus dum confirmo do iam. Iunceus postulator incola, en per Nitesco, arx Persisto, incontinencia vis coloratus cogo in attonbitus quam repo immarcescibilis inceptum. Ego Vena series sudo ac Nitidus. Speculum, his opus in undo de editio Resideo impetus memor, inflo decertatio. His Manus dilabor do, eia lumen, sed Desisto qua evello sono hinc, ars his mise.</p>\n<p>Isericordaliter Occatio ter aut Aliusmodi vel Fugo redigo, iam ops tam Plaga consulo sui ymo Zephyr humilitas. Ivi praebalteata Occumbo congruens seco, lea qui se surculus sed abhinc praejudico in forix curo. Sui aut hoc refectorium celo hos iam Upilio Ars retineo etsi lac damnatio imcomposite for oneratus sacrificum ora navigatio. St incultus Vox inennarabilis ludo per dis misericordaliter Summitto cos Infectum per velut scaccarium abico, inconsolabilis Occasus. Ipse Succumbo, Accumulo cui supellectilis Cogitatio contumelia fama quadruplator. Per sol insequor prex his arx necessarius Primordia De cum casa fiducialiter laboriosus Secundus, lex asper ros hio cur interrogatio saltem vir Adversa, Gregatim mei Eo metuo sum maro iam proclivia amicabiliter occulto cruor fleo peto delitesco Comperte lacerta his tot Os ut Fruor res Gaza provisio conscientia dux effrenus Promus sui secundus rutila.</p>\n<p>Celo nam balnearius Opprimo Pennatus, no decentia sui, dicto esse se pulchritudo, pupa Sive res indifferenter. Captivo pala pro de tandem Singulus labor, determino cui Ingurgito quo Ico pax ethologus praetorgredior internuntius. Ops foveo Huius dux respublica his animadverto dolus imperterritus. Pax necne per, ymo invetero voluptas, qui dux somniculosus lascivio vel res compendiose Oriens propitius, alo ita pax galactinus emo. Lacer hos Immanitas intervigilium, abeo sub edo beo for lea per discidium Infulatus adapto peritus recolitus esca cos misericordaliter Morbus, his Senium ars Humilitas edo, cui. Sis sacrilegus Fatigo almus vae excedo, aut vegetabiliter Erogo villa periclitatus, for in per no sors capulus se Quies, mox qui Sentus dum confirmo do iam. Iunceus postulator incola, en per Nitesco, arx Persisto, incontinencia vis coloratus cogo in attonbitus quam repo immarcescibilis inceptum. Ego Vena series sudo ac Nitidus. Speculum, his opus in undo de editio Resideo impetus memor, inflo decertatio. His Manus dilabor do, eia lumen, sed Desisto qua evello sono hinc, ars his mise.</p>', 'left|bottom2', 0, '', '', 0, '', '', ''),
(4, '', '', '', '', '', '', 'AGB', '<h2>Isericordaliter Occatio ter aut Aliusmodi vel Fugo redigo, iam ops tam Plaga consulo sui ymo Zephyr humilitas.</h2>\n<p>Isericordaliter Occatio ter aut Aliusmodi vel Fugo redigo, iam ops tam Plaga consulo sui ymo Zephyr humilitas. Ivi praebalteata Occumbo congruens seco, lea qui se surculus sed abhinc praejudico in forix curo. Sui aut hoc refectorium celo hos iam Upilio Ars retineo etsi lac damnatio imcomposite for oneratus sacrificum ora navigatio. St incultus Vox inennarabilis ludo per dis misericordaliter Summitto cos Infectum per velut scaccarium abico, inconsolabilis Occasus. Ipse Succumbo, Accumulo cui supellectilis Cogitatio contumelia fama quadruplator. Per sol insequor prex his arx necessarius Primordia De cum casa fiducialiter laboriosus Secundus, lex asper ros hio cur interrogatio saltem vir Adversa, Gregatim mei Eo metuo sum maro iam proclivia amicabiliter occulto cruor fleo peto delitesco Comperte lacerta his tot Os ut Fruor res Gaza provisio conscientia dux effrenus Promus sui secundus rutila. Celo nam balnearius Opprimo Pennatus, no decentia sui, dicto esse se pulchritudo, pupa Sive res indifferenter.</p>\n<p>Captivo pala pro de tandem Singulus labor, determino cui Ingurgito quo Ico pax ethologus praetorgredior internuntius. Ops foveo Huius dux respublica his animadverto dolus imperterritus. Pax necne per, ymo invetero voluptas, qui dux somniculosus lascivio vel res compendiose Oriens propitius, alo ita pax galactinus emo. Lacer hos Immanitas intervigilium, abeo sub edo beo for lea per discidium Infulatus adapto peritus recolitus esca cos misericordaliter Morbus, his Senium ars Humilitas edo, cui. Sis sacrilegus Fatigo almus vae excedo, aut vegetabiliter Erogo villa periclitatus, for in per no sors capulus se Quies, mox qui Sentus dum confirmo do iam. Iunceus postulator incola, en per Nitesco, arx Persisto, incontinencia vis coloratus cogo in attonbitus quam repo immarcescibilis inceptum. Ego Vena series sudo ac Nitidus. Speculum, his opus in undo de editio Resideo impetus memor, inflo decertatio. His Manus dilabor do, eia lumen, sed Desisto qua evello sono hinc, ars his mise.</p>\n<p>Isericordaliter Occatio ter aut Aliusmodi vel Fugo redigo, iam ops tam Plaga consulo sui ymo Zephyr humilitas. Ivi praebalteata Occumbo congruens seco, lea qui se surculus sed abhinc praejudico in forix curo. Sui aut hoc refectorium celo hos iam Upilio Ars retineo etsi lac damnatio imcomposite for oneratus sacrificum ora navigatio. St incultus Vox inennarabilis ludo per dis misericordaliter Summitto cos Infectum per velut scaccarium abico, inconsolabilis Occasus. Ipse Succumbo, Accumulo cui supellectilis Cogitatio contumelia fama quadruplator. Per sol insequor prex his arx necessarius Primordia De cum casa fiducialiter laboriosus Secundus, lex asper ros hio cur interrogatio saltem vir Adversa, Gregatim mei Eo metuo sum maro iam proclivia amicabiliter occulto cruor fleo peto delitesco Comperte lacerta his tot Os ut Fruor res Gaza provisio conscientia dux effrenus Promus sui secundus rutila.</p>\n<p>Celo nam balnearius Opprimo Pennatus, no decentia sui, dicto esse se pulchritudo, pupa Sive res indifferenter. Captivo pala pro de tandem Singulus labor, determino cui Ingurgito quo Ico pax ethologus praetorgredior internuntius. Ops foveo Huius dux respublica his animadverto dolus imperterritus. Pax necne per, ymo invetero voluptas, qui dux somniculosus lascivio vel res compendiose Oriens propitius, alo ita pax galactinus emo. Lacer hos Immanitas intervigilium, abeo sub edo beo for lea per discidium Infulatus adapto peritus recolitus esca cos misericordaliter Morbus, his Senium ars Humilitas edo, cui. Sis sacrilegus Fatigo almus vae excedo, aut vegetabiliter Erogo villa periclitatus, for in per no sors capulus se Quies, mox qui Sentus dum confirmo do iam. Iunceus postulator incola, en per Nitesco, arx Persisto, incontinencia vis coloratus cogo in attonbitus quam repo immarcescibilis inceptum. Ego Vena series sudo ac Nitidus. Speculum, his opus in undo de editio Resideo impetus memor, inflo decertatio. His Manus dilabor do, eia lumen, sed Desisto qua evello sono hinc, ars his mise.</p>', 'left|bottom2', 3, '', '', 0, '', '', ''),
(6, '', '', '', '', '', '', 'Versand und Zahlung', '<h2>Isericordaliter Occatio ter aut Aliusmodi vel Fugo redigo, iam ops tam Plaga consulo sui ymo Zephyr humilitas.</h2>\n<p>Isericordaliter Occatio ter aut Aliusmodi vel Fugo redigo, iam ops tam Plaga consulo sui ymo Zephyr humilitas. Ivi praebalteata Occumbo congruens seco, lea qui se surculus sed abhinc praejudico in forix curo. Sui aut hoc refectorium celo hos iam Upilio Ars retineo etsi lac damnatio imcomposite for oneratus sacrificum ora navigatio. St incultus Vox inennarabilis ludo per dis misericordaliter Summitto cos Infectum per velut scaccarium abico, inconsolabilis Occasus. Ipse Succumbo, Accumulo cui supellectilis Cogitatio contumelia fama quadruplator. Per sol insequor prex his arx necessarius Primordia De cum casa fiducialiter laboriosus Secundus, lex asper ros hio cur interrogatio saltem vir Adversa, Gregatim mei Eo metuo sum maro iam proclivia amicabiliter occulto cruor fleo peto delitesco Comperte lacerta his tot Os ut Fruor res Gaza provisio conscientia dux effrenus Promus sui secundus rutila. Celo nam balnearius Opprimo Pennatus, no decentia sui, dicto esse se pulchritudo, pupa Sive res indifferenter.</p>\n<p>Captivo pala pro de tandem Singulus labor, determino cui Ingurgito quo Ico pax ethologus praetorgredior internuntius. Ops foveo Huius dux respublica his animadverto dolus imperterritus. Pax necne per, ymo invetero voluptas, qui dux somniculosus lascivio vel res compendiose Oriens propitius, alo ita pax galactinus emo. Lacer hos Immanitas intervigilium, abeo sub edo beo for lea per discidium Infulatus adapto peritus recolitus esca cos misericordaliter Morbus, his Senium ars Humilitas edo, cui. Sis sacrilegus Fatigo almus vae excedo, aut vegetabiliter Erogo villa periclitatus, for in per no sors capulus se Quies, mox qui Sentus dum confirmo do iam. Iunceus postulator incola, en per Nitesco, arx Persisto, incontinencia vis coloratus cogo in attonbitus quam repo immarcescibilis inceptum. Ego Vena series sudo ac Nitidus. Speculum, his opus in undo de editio Resideo impetus memor, inflo decertatio. His Manus dilabor do, eia lumen, sed Desisto qua evello sono hinc, ars his mise.</p>\n<p>Isericordaliter Occatio ter aut Aliusmodi vel Fugo redigo, iam ops tam Plaga consulo sui ymo Zephyr humilitas. Ivi praebalteata Occumbo congruens seco, lea qui se surculus sed abhinc praejudico in forix curo. Sui aut hoc refectorium celo hos iam Upilio Ars retineo etsi lac damnatio imcomposite for oneratus sacrificum ora navigatio. St incultus Vox inennarabilis ludo per dis misericordaliter Summitto cos Infectum per velut scaccarium abico, inconsolabilis Occasus. Ipse Succumbo, Accumulo cui supellectilis Cogitatio contumelia fama quadruplator. Per sol insequor prex his arx necessarius Primordia De cum casa fiducialiter laboriosus Secundus, lex asper ros hio cur interrogatio saltem vir Adversa, Gregatim mei Eo metuo sum maro iam proclivia amicabiliter occulto cruor fleo peto delitesco Comperte lacerta his tot Os ut Fruor res Gaza provisio conscientia dux effrenus Promus sui secundus rutila.</p>\n<p>Celo nam balnearius Opprimo Pennatus, no decentia sui, dicto esse se pulchritudo, pupa Sive res indifferenter. Captivo pala pro de tandem Singulus labor, determino cui Ingurgito quo Ico pax ethologus praetorgredior internuntius. Ops foveo Huius dux respublica his animadverto dolus imperterritus. Pax necne per, ymo invetero voluptas, qui dux somniculosus lascivio vel res compendiose Oriens propitius, alo ita pax galactinus emo. Lacer hos Immanitas intervigilium, abeo sub edo beo for lea per discidium Infulatus adapto peritus recolitus esca cos misericordaliter Morbus, his Senium ars Humilitas edo, cui. Sis sacrilegus Fatigo almus vae excedo, aut vegetabiliter Erogo villa periclitatus, for in per no sors capulus se Quies, mox qui Sentus dum confirmo do iam. Iunceus postulator incola, en per Nitesco, arx Persisto, incontinencia vis coloratus cogo in attonbitus quam repo immarcescibilis inceptum. Ego Vena series sudo ac Nitidus. Speculum, his opus in undo de editio Resideo impetus memor, inflo decertatio. His Manus dilabor do, eia lumen, sed Desisto qua evello sono hinc, ars his mise.</p>', 'left|bottom2', 2, '', '', 0, '', '', ''),
(7, '', '', '', '', '', '', 'Datenschutz', '<h2>Isericordaliter Occatio ter aut Aliusmodi vel Fugo redigo, iam ops tam Plaga consulo sui ymo Zephyr humilitas.</h2>\n<p>Isericordaliter Occatio ter aut Aliusmodi vel Fugo redigo, iam ops tam Plaga consulo sui ymo Zephyr humilitas. Ivi praebalteata Occumbo congruens seco, lea qui se surculus sed abhinc praejudico in forix curo. Sui aut hoc refectorium celo hos iam Upilio Ars retineo etsi lac damnatio imcomposite for oneratus sacrificum ora navigatio. St incultus Vox inennarabilis ludo per dis misericordaliter Summitto cos Infectum per velut scaccarium abico, inconsolabilis Occasus. Ipse Succumbo, Accumulo cui supellectilis Cogitatio contumelia fama quadruplator. Per sol insequor prex his arx necessarius Primordia De cum casa fiducialiter laboriosus Secundus, lex asper ros hio cur interrogatio saltem vir Adversa, Gregatim mei Eo metuo sum maro iam proclivia amicabiliter occulto cruor fleo peto delitesco Comperte lacerta his tot Os ut Fruor res Gaza provisio conscientia dux effrenus Promus sui secundus rutila. Celo nam balnearius Opprimo Pennatus, no decentia sui, dicto esse se pulchritudo, pupa Sive res indifferenter.</p>\n<p>Captivo pala pro de tandem Singulus labor, determino cui Ingurgito quo Ico pax ethologus praetorgredior internuntius. Ops foveo Huius dux respublica his animadverto dolus imperterritus. Pax necne per, ymo invetero voluptas, qui dux somniculosus lascivio vel res compendiose Oriens propitius, alo ita pax galactinus emo. Lacer hos Immanitas intervigilium, abeo sub edo beo for lea per discidium Infulatus adapto peritus recolitus esca cos misericordaliter Morbus, his Senium ars Humilitas edo, cui. Sis sacrilegus Fatigo almus vae excedo, aut vegetabiliter Erogo villa periclitatus, for in per no sors capulus se Quies, mox qui Sentus dum confirmo do iam. Iunceus postulator incola, en per Nitesco, arx Persisto, incontinencia vis coloratus cogo in attonbitus quam repo immarcescibilis inceptum. Ego Vena series sudo ac Nitidus. Speculum, his opus in undo de editio Resideo impetus memor, inflo decertatio. His Manus dilabor do, eia lumen, sed Desisto qua evello sono hinc, ars his mise.</p>\n<p>Isericordaliter Occatio ter aut Aliusmodi vel Fugo redigo, iam ops tam Plaga consulo sui ymo Zephyr humilitas. Ivi praebalteata Occumbo congruens seco, lea qui se surculus sed abhinc praejudico in forix curo. Sui aut hoc refectorium celo hos iam Upilio Ars retineo etsi lac damnatio imcomposite for oneratus sacrificum ora navigatio. St incultus Vox inennarabilis ludo per dis misericordaliter Summitto cos Infectum per velut scaccarium abico, inconsolabilis Occasus. Ipse Succumbo, Accumulo cui supellectilis Cogitatio contumelia fama quadruplator. Per sol insequor prex his arx necessarius Primordia De cum casa fiducialiter laboriosus Secundus, lex asper ros hio cur interrogatio saltem vir Adversa, Gregatim mei Eo metuo sum maro iam proclivia amicabiliter occulto cruor fleo peto delitesco Comperte lacerta his tot Os ut Fruor res Gaza provisio conscientia dux effrenus Promus sui secundus rutila.</p>\n<p>Celo nam balnearius Opprimo Pennatus, no decentia sui, dicto esse se pulchritudo, pupa Sive res indifferenter. Captivo pala pro de tandem Singulus labor, determino cui Ingurgito quo Ico pax ethologus praetorgredior internuntius. Ops foveo Huius dux respublica his animadverto dolus imperterritus. Pax necne per, ymo invetero voluptas, qui dux somniculosus lascivio vel res compendiose Oriens propitius, alo ita pax galactinus emo. Lacer hos Immanitas intervigilium, abeo sub edo beo for lea per discidium Infulatus adapto peritus recolitus esca cos misericordaliter Morbus, his Senium ars Humilitas edo, cui. Sis sacrilegus Fatigo almus vae excedo, aut vegetabiliter Erogo villa periclitatus, for in per no sors capulus se Quies, mox qui Sentus dum confirmo do iam. Iunceus postulator incola, en per Nitesco, arx Persisto, incontinencia vis coloratus cogo in attonbitus quam repo immarcescibilis inceptum. Ego Vena series sudo ac Nitidus. Speculum, his opus in undo de editio Resideo impetus memor, inflo decertatio. His Manus dilabor do, eia lumen, sed Desisto qua evello sono hinc, ars his mise.</p>', 'left|bottom2', 6, '', '', 0, '', '', ''),
(8, '', '', '', '', '', '', 'Widerrufsrecht', '<h2>Isericordaliter Occatio ter aut Aliusmodi vel Fugo redigo, iam ops tam Plaga consulo sui ymo Zephyr humilitas.</h2>\n<p>Isericordaliter Occatio ter aut Aliusmodi vel Fugo redigo, iam ops tam Plaga consulo sui ymo Zephyr humilitas. Ivi praebalteata Occumbo congruens seco, lea qui se surculus sed abhinc praejudico in forix curo. Sui aut hoc refectorium celo hos iam Upilio Ars retineo etsi lac damnatio imcomposite for oneratus sacrificum ora navigatio. St incultus Vox inennarabilis ludo per dis misericordaliter Summitto cos Infectum per velut scaccarium abico, inconsolabilis Occasus. Ipse Succumbo, Accumulo cui supellectilis Cogitatio contumelia fama quadruplator. Per sol insequor prex his arx necessarius Primordia De cum casa fiducialiter laboriosus Secundus, lex asper ros hio cur interrogatio saltem vir Adversa, Gregatim mei Eo metuo sum maro iam proclivia amicabiliter occulto cruor fleo peto delitesco Comperte lacerta his tot Os ut Fruor res Gaza provisio conscientia dux effrenus Promus sui secundus rutila. Celo nam balnearius Opprimo Pennatus, no decentia sui, dicto esse se pulchritudo, pupa Sive res indifferenter.</p>\n<p>Captivo pala pro de tandem Singulus labor, determino cui Ingurgito quo Ico pax ethologus praetorgredior internuntius. Ops foveo Huius dux respublica his animadverto dolus imperterritus. Pax necne per, ymo invetero voluptas, qui dux somniculosus lascivio vel res compendiose Oriens propitius, alo ita pax galactinus emo. Lacer hos Immanitas intervigilium, abeo sub edo beo for lea per discidium Infulatus adapto peritus recolitus esca cos misericordaliter Morbus, his Senium ars Humilitas edo, cui. Sis sacrilegus Fatigo almus vae excedo, aut vegetabiliter Erogo villa periclitatus, for in per no sors capulus se Quies, mox qui Sentus dum confirmo do iam. Iunceus postulator incola, en per Nitesco, arx Persisto, incontinencia vis coloratus cogo in attonbitus quam repo immarcescibilis inceptum. Ego Vena series sudo ac Nitidus. Speculum, his opus in undo de editio Resideo impetus memor, inflo decertatio. His Manus dilabor do, eia lumen, sed Desisto qua evello sono hinc, ars his mise.</p>\n<p>Isericordaliter Occatio ter aut Aliusmodi vel Fugo redigo, iam ops tam Plaga consulo sui ymo Zephyr humilitas. Ivi praebalteata Occumbo congruens seco, lea qui se surculus sed abhinc praejudico in forix curo. Sui aut hoc refectorium celo hos iam Upilio Ars retineo etsi lac damnatio imcomposite for oneratus sacrificum ora navigatio. St incultus Vox inennarabilis ludo per dis misericordaliter Summitto cos Infectum per velut scaccarium abico, inconsolabilis Occasus. Ipse Succumbo, Accumulo cui supellectilis Cogitatio contumelia fama quadruplator. Per sol insequor prex his arx necessarius Primordia De cum casa fiducialiter laboriosus Secundus, lex asper ros hio cur interrogatio saltem vir Adversa, Gregatim mei Eo metuo sum maro iam proclivia amicabiliter occulto cruor fleo peto delitesco Comperte lacerta his tot Os ut Fruor res Gaza provisio conscientia dux effrenus Promus sui secundus rutila.</p>\n<p>Celo nam balnearius Opprimo Pennatus, no decentia sui, dicto esse se pulchritudo, pupa Sive res indifferenter. Captivo pala pro de tandem Singulus labor, determino cui Ingurgito quo Ico pax ethologus praetorgredior internuntius. Ops foveo Huius dux respublica his animadverto dolus imperterritus. Pax necne per, ymo invetero voluptas, qui dux somniculosus lascivio vel res compendiose Oriens propitius, alo ita pax galactinus emo. Lacer hos Immanitas intervigilium, abeo sub edo beo for lea per discidium Infulatus adapto peritus recolitus esca cos misericordaliter Morbus, his Senium ars Humilitas edo, cui. Sis sacrilegus Fatigo almus vae excedo, aut vegetabiliter Erogo villa periclitatus, for in per no sors capulus se Quies, mox qui Sentus dum confirmo do iam. Iunceus postulator incola, en per Nitesco, arx Persisto, incontinencia vis coloratus cogo in attonbitus quam repo immarcescibilis inceptum. Ego Vena series sudo ac Nitidus. Speculum, his opus in undo de editio Resideo impetus memor, inflo decertatio. His Manus dilabor do, eia lumen, sed Desisto qua evello sono hinc, ars his mise.</p>', 'left|bottom2', 5, '', '', 0, '', '', ''),
(9, '', '', '', '', '', '', 'Über uns', '<h2>Isericordaliter Occatio ter aut Aliusmodi vel Fugo redigo, iam ops tam Plaga consulo sui ymo Zephyr humilitas.</h2>\n<p>Isericordaliter Occatio ter aut Aliusmodi vel Fugo redigo, iam ops tam Plaga consulo sui ymo Zephyr humilitas. Ivi praebalteata Occumbo congruens seco, lea qui se surculus sed abhinc praejudico in forix curo. Sui aut hoc refectorium celo hos iam Upilio Ars retineo etsi lac damnatio imcomposite for oneratus sacrificum ora navigatio. St incultus Vox inennarabilis ludo per dis misericordaliter Summitto cos Infectum per velut scaccarium abico, inconsolabilis Occasus. Ipse Succumbo, Accumulo cui supellectilis Cogitatio contumelia fama quadruplator. Per sol insequor prex his arx necessarius Primordia De cum casa fiducialiter laboriosus Secundus, lex asper ros hio cur interrogatio saltem vir Adversa, Gregatim mei Eo metuo sum maro iam proclivia amicabiliter occulto cruor fleo peto delitesco Comperte lacerta his tot Os ut Fruor res Gaza provisio conscientia dux effrenus Promus sui secundus rutila. Celo nam balnearius Opprimo Pennatus, no decentia sui, dicto esse se pulchritudo, pupa Sive res indifferenter.</p>\n<p>Captivo pala pro de tandem Singulus labor, determino cui Ingurgito quo Ico pax ethologus praetorgredior internuntius. Ops foveo Huius dux respublica his animadverto dolus imperterritus. Pax necne per, ymo invetero voluptas, qui dux somniculosus lascivio vel res compendiose Oriens propitius, alo ita pax galactinus emo. Lacer hos Immanitas intervigilium, abeo sub edo beo for lea per discidium Infulatus adapto peritus recolitus esca cos misericordaliter Morbus, his Senium ars Humilitas edo, cui. Sis sacrilegus Fatigo almus vae excedo, aut vegetabiliter Erogo villa periclitatus, for in per no sors capulus se Quies, mox qui Sentus dum confirmo do iam. Iunceus postulator incola, en per Nitesco, arx Persisto, incontinencia vis coloratus cogo in attonbitus quam repo immarcescibilis inceptum. Ego Vena series sudo ac Nitidus. Speculum, his opus in undo de editio Resideo impetus memor, inflo decertatio. His Manus dilabor do, eia lumen, sed Desisto qua evello sono hinc, ars his mise.</p>\n<p>Isericordaliter Occatio ter aut Aliusmodi vel Fugo redigo, iam ops tam Plaga consulo sui ymo Zephyr humilitas. Ivi praebalteata Occumbo congruens seco, lea qui se surculus sed abhinc praejudico in forix curo. Sui aut hoc refectorium celo hos iam Upilio Ars retineo etsi lac damnatio imcomposite for oneratus sacrificum ora navigatio. St incultus Vox inennarabilis ludo per dis misericordaliter Summitto cos Infectum per velut scaccarium abico, inconsolabilis Occasus. Ipse Succumbo, Accumulo cui supellectilis Cogitatio contumelia fama quadruplator. Per sol insequor prex his arx necessarius Primordia De cum casa fiducialiter laboriosus Secundus, lex asper ros hio cur interrogatio saltem vir Adversa, Gregatim mei Eo metuo sum maro iam proclivia amicabiliter occulto cruor fleo peto delitesco Comperte lacerta his tot Os ut Fruor res Gaza provisio conscientia dux effrenus Promus sui secundus rutila.</p>\n<p>Celo nam balnearius Opprimo Pennatus, no decentia sui, dicto esse se pulchritudo, pupa Sive res indifferenter. Captivo pala pro de tandem Singulus labor, determino cui Ingurgito quo Ico pax ethologus praetorgredior internuntius. Ops foveo Huius dux respublica his animadverto dolus imperterritus. Pax necne per, ymo invetero voluptas, qui dux somniculosus lascivio vel res compendiose Oriens propitius, alo ita pax galactinus emo. Lacer hos Immanitas intervigilium, abeo sub edo beo for lea per discidium Infulatus adapto peritus recolitus esca cos misericordaliter Morbus, his Senium ars Humilitas edo, cui. Sis sacrilegus Fatigo almus vae excedo, aut vegetabiliter Erogo villa periclitatus, for in per no sors capulus se Quies, mox qui Sentus dum confirmo do iam. Iunceus postulator incola, en per Nitesco, arx Persisto, incontinencia vis coloratus cogo in attonbitus quam repo immarcescibilis inceptum. Ego Vena series sudo ac Nitidus. Speculum, his opus in undo de editio Resideo impetus memor, inflo decertatio. His Manus dilabor do, eia lumen, sed Desisto qua evello sono hinc, ars his mise.</p>', 'left|bottom2', 1, '', '', 0, '', '', ''),
(21, '', '', '', '', '', '', 'Händler-Login', '', 'bottom', 4, 'shopware.php?sViewport=registerFC&sUseSSL=1&sValidation=H', '', 0, '', '', ''),
(26, '', '', '', '', '', '', 'Newsletter', '', 'bottom', 1, 'shopware.php?sViewport=newsletter', '', 0, '', '', ''),
(37, '', '', '', '', '', '', 'Partnerprogramm', '<h1>Jetzt Partner werden</h1>\n<h2>Isericordaliter Occatio ter aut Aliusmodi vel Fugo redigo, iam ops tam Plaga consulo sui ymo Zephyr humilitas.</h2>\n<p>Isericordaliter Occatio ter aut Aliusmodi vel Fugo redigo, iam ops tam Plaga consulo sui ymo Zephyr humilitas. Ivi praebalteata Occumbo congruens seco, lea qui se surculus sed abhinc praejudico in forix curo. Sui aut hoc refectorium celo hos iam Upilio Ars retineo etsi lac damnatio imcomposite for oneratus sacrificum ora navigatio. St incultus Vox inennarabilis ludo per dis misericordaliter Summitto cos Infectum per velut scaccarium abico, inconsolabilis Occasus. Ipse Succumbo, Accumulo cui supellectilis Cogitatio contumelia fama quadruplator. Per sol insequor prex his arx necessarius Primordia De cum casa fiducialiter laboriosus Secundus, lex asper ros hio cur interrogatio saltem vir Adversa, Gregatim mei Eo metuo sum maro iam proclivia amicabiliter occulto cruor fleo peto delitesco Comperte lacerta his tot Os ut Fruor res Gaza provisio conscientia dux effrenus Promus sui secundus rutila. Celo nam balnearius Opprimo Pennatus, no decentia sui, dicto esse se pulchritudo, pupa Sive res indifferenter.</p>\n<p>Captivo pala pro de tandem Singulus labor, determino cui Ingurgito quo Ico pax ethologus praetorgredior internuntius. Ops foveo Huius dux respublica his animadverto dolus imperterritus. Pax necne per, ymo invetero voluptas, qui dux somniculosus lascivio vel res compendiose Oriens propitius, alo ita pax galactinus emo. Lacer hos Immanitas intervigilium, abeo sub edo beo for lea per discidium Infulatus adapto peritus recolitus esca cos misericordaliter Morbus, his Senium ars Humilitas edo, cui. Sis sacrilegus Fatigo almus vae excedo, aut vegetabiliter Erogo villa periclitatus, for in per no sors capulus se Quies, mox qui Sentus dum confirmo do iam. Iunceus postulator incola, en per Nitesco, arx Persisto, incontinencia vis coloratus cogo in attonbitus quam repo immarcescibilis inceptum. Ego Vena series sudo ac Nitidus. Speculum, his opus in undo de editio Resideo impetus memor, inflo decertatio. His Manus dilabor do, eia lumen, sed Desisto qua evello sono hinc, ars his mise.</p>\n<p>Isericordaliter Occatio ter aut Aliusmodi vel Fugo redigo, iam ops tam Plaga consulo sui ymo Zephyr humilitas. Ivi praebalteata Occumbo congruens seco, lea qui se surculus sed abhinc praejudico in forix curo. Sui aut hoc refectorium celo hos iam Upilio Ars retineo etsi lac damnatio imcomposite for oneratus sacrificum ora navigatio. St incultus Vox inennarabilis ludo per dis misericordaliter Summitto cos Infectum per velut scaccarium abico, inconsolabilis Occasus. Ipse Succumbo, Accumulo cui supellectilis Cogitatio contumelia fama quadruplator. Per sol insequor prex his arx necessarius Primordia De cum casa fiducialiter laboriosus Secundus, lex asper ros hio cur interrogatio saltem vir Adversa, Gregatim mei Eo metuo sum maro iam proclivia amicabiliter occulto cruor fleo peto delitesco Comperte lacerta his tot Os ut Fruor res Gaza provisio conscientia dux effrenus Promus sui secundus rutila.</p>\n<p>Celo nam balnearius Opprimo Pennatus, no decentia sui, dicto esse se pulchritudo, pupa Sive res indifferenter. Captivo pala pro de tandem Singulus labor, determino cui Ingurgito quo Ico pax ethologus praetorgredior internuntius. Ops foveo Huius dux respublica his animadverto dolus imperterritus. Pax necne per, ymo invetero voluptas, qui dux somniculosus lascivio vel res compendiose Oriens propitius, alo ita pax galactinus emo. Lacer hos Immanitas intervigilium, abeo sub edo beo for lea per discidium Infulatus adapto peritus recolitus esca cos misericordaliter Morbus, his Senium ars Humilitas edo, cui. Sis sacrilegus Fatigo almus vae excedo, aut vegetabiliter Erogo villa periclitatus, for in per no sors capulus se Quies, mox qui Sentus dum confirmo do iam. Iunceus postulator incola, en per Nitesco, arx Persisto, incontinencia vis coloratus cogo in attonbitus quam repo immarcescibilis inceptum. Ego Vena series sudo ac Nitidus. Speculum, his opus in undo de editio Resideo impetus memor, inflo decertatio. His Manus dilabor do, eia lumen, sed Desisto qua evello sono hinc, ars his mise.</p>', 'bottom', 7, 'shopware.php?sViewport=forms&sFid=8', '_self', 0, '', '', ''),
(39, '', '', '', '', '', '', 'Reparatur', '<p><br></p>', 'bottom', 6, 'shopware.php?sViewport=forms&sFid=9', '_self', 0, '', '', ''),
(41, '', '', '', '', '', '', 'Rückgabe', '<p>R&uuml;ckgabe.</p>', 'bottom', 4, 'shopware.php?sViewport=forms&sFid=10', '_self', 0, '', '', ''),
(44, '', '', '', '', '', '', 'Sitemap', '', 'bottom2', 6, 'shopware.php?sViewport=sitemap', '', 0, '', '', ''),
(52, '', '', '', '', '', '', 'Stellenangebote', '', 'left|bottom2', 0, '', '', 9, '', '', ''),
(54, '', '', '', '', '', '', 'Messen', '', 'bottom2|left', 0, '', '', 9, '', '', ''),
(55, '', '', '', '', '', '', 'Das Team', '', 'left|bottom2', 0, '', '', 9, '', '', ''),
(56, '', '', '', '', '', '', 'Unternehmensgeschichte', '<p>mire, cetera in hoc erus, no. Virus Curatio. Ne induco se ymber clango, an. Expedite vado se Praevaleo, de, mora hae creo nos, do. Hinc veho dico amo Erga lambo sic ars vox me Erudio castrensis far. Vas haec ignoro Iam tot tumulo per pensito plico Cito, ut. Evagor os Dum ros Foedus fuga laeve Reus ymo pio esse os Quatenus ac mos, in. Diu eu ioco possum, cum Purpura impendo, en. Canto Ico sino, mel lea no agon cito tui dum Emendo gero arx Cuius adversum, illa, levo pro abigo Ales labor, no. Tam cado sane laboro aspirator, os. Ne, placo saepe extendo reseco edo fascia se arx Affligo, se. In sis mensa Voluptas contrado plebs, ne, limito promo Fama. Pax vis pax lorica Novus, no. Pax os, ala amo tot terror. Initium irrito aper illa eo Condo ops galea senex Abavus adsum, te. Res eo. An. Conor Cupidus is. Una St me fors rota en Censeo se ruo Dedecus hac vae ter caput omitto Laus, eo. Os evoco re bene caro picus relinquo, os. Erado quatenus/quatinus, in, doleo sic Ico ventilo An, in impius s.</p>', 'bottom2|left', 0, '', '', 9, '', '', ''),
(57, '', '', '', '', '', '', 'Cookie Einstellungen', '', 'bottom2|left', 0, 'javascript:openCookieConsentManager()', '', 0, '', '', '');

TRUNCATE TABLE `s_cms_static_attributes`;
TRUNCATE TABLE `s_cms_static_groups`;
INSERT INTO `s_cms_static_groups` (`id`, `name`, `key`, `active`, `mapping_id`) VALUES
(1, 'Linker Bereich und Service/Hilfe oben', 'left', 1, NULL),
(2, 'Unten (Shop Service)', 'bottom', 1, NULL),
(3, 'Unten (Informationen)', 'bottom2', 1, NULL),
(4, 'In Bearbeitung', 'disabled', 0, NULL);

TRUNCATE TABLE `s_cms_support`;
INSERT INTO `s_cms_support` (`id`, `name`, `text`, `email`, `email_template`, `email_subject`, `text2`, `meta_title`, `meta_keywords`, `meta_description`, `ticket_typeID`, `isocode`, `shop_ids`)
VALUES
  (5,'Kontaktformular','<p>Schreiben Sie uns eine eMail.</p>\r\n<p>Wir freuen uns auf Ihre Kontaktaufnahme.</p>','info@example.com','Kontaktformular Shopware Demoshop\r\n\r\nAnrede: {sVars.anrede}\r\nVorname: {sVars.vorname}\r\nNachname: {sVars.nachname}\r\neMail: {sVars.email}\r\nTelefon: {sVars.telefon}\r\nBetreff: {sVars.betreff}\r\nKommentar: \r\n{sVars.kommentar}\r\n\r\n\r\n','Kontaktformular Shopware','<p>Ihr Formular wurde versendet!</p>',NULL,NULL,NULL,1,'de',NULL),
  (8,'Partnerformular','<h2>Partner werden und mitverdienen!</h2>\r\n<p>Einfach unseren Link auf ihre Seite legen und Sie erhalten f&uuml;r jeden Umsatz ihrer vermittelten Kunden automatisch eine attraktive Provision auf den Netto-Auftragswert.</p>\r\n<p>Bitte f&uuml;llen Sie <span style=\"text-decoration: underline;\">unverbindlich</span> das Partnerformular aus. Wir werden uns umgehend mit Ihnen in Verbindung setzen!</p>','info@example.com','Partneranfrage - {$sShopname}\n{sVars.firma} moechte Partner Ihres Shops werden!\n\nFirma: {sVars.firma}\nAnsprechpartner: {sVars.ansprechpartner}\nStraße/Hausnr.: {sVars.strasse}\nPLZ / Ort: {sVars.plz} {sVars.ort}\neMail: {sVars.email}\nTelefon: {sVars.tel}\nFax: {sVars.fax}\nWebseite: {sVars.website}\n\nKommentar:\n{sVars.kommentar}\n\nProfil:\n{sVars.profil}','Partner Anfrage','<p>Die Anfrage wurde versandt!</p>',NULL,NULL,NULL,0,'de',NULL),
  (9,'Defektes Produkt','<p>Sie erhalten von uns nach dem Absenden dieses Formulars innerhalb kurzer Zeit eine R&uuml;ckantwort mit einer RMA-Nummer und weiterer Vorgehensweise.</p>\r\n<p>Bitte f&uuml;llen Sie die Fehlerbeschreibung ausf&uuml;hrlich aus, Sie m&uuml;ssen diese dann nicht mehr dem Paket beilegen.</p>','info@example.com','Defektes Produkt - Shopware Demoshop\r\n\r\nFirma: {sVars.firma}\r\nKundennummer: {sVars.kdnr}\r\neMail: {sVars.email}\r\n\r\nRechnungsnummer: {sVars.rechnung}\r\nArtikelnummer: {sVars.artikel}\r\n\r\nDetaillierte Fehlerbeschreibung:\r\n--------------------------------\r\n{sVars.fehler}\r\n\r\nRechner: {sVars.rechner}\r\nSystem {sVars.system}\r\nWie tritt das Problem auf: {sVars.wie}\r\n','Online-Serviceformular','<p>Formular erfolgreich versandt!</p>',NULL,NULL,NULL,2,'de',NULL),
  (10,'Rückgabe','<h2>Hier k&ouml;nnen Sie Informationen zur R&uuml;ckgabe einstellen...</h2>','info@example.com','Rükgabe - Shopware Demoshop\n \nKundennummer: {sVars.kdnr}\neMail: {sVars.email}\n \nRechnungsnummer: {sVars.rechnung}\nArtikelnummer: {sVars.artikel}\n \nKommentar:\n \n{sVars.info}','Rückgabe','<p>Formular erfolgreich versandt.</p>',NULL,NULL,NULL,0,'de',NULL),
  (16,'Anfrage-Formular','<p>Schreiben Sie uns eine eMail.</p>\r\n<p>Wir freuen uns auf Ihre Kontaktaufnahme.</p>','info@example.com','{sShopname} Anfrage-Formular\n\nAnrede: {sVars.anrede}\nVorname: {sVars.vorname}\nNachname: {sVars.nachname}\neMail: {sVars.email}\nTelefon: {sVars.telefon}\nArtikel: {sVars.sordernumber}\n\nFrage: \n{sVars.inquiry}','{sShopname} Anfrage-Formular','<p>Ihre Anfrage wurde versendet!</p>',NULL,NULL,NULL,0,'de',NULL),
  (17,'Partner form','<h2><strong>Become partner and earn money!</strong></h2>\r\n<p>Link our Site and receive&nbsp;an attractive commission on the net contract price&nbsp;for every tornover of your&nbsp;provided customers.</p>\r\n<p>Please fill out the partner form <span style=\"text-decoration: underline;\">without obligation</span>.&nbsp;We will immediately get in contact with you!</p>','info@example.com','Partner inquiry - {$sShopname}\n{sVars.firma} want to become your partner!\n\nCompany: {sVars.firma}\nContact person: {sVars.ansprechpartner}\nStreet / No.: {sVars.strasse}\nPostal Code / City: {sVars.plz} {sVars.ort}\neMail: {sVars.email}\nPhone: {sVars.tel}\nFax: {sVars.fax}\nWebsite: {sVars.website}\n\nComment:\n{sVars.kommentar}\n\nProfile:\n{sVars.profil}','Partner inquiry','<p>&nbsp;</p>\r\n&nbsp;\r\n<div id=\"result_box\" dir=\"ltr\">The request has been sent!</div>',NULL,NULL,NULL,0,'de',NULL),
  (18,'Contact','','info@example.com','Contact form Shopware Demoshop\r\n\r\nTitle: {sVars.anrede}\r\nFirst name: {sVars.vorname}\r\nLast name: {sVars.nachname}\r\neMail: {sVars.email}\r\nPhone: {sVars.telefon}\r\nSubject: {sVars.betreff}\r\nComment: \r\n{sVars.kommentar}\r\n\r\n\r\n','Contact form Shopware','<p>Your form was sent!</p>',NULL,NULL,NULL,0,'de',NULL),
  (19,'Defective product','<p>After submitting this form you will receive an answer from us with a RMA number and additional instruction</p><p>Please fill out the form with all necessary details. You will not need to include the error description in your package.</p>','info@example.com','Defective product - Shopware Demoshop\n\nCompany: {sVars.firma}\nCustomer no.: {sVars.kdnr}\neMail: {sVars.email}\n\nInvoice no.: {sVars.rechnung}\nArticle no.: {sVars.artikel}\n\nDescription of failure:\n--------------------------------\n{sVars.fehler}\n\nType: {sVars.rechner}\nSystem {sVars.system}\nHow does the problem occur:\n{sVars.wie}','Online-Serviceform','<p>Form successfully sent!</p>',NULL,NULL,NULL,0,'de',NULL),
  (20,'Return','<h2>Here you can write information about the return...</h2>','info@example.com','Return - Shopware Demoshop\n\nCustomer no.: {sVars.kdnr}\neMail: {sVars.email}\n\nInvoice no.: {sVars.rechnung}\nArticle no.: {sVars.artikel}\n\nComment:\n{sVars.info}','Return','<p>Form successfully sent.</p>',NULL,NULL,NULL,0,'de',NULL),
  (21,'Inquiry form','<p>Send us an email.&nbsp;<br /><br />We look forward to hearing from you.</p>','info@example.com','{sShopname} Anfrage-Formular\n\nAnrede: {sVars.anrede}\nVorname: {sVars.vorname}\nNachname: {sVars.nachname}\neMail: {sVars.email}\nTelefon: {sVars.telefon}\nArtikel: {sVars.sordernumber}\n\nFrage: \n{sVars.inquiry}','{sShopname} Anfrage-Formular','<p>Your request has been sent!</p>',NULL,NULL,NULL,0,'de',NULL),
  (22,'Support beantragen','<p>Wir freuen uns &uuml;ber Ihre Kontaktaufnahme.</p>','info@example.com','','Support beantragen','<p>Vielen Dank f&uuml;r Ihre Anfrage!</p>',NULL,NULL,NULL,1,'de',NULL);

TRUNCATE TABLE `s_cms_support_attributes`;
TRUNCATE TABLE `s_cms_support_fields`;
INSERT INTO `s_cms_support_fields` (`id`, `error_msg`, `name`, `note`, `typ`, `required`, `supportID`, `label`, `class`, `value`, `added`, `position`, `ticket_task`)
VALUES
  (24,'','anrede','','select',1,5,'Anrede','normal','Frau;Herr','2007-11-02 03:28:48',0,''),
  (35,'','vorname','','text',1,5,'Vorname','normal','','2007-11-06 03:17:48',1,''),
  (36,'','nachname','','text',1,5,'Nachname','normal','','2007-11-06 03:17:57',2,'name'),
  (37,'','email','','email',1,5,'eMail-Adresse','normal','','2007-11-06 03:18:36',3,'email'),
  (38,'','telefon','','text',0,5,'Telefon','normal','','2007-11-06 03:18:49',4,''),
  (39,'','betreff','','text',1,5,'Betreff','normal','','2007-11-06 03:18:57',5,'subject'),
  (40,'','kommentar','','textarea',1,5,'Kommentar','normal','','2007-11-06 03:19:08',6,'message'),
  (41,'','firma','','text',1,8,'Firma','normal','','2007-11-22 08:11:39',0,''),
  (42,'','ansprechpartner','','text',1,8,'Ansprechpartner','normal','','2007-11-22 08:12:18',1,''),
  (43,'','strasse','','text',1,8,'Straße & Hausnummer','normal','','2007-11-22 08:12:49',2,''),
  (44,'','plz;ort','','text2',1,8,'PLZ ; Ort','plz;ort','','2007-11-22 08:12:59',3,''),
  (45,'','tel','','text',1,8,'Telefon','normal','','2007-11-22 08:13:45',4,''),
  (46,'','fax','','text',0,8,'Fax','normal','','2007-11-22 08:13:52',5,''),
  (47,'','email','','text',1,8,'eMail','normal','','2007-11-22 08:13:58',6,''),
  (48,'','website','','text',1,8,'Webseite','normal','','2007-11-22 08:14:07',7,''),
  (49,'','kommentar','','textarea',0,8,'Kommentar','normal','','2007-11-22 08:14:21',8,''),
  (50,'','profil','','textarea',1,8,'Firmenprofil','normal','','2007-11-22 08:14:34',9,''),
  (51,'','rechnung','','text',1,9,'Rechnungsnummer','normal','','2007-11-06 17:21:49',0,''),
  (52,'','email','','text',1,9,'eMail-Adresse','normal','','2007-11-06 17:19:20',1,'email'),
  (53,'','kdnr','','text',1,9,'KdNr.(siehe Rechnung)','normal','','2007-11-06 17:19:10',2,'name'),
  (54,'','firma','','checkbox',0,9,'Firma (Wenn ja, bitte ankreuzen)','','1','2007-11-06 17:18:36',3,''),
  (55,'','artikel','','textarea',1,9,'Artikelnummer(n)','normal','','2007-11-06 17:22:13',4,'subject'),
  (56,'','fehler','','textarea',1,9,'Detaillierte Fehlerbeschreibung','normal','','2007-11-06 17:22:33',5,'message'),
  (57,'','rechner','','textarea',0,9,'Auf welchem Rechnertypen läuft das defekte Produkt?','normal','','2007-11-06 17:23:17',6,''),
  (58,'','system','','textarea',0,9,'Mit welchem Betriebssystem arbeiten Sie?','normal','','2007-11-06 17:23:57',7,''),
  (59,'','wie','','select',1,9,'Wie tritt das Problem auf?','normal','sporadisch; ständig','2007-11-06 17:24:26',8,''),
  (60,'','kdnr','','text',1,10,'KdNr.(siehe Rechnung)','normal','','2007-11-06 17:31:38',0,''),
  (61,'','email','','text',1,10,'eMail-Adresse','normal','','2007-11-06 17:31:51',1,''),
  (62,'','rechnung','','text',1,10,'Rechnungsnummer','normal','','2007-11-06 17:32:02',2,''),
  (63,'','artikel','','textarea',1,10,'Artikelnummer(n)','normal','','2007-11-06 17:32:17',3,''),
  (64,'','info','','textarea',0,10,'Kommentar','normal','','2007-11-06 17:32:42',4,''),
  (69,'','inquiry','','textarea',1,16,'Anfrage','normal','','2007-11-06 03:19:08',5,''),
  (71,'','nachname','','text',1,16,'Nachname','normal','','2007-11-06 03:17:57',3,''),
  (72,'','anrede','','select',1,16,'Anrede','normal','Frau;Herr','2007-11-02 03:28:48',0,''),
  (73,'','telefon','','text',0,16,'Telefon','normal','','2007-11-06 03:18:49',4,''),
  (74,'','email','','text',1,16,'eMail-Adresse','normal','','2007-11-06 03:18:36',1,''),
  (75,'','vorname','','text',1,16,'Vorname','normal','','2007-11-06 03:17:48',2,''),
  (76,'','firma','','text',1,17,'Company','normal','','2008-10-17 13:02:42',0,''),
  (77,'','ansprechpartner','','text',1,17,'Contact person','normal','','2008-10-17 13:03:35',9,''),
  (78,'','strasse','','text',1,17,'Street & house number','normal','','2008-10-17 13:05:55',1,''),
  (79,'','plz;ort','','text2',1,17,'Postal Code ; City','plz;ort','','2008-10-17 13:06:23',2,''),
  (80,'','tel','','text',1,17,'Phone','normal','','2008-10-17 13:06:35',3,''),
  (81,'','fax','','text',0,17,'Fax','normal','','2008-10-17 13:06:48',4,''),
  (82,'','email','','text',1,17,'eMail','normal','','2008-10-17 13:07:06',5,''),
  (83,'','website','','text',1,17,'Website','normal','','2008-10-17 13:07:14',6,''),
  (84,'','kommentar','','textarea',0,17,'Comment','normal','','2008-10-17 13:07:25',7,''),
  (85,'','profil','','textarea',1,17,'Company profile','normal','','2008-10-17 13:07:43',8,''),
  (86,'','anrede','','select',1,18,'Title','normal','Ms;Mr','2008-10-17 13:21:07',0,''),
  (87,'','vorname','','text',1,18,'First name','normal','','2008-10-17 13:21:41',1,''),
  (88,'','nachname','','text',1,18,'Last name','normal','','2008-10-17 13:22:01',2,''),
  (89,'','email','','text',1,18,'eMail-Adress','normal','','2008-10-17 13:22:18',3,''),
  (90,'','telefon','','text',0,18,'Phone','normal','','2008-10-17 13:22:28',4,''),
  (91,'','betreff','','text',1,18,'Subject','normal','','2008-10-17 13:22:38',5,''),
  (92,'','kommentar','','textarea',1,18,'Comment','normal','','2008-10-17 13:22:45',6,''),
  (93,'','firma','','checkbox',0,19,'Company (If so, please mark)','','1','2008-10-17 13:45:44',0,''),
  (94,'','kdnr','','text',1,19,'Customer no. (See invoice)','normal','','2008-10-17 13:46:04',1,''),
  (95,'','email','','text',1,19,'Email address','normal','','2008-10-17 13:46:27',2,''),
  (96,'','rechnung','','text',1,19,'Invoice number','normal','','2008-10-17 13:47:03',3,''),
  (97,'','artikel','','textarea',1,19,'Article number(s)','normal','','2008-10-17 13:47:43',4,''),
  (98,'','fehler','','textarea',1,19,'Detailed error description','normal','','2008-10-17 13:48:54',5,''),
  (99,'','rechner','','textarea',0,19,'On which computer type does the defective product run?','normal','','2008-10-17 14:02:03',6,''),
  (100,'','system','','textarea',0,19,'With which operating system do you work?','normal','','2008-10-17 14:02:36',7,''),
  (101,'','wie','','select',1,19,'How does the problem occur?','normal','sporadically;permanently','2008-10-17 14:02:55',8,''),
  (102,'','kdnr','','text',1,20,'Customer no. (See invoice)','normal','','2008-10-17 14:21:28',0,''),
  (103,'','email','','text',1,20,'eMail-Adress','normal','','2008-10-17 14:22:12',1,''),
  (104,'','rechnung','','text',1,20,'Invoice number','normal','','2008-10-17 14:22:43',2,''),
  (105,'','artikel','','textarea',1,20,'Articlenumber(s)','normal','','2008-10-17 14:23:15',3,''),
  (106,'','info','','textarea',0,20,'Comment','normal','','2008-10-17 14:23:37',4,''),
  (107,'','anrede','','select',1,21,'Title','normal','Ms;Mr','2008-10-17 14:45:21',0,''),
  (108,'','vorname','','text',1,21,'First name','normal','','2008-10-17 14:46:11',1,''),
  (109,'','nachname','','text',1,21,'Last name','normal','','2008-10-17 14:46:31',2,''),
  (110,'','email','','text',1,21,'eMail-Adress','normal','','2008-10-17 14:46:49',3,''),
  (111,'','telefon','','text',0,21,'Phone','normal','','2008-10-17 14:47:00',4,''),
  (112,'','inquiry','','textarea',1,21,'Inquiry','normal','','2008-10-17 14:47:25',5,''),
  (113,'','name','','text',1,22,'Name','normal','','2009-04-15 22:20:30',0,'name'),
  (114,'','email','','email',1,22,'eMail','normal','','2009-04-15 22:20:37',1,'email'),
  (115,'','betreff','','text',1,22,'Betreff','normal','','2009-04-15 22:20:45',2,'subject'),
  (116,'','kommentar','','textarea',1,22,'Kommentar','normal','','2009-04-15 22:21:07',3,'message'),
  (117,'','sordernumber','','hidden',0,21,'Order number','normal','','2017-11-21 10:51:06',6,''),
  (118,'','sordernumber','','hidden',0,16,'Artikelnummer','normal','','2017-11-21 10:51:13',6,'');

TRUNCATE TABLE `s_core_acl_roles`;
INSERT INTO `s_core_acl_roles` (`id`, `roleID`, `resourceID`, `privilegeID`) VALUES
(1, 1, NULL, NULL),
(7, 6, 28, NULL);

TRUNCATE TABLE `s_core_auth`;

TRUNCATE TABLE `s_core_auth_attributes`;
TRUNCATE TABLE `s_core_auth_roles`;
INSERT INTO `s_core_auth_roles` (`id`, `parentID`, `name`, `description`, `source`, `enabled`, `admin`) VALUES
(1, NULL, 'local_admins', 'Default group that gains access to all shop functions', 'build-in', 1, 1),
(6, NULL, 'Blog', 'nur für das Editieren des Blogs.', 'custom', 1, 0);

TRUNCATE TABLE `s_core_config_mails_attachments`;
TRUNCATE TABLE `s_core_config_mails_attributes`;

TRUNCATE TABLE `s_core_countries`;
INSERT INTO `s_core_countries` (`id`, `countryname`, `countryiso`, `areaID`, `countryen`, `position`, `notice`,  `taxfree`, `taxfree_ustid`, `taxfree_ustid_checked`, `active`, `iso3`, `display_state_in_registration`, `force_state_in_registration`) VALUES
(2, 'Deutschland', 'DE', 1, 'GERMANY', 1, '', 0, 0, 0, 1, 'DEU', 0, 0),
(3, 'Arabische Emirate', 'AE', 2, 'ARAB EMIRATES', 10, '', 0, 0, 0, 1, 'ARE', 0, 0),
(4, 'Australien', 'AU', 2, 'AUSTRALIA', 10, '', 0, 0, 0, 1, 'AUS', 0, 0),
(5, 'Belgien', 'BE', 3, 'BELGIUM', 10, '', 0, 0, 0, 1, 'BEL', 0, 0),
(7, 'Dänemark', 'DK', 3, 'DENMARK', 10, '', 0, 0, 0, 1, 'DNK', 0, 0),
(8, 'Finnland', 'FI', 3, 'FINLAND', 10, '', 0, 0, 0, 1, 'FIN', 0, 0),
(9, 'Frankreich', 'FR', 3, 'FRANCE', 10, '', 0, 0, 0, 0, 'FRA', 0, 0),
(10, 'Griechenland', 'GR', 3, 'GREECE', 10, '', 0, 0, 0, 0, 'GRC', 0, 0),
(11, 'Großbritannien', 'GB', 3, 'GREAT BRITAIN', 10, '', 0, 0, 0, 0, 'GBR', 0, 0),
(12, 'Irland', 'IE', 3, 'IRELAND', 10, '', 0, 0, 0, 0, 'IRL', 0, 0),
(13, 'Island', 'IS', 3, 'ICELAND', 10, '', 0, 0, 0, 0, 'ISL', 0, 0),
(14, 'Italien', 'IT', 3, 'ITALY', 10, '', 0, 0, 0, 1, 'ITA', 0, 0),
(15, 'Japan', 'JP', 2, 'JAPAN', 10, '', 0, 0, 0, 0, 'JPN', 0, 0),
(16, 'Kanada', 'CA', 2, 'CANADA', 10, '', 0, 0, 0, 0, 'CAN', 0, 0),
(18, 'Luxemburg', 'LU', 3, 'LUXEMBOURG', 10, '', 0, 0, 0, 0, 'LUX', 0, 0),
(20, 'Namibia', 'NA', 2, 'NAMIBIA', 10, '', 0, 0, 0, 0, 'NAM', 0, 0),
(21, 'Niederlande', 'NL', 3, 'NETHERLANDS', 10, '', 0, 0, 0, 1, 'NLD', 0, 0),
(22, 'Norwegen', 'NO', 3, 'NORWAY', 10, '', 0, 0, 0, 0, 'NOR', 0, 0),
(23, 'Österreich', 'AT', 3, 'AUSTRIA', 1, '', 0, 0, 0, 1, 'AUT', 0, 0),
(24, 'Portugal', 'PT', 3, 'PORTUGAL', 10, '', 0, 0, 0, 0, 'PRT', 0, 0),
(25, 'Schweden', 'SE', 3, 'SWEDEN', 10, '', 0, 0, 0, 0, 'SWE', 0, 0),
(26, 'Schweiz', 'CH', 3, 'SWITZERLAND', 10, '', 1, 0, 0, 1, 'CHE', 0, 0),
(27, 'Spanien', 'ES', 3, 'SPAIN', 10, '', 0, 0, 0, 1, 'ESP', 0, 0),
(28, 'USA', 'US', 2, 'USA', 10, '', 0, 0, 0, 0, 'USA', 0, 0),
(29, 'Liechtenstein', 'LI', 3, 'LIECHTENSTEIN', 10, '', 0, 0, 0, 0, 'LIE', 0, 0),
(30, 'Polen', 'PL', 3, 'POLAND', 10, '', 0, 0, 0, 0, 'POL', 0, 0),
(31, 'Ungarn', 'HU', 3, 'HUNGARY', 10, '', 0, 0, 0, 0, 'HUN', 0, 0),
(32, 'Türkei', 'TR', 2, 'TURKEY', 10, '', 0, 0, 0, 0, 'TUR', 0, 0),
(33, 'Tschechien', 'CZ', 3, 'CZECH REPUBLIC', 10, '', 0, 0, 0, 0, 'CZE', 0, 0),
(34, 'Slowakei', 'SK', 3, 'SLOVAKIA', 10, '', 0, 0, 0, 0, 'SVK', 0, 0),
(35, 'Rum&auml;nien', 'RO', 3, 'ROMANIA', 10, '', 0, 0, 0, 0, 'ROU', 0, 0),
(36, 'Brasilien', 'BR', 2, 'BRAZIL', 10, '', 0, 0, 0, 0, 'BRA', 0, 0),
(37, 'Israel', 'IL', 2, 'ISRAEL', 10, '', 0, 0, 0, 0, 'ISR', 0, 0),
(38, 'Bulgarien', 'BG', 3, 'BULGARIA', 10, '', 0, 0, 0, 0, 'BGR', 0, 0),
(39, 'Estland', 'EE', 3, 'ESTONIA', 10, '', 0, 0, 0, 0, 'EST', 0, 0),
(40, 'Kroatien', 'HR', 3, 'CROATIA', 10, '', 0, 0, 0, 0, 'HRV', 0, 0),
(41, 'Lettland', 'LV', 3, 'LATVIA', 10, '', 0, 0, 0, 0, 'LVA', 0, 0),
(42, 'Litauen', 'LT', 3, 'LITHUANIA', 10, '', 0, 0, 0, 0, 'LTU', 0, 0),
(43, 'Malta', 'MT', 3, 'MALTA', 10, '', 0, 0, 0, 0, 'MLT', 0, 0),
(44, 'Slowenien', 'SI', 3, 'SLOVENIA', 10, '', 0, 0, 0, 0, 'SVN', 0, 0),
(45, 'Zypern', 'CY', 3, 'CYPRUS', 10, '', 0, 0, 0, 0, 'CYP', 0, 0),
(46, 'Afghanistan', 'AF', 2, 'AFGHANISTAN', 10, '', 0, 0, 0, 0, 'AFG', 0, 0),
(47, 'Åland', 'AX', 2, 'ÅLAND ISLANDS', 10, '', 0, 0, 0, 0, 'ALA', 0, 0),
(48, 'Albanien', 'AL', 2, 'ALBANIA', 10, '', 0, 0, 0, 0, 'ALB', 0, 0),
(49, 'Algerien', 'DZ', 2, 'ALGERIA', 10, '', 0, 0, 0, 0, 'DZA', 0, 0),
(50, 'Amerikanisch-Samoa', 'AS', 2, 'AMERICAN SAMOA', 10, '', 0, 0, 0, 0, 'ASM', 0, 0),
(51, 'Andorra', 'AD', 2, 'ANDORRA', 10, '', 0, 0, 0, 0, 'AND', 0, 0),
(52, 'Angola', 'AO', 2, 'ANGOLA', 10, '', 0, 0, 0, 0, 'AGO', 0, 0),
(53, 'Anguilla', 'AI', 2, 'ANGUILLA', 10, '', 0, 0, 0, 0, 'AIA', 0, 0),
(54, 'Antarktika', 'AQ', 2, 'ANTARCTICA', 10, '', 0, 0, 0, 0, 'ATA', 0, 0),
(55, 'Antigua und Barbuda', 'AG', 2, 'ANTIGUA AND BARBUDA', 10, '', 0, 0, 0, 0, 'ATG', 0, 0),
(56, 'Argentinien', 'AR', 2, 'ARGENTINA', 10, '', 0, 0, 0, 0, 'ARG', 0, 0),
(57, 'Armenien', 'AM', 2, 'ARMENIA', 10, '', 0, 0, 0, 0, 'ARM', 0, 0),
(58, 'Aruba', 'AW', 2, 'ARUBA', 10, '', 0, 0, 0, 0, 'ABW', 0, 0),
(59, 'Aserbaidschan', 'AZ', 2, 'AZERBAIJAN', 10, '', 0, 0, 0, 0, 'AZE', 0, 0),
(60, 'Bahamas', 'BS', 2, 'BAHAMAS', 10, '', 0, 0, 0, 0, 'BHS', 0, 0),
(61, 'Bahrain', 'BH', 2, 'BAHRAIN', 10, '', 0, 0, 0, 0, 'BHR', 0, 0),
(62, 'Bangladesch', 'BD', 2, 'BANGLADESH', 10, '', 0, 0, 0, 0, 'BGD', 0, 0),
(63, 'Barbados', 'BB', 2, 'BARBADOS', 10, '', 0, 0, 0, 0, 'BRB', 0, 0),
(64, 'Weißrussland', 'BY', 2, 'BELARUS', 10, '', 0, 0, 0, 0, 'BLR', 0, 0),
(65, 'Belize', 'BZ', 2, 'BELIZE', 10, '', 0, 0, 0, 0, 'BLZ', 0, 0),
(66, 'Benin', 'BJ', 2, 'BENIN', 10, '', 0, 0, 0, 0, 'BEN', 0, 0),
(67, 'Bermuda', 'BM', 2, 'BERMUDA', 10, '', 0, 0, 0, 0, 'BMU', 0, 0),
(68, 'Bhutan', 'BT', 2, 'BHUTAN', 10, '', 0, 0, 0, 0, 'BTN', 0, 0),
(69, 'Bolivien', 'BO', 2, 'BOLIVIA (PLURINATIONAL STATE OF)', 10, '', 0, 0, 0, 0, 'BOL', 0, 0),
(70, 'Bonaire, Sint Eustatius und Saba', 'BQ', 2, 'BONAIRE, SINT EUSTATIUS AND SABA', 10, '', 0, 0, 0, 0, 'BES', 0, 0),
(71, 'Bosnien und Herzegowina', 'BA', 2, 'BOSNIA AND HERZEGOVINA', 10, '', 0, 0, 0, 0, 'BIH', 0, 0),
(72, 'Botswana', 'BW', 2, 'BOTSWANA', 10, '', 0, 0, 0, 0, 'BWA', 0, 0),
(73, 'Bouvetinsel', 'BV', 2, 'BOUVET ISLAND', 10, '', 0, 0, 0, 0, 'BVT', 0, 0),
(74, 'Britisches Territorium im Indischen Ozean', 'IO', 2, 'BRITISH INDIAN OCEAN TERRITORY', 10, '', 0, 0, 0, 0, 'IOT', 0, 0),
(75, 'Kleinere Inselbesitzungen der Vereinigten Staaten', 'UM', 2, 'UNITED STATES MINOR OUTLYING ISLANDS', 10, '', 0, 0, 0, 0, 'UMI', 0, 0),
(76, 'Britische Jungferninseln', 'VG', 2, 'VIRGIN ISLANDS (BRITISH)', 10, '', 0, 0, 0, 0, 'VGB', 0, 0),
(77, 'Amerikanische Jungferninseln', 'VI', 2, 'VIRGIN ISLANDS (U.S.)', 10, '', 0, 0, 0, 0, 'VIR', 0, 0),
(78, 'Brunei', 'BN', 2, 'BRUNEI DARUSSALAM', 10, '', 0, 0, 0, 0, 'BRN', 0, 0),
(79, 'Burkina Faso', 'BF', 2, 'BURKINA FASO', 10, '', 0, 0, 0, 0, 'BFA', 0, 0),
(80, 'Burundi', 'BI', 2, 'BURUNDI', 10, '', 0, 0, 0, 0, 'BDI', 0, 0),
(81, 'Kambodscha', 'KH', 2, 'CAMBODIA', 10, '', 0, 0, 0, 0, 'KHM', 0, 0),
(82, 'Kamerun', 'CM', 2, 'CAMEROON', 10, '', 0, 0, 0, 0, 'CMR', 0, 0),
(83, 'Kap Verde', 'CV', 2, 'CABO VERDE', 10, '', 0, 0, 0, 0, 'CPV', 0, 0),
(84, 'Kaimaninseln', 'KY', 2, 'CAYMAN ISLANDS', 10, '', 0, 0, 0, 0, 'CYM', 0, 0),
(85, 'Zentralafrikanische Republik', 'CF', 2, 'CENTRAL AFRICAN REPUBLIC', 10, '', 0, 0, 0, 0, 'CAF', 0, 0),
(86, 'Tschad', 'TD', 2, 'CHAD', 10, '', 0, 0, 0, 0, 'TCD', 0, 0),
(87, 'Chile', 'CL', 2, 'CHILE', 10, '', 0, 0, 0, 0, 'CHL', 0, 0),
(88, 'China', 'CN', 2, 'CHINA', 10, '', 0, 0, 0, 0, 'CHN', 0, 0),
(89, 'Weihnachtsinsel', 'CX', 2, 'CHRISTMAS ISLAND', 10, '', 0, 0, 0, 0, 'CXR', 0, 0),
(90, 'Kokosinseln', 'CC', 2, 'COCOS (KEELING) ISLANDS', 10, '', 0, 0, 0, 0, 'CCK', 0, 0),
(91, 'Kolumbien', 'CO', 2, 'COLOMBIA', 10, '', 0, 0, 0, 0, 'COL', 0, 0),
(92, 'Union der Komoren', 'KM', 2, 'COMOROS', 10, '', 0, 0, 0, 0, 'COM', 0, 0),
(93, 'Kongo', 'CG', 2, 'CONGO', 10, '', 0, 0, 0, 0, 'COG', 0, 0),
(94, 'Kongo (Dem. Rep.)', 'CD', 2, 'CONGO (DEMOCRATIC REPUBLIC OF THE)', 10, '', 0, 0, 0, 0, 'COD', 0, 0),
(95, 'Cookinseln', 'CK', 2, 'COOK ISLANDS', 10, '', 0, 0, 0, 0, 'COK', 0, 0),
(96, 'Costa Rica', 'CR', 2, 'COSTA RICA', 10, '', 0, 0, 0, 0, 'CRI', 0, 0),
(97, 'Kuba', 'CU', 2, 'CUBA', 10, '', 0, 0, 0, 0, 'CUB', 0, 0),
(98, 'Curaçao', 'CW', 2, 'CURAÇAO', 10, '', 0, 0, 0, 0, 'CUW', 0, 0),
(99, 'Dschibuti', 'DJ', 2, 'DJIBOUTI', 10, '', 0, 0, 0, 0, 'DJI', 0, 0),
(100, 'Dominica', 'DM', 2, 'DOMINICA', 10, '', 0, 0, 0, 0, 'DMA', 0, 0),
(101, 'Dominikanische Republik', 'DO', 2, 'DOMINICAN REPUBLIC', 10, '', 0, 0, 0, 0, 'DOM', 0, 0),
(102, 'Ecuador', 'EC', 2, 'ECUADOR', 10, '', 0, 0, 0, 0, 'ECU', 0, 0),
(103, 'Ägypten', 'EG', 2, 'EGYPT', 10, '', 0, 0, 0, 0, 'EGY', 0, 0),
(104, 'El Salvador', 'SV', 2, 'EL SALVADOR', 10, '', 0, 0, 0, 0, 'SLV', 0, 0),
(105, 'Äquatorial-Guinea', 'GQ', 2, 'EQUATORIAL GUINEA', 10, '', 0, 0, 0, 0, 'GNQ', 0, 0),
(106, 'Eritrea', 'ER', 2, 'ERITREA', 10, '', 0, 0, 0, 0, 'ERI', 0, 0),
(107, 'Äthiopien', 'ET', 2, 'ETHIOPIA', 10, '', 0, 0, 0, 0, 'ETH', 0, 0),
(108, 'Falklandinseln', 'FK', 2, 'FALKLAND ISLANDS (MALVINAS)', 10, '', 0, 0, 0, 0, 'FLK', 0, 0),
(109, 'Färöer-Inseln', 'FO', 2, 'FAROE ISLANDS', 10, '', 0, 0, 0, 0, 'FRO', 0, 0),
(110, 'Fidschi', 'FJ', 2, 'FIJI', 10, '', 0, 0, 0, 0, 'FJI', 0, 0),
(111, 'Französisch Guyana', 'GF', 2, 'FRENCH GUIANA', 10, '', 0, 0, 0, 0, 'GUF', 0, 0),
(112, 'Französisch-Polynesien', 'PF', 2, 'FRENCH POLYNESIA', 10, '', 0, 0, 0, 0, 'PYF', 0, 0),
(113, 'Französische Süd- und Antarktisgebiete', 'TF', 2, 'FRENCH SOUTHERN TERRITORIES', 10, '', 0, 0, 0, 0, 'ATF', 0, 0),
(114, 'Gabun', 'GA', 2, 'GABON', 10, '', 0, 0, 0, 0, 'GAB', 0, 0),
(115, 'Gambia', 'GM', 2, 'GAMBIA', 10, '', 0, 0, 0, 0, 'GMB', 0, 0),
(116, 'Georgien', 'GE', 2, 'GEORGIA', 10, '', 0, 0, 0, 0, 'GEO', 0, 0),
(117, 'Ghana', 'GH', 2, 'GHANA', 10, '', 0, 0, 0, 0, 'GHA', 0, 0),
(118, 'Gibraltar', 'GI', 2, 'GIBRALTAR', 10, '', 0, 0, 0, 0, 'GIB', 0, 0),
(119, 'Grönland', 'GL', 2, 'GREENLAND', 10, '', 0, 0, 0, 0, 'GRL', 0, 0),
(120, 'Grenada', 'GD', 2, 'GRENADA', 10, '', 0, 0, 0, 0, 'GRD', 0, 0),
(121, 'Guadeloupe', 'GP', 2, 'GUADELOUPE', 10, '', 0, 0, 0, 0, 'GLP', 0, 0),
(122, 'Guam', 'GU', 2, 'GUAM', 10, '', 0, 0, 0, 0, 'GUM', 0, 0),
(123, 'Guatemala', 'GT', 2, 'GUATEMALA', 10, '', 0, 0, 0, 0, 'GTM', 0, 0),
(124, 'Guernsey', 'GG', 2, 'GUERNSEY', 10, '', 0, 0, 0, 0, 'GGY', 0, 0),
(125, 'Guinea', 'GN', 2, 'GUINEA', 10, '', 0, 0, 0, 0, 'GIN', 0, 0),
(126, 'Guinea-Bissau', 'GW', 2, 'GUINEA-BISSAU', 10, '', 0, 0, 0, 0, 'GNB', 0, 0),
(127, 'Guyana', 'GY', 2, 'GUYANA', 10, '', 0, 0, 0, 0, 'GUY', 0, 0),
(128, 'Haiti', 'HT', 2, 'HAITI', 10, '', 0, 0, 0, 0, 'HTI', 0, 0),
(129, 'Heard und die McDonaldinseln', 'HM', 2, 'HEARD ISLAND AND MCDONALD ISLANDS', 10, '', 0, 0, 0, 0, 'HMD', 0, 0),
(130, 'Heiliger Stuhl', 'VA', 2, 'HOLY SEE', 10, '', 0, 0, 0, 0, 'VAT', 0, 0),
(131, 'Honduras', 'HN', 2, 'HONDURAS', 10, '', 0, 0, 0, 0, 'HND', 0, 0),
(132, 'Hong Kong', 'HK', 2, 'HONG KONG', 10, '', 0, 0, 0, 0, 'HKG', 0, 0),
(133, 'Indien', 'IN', 2, 'INDIA', 10, '', 0, 0, 0, 0, 'IND', 0, 0),
(134, 'Indonesien', 'ID', 2, 'INDONESIA', 10, '', 0, 0, 0, 0, 'IDN', 0, 0),
(135, 'Elfenbeinküste', 'CI', 2, 'CÔTE D\'IVOIRE', 10, '', 0, 0, 0, 0, 'CIV', 0, 0),
(136, 'Iran', 'IR', 2, 'IRAN (ISLAMIC REPUBLIC OF)', 10, '', 0, 0, 0, 0, 'IRN', 0, 0),
(137, 'Irak', 'IQ', 2, 'IRAQ', 10, '', 0, 0, 0, 0, 'IRQ', 0, 0),
(138, 'Insel Man', 'IM', 2, 'ISLE OF MAN', 10, '', 0, 0, 0, 0, 'IMN', 0, 0),
(139, 'Jamaika', 'JM', 2, 'JAMAICA', 10, '', 0, 0, 0, 0, 'JAM', 0, 0),
(140, 'Jersey', 'JE', 2, 'JERSEY', 10, '', 0, 0, 0, 0, 'JEY', 0, 0),
(141, 'Jordanien', 'JO', 2, 'JORDAN', 10, '', 0, 0, 0, 0, 'JOR', 0, 0),
(142, 'Kasachstan', 'KZ', 2, 'KAZAKHSTAN', 10, '', 0, 0, 0, 0, 'KAZ', 0, 0),
(143, 'Kenia', 'KE', 2, 'KENYA', 10, '', 0, 0, 0, 0, 'KEN', 0, 0),
(144, 'Kiribati', 'KI', 2, 'KIRIBATI', 10, '', 0, 0, 0, 0, 'KIR', 0, 0),
(145, 'Kuwait', 'KW', 2, 'KUWAIT', 10, '', 0, 0, 0, 0, 'KWT', 0, 0),
(146, 'Kirgisistan', 'KG', 2, 'KYRGYZSTAN', 10, '', 0, 0, 0, 0, 'KGZ', 0, 0),
(147, 'Laos', 'LA', 2, 'LAO PEOPLE\'S DEMOCRATIC REPUBLIC', 10, '', 0, 0, 0, 0, 'LAO', 0, 0),
(148, 'Libanon', 'LB', 2, 'LEBANON', 10, '', 0, 0, 0, 0, 'LBN', 0, 0),
(149, 'Lesotho', 'LS', 2, 'LESOTHO', 10, '', 0, 0, 0, 0, 'LSO', 0, 0),
(150, 'Liberia', 'LR', 2, 'LIBERIA', 10, '', 0, 0, 0, 0, 'LBR', 0, 0),
(151, 'Libyen', 'LY', 2, 'LIBYA', 10, '', 0, 0, 0, 0, 'LBY', 0, 0),
(152, 'Macao', 'MO', 2, 'MACAO', 10, '', 0, 0, 0, 0, 'MAC', 0, 0),
(153, 'Mazedonien', 'MK', 2, 'MACEDONIA (THE FORMER YUGOSLAV REPUBLIC OF)', 10, '', 0, 0, 0, 0, 'MKD', 0, 0),
(154, 'Madagaskar', 'MG', 2, 'MADAGASCAR', 10, '', 0, 0, 0, 0, 'MDG', 0, 0),
(155, 'Malawi', 'MW', 2, 'MALAWI', 10, '', 0, 0, 0, 0, 'MWI', 0, 0),
(156, 'Malaysia', 'MY', 2, 'MALAYSIA', 10, '', 0, 0, 0, 0, 'MYS', 0, 0),
(157, 'Malediven', 'MV', 2, 'MALDIVES', 10, '', 0, 0, 0, 0, 'MDV', 0, 0),
(158, 'Mali', 'ML', 2, 'MALI', 10, '', 0, 0, 0, 0, 'MLI', 0, 0),
(159, 'Marshallinseln', 'MH', 2, 'MARSHALL ISLANDS', 10, '', 0, 0, 0, 0, 'MHL', 0, 0),
(160, 'Martinique', 'MQ', 2, 'MARTINIQUE', 10, '', 0, 0, 0, 0, 'MTQ', 0, 0),
(161, 'Mauretanien', 'MR', 2, 'MAURITANIA', 10, '', 0, 0, 0, 0, 'MRT', 0, 0),
(162, 'Mauritius', 'MU', 2, 'MAURITIUS', 10, '', 0, 0, 0, 0, 'MUS', 0, 0),
(163, 'Mayotte', 'YT', 2, 'MAYOTTE', 10, '', 0, 0, 0, 0, 'MYT', 0, 0),
(164, 'Mexiko', 'MX', 2, 'MEXICO', 10, '', 0, 0, 0, 0, 'MEX', 0, 0),
(165, 'Mikronesien', 'FM', 2, 'MICRONESIA (FEDERATED STATES OF)', 10, '', 0, 0, 0, 0, 'FSM', 0, 0),
(166, 'Moldawie', 'MD', 2, 'MOLDOVA (REPUBLIC OF)', 10, '', 0, 0, 0, 0, 'MDA', 0, 0),
(167, 'Monaco', 'MC', 2, 'MONACO', 10, '', 0, 0, 0, 0, 'MCO', 0, 0),
(168, 'Mongolei', 'MN', 2, 'MONGOLIA', 10, '', 0, 0, 0, 0, 'MNG', 0, 0),
(169, 'Montenegro', 'ME', 2, 'MONTENEGRO', 10, '', 0, 0, 0, 0, 'MNE', 0, 0),
(170, 'Montserrat', 'MS', 2, 'MONTSERRAT', 10, '', 0, 0, 0, 0, 'MSR', 0, 0),
(171, 'Marokko', 'MA', 2, 'MOROCCO', 10, '', 0, 0, 0, 0, 'MAR', 0, 0),
(172, 'Mosambik', 'MZ', 2, 'MOZAMBIQUE', 10, '', 0, 0, 0, 0, 'MOZ', 0, 0),
(173, 'Myanmar', 'MM', 2, 'MYANMAR', 10, '', 0, 0, 0, 0, 'MMR', 0, 0),
(174, 'Nauru', 'NR', 2, 'NAURU', 10, '', 0, 0, 0, 0, 'NRU', 0, 0),
(175, 'Népal', 'NP', 2, 'NEPAL', 10, '', 0, 0, 0, 0, 'NPL', 0, 0),
(176, 'Neukaledonien', 'NC', 2, 'NEW CALEDONIA', 10, '', 0, 0, 0, 0, 'NCL', 0, 0),
(177, 'Neuseeland', 'NZ', 2, 'NEW ZEALAND', 10, '', 0, 0, 0, 0, 'NZL', 0, 0),
(178, 'Nicaragua', 'NI', 2, 'NICARAGUA', 10, '', 0, 0, 0, 0, 'NIC', 0, 0),
(179, 'Niger', 'NE', 2, 'NIGER', 10, '', 0, 0, 0, 0, 'NER', 0, 0),
(180, 'Nigeria', 'NG', 2, 'NIGERIA', 10, '', 0, 0, 0, 0, 'NGA', 0, 0),
(181, 'Niue', 'NU', 2, 'NIUE', 10, '', 0, 0, 0, 0, 'NIU', 0, 0),
(182, 'Norfolkinsel', 'NF', 2, 'NORFOLK ISLAND', 10, '', 0, 0, 0, 0, 'NFK', 0, 0),
(183, 'Nordkorea', 'KP', 2, 'KOREA (DEMOCRATIC PEOPLE\'S REPUBLIC OF)', 10, '', 0, 0, 0, 0, 'PRK', 0, 0),
(184, 'Nördliche Marianen', 'MP', 2, 'NORTHERN MARIANA ISLANDS', 10, '', 0, 0, 0, 0, 'MNP', 0, 0),
(185, 'Oman', 'OM', 2, 'OMAN', 10, '', 0, 0, 0, 0, 'OMN', 0, 0),
(186, 'Pakistan', 'PK', 2, 'PAKISTAN', 10, '', 0, 0, 0, 0, 'PAK', 0, 0),
(187, 'Palau', 'PW', 2, 'PALAU', 10, '', 0, 0, 0, 0, 'PLW', 0, 0),
(188, 'Palästina', 'PS', 2, 'PALESTINE, STATE OF', 10, '', 0, 0, 0, 0, 'PSE', 0, 0),
(189, 'Panama', 'PA', 2, 'PANAMA', 10, '', 0, 0, 0, 0, 'PAN', 0, 0),
(190, 'Papua-Neuguinea', 'PG', 2, 'PAPUA NEW GUINEA', 10, '', 0, 0, 0, 0, 'PNG', 0, 0),
(191, 'Paraguay', 'PY', 2, 'PARAGUAY', 10, '', 0, 0, 0, 0, 'PRY', 0, 0),
(192, 'Peru', 'PE', 2, 'PERU', 10, '', 0, 0, 0, 0, 'PER', 0, 0),
(193, 'Philippinen', 'PH', 2, 'PHILIPPINES', 10, '', 0, 0, 0, 0, 'PHL', 0, 0),
(194, 'Pitcairn', 'PN', 2, 'PITCAIRN', 10, '', 0, 0, 0, 0, 'PCN', 0, 0),
(195, 'Puerto Rico', 'PR', 2, 'PUERTO RICO', 10, '', 0, 0, 0, 0, 'PRI', 0, 0),
(196, 'Katar', 'QA', 2, 'QATAR', 10, '', 0, 0, 0, 0, 'QAT', 0, 0),
(197, 'Republic of Kosovo', 'XK', 2, 'REPUBLIC OF KOSOVO', 10, '', 0, 0, 0, 0, 'KOS', 0, 0),
(198, 'Réunion', 'RE', 2, 'RÉUNION', 10, '', 0, 0, 0, 0, 'REU', 0, 0),
(199, 'Russland', 'RU', 2, 'RUSSIAN FEDERATION', 10, '', 0, 0, 0, 0, 'RUS', 0, 0),
(200, 'Ruanda', 'RW', 2, 'RWANDA', 10, '', 0, 0, 0, 0, 'RWA', 0, 0),
(201, 'Saint-Barthélemy', 'BL', 2, 'SAINT BARTHÉLEMY', 10, '', 0, 0, 0, 0, 'BLM', 0, 0),
(202, 'Sankt Helena', 'SH', 2, 'SAINT HELENA, ASCENSION AND TRISTAN DA CUNHA', 10, '', 0, 0, 0, 0, 'SHN', 0, 0),
(203, 'St. Kitts und Nevis', 'KN', 2, 'SAINT KITTS AND NEVIS', 10, '', 0, 0, 0, 0, 'KNA', 0, 0),
(204, 'Saint Lucia', 'LC', 2, 'SAINT LUCIA', 10, '', 0, 0, 0, 0, 'LCA', 0, 0),
(205, 'Saint Martin', 'MF', 2, 'SAINT MARTIN (FRENCH PART)', 10, '', 0, 0, 0, 0, 'MAF', 0, 0),
(206, 'Saint-Pierre und Miquelon', 'PM', 2, 'SAINT PIERRE AND MIQUELON', 10, '', 0, 0, 0, 0, 'SPM', 0, 0),
(207, 'Saint Vincent und die Grenadinen', 'VC', 2, 'SAINT VINCENT AND THE GRENADINES', 10, '', 0, 0, 0, 0, 'VCT', 0, 0),
(208, 'Samoa', 'WS', 2, 'SAMOA', 10, '', 0, 0, 0, 0, 'WSM', 0, 0),
(209, 'San Marino', 'SM', 2, 'SAN MARINO', 10, '', 0, 0, 0, 0, 'SMR', 0, 0),
(210, 'São Tomé und Príncipe', 'ST', 2, 'SAO TOME AND PRINCIPE', 10, '', 0, 0, 0, 0, 'STP', 0, 0),
(211, 'Saudi-Arabien', 'SA', 2, 'SAUDI ARABIA', 10, '', 0, 0, 0, 0, 'SAU', 0, 0),
(212, 'Senegal', 'SN', 2, 'SENEGAL', 10, '', 0, 0, 0, 0, 'SEN', 0, 0),
(213, 'Serbien', 'RS', 2, 'SERBIA', 10, '', 0, 0, 0, 0, 'SRB', 0, 0),
(214, 'Seychellen', 'SC', 2, 'SEYCHELLES', 10, '', 0, 0, 0, 0, 'SYC', 0, 0),
(215, 'Sierra Leone', 'SL', 2, 'SIERRA LEONE', 10, '', 0, 0, 0, 0, 'SLE', 0, 0),
(216, 'Singapur', 'SG', 2, 'SINGAPORE', 10, '', 0, 0, 0, 0, 'SGP', 0, 0),
(217, 'Sint Maarten (niederl. Teil)', 'SX', 2, 'SINT MAARTEN (DUTCH PART)', 10, '', 0, 0, 0, 0, 'SXM', 0, 0),
(218, 'Salomonen', 'SB', 2, 'SOLOMON ISLANDS', 10, '', 0, 0, 0, 0, 'SLB', 0, 0),
(219, 'Somalia', 'SO', 2, 'SOMALIA', 10, '', 0, 0, 0, 0, 'SOM', 0, 0),
(220, 'Republik Südafrika', 'ZA', 2, 'SOUTH AFRICA', 10, '', 0, 0, 0, 0, 'ZAF', 0, 0),
(221, 'Südgeorgien und die Südlichen Sandwichinseln', 'GS', 2, 'SOUTH GEORGIA AND THE SOUTH SANDWICH ISLANDS', 10, '', 0, 0, 0, 0, 'SGS', 0, 0),
(222, 'Südkorea', 'KR', 2, 'KOREA (REPUBLIC OF)', 10, '', 0, 0, 0, 0, 'KOR', 0, 0),
(223, 'Südsudan', 'SS', 2, 'SOUTH SUDAN', 10, '', 0, 0, 0, 0, 'SSD', 0, 0),
(224, 'Sri Lanka', 'LK', 2, 'SRI LANKA', 10, '', 0, 0, 0, 0, 'LKA', 0, 0),
(225, 'Sudan', 'SD', 2, 'SUDAN', 10, '', 0, 0, 0, 0, 'SDN', 0, 0),
(226, 'Suriname', 'SR', 2, 'SURINAME', 10, '', 0, 0, 0, 0, 'SUR', 0, 0),
(227, 'Svalbard und Jan Mayen', 'SJ', 2, 'SVALBARD AND JAN MAYEN', 10, '', 0, 0, 0, 0, 'SJM', 0, 0),
(228, 'Swasiland', 'SZ', 2, 'SWAZILAND', 10, '', 0, 0, 0, 0, 'SWZ', 0, 0),
(229, 'Syrien', 'SY', 2, 'SYRIAN ARAB REPUBLIC', 10, '', 0, 0, 0, 0, 'SYR', 0, 0),
(230, 'Taiwan', 'TW', 2, 'TAIWAN', 10, '', 0, 0, 0, 0, 'TWN', 0, 0),
(231, 'Tadschikistan', 'TJ', 2, 'TAJIKISTAN', 10, '', 0, 0, 0, 0, 'TJK', 0, 0),
(232, 'Tansania', 'TZ', 2, 'TANZANIA, UNITED REPUBLIC OF', 10, '', 0, 0, 0, 0, 'TZA', 0, 0),
(233, 'Thailand', 'TH', 2, 'THAILAND', 10, '', 0, 0, 0, 0, 'THA', 0, 0),
(234, 'Timor-Leste', 'TL', 2, 'TIMOR-LESTE', 10, '', 0, 0, 0, 0, 'TLS', 0, 0),
(235, 'Togo', 'TG', 2, 'TOGO', 10, '', 0, 0, 0, 0, 'TGO', 0, 0),
(236, 'Tokelau', 'TK', 2, 'TOKELAU', 10, '', 0, 0, 0, 0, 'TKL', 0, 0),
(237, 'Tonga', 'TO', 2, 'TONGA', 10, '', 0, 0, 0, 0, 'TON', 0, 0),
(238, 'Trinidad und Tobago', 'TT', 2, 'TRINIDAD AND TOBAGO', 10, '', 0, 0, 0, 0, 'TTO', 0, 0),
(239, 'Tunesien', 'TN', 2, 'TUNISIA', 10, '', 0, 0, 0, 0, 'TUN', 0, 0),
(240, 'Turkmenistan', 'TM', 2, 'TURKMENISTAN', 10, '', 0, 0, 0, 0, 'TKM', 0, 0),
(241, 'Turks- und Caicosinseln', 'TC', 2, 'TURKS AND CAICOS ISLANDS', 10, '', 0, 0, 0, 0, 'TCA', 0, 0),
(242, 'Tuvalu', 'TV', 2, 'TUVALU', 10, '', 0, 0, 0, 0, 'TUV', 0, 0),
(243, 'Uganda', 'UG', 2, 'UGANDA', 10, '', 0, 0, 0, 0, 'UGA', 0, 0),
(244, 'Ukraine', 'UA', 2, 'UKRAINE', 10, '', 0, 0, 0, 0, 'UKR', 0, 0),
(245, 'Uruguay', 'UY', 2, 'URUGUAY', 10, '', 0, 0, 0, 0, 'URY', 0, 0),
(246, 'Usbekistan', 'UZ', 2, 'UZBEKISTAN', 10, '', 0, 0, 0, 0, 'UZB', 0, 0),
(247, 'Vanuatu', 'VU', 2, 'VANUATU', 10, '', 0, 0, 0, 0, 'VUT', 0, 0),
(248, 'Venezuela', 'VE', 2, 'VENEZUELA (BOLIVARIAN REPUBLIC OF)', 10, '', 0, 0, 0, 0, 'VEN', 0, 0),
(249, 'Vietnam', 'VN', 2, 'VIET NAM', 10, '', 0, 0, 0, 0, 'VNM', 0, 0),
(250, 'Wallis und Futuna', 'WF', 2, 'WALLIS AND FUTUNA', 10, '', 0, 0, 0, 0, 'WLF', 0, 0),
(251, 'Westsahara', 'EH', 2, 'WESTERN SAHARA', 10, '', 0, 0, 0, 0, 'ESH', 0, 0),
(252, 'Jemen', 'YE', 2, 'YEMEN', 10, '', 0, 0, 0, 0, 'YEM', 0, 0),
(253, 'Sambia', 'ZM', 2, 'ZAMBIA', 10, '', 0, 0, 0, 0, 'ZMB', 0, 0),
(254, 'Simbabwe', 'ZW', 2, 'ZIMBABWE', 10, '', 0, 0, 0, 0, 'ZWE', 0, 0);
UPDATE `s_core_countries` SET `allow_shipping` = 1;

TRUNCATE TABLE `s_core_countries_areas`;
INSERT INTO `s_core_countries_areas` (`id`, `name`, `active`) VALUES
(1, 'deutschland', 1),
(2, 'welt', 1),
(3, 'europa', 1);

TRUNCATE TABLE `s_core_countries_attributes`;
TRUNCATE TABLE `s_core_countries_states`;
INSERT INTO `s_core_countries_states` (`id`, `countryID`, `name`, `shortcode`, `position`, `active`) VALUES
(2, 2, 'Niedersachsen', 'NI', 0, 1),
(3, 2, 'Nordrhein-Westfalen', 'NW', 0, 1),
(5, 2, 'Baden-Württemberg', 'BW', 0, 1),
(6, 2, 'Bayern', 'BY', 0, 1),
(7, 2, 'Berlin', 'BE', 0, 1),
(8, 2, 'Brandenburg', 'BB', 0, 1),
(9, 2, 'Bremen', 'HB', 0, 1),
(10, 2, 'Hamburg', 'HH', 0, 1),
(11, 2, 'Hessen', 'HE', 0, 1),
(12, 2, 'Mecklenburg-Vorpommern', 'MV', 0, 1),
(13, 2, 'Rheinland-Pfalz', 'RP', 0, 1),
(14, 2, 'Saarland', 'SL', 0, 1),
(15, 2, 'Sachsen', 'SN', 0, 1),
(16, 2, 'Sachsen-Anhalt', 'ST', 0, 1),
(17, 2, 'Schleswig-Holstein', 'SH', 0, 1),
(18, 2, 'Thüringen', 'TH', 0, 1),
(20, 28, 'Alabama', 'AL', 0, 1),
(21, 28, 'Alaska', 'AK', 0, 1),
(22, 28, 'Arizona', 'AZ', 0, 1),
(23, 28, 'Arkansas', 'AR', 0, 1),
(24, 28, 'Kalifornien', 'CA', 0, 1),
(25, 28, 'Colorado', 'CO', 0, 1),
(26, 28, 'Connecticut', 'CT', 0, 1),
(27, 28, 'Delaware', 'DE', 0, 1),
(28, 28, 'Florida', 'FL', 0, 1),
(29, 28, 'Georgia', 'GA', 0, 1),
(30, 28, 'Hawaii', 'HI', 0, 1),
(31, 28, 'Idaho', 'ID', 0, 1),
(32, 28, 'Illinois', 'IL', 0, 1),
(33, 28, 'Indiana', 'IN', 0, 1),
(34, 28, 'Iowa', 'IA', 0, 1),
(35, 28, 'Kansas', 'KS', 0, 1),
(36, 28, 'Kentucky', 'KY', 0, 1),
(37, 28, 'Louisiana', 'LA', 0, 1),
(38, 28, 'Maine', 'ME', 0, 1),
(39, 28, 'Maryland', 'MD', 0, 1),
(40, 28, 'Massachusetts', 'MA', 0, 1),
(41, 28, 'Michigan', 'MI', 0, 1),
(42, 28, 'Minnesota', 'MN', 0, 1),
(43, 28, 'Mississippi', 'MS', 0, 1),
(44, 28, 'Missouri', 'MO', 0, 1),
(45, 28, 'Montana', 'MT', 0, 1),
(46, 28, 'Nebraska', 'NE', 0, 1),
(47, 28, 'Nevada', 'NV', 0, 1),
(48, 28, 'New Hampshire', 'NH', 0, 1),
(49, 28, 'New Jersey', 'NJ', 0, 1),
(50, 28, 'New Mexico', 'NM', 0, 1),
(51, 28, 'New York', 'NY', 0, 1),
(52, 28, 'North Carolina', 'NC', 0, 1),
(53, 28, 'North Dakota', 'ND', 0, 1),
(54, 28, 'Ohio', 'OH', 0, 1),
(55, 28, 'Oklahoma', 'OK', 0, 1),
(56, 28, 'Oregon', 'OR', 0, 1),
(57, 28, 'Pennsylvania', 'PA', 0, 1),
(58, 28, 'Rhode Island', 'RI', 0, 1),
(59, 28, 'South Carolina', 'SC', 0, 1),
(60, 28, 'South Dakota', 'SD', 0, 1),
(61, 28, 'Tennessee', 'TN', 0, 1),
(62, 28, 'Texas', 'TX', 0, 1),
(63, 28, 'Utah', 'UT', 0, 1),
(64, 28, 'Vermont', 'VT', 0, 1),
(65, 28, 'Virginia', 'VA', 0, 1),
(66, 28, 'Washington', 'WA', 0, 1),
(67, 28, 'West Virginia', 'WV', 0, 1),
(68, 28, 'Wisconsin', 'WI', 0, 1),
(69, 28, 'Wyoming', 'WY', 0, 1);

TRUNCATE TABLE `s_core_countries_states_attributes`;
TRUNCATE TABLE `s_core_currencies`;
INSERT INTO `s_core_currencies` (`id`, `currency`, `name`, `standard`, `factor`, `templatechar`, `symbol_position`, `position`) VALUES
(1, 'EUR', 'Euro', 1, 1, '&euro;', 0, 0),
(2, 'USD', 'US-Dollar', 0, 1.3625, '$', 0, 0);

TRUNCATE TABLE `s_core_customergroups`;
INSERT INTO `s_core_customergroups` (`id`, `groupkey`, `description`, `tax`, `taxinput`, `mode`, `discount`, `minimumorder`, `minimumordersurcharge`) VALUES
(1, 'EK', 'Shopkunden', 1, 1, 0, 0, 10, 5),
(2, 'H', 'B2B / Händler netto', 0, 0, 0, 0, 0, 0);

TRUNCATE TABLE `s_core_customergroups_attributes`;
TRUNCATE TABLE `s_core_customergroups_discounts`;
INSERT INTO `s_core_customergroups_discounts` (`id`, `groupID`, `basketdiscount`, `basketdiscountstart`) VALUES
(5, 2, 5, 1000);

TRUNCATE TABLE `s_core_customerpricegroups`;
TRUNCATE TABLE `s_core_detail_states`;
INSERT INTO `s_core_detail_states` (`id`, `description`, `position`, `mail`) VALUES
(0, 'Offen', 1, 0),
(1, 'In Bearbeitung', 2, 0),
(2, 'Storniert', 3, 0),
(3, 'Abgeschlossen', 4, 0);

TRUNCATE TABLE `s_core_documents`;
INSERT INTO `s_core_documents` (`id`, `name`, `key`, `template`, `numbers`, `left`, `right`, `top`, `bottom`, `pagebreak`) VALUES
(1, 'Rechnung', 'invoice', 'index.tpl', 'doc_0', 25, 10, 20, 20, 10),
(2, 'Lieferschein', 'delivery_note', 'index_ls.tpl', 'doc_1', 25, 10, 20, 20, 10),
(3, 'Gutschrift', 'credit', 'index_gs.tpl', 'doc_2', 25, 10, 20, 20, 10),
(4, 'Stornorechnung', 'cancellation', 'index_sr.tpl', 'doc_3', 25, 10, 20, 20, 10);

TRUNCATE TABLE `s_core_documents_box`;
INSERT INTO `s_core_documents_box` (`id`, `documentID`, `name`, `style`, `value`) VALUES
(1, 1, 'Body', 'width:100%;\r\nfont-family: Verdana, Arial, Helvetica, sans-serif;\r\nfont-size:11px;', ''),
(2, 1, 'Logo', 'height: 20mm;\r\nwidth: 90mm;\r\nmargin-bottom:5mm;', '<p><img src="http://assets.shopware.com/demoshop-logo/logo--tablet.png" alt="Demoshop" /></p>'),
(3, 1, 'Header_Recipient', '', ''),
(4, 1, 'Header', 'height: 60mm;', ''),
(5, 1, 'Header_Sender', '', '<p>Demo GmbH - Stra&szlig;e 3 - 00000 Musterstadt</p>'),
(6, 1, 'Header_Box_Left', 'width: 120mm;\r\nheight:60mm;\r\nfloat:left;', ''),
(7, 1, 'Header_Box_Right', 'width: 45mm;\r\nheight: 60mm;\r\nfloat:left;\r\nmargin-top:-20px;\r\nmargin-left:5px;', '<p><strong>Demo GmbH </strong><br /> Max Mustermann<br /> Stra&szlig;e 3<br /> 00000 Musterstadt<br /> Fon: 01234 / 56789<br /> Fax: 01234 / 56780<br />info@demo.de<br />www.demo.de</p>'),
(8, 1, 'Header_Box_Bottom', 'font-size:14px;\r\nheight: 10mm;', ''),
(9, 1, 'Content', 'height: 65mm;\r\nwidth: 170mm;', ''),
(10, 1, 'Td', 'white-space:nowrap;\r\npadding: 5px 0;', ''),
(11, 1, 'Td_Name', 'white-space:normal;', ''),
(12, 1, 'Td_Line', 'border-bottom: 1px solid #999;\r\nheight: 0px;', ''),
(13, 1, 'Td_Head', 'border-bottom:1px solid #000;', ''),
(14, 1, 'Footer', 'width: 170mm;\r\nposition:fixed;\r\nbottom:-20mm;\r\nheight: 15mm;', '<table style="vertical-align: top;" width="100%" border="0">\r\n<tbody>\r\n<tr valign="top">\r\n<td style="width: 25%;">\r\n<p><span style="font-size: xx-small;">Demo GmbH</span></p>\r\n<p><span style="font-size: xx-small;">Steuer-Nr <br />UST-ID: <br />Finanzamt </span><span style="font-size: xx-small;">Musterstadt</span></p>\r\n</td>\r\n<td style="width: 25%;">\r\n<p><span style="font-size: xx-small;">Bankverbindung</span></p>\r\n<p><span style="font-size: xx-small;">Sparkasse Musterstadt<br />BLZ: <br />Konto: </span></p>\r\n<span style="font-size: xx-small;">aaaa<br /></span></td>\r\n<td style="width: 25%;">\r\n<p><span style="font-size: xx-small;">AGB<br /></span></p>\r\n<p><span style="font-size: xx-small;">Gerichtsstand ist Musterstadt<br />Erf&uuml;llungsort Musterstadt<br />Gelieferte Ware bleibt bis zur vollst&auml;ndigen Bezahlung unser Eigentum</span></p>\r\n</td>\r\n<td style="width: 25%;">\r\n<p><span style="font-size: xx-small;">Gesch&auml;ftsf&uuml;hrer</span></p>\r\n<p><span style="font-size: xx-small;">Max Mustermann</span></p>\r\n</td>\r\n</tr>\r\n</tbody>\r\n</table>'),
(15, 1, 'Content_Amount', 'margin-left:90mm;', ''),
(16, 1, 'Content_Info', '', '<p>Die Ware bleibt bis zur vollst&auml;ndigen Bezahlung unser Eigentum</p>'),
(68, 2, 'Body', 'width:100%;\r\nfont-family: Verdana, Arial, Helvetica, sans-serif;\r\nfont-size:11px;', ''),
(69, 2, 'Logo', 'height: 20mm;\r\nwidth: 90mm;\r\nmargin-bottom:5mm;', '<p><img src="http://assets.shopware.com/demoshop-logo/logo--tablet.png" alt="Demoshop" /></p>'),
(70, 2, 'Header_Recipient', '', ''),
(71, 2, 'Header', 'height: 60mm;', ''),
(72, 2, 'Header_Sender', '', '<p>Demo GmbH - Stra&szlig;e 3 - 00000 Musterstadt</p>'),
(73, 2, 'Header_Box_Left', 'width: 120mm;\r\nheight:60mm;\r\nfloat:left;', ''),
(74, 2, 'Header_Box_Right', 'width: 45mm;\r\nheight: 60mm;\r\nfloat:left;\r\nmargin-top:-20px;\r\nmargin-left:5px;', '<p><strong>Demo GmbH </strong><br /> Max Mustermann<br /> Stra&szlig;e 3<br /> 00000 Musterstadt<br /> Fon: 01234 / 56789<br /> Fax: 01234 / 56780<br />info@demo.de<br />www.demo.de</p>'),
(75, 2, 'Header_Box_Bottom', 'font-size:14px;\r\nheight: 10mm;', ''),
(76, 2, 'Content', 'height: 65mm;\r\nwidth: 170mm;', ''),
(77, 2, 'Td', 'white-space:nowrap;\r\npadding: 5px 0;', ''),
(78, 2, 'Td_Name', 'white-space:normal;', ''),
(79, 2, 'Td_Line', 'border-bottom: 1px solid #999;\r\nheight: 0px;', ''),
(80, 2, 'Td_Head', 'border-bottom:1px solid #000;', ''),
(81, 2, 'Footer', 'width: 170mm;\r\nposition:fixed;\r\nbottom:-20mm;\r\nheight: 15mm;', '<table style="vertical-align: top;" width="100%" border="0">\r\n<tbody>\r\n<tr valign="top">\r\n<td style="width: 25%;">\r\n<p><span style="font-size: xx-small;">Demo GmbH</span></p>\r\n<p><span style="font-size: xx-small;">Steuer-Nr <br />UST-ID: <br />Finanzamt </span><span style="font-size: xx-small;">Musterstadt</span></p>\r\n</td>\r\n<td style="width: 25%;">\r\n<p><span style="font-size: xx-small;">Bankverbindung</span></p>\r\n<p><span style="font-size: xx-small;">Sparkasse Musterstadt<br />BLZ: <br />Konto: </span></p>\r\n<span style="font-size: xx-small;">aaaa<br /></span></td>\r\n<td style="width: 25%;">\r\n<p><span style="font-size: xx-small;">AGB<br /></span></p>\r\n<p><span style="font-size: xx-small;">Gerichtsstand ist Musterstadt<br />Erf&uuml;llungsort Musterstadt<br />Gelieferte Ware bleibt bis zur vollst&auml;ndigen Bezahlung unser Eigentum</span></p>\r\n</td>\r\n<td style="width: 25%;">\r\n<p><span style="font-size: xx-small;">Gesch&auml;ftsf&uuml;hrer</span></p>\r\n<p><span style="font-size: xx-small;">Max Mustermann</span></p>\r\n</td>\r\n</tr>\r\n</tbody>\r\n</table>'),
(82, 2, 'Content_Amount', 'margin-left:90mm;', ''),
(83, 2, 'Content_Info', '', '<p>Die Ware bleibt bis zur vollst&auml;ndigen Bezahlung unser Eigentum</p>'),
(84, 3, 'Body', 'width:100%;\r\nfont-family: Verdana, Arial, Helvetica, sans-serif;\r\nfont-size:11px;', ''),
(85, 3, 'Logo', 'height: 20mm;\r\nwidth: 90mm;\r\nmargin-bottom:5mm;', '<p><img src="http://assets.shopware.com/demoshop-logo/logo--tablet.png" alt="Demoshop" /></p>'),
(86, 3, 'Header_Recipient', '', ''),
(87, 3, 'Header', 'height: 60mm;', ''),
(88, 3, 'Header_Sender', '', '<p>Demo GmbH - Stra&szlig;e 3 - 00000 Musterstadt</p>'),
(89, 3, 'Header_Box_Left', 'width: 120mm;\r\nheight:60mm;\r\nfloat:left;', ''),
(90, 3, 'Header_Box_Right', 'width: 45mm;\r\nheight: 60mm;\r\nfloat:left;\r\nmargin-top:-20px;\r\nmargin-left:5px;', '<p><strong>Demo GmbH </strong><br /> Max Mustermann<br /> Stra&szlig;e 3<br /> 00000 Musterstadt<br /> Fon: 01234 / 56789<br /> Fax: 01234 / 56780<br />info@demo.de<br />www.demo.de</p>'),
(91, 3, 'Header_Box_Bottom', 'font-size:14px;\r\nheight: 10mm;', ''),
(92, 3, 'Content', 'height: 65mm;\r\nwidth: 170mm;', ''),
(93, 3, 'Td', 'white-space:nowrap;\r\npadding: 5px 0;', ''),
(94, 3, 'Td_Name', 'white-space:normal;', ''),
(95, 3, 'Td_Line', 'border-bottom: 1px solid #999;\r\nheight: 0px;', ''),
(96, 3, 'Td_Head', 'border-bottom:1px solid #000;', ''),
(97, 3, 'Footer', 'width: 170mm;\r\nposition:fixed;\r\nbottom:-20mm;\r\nheight: 15mm;', '<table style="vertical-align: top;" width="100%" border="0">\r\n<tbody>\r\n<tr valign="top">\r\n<td style="width: 25%;">\r\n<p><span style="font-size: xx-small;">Demo GmbH</span></p>\r\n<p><span style="font-size: xx-small;">Steuer-Nr <br />UST-ID: <br />Finanzamt </span><span style="font-size: xx-small;">Musterstadt</span></p>\r\n</td>\r\n<td style="width: 25%;">\r\n<p><span style="font-size: xx-small;">Bankverbindung</span></p>\r\n<p><span style="font-size: xx-small;">Sparkasse Musterstadt<br />BLZ: <br />Konto: </span></p>\r\n<span style="font-size: xx-small;">aaaa<br /></span></td>\r\n<td style="width: 25%;">\r\n<p><span style="font-size: xx-small;">AGB<br /></span></p>\r\n<p><span style="font-size: xx-small;">Gerichtsstand ist Musterstadt<br />Erf&uuml;llungsort Musterstadt<br />Gelieferte Ware bleibt bis zur vollst&auml;ndigen Bezahlung unser Eigentum</span></p>\r\n</td>\r\n<td style="width: 25%;">\r\n<p><span style="font-size: xx-small;">Gesch&auml;ftsf&uuml;hrer</span></p>\r\n<p><span style="font-size: xx-small;">Max Mustermann</span></p>\r\n</td>\r\n</tr>\r\n</tbody>\r\n</table>'),
(98, 3, 'Content_Amount', 'margin-left:90mm;', ''),
(99, 3, 'Content_Info', '', '<p>Die Ware bleibt bis zur vollst&auml;ndigen Bezahlung unser Eigentum</p>'),
(100, 4, 'Body', 'width:100%;\r\nfont-family: Verdana, Arial, Helvetica, sans-serif;\r\nfont-size:11px;', ''),
(101, 4, 'Logo', 'height: 20mm;\r\nwidth: 90mm;\r\nmargin-bottom:5mm;', '<p><img src="http://assets.shopware.com/demoshop-logo/logo--tablet.png" alt="Demoshop" /></p>'),
(102, 4, 'Header_Recipient', '', ''),
(103, 4, 'Header', 'height: 60mm;', ''),
(104, 4, 'Header_Sender', '', '<p>Demo GmbH - Stra&szlig;e 3 - 00000 Musterstadt</p>'),
(105, 4, 'Header_Box_Left', 'width: 120mm;\r\nheight:60mm;\r\nfloat:left;', ''),
(106, 4, 'Header_Box_Right', 'width: 45mm;\r\nheight: 60mm;\r\nfloat:left;\r\nmargin-top:-20px;\r\nmargin-left:5px;', '<p><strong>Demo GmbH </strong><br /> Max Mustermann<br /> Stra&szlig;e 3<br /> 00000 Musterstadt<br /> Fon: 01234 / 56789<br /> Fax: 01234 / 56780<br />info@demo.de<br />www.demo.de</p>'),
(107, 4, 'Header_Box_Bottom', 'font-size:14px;\r\nheight: 10mm;', ''),
(108, 4, 'Content', 'height: 65mm;\r\nwidth: 170mm;', ''),
(109, 4, 'Td', 'white-space:nowrap;\r\npadding: 5px 0;', ''),
(110, 4, 'Td_Name', 'white-space:normal;', ''),
(111, 4, 'Td_Line', 'border-bottom: 1px solid #999;\r\nheight: 0px;', ''),
(112, 4, 'Td_Head', 'border-bottom:1px solid #000;', ''),
(113, 4, 'Footer', 'width: 170mm;\r\nposition:fixed;\r\nbottom:-20mm;\r\nheight: 15mm;', '<table style="vertical-align: top;" width="100%" border="0">\r\n<tbody>\r\n<tr valign="top">\r\n<td style="width: 25%;">\r\n<p><span style="font-size: xx-small;">Demo GmbH</span></p>\r\n<p><span style="font-size: xx-small;">Steuer-Nr <br />UST-ID: <br />Finanzamt </span><span style="font-size: xx-small;">Musterstadt</span></p>\r\n</td>\r\n<td style="width: 25%;">\r\n<p><span style="font-size: xx-small;">Bankverbindung</span></p>\r\n<p><span style="font-size: xx-small;">Sparkasse Musterstadt<br />BLZ: <br />Konto: </span></p>\r\n<span style="font-size: xx-small;">aaaa<br /></span></td>\r\n<td style="width: 25%;">\r\n<p><span style="font-size: xx-small;">AGB<br /></span></p>\r\n<p><span style="font-size: xx-small;">Gerichtsstand ist Musterstadt<br />Erf&uuml;llungsort Musterstadt<br />Gelieferte Ware bleibt bis zur vollst&auml;ndigen Bezahlung unser Eigentum</span></p>\r\n</td>\r\n<td style="width: 25%;">\r\n<p><span style="font-size: xx-small;">Gesch&auml;ftsf&uuml;hrer</span></p>\r\n<p><span style="font-size: xx-small;">Max Mustermann</span></p>\r\n</td>\r\n</tr>\r\n</tbody>\r\n</table>'),
(114, 4, 'Content_Amount', 'margin-left:90mm;', ''),
(115, 4, 'Content_Info', '', '<p>Die Ware bleibt bis zur vollst&auml;ndigen Bezahlung unser Eigentum</p>');

TRUNCATE TABLE `s_core_engine_elements`;
INSERT INTO `s_core_engine_elements` (`id`, `groupID`, `domname`, `default`, `type`, `store`, `label`, `required`, `position`, `name`, `layout`, `variantable`, `help`, `translatable`) VALUES
(22, 7, 'attr[3]', '', 'textarea', NULL, 'Kommentar', 0, 3, 'attr3', '', 0, 'Optionaler Kommentar', 1),
(33, 7, 'attr[1]', '', 'text', NULL, 'Freitext-1', 0, 1, 'attr1', 'w200', 1, 'Freitext zur Anzeige auf der Detailseite', 1),
(34, 7, 'attr[2]', '', 'text', NULL, 'Freitext-2', 0, 2, 'attr2', 'w200', 1, 'Freitext zur Anzeige auf der Detailseite', 1);

TRUNCATE TABLE `s_core_engine_groups`;
INSERT INTO `s_core_engine_groups` (`id`, `name`, `label`, `layout`, `variantable`, `position`) VALUES
(1, 'basic', 'Stammdaten', 'column', 1, 1),
(2, 'description', 'Beschreibung', NULL, 0, 2),
(3, 'advanced', 'Einstellungen', 'column', 1, 5),
(7, 'additional', 'Zusatzfelder', NULL, 1, 7),
(8, 'reference_price', 'Grundpreisberechnung', NULL, 0, 4),
(10, 'price', 'Preise und Kundengruppen', NULL, 0, 3),
(11, 'property', 'Eigenschaften', NULL, 0, 6);

TRUNCATE TABLE `s_core_licenses`;

TRUNCATE TABLE `s_core_paymentmeans`;
INSERT INTO `s_core_paymentmeans` (`id`, `name`, `description`, `template`, `class`, `table`, `hide`, `additionaldescription`, `debit_percent`, `surcharge`, `surchargestring`, `position`, `active`, `esdactive`, `embediframe`, `hideprospect`, `action`, `pluginID`, `source`) VALUES
(2, 'debit', 'Lastschrift', 'debit.tpl', 'debit.php', '', 0, 'Zusatztext', -10, 0, '', 4, 0, 0, '', 0, '', NULL, NULL),
(3, 'cash', 'Nachnahme', 'cash.tpl', 'cash.php', '', 0, '(zzgl. 2,00 Euro Nachnahmegebühren)', 0, 0, '', 2, 1, 0, '', 0, NULL, NULL, NULL),
(4, 'invoice', 'Rechnung', 'invoice.tpl', 'invoice.php', '', 0, 'Sie zahlen einfach und bequem auf Rechnung. Shopware bietet z.B. auch die Möglichkeit, Rechnung automatisiert erst ab der 2. Bestellung für Kunden zur Verfügung zu stellen, um Zahlungsausfälle zu vermeiden.', 0, 5, '', 3, 1, 1, '', 0, '', NULL, NULL),
(5, 'prepayment', 'Vorkasse', 'prepayment.tpl', 'prepayment.php', '', 0, 'Sie zahlen einfach vorab und erhalten die Ware bequem und günstig bei Zahlungseingang nach Hause geliefert.', 0, 0, '', 1, 1, 0, '', 0, NULL, NULL, NULL),
(6, 'sepa', 'SEPA', 'sepa.tpl', 'sepa', '', 0, 'SEPA Lastschrift', 0, 0, '', 5, 1, 1, '', 0, '', NULL, NULL);

TRUNCATE TABLE `s_core_paymentmeans_attributes`;
TRUNCATE TABLE `s_core_paymentmeans_countries`;
TRUNCATE TABLE `s_core_paymentmeans_subshops`;

TRUNCATE TABLE `s_core_pricegroups`;
INSERT INTO `s_core_pricegroups` (`id`, `description`) VALUES
(1, 'Standard');

TRUNCATE TABLE `s_core_pricegroups_discounts`;

-- Do not recreate rewrite urls on first access
INSERT IGNORE INTO `s_core_config_values` (`id`, `element_id`, `shop_id`, `value`) VALUES
(null, 658, 2, 's:19:"2013-12-01 11:15:53";'),
(null, 658, 1, 's:19:"2013-12-01 11:42:13";');

TRUNCATE TABLE `s_core_rewrite_urls`;
INSERT INTO `s_core_rewrite_urls` (`id`, `org_path`, `path`, `main`, `subshopID`) VALUES
(2, 'sViewport=blog&sCategory=17', 'Trends-News/', 1, 1),
(3, 'sViewport=cat&sCategory=5', 'Genusswelten/', 1, 1),
(4, 'sViewport=cat&sCategory=11', 'Genusswelten/Tees-und-Zubeh/', 0, 1),
(5, 'sViewport=cat&sCategory=12', 'Genusswelten/Tees-und-Zubeh/Tees/', 0, 1),
(6, 'sViewport=cat&sCategory=13', 'Genusswelten/Tees-und-Zubeh/Tee-Zubehoer/', 0, 1),
(7, 'sViewport=cat&sCategory=14', 'Genusswelten/Edelbraende/', 1, 1),
(8, 'sViewport=cat&sCategory=15', 'Genusswelten/Koestlichkeiten/', 1, 1),
(9, 'sViewport=cat&sCategory=9', 'Freizeitwelten/', 1, 1),
(10, 'sViewport=cat&sCategory=31', 'Freizeitwelten/Vintage/', 1, 1),
(11, 'sViewport=cat&sCategory=16', 'Freizeitwelten/Unterhaltung-Entertainment/', 0, 1),
(12, 'sViewport=cat&sCategory=8', 'Wohnwelten/', 1, 1),
(13, 'sViewport=cat&sCategory=32', 'Wohnwelten/Moebel/', 1, 1),
(14, 'sViewport=cat&sCategory=33', 'Wohnwelten/Kuechenaccessoires/', 0, 1),
(15, 'sViewport=cat&sCategory=6', 'Sommerwelten/', 1, 1),
(16, 'sViewport=cat&sCategory=34', 'Sommerwelten/Beachwear/', 1, 1),
(17, 'sViewport=cat&sCategory=35', 'Sommerwelten/Beauty-und-Care/', 1, 1),
(18, 'sViewport=cat&sCategory=36', 'Sommerwelten/Travel-around-the-World-auf-Weltreise/', 0, 1),
(19, 'sViewport=cat&sCategory=37', 'Sommerwelten/Accessoires/', 1, 1),
(20, 'sViewport=cat&sCategory=10', 'Beispiele/', 1, 1),
(21, 'sViewport=cat&sCategory=27', 'Beispiele/in-Kuerze-verfuegbar/', 1, 1),
(24, 'sViewport=cat&sCategory=30', 'Beispiele/Kundenbindung/', 1, 1),
(25, 'sViewport=cat&sCategory=22', 'Beispiele/Konfiguratorartikel/', 1, 1),
(27, 'sViewport=cat&sCategory=21', 'Beispiele/Produktvergleiche-und-Filter/', 1, 1),
(28, 'sViewport=cat&sCategory=20', 'Beispiele/Darstellung/', 1, 1),
(29, 'sViewport=cat&sCategory=19', 'Beispiele/Crossselling/', 1, 1),
(31, 'sViewport=cat&sCategory=25', 'Beispiele/Zahlungsarten/', 1, 1),
(32, 'sViewport=cat&sCategory=24', 'Beispiele/Versandkosten/', 1, 1),
(33, 'sViewport=cat&sCategory=23', 'Beispiele/Preisgestaltung/', 1, 1),
(34, 'sViewport=blog&sAction=detail&sCategory=17&blogArticle=3', 'Trends-News/Der-Sommer-wird-bunt', 1, 1),
(35, 'sViewport=blog&sAction=detail&sCategory=17&blogArticle=4', 'Trends-News/Sonnenschutz-so-gehoeren-Sie-zur-Creme-de-la-Creme', 1, 1),
(36, 'sViewport=blog&sAction=detail&sCategory=17&blogArticle=5', 'Trends-News/Ich-packe-meinen-Koffer', 1, 1),
(37, 'sViewport=detail&sArticle=10', 'Genusswelten/Edelbraende/10/Aperitif-Glas-Demi-Sec', 1, 1),
(38, 'sViewport=detail&sArticle=29', 'Genusswelten/Tees-und-Zubeh/Tee-Zubehoer/29/Porzellan-Teeservice', 1, 1),
(39, 'sViewport=detail&sArticle=22', 'Genusswelten/Tees-und-Zubeh/Tee-Zubehoer/22/Glas-Teetasse-0-25l', 1, 1),
(40, 'sViewport=detail&sArticle=27', 'Genusswelten/Tees-und-Zubeh/Tee-Zubehoer/27/Facil-Teezubereiter', 1, 1),
(41, 'sViewport=detail&sArticle=26', 'Genusswelten/Tees-und-Zubeh/Tee-Zubehoer/26/Glas-Teezubereiter', 1, 1),
(42, 'sViewport=detail&sArticle=23', 'Genusswelten/Tees-und-Zubeh/Tee-Zubehoer/23/Glasbecher', 1, 1),
(43, 'sViewport=detail&sArticle=24', 'Genusswelten/Tees-und-Zubeh/Tee-Zubehoer/24/Glas-Teekaennchen', 1, 1),
(44, 'sViewport=detail&sArticle=25', 'Genusswelten/Tees-und-Zubeh/Tee-Zubehoer/25/Glas-Teekanne', 1, 1),
(45, 'sViewport=detail&sArticle=28', 'Genusswelten/Tees-und-Zubeh/Tee-Zubehoer/28/Deluxe-Eisteezubereiter', 1, 1),
(46, 'sViewport=detail&sArticle=30', 'Genusswelten/Tees-und-Zubeh/Tee-Zubehoer/30/Porzellan-Tee-Set-in-Geschenkbox', 1, 1),
(47, 'sViewport=detail&sArticle=21', 'Genusswelten/Tees-und-Zubeh/Tees/21/Jasmine-Lotus-Tee', 1, 1),
(48, 'sViewport=detail&sArticle=13', 'Genusswelten/Tees-und-Zubeh/13/Pai-Mu-Tan-Tee-weiss', 1, 1),
(49, 'sViewport=detail&sArticle=19', 'Genusswelten/Tees-und-Zubeh/Tees/19/Oriental-Jasmine-Tee', 1, 1),
(50, 'sViewport=detail&sArticle=20', 'Genusswelten/Tees-und-Zubeh/Tees/20/Jasmine-Phoenix-Tee', 1, 1),
(51, 'sViewport=detail&sArticle=18', 'Genusswelten/Tees-und-Zubeh/Tees/18/Pi-Lo-Chun-gruener-Tee', 1, 1),
(52, 'sViewport=detail&sArticle=17', 'Genusswelten/Tees-und-Zubeh/Tees/17/Mao-Feng-gruener-Tee', 1, 1),
(53, 'sViewport=detail&sArticle=15', 'Genusswelten/Tees-und-Zubeh/Tees/15/LUNG-CHING-gruener-Tee', 1, 1),
(54, 'sViewport=detail&sArticle=14', 'Genusswelten/Tees-und-Zubeh/Tees/14/Silver-Yin-Zhen-Tee-weiss', 1, 1),
(55, 'sViewport=detail&sArticle=31', 'Genusswelten/Tees-und-Zubeh/Tees/31/Gruener-Tee-Geschenkset', 1, 1),
(56, 'sViewport=detail&sArticle=32', 'Genusswelten/Tees-und-Zubeh/Tees/32/Jasmine-Tee-Geschenk-Set', 1, 1),
(57, 'sViewport=detail&sArticle=33', 'Genusswelten/Tees-und-Zubeh/Tees/33/Oolong-Tee-Geschenkset', 1, 1),
(58, 'sViewport=detail&sArticle=34', 'Genusswelten/Tees-und-Zubeh/Tees/34/Pu-Erh-Tee-Geschenkset', 1, 1),
(59, 'sViewport=detail&sArticle=35', 'Genusswelten/Tees-und-Zubeh/Tees/35/Schwarzer-Tee-Geschenkset', 1, 1),
(60, 'sViewport=detail&sArticle=36', 'Genusswelten/Tees-und-Zubeh/Tees/36/Weisser-Tee-Geschenkset', 0, 1),
(61, 'sViewport=detail&sArticle=37', 'Genusswelten/Koestlichkeiten/37/Esslack', 1, 1),
(62, 'sViewport=detail&sArticle=39', 'Genusswelten/Koestlichkeiten/39/Mehrzwecknudeln', 1, 1),
(63, 'sViewport=detail&sArticle=41', 'Genusswelten/Koestlichkeiten/41/Traubenbatterie', 1, 1),
(64, 'sViewport=detail&sArticle=42', 'Genusswelten/Koestlichkeiten/42/Tubenhonig', 1, 1),
(65, 'sViewport=detail&sArticle=43', 'Genusswelten/Koestlichkeiten/43/Oelwechsel', 1, 1),
(66, 'sViewport=detail&sArticle=38', 'Genusswelten/Koestlichkeiten/38/Kraftstoff', 1, 1),
(67, 'sViewport=detail&sArticle=40', 'Genusswelten/Koestlichkeiten/40/Schokoleim', 1, 1),
(68, 'sViewport=detail&sArticle=44', 'Genusswelten/Koestlichkeiten/44/Bienenkleber', 1, 1),
(76, 'sViewport=detail&sArticle=63', 'Wohnwelten/Moebel/63/Beistelltisch', 1, 1),
(77, 'sViewport=detail&sArticle=65', 'Wohnwelten/Moebel/65/Fensterspiegel', 1, 1),
(78, 'sViewport=detail&sArticle=66', 'Wohnwelten/Moebel/66/Garderobe', 1, 1),
(79, 'sViewport=detail&sArticle=67', 'Wohnwelten/Moebel/67/antike-Kommode', 1, 1),
(80, 'sViewport=detail&sArticle=68', 'Wohnwelten/Moebel/68/Kommode-Shabby-Chic', 1, 1),
(81, 'sViewport=detail&sArticle=69', 'Wohnwelten/Moebel/69/Wandregal', 1, 1),
(82, 'sViewport=detail&sArticle=70', 'Wohnwelten/Moebel/70/Regal-gross', 1, 1),
(83, 'sViewport=detail&sArticle=71', 'Wohnwelten/Moebel/71/Schluesselkasten', 1, 1),
(84, 'sViewport=detail&sArticle=72', 'Wohnwelten/Moebel/72/Schmuckkaestchen', 1, 1),
(85, 'sViewport=detail&sArticle=73', 'Wohnwelten/Moebel/73/Spiegelregal', 1, 1),
(86, 'sViewport=detail&sArticle=74', 'Wohnwelten/Moebel/74/Stuhl', 1, 1),
(87, 'sViewport=detail&sArticle=75', 'Wohnwelten/Moebel/75/Esstisch', 1, 1),
(88, 'sViewport=detail&sArticle=76', 'Wohnwelten/Moebel/76/Couchtisch-rund-braun', 1, 1),
(89, 'sViewport=detail&sArticle=77', 'Wohnwelten/Moebel/77/Couchtisch-eckig-weiss', 1, 1),
(90, 'sViewport=detail&sArticle=79', 'Wohnwelten/79/Spiegel-rund', 1, 1),
(91, 'sViewport=detail&sArticle=80', 'Wohnwelten/Kuechenaccessoires/80/Backform-gelb', 1, 1),
(92, 'sViewport=detail&sArticle=82', 'Wohnwelten/Kuechenaccessoires/82/Pralinen-Backform', 1, 1),
(93, 'sViewport=detail&sArticle=83', 'Wohnwelten/Kuechenaccessoires/83/Back-Set-3-teilig', 1, 1),
(94, 'sViewport=detail&sArticle=84', 'Wohnwelten/Kuechenaccessoires/84/Loeffel-Set', 1, 1),
(95, 'sViewport=detail&sArticle=85', 'Wohnwelten/Kuechenaccessoires/85/Schneebesen', 1, 1),
(96, 'sViewport=detail&sArticle=87', 'Wohnwelten/Kuechenaccessoires/87/Schuessel-Style-Blumen', 1, 1),
(97, 'sViewport=detail&sArticle=86', 'Wohnwelten/Kuechenaccessoires/86/Schuessel-Style-Voegel', 1, 1),
(98, 'sViewport=detail&sArticle=88', 'Wohnwelten/Kuechenaccessoires/88/Schuessel-Style-Ringe-rot-und-weiss', 1, 1),
(99, 'sViewport=detail&sArticle=89', 'Wohnwelten/Kuechenaccessoires/89/Teigschaber', 1, 1),
(100, 'sViewport=detail&sArticle=90', 'Wohnwelten/Kuechenaccessoires/90/Teller-Style-Huehner', 1, 1),
(101, 'sViewport=detail&sArticle=91', 'Wohnwelten/Kuechenaccessoires/91/Teller-Style-Voegel-und-Blumen', 1, 1),
(102, 'sViewport=detail&sArticle=92', 'Wohnwelten/Kuechenaccessoires/92/Teller-Style-Rot-und-Pink', 1, 1),
(103, 'sViewport=detail&sArticle=93', 'Wohnwelten/Kuechenaccessoires/93/Blumenarrangement-mit-Keramiktopf', 1, 1),
(104, 'sViewport=detail&sArticle=94', 'Wohnwelten/Kuechenaccessoires/94/Bluetenarrangement-mit-Rattan', 1, 1),
(105, 'sViewport=detail&sArticle=95', 'Wohnwelten/Kuechenaccessoires/95/Bluetenarrangement-mit-Rattan', 1, 1),
(106, 'sViewport=detail&sArticle=97', 'Wohnwelten/Kuechenaccessoires/97/Eisfoermchen', 0, 1),
(107, 'sViewport=detail&sArticle=98', 'Wohnwelten/Kuechenaccessoires/98/Fliegenklatsche-gruen', 1, 1),
(108, 'sViewport=detail&sArticle=100', 'Wohnwelten/Kuechenaccessoires/100/Fliegenklatsche-lila', 1, 1),
(109, 'sViewport=detail&sArticle=101', 'Wohnwelten/Kuechenaccessoires/101/Fliegenklatsche-gelb', 1, 1),
(110, 'sViewport=detail&sArticle=102', 'Sommerwelten/102/iPadtasche-mit-Stiftmappe', 1, 1),
(111, 'sViewport=detail&sArticle=104', 'Sommerwelten/104/Reisekoffer-klein', 1, 1),
(112, 'sViewport=detail&sArticle=103', 'Sommerwelten/103/Reisekoffer-gross', 1, 1),
(113, 'sViewport=detail&sArticle=105', 'Sommerwelten/105/Kosmetiktasche', 1, 1),
(114, 'sViewport=detail&sArticle=106', 'Sommerwelten/106/Kosmetiktasche', 1, 1),
(115, 'sViewport=detail&sArticle=107', 'Sommerwelten/107/Kosmetiktasche', 1, 1),
(116, 'sViewport=detail&sArticle=96', 'Sommerwelten/96/Strandbag', 1, 1),
(117, 'sViewport=detail&sArticle=108', 'Sommerwelten/108/Strandbag', 1, 1),
(118, 'sViewport=detail&sArticle=109', 'Sommerwelten/109/Strandbag-Fantasy', 1, 1),
(119, 'sViewport=detail&sArticle=110', 'Sommerwelten/110/Tasche-Feed-Me', 1, 1),
(120, 'sViewport=detail&sArticle=112', 'Sommerwelten/112/Tasche-Remember-Me', 1, 1),
(121, 'sViewport=detail&sArticle=117', 'Freizeitwelten/Unterhaltung-Entertainment/117/Kicker-Figuren-Set-grosse-Auswahl', 1, 1),
(122, 'sViewport=detail&sArticle=118', 'Freizeitwelten/Unterhaltung-Entertainment/118/Kicker-Torzaehler', 1, 1),
(123, 'sViewport=detail&sArticle=120', 'Freizeitwelten/Unterhaltung-Entertainment/120/Kickerball-Kork', 1, 1),
(124, 'sViewport=detail&sArticle=119', 'Freizeitwelten/Unterhaltung-Entertainment/119/Kickerball-Standard', 1, 1),
(125, 'sViewport=detail&sArticle=121', 'Freizeitwelten/Unterhaltung-Entertainment/121/Kickerball-Probierset', 1, 1),
(126, 'sViewport=detail&sArticle=113', 'Freizeitwelten/Unterhaltung-Entertainment/113/Kicker-Champ-Elite', 1, 1),
(127, 'sViewport=detail&sArticle=114', 'Freizeitwelten/Unterhaltung-Entertainment/114/Kicker-Champ-Elite-Pro-in-vielen-Farben', 1, 1),
(128, 'sViewport=detail&sArticle=115', 'Freizeitwelten/Unterhaltung-Entertainment/115/Kicker-Champ-Family-platzsparend', 1, 1),
(129, 'sViewport=detail&sArticle=116', 'Freizeitwelten/Unterhaltung-Entertainment/116/Kicker-Champ-individuell-gestaltbar', 1, 1),
(130, 'sViewport=detail&sArticle=123', 'Freizeitwelten/Unterhaltung-Entertainment/123/Kicker-XXL-Champ-Elite-Pro', 1, 1),
(133, 'sViewport=detail&sArticle=3', 'Genusswelten/Edelbraende/3/Muensterlaender-Aperitif-16', 1, 1),
(134, 'sViewport=detail&sArticle=4', 'Genusswelten/Edelbraende/4/Latte-Macchiato-17', 1, 1),
(135, 'sViewport=detail&sArticle=6', 'Genusswelten/Edelbraende/6/Cigar-Special-40', 1, 1),
(136, 'sViewport=detail&sArticle=7', 'Genusswelten/Edelbraende/7/Wacholder-Premium-extra-mild-32', 0, 1),
(137, 'sViewport=detail&sArticle=5', 'Genusswelten/Edelbraende/5/Emmelkamper-Holunderlikoer-18', 0, 1),
(138, 'sViewport=detail&sArticle=12', 'Genusswelten/Edelbraende/12/Kobra-Vodka-37-5', 0, 1),
(139, 'sViewport=detail&sArticle=9', 'Genusswelten/Edelbraende/9/Special-Finish-Lagerkorn-X.O.-32', 1, 1),
(140, 'sViewport=detail&sArticle=8', 'Genusswelten/Edelbraende/8/T.S.-Privat-41-5', 1, 1),
(141, 'sViewport=detail&sArticle=122', 'Genusswelten/Edelbraende/122/Sasse-Korn-32', 1, 1),
(142, 'sViewport=detail&sArticle=134', 'Freizeitwelten/Vintage/134/Balmoral-Flatcap-Tweed', 1, 1),
(143, 'sViewport=detail&sArticle=135', 'Freizeitwelten/Vintage/135/Damenhandschuh-halbfinger-aus-Peccary-Leder', 1, 1),
(144, 'sViewport=detail&sArticle=136', 'Freizeitwelten/Vintage/136/Damenhandschuh-aus-Peccary-Leder-zweifarbig', 1, 1),
(145, 'sViewport=detail&sArticle=137', 'Freizeitwelten/Vintage/137/Fahrerbrille-Chronos', 1, 1),
(146, 'sViewport=detail&sArticle=141', 'Freizeitwelten/Vintage/141/Fahrerhandschuh-aus-Peccary-Leder', 1, 1),
(147, 'sViewport=detail&sArticle=142', 'Freizeitwelten/Vintage/142/Herrenhandschuh-halbfinger-aus-Peccary-Leder', 1, 1),
(148, 'sViewport=detail&sArticle=143', 'Freizeitwelten/Vintage/143/Navigator-Lederhaube-braun', 1, 1),
(149, 'sViewport=detail&sArticle=144', 'Freizeitwelten/Vintage/144/Navigator-Lederhaube-schwarz', 1, 1),
(150, 'sViewport=detail&sArticle=145', 'Freizeitwelten/Vintage/145/Muetze-Vintage-Driver', 1, 1),
(151, 'sViewport=detail&sArticle=148', 'Freizeitwelten/Vintage/148/Reisetasche-Gladstone-Wildleder', 1, 1),
(152, 'sViewport=detail&sArticle=11', 'Genusswelten/Edelbraende/11/Muensterlaender-Aperitif-Praesent-Box', 1, 1),
(153, 'sViewport=detail&sArticle=162', 'Sommerwelten/162/Sommer-Sandale-Pink', 1, 1),
(154, 'sViewport=detail&sArticle=161', 'Sommerwelten/161/Sommer-Sandale-Leder-Rot-Braun', 1, 1),
(155, 'sViewport=detail&sArticle=159', 'Sommerwelten/159/Strohhut-Women-mit-UV-Schutz', 1, 1),
(156, 'sViewport=detail&sArticle=158', 'Sommerwelten/158/Strohhut-mit-UV-Schutz', 1, 1),
(157, 'sViewport=detail&sArticle=157', 'Sommerwelten/157/Panama-Hut-mit-UV-Schutz', 1, 1),
(158, 'sViewport=detail&sArticle=156', 'Sommerwelten/156/Flip-Flops-Deep-Red', 1, 1),
(159, 'sViewport=detail&sArticle=155', 'Sommerwelten/155/Flip-Flop-Sunshine-Yellow', 0, 1),
(160, 'sViewport=detail&sArticle=154', 'Sommerwelten/154/Bikini-Rainbow', 1, 1),
(161, 'sViewport=detail&sArticle=153', 'Sommerwelten/153/Flip-Flops-in-mehreren-Farben-verfuegbar', 1, 1),
(162, 'sViewport=detail&sArticle=152', 'Sommerwelten/152/Bikini-Sunshine-Yellow', 1, 1),
(163, 'sViewport=detail&sArticle=151', 'Sommerwelten/151/Bikini-Stripes', 1, 1),
(164, 'sViewport=detail&sArticle=150', 'Sommerwelten/150/Bikini-Ocean-Blue', 1, 1),
(165, 'sViewport=detail&sArticle=160', 'Sommerwelten/160/Sommer-Sandale-Ocean-Blue', 1, 1),
(166, 'sViewport=detail&sArticle=163', 'Sommerwelten/163/Sommerschal-Flower-Power', 1, 1),
(167, 'sViewport=detail&sArticle=164', 'Sommerwelten/164/Sommerschal-Fresh-Green', 1, 1),
(168, 'sViewport=detail&sArticle=165', 'Sommerwelten/165/Sommerschal-Light-Red-aus-Seide', 1, 1),
(169, 'sViewport=detail&sArticle=166', 'Sommerwelten/166/Sonnenbrille-Big-Eyes', 1, 1),
(170, 'sViewport=detail&sArticle=167', 'Sommerwelten/167/Sonnenbrille-Speed-Eyes', 1, 1),
(171, 'sViewport=detail&sArticle=168', 'Sommerwelten/168/Pilotenbrille-Sunset-Red', 1, 1),
(172, 'sViewport=detail&sArticle=169', 'Sommerwelten/169/Pilotenbrille-Silver-Sky', 1, 1),
(173, 'sViewport=detail&sArticle=170', 'Sommerwelten/170/Sonnenbrille-Modern-Style', 0, 1),
(174, 'sViewport=detail&sArticle=171', 'Sommerwelten/171/Sonnencreme-ab-LSF-10', 1, 1),
(175, 'sViewport=detail&sArticle=172', 'Sommerwelten/172/Sonnencreme-Sunblocker-LSF-50', 1, 1),
(176, 'sViewport=detail&sArticle=174', 'Sommerwelten/174/Strandkleid-Short-Red', 1, 1),
(177, 'sViewport=detail&sArticle=173', 'Sommerwelten/173/Strandkleid-Flower-Power', 1, 1),
(178, 'sViewport=detail&sArticle=176', 'Sommerwelten/176/Strandtuch-Gras-Green', 1, 1),
(179, 'sViewport=detail&sArticle=175', 'Sommerwelten/175/Strandtuch-Sunny', 1, 1),
(180, 'sViewport=detail&sArticle=177', 'Sommerwelten/177/Strandtuch-Stripes-fuer-Kinder', 1, 1),
(181, 'sViewport=detail&sArticle=178', 'Sommerwelten/178/Strandtuch-Sunny-fuer-Kinder', 0, 1),
(182, 'sViewport=detail&sArticle=179', 'Sommerwelten/179/Strandtuch-in-mehreren-Farben', 1, 1),
(183, 'sViewport=detail&sArticle=181', 'Sommerwelten/181/Reisekoffer-Set', 1, 1),
(184, 'sViewport=detail&sArticle=180', 'Sommerwelten/180/Reisekoffer-in-mehreren-Farben', 1, 1),
(185, 'sViewport=detail&sArticle=195', 'Freizeitwelten/Unterhaltung-Entertainment/195/Kicker-Service-Box', 1, 1),
(186, 'sViewport=detail&sArticle=196', 'Beispiele/Crossselling/196/Artikel-mit-aehnlichen-Produkten', 1, 1),
(187, 'sViewport=detail&sArticle=194', 'Beispiele/Crossselling/194/Artikel-mit-Zubehoer', 1, 1),
(188, 'sViewport=detail&sArticle=197', 'Beispiele/Darstellung/197/ESD-Download-Artikel', 1, 1),
(189, 'sViewport=detail&sArticle=201', 'Beispiele/Darstellung/201/Hervorgehobene-Darstellung', 1, 1),
(190, 'sViewport=detail&sArticle=200', 'Beispiele/Darstellung/200/Artikelkennzeichnung-NEU', 1, 1),
(191, 'sViewport=detail&sArticle=203', 'Beispiele/Konfiguratorartikel/203/Artikel-mit-Auswahlkonfigurator', 1, 1),
(192, 'sViewport=detail&sArticle=202', 'Beispiele/Konfiguratorartikel/202/Artikel-mit-Standardkonfigurator', 1, 1),
(193, 'sViewport=detail&sArticle=204', 'Beispiele/Konfiguratorartikel/204/Artikel-mit-Tabellenkonfigurator', 1, 1),
(194, 'sViewport=detail&sArticle=205', 'Beispiele/Konfiguratorartikel/205/Artikel-mit-Aufpreiskonfigurator', 1, 1),
(195, 'sViewport=detail&sArticle=206', 'Beispiele/Preisgestaltung/206/Artikel-mit-Grundpreisberechnung', 1, 1),
(196, 'sViewport=detail&sArticle=207', 'Beispiele/Preisgestaltung/207/Staffelung-Mindest-/-Maximalabnahme', 1, 1),
(197, 'sViewport=detail&sArticle=208', 'Beispiele/Preisgestaltung/208/Pseudopreis', 1, 1),
(198, 'sViewport=detail&sArticle=209', 'Beispiele/Preisgestaltung/209/Staffelpreise', 1, 1),
(199, 'sViewport=detail&sArticle=199', 'Beispiele/Darstellung/199/Artikel-mit-Abverkauf', 1, 1),
(200, 'sViewport=detail&sArticle=211', 'Beispiele/Kundenbindung/211/Praemienartikel-ab-250-Euro-Warenkorb-Wert', 1, 1),
(201, 'sViewport=detail&sArticle=210', 'Beispiele/Kundenbindung/210/Praemienartikel-ab-100-Euro-Warenkorb-Wert', 0, 1),
(202, 'sViewport=detail&sArticle=129', 'Sommerwelten/129/Sonnenschirm-Fortino-270cm', 1, 1),
(203, 'sViewport=detail&sArticle=132', 'Sommerwelten/132/Sonnenschirm-Sunwing-C-260cm', 1, 1),
(204, 'sViewport=detail&sArticle=128', 'Sommerwelten/128/Sonnenschirm-Alu-Style-270cm', 1, 1),
(205, 'sViewport=detail&sArticle=130', 'Sommerwelten/130/Sonnenschirm-Pendalex-V-280cm', 1, 1),
(206, 'sViewport=detail&sArticle=131', 'Sommerwelten/131/Sonnenschirm-Sombrano-350cm', 1, 1),
(207, 'sViewport=detail&sArticle=213', 'Sommerwelten/213/Surfbrett', 0, 1),
(208, 'sViewport=detail&sArticle=217', 'Wohnwelten/217/All-Natural-Orange-Wild-Herbs-Shower-Gel', 0, 1),
(209, 'sViewport=detail&sArticle=218', 'Wohnwelten/218/All-Natural-Lemon-Honey-Soap', 0, 1),
(210, 'sViewport=detail&sArticle=216', 'Wohnwelten/216/All-Natural-Sesame-Sage-Bodylotion', 0, 1),
(211, 'sViewport=detail&sArticle=215', 'Wohnwelten/215/All-Natural-Rosemary-Grapefruit-Shampoo', 0, 1),
(212, 'sViewport=detail&sArticle=214', 'Wohnwelten/214/All-Natural-Rosemary-Grapefruit-Conditioner', 0, 1),
(213, 'sViewport=detail&sArticle=78', 'Wohnwelten/Kuechenaccessoires/78/Uhr-antik', 0, 1),
(214, 'sViewport=detail&sArticle=64', 'Wohnwelten/Moebel/64/Briefkasten', 1, 1),
(215, 'sViewport=detail&sArticle=81', 'Wohnwelten/Kuechenaccessoires/81/Backform-pink', 0, 1),
(216, 'sViewport=detail&sArticle=2', 'Genusswelten/Edelbraende/2/Muensterlaender-Lagerkorn-32', 0, 1),
(217, 'sViewport=detail&sArticle=198', 'Beispiele/Darstellung/198/Artikel-mit-Bewertung', 1, 1),
(218, 'sViewport=forms&sFid=5', 'Kontaktformular', 1, 1),
(219, 'sViewport=forms&sFid=8', 'Partnerformular', 1, 1),
(220, 'sViewport=forms&sFid=9', 'Defektes-Produkt', 1, 1),
(221, 'sViewport=forms&sFid=10', 'Rueckgabe', 1, 1),
(222, 'sViewport=forms&sFid=16', 'Anfrage-Formular', 1, 1),
(223, 'sViewport=forms&sFid=17', 'Partner-form', 1, 1),
(224, 'sViewport=forms&sFid=18', 'Contact', 1, 1),
(225, 'sViewport=forms&sFid=19', 'Defective-product', 1, 1),
(226, 'sViewport=forms&sFid=20', 'Return', 1, 1),
(227, 'sViewport=forms&sFid=21', 'Inquiry-form', 1, 1),
(228, 'sViewport=forms&sFid=22', 'Support-beantragen', 1, 1),
(229, 'sViewport=custom&sCustom=2', 'Hilfe-Support', 1, 1),
(230, 'sViewport=custom&sCustom=3', 'Impressum', 1, 1),
(231, 'sViewport=custom&sCustom=4', 'AGB', 1, 1),
(232, 'sViewport=custom&sCustom=6', 'Versand-und-Zahlungsbedingungen', 0, 1),
(233, 'sViewport=custom&sCustom=7', 'Datenschutz', 1, 1),
(234, 'sViewport=custom&sCustom=8', 'Widerrufsrecht', 1, 1),
(235, 'sViewport=custom&sCustom=9', 'Ueber-uns', 1, 1),
(236, 'sViewport=custom&sCustom=27', 'About-us', 1, 1),
(237, 'sViewport=custom&sCustom=28', 'Payment-Dispatch', 1, 1),
(238, 'sViewport=custom&sCustom=29', 'Privacy', 1, 1),
(239, 'sViewport=custom&sCustom=30', 'Help-Support', 1, 1),
(308, 'sViewport=cat&sCategory=11', 'Genusswelten/Tees-und-Zubehoer/', 1, 1),
(309, 'sViewport=cat&sCategory=12', 'Genusswelten/Tees-und-Zubehoer/Tees/', 1, 1),
(310, 'sViewport=cat&sCategory=13', 'Genusswelten/Tees-und-Zubehoer/Tee-Zubehoer/', 1, 1),
(318, 'sViewport=cat&sCategory=33', 'Wohnwelten/Kuechenzubehoer/', 1, 1),
(341, 'sViewport=detail&sArticle=78', 'Wohnwelten/Kuechenzubehoer/78/Uhr-antik', 1, 1),
(343, 'sViewport=detail&sArticle=81', 'Wohnwelten/Kuechenzubehoer/81/Backform-pink', 1, 1),
(347, 'sViewport=detail&sArticle=170', 'Sommerwelten/170/Sonnenbrille-Red', 0, 1),
(348, 'sViewport=detail&sArticle=178', 'Sommerwelten/178/Strandtuch-Ibiza', 0, 1),
(392, 'sViewport=cat&sCategory=38', 'Wohnwelten/Dekoration/', 1, 1),
(429, 'sViewport=detail&sArticle=219', 'Beispiele/Versandkosten/219/Express-Versand', 1, 1),
(430, 'sViewport=detail&sArticle=214', 'Sommerwelten/Beauty-und-Care/214/All-Natural-Rosemary-Grapefruit-Conditioner', 1, 1),
(431, 'sViewport=detail&sArticle=216', 'Sommerwelten/Beauty-und-Care/216/All-Natural-Sesame-Sage-Bodylotion', 1, 1),
(432, 'sViewport=detail&sArticle=217', 'Sommerwelten/Beauty-und-Care/217/All-Natural-Orange-Wild-Herbs-Shower-Gel', 1, 1),
(433, 'sViewport=detail&sArticle=218', 'Sommerwelten/Beauty-und-Care/218/All-Natural-Lemon-Honey-Soap', 1, 1),
(434, 'sViewport=detail&sArticle=220', 'Beispiele/Versandkosten/220/Versandkostenfreier-Artikel', 1, 1),
(435, 'sViewport=detail&sArticle=215', 'Sommerwelten/Beauty-und-Care/215/All-Natural-Rosemary-Grapefruit-Shampoo', 1, 1),
(436, 'sViewport=detail&sArticle=221', 'Beispiele/Versandkosten/221/Versandkosten-Optionen', 1, 1),
(438, 'sViewport=detail&sArticle=223', 'Beispiele/Versandkosten/223/Ausweichversandkosten', 1, 1),
(472, 'sViewport=cat&sCategory=16', 'Freizeitwelten/Entertainment/', 1, 1),
(519, 'sViewport=detail&sArticle=222', 'Wohnwelten/Dekoration/222/Dekokissen-Blume', 1, 1),
(520, 'sViewport=detail&sArticle=224', 'Wohnwelten/Dekoration/224/Dekokissen-Bus', 1, 1),
(521, 'sViewport=detail&sArticle=225', 'Wohnwelten/Dekoration/225/Dekokissen-Vogel', 1, 1),
(525, 'sViewport=detail&sArticle=226', 'Wohnwelten/Kuechenzubehoer/226/Magnete-ABC', 0, 1),
(527, 'sViewport=detail&sArticle=229', 'Wohnwelten/Dekoration/229/Magnete-London', 1, 1),
(528, 'sViewport=detail&sArticle=228', 'Beispiele/Zahlungsarten/228/Zahlungsarten-und-Riskmanagement', 1, 1),
(529, 'sViewport=detail&sArticle=227', 'Beispiele/Zahlungsarten/227/Aufschlag-bei-Zahlungsarten', 1, 1),
(530, 'sViewport=detail&sArticle=234', 'Wohnwelten/Dekoration/234/Notizbuch-Paris', 1, 1),
(531, 'sViewport=detail&sArticle=231', 'Wohnwelten/Dekoration/231/Notizbuch-New-York', 1, 1),
(532, 'sViewport=detail&sArticle=233', 'Wohnwelten/Dekoration/233/Notizbuch-London', 1, 1),
(533, 'sViewport=detail&sArticle=230', 'Beispiele/Zahlungsarten/230/Abschlag-bei-Zahlungsarten', 1, 1),
(721, 'sViewport=detail&sArticle=226', 'Wohnwelten/Dekoration/226/Magnete-ABC', 1, 1),
(724, 'sViewport=detail&sArticle=235', 'Wohnwelten/Dekoration/235/Deko-Topf', 1, 1),
(885, 'sViewport=detail&sArticle=236', 'Wohnwelten/Dekoration/236/Servietten', 1, 1),
(889, 'sViewport=detail&sArticle=237', 'Wohnwelten/Dekoration/237/Stoffherz-kariert', 1, 1),
(891, 'sViewport=detail&sArticle=238', 'Sommerwelten/Beachwear/238/Strandbag-Sailor', 1, 1),
(958, 'sViewport=blog&sAction=detail&sCategory=17&blogArticle=3', 'Trends-News/Der-Sommer-wird-bunt', 1, 2),
(959, 'sViewport=blog&sAction=detail&sCategory=17&blogArticle=4', 'Trends-News/Sonnenschutz-so-gehoeren-Sie-zur-Creme-de-la-Creme', 1, 2),
(960, 'sViewport=blog&sAction=detail&sCategory=17&blogArticle=5', 'Trends-News/Ich-packe-meinen-Koffer', 1, 2),
(961, 'sViewport=forms&sFid=5', 'Kontaktformular', 1, 2),
(962, 'sViewport=forms&sFid=8', 'Partnerformular', 1, 2),
(963, 'sViewport=forms&sFid=9', 'Defektes-Produkt', 1, 2),
(964, 'sViewport=forms&sFid=10', 'Rueckgabe', 1, 2),
(965, 'sViewport=forms&sFid=16', 'Anfrage-Formular', 1, 2),
(966, 'sViewport=forms&sFid=17', 'Partner-form', 1, 2),
(967, 'sViewport=forms&sFid=18', 'Contact', 1, 2),
(968, 'sViewport=forms&sFid=19', 'Defective-product', 1, 2),
(969, 'sViewport=forms&sFid=20', 'Return', 1, 2),
(970, 'sViewport=forms&sFid=21', 'Inquiry-form', 1, 2),
(971, 'sViewport=forms&sFid=22', 'Support-beantragen', 1, 2),
(972, 'sViewport=custom&sCustom=2', 'Hilfe-Support', 1, 2),
(973, 'sViewport=custom&sCustom=3', 'Impressum', 1, 2),
(974, 'sViewport=custom&sCustom=4', 'AGB', 1, 2),
(975, 'sViewport=custom&sCustom=6', 'Versand-und-Zahlungsbedingungen', 0, 2),
(976, 'sViewport=custom&sCustom=7', 'Datenschutz', 1, 2),
(977, 'sViewport=custom&sCustom=8', 'Widerrufsrecht', 1, 2),
(978, 'sViewport=custom&sCustom=9', 'Ueber-uns', 1, 2),
(979, 'sViewport=custom&sCustom=27', 'About-us', 1, 2),
(980, 'sViewport=custom&sCustom=28', 'Payment-Dispatch', 1, 2),
(981, 'sViewport=custom&sCustom=29', 'Privacy', 1, 2),
(982, 'sViewport=custom&sCustom=30', 'Help-Support', 1, 2),
(1002, 'sViewport=cat&sCategory=36', 'Sommerwelten/fuer-die-Weltreise/', 0, 1),
(1024, 'sViewport=detail&sArticle=170', 'Sommerwelten/Accessoires/170/Sonnenbrille-Red', 1, 1),
(1025, 'sViewport=detail&sArticle=178', 'Sommerwelten/Beachwear/178/Strandtuch-Ibiza', 1, 1),
(1062, 'sViewport=detail&sArticle=239', 'Freizeitwelten/Entertainment/239/Dart-Automat-Standgeraet', 1, 1),
(1063, 'sViewport=detail&sArticle=240', 'Freizeitwelten/Entertainment/240/Dartscheibe-Circle', 1, 1),
(1064, 'sViewport=detail&sArticle=241', 'Freizeitwelten/Entertainment/241/Dartpfeil-Steel-Atomic', 1, 1),
(1065, 'sViewport=detail&sArticle=242', 'Freizeitwelten/Entertainment/242/Dartpfeil-Steel-Smiley', 0, 1),
(1066, 'sViewport=detail&sArticle=213', 'Sommerwelten/Beachwear/213/Surfbrett', 1, 1),
(1173, 'sViewport=detail&sArticle=243', 'Beispiele/Darstellung/243/Artikel-mit-Emailbenachrichtigung', 1, 1),
(1225, 'sViewport=cat&sCategory=42', 'Trends-News/', 1, 2),
(1226, 'sViewport=cat&sCategory=43', 'Genusswelten-EN/', 0, 2),
(1227, 'sViewport=cat&sCategory=47', 'Genusswelten-EN/Tees-und-Zubehoer-EN/', 0, 2),
(1228, 'sViewport=cat&sCategory=48', 'Genusswelten-EN/Tees-und-Zubehoer-EN/Tees/', 0, 2),
(1229, 'sViewport=cat&sCategory=49', 'Genusswelten-EN/Tees-und-Zubehoer-EN/Tee-Zubehoer/', 0, 2),
(1230, 'sViewport=cat&sCategory=50', 'Genusswelten-EN/Edelbraende/', 0, 2),
(1231, 'sViewport=cat&sCategory=51', 'Genusswelten-EN/Koestlichkeiten/', 0, 2),
(1232, 'sViewport=cat&sCategory=44', 'Freizeitwelten-EN/', 0, 2),
(1233, 'sViewport=cat&sCategory=52', 'Freizeitwelten-EN/Vintage/', 0, 2),
(1234, 'sViewport=cat&sCategory=53', 'Freizeitwelten-EN/Entertainment/', 0, 2),
(1235, 'sViewport=cat&sCategory=45', 'Wohnwelten-EN/', 0, 2),
(1236, 'sViewport=cat&sCategory=54', 'Wohnwelten-EN/Moebel/', 0, 2),
(1237, 'sViewport=cat&sCategory=55', 'Wohnwelten-EN/Kuechenzubehoer/', 0, 2),
(1238, 'sViewport=cat&sCategory=56', 'Wohnwelten-EN/Dekoration/', 0, 2),
(1239, 'sViewport=cat&sCategory=46', 'Sommerwelten-EN/', 0, 2),
(1240, 'sViewport=cat&sCategory=57', 'Sommerwelten-EN/Beachwear/', 0, 2),
(1241, 'sViewport=cat&sCategory=58', 'Sommerwelten-EN/Beauty-und-Care/', 0, 2),
(1242, 'sViewport=cat&sCategory=59', 'Sommerwelten-EN/fuer-die-Weltreise/', 0, 2),
(1243, 'sViewport=cat&sCategory=60', 'Sommerwelten-EN/Accessoires/', 0, 2),
(1244, 'sViewport=cat&sCategory=61', 'Examples/', 1, 2),
(1245, 'sViewport=cat&sCategory=62', 'Examples/In-Kuerze-verfuegbar/', 0, 2),
(1247, 'sViewport=cat&sCategory=64', 'Examples/Kundenbindung/', 0, 2),
(1248, 'sViewport=cat&sCategory=65', 'Examples/Konfiguratorartikel/', 0, 2),
(1250, 'sViewport=cat&sCategory=67', 'Examples/Produktvergleich/', 0, 2),
(1251, 'sViewport=cat&sCategory=68', 'Examples/Darstellung/', 0, 2),
(1252, 'sViewport=cat&sCategory=69', 'Examples/Crossselling/', 1, 2),
(1254, 'sViewport=cat&sCategory=71', 'Examples/Zahlungsarten/', 0, 2),
(1255, 'sViewport=cat&sCategory=72', 'Examples/Versandkosten/', 0, 2),
(1256, 'sViewport=cat&sCategory=73', 'Examples/Preisgestaltung/', 0, 2),
(1260, 'sViewport=detail&sArticle=122', 'Genusswelten-EN/Edelbraende/122/Sasse-Korn-32', 0, 2),
(1521, 'sViewport=detail&sArticle=5', 'Genusswelten-EN/Edelbraende/5/EmmelkamperHolunderlikoer18', 0, 2),
(1629, 'sViewport=detail&sArticle=5', 'Genusswelten/Edelbraende/5/EmmelkamperHolunderlikoer18', 0, 1),
(1685, 'sViewport=cat&sCategory=74', 'Beispiele/Kundengruppen-B2B/', 1, 1),
(1721, 'sViewport=detail&sArticle=7', 'Genusswelten/Edelbraende/7/WacholderPremiumextramild32', 0, 1),
(1733, 'sViewport=detail&sArticle=245', 'Freizeitwelten/Entertainment/245/Bumerang', 1, 1),
(1734, 'sViewport=detail&sArticle=246', 'Freizeitwelten/Entertainment/246/Dart-Set', 1, 1),
(1737, 'sViewport=detail&sArticle=244', 'Beispiele/Kundengruppen-B2B/244/Kundengruppen-Brutto-/-Nettopreise', 1, 1),
(1739, 'sViewport=detail&sArticle=247', 'Beispiele/Kundenbindung/247/Praemienartikel-ab-100-Euro-Warenkorb-Wert', 0, 1),
(1740, 'sViewport=detail&sArticle=210', 'Beispiele/Kundenbindung/210/Praemienartikel-ab-50-Euro-Warenkorb-Wert', 1, 1),
(1741, 'sViewport=detail&sArticle=2', 'Genusswelten/Edelbraende/2/MuensterlaenderLagerkorn32', 0, 1),
(1879, 'sViewport=cat&sCategory=43', 'Worlds-of-indulgence/', 1, 2),
(1880, 'sViewport=cat&sCategory=47', 'Worlds-of-indulgence/Teas-and-Accessories/', 1, 2),
(1881, 'sViewport=cat&sCategory=48', 'Worlds-of-indulgence/Teas-and-Accessories/Teas/', 1, 2),
(1882, 'sViewport=cat&sCategory=49', 'Worlds-of-indulgence/Teas-and-Accessories/Teas-and-accessories/', 1, 2),
(1883, 'sViewport=cat&sCategory=50', 'Worlds-of-indulgence/Brandies/', 1, 2),
(1884, 'sViewport=cat&sCategory=51', 'Worlds-of-indulgence/Delights/', 1, 2),
(1885, 'sViewport=cat&sCategory=44', 'Leisure-worlds/', 1, 2),
(1886, 'sViewport=cat&sCategory=52', 'Leisure-worlds/Vintage/', 1, 2),
(1887, 'sViewport=cat&sCategory=53', 'Leisure-worlds/Entertainment/', 1, 2),
(1888, 'sViewport=cat&sCategory=45', 'Home-sweet-home/', 1, 2),
(1889, 'sViewport=cat&sCategory=54', 'Home-sweet-home/Furniture/', 1, 2),
(1890, 'sViewport=cat&sCategory=55', 'Home-sweet-home/Kitchen-Accessories/', 1, 2),
(1891, 'sViewport=cat&sCategory=56', 'Home-sweet-home/Decoration/', 1, 2),
(1892, 'sViewport=cat&sCategory=46', 'Summertime/', 1, 2),
(1893, 'sViewport=cat&sCategory=57', 'Summertime/Beachwear/', 1, 2),
(1894, 'sViewport=cat&sCategory=58', 'Summertime/Beauty-und-Care/', 1, 2),
(1895, 'sViewport=cat&sCategory=59', 'Summertime/Travel-around-the-World/', 1, 2),
(1896, 'sViewport=cat&sCategory=60', 'Summertime/Accessories/', 1, 2),
(1898, 'sViewport=cat&sCategory=62', 'Examples/Available-soon/', 1, 2),
(1900, 'sViewport=cat&sCategory=64', 'Examples/Customer-loyalty/', 1, 2),
(1901, 'sViewport=cat&sCategory=65', 'Examples/Configurator-articles/', 1, 2),
(1903, 'sViewport=cat&sCategory=67', 'Examples/Product-comparison/', 1, 2),
(1904, 'sViewport=cat&sCategory=68', 'Examples/Presentation/', 1, 2),
(1907, 'sViewport=cat&sCategory=71', 'Examples/Payment-methods/', 1, 2),
(1908, 'sViewport=cat&sCategory=72', 'Examples/Shipping-costs/', 1, 2),
(1909, 'sViewport=cat&sCategory=73', 'Examples/Price-strategies/', 1, 2),
(1913, 'sViewport=detail&sArticle=170', 'Summertime/Accessories/170/Sonnenbrille-Red', 1, 2),
(1914, 'sViewport=detail&sArticle=145', 'Leisure-worlds/Vintage/145/Muetze-Vintage-Driver', 0, 2),
(1915, 'sViewport=detail&sArticle=143', 'Leisure-worlds/Vintage/143/Navigator-Lederhaube-braun', 0, 2),
(1916, 'sViewport=detail&sArticle=218', 'Summertime/Beauty-und-Care/218/All-Natural-Lemon-Honey-Soap', 1, 2),
(1917, 'sViewport=detail&sArticle=211', 'Examples/Customer-loyalty/211/Praemienartikel-ab-250-Euro-Warenkorb-Wert', 0, 2),
(1918, 'sViewport=detail&sArticle=220', 'Examples/Shipping-costs/220/Versandkostenfreier-Artikel', 0, 2),
(1919, 'sViewport=detail&sArticle=229', 'Home-sweet-home/Decoration/229/Magnete-London', 0, 2),
(1920, 'sViewport=detail&sArticle=227', 'Examples/Payment-methods/227/Aufschlag-bei-Zahlungsarten', 0, 2),
(1921, 'sViewport=detail&sArticle=225', 'Home-sweet-home/Decoration/225/Dekokissen-Vogel', 0, 2),
(1922, 'sViewport=detail&sArticle=228', 'Examples/Payment-methods/228/Zahlungsarten-und-Riskmanagement', 0, 2),
(1923, 'sViewport=detail&sArticle=230', 'Examples/Payment-methods/230/Abschlag-bei-Zahlungsarten', 0, 2),
(1924, 'sViewport=detail&sArticle=148', 'Leisure-worlds/Vintage/148/Reisetasche-Gladstone-Wildleder', 0, 2),
(1925, 'sViewport=detail&sArticle=213', 'Summertime/Beachwear/213/Surfbrett', 0, 2),
(1926, 'sViewport=detail&sArticle=122', 'Worlds-of-indulgence/Brandies/122/Sasse-Korn-32', 1, 2),
(1927, 'sViewport=detail&sArticle=197', 'Examples/Presentation/197/ESD-Download-Artikel', 0, 2),
(1928, 'sViewport=detail&sArticle=5', 'Worlds-of-indulgence/Brandies/5/EmmelkamperHolunderlikoer18', 0, 2),
(1929, 'sViewport=detail&sArticle=7', 'Worlds-of-indulgence/Brandies/7/WacholderPremiumextramild32', 0, 2),
(1930, 'sViewport=detail&sArticle=44', 'Worlds-of-indulgence/Delights/44/Bienenkleber', 0, 2),
(1931, 'sViewport=detail&sArticle=43', 'Worlds-of-indulgence/Delights/43/Oil-Change', 1, 2),
(1932, 'sViewport=detail&sArticle=243', 'Examples/Presentation/243/Articles-with-email-notification', 1, 2),
(1933, 'sViewport=detail&sArticle=242', 'Leisure-worlds/Entertainment/242/Dartpfeil-Steel-Smiley', 0, 2),
(1934, 'sViewport=detail&sArticle=241', 'Leisure-worlds/Entertainment/241/Dartpfeil-Steel-Atomic', 0, 2),
(1935, 'sViewport=detail&sArticle=240', 'Leisure-worlds/Entertainment/240/Dartscheibe-Circle', 0, 2),
(1936, 'sViewport=detail&sArticle=239', 'Leisure-worlds/Entertainment/239/Dart-Automat-Standgeraet', 0, 2),
(1937, 'sViewport=detail&sArticle=238', 'Summertime/Beachwear/238/Strandbag-Sailor', 0, 2),
(1938, 'sViewport=detail&sArticle=237', 'Home-sweet-home/Decoration/237/Stoffherz-kariert', 0, 2),
(1939, 'sViewport=detail&sArticle=236', 'Home-sweet-home/Decoration/236/Servietten', 0, 2),
(1940, 'sViewport=detail&sArticle=235', 'Home-sweet-home/Decoration/235/Deko-Topf', 0, 2),
(1941, 'sViewport=detail&sArticle=219', 'Examples/Shipping-costs/219/Express-Versand', 0, 2),
(1942, 'sViewport=detail&sArticle=223', 'Examples/Shipping-costs/223/Ausweichversandkosten', 0, 2),
(1943, 'sViewport=detail&sArticle=221', 'Examples/Shipping-costs/221/Versandkosten-Optionen', 0, 2),
(1944, 'sViewport=detail&sArticle=247', 'Examples/Customer-loyalty/247/Praemienartikel-ab-100-Euro-Warenkorb-Wert', 0, 2),
(1945, 'sViewport=detail&sArticle=210', 'Examples/Customer-loyalty/210/Praemienartikel-ab-50-Euro-Warenkorb-Wert', 0, 2),
(1946, 'sViewport=detail&sArticle=2', 'Worlds-of-indulgence/Brandies/2/MuensterlaenderLagerkorn32', 0, 2),
(2263, 'sViewport=detail&sArticle=5', 'Worlds-of-indulgence/Brandies/5/Emmelkampelder-liqueur18', 0, 2),
(2374, 'sViewport=detail&sArticle=7', 'Genusswelten/Edelbraende/7/Wacholder-Premiumextramild32', 0, 1),
(2375, 'sViewport=detail&sArticle=5', 'Genusswelten/Edelbraende/5/EmmelkampHolunder-Likoer18', 0, 1),
(2435, 'sViewport=campaign&sCategory=6&emotionId=5', 'Sommerwelten/Stop-The-Water-While-Using-Me', 1, 2),
(2466, 'sViewport=detail&sArticle=7', 'Worlds-of-indulgence/Brandies/7/Wacholder-Premiumextramild32', 0, 2),
(2467, 'sViewport=detail&sArticle=5', 'Worlds-of-indulgence/Brandies/5/EmmelkampHolunder-Likoer18', 0, 2),
(2468, 'sViewport=detail&sArticle=36', 'Worlds-of-indulgence/Teas-and-Accessories/Teas/36/Weisser-Tee-Geschenkset', 0, 2),
(2470, 'sViewport=detail&sArticle=247', 'Examples/Customer-loyalty/247/Bonus-article-from-100-Euro-shopping-cart-value', 0, 2),
(2512, 'sViewport=cat&sCategory=36', 'Sommerwelten/On-World-Tour/', 1, 1),
(2530, 'sViewport=campaign&sCategory=6&emotionId=5', 'Sommerwelten/Stop-The-Water-While-Using-Me', 1, 1),
(2578, 'sViewport=detail&sArticle=36', 'Genusswelten/Tees-und-Zubehoer/Tees/36/Weisser-Tee-Geschenkset', 1, 1),
(2580, 'sViewport=detail&sArticle=247', 'Beispiele/Kundenbindung/247/Bonus-article-from-100-Euro-shopping-cart-value', 0, 1),
(2581, 'sViewport=detail&sArticle=242', 'Freizeitwelten/Entertainment/242/Dartpfeil-Steel-Smiley-745', 1, 1),
(2675, 'sViewport=detail&sArticle=242', 'Leisure-worlds/Entertainment/242/Dart-Steel-Smiley', 1, 2),
(2787, 'sViewport=detail&sArticle=248', 'Wohnwelten/Moebel/248/Versandkosten-nach-Gewicht', 1, 1),
(2865, 'sViewport=detail&sArticle=241', 'Leisure-worlds/Entertainment/241/Dart-Steel-Atomic', 1, 2),
(2880, 'sViewport=detail&sArticle=248', 'Home-sweet-home/Furniture/248/Versandkosten-nach-Gewicht', 0, 2),
(2881, 'sViewport=detail&sArticle=240', 'Leisure-worlds/Entertainment/240/Dart-board-Circle', 1, 2),
(2882, 'sViewport=detail&sArticle=239', 'Leisure-worlds/Entertainment/239/Dart-machine-standard-device', 1, 2),
(2883, 'sViewport=detail&sArticle=238', 'Summertime/Beachwear/238/Beach-bag-Sailor', 1, 2),
(2884, 'sViewport=detail&sArticle=237', 'Home-sweet-home/Decoration/237/Textile-heart-checkered', 1, 2),
(3211, 'sViewport=detail&sArticle=236', 'Home-sweet-home/Decoration/236/Napkins', 1, 2),
(3214, 'sViewport=detail&sArticle=235', 'Home-sweet-home/Decoration/235/Deco-pot', 1, 2),
(3216, 'sViewport=detail&sArticle=230', 'Examples/Payment-methods/230/Deduction-with-payment-methods', 1, 2),
(3218, 'sViewport=detail&sArticle=229', 'Home-sweet-home/Decoration/229/Magnets-London', 1, 2),
(3415, 'sViewport=detail&sArticle=97', 'Wohnwelten/Kuechenzubehoer/97/Eisfoermchen', 1, 1),
(3509, 'sViewport=campaign&sCategory=5&emotionId=6', 'Genusswelten/The-Deli-Garage', 1, 2),
(3529, 'sViewport=detail&sArticle=221', 'Examples/Shipping-costs/221/Shipping-costs-options', 1, 2),
(3563, 'sViewport=detail&sArticle=228', 'Examples/Payment-methods/228/Payment-methods-risk-management', 0, 2),
(3565, 'sViewport=detail&sArticle=227', 'Examples/Payment-methods/227/Surcharge-with-payment-methods', 1, 2),
(3567, 'sViewport=detail&sArticle=247', 'Examples/Customer-loyalty/247/Bonus-article-from-shopping-cart-value-of-100-Euro', 0, 2),
(3569, 'sViewport=detail&sArticle=223', 'Examples/Shipping-costs/223/Alternate-shipping-costs', 1, 2),
(3571, 'sViewport=detail&sArticle=225', 'Home-sweet-home/Decoration/225/Deco-pillow-Bird', 1, 2),
(3573, 'sViewport=detail&sArticle=220', 'Examples/Shipping-costs/220/Article-free-of-shipping-costs', 1, 2),
(3575, 'sViewport=detail&sArticle=219', 'Examples/Shipping-costs/219/Express-shipping', 1, 2),
(3579, 'sViewport=detail&sArticle=213', 'Summertime/Beachwear/213/Surf-board', 1, 2),
(3664, 'sViewport=campaign&sCategory=5&emotionId=6', 'Genusswelten/The-Deli-Garage', 1, 1),
(3703, 'sViewport=detail&sArticle=247', 'Beispiele/Kundenbindung/247/Praemienartikel-ab-100-Euro-Warenkorbwert', 1, 1),
(3781, 'sViewport=detail&sArticle=210', 'Examples/Customer-loyalty/210/Bonus-article-with-shopping-cart-value-of-over-50-Euro', 1, 2),
(3804, 'sViewport=detail&sArticle=211', 'Examples/Customer-loyalty/211/Bonus-article-with-shopping-cart-value-of-over-250-Euro', 1, 2),
(3806, 'sViewport=detail&sArticle=7', 'Worlds-of-indulgence/Brandies/7/Wacholder-Premium-extra-mild-32', 0, 2),
(3807, 'sViewport=detail&sArticle=208', 'Examples/Price-strategies/208/Pseudo-price', 1, 2),
(3917, 'sViewport=detail&sArticle=5', 'Genusswelten/Edelbraende/5/Emmelkamp-Holunder-Likoer-18', 0, 1),
(5262, 'sViewport=detail&sArticle=207', 'Examples/Price-strategies/207/Graduated-prices-min./max.-purchase-quantity', 1, 2),
(5263, 'sViewport=detail&sArticle=5', 'Worlds-of-indulgence/Brandies/5/Emmelkamp-Holunder-Likoer-18', 0, 2),
(5264, 'sViewport=detail&sArticle=204', 'Examples/Configurator-articles/204/Article-with-table-configurator', 1, 2),
(5267, 'sViewport=detail&sArticle=203', 'Examples/Configurator-articles/203/Article-with-choice-configurator', 1, 2),
(5269, 'sViewport=detail&sArticle=202', 'Examples/Configurator-articles/202/Article-with-standard-configurator', 1, 2),
(5270, 'sViewport=detail&sArticle=201', 'Examples/Presentation/201/Highlighted-presentation', 1, 2),
(5271, 'sViewport=detail&sArticle=2', 'Worlds-of-indulgence/Brandies/2/Muensterlaender-Lagerkorn-32', 0, 2),
(5272, 'sViewport=detail&sArticle=200', 'Examples/Presentation/200/Article-marking-NEW', 1, 2),
(5273, 'sViewport=detail&sArticle=199', 'Examples/Presentation/199/Article-in-clearance-sale', 1, 2),
(5727, 'sViewport=detail&sArticle=198', 'Examples/Presentation/198/Articles-with-evaluation', 1, 2),
(5728, 'sViewport=detail&sArticle=197', 'Examples/Presentation/197/ESD-download-article', 1, 2),
(6052, 'sViewport=detail&sArticle=145', 'Leisure-worlds/Vintage/145/Cap-vintage-driver', 1, 2),
(6061, 'sViewport=detail&sArticle=148', 'Leisure-worlds/Vintage/148/Bag-Gladstone-leather', 1, 2),
(6307, 'sViewport=detail&sArticle=5', 'Worlds-of-indulgence/Brandies/5/Emmelkamp-elder-liqueur', 1, 2),
(6310, 'sViewport=detail&sArticle=143', 'Leisure-worlds/Vintage/143/Navigator-leather-cap-brown', 1, 2),
(6320, 'sViewport=detail&sArticle=2', 'Worlds-of-indulgence/Brandies/2/Munsterland-Lagerkorn-32', 1, 2),
(6321, 'sViewport=detail&sArticle=7', 'Worlds-of-indulgence/Brandies/7/Juniper-premium-extra-mild-32', 1, 2),
(6523, 'sViewport=blog&sAction=detail&sCategory=42&blogArticle=6', 'Trends-News/Der-Sommer-wirenglisch', 0, 2),
(6531, 'sViewport=detail&sArticle=44', 'Worlds-of-indulgence/Delights/44/Bee-glue', 1, 2),
(6541, 'sViewport=detail&sArticle=36', 'Worlds-of-indulgence/Teas-and-Accessories/Teas/36/White-tea-gift-set', 1, 2),
(6545, 'sViewport=detail&sArticle=248', 'Home-sweet-home/Furniture/248/Shipping-costs-by-weight', 1, 2),
(7132, 'sViewport=campaign&sCategory=6&emotionId=9', 'Sommerwelten/Passend-fuer-Ihren-Sommerurlaub', 1, 1),
(7167, 'sViewport=detail&sArticle=5', 'Genusswelten/5/Emmelkamp-Holunder-Likoer-18', 1, 1),
(7185, 'sViewport=detail&sArticle=2', 'Genusswelten/2/Muensterlaender-Lagerkorn-32', 1, 1),
(7186, 'sViewport=detail&sArticle=7', 'Genusswelten/7/Wacholder-Premium-extra-mild-32', 1, 1),
(7187, 'sViewport=detail&sArticle=12', 'Genusswelten/12/Kobra-Vodka-37-5', 1, 1),
(7202, 'sViewport=custom&sCustom=6', 'Versand-und-Zahlung', 1, 1),
(7211, 'sViewport=custom&sCustom=52', 'Stellenangebote', 1, 1),
(7212, 'sViewport=custom&sCustom=54', 'Messen', 1, 1),
(7213, 'sViewport=custom&sCustom=55', 'Das-Team', 1, 1),
(7214, 'sViewport=custom&sCustom=56', 'Unternehmensgeschichte', 1, 1),
(7247, 'sViewport=blog&sAction=detail&sCategory=42&blogArticle=6', 'Trends-News/The-summer-will-be-colorful', 1, 2),
(7248, 'sViewport=blog&sAction=detail&sCategory=42&blogArticle=7', 'Trends-News/Sun-cream-Be-part-of-the-creme-de-la-creme', 1, 2),
(7249, 'sViewport=blog&sAction=detail&sCategory=42&blogArticle=8', 'Trends-News/I-pack-my-bag', 1, 2),
(7252, 'sViewport=campaign&sCategory=6&emotionId=9', 'Sommerwelten/Passend-fuer-Ihren-Sommerurlaub', 1, 2),
(7272, 'sViewport=detail&sArticle=247', 'Examples/Customer-loyalty/247/Bonus-article-with-shopping-cart-value-of-over-100-Euro', 1, 2),
(7297, 'sViewport=detail&sArticle=12', 'Worlds-of-indulgence/Brandies/12/Kobra-Vodka-37-5', 1, 2),
(7312, 'sViewport=custom&sCustom=6', 'Versand-und-Zahlung', 1, 2),
(7321, 'sViewport=custom&sCustom=52', 'Stellenangebote', 1, 2),
(7322, 'sViewport=custom&sCustom=54', 'Messen', 1, 2),
(7323, 'sViewport=custom&sCustom=55', 'Das-Team', 1, 2),
(7324, 'sViewport=custom&sCustom=56', 'Unternehmensgeschichte', 1, 2),
(7889, 'sViewport=custom&sCustom=58', 'job-offers', 1, 2),
(7944, 'sViewport=detail&sArticle=228', 'Examples/Payment-methods/228/Payment-methods-und-risk-management', 1, 2),
(7999, 'sViewport=custom&sCustom=59', 'Events-trade-fairs', 1, 2),
(8000, 'sViewport=custom&sCustom=60', 'Team', 1, 2),
(8001, 'sViewport=custom&sCustom=61', 'History', 1, 2),
(8120, 'sViewport=custom&sCustom=58', 'job-offers', 1, 1),
(8121, 'sViewport=custom&sCustom=59', 'Events-trade-fairs', 1, 1),
(8122, 'sViewport=custom&sCustom=60', 'Team', 1, 1),
(8123, 'sViewport=custom&sCustom=61', 'History', 1, 1),
(8450, 'sViewport=detail&sArticle=272', 'Genusswelten/Koestlichkeiten/272/Spachtelmasse', 1, 1),
(9481, 'sViewport=detail&sArticle=178', 'Summertime/Beachwear/178/Beach-Towel-Ibiza', 1, 2),
(9827, 'sViewport=detail&sArticle=155', 'Sommerwelten/Beachwear/155/Flip-Flop-Sunshine-Yellow', 1, 1);

TRUNCATE TABLE `s_core_rulesets`;
INSERT INTO `s_core_rulesets` (`id`, `paymentID`, `rule1`, `value1`, `rule2`, `value2`) VALUES
(4, 4, 'NEWCUSTOMER', '1', 'ORDERVALUELESS', '99');

TRUNCATE TABLE `s_core_sessions`;
INSERT INTO `s_core_sessions` (`id`, `expiry`, `modified`, `data`) VALUES
('06hue2s27mjbapgsdnd4alffe4', 1440, 1346407623, 'Shopware|a:6:{s:3:"Bot";b:0;s:5:"sArea";N;s:8:"sCountry";N;s:6:"sState";N;s:10:"sOutputNet";N;s:7:"sUserId";N;}'),
('0961e8eb513a599c5e2245ec1cbcf41e1d9acdef', 1440, 1346409559, 'Shopware|a:6:{s:3:"Bot";b:0;s:10:"sOutputNet";N;s:5:"sArea";N;s:8:"sCountry";N;s:6:"sState";N;s:7:"sUserId";N;}'),
('0f42f30d658d16106654d56e4c7536b023f4c862', 1440, 1346407570, 'Shopware|a:7:{s:3:"Bot";b:0;s:10:"sOutputNet";N;s:5:"sArea";N;s:8:"sCountry";N;s:6:"sState";N;s:7:"sUserId";N;s:8:"sPerPage";N;}'),
('0ff4d5e779f487b3c5d17eb806b927bd032cc67f', 1440, 1346409307, 'Shopware|a:6:{s:3:"Bot";b:0;s:10:"sOutputNet";N;s:5:"sArea";N;s:8:"sCountry";N;s:6:"sState";N;s:7:"sUserId";N;}'),
('167059f519b93a72a737aab49da35f8d4455b391', 1440, 1346408904, 'Shopware|a:6:{s:3:"Bot";b:0;s:10:"sOutputNet";N;s:5:"sArea";N;s:8:"sCountry";N;s:6:"sState";N;s:7:"sUserId";N;}'),
('27c47c1e4794ecd2f7d459b3ed2741e7a85c1894', 1440, 1346408990, 'Shopware|a:6:{s:3:"Bot";b:0;s:10:"sOutputNet";N;s:5:"sArea";N;s:8:"sCountry";N;s:6:"sState";N;s:7:"sUserId";N;}'),
('6c015886a80866af3828d81f4d7d9983e673968d', 1440, 1346410582, 'Shopware|a:6:{s:3:"Bot";b:0;s:10:"sOutputNet";N;s:5:"sArea";N;s:8:"sCountry";N;s:6:"sState";N;s:7:"sUserId";N;}'),
('8b80481b5c39014e4de987dcc75fbd00147578fa', 1440, 1346407725, 'Shopware|a:7:{s:3:"Bot";b:0;s:10:"sOutputNet";N;s:5:"sArea";N;s:8:"sCountry";N;s:6:"sState";N;s:7:"sUserId";N;s:8:"sPerPage";N;}'),
('91c715a484db57d5ef57ad0cd78a7cf436207f9f', 1440, 1346408075, 'Shopware|a:6:{s:3:"Bot";b:0;s:10:"sOutputNet";N;s:5:"sArea";N;s:8:"sCountry";N;s:6:"sState";N;s:7:"sUserId";N;}'),
('99532560f8cb24d65d60bac28182622a513252b1', 1440, 1346409305, 'Shopware|a:6:{s:3:"Bot";b:0;s:10:"sOutputNet";N;s:5:"sArea";N;s:8:"sCountry";N;s:6:"sState";N;s:7:"sUserId";N;}'),
('a2afa9542407155488d3e6c19bf2456c61d92197', 1440, 1346409393, 'Shopware|a:6:{s:3:"Bot";b:0;s:10:"sOutputNet";N;s:5:"sArea";N;s:8:"sCountry";N;s:6:"sState";N;s:7:"sUserId";N;}'),
('a4e216a348cf5dba45f0582378c8690f4d7931a8', 1440, 1346408827, 'Shopware|a:7:{s:3:"Bot";b:0;s:10:"sOutputNet";N;s:5:"sArea";N;s:8:"sCountry";N;s:6:"sState";N;s:7:"sUserId";N;s:8:"sPerPage";N;}'),
('b27da7bffc45a04e68fbc604f913bb8c042fcf47', 1440, 1346408686, 'Shopware|a:10:{s:3:"Bot";b:0;s:10:"sOutputNet";N;s:5:"sArea";i:1;s:8:"sCountry";i:2;s:6:"sState";N;s:9:"sRegister";C:11:"ArrayObject":59:{x:i:2;a:1:{s:7:"billing";a:1:{s:7:"country";i:2;}};m:a:0:{}}s:7:"sUserId";N;s:10:"sPaymentID";i:5;s:15:"sBasketQuantity";i:0;s:13:"sBasketAmount";i:0;}'),
('bb79981bea2b344733c132f7a840d9bd39e2ff26', 1440, 1346409490, 'Shopware|a:10:{s:3:"Bot";b:0;s:10:"sOutputNet";N;s:5:"sArea";N;s:8:"sCountry";N;s:6:"sState";N;s:7:"sUserId";N;s:12:"sLastArticle";i:159;s:16:"sCategoryConfig6";a:1:{s:8:"sPerPage";i:48;}s:8:"sPerPage";N;s:16:"sCategoryConfig8";a:1:{s:8:"sPerPage";i:48;}}'),
('d009f5c59bdb8049443dcad757f08890c69874dd', 1440, 1346409394, 'Shopware|a:6:{s:3:"Bot";b:0;s:10:"sOutputNet";N;s:5:"sArea";N;s:8:"sCountry";N;s:6:"sState";N;s:7:"sUserId";N;}'),
('fe5ab84e1b21101ed6ea32846e0bede2c454f45e', 1440, 1346409016, 'Shopware|a:8:{s:3:"Bot";b:0;s:10:"sOutputNet";N;s:5:"sArea";N;s:8:"sCountry";N;s:6:"sState";N;s:7:"sUserId";N;s:8:"sPerPage";N;s:12:"sLastArticle";i:214;}');

TRUNCATE TABLE `s_core_sessions_backend`;
TRUNCATE TABLE `s_core_shops`;
INSERT INTO `s_core_shops` (`id`, `main_id`, `name`, `title`, `position`, `host`, `base_path`, `base_url`, `hosts`, `secure`, `template_id`, `document_template_id`, `category_id`, `locale_id`, `currency_id`, `customer_group_id`, `fallback_id`, `customer_scope`, `default`, `active`) VALUES
(1, NULL, 'Deutsch', NULL, 0, NULL, NULL, NULL, '', 0, 11, 11, 3, 1, 1, 1, NULL, 0, 1, 1),
(2, 1, 'English', 'English', 0, NULL, NULL, NULL, '', 0, NULL, NULL, 39, 2, 1, 1, 2, 0, 0, 1);

TRUNCATE TABLE `s_core_shop_currencies`;
INSERT INTO `s_core_shop_currencies` (`shop_id`, `currency_id`) VALUES
(1, 1),
(1, 2);

TRUNCATE TABLE `s_core_shop_pages`;
INSERT INTO `s_core_shop_pages` (`shop_id`, `group_id`) VALUES
(1, 1),
(1, 2),
(1, 3),
(2, 1),
(2, 2),
(2, 3);

TRUNCATE TABLE `s_core_tax_rules`;

INSERT IGNORE INTO `s_core_translations` (`id`, `objecttype`, `objectdata`, `objectkey`, `objectlanguage`) VALUES
(58, 'config_payment', 'a:13:{i:3;a:2:{s:11:"description";s:16:"cash on delivery";s:21:"additionaldescription";s:105:"Available in Germany only. Please note that at delivery, you will be asked to pay an additional EUR 2,00.";}i:7;a:2:{s:11:"description";s:10:"Creditcard";s:21:"additionaldescription";s:162:"Testing the United-Online-Services creditcard-payment is very easy. Just enter the following data: \nType: Mastercard, Nummer: 4111111111111111, CVC/ CVV-Code: 111";}i:2;a:2:{s:11:"description";s:5:"Debit";s:21:"additionaldescription";s:11:"Insert text";}i:4;a:2:{s:11:"description";s:7:"Invoice";s:21:"additionaldescription";s:152:"You pay easy and secure by invoice.\n\nIt is for example possible to reopen the invoice account after the costumer made his second order. (Riskmanagement)";}i:5;a:2:{s:11:"description";s:10:"Prepayment";s:21:"additionaldescription";s:194:"Once we receive the funds you send us via bank transfer, we will ship your order. We cannot be responsible for paying bank fees, so make sure the full invoice amount will be received on our end.";}i:17;a:1:{s:21:"additionaldescription";s:98:"A quick and easy way to pay with your creditcard. We accept: VISA / Master Card / American Express";}i:18;a:1:{s:21:"additionaldescription";s:209:"Carefree shopping on the internet - you can do it now in over 8,000 affiliated online shops using DIRECTebanking.com. You benefit not only from immediate delivery but also from our consumer protection policy.\n";}i:6;a:1:{s:21:"additionaldescription";s:163:"Please enter your real account data, who are connected to your address. An automatic process will check the address.\n\nAll entries will not be charged in this demo!";}i:8;a:1:{s:21:"additionaldescription";s:147:"Testing Giropay from our partner United-Online-Services in this demo isn´t possible.\nIf you are interested in getting an account please contact us.";}i:15;a:1:{s:21:"additionaldescription";s:7:"Invoice";}i:14;a:1:{s:21:"additionaldescription";s:10:"Prepayment";}i:11;a:1:{s:21:"additionaldescription";s:64:"Pay the quick and secured way! Paying direct! No account needed!";}i:12;a:1:{s:21:"additionaldescription";s:64:"Pay the quick and secured way! Paying direct! No account needed!";}}', 1, 'en'),
(59, 'config_snippets', 'a:546:{s:15:"sPaymentESDInfo";a:1:{s:5:"value";s:69:"Purchase of direct downloads is only possible by debit or credit card";}s:8:"sAGBText";a:1:{s:5:"value";s:181:"I have read the <a href="{$sBasefile}?sViewport=custom&cCUSTOM=4" title="Terms"><span style="text-decoration:underline;">Terms</span></a> of your shop and agree with their coverage.";}s:10:"sOrderInfo";a:1:{s:5:"value";s:112:"(Optionaler Freitext)If you pay debit or with your creditcard your bank account will be charged after five days.";}s:15:"sRegister_right";a:1:{s:5:"value";s:183:"<p>\nInsert your right of withdrawl here.\n<br /><br />\n<a href="{$sBasefile}?sViewport=custom&cCUSTOM=8" title="Right of Withdrawl">more informations to your right of withdrawl</a></p>";}s:28:"sNewsletterOptionUnsubscribe";a:1:{s:5:"value";s:26:"unsubscribe the newsletter";}s:26:"sNewsletterOptionSubscribe";a:1:{s:5:"value";s:24:"subscribe the newsletter";}s:15:"sNewsletterInfo";a:1:{s:5:"value";s:151:"Subsribe and get our newsletter.<br />\nOf course you can cancel this newsletter any time. Use the hyperlink in your eMail or visit this website again. ";}s:17:"sNewsletterButton";a:1:{s:5:"value";s:4:"Save";}s:20:"sNewsletterLabelMail";a:1:{s:5:"value";s:19:"Your eMail-address:";}s:22:"sNewsletterLabelSelect";a:1:{s:5:"value";s:10:"I want to:";}s:17:"sInfoEmailDeleted";a:1:{s:5:"value";s:32:"Your eMail-address were deleted.";}s:19:"sInfoEmailRegiested";a:1:{s:5:"value";s:35:"Thanks. We added your eMail-address";}s:16:"sErrorEnterEmail";a:1:{s:5:"value";s:31:"Please specify an email address";}s:16:"sErrorForgotMail";a:1:{s:5:"value";s:31:"Please enter your email address";}s:10:"sDelivery1";a:1:{s:5:"value";s:47:"Ready for shipment,<br/>\nShipping time 1-3 days";}s:17:"sErrorLoginActive";a:1:{s:5:"value";s:84:"Your account has been disabled, to clarify please get in contact with us personally!";}s:27:"sAccountACommentisdeposited";a:1:{s:5:"value";s:20:"A Comment is leaved!";}s:15:"sAccountArticle";a:1:{s:5:"value";s:7:"Article";}s:22:"sAccountBillingAddress";a:1:{s:5:"value";s:15:"Billing Address";}s:15:"sAccountComment";a:1:{s:5:"value";s:11:"Annotation:";}s:16:"sAccountcompany ";a:1:{s:5:"value";s:7:"Company";}s:16:"sAccountDownload";a:1:{s:5:"value";s:8:"Download";}s:19:"sAccountDownloadNow";a:1:{s:5:"value";s:12:"Download now";}s:29:"sAccountDownloadssortedbydate";a:1:{s:5:"value";s:29:"Your downloads sorted by date";}s:24:"sAccountErrorhasoccurred";a:1:{s:5:"value";s:22:"An Error has occurred!";}s:12:"sAccountFree";a:1:{s:5:"value";s:4:"FREE";}s:12:"sAccountfrom";a:1:{s:5:"value";s:5:"From:";}s:18:"sAccountgrandtotal";a:1:{s:5:"value";s:12:"Grand total:";}s:18:"sAccountIwanttoget";a:1:{s:5:"value";s:31:"Yes, I want to receive the free";}s:23:"sAccountmethodofpayment";a:1:{s:5:"value";s:15:"Choosen Payment";}s:14:"sAccountmodify";a:1:{s:5:"value";s:6:"Modify";}s:10:"sAccountMr";a:1:{s:5:"value";s:2:"Mr";}s:10:"sAccountMs";a:1:{s:5:"value";s:2:"Ms";}s:19:"sAccountNewPassword";a:1:{s:5:"value";s:14:"New password*:";}s:26:"sAccountnewslettersettings";a:1:{s:5:"value";s:24:"Your Newsletter settings";}s:14:"sAccountNumber";a:1:{s:5:"value";s:8:"Quantity";}s:21:"sAccountOrdercanceled";a:1:{s:5:"value";s:19:"Order was cancelled";}s:27:"sAccountOrderhasbeenshipped";a:1:{s:5:"value";s:22:"Order has been shipped";}s:23:"sAccountOrderinprogress";a:1:{s:5:"value";s:17:"Order in progress";}s:28:"sAccountOrdernotvetprocessed";a:1:{s:5:"value";s:32:"Order has not been processed yet";}s:19:"sAccountOrdernumber";a:1:{s:5:"value";s:12:"Ordernumber:";}s:29:"sAccountOrderpartiallyshipped";a:1:{s:5:"value";s:27:"Order was partially shipped";}s:26:"sAccountOrderssortedbydate";a:1:{s:5:"value";s:21:"Orders sorted by date";}s:18:"sAccountOrderTotal";a:1:{s:5:"value";s:12:"Order total:";}s:23:"sAccountPackagetracking";a:1:{s:5:"value";s:17:"Package tracking:";}s:12:"sAccountplus";a:1:{s:5:"value";s:4:"plus";}s:22:"sAccountRepeatpassword";a:1:{s:5:"value";s:17:"Repeat password*:";}s:16:"sAccountShipping";a:1:{s:5:"value";s:15:"Shipping costs:";}s:23:"sAccountshippingaddress";a:1:{s:5:"value";s:16:"Shipping address";}s:21:"sAccountthenewsletter";a:1:{s:5:"value";s:11:"Newsletter!";}s:13:"sAccountTotal";a:1:{s:5:"value";s:5:"Total";}s:17:"sAccountUnitprice";a:1:{s:5:"value";s:10:"Unit price";}s:22:"sAccountYouraccessdata";a:1:{s:5:"value";s:16:"Your access data";}s:24:"sAccountYouremailaddress";a:1:{s:5:"value";s:20:"Your email address*:";}s:24:"sAccountyourSerialnumber";a:1:{s:5:"value";s:19:"Your Serial Number:";}s:26:"sAccountyourSerialnumberto";a:1:{s:5:"value";s:21:"Your Serial Number to";}s:19:"sAjaxcomparearticle";a:1:{s:5:"value";s:16:"Compared Article";}s:18:"sAjaxdeletecompare";a:1:{s:5:"value";s:14:"Delete Compare";}s:17:"sAjaxstartcompare";a:1:{s:5:"value";s:13:"Start Compare";}s:9:"sArticle1";a:1:{s:5:"value";s:12:"1 (very bad)";}s:10:"sArticle10";a:1:{s:5:"value";s:14:"10 (excellent)";}s:9:"sArticle2";a:1:{s:5:"value";s:1:"2";}s:9:"sArticle3";a:1:{s:5:"value";s:1:"3";}s:9:"sArticle4";a:1:{s:5:"value";s:1:"4";}s:9:"sArticle5";a:1:{s:5:"value";s:1:"5";}s:9:"sArticle6";a:1:{s:5:"value";s:1:"6";}s:9:"sArticle7";a:1:{s:5:"value";s:1:"7";}s:9:"sArticle8";a:1:{s:5:"value";s:1:"8";}s:9:"sArticle9";a:1:{s:5:"value";s:1:"9";}s:19:"sArticleaccessories";a:1:{s:5:"value";s:11:"Accessories";}s:19:"sArticleaddtobasked";a:1:{s:5:"value";s:11:"add to cart";}s:20:"sArticleaddtonotepad";a:1:{s:5:"value";s:16:"Add to favorites";}s:21:"sArticleafterageckeck";a:1:{s:5:"value";s:52:"Attention! Delivery only after successful age check!";}s:24:"sArticleallmanufacturers";a:1:{s:5:"value";s:22:"Show all manufacturers";}s:14:"sArticleamount";a:1:{s:5:"value";s:9:"Quantity:";}s:11:"sArticleand";a:1:{s:5:"value";s:3:"and";}s:22:"sArticlearticleperpage";a:1:{s:5:"value";s:16:"Article per page";}s:21:"sArticleavailableasan";a:1:{s:5:"value";s:34:"Available as an immediate download";}s:26:"sArticleavailabledownloads";a:1:{s:5:"value";s:20:"Available downloads:";}s:21:"sArticleAvailablefrom";a:1:{s:5:"value";s:12:"Available as";}s:26:"sArticleavailableimmediate";a:1:{s:5:"value";s:34:"Available as an immediate download";}s:12:"sArticleback";a:1:{s:5:"value";s:4:"Back";}s:20:"sArticleblockpricing";a:1:{s:5:"value";s:13:"Block pricing";}s:10:"sArticleby";a:1:{s:5:"value";s:3:"By:";}s:24:"sArticlechoosefirstexecu";a:1:{s:5:"value";s:32:"Attention! Choose version first!";}s:22:"sArticlecollectvoucher";a:1:{s:5:"value";s:34:"Tell a friend and catch a voucher!";}s:15:"sArticleCompare";a:1:{s:5:"value";s:7:"Compare";}s:23:"sArticlecustomerreviews";a:1:{s:5:"value";s:20:"Customer reviews for";}s:17:"sArticledatasheet";a:1:{s:5:"value";s:9:"Datasheet";}s:12:"sArticledays";a:1:{s:5:"value";s:4:"Days";}s:24:"sArticledaysshippingfree";a:1:{s:5:"value";s:14:"Shipping free!";}s:20:"sArticledeliverytime";a:1:{s:5:"value";s:13:"Shipping time";}s:19:"sArticledescription";a:1:{s:5:"value";s:11:"Description";}s:16:"sArticledownload";a:1:{s:5:"value";s:8:"Download";}s:19:"sArticleeightpoints";a:1:{s:5:"value";s:8:"8 Points";}s:23:"sArticleenterthenumbers";a:1:{s:5:"value";s:50:"Please enter the numbers in the following text box";}s:27:"sArticlefilloutallredfields";a:1:{s:5:"value";s:34:"Please fill in all required fields";}s:18:"sArticlefivepoints";a:1:{s:5:"value";s:8:"5 Points";}s:18:"sArticlefourpoints";a:1:{s:5:"value";s:8:"4 Points";}s:20:"sArticlefreeshipping";a:1:{s:5:"value";s:14:"Shipping Free!";}s:12:"sArticlefrom";a:1:{s:5:"value";s:4:"from";}s:26:"sArticlefurtherinformation";a:1:{s:5:"value";s:19:"further information";}s:19:"sArticlegetavoucher";a:1:{s:5:"value";s:16:"is your voucher*";}s:20:"sArticlehighestprice";a:1:{s:5:"value";s:13:"Highest Price";}s:12:"sArticleincl";a:1:{s:5:"value";s:5:"incl.";}s:19:"sArticleinthebasket";a:1:{s:5:"value";s:24:"add to you shopping cart";}s:17:"sArticleitemtitle";a:1:{s:5:"value";s:19:"Article description";}s:16:"sArticlelanguage";a:1:{s:5:"value";s:9:"Language:";}s:13:"sArticlelegal";a:1:{s:5:"value";s:5:"legal";}s:14:"sArticlelooked";a:1:{s:5:"value";s:11:"Last viewed";}s:19:"sArticlelowestprice";a:1:{s:5:"value";s:12:"Lowest Price";}s:19:"sArticlemainarticle";a:1:{s:5:"value";s:12:"Main article";}s:21:"sArticlematchingitems";a:1:{s:5:"value";s:27:"Frequently Bought Together:";}s:23:"sArticleMoreinformation";a:1:{s:5:"value";s:20:"Get more information";}s:28:"sArticlemoreinformationabout";a:1:{s:5:"value";s:26:"Get more information about";}s:11:"sArticlenew";a:1:{s:5:"value";s:3:"NEW";}s:12:"sArticlenext";a:1:{s:5:"value";s:4:"Next";}s:18:"sArticleninepoints";a:1:{s:5:"value";s:8:"9 Points";}s:17:"sArticlenoPicture";a:1:{s:5:"value";s:20:"No picture available";}s:10:"sArticleof";a:1:{s:5:"value";s:2:"by";}s:16:"sArticleonepoint";a:1:{s:5:"value";s:7:"1 Point";}s:19:"sArticleonesiteback";a:1:{s:5:"value";s:13:"One Site back";}s:22:"sArticleonesiteforward";a:1:{s:5:"value";s:16:"One Site forward";}s:20:"sArticleonthenotepad";a:1:{s:5:"value";s:16:"add to favorites";}s:19:"sArticleordernumber";a:1:{s:5:"value";s:10:"Order No.:";}s:23:"sArticleotherarticlesof";a:1:{s:5:"value";s:22:"Other articles made by";}s:20:"sArticleourcommenton";a:1:{s:5:"value";s:13:"Our review to";}s:11:"sArticleout";a:1:{s:5:"value";s:3:"out";}s:16:"sArticleoverview";a:1:{s:5:"value";s:8:"Overview";}s:20:"sArticlepleasechoose";a:1:{s:5:"value";s:16:"Please choose...";}s:25:"sArticlepleasecompleteall";a:1:{s:5:"value";s:34:"Please fill in all required fields";}s:20:"sArticlepleaseselect";a:1:{s:5:"value";s:16:"Please choose...";}s:18:"sArticlepopularity";a:1:{s:5:"value";s:11:"Bestselling";}s:14:"sArticleprices";a:1:{s:5:"value";s:6:"Prices";}s:18:"sArticleproductsof";a:1:{s:5:"value";s:16:"Products made by";}s:29:"sArticlequestionsaboutarticle";a:1:{s:5:"value";s:22:"Questions for article?";}s:22:"sArticlerecipientemail";a:1:{s:5:"value";s:22:"Receiver email address";}s:17:"sArticlerecommend";a:1:{s:5:"value";s:36:": tell a friend and catch a voucher!";}s:27:"sArticlerecommendandvoucher";a:1:{s:5:"value";s:32:"Tell a friend and get a voucher!";}s:16:"sArticlereleased";a:1:{s:5:"value";s:19:"unrated (universal)";}s:30:"sArticlereleasedafterverificat";a:1:{s:5:"value";s:44:"Reviews will be released after verification.";}s:19:"sArticlereleasedate";a:1:{s:5:"value";s:12:"Release Date";}s:27:"sArticlereleasedfrom12years";a:1:{s:5:"value";s:20:"Restricted 12 years+";}s:27:"sArticlereleasedfrom16years";a:1:{s:5:"value";s:20:"Restricted 16 years+";}s:27:"sArticlereleasedfrom18years";a:1:{s:5:"value";s:20:"Restricted 18 years+";}s:26:"sArticlereleasedfrom6years";a:1:{s:5:"value";s:24:"Restricted from 6 years+";}s:14:"sArticleReview";a:1:{s:5:"value";s:16:"Costumer Review:";}s:15:"sArticlereview1";a:1:{s:5:"value";s:16:"Costumer Review:";}s:15:"sArticlereviews";a:1:{s:5:"value";s:7:"Reviews";}s:12:"sArticlesave";a:1:{s:5:"value";s:5:"saved";}s:14:"sArticlescroll";a:1:{s:5:"value";s:6:"Scroll";}s:19:"sArticlesevenpoints";a:1:{s:5:"value";s:8:"7 Points";}s:16:"sArticleshipping";a:1:{s:5:"value";s:110:"<a href="{$sBasefile}?sViewport=custom&cCUSTOM=28" title="Shipping rates & policies">Shipping rates & policies";}s:27:"sArticleshippinginformation";a:1:{s:5:"value";s:33:"See our shipping rates & policies";}s:15:"sArticleshowall";a:1:{s:5:"value";s:8:"Show all";}s:28:"sArticleshowallmanufacturers";a:1:{s:5:"value";s:22:"Show all manufacturers";}s:23:"sArticlesimilararticles";a:1:{s:5:"value";s:15:"Suggested Items";}s:17:"sArticlesixpoints";a:1:{s:5:"value";s:8:"6 Points";}s:12:"sArticlesort";a:1:{s:5:"value";s:5:"Sort:";}s:15:"sArticlesummary";a:1:{s:5:"value";s:7:"Summary";}s:17:"sArticlesurcharge";a:1:{s:5:"value";s:17:"Additional charge";}s:26:"sArticlesystemrequirements";a:1:{s:5:"value";s:21:"Systemrequirement for";}s:15:"sArticletaxplus";a:1:{s:5:"value";s:8:"VAT plus";}s:16:"sArticletaxplus1";a:1:{s:5:"value";s:5:"VAT +";}s:17:"sArticletenpoints";a:1:{s:5:"value";s:9:"10 Points";}s:24:"sArticlethankyouverymuch";a:1:{s:5:"value";s:62:"Thank you very much. The recommendation was successfully sent.";}s:23:"sArticlethefieldsmarked";a:1:{s:5:"value";s:34:"Please fill in all required fields";}s:19:"sArticlethreepoints";a:1:{s:5:"value";s:8:"3 Points";}s:11:"sArticletip";a:1:{s:5:"value";s:4:"TIP!";}s:30:"sArticletipavailableasanimmedi";a:1:{s:5:"value";s:34:"Available as an immediate download";}s:26:"sArticletipmoreinformation";a:1:{s:5:"value";s:25:"Further information about";}s:29:"sArticletipproductinformation";a:1:{s:5:"value";s:19:"Product information";}s:11:"sArticletop";a:1:{s:5:"value";s:3:"TOP";}s:30:"sArticletopaveragecustomerrevi";a:1:{s:5:"value";s:17:"Customer Reviews:";}s:30:"sArticletopImmediatelyavailabl";a:1:{s:5:"value";s:8:"In Stock";}s:14:"sArticletosave";a:1:{s:5:"value";s:4:"Save";}s:25:"sArticletoseeinthepicture";a:1:{s:5:"value";s:16:"On this picture:";}s:17:"sArticletwopoints";a:1:{s:5:"value";s:8:"2 Points";}s:13:"sArticleuntil";a:1:{s:5:"value";s:5:"until";}s:17:"sArticleupdatenow";a:1:{s:5:"value";s:10:"Update now";}s:29:"sArticlewithoutagerestriction";a:1:{s:5:"value";s:23:"Without age restriction";}s:19:"sArticleworkingdays";a:1:{s:5:"value";s:10:"Workingday";}s:25:"sArticlewriteanassessment";a:1:{s:5:"value";s:15:"Create a review";}s:20:"sArticlewriteareview";a:1:{s:5:"value";s:15:"Create a review";}s:19:"sArticlewritereview";a:1:{s:5:"value";s:15:"Create a review";}s:19:"sArticleyourcomment";a:1:{s:5:"value";s:13:"Your comment:";}s:16:"sArticleyourname";a:1:{s:5:"value";s:9:"Your Name";}s:19:"sArticleyouropinion";a:1:{s:5:"value";s:13:"Your comment:";}s:18:"sArticlezeropoints";a:1:{s:5:"value";s:8:"0 Points";}s:23:"sBasketaddedtothebasket";a:1:{s:5:"value";s:32:"was added to your shopping cart!";}s:13:"sBasketamount";a:1:{s:5:"value";s:9:"Quantity:";}s:14:"sBasketArticle";a:1:{s:5:"value";s:7:"Article";}s:30:"sBasketarticlefromourcatalogue";a:1:{s:5:"value";s:29:"Add articles from our catalog";}s:22:"sBasketarticlenotfound";a:1:{s:5:"value";s:17:"Article not found";}s:20:"sBasketasanimmediate";a:1:{s:5:"value";s:34:"Available as an immediate download";}s:23:"sBasketasasmallthankyou";a:1:{s:5:"value";s:63:"As a small thank-you, you receive this article free in addition";}s:19:"sBasketavailability";a:1:{s:5:"value";s:8:"In Stock";}s:20:"sBasketavailablefrom";a:1:{s:5:"value";s:20:"Available from stock";}s:21:"sBasketbacktomainpage";a:1:{s:5:"value";s:17:"Back to Mainpage!";}s:21:"sBasketbasketdiscount";a:1:{s:5:"value";s:13:"Cart-discount";}s:30:"sBasketbetweenfollowingpremium";a:1:{s:5:"value";s:44:"Please choose between the following premiums";}s:15:"sBasketcheckout";a:1:{s:5:"value";s:8:"Checkout";}s:30:"sBasketcheckoutcustomerswithyo";a:1:{s:5:"value";s:45:"Customers Who Bought This Item Also Bought\n  ";}s:23:"sBasketcontinueshopping";a:1:{s:5:"value";s:17:"Continue shopping";}s:30:"sBasketcustomerswithyoursimila";a:1:{s:5:"value";s:48:"Customers Viewing This Page May Be Interested in";}s:30:"sBasketdeletethisitemfrombaske";a:1:{s:5:"value";s:34:"Erase this article from the basket";}s:15:"sBasketdelivery";a:1:{s:5:"value";s:13:"Shipping time";}s:22:"sBasketdeliverycountry";a:1:{s:5:"value";s:16:"Shipping country";}s:24:"sBasketdesignatedarticle";a:1:{s:5:"value";s:50:"Favorites - selected articles for a later purchase";}s:15:"sBasketdispatch";a:1:{s:5:"value";s:16:"Mode of shipment";}s:23:"sBasketerasefromnotepad";a:1:{s:5:"value";s:37:"Erase this article from the favorites";}s:25:"sBasketforwardingexpenses";a:1:{s:5:"value";s:25:"Shipping rates & policies";}s:11:"sBasketfree";a:1:{s:5:"value";s:5:"FREE!";}s:12:"sBasketfree1";a:1:{s:5:"value";s:4:"FREE";}s:11:"sBasketfrom";a:1:{s:5:"value";s:4:"from";}s:18:"sBasketinthebasket";a:1:{s:5:"value";s:20:"add to shopping cart";}s:20:"sBasketintothebasket";a:1:{s:5:"value";s:20:"Add to shopping cart";}s:28:"sBasketItautomaticallystores";a:1:{s:5:"value";s:126:"automatically stores your personal favorite-list.\nYou can comfortably retrieve your registered articles in a subsequent visit.";}s:26:"sBasketjustthedesireditems";a:1:{s:5:"value";s:56:"Put simply the desired articles on the favorite-list and";}s:23:"sBasketlastinyourbasket";a:1:{s:5:"value";s:32:"Last article added in your cart:";}s:24:"sBasketminimumordervalue";a:1:{s:5:"value";s:37:"Attention. The minimum order value of";}s:13:"sBasketmodify";a:1:{s:5:"value";s:6:"Modify";}s:23:"sBasketmoreinformations";a:1:{s:5:"value";s:16:"More information";}s:27:"sBasketnoitemsonyournotepad";a:1:{s:5:"value";s:45:"There are no articles on your favorites-list.";}s:25:"sBasketnopictureavailable";a:1:{s:5:"value";s:20:"No picture available";}s:14:"sBasketnotepad";a:1:{s:5:"value";s:9:"Favorites";}s:20:"sBasketnotreachedyet";a:1:{s:5:"value";s:19:"is not reached yet!";}s:13:"sBasketnumber";a:1:{s:5:"value";s:8:"Quantity";}s:18:"sBasketordernumber";a:1:{s:5:"value";s:9:"Order No.";}s:14:"sBasketpayment";a:1:{s:5:"value";s:17:"Method of Payment";}s:19:"sBasketpleasechoose";a:1:{s:5:"value";s:16:"Please choose...";}s:23:"sBasketrecalculateprice";a:1:{s:5:"value";s:31:"Recalculate price - update cart";}s:26:"sBasketsaveyourpersonalfav";a:1:{s:5:"value";s:60:"Save your personal favorites - until you visit us next time.";}s:17:"sBasketshowbasket";a:1:{s:5:"value";s:18:"Show shopping cart";}s:18:"sBasketstep1basket";a:1:{s:5:"value";s:21:"Step1 - Shopping Cart";}s:15:"sBasketsubtotal";a:1:{s:5:"value";s:9:"Subtotal:";}s:10:"sBasketsum";a:1:{s:5:"value";s:5:"Total";}s:17:"sBaskettocheckout";a:1:{s:5:"value";s:9:"Checkout!";}s:15:"sBaskettotalsum";a:1:{s:5:"value";s:5:"Total";}s:16:"sBasketunitprice";a:1:{s:5:"value";s:10:"Unit price";}s:15:"sBasketweekdays";a:1:{s:5:"value";s:8:"Workdays";}s:17:"sBasketyourbasket";a:1:{s:5:"value";s:18:"Your shopping cart";}s:24:"sBasketyourbasketisempty";a:1:{s:5:"value";s:43:"There are no articles in your shopping cart";}s:21:"sCategorymanufacturer";a:1:{s:5:"value";s:12:"Manufacturer";}s:18:"sCategorynopicture";a:1:{s:5:"value";s:20:"No picture available";}s:26:"sCategoryothermanufacturer";a:1:{s:5:"value";s:19:"Other manufacturers";}s:16:"sCategoryshowall";a:1:{s:5:"value";s:8:"Show all";}s:18:"sCategorytopseller";a:1:{s:5:"value";s:9:"Topseller";}s:18:"sContentattachment";a:1:{s:5:"value";s:11:"Attachment:";}s:12:"sContentback";a:1:{s:5:"value";s:4:"Back";}s:14:"sContentbrowse";a:1:{s:5:"value";s:7:"Browse:";}s:21:"sContentbrowseforward";a:1:{s:5:"value";s:14:"Browse forward";}s:26:"sContentcurrentlynoentries";a:1:{s:5:"value";s:30:"Currently no entries available";}s:16:"sContentdownload";a:1:{s:5:"value";s:8:"Download";}s:21:"sContententrynotfound";a:1:{s:5:"value";s:14:"No entry found";}s:21:"sContentgobackonepage";a:1:{s:5:"value";s:16:"Browse backward ";}s:12:"sContentmore";a:1:{s:5:"value";s:6:"[more]";}s:24:"sContentmoreinformations";a:1:{s:5:"value";s:17:"More information:";}s:21:"sContentonthispicture";a:1:{s:5:"value";s:16:"On this picture:";}s:20:"sCustomdirectcontact";a:1:{s:5:"value";s:14:"Direct contact";}s:19:"sCustomsitenotfound";a:1:{s:5:"value";s:14:"Page not found";}s:19:"sErrorBillingAdress";a:1:{s:5:"value";s:40:"Please fill out all fields marked in red";}s:14:"sErrorcheckout";a:1:{s:5:"value";s:8:"Checkout";}s:21:"sErrorCookiesDisabled";a:1:{s:5:"value";s:66:"To use this feature, you must have cookies enabled in your browser";}s:11:"sErrorEmail";a:1:{s:5:"value";s:34:"Please enter a valid email address";}s:19:"sErrorEmailForgiven";a:1:{s:5:"value";s:40:"This email address is already registered";}s:19:"sErrorEmailNotFound";a:1:{s:5:"value";s:32:"This email address was not found";}s:11:"sErrorerror";a:1:{s:5:"value";s:21:"An error has occurred";}s:23:"sErrorForgotMailUnknown";a:1:{s:5:"value";s:28:"This mail address is unknown";}s:10:"sErrorhome";a:1:{s:5:"value";s:4:"Home";}s:11:"sErrorLogin";a:1:{s:5:"value";s:50:"Your access data could not be assigned to any user";}s:23:"sErrorMerchantNotActive";a:1:{s:5:"value";s:73:"You are not registered as a reseller or your account has not approved yet";}s:29:"sErrormoreinterestingarticles";a:1:{s:5:"value";s:17:"You may also like";}s:22:"sErrororderwascanceled";a:1:{s:5:"value";s:22:"The order was canceled";}s:14:"sErrorPassword";a:1:{s:5:"value";s:57:"Please choose a password consisting at least 6 characters";}s:21:"sErrorShippingAddress";a:1:{s:5:"value";s:40:"Please fill out all fields marked in red";}s:27:"sErrorthisarticleisnolonger";a:1:{s:5:"value";s:34:"The product has been discontinued!";}s:12:"sErrorUnknow";a:1:{s:5:"value";s:29:"An unknown error has occurred";}s:16:"sErrorValidEmail";a:1:{s:5:"value";s:34:"Please enter a valid email address";}s:13:"sIndexaccount";a:1:{s:5:"value";s:10:"My Account";}s:16:"sIndexactivation";a:1:{s:5:"value";s:284:"3. Activation: As soon as both satisfactory forms are given to us and provided that your signatures match, we switch you for plays from 18 freely. Afterwards we immediately send you a confirmation email. Then you can quite simply order the USK 18 title comfortably about the web shop.";}s:25:"sIndexallpricesexcludevat";a:1:{s:5:"value";s:28:"* All prices exclude VAT and";}s:25:"sIndexandpossibledelivery";a:1:{s:5:"value";s:50:"and possibly shipping fees unless otherwise stated";}s:12:"sIndexappear";a:1:{s:5:"value";s:9:"Released:";}s:13:"sIndexarticle";a:1:{s:5:"value";s:10:"article(s)";}s:19:"sIndexarticlesfound";a:1:{s:5:"value";s:18:" article(s) found!";}s:24:"sIndexavailabledownloads";a:1:{s:5:"value";s:20:"Available downloads:";}s:16:"sIndexbacktohome";a:1:{s:5:"value";s:12:"back to home";}s:12:"sIndexbasket";a:1:{s:5:"value";s:16:"My shopping cart";}s:25:"sIndexcertifiedonlineshop";a:1:{s:5:"value";s:113:"Trusted Shops certified online shop with money-back guarantee. Click on the seal in order to verify the validity.";}s:26:"sIndexchangebillingaddress";a:1:{s:5:"value";s:22:"Change billing address";}s:27:"sIndexchangedeliveryaddress";a:1:{s:5:"value";s:23:"Change delivery address";}s:19:"sIndexchangepayment";a:1:{s:5:"value";s:24:"Change method of payment";}s:19:"sIndexclientaccount";a:1:{s:5:"value";s:16:"Customer account";}s:26:"sIndexcompareupto5articles";a:1:{s:5:"value";s:42:"You can compare up to 5 items in one step!";}s:15:"sIndexcopyright";a:1:{s:5:"value";s:51:"Copyright © 2008 shopware.ag - All rights reserved.";}s:11:"sIndexcover";a:1:{s:5:"value";s:6:"Cover:";}s:14:"sIndexcurrency";a:1:{s:5:"value";s:9:"Currency:";}s:14:"sIndexdownload";a:1:{s:5:"value";s:8:"Download";}s:13:"sIndexenglish";a:1:{s:5:"value";s:7:"English";}s:11:"sIndexextra";a:1:{s:5:"value";s:7:"Extras:";}s:28:"sIndexforreasonofinformation";a:1:{s:5:"value";s:477:"For reasons of information we display in our online shop also games which own no gift suitable for young people. However, there is a way for customers, who have already completed the eighteenth year,  to purchase these games. Now you can order with us also quite simply USK 18 games above the postal dispatch way. To fulfil the requirements of the protection of children and young people-sedate you must be personalised in addition simply by Postident. The way is quite simply:";}s:12:"sIndexfrench";a:1:{s:5:"value";s:6:"French";}s:10:"sIndexfrom";a:1:{s:5:"value";s:4:"from";}s:12:"sIndexgerman";a:1:{s:5:"value";s:6:"German";}s:11:"sIndexhello";a:1:{s:5:"value";s:5:"Hello";}s:10:"sIndexhome";a:1:{s:5:"value";s:4:"Home";}s:20:"sIndexhowcaniacquire";a:1:{s:5:"value";s:68:"How can i acquire the games which are restricted only from 18 years?";}s:14:"sIndexlanguage";a:1:{s:5:"value";s:9:"Language:";}s:12:"sIndexlogout";a:1:{s:5:"value";s:6:"Logout";}s:14:"sIndexmybasket";a:1:{s:5:"value";s:12:"Show my cart";}s:24:"sIndexmyinstantdownloads";a:1:{s:5:"value";s:20:"My instant downloads";}s:14:"sIndexmyorders";a:1:{s:5:"value";s:9:"My orders";}s:22:"sIndexnoagerestriction";a:1:{s:5:"value";s:23:"Without age restriction";}s:13:"sIndexnotepad";a:1:{s:5:"value";s:9:"Favorites";}s:18:"sIndexonthepicture";a:1:{s:5:"value";s:16:"On this picture:";}s:17:"sIndexordernumber";a:1:{s:5:"value";s:10:"Order no.:";}s:18:"sIndexourcommentto";a:1:{s:5:"value";s:13:"Our review on";}s:14:"sIndexoverview";a:1:{s:5:"value";s:8:"Overview";}s:16:"sIndexpagenumber";a:1:{s:5:"value";s:11:"Pagenumber:";}s:26:"sIndexpossiblydeliveryfees";a:1:{s:5:"value";s:50:"and possibly shipping fees unless otherwise stated";}s:15:"sIndexpostident";a:1:{s:5:"value";s:171:"2. POSTIDENT: The German post provides a POSTIDENT form in the confirmation of your majority. Please, sign this also. Then the German post sends both signed documents to .";}s:19:"sIndexpricesinclvat";a:1:{s:5:"value";s:27:"* All prices incl. VAT plus";}s:14:"sIndexprinting";a:1:{s:5:"value";s:6:"Print:";}s:25:"sIndexproductinformations";a:1:{s:5:"value";s:19:"Product information";}s:18:"sIndexrealizedwith";a:1:{s:5:"value";s:13:"realised with";}s:30:"sIndexrealizedwiththeshopsyste";a:1:{s:5:"value";s:57:"realized by shopware ag an the webshop-software Shopware ";}s:14:"sIndexreleased";a:1:{s:5:"value";s:19:"unrated (universal)";}s:25:"sIndexreleasedfrom12years";a:1:{s:5:"value";s:20:"Restricted 12 years+";}s:25:"sIndexreleasedfrom16years";a:1:{s:5:"value";s:20:"Restricted 16 years+";}s:25:"sIndexreleasedfrom18years";a:1:{s:5:"value";s:20:"Restricted 18 years+";}s:24:"sIndexreleasedfrom6years";a:1:{s:5:"value";s:19:"Restricted 6 years+";}s:12:"sIndexsearch";a:1:{s:5:"value";s:0:"";}s:14:"sIndexshipping";a:1:{s:5:"value";s:14:"Shipping rates";}s:14:"sIndexshopware";a:1:{s:5:"value";s:8:"Shopware";}s:17:"sIndexshownotepad";a:1:{s:5:"value";s:14:"Show favorites";}s:21:"sIndexsimilararticles";a:1:{s:5:"value";s:15:"Suggested Items";}s:10:"sIndexsite";a:1:{s:5:"value";s:4:"Page";}s:22:"sIndexsuitablearticles";a:1:{s:5:"value";s:16:"Suggested Items:";}s:27:"sIndexsystemrequirementsfor";a:1:{s:5:"value";s:22:"System requirement for";}s:8:"sIndexto";a:1:{s:5:"value";s:2:"To";}s:23:"sIndextrustedshopslabel";a:1:{s:5:"value";s:61:"Trusted shops stamp of quality - request validity check here!";}s:19:"sIndexviewmyaccount";a:1:{s:5:"value";s:16:"Visit my account";}s:19:"sIndexwelcometoyour";a:1:{s:5:"value";s:28:"and welcome to your personal";}s:10:"sIndexwere";a:1:{s:5:"value";s:4:"were";}s:16:"sIndexyouarehere";a:1:{s:5:"value";s:13:"You are here:";}s:19:"sIndexyouloadthepdf";a:1:{s:5:"value";s:222:"1. Load the PDF registration form in your customer area and print it out. Please, present this form together with your identity card or passport in a branch of the German post. Mark the appropriate field and sign the form.";}s:26:"sInfoEmailAlreadyRegiested";a:1:{s:5:"value";s:34:"You already receive our newsletter";}s:26:"sLoginalreadyhaveanaccount";a:1:{s:5:"value";s:25:"I am a returning customer";}s:15:"sLoginareyounew";a:1:{s:5:"value";s:27:"New customer? Start here at";}s:10:"sLoginback";a:1:{s:5:"value";s:4:"Back";}s:18:"sLogindealeraccess";a:1:{s:5:"value";s:16:"Reseller account";}s:11:"sLoginerror";a:1:{s:5:"value";s:22:"An error has occurred!";}s:24:"sLoginloginwithyouremail";a:1:{s:5:"value";s:50:"Please login using your eMail address and password";}s:18:"sLoginlostpassword";a:1:{s:5:"value";s:21:"Forgot your password?";}s:28:"sLoginlostpasswordhereyoucan";a:1:{s:5:"value";s:57:"Forgot your password? Here you can request a new password";}s:17:"sLoginnewcustomer";a:1:{s:5:"value";s:12:"New customer";}s:28:"sLoginnewpasswordhasbeensent";a:1:{s:5:"value";s:38:"Your new password has been sent to you";}s:15:"sLoginnoproblem";a:1:{s:5:"value";s:91:"No problem, ordering from us is easy and secure. The registration takes only a few moments.";}s:14:"sLoginpassword";a:1:{s:5:"value";s:14:"Your password:";}s:17:"sLoginregisternow";a:1:{s:5:"value";s:12:"Register now";}s:16:"sLoginstep1login";a:1:{s:5:"value";s:26:"Step1 - Login/Registration";}s:27:"sLoginwewillsendyouanewpass";a:1:{s:5:"value";s:94:"We will send you a new, randomly generated password. This can be changed in the customer area.";}s:21:"sLoginyouremailadress";a:1:{s:5:"value";s:19:"Your email address:";}s:27:"sOrderprocessacceptourterms";a:1:{s:5:"value";s:46:"Please accept our general terms and conditions";}s:19:"sOrderprocessamount";a:1:{s:5:"value";s:8:"Quantity";}s:20:"sOrderprocessarticle";a:1:{s:5:"value";s:7:"Article";}s:26:"sOrderprocessbillingadress";a:1:{s:5:"value";s:72:"You can change billing address, shipping address and payment method now.";}s:27:"sOrderprocessbillingadress1";a:1:{s:5:"value";s:15:"Billing address";}s:19:"sOrderprocesschange";a:1:{s:5:"value";s:6:"Change";}s:25:"sOrderprocesschangebasket";a:1:{s:5:"value";s:20:"Change shopping cart";}s:30:"sOrderprocesschangeyourpayment";a:1:{s:5:"value";s:122:"Please change your payment method. The purchase of instant downloads is currently not possible with your selected payment!";}s:22:"sOrderprocessclickhere";a:1:{s:5:"value";s:44:"Trusted Shops stamp of quality - click here.";}s:20:"sOrderprocesscomment";a:1:{s:5:"value";s:11:"Annotation:";}s:20:"sOrderprocesscompany";a:1:{s:5:"value";s:7:"Company";}s:28:"sOrderprocessdeliveryaddress";a:1:{s:5:"value";s:16:"Shipping address";}s:21:"sOrderprocessdispatch";a:1:{s:5:"value";s:16:"Shipping method:";}s:25:"sOrderprocessdoesnotreach";a:1:{s:5:"value";s:16:"not reached yet!";}s:28:"sOrderprocessenteradditional";a:1:{s:5:"value";s:57:"Please, give here additional information about your order";}s:30:"sOrderprocessforwardingexpense";a:1:{s:5:"value";s:15:"Shipping costs:";}s:25:"sOrderprocessforyourorder";a:1:{s:5:"value";s:28:"Thank you for your order at ";}s:17:"sOrderprocessfree";a:1:{s:5:"value";s:4:"FREE";}s:26:"sOrderprocessimportantinfo";a:1:{s:5:"value";s:45:"Important information to the shipping country";}s:30:"sOrderprocessinformationsabout";a:1:{s:5:"value";s:30:"Informations about your order:";}s:27:"sOrderprocessmakethepayment";a:1:{s:5:"value";s:15:"Please pay now:";}s:30:"sOrderprocessminimumordervalue";a:1:{s:5:"value";s:46:"Attention. You have the minimum order value of";}s:15:"sOrderprocessmr";a:1:{s:5:"value";s:2:"Mr";}s:15:"sOrderprocessms";a:1:{s:5:"value";s:2:"Ms";}s:21:"sOrderprocessnettotal";a:1:{s:5:"value";s:10:"Net total:";}s:24:"sOrderprocessordernumber";a:1:{s:5:"value";s:13:"Order number:";}s:30:"sOrderprocessperorderonevouche";a:1:{s:5:"value";s:41:"Per order max. one voucher can be cashed.";}s:24:"sOrderprocesspleasecheck";a:1:{s:5:"value";s:50:"Please, check your order again, before sending it.";}s:18:"sOrderprocessprice";a:1:{s:5:"value";s:5:"Price";}s:18:"sOrderprocessprint";a:1:{s:5:"value";s:5:"Print";}s:27:"sOrderprocessprintorderconf";a:1:{s:5:"value";s:33:"Print out order confirmation now!";}s:29:"sOrderprocessrecommendtoprint";a:1:{s:5:"value";s:55:"We recommend to print out the order confirmation below.";}s:23:"sOrderprocessrevocation";a:1:{s:5:"value";s:18:"Right of withdrawl";}s:26:"sOrderprocesssameappliesto";a:1:{s:5:"value";s:42:"The same applies to the selected articles.";}s:28:"sOrderprocessselectedpayment";a:1:{s:5:"value";s:22:"Choosen payment method";}s:30:"sOrderprocessspecifythetransfe";a:1:{s:5:"value";s:60:"Please, give by the referral the following intended purpose:";}s:25:"sOrderprocesstotalinclvat";a:1:{s:5:"value";s:16:"Total incl. VAT:";}s:23:"sOrderprocesstotalprice";a:1:{s:5:"value";s:5:"Total";}s:29:"sOrderprocesstransactionumber";a:1:{s:5:"value";s:19:"Transaction number:";}s:30:"sOrderprocesstrustedshopmember";a:1:{s:5:"value";s:155:"As a member of Trusted Shops, we offer a\n     additional money-back guarantee. We take all\n     Cost of this warranty, you only need to be\n     registered.";}s:26:"sOrderprocessvouchernumber";a:1:{s:5:"value";s:15:"Voucher number:";}s:27:"sOrderprocesswehaveprovided";a:1:{s:5:"value";s:48:"We have sent you an order confirmation by eMail.";}s:28:"sOrderprocessyourvouchercode";a:1:{s:5:"value";s:62:"Please, enter your voucher code here and click on the "arrow".";}s:21:"sPaymentaccountnumber";a:1:{s:5:"value";s:16:"Account number*:";}s:22:"sPaymentbankcodenumber";a:1:{s:5:"value";s:17:"Bank code number:";}s:28:"sPaymentchooseyourcreditcard";a:1:{s:5:"value";s:26:"Choose your credit card *:";}s:24:"sPaymentcreditcardnumber";a:1:{s:5:"value";s:26:"Your credit card number *:";}s:25:"sPaymentcurrentlyselected";a:1:{s:5:"value";s:18:"Currently selected";}s:26:"sPaymentcurrentlyselected1";a:1:{s:5:"value";s:18:"Currently Selected";}s:11:"sPaymentEsd";a:1:{s:5:"value";s:14:"online banking";}s:23:"sPaymentmarkedfieldsare";a:1:{s:5:"value";s:43:"Please fill in all required address fields.";}s:13:"sPaymentmonth";a:1:{s:5:"value";s:5:"Month";}s:24:"sPaymentnameofcardholder";a:1:{s:5:"value";s:20:"Name of cardholder*:";}s:16:"sPaymentshipping";a:1:{s:5:"value";s:25:"Shipping rates & policies";}s:18:"sPaymentvaliduntil";a:1:{s:5:"value";s:14:"Valid until *:";}s:12:"sPaymentyear";a:1:{s:5:"value";s:4:"Year";}s:16:"sPaymentyourbank";a:1:{s:5:"value";s:11:"Your Bank*:";}s:22:"sPaymentyourcreditcard";a:1:{s:5:"value";s:15:"Your creditcard";}s:19:"sRegisteraccessdata";a:1:{s:5:"value";s:10:"Your Login";}s:25:"sRegisterafterregistering";a:1:{s:5:"value";s:79:"Once your account is approved, you will see your reseller prices in this shop.\n";}s:30:"sRegisteralreadyhaveatraderacc";a:1:{s:5:"value";s:36:"You have already a reseller account?";}s:13:"sRegisterback";a:1:{s:5:"value";s:4:"Back";}s:18:"sRegisterbirthdate";a:1:{s:5:"value";s:10:"Birthdate:";}s:19:"sRegistercharacters";a:1:{s:5:"value";s:11:"Characters.";}s:19:"sRegistercityandzip";a:1:{s:5:"value";s:22:"Postal Code and City*:";}s:25:"sRegisterclickheretologin";a:1:{s:5:"value";s:20:"Click here to log in";}s:16:"sRegistercompany";a:1:{s:5:"value";s:8:"Company:";}s:22:"sRegisterconsiderupper";a:1:{s:5:"value";s:31:"Consider upper and lower case. ";}s:16:"sRegistercountry";a:1:{s:5:"value";s:9:"Country*:";}s:19:"sRegisterdepartment";a:1:{s:5:"value";s:11:"Department:";}s:29:"sRegisterenterdeliveryaddress";a:1:{s:5:"value";s:29:"Enter a delivery address here";}s:22:"sRegistererroroccurred";a:1:{s:5:"value";s:22:"An error has occurred!";}s:12:"sRegisterfax";a:1:{s:5:"value";s:4:"Fax:";}s:21:"sRegisterfieldsmarked";a:1:{s:5:"value";s:18:"* required fields.";}s:18:"sRegisterfirstname";a:1:{s:5:"value";s:13:"First name *:";}s:22:"sRegisterforavatexempt";a:1:{s:5:"value";s:89:"Enter a VAT number to remove tax for orders being delivered to a country outside the EU. ";}s:23:"sRegisterfreetextfields";a:1:{s:5:"value";s:44:"Additional Info: (for example: mobile phone)";}s:20:"sRegisterinthefuture";a:1:{s:5:"value";s:59:"Please set up your account so that you can see your orders.";}s:17:"sRegisterlastname";a:1:{s:5:"value";s:11:"Last name*:";}s:11:"sRegistermr";a:1:{s:5:"value";s:3:"Mr.";}s:11:"sRegisterms";a:1:{s:5:"value";s:3:"Ms.";}s:13:"sRegisternext";a:1:{s:5:"value";s:4:"Next";}s:26:"sRegisternocustomeraccount";a:1:{s:5:"value";s:30:"Do not open a customer account";}s:29:"sRegisteronthisfollowingpages";a:1:{s:5:"value";s:0:"";}s:14:"sRegisterphone";a:1:{s:5:"value";s:7:"Phone*:";}s:21:"sRegisterpleasechoose";a:1:{s:5:"value";s:14:"Please choose:";}s:21:"sRegisterpleaseselect";a:1:{s:5:"value";s:17:"Please choose...\n";}s:27:"sRegisterrepeatyourpassword";a:1:{s:5:"value";s:22:"Repeat your password*:";}s:19:"sRegisterrevocation";a:1:{s:5:"value";s:18:"Right of withdrawl";}s:13:"sRegistersave";a:1:{s:5:"value";s:4:"Save";}s:22:"sRegisterselectpayment";a:1:{s:5:"value";s:43:"Please choose your preferred payment method";}s:29:"sRegistersendusyourtradeproof";a:1:{s:5:"value";s:28:"Fax your VAT number to us at";}s:30:"sRegistersendusyourtradeproofb";a:1:{s:5:"value";s:151:"Send your VAT number by fax to +49 2555 99 75 0 99.\nIf you are already a registered re-seller, you can skip this part. You don´t have to send it again.";}s:25:"sRegisterseperatedelivery";a:1:{s:5:"value";s:50:"I would like to enter a different delivery address";}s:30:"sRegistershippingaddressdiffer";a:1:{s:5:"value";s:56:"Your shipping address differs from your billing address.";}s:24:"sRegisterstreetandnumber";a:1:{s:5:"value";s:16:"Street and No.*:";}s:28:"sRegistersubscribenewsletter";a:1:{s:5:"value";s:26:"Sign up for our newsletter";}s:14:"sRegistertitle";a:1:{s:5:"value";s:7:"Title*:";}s:27:"sRegistertraderregistration";a:1:{s:5:"value";s:21:"Reseller Registration";}s:14:"sRegistervatid";a:1:{s:5:"value";s:11:"VAT number:";}s:16:"sRegisterwecheck";a:1:{s:5:"value";s:49:"After verification your account will be approved.";}s:27:"sRegisterwecheckyouastrader";a:1:{s:5:"value";s:212:"After verification your account will be approved. After clearing you get informations per eMail.\nFrom now on, you´ll see your special reseller prices directly, displayed on the product-detail- and overview-pages.";}s:24:"sRegisteryouraccountdata";a:1:{s:5:"value";s:17:"Your billing data";}s:18:"sRegisteryouremail";a:1:{s:5:"value";s:20:"Your eMail-address*:";}s:21:"sRegisteryourpassword";a:1:{s:5:"value";s:15:"Your password*:";}s:27:"sRegisteryourpasswordatlast";a:1:{s:5:"value";s:33:"Your password needs a minimum of ";}s:19:"sSearchafterfilters";a:1:{s:5:"value";s:9:"by filter";}s:20:"sSearchallcategories";a:1:{s:5:"value";s:19:"Show all categories";}s:17:"sSearchallfilters";a:1:{s:5:"value";s:11:"All filters";}s:22:"sSearchallmanufacturer";a:1:{s:5:"value";s:17:"All Manufacturers";}s:16:"sSearchallprices";a:1:{s:5:"value";s:10:"All Prices";}s:20:"sSearcharticlesfound";a:1:{s:5:"value";s:18:" article(s) found!";}s:22:"sSearcharticlesperpage";a:1:{s:5:"value";s:18:"Articles per page:";}s:13:"sSearchbrowse";a:1:{s:5:"value";s:7:"Browse:";}s:21:"sSearchbymanufacturer";a:1:{s:5:"value";s:15:"by manufacturer";}s:14:"sSearchbyprice";a:1:{s:5:"value";s:8:"by price";}s:14:"sSearchelected";a:1:{s:5:"value";s:8:"Choosen:";}s:19:"sSearchhighestprice";a:1:{s:5:"value";s:13:"Highest price";}s:16:"sSearchitemtitle";a:1:{s:5:"value";s:19:"Article description";}s:18:"sSearchlowestprice";a:1:{s:5:"value";s:12:"Lowest price";}s:15:"sSearchnextpage";a:1:{s:5:"value";s:9:"Next page";}s:22:"sSearchnoarticlesfound";a:1:{s:5:"value";s:42:"Your search did not match to any articles!";}s:18:"sSearchonepageback";a:1:{s:5:"value";s:13:"One page back";}s:25:"sSearchothermanufacturers";a:1:{s:5:"value";s:20:"Other manufacturers:";}s:17:"sSearchpopularity";a:1:{s:5:"value";s:11:"Bestselling";}s:18:"sSearchreleasedate";a:1:{s:5:"value";s:12:"Release date";}s:16:"sSearchrelevance";a:1:{s:5:"value";s:9:"Relevance";}s:23:"sSearchsearchcategories";a:1:{s:5:"value";s:20:"Search by categories";}s:19:"sSearchsearchresult";a:1:{s:5:"value";s:16:"Search result(s)";}s:25:"sSearchsearchtermtooshort";a:1:{s:5:"value";s:37:"The entered search term is too short.";}s:14:"sSearchshowall";a:1:{s:5:"value";s:8:"Show all";}s:11:"sSearchsort";a:1:{s:5:"value";s:5:"Sort:";}s:9:"sSearchto";a:1:{s:5:"value";s:2:"to";}s:29:"sSearchunfortunatelytherewere";a:1:{s:5:"value";s:38:"unfortunately no entries were found to";}s:11:"sSearchwere";a:1:{s:5:"value";s:4:"were";}s:24:"sSupportallmanufacturers";a:1:{s:5:"value";s:22:"List all manufacturers";}s:22:"sSupportarticleperpage";a:1:{s:5:"value";s:18:"Articles per page:";}s:12:"sSupportback";a:1:{s:5:"value";s:4:"Back";}s:14:"sSupportbrowse";a:1:{s:5:"value";s:7:"Browse:";}s:23:"sSupportenterthenumbers";a:1:{s:5:"value";s:52:"Please enter the numbers into the following text box";}s:21:"sSupportentrynotfound";a:1:{s:5:"value";s:15:"No Entry found.";}s:24:"sSupportfieldsmarketwith";a:1:{s:5:"value";s:43:"Please fill in all required address fields.";}s:20:"sSupporthighestprice";a:1:{s:5:"value";s:13:"Highest price";}s:17:"sSupportitemtitle";a:1:{s:5:"value";s:19:"Article description";}s:19:"sSupportlowestprice";a:1:{s:5:"value";s:12:"Lowest price";}s:16:"sSupportnextpage";a:1:{s:5:"value";s:16:"One page forward";}s:19:"sSupportonepageback";a:1:{s:5:"value";s:13:"One page back";}s:18:"sSupportpopularity";a:1:{s:5:"value";s:11:"Bestselling";}s:19:"sSupportreleasedate";a:1:{s:5:"value";s:12:"Release date";}s:12:"sSupportsend";a:1:{s:5:"value";s:4:"Send";}s:12:"sSupportsort";a:1:{s:5:"value";s:8:"sort by:";}s:21:"sVoucherAlreadyCashed";a:1:{s:5:"value";s:53:"This voucher was already cashed with a previous order";}s:23:"sVoucherBoundToSupplier";a:1:{s:5:"value";s:56:"This voucher is valid only for products from {sSupplier}";}s:21:"sVoucherMinimumCharge";a:1:{s:5:"value";s:64:"The minimum turnover for this voucher amounts {sMinimumCharge} ?";}s:16:"sVoucherNotFound";a:1:{s:5:"value";s:51:"Voucher could not be found or is not valid any more";}s:23:"sVoucherOnlyOnePerOrder";a:1:{s:5:"value";s:40:"Per order only one voucher can be cashed";}s:26:"sVoucherWrongCustomergroup";a:1:{s:5:"value";s:52:"This coupon is not available for your customer group";}s:25:"sArticleinformationsabout";a:1:{s:5:"value";s:47:"Information about restricted 18 years+-articles";}s:27:"sArticlethevoucherautomatic";a:1:{s:5:"value";s:209:"* The voucher will be delivered automatically to you by eMail after registration and the first order of your friend. You have to be registered with the choosen email address in the shop to receive the voucher.";}s:18:"sBasketrecalculate";a:1:{s:5:"value";s:11:"Recalculate";}s:11:"sLoginlogin";a:1:{s:5:"value";s:5:"Login";}s:25:"sOrderprocesssendordernow";a:1:{s:5:"value";s:14:"Send order now";}s:28:"sOrderprocessforthemoneyback";a:1:{s:5:"value";s:41:"Registration for the money-back guarantee";}s:17:"sSearchcategories";a:1:{s:5:"value";s:11:"Categories:";}s:19:"sSearchmanufacturer";a:1:{s:5:"value";s:13:"Manufacturer:";}s:21:"sSearchshowallresults";a:1:{s:5:"value";s:16:"Show all results";}s:21:"sSearchnosearchengine";a:1:{s:5:"value";s:24:"No search engine support";}s:27:"sSupportfilloutallredfields";a:1:{s:5:"value";s:38:"Please fill out all red marked fields.";}s:12:"sArticlesend";a:1:{s:5:"value";s:4:"Send";}s:14:"sContact_right";a:1:{s:5:"value";s:72:"<strong>Demoshop<br />\n</strong><br />\nAdd your contact information here";}s:12:"sBankContact";a:1:{s:5:"value";s:71:"<strong>\nOur bank:\n</strong>\nVolksbank Musterstadt\nBIN:\nAccount number:";}s:11:"sArticleof1";a:1:{s:5:"value";s:2:"of";}s:25:"sBasketshippingdifference";a:1:{s:5:"value";s:49:"Order #1 #2 to get the whole order shipping free!";}s:19:"sRegister_advantage";a:1:{s:5:"value";s:218:"<h2>My advantages</h2>\n<ul>\n<li>faster shopping</li>\n<li>Save your user data and settings</li>\n<li>Have a look at your orders including shipping information</li>\n<li>Administrate your newsletter subscription</li>\n</ul>";}s:20:"sArticlePricePerUnit";a:1:{s:5:"value";s:14:"Price per unit";}s:18:"sArticleLastViewed";a:1:{s:5:"value";s:11:"Last viewed";}s:16:"sBasketLessStock";a:1:{s:5:"value";s:57:"Unfortunately there are not enough articles left in stock";}s:20:"sBasketLessStockRest";a:1:{s:5:"value";s:76:"Unfortunately there are not enough articles left in stock (x of y selctable)";}s:24:"sBasketPremiumDifference";a:1:{s:5:"value";s:36:"You almost reached this premium! Add";}s:19:"sAGBTextPaymentform";a:1:{s:5:"value";s:42:"I read the general terms and conditions...";}s:14:"sBasketInquiry";a:1:{s:5:"value";s:19:"Solicit a quotation";}s:21:"sArticleCompareDetail";a:1:{s:5:"value";s:15:"Compare article";}}', 1, 'en'),
(116, 'article', 'a:3:{s:10:"txtArtikel";s:15:"Pillow - Flower";s:19:"txtshortdescription";s:400:"Eo Opera Ora ullus Decolor, Caleo. Evolo cui patior, creptio quo debeo sus perspicax. Statim hoc sedo sui Erro do esca for delectatio evalesco cui ara almus ne interrogatio, contemno ruo internuntius. Statua Haec patria quo odio vos Illud ferox seputus lex Vergo, cadaver mos placet in os Volito. Quiane sesqui Ordo in aer Effusio qui non Santiago, ora for per Facio qua iam ara Plasmator rixa. Natu.";s:19:"txtlangbeschreibung";s:407:"<p>Eo Opera Ora ullus Decolor, Caleo. Evolo cui patior, creptio quo debeo sus perspicax. Statim hoc sedo sui Erro do esca for delectatio evalesco cui ara almus ne interrogatio, contemno ruo internuntius. Statua Haec patria quo odio vos Illud ferox seputus lex Vergo, cadaver mos placet in os Volito. Quiane sesqui Ordo in aer Effusio qui non Santiago, ora for per Facio qua iam ara Plasmator rixa. Natu.</p>";}', 222, '2'),
(118, 'article', 'a:1:{s:11:"txtpackunit";s:7:"Bottles";}', 122, '2'),
(121, 'propertygroup', 'a:1:{s:9:"groupName";s:6:"Brandy";}', 1, '2'),
(122, 'propertyoption', 'a:1:{s:10:"optionName";s:12:"Alcohol in %";}', 1, '2'),
(123, 'propertyoption', 'a:1:{s:10:"optionName";s:8:"Capacity";}', 2, '2'),
(124, 'propertyoption', 'a:1:{s:10:"optionName";s:5:"Color";}', 4, '2'),
(125, 'propertyoption', 'a:1:{s:10:"optionName";s:5:"Taste";}', 6, '2'),
(126, 'propertyoption', 'a:1:{s:10:"optionName";s:8:"Serve at";}', 7, '2'),
(127, 'propertyvalue', 'a:1:{s:11:"optionValue";s:4:"gold";}', 31, '2'),
(130, 'propertyvalue', 'a:1:{s:11:"optionValue";s:11:"transparent";}', 29, '2'),
(131, 'propertyvalue', 'a:1:{s:11:"optionValue";s:3:"red";}', 28, '2'),
(132, 'propertyvalue', 'a:1:{s:11:"optionValue";s:15:"chocolate brown";}', 41, '2'),
(133, 'propertyvalue', 'a:1:{s:11:"optionValue";s:6:"fruity";}', 34, '2'),
(134, 'propertyvalue', 'a:1:{s:11:"optionValue";s:4:"tart";}', 32, '2'),
(135, 'propertyvalue', 'a:1:{s:11:"optionValue";s:4:"mild";}', 33, '2'),
(136, 'propertyvalue', 'a:1:{s:11:"optionValue";s:6:"cooled";}', 35, '2'),
(137, 'propertyvalue', 'a:1:{s:11:"optionValue";s:16:"room temperature";}', 36, '2'),
(138, 'article', 'a:3:{s:10:"txtArtikel";s:23:"Emmelkamp elder liqueur";s:19:"txtlangbeschreibung";s:407:"<p>Ita si ardor laxe eu Cogo arx subaudio. Os, color attero, an. Hi inservio quatenus/quatinus, eu. Pax percunctor, ut. Me Mica. Ne, in plus neo pars ne navale quo Heniis varius, St. Iam vae ne inter Idem devenio parum accredo Neco nam byssus ales an Seu re is, mors vir incrementabiliter hio desisto Noxa chirographum eo, os, agon os nec lac enucleo his ile pes vos Suppellex, re. Vae libro corium Pul.</p>";s:11:"txtpackunit";s:7:"Bottles";}', 5, '2'),
(142, 'article', 'a:3:{s:10:"txtArtikel";s:10:"Oil Change";s:19:"txtshortdescription";s:125:"Ita si ardor laxe eu Cogo arx subaudio. Os, color attero, an. Hi inservio quatenus/quatinus, eu. Pax percunctor, ut. Me Mica.";s:19:"txtlangbeschreibung";s:407:"<p>Ita si ardor laxe eu Cogo arx subaudio. Os, color attero, an. Hi inservio quatenus/quatinus, eu. Pax percunctor, ut. Me Mica. Ne, in plus neo pars ne navale quo Heniis varius, St. Iam vae ne inter Idem devenio parum accredo Neco nam byssus ales an Seu re is, mors vir incrementabiliter hio desisto Noxa chirographum eo, os, agon os nec lac enucleo his ile pes vos Suppellex, re. Vae libro corium Pul.</p>";}', 43, '2'),
(143, 'article', 'a:2:{s:10:"txtArtikel";s:32:"Articles with email notification";s:19:"txtlangbeschreibung";s:154:"<p>With this special service, customers who have ordered an article that is out of stock, will be informed as soon as the article is available again. </p>";}', 243, '2'),
(144, 'article', 'a:1:{s:10:"txtArtikel";s:55:"Bonus article with shopping cart value of over 100 Euro";}', 247, '2'),
(145, 'article', 'a:2:{s:10:"txtArtikel";s:17:"Dart Steel Smiley";s:19:"txtlangbeschreibung";s:407:"<p>Ra Orexis. Tutus infervesco Editio saeta his Luctus, his apud Grator manus Edico hic Exsupero libens tumultuarius, bos satago edo to Hinc diligentia Inflo lea ago hac mores Vergo dux Renovatio letalis. No Declino vir excito utercumque Percutio surculus an pie magnificabiliter, tam fodio diurnitas contubernium re removeo Bos Ferme ora sufficientia, per edo mel mare ligamen misericordaliter Consepi.</p>";}', 242, '2'),
(148, 'article', 'a:1:{s:10:"txtArtikel";s:17:"Dart Steel Atomic";}', 241, '2'),
(149, 'article', 'a:1:{s:10:"txtArtikel";s:17:"Dart board Circle";}', 240, '2'),
(151, 'article', 'a:1:{s:10:"txtArtikel";s:28:"Dart machine standard device";}', 239, '2'),
(152, 'article', 'a:1:{s:10:"txtArtikel";s:16:"Beach bag Sailor";}', 238, '2'),
(153, 'article', 'a:1:{s:10:"txtArtikel";s:23:"Textile heart checkered";}', 237, '2'),
(154, 'article', 'a:2:{s:10:"txtArtikel";s:7:"Napkins";s:19:"txtlangbeschreibung";s:407:"<p>S aequor incrementabiliter res, inhumanitas enim ars ara Noxa tunc aqua refrigerium Formica suspicio misericordaliter aer impenetrabiilis, turpiter familiaritas hac concupiscentia, alias cattus obvolvo Northmanni huic. Subeo effundo sive cavus, ara ora per res Cum Suffoco in depono Conduco Ico amicabiliter fraudatio obsum. Humo to qui quin ne pes castellatim pertingo, leo te Subduco sol quaestuos.</p>";}', 236, '2'),
(156, 'article', 'a:2:{s:10:"txtArtikel";s:8:"Deco pot";s:19:"txtlangbeschreibung";s:406:"<p>Carectum, vos Genitus persto Expeto, discedo an usitas ferrugo, nisi illis me cogitatus. Per Per beo donum hac edo voro, ymo at gero garrio subicio. Ager texo Inglorius is, sino Usura, sol Secus. Pie Abeo lac amo quo praeoccupor voluntarius. Os levitas sed Penis fio ars luo latro no inaestimabilis. Modestia nitor utor at Fleo aversor. Do promissio perfusus Pinguis, generosus elabor dono cado his.</p>";}', 235, '2'),
(158, 'article', 'a:3:{s:10:"txtArtikel";s:30:"Deduction with payment methods";s:19:"txtshortdescription";s:68:"In Shopware, you can define deductions with certain payment methods.";s:19:"txtlangbeschreibung";s:75:"<p>In Shopware, you can define deductions with certain payment methods.</p>";}', 230, '2'),
(159, 'article', 'a:2:{s:10:"txtArtikel";s:14:"Magnets London";s:19:"txtlangbeschreibung";s:407:"<p>Eo at fama desudo se Unda, cum miro caries notarius voro corrigo Priscus, per jus promo fama profero Verto premo Palaestra mihi replico pax rudo baro conjux suus. Sem et lenis castra illa hostis cedo, ops hac quod, vel adsum abeo solito Inibi. Furibundus Se cupidus Noxa ut Cautus Plura hac res Gens Censeo, bos Os, dissemino hac vae ter Consonum nam lacrima increpo rogo. evoco tremo bene Corrumpo .</p>";}', 229, '2'),
(160, 'article', 'a:3:{s:10:"txtArtikel";s:33:"Payment methods & risk management";s:19:"txtshortdescription";s:75:"In Shopware, you have different opportunities to handle the risk management";s:19:"txtlangbeschreibung";s:268:"<p>In Shopware, you have different opportunities to handle the risk management. You can use them or other factors to define certain payment methods for certain customer groups.</p>\n<p>In this example, you are not offered the payment method "invoice" for instance".</p>";}', 228, '2'),
(161, 'article', 'a:3:{s:10:"txtArtikel";s:30:"Surcharge with payment methods";s:19:"txtshortdescription";s:67:"In Shopware, you can define surcharges with desired payment methods";s:19:"txtlangbeschreibung";s:165:"<p>In Shopware, you can define surcharges with desired payment methods. In this example we defined a surcharge of 5&nbsp; &euro; for the payment method "invoice"</p>";}', 227, '2'),
(163, 'article', 'a:3:{s:10:"txtArtikel";s:24:"Alternate shipping costs";s:19:"txtshortdescription";s:80:"This shipping type ramifies in case the standard shipping type is not available.";s:19:"txtlangbeschreibung";s:87:"<p>This shipping type ramifies in case the standard shipping type is not available.</p>";}', 223, '2'),
(164, 'article', 'a:3:{s:10:"txtArtikel";s:16:"Deco pillow Bird";s:19:"txtshortdescription";s:105:"In hac alibi Pario nutus, Distinguo Barbare opto recidivus, iam tot do ruo volatilis Solito incompositus ";s:19:"txtlangbeschreibung";s:407:"<p>In hac alibi Pario nutus, Distinguo Barbare opto recidivus, iam tot do ruo volatilis Solito incompositus perimo quicquid tergiversatio ops labruscum Trutino, studium superstes in parcus intorqueo eo. Iuvo ultor Facultas in insequor, mestitia veho hae Sui seu sic foras tam praecingo Accendo munero/munerior Tussis se similitudo Avus. Indigus per tumultus Terrenus iam Tam regno re pratum crystallinu.</p>";}', 225, '2'),
(165, 'article', 'a:3:{s:10:"txtArtikel";s:22:"Shipping costs options";s:19:"txtshortdescription";s:71:"Check out various configurations concerning the shipping costs setting.";s:19:"txtlangbeschreibung";s:283:"<p>Check out various configurations concerning the shipping costs setting.</p>\n<p>Define standard shipping types, alternate shipping types, surcharge shipping types and more.</p>\n<p>You can also define shipping costs for weight, price, amot of articles and your own calculations.</p>";}', 221, '2'),
(166, 'article', 'a:3:{s:10:"txtArtikel";s:30:"Article free of shipping costs";s:19:"txtshortdescription";s:165:"You have the opportunity to ship an article free of shipping costs. All you have to do is selecting the field "free of shipping costs" in the article data overview. ";s:19:"txtlangbeschreibung";s:237:"<p>You have the opportunity to ship an article free of shipping costs. All you have to do is selecting the field "free of shipping costs" in the article data overview.</p>\n<p>Add this article to you shopping cart an watch the result.</p>";}', 220, '2'),
(167, 'article', 'a:3:{s:10:"txtArtikel";s:16:"Express shipping";s:19:"txtshortdescription";s:130:"In Shopware , you have the opportunity to ship an article via express. This way, of cource, the customer is charged a higher fee. ";s:19:"txtlangbeschreibung";s:240:"<p>In Shopware , you have the opportunity to ship an article via express. This way, of cource, the customer is charged a higher fee.</p>\n<p>To do so, you can choose between "normal" and "express" during the checkout process.<br /><br /></p>";}', 219, '2'),
(168, 'article', 'a:2:{s:19:"txtshortdescription";s:119:"Ichilominus Fultus ordior, ora Sterilis qua Se sum cum Conspicio sed Eo at ver oportet, filia cedo comprehendo baccatus";s:19:"txtlangbeschreibung";s:407:"<p>Ichilominus Fultus ordior, ora Sterilis qua Se sum cum Conspicio sed Eo at ver oportet, filia cedo comprehendo baccatus. Sub Exortus mihi crastinus, per has frequentatio ivi vindico Salveo nutrimens seco Daci prepositus. Ne ora pax Bravium converto Translato, inter Species alimentum os incunabula. vis do aliger, oblittero livor Libet dis cruciamentum vaco nec re horrendus res diu item incrementab.</p>";}', 218, '2'),
(169, 'article', 'a:3:{s:10:"txtArtikel";s:10:"Surf board";s:19:"txtshortdescription";s:148:"Enego Do Loci his simul creta humilitas, Excello, se, sis ne fere Amotio turba excedo se res domito Villa, in, fundo novem, per qua tam Acer cornu. ";s:19:"txtlangbeschreibung";s:407:"<p>Enego Do Loci his simul creta humilitas, Excello, se, sis ne fere Amotio turba excedo se res domito Villa, in, fundo novem, per qua tam Acer cornu. Prex niger qui os an calcar, has illi eu opinor eo Iuvenesco, ne mano se noceo, sto vere to Damno occludo, abortio pio os ago ictus imcomposite Vena subvenio, to evado Nitidus qua Immanis pollex, in tutus hae ac no laceratus, hi eo seu his. Laxo se fu.</p>";}', 213, '2'),
(170, 'article', 'a:3:{s:10:"txtArtikel";s:55:"Bonus article with shopping cart value of over 250 Euro";s:19:"txtshortdescription";s:122:"Your customers can either buy this article or get it as a free bonus article from a shopping cart value of over 250 Euros.";s:19:"txtlangbeschreibung";s:225:"<p>Your customers can either buy this article or get it as a free bonus article from a shopping cart value of over 250 Euro.</p>\n<p>This function needs to be activated in your backend under Configuration --&gt; Frontend</p>";}', 211, '2'),
(172, 'article', 'a:3:{s:10:"txtArtikel";s:54:"Bonus article with shopping cart value of over 50 Euro";s:19:"txtshortdescription";s:122:"Your customers can either buy this article or get it as a free bonus article from a shopping cart value of over 250 Euros.";s:19:"txtlangbeschreibung";s:224:"<p>Your customers can either buy this article or get it as a free bonus article from a shopping cart value of over 50 Euro.</p>\n<p>This function needs to be activated in your backend under Configuration --&gt; Frontend</p>";}', 210, '2'),
(174, 'article', 'a:3:{s:10:"txtArtikel";s:16:"Graduated prices";s:19:"txtshortdescription";s:99:"Graduated prices offer the opportunity to claim different prices for different purchase quantities.";s:19:"txtlangbeschreibung";s:106:"<p>Graduated prices offer the opportunity to claim different prices for different purchase quantities.</p>";}', 209, '2'),
(175, 'article', 'a:3:{s:10:"txtArtikel";s:12:"Pseudo price";s:19:"txtshortdescription";s:164:"The pseudo price appears small and crossed out above the actual price of the article. You can easily manage this function in the backend while creating an article. ";s:19:"txtlangbeschreibung";s:184:"<p>The pseudo price appears small and crossed out above the actual price of the article. You can easily manage this function in the backend while creating an article.</p>\n<p>&nbsp;</p>";}', 208, '2'),
(179, 'article', 'a:3:{s:10:"txtArtikel";s:45:"Graduated prices, min./max. purchase quantity";s:19:"txtshortdescription";s:92:"You can define min. and max purchase quantities already in the standard version of Shopware.";s:19:"txtlangbeschreibung";s:99:"<p>You can define min. and max purchase quantities already in the standard version of Shopware.</p>";}', 207, '2'),
(181, 'article', 'a:3:{s:10:"txtArtikel";s:36:"Article with basic price calculation";s:19:"txtshortdescription";s:77:"You can define the basic article price for every article and everey category.";s:19:"txtlangbeschreibung";s:84:"<p>You can define the basic article price for every article and everey category.</p>";}', 206, '2'),
(182, 'article', 'a:3:{s:10:"txtArtikel";s:35:"Article with surcharge configurator";s:19:"txtshortdescription";s:83:"The connection between configurator and accessory function offers new opportunities";s:19:"txtlangbeschreibung";s:212:"<p>The connection between configurator and accessory function offers new opportunities. Your customers can put together their own articles and add their creation to the shopping cart with a single mouseclick.</p>";}', 205, '2'),
(184, 'article', 'a:3:{s:10:"txtArtikel";s:31:"Article with table configurator";s:19:"txtshortdescription";s:163:"With this configurator variant, your customer gets displayed the selecting opportunities in a table. This way, he can see, which options he has and what they cost.";s:19:"txtlangbeschreibung";s:170:"<p>With this configurator variant, your customer gets displayed the selecting opportunities in a table. This way, he can see, which options he has and what they cost.</p>";}', 204, '2'),
(185, 'article', 'a:3:{s:10:"txtArtikel";s:32:"Article with choice configurator";s:19:"txtshortdescription";s:111:"In contrast to the standard configurator, the order of the choice configurator has to be executed step by step.";s:19:"txtlangbeschreibung";s:264:"<p>In contrast to the standard configurator, the order of the choice configurator has to be executed step by step. Having made the first selection, the second box will be activated. Only after filling out the last box, the shopping cart button becomes visible.</p>";}', 203, '2'),
(187, 'article', 'a:3:{s:10:"txtArtikel";s:34:"Article with standard configurator";s:19:"txtshortdescription";s:192:"The standard configurator offers the opportunity, to selct the desired constellation, without following a certain order. All groups can be selected by customers with the corresponding options.";s:19:"txtlangbeschreibung";s:199:"<p>The standard configurator offers the opportunity, to selct the desired constellation, without following a certain order. All groups can be selected by customers with the corresponding options.</p>";}', 202, '2'),
(188, 'article', 'a:3:{s:10:"txtArtikel";s:24:"Highlighted presentation";s:19:"txtshortdescription";s:124:"This option allows you to mark articles in the storefront in a better way. As standard, these articles are created as "Tip".";s:19:"txtlangbeschreibung";s:177:"<p><span>This option allows you to mark articles in the storefront in a better way. As standard, these articles are created as "Tip".<br /></span></p>\n<p><span>&nbsp;</span></p>";}', 201, '2'),
(189, 'article', 'a:3:{s:10:"txtArtikel";s:19:"Article marking NEW";s:19:"txtshortdescription";s:81:"Depending on the setting, newly created articles can carry the description "NEW".";s:19:"txtlangbeschreibung";s:88:"<p>Depending on the setting, newly created articles can carry the description "NEW".</p>";}', 200, '2'),
(190, 'article', 'a:3:{s:10:"txtArtikel";s:25:"Article in clearance sale";s:19:"txtshortdescription";s:76:"With the clearance sale function you can sale articles with a certain stock.";s:19:"txtlangbeschreibung";s:83:"<p>With the clearance sale function you can sale articles with a certain stock.</p>";}', 199, '2'),
(192, 'article', 'a:3:{s:10:"txtArtikel";s:24:"Articles with evaluation";s:19:"txtshortdescription";s:123:"Using the evaluation function, you can use your customers as a reference by letting the evaluate the articles in your shop.";s:19:"txtlangbeschreibung";s:130:"<p>Using the evaluation function, you can use your customers as a reference by letting the evaluate the articles in your shop.</p>";}', 198, '2'),
(193, 'article', 'a:3:{s:10:"txtArtikel";s:20:"ESD download article";s:19:"txtshortdescription";s:80:"Electronic Software Distribution (ESD) helps you selling pure software products.";s:19:"txtlangbeschreibung";s:87:"<p>Electronic Software Distribution (ESD) helps you selling pure software products.</p>";}', 197, '2'),
(194, 'article', 'a:2:{s:10:"txtArtikel";s:30:"Articles with similar products";s:19:"txtlangbeschreibung";s:99:"<p>Not only accessories, but also similar products can be displayed on the article detail page.</p>";}', 196, '2'),
(195, 'article', 'a:3:{s:10:"txtArtikel";s:25:"Articles with accessories";s:19:"txtshortdescription";s:70:"Define, which articles are displayed as accessories with your article.";s:19:"txtlangbeschreibung";s:77:"<p>Define, which articles are displayed as accessories with your article.</p>";}', 194, '2'),
(196, 'article', 'a:3:{s:10:"txtArtikel";s:12:"Suitcase set";s:19:"txtshortdescription";s:142:"S. Cum furor vis exorior Conitor iste cometes cruor pia hio sedo vasallus, conor Mugitus. adfero eo Bene, res facio seco dedo vix infirmus Bos";s:19:"txtlangbeschreibung";s:407:"<p>S. Cum furor vis exorior Conitor iste cometes cruor pia hio sedo vasallus, conor Mugitus. adfero eo Bene, res facio seco dedo vix infirmus Bos nolo ausus diu farratus, palus auctor intuitus Decimus mugio terra Impleo fames Litis praetermissio. Os nec Fastidio, tot Laudunum uter lac do sed abhorreo Cognatio Inde se mos at, his Fidelis, talio mensa ops ut tam varius, at. Falx Os, iuratus in Labefac.</p>";}', 181, '2'),
(197, 'article', 'a:2:{s:10:"txtArtikel";s:28:"Beach towel Stripes for Kids";s:19:"txtlangbeschreibung";s:407:"<p>Ita si ardor laxe eu Cogo arx subaudio. Os, color attero, an. Hi inservio quatenus/quatinus, eu. Pax percunctor, ut. Me Mica. Ne, in plus neo pars ne navale quo Heniis varius, St. Iam vae ne inter Idem devenio parum accredo Neco nam byssus ales an Seu re is, mors vir incrementabiliter hio desisto Noxa chirographum eo, os, agon os nec lac enucleo his ile pes vos Suppellex, re. Vae libro corium Pul.</p>";}', 177, '2'),
(199, 'article', 'a:2:{s:10:"txtArtikel";s:23:"Sun cream Sunblocker 50";s:19:"txtlangbeschreibung";s:407:"<p>Ita si ardor laxe eu Cogo arx subaudio. Os, color attero, an. Hi inservio quatenus/quatinus, eu. Pax percunctor, ut. Me Mica. Ne, in plus neo pars ne navale quo Heniis varius, St. Iam vae ne inter Idem devenio parum accredo Neco nam byssus ales an Seu re is, mors vir incrementabiliter hio desisto Noxa chirographum eo, os, agon os nec lac enucleo his ile pes vos Suppellex, re. Vae libro corium Pul.</p>";}', 172, '2'),
(200, 'article', 'a:2:{s:10:"txtArtikel";s:15:"Sun glass "Red"";s:19:"txtlangbeschreibung";s:407:"<p>Ita si ardor laxe eu Cogo arx subaudio. Os, color attero, an. Hi inservio quatenus/quatinus, eu. Pax percunctor, ut. Me Mica. Ne, in plus neo pars ne navale quo Heniis varius, St. Iam vae ne inter Idem devenio parum accredo Neco nam byssus ales an Seu re is, mors vir incrementabiliter hio desisto Noxa chirographum eo, os, agon os nec lac enucleo his ile pes vos Suppellex, re. Vae libro corium Pul.</p>";}', 170, '2'),
(201, 'article', 'a:2:{s:10:"txtArtikel";s:17:"Sunglass Big Eyes";s:19:"txtlangbeschreibung";s:407:"<p>Ita si ardor laxe eu Cogo arx subaudio. Os, color attero, an. Hi inservio quatenus/quatinus, eu. Pax percunctor, ut. Me Mica. Ne, in plus neo pars ne navale quo Heniis varius, St. Iam vae ne inter Idem devenio parum accredo Neco nam byssus ales an Seu re is, mors vir incrementabiliter hio desisto Noxa chirographum eo, os, agon os nec lac enucleo his ile pes vos Suppellex, re. Vae libro corium Pul.</p>";}', 166, '2'),
(202, 'article', 'a:2:{s:10:"txtArtikel";s:25:"Summer sandals ocean blue";s:19:"txtlangbeschreibung";s:407:"<p>Ita si ardor laxe eu Cogo arx subaudio. Os, color attero, an. Hi inservio quatenus/quatinus, eu. Pax percunctor, ut. Me Mica. Ne, in plus neo pars ne navale quo Heniis varius, St. Iam vae ne inter Idem devenio parum accredo Neco nam byssus ales an Seu re is, mors vir incrementabiliter hio desisto Noxa chirographum eo, os, agon os nec lac enucleo his ile pes vos Suppellex, re. Vae libro corium Pul.</p>";}', 160, '2'),
(203, 'article', 'a:2:{s:10:"txtArtikel";s:28:"Hat Women with UV protection";s:19:"txtlangbeschreibung";s:407:"<p>Ita si ardor laxe eu Cogo arx subaudio. Os, color attero, an. Hi inservio quatenus/quatinus, eu. Pax percunctor, ut. Me Mica. Ne, in plus neo pars ne navale quo Heniis varius, St. Iam vae ne inter Idem devenio parum accredo Neco nam byssus ales an Seu re is, mors vir incrementabiliter hio desisto Noxa chirographum eo, os, agon os nec lac enucleo his ile pes vos Suppellex, re. Vae libro corium Pul.</p>";}', 159, '2'),
(204, 'article', 'a:2:{s:10:"txtArtikel";s:29:"Panama Hat with UV protection";s:19:"txtlangbeschreibung";s:407:"<p>Ita si ardor laxe eu Cogo arx subaudio. Os, color attero, an. Hi inservio quatenus/quatinus, eu. Pax percunctor, ut. Me Mica. Ne, in plus neo pars ne navale quo Heniis varius, St. Iam vae ne inter Idem devenio parum accredo Neco nam byssus ales an Seu re is, mors vir incrementabiliter hio desisto Noxa chirographum eo, os, agon os nec lac enucleo his ile pes vos Suppellex, re. Vae libro corium Pul.</p>";}', 157, '2'),
(205, 'article', 'a:2:{s:10:"txtArtikel";s:39:"Flip Flops, available in several colors";s:19:"txtlangbeschreibung";s:407:"<p>Ita si ardor laxe eu Cogo arx subaudio. Os, color attero, an. Hi inservio quatenus/quatinus, eu. Pax percunctor, ut. Me Mica. Ne, in plus neo pars ne navale quo Heniis varius, St. Iam vae ne inter Idem devenio parum accredo Neco nam byssus ales an Seu re is, mors vir incrementabiliter hio desisto Noxa chirographum eo, os, agon os nec lac enucleo his ile pes vos Suppellex, re. Vae libro corium Pul.</p>";}', 153, '2'),
(206, 'article', 'a:2:{s:10:"txtArtikel";s:21:"Bag Gladstone leather";s:19:"txtlangbeschreibung";s:407:"<p>Ita si ardor laxe eu Cogo arx subaudio. Os, color attero, an. Hi inservio quatenus/quatinus, eu. Pax percunctor, ut. Me Mica. Ne, in plus neo pars ne navale quo Heniis varius, St. Iam vae ne inter Idem devenio parum accredo Neco nam byssus ales an Seu re is, mors vir incrementabiliter hio desisto Noxa chirographum eo, os, agon os nec lac enucleo his ile pes vos Suppellex, re. Vae libro corium Pul.</p>";}', 148, '2'),
(207, 'article', 'a:2:{s:10:"txtArtikel";s:18:"Cap vintage driver";s:19:"txtlangbeschreibung";s:407:"<p>Ita si ardor laxe eu Cogo arx subaudio. Os, color attero, an. Hi inservio quatenus/quatinus, eu. Pax percunctor, ut. Me Mica. Ne, in plus neo pars ne navale quo Heniis varius, St. Iam vae ne inter Idem devenio parum accredo Neco nam byssus ales an Seu re is, mors vir incrementabiliter hio desisto Noxa chirographum eo, os, agon os nec lac enucleo his ile pes vos Suppellex, re. Vae libro corium Pul.</p>";}', 145, '2'),
(208, 'article', 'a:2:{s:10:"txtArtikel";s:19:"Navigator Cap black";s:19:"txtlangbeschreibung";s:407:"<p>Ita si ardor laxe eu Cogo arx subaudio. Os, color attero, an. Hi inservio quatenus/quatinus, eu. Pax percunctor, ut. Me Mica. Ne, in plus neo pars ne navale quo Heniis varius, St. Iam vae ne inter Idem devenio parum accredo Neco nam byssus ales an Seu re is, mors vir incrementabiliter hio desisto Noxa chirographum eo, os, agon os nec lac enucleo his ile pes vos Suppellex, re. Vae libro corium Pul.</p>";}', 144, '2'),
(209, 'article', 'a:2:{s:10:"txtArtikel";s:27:"Navigator leather cap brown";s:19:"txtlangbeschreibung";s:407:"<p>Ita si ardor laxe eu Cogo arx subaudio. Os, color attero, an. Hi inservio quatenus/quatinus, eu. Pax percunctor, ut. Me Mica. Ne, in plus neo pars ne navale quo Heniis varius, St. Iam vae ne inter Idem devenio parum accredo Neco nam byssus ales an Seu re is, mors vir incrementabiliter hio desisto Noxa chirographum eo, os, agon os nec lac enucleo his ile pes vos Suppellex, re. Vae libro corium Pul.</p>";}', 143, '2'),
(210, 'article', 'a:2:{s:10:"txtArtikel";s:15:"Driver''s gloves";s:19:"txtlangbeschreibung";s:407:"<p>Ita si ardor laxe eu Cogo arx subaudio. Os, color attero, an. Hi inservio quatenus/quatinus, eu. Pax percunctor, ut. Me Mica. Ne, in plus neo pars ne navale quo Heniis varius, St. Iam vae ne inter Idem devenio parum accredo Neco nam byssus ales an Seu re is, mors vir incrementabiliter hio desisto Noxa chirographum eo, os, agon os nec lac enucleo his ile pes vos Suppellex, re. Vae libro corium Pul.</p>";}', 142, '2'),
(211, 'article', 'a:2:{s:10:"txtArtikel";s:25:"Umbrella Sombrano, 350 cm";s:19:"txtlangbeschreibung";s:407:"<p>Ita si ardor laxe eu Cogo arx subaudio. Os, color attero, an. Hi inservio quatenus/quatinus, eu. Pax percunctor, ut. Me Mica. Ne, in plus neo pars ne navale quo Heniis varius, St. Iam vae ne inter Idem devenio parum accredo Neco nam byssus ales an Seu re is, mors vir incrementabiliter hio desisto Noxa chirographum eo, os, agon os nec lac enucleo his ile pes vos Suppellex, re. Vae libro corium Pul.</p>";}', 131, '2'),
(213, 'article', 'a:2:{s:10:"txtArtikel";s:24:"Umbrella Fortino, 270 cm";s:19:"txtlangbeschreibung";s:407:"<p>Ita si ardor laxe eu Cogo arx subaudio. Os, color attero, an. Hi inservio quatenus/quatinus, eu. Pax percunctor, ut. Me Mica. Ne, in plus neo pars ne navale quo Heniis varius, St. Iam vae ne inter Idem devenio parum accredo Neco nam byssus ales an Seu re is, mors vir incrementabiliter hio desisto Noxa chirographum eo, os, agon os nec lac enucleo his ile pes vos Suppellex, re. Vae libro corium Pul.</p>";}', 129, '2'),
(215, 'article', 'a:2:{s:10:"txtArtikel";s:30:"Juniper premium extra mild 32%";s:19:"txtlangbeschreibung";s:407:"<p>Ita si ardor laxe eu Cogo arx subaudio. Os, color attero, an. Hi inservio quatenus/quatinus, eu. Pax percunctor, ut. Me Mica. Ne, in plus neo pars ne navale quo Heniis varius, St. Iam vae ne inter Idem devenio parum accredo Neco nam byssus ales an Seu re is, mors vir incrementabiliter hio desisto Noxa chirographum eo, os, agon os nec lac enucleo his ile pes vos Suppellex, re. Vae libro corium Pul.</p>";}', 7, '2'),
(216, 'article', 'a:2:{s:10:"txtArtikel";s:19:"Kicker goal counter";s:19:"txtlangbeschreibung";s:407:"<p>Ita si ardor laxe eu Cogo arx subaudio. Os, color attero, an. Hi inservio quatenus/quatinus, eu. Pax percunctor, ut. Me Mica. Ne, in plus neo pars ne navale quo Heniis varius, St. Iam vae ne inter Idem devenio parum accredo Neco nam byssus ales an Seu re is, mors vir incrementabiliter hio desisto Noxa chirographum eo, os, agon os nec lac enucleo his ile pes vos Suppellex, re. Vae libro corium Pul.</p>";}', 118, '2'),
(217, 'article', 'a:2:{s:10:"txtArtikel";s:37:"Kicker champ, individually changeable";s:19:"txtlangbeschreibung";s:407:"<p>Ita si ardor laxe eu Cogo arx subaudio. Os, color attero, an. Hi inservio quatenus/quatinus, eu. Pax percunctor, ut. Me Mica. Ne, in plus neo pars ne navale quo Heniis varius, St. Iam vae ne inter Idem devenio parum accredo Neco nam byssus ales an Seu re is, mors vir incrementabiliter hio desisto Noxa chirographum eo, os, agon os nec lac enucleo his ile pes vos Suppellex, re. Vae libro corium Pul.</p>";}', 116, '2'),
(218, 'article', 'a:2:{s:10:"txtArtikel";s:11:"Bag Feed me";s:19:"txtlangbeschreibung";s:407:"<p>Ita si ardor laxe eu Cogo arx subaudio. Os, color attero, an. Hi inservio quatenus/quatinus, eu. Pax percunctor, ut. Me Mica. Ne, in plus neo pars ne navale quo Heniis varius, St. Iam vae ne inter Idem devenio parum accredo Neco nam byssus ales an Seu re is, mors vir incrementabiliter hio desisto Noxa chirographum eo, os, agon os nec lac enucleo his ile pes vos Suppellex, re. Vae libro corium Pul.</p>";}', 110, '2'),
(219, 'article', 'a:2:{s:10:"txtArtikel";s:14:"Suitcase small";s:19:"txtlangbeschreibung";s:407:"<p>Ita si ardor laxe eu Cogo arx subaudio. Os, color attero, an. Hi inservio quatenus/quatinus, eu. Pax percunctor, ut. Me Mica. Ne, in plus neo pars ne navale quo Heniis varius, St. Iam vae ne inter Idem devenio parum accredo Neco nam byssus ales an Seu re is, mors vir incrementabiliter hio desisto Noxa chirographum eo, os, agon os nec lac enucleo his ile pes vos Suppellex, re. Vae libro corium Pul.</p>";}', 104, '2'),
(220, 'article', 'a:2:{s:10:"txtArtikel";s:20:"iPad bag with pencil";s:19:"txtlangbeschreibung";s:407:"<p>Ita si ardor laxe eu Cogo arx subaudio. Os, color attero, an. Hi inservio quatenus/quatinus, eu. Pax percunctor, ut. Me Mica. Ne, in plus neo pars ne navale quo Heniis varius, St. Iam vae ne inter Idem devenio parum accredo Neco nam byssus ales an Seu re is, mors vir incrementabiliter hio desisto Noxa chirographum eo, os, agon os nec lac enucleo his ile pes vos Suppellex, re. Vae libro corium Pul.</p>";}', 102, '2'),
(221, 'article', 'a:2:{s:10:"txtArtikel";s:14:"Swatter yellow";s:19:"txtlangbeschreibung";s:407:"<p>Ita si ardor laxe eu Cogo arx subaudio. Os, color attero, an. Hi inservio quatenus/quatinus, eu. Pax percunctor, ut. Me Mica. Ne, in plus neo pars ne navale quo Heniis varius, St. Iam vae ne inter Idem devenio parum accredo Neco nam byssus ales an Seu re is, mors vir incrementabiliter hio desisto Noxa chirographum eo, os, agon os nec lac enucleo his ile pes vos Suppellex, re. Vae libro corium Pul.</p>";}', 101, '2'),
(222, 'article', 'a:2:{s:10:"txtArtikel";s:19:"Plate Style chicken";s:19:"txtlangbeschreibung";s:407:"<p>Ita si ardor laxe eu Cogo arx subaudio. Os, color attero, an. Hi inservio quatenus/quatinus, eu. Pax percunctor, ut. Me Mica. Ne, in plus neo pars ne navale quo Heniis varius, St. Iam vae ne inter Idem devenio parum accredo Neco nam byssus ales an Seu re is, mors vir incrementabiliter hio desisto Noxa chirographum eo, os, agon os nec lac enucleo his ile pes vos Suppellex, re. Vae libro corium Pul.</p>";}', 90, '2'),
(223, 'article', 'a:2:{s:10:"txtArtikel";s:19:"Baking set, 3 parts";s:19:"txtlangbeschreibung";s:407:"<p>Ita si ardor laxe eu Cogo arx subaudio. Os, color attero, an. Hi inservio quatenus/quatinus, eu. Pax percunctor, ut. Me Mica. Ne, in plus neo pars ne navale quo Heniis varius, St. Iam vae ne inter Idem devenio parum accredo Neco nam byssus ales an Seu re is, mors vir incrementabiliter hio desisto Noxa chirographum eo, os, agon os nec lac enucleo his ile pes vos Suppellex, re. Vae libro corium Pul.</p>";}', 83, '2'),
(224, 'article', 'a:2:{s:10:"txtArtikel";s:15:"Baking tin pink";s:19:"txtlangbeschreibung";s:407:"<p>Ita si ardor laxe eu Cogo arx subaudio. Os, color attero, an. Hi inservio quatenus/quatinus, eu. Pax percunctor, ut. Me Mica. Ne, in plus neo pars ne navale quo Heniis varius, St. Iam vae ne inter Idem devenio parum accredo Neco nam byssus ales an Seu re is, mors vir incrementabiliter hio desisto Noxa chirographum eo, os, agon os nec lac enucleo his ile pes vos Suppellex, re. Vae libro corium Pul.</p>";}', 81, '2'),
(225, 'article', 'a:2:{s:10:"txtArtikel";s:13:"Clock antique";s:19:"txtlangbeschreibung";s:407:"<p>Ita si ardor laxe eu Cogo arx subaudio. Os, color attero, an. Hi inservio quatenus/quatinus, eu. Pax percunctor, ut. Me Mica. Ne, in plus neo pars ne navale quo Heniis varius, St. Iam vae ne inter Idem devenio parum accredo Neco nam byssus ales an Seu re is, mors vir incrementabiliter hio desisto Noxa chirographum eo, os, agon os nec lac enucleo his ile pes vos Suppellex, re. Vae libro corium Pul.</p>";}', 78, '2'),
(226, 'article', 'a:2:{s:10:"txtArtikel";s:17:"Couch table white";s:19:"txtlangbeschreibung";s:407:"<p>Ita si ardor laxe eu Cogo arx subaudio. Os, color attero, an. Hi inservio quatenus/quatinus, eu. Pax percunctor, ut. Me Mica. Ne, in plus neo pars ne navale quo Heniis varius, St. Iam vae ne inter Idem devenio parum accredo Neco nam byssus ales an Seu re is, mors vir incrementabiliter hio desisto Noxa chirographum eo, os, agon os nec lac enucleo his ile pes vos Suppellex, re. Vae libro corium Pul.</p>";}', 77, '2'),
(228, 'article', 'a:2:{s:10:"txtArtikel";s:5:"Chair";s:19:"txtlangbeschreibung";s:407:"<p>Ita si ardor laxe eu Cogo arx subaudio. Os, color attero, an. Hi inservio quatenus/quatinus, eu. Pax percunctor, ut. Me Mica. Ne, in plus neo pars ne navale quo Heniis varius, St. Iam vae ne inter Idem devenio parum accredo Neco nam byssus ales an Seu re is, mors vir incrementabiliter hio desisto Noxa chirographum eo, os, agon os nec lac enucleo his ile pes vos Suppellex, re. Vae libro corium Pul.</p>";}', 74, '2'),
(229, 'article', 'a:2:{s:10:"txtArtikel";s:5:"Board";s:19:"txtlangbeschreibung";s:407:"<p>Ita si ardor laxe eu Cogo arx subaudio. Os, color attero, an. Hi inservio quatenus/quatinus, eu. Pax percunctor, ut. Me Mica. Ne, in plus neo pars ne navale quo Heniis varius, St. Iam vae ne inter Idem devenio parum accredo Neco nam byssus ales an Seu re is, mors vir incrementabiliter hio desisto Noxa chirographum eo, os, agon os nec lac enucleo his ile pes vos Suppellex, re. Vae libro corium Pul.</p>";}', 69, '2'),
(231, 'article', 'a:2:{s:10:"txtArtikel";s:15:"Antique dresser";s:19:"txtlangbeschreibung";s:407:"<p>Ita si ardor laxe eu Cogo arx subaudio. Os, color attero, an. Hi inservio quatenus/quatinus, eu. Pax percunctor, ut. Me Mica. Ne, in plus neo pars ne navale quo Heniis varius, St. Iam vae ne inter Idem devenio parum accredo Neco nam byssus ales an Seu re is, mors vir incrementabiliter hio desisto Noxa chirographum eo, os, agon os nec lac enucleo his ile pes vos Suppellex, re. Vae libro corium Pul.</p>";}', 67, '2'),
(232, 'article', 'a:2:{s:10:"txtArtikel";s:8:"Mail box";s:19:"txtlangbeschreibung";s:407:"<p>Ita si ardor laxe eu Cogo arx subaudio. Os, color attero, an. Hi inservio quatenus/quatinus, eu. Pax percunctor, ut. Me Mica. Ne, in plus neo pars ne navale quo Heniis varius, St. Iam vae ne inter Idem devenio parum accredo Neco nam byssus ales an Seu re is, mors vir incrementabiliter hio desisto Noxa chirographum eo, os, agon os nec lac enucleo his ile pes vos Suppellex, re. Vae libro corium Pul.</p>";}', 64, '2');
INSERT IGNORE INTO `s_core_translations` (`id`, `objecttype`, `objectdata`, `objectkey`, `objectlanguage`) VALUES
(233, 'article', 'a:2:{s:10:"txtArtikel";s:25:"Munsterland Lagerkorn 32%";s:19:"txtlangbeschreibung";s:407:"<p>Ita si ardor laxe eu Cogo arx subaudio. Os, color attero, an. Hi inservio quatenus/quatinus, eu. Pax percunctor, ut. Me Mica. Ne, in plus neo pars ne navale quo Heniis varius, St. Iam vae ne inter Idem devenio parum accredo Neco nam byssus ales an Seu re is, mors vir incrementabiliter hio desisto Noxa chirographum eo, os, agon os nec lac enucleo his ile pes vos Suppellex, re. Vae libro corium Pul.</p>";}', 2, '2'),
(234, 'article', 'a:2:{s:10:"txtArtikel";s:8:"Bee glue";s:19:"txtlangbeschreibung";s:407:"<p>Ita si ardor laxe eu Cogo arx subaudio. Os, color attero, an. Hi inservio quatenus/quatinus, eu. Pax percunctor, ut. Me Mica. Ne, in plus neo pars ne navale quo Heniis varius, St. Iam vae ne inter Idem devenio parum accredo Neco nam byssus ales an Seu re is, mors vir incrementabiliter hio desisto Noxa chirographum eo, os, agon os nec lac enucleo his ile pes vos Suppellex, re. Vae libro corium Pul.</p>";}', 44, '2'),
(236, 'article', 'a:2:{s:10:"txtArtikel";s:14:"Grapes battery";s:19:"txtlangbeschreibung";s:132:"<p>Ita si ardor laxe eu Cogo arx subaudio. Os, color attero, an. Hi inservio quatenus/quatinus, eu. Pax percunctor, ut. Me Mica.</p>";}', 41, '2'),
(237, 'article', 'a:2:{s:10:"txtArtikel";s:14:"Chocolate glue";s:19:"txtlangbeschreibung";s:132:"<p>Ita si ardor laxe eu Cogo arx subaudio. Os, color attero, an. Hi inservio quatenus/quatinus, eu. Pax percunctor, ut. Me Mica.</p>";}', 40, '2'),
(238, 'article', 'a:2:{s:10:"txtArtikel";s:13:"Super noodles";s:19:"txtlangbeschreibung";s:132:"<p>Ita si ardor laxe eu Cogo arx subaudio. Os, color attero, an. Hi inservio quatenus/quatinus, eu. Pax percunctor, ut. Me Mica.</p>";}', 39, '2'),
(239, 'article', 'a:2:{s:10:"txtArtikel";s:18:"White tea gift set";s:19:"txtlangbeschreibung";s:432:"<p>Io copia moeror immo pro audio modestia. Permaneo animosus etsi furax, aversor, faenum Pecus, mus me dux ferociter interpellatio certo. infrequentia Illis Quamquam Invidus, indutus voco tot Velociter, rare qui Limbus in Uter sub Ferito. Hinc lacrima Tutor gens Stabulaus antrum levis se voveo quemadmodum ruo illa sidereus. Luo Modicus tutela sedo Uxor contineo, ait ait crebra exsecror Ruga Sospes gratuita se Quae praevideo</p>";}', 36, '2'),
(240, 'article', 'a:2:{s:10:"txtArtikel";s:18:"Black tea gift set";s:19:"txtlangbeschreibung";s:432:"<p>Io copia moeror immo pro audio modestia. Permaneo animosus etsi furax, aversor, faenum Pecus, mus me dux ferociter interpellatio certo. infrequentia Illis Quamquam Invidus, indutus voco tot Velociter, rare qui Limbus in Uter sub Ferito. Hinc lacrima Tutor gens Stabulaus antrum levis se voveo quemadmodum ruo illa sidereus. Luo Modicus tutela sedo Uxor contineo, ait ait crebra exsecror Ruga Sospes gratuita se Quae praevideo</p>";}', 35, '2'),
(241, 'article', 'a:2:{s:10:"txtArtikel";s:19:"Pu Erh tea gift set";s:19:"txtlangbeschreibung";s:432:"<p>Io copia moeror immo pro audio modestia. Permaneo animosus etsi furax, aversor, faenum Pecus, mus me dux ferociter interpellatio certo. infrequentia Illis Quamquam Invidus, indutus voco tot Velociter, rare qui Limbus in Uter sub Ferito. Hinc lacrima Tutor gens Stabulaus antrum levis se voveo quemadmodum ruo illa sidereus. Luo Modicus tutela sedo Uxor contineo, ait ait crebra exsecror Ruga Sospes gratuita se Quae praevideo</p>";}', 34, '2'),
(242, 'article', 'a:2:{s:10:"txtArtikel";s:19:"Oolong tea gift set";s:19:"txtlangbeschreibung";s:432:"<p>Io copia moeror immo pro audio modestia. Permaneo animosus etsi furax, aversor, faenum Pecus, mus me dux ferociter interpellatio certo. infrequentia Illis Quamquam Invidus, indutus voco tot Velociter, rare qui Limbus in Uter sub Ferito. Hinc lacrima Tutor gens Stabulaus antrum levis se voveo quemadmodum ruo illa sidereus. Luo Modicus tutela sedo Uxor contineo, ait ait crebra exsecror Ruga Sospes gratuita se Quae praevideo</p>";}', 33, '2'),
(243, 'article', 'a:2:{s:10:"txtArtikel";s:20:"Jasmine tea gift set";s:19:"txtlangbeschreibung";s:432:"<p>Io copia moeror immo pro audio modestia. Permaneo animosus etsi furax, aversor, faenum Pecus, mus me dux ferociter interpellatio certo. infrequentia Illis Quamquam Invidus, indutus voco tot Velociter, rare qui Limbus in Uter sub Ferito. Hinc lacrima Tutor gens Stabulaus antrum levis se voveo quemadmodum ruo illa sidereus. Luo Modicus tutela sedo Uxor contineo, ait ait crebra exsecror Ruga Sospes gratuita se Quae praevideo</p>";}', 32, '2'),
(244, 'article', 'a:2:{s:10:"txtArtikel";s:18:"Green tea gift set";s:19:"txtlangbeschreibung";s:432:"<p>Io copia moeror immo pro audio modestia. Permaneo animosus etsi furax, aversor, faenum Pecus, mus me dux ferociter interpellatio certo. infrequentia Illis Quamquam Invidus, indutus voco tot Velociter, rare qui Limbus in Uter sub Ferito. Hinc lacrima Tutor gens Stabulaus antrum levis se voveo quemadmodum ruo illa sidereus. Luo Modicus tutela sedo Uxor contineo, ait ait crebra exsecror Ruga Sospes gratuita se Quae praevideo</p>";}', 31, '2'),
(245, 'article', 'a:2:{s:10:"txtArtikel";s:17:"Glas tea preparer";s:19:"txtlangbeschreibung";s:432:"<p>Io copia moeror immo pro audio modestia. Permaneo animosus etsi furax, aversor, faenum Pecus, mus me dux ferociter interpellatio certo. infrequentia Illis Quamquam Invidus, indutus voco tot Velociter, rare qui Limbus in Uter sub Ferito. Hinc lacrima Tutor gens Stabulaus antrum levis se voveo quemadmodum ruo illa sidereus. Luo Modicus tutela sedo Uxor contineo, ait ait crebra exsecror Ruga Sospes gratuita se Quae praevideo</p>";}', 26, '2'),
(246, 'article', 'a:2:{s:10:"txtArtikel";s:11:"Glas teapot";s:19:"txtlangbeschreibung";s:432:"<p>Io copia moeror immo pro audio modestia. Permaneo animosus etsi furax, aversor, faenum Pecus, mus me dux ferociter interpellatio certo. infrequentia Illis Quamquam Invidus, indutus voco tot Velociter, rare qui Limbus in Uter sub Ferito. Hinc lacrima Tutor gens Stabulaus antrum levis se voveo quemadmodum ruo illa sidereus. Luo Modicus tutela sedo Uxor contineo, ait ait crebra exsecror Ruga Sospes gratuita se Quae praevideo</p>";}', 25, '2'),
(247, 'article', 'a:2:{s:10:"txtArtikel";s:11:"Glas teapot";s:19:"txtlangbeschreibung";s:432:"<p>Io copia moeror immo pro audio modestia. Permaneo animosus etsi furax, aversor, faenum Pecus, mus me dux ferociter interpellatio certo. infrequentia Illis Quamquam Invidus, indutus voco tot Velociter, rare qui Limbus in Uter sub Ferito. Hinc lacrima Tutor gens Stabulaus antrum levis se voveo quemadmodum ruo illa sidereus. Luo Modicus tutela sedo Uxor contineo, ait ait crebra exsecror Ruga Sospes gratuita se Quae praevideo</p>";}', 24, '2'),
(248, 'article', 'a:2:{s:10:"txtArtikel";s:8:"Glas cup";s:19:"txtlangbeschreibung";s:432:"<p>Io copia moeror immo pro audio modestia. Permaneo animosus etsi furax, aversor, faenum Pecus, mus me dux ferociter interpellatio certo. infrequentia Illis Quamquam Invidus, indutus voco tot Velociter, rare qui Limbus in Uter sub Ferito. Hinc lacrima Tutor gens Stabulaus antrum levis se voveo quemadmodum ruo illa sidereus. Luo Modicus tutela sedo Uxor contineo, ait ait crebra exsecror Ruga Sospes gratuita se Quae praevideo</p>";}', 23, '2'),
(249, 'article', 'a:2:{s:10:"txtArtikel";s:16:"Tea glass 0,25 L";s:19:"txtlangbeschreibung";s:432:"<p>Io copia moeror immo pro audio modestia. Permaneo animosus etsi furax, aversor, faenum Pecus, mus me dux ferociter interpellatio certo. infrequentia Illis Quamquam Invidus, indutus voco tot Velociter, rare qui Limbus in Uter sub Ferito. Hinc lacrima Tutor gens Stabulaus antrum levis se voveo quemadmodum ruo illa sidereus. Luo Modicus tutela sedo Uxor contineo, ait ait crebra exsecror Ruga Sospes gratuita se Quae praevideo</p>";}', 22, '2'),
(251, 'article', 'a:2:{s:10:"txtArtikel";s:17:"Jasmine lotus tea";s:19:"txtlangbeschreibung";s:432:"<p>Io copia moeror immo pro audio modestia. Permaneo animosus etsi furax, aversor, faenum Pecus, mus me dux ferociter interpellatio certo. infrequentia Illis Quamquam Invidus, indutus voco tot Velociter, rare qui Limbus in Uter sub Ferito. Hinc lacrima Tutor gens Stabulaus antrum levis se voveo quemadmodum ruo illa sidereus. Luo Modicus tutela sedo Uxor contineo, ait ait crebra exsecror Ruga Sospes gratuita se Quae praevideo</p>";}', 21, '2'),
(253, 'article', 'a:2:{s:10:"txtArtikel";s:18:"Jasmine phonix tea";s:19:"txtlangbeschreibung";s:432:"<p>Io copia moeror immo pro audio modestia. Permaneo animosus etsi furax, aversor, faenum Pecus, mus me dux ferociter interpellatio certo. infrequentia Illis Quamquam Invidus, indutus voco tot Velociter, rare qui Limbus in Uter sub Ferito. Hinc lacrima Tutor gens Stabulaus antrum levis se voveo quemadmodum ruo illa sidereus. Luo Modicus tutela sedo Uxor contineo, ait ait crebra exsecror Ruga Sospes gratuita se Quae praevideo</p>";}', 20, '2'),
(254, 'article', 'a:2:{s:10:"txtArtikel";s:20:"Oriental jasmine tea";s:19:"txtlangbeschreibung";s:432:"<p>Io copia moeror immo pro audio modestia. Permaneo animosus etsi furax, aversor, faenum Pecus, mus me dux ferociter interpellatio certo. infrequentia Illis Quamquam Invidus, indutus voco tot Velociter, rare qui Limbus in Uter sub Ferito. Hinc lacrima Tutor gens Stabulaus antrum levis se voveo quemadmodum ruo illa sidereus. Luo Modicus tutela sedo Uxor contineo, ait ait crebra exsecror Ruga Sospes gratuita se Quae praevideo</p>";}', 19, '2'),
(255, 'article', 'a:2:{s:10:"txtArtikel";s:20:"Pi Lo Chun green tea";s:19:"txtlangbeschreibung";s:432:"<p>Io copia moeror immo pro audio modestia. Permaneo animosus etsi furax, aversor, faenum Pecus, mus me dux ferociter interpellatio certo. infrequentia Illis Quamquam Invidus, indutus voco tot Velociter, rare qui Limbus in Uter sub Ferito. Hinc lacrima Tutor gens Stabulaus antrum levis se voveo quemadmodum ruo illa sidereus. Luo Modicus tutela sedo Uxor contineo, ait ait crebra exsecror Ruga Sospes gratuita se Quae praevideo</p>";}', 18, '2'),
(256, 'article', 'a:2:{s:10:"txtArtikel";s:18:"Mao Feng green tea";s:19:"txtlangbeschreibung";s:432:"<p>Io copia moeror immo pro audio modestia. Permaneo animosus etsi furax, aversor, faenum Pecus, mus me dux ferociter interpellatio certo. infrequentia Illis Quamquam Invidus, indutus voco tot Velociter, rare qui Limbus in Uter sub Ferito. Hinc lacrima Tutor gens Stabulaus antrum levis se voveo quemadmodum ruo illa sidereus. Luo Modicus tutela sedo Uxor contineo, ait ait crebra exsecror Ruga Sospes gratuita se Quae praevideo</p>";}', 17, '2'),
(257, 'article', 'a:2:{s:10:"txtArtikel";s:20:"LUNG CHING green tea";s:19:"txtlangbeschreibung";s:432:"<p>Io copia moeror immo pro audio modestia. Permaneo animosus etsi furax, aversor, faenum Pecus, mus me dux ferociter interpellatio certo. infrequentia Illis Quamquam Invidus, indutus voco tot Velociter, rare qui Limbus in Uter sub Ferito. Hinc lacrima Tutor gens Stabulaus antrum levis se voveo quemadmodum ruo illa sidereus. Luo Modicus tutela sedo Uxor contineo, ait ait crebra exsecror Ruga Sospes gratuita se Quae praevideo</p>";}', 15, '2'),
(258, 'article', 'a:2:{s:10:"txtArtikel";s:25:"Silver Yin Zhen tea white";s:19:"txtlangbeschreibung";s:432:"<p>Io copia moeror immo pro audio modestia. Permaneo animosus etsi furax, aversor, faenum Pecus, mus me dux ferociter interpellatio certo. infrequentia Illis Quamquam Invidus, indutus voco tot Velociter, rare qui Limbus in Uter sub Ferito. Hinc lacrima Tutor gens Stabulaus antrum levis se voveo quemadmodum ruo illa sidereus. Luo Modicus tutela sedo Uxor contineo, ait ait crebra exsecror Ruga Sospes gratuita se Quae praevideo</p>";}', 14, '2'),
(259, 'article', 'a:2:{s:10:"txtArtikel";s:20:"Pai Mu Tan tea white";s:19:"txtlangbeschreibung";s:432:"<p>Io copia moeror immo pro audio modestia. Permaneo animosus etsi furax, aversor, faenum Pecus, mus me dux ferociter interpellatio certo. infrequentia Illis Quamquam Invidus, indutus voco tot Velociter, rare qui Limbus in Uter sub Ferito. Hinc lacrima Tutor gens Stabulaus antrum levis se voveo quemadmodum ruo illa sidereus. Luo Modicus tutela sedo Uxor contineo, ait ait crebra exsecror Ruga Sospes gratuita se Quae praevideo</p>";}', 13, '2'),
(260, 'article', 'a:2:{s:10:"txtArtikel";s:29:"Munsterland Aperitif gift box";s:19:"txtlangbeschreibung";s:432:"<p>Io copia moeror immo pro audio modestia. Permaneo animosus etsi furax, aversor, faenum Pecus, mus me dux ferociter interpellatio certo. infrequentia Illis Quamquam Invidus, indutus voco tot Velociter, rare qui Limbus in Uter sub Ferito. Hinc lacrima Tutor gens Stabulaus antrum levis se voveo quemadmodum ruo illa sidereus. Luo Modicus tutela sedo Uxor contineo, ait ait crebra exsecror Ruga Sospes gratuita se Quae praevideo</p>";}', 11, '2'),
(261, 'article', 'a:2:{s:10:"txtArtikel";s:23:"Aperitif glass demi sec";s:19:"txtlangbeschreibung";s:432:"<p>Io copia moeror immo pro audio modestia. Permaneo animosus etsi furax, aversor, faenum Pecus, mus me dux ferociter interpellatio certo. infrequentia Illis Quamquam Invidus, indutus voco tot Velociter, rare qui Limbus in Uter sub Ferito. Hinc lacrima Tutor gens Stabulaus antrum levis se voveo quemadmodum ruo illa sidereus. Luo Modicus tutela sedo Uxor contineo, ait ait crebra exsecror Ruga Sospes gratuita se Quae praevideo</p>";}', 10, '2'),
(262, 'article', 'a:2:{s:10:"txtArtikel";s:24:"Munsterland Aperitif 16%";s:19:"txtlangbeschreibung";s:432:"<p>Io copia moeror immo pro audio modestia. Permaneo animosus etsi furax, aversor, faenum Pecus, mus me dux ferociter interpellatio certo. infrequentia Illis Quamquam Invidus, indutus voco tot Velociter, rare qui Limbus in Uter sub Ferito. Hinc lacrima Tutor gens Stabulaus antrum levis se voveo quemadmodum ruo illa sidereus. Luo Modicus tutela sedo Uxor contineo, ait ait crebra exsecror Ruga Sospes gratuita se Quae praevideo</p>";}', 3, '2'),
(263, 'article', 'a:2:{s:10:"txtArtikel";s:24:"Shipping costs by weight";s:19:"txtlangbeschreibung";s:226:"<p>This article weighs 8 KG. These requires a calculation by weight. If you add it to the cart, it will be charged with 19,90 Euro. To do so, use the follwing access data: max.mustermann@mail.com &amp; Password: shopware .</p>";}', 248, '2'),
(270, 'article', 'a:1:{s:10:"txtArtikel";s:19:"Beach Towel "Ibiza"";}', 178, '2'),
(272, 'config_payment', 'a:5:{i:4;a:2:{s:11:"description";s:7:"Invoice";s:21:"additionalDescription";s:141:"Payment by invoice. Shopware provides automatic invoicing for all customers on orders after the first, in order to avoid defaults on payment.";}i:2;a:2:{s:11:"description";s:5:"Debit";s:21:"additionalDescription";s:15:"Additional text";}i:3;a:2:{s:11:"description";s:16:"Cash on delivery";s:21:"additionalDescription";s:25:"(including 2.00 Euro VAT)";}i:5;a:2:{s:11:"description";s:15:"Paid in advance";s:21:"additionalDescription";s:57:"The goods are delivered directly upon receipt of payment.";}i:6;a:1:{s:21:"additionalDescription";s:17:"SEPA direct debit";}}', 1, '2'),
(273, 'page', 'a:1:{s:11:"description";s:7:"Imprint";}', 3, '2'),
(274, 'config_dispatch', 'a:4:{i:14;a:2:{s:13:\"dispatch_name\";s:16:\"Express Delivery\";s:20:\"dispatch_description\";s:22:\"Delivery within 2 days\";}i:9;a:1:{s:13:\"dispatch_name\";s:17:\"Standard delivery\";}i:16;a:2:{s:13:\"dispatch_name\";s:31:\"Standard international delivery\";s:20:\"dispatch_description\";s:52:\"Standard delivery into countries other than Germany.\";}i:10;a:2:{s:13:\"dispatch_name\";s:29:\"Shipping cost based on weight\";s:20:\"dispatch_description\";s:128:\"If the weight of a product exceeds 1 kilogram, the shipping method will switch automatically to \"Shipping cost based on weight\".\";}}', 1, '2'),
(274, 'page', 'a:1:{s:11:\"description\";s:18:\"Cookie preferences\";}', 57, '2');


TRUNCATE TABLE `s_core_units`;
INSERT INTO `s_core_units` (`id`, `unit`, `description`) VALUES
(1, 'l', 'Liter'),
(2, 'g', 'Gramm'),
(5, 'lfm', 'Laufende(r) Meter'),
(6, 'kg', 'Kilogramm'),
(8, 'Paket(e)', 'Paket(e)'),
(9, 'Stck.', 'Stück'),
(10, 'ml', 'Milliliter');

TRUNCATE TABLE `s_emarketing_banners`;
TRUNCATE TABLE `s_emarketing_banners_attributes`;
TRUNCATE TABLE `s_emarketing_banners_statistics`;
INSERT INTO `s_emarketing_banners_statistics` (`id`, `bannerID`, `display_date`, `clicks`, `views`) VALUES
(1, 1, '2012-08-31', 0, 1);

TRUNCATE TABLE `s_emarketing_lastarticles`;
TRUNCATE TABLE `s_emarketing_partner`;
TRUNCATE TABLE `s_emarketing_referer`;
TRUNCATE TABLE `s_emarketing_tellafriend`;
TRUNCATE TABLE `s_emarketing_vouchers`;
INSERT INTO `s_emarketing_vouchers` (`id`, `description`, `vouchercode`, `numberofunits`, `value`, `minimumcharge`, `shippingfree`, `bindtosupplier`, `valid_from`, `valid_to`, `ordercode`, `modus`, `percental`, `numorder`, `customergroup`, `restrictarticles`, `strict`, `subshopID`, `taxconfig`) VALUES
(1, 'Absoluter Gutschein', 'absolut', 100, 5, 25, 0, NULL, NULL, NULL, 'GUTABS', 0, 0, 1, NULL, '', 0, NULL, 'auto'),
(2, 'Prozentualer Gutschein', 'prozentual', 100, 10, 25, 0, NULL, NULL, NULL, 'GUTPROZ', 0, 1, 1, NULL, '', 0, NULL, 'auto'),
(3, 'Versandkostenfrei Gutscheini', 'kostenfrei', 100, 0, 30, 1, NULL, NULL, NULL, 'GUTVERS', 0, 0, 1, NULL, '', 0, NULL, 'auto'),
(4, 'Individuelle Gutscheine', '', 100, 15, 50, 0, NULL, NULL, NULL, 'GUTINDI', 1, 0, 0, NULL, '', 0, NULL, 'auto');

TRUNCATE TABLE `s_emarketing_vouchers_attributes`;
TRUNCATE TABLE `s_emarketing_voucher_codes`;
INSERT INTO `s_emarketing_voucher_codes` (`id`, `voucherID`, `userID`, `code`, `cashed`) VALUES
(1, 4, NULL, '23A7BCA4', 0),
(2, 4, NULL, '23A7BDA0', 0),
(3, 4, NULL, '23A7BDD9', 0),
(4, 4, NULL, '23A7BDF9', 0),
(5, 4, NULL, '23A7BE17', 0),
(6, 4, NULL, '23A7BE36', 0),
(7, 4, NULL, '23A7BE61', 0),
(8, 4, NULL, '23A7BE82', 0),
(9, 4, NULL, '23A7BEA4', 0),
(10, 4, NULL, '23A7BED1', 0),
(11, 4, NULL, '23A7BEF6', 0),
(12, 4, NULL, '23A7BF16', 0),
(13, 4, NULL, '23A7BF32', 0),
(14, 4, NULL, '23A7BF50', 0),
(15, 4, NULL, '23A7BF82', 0),
(16, 4, NULL, '23A7BFA2', 0),
(17, 4, NULL, '23A7BFC6', 0),
(18, 4, NULL, '23A7BFF1', 0),
(19, 4, NULL, '23A7C015', 0),
(20, 4, NULL, '23A7C048', 0),
(21, 4, NULL, '23A7C063', 0),
(22, 4, NULL, '23A7C087', 0),
(23, 4, NULL, '23A7C0B3', 0),
(24, 4, NULL, '23A7C0D7', 0),
(25, 4, NULL, '23A7C0F3', 0),
(26, 4, NULL, '23A7C115', 0),
(27, 4, NULL, '23A7C144', 0),
(28, 4, NULL, '23A7C162', 0),
(29, 4, NULL, '23A7C189', 0),
(30, 4, NULL, '23A7C1A8', 0),
(31, 4, NULL, '23A7C1C7', 0),
(32, 4, NULL, '23A7C1F7', 0),
(33, 4, NULL, '23A7C218', 0),
(34, 4, NULL, '23A7C242', 0),
(35, 4, NULL, '23A7C263', 0),
(36, 4, NULL, '23A7C281', 0),
(37, 4, NULL, '23A7C2A5', 0),
(38, 4, NULL, '23A7C2D3', 0),
(39, 4, NULL, '23A7C2F3', 0),
(40, 4, NULL, '23A7C312', 0),
(41, 4, NULL, '23A7C331', 0),
(42, 4, NULL, '23A7C354', 0),
(43, 4, NULL, '23A7C383', 0),
(44, 4, NULL, '23A7C3A8', 0),
(45, 4, NULL, '23A7C3C6', 0),
(46, 4, NULL, '23A7C3E9', 0),
(47, 4, NULL, '23A7C417', 0),
(48, 4, NULL, '23A7C430', 0),
(49, 4, NULL, '23A7C465', 0),
(50, 4, NULL, '23A7C489', 0),
(51, 4, NULL, '23A7C4A8', 0),
(52, 4, NULL, '23A7C4C2', 0),
(53, 4, NULL, '23A7C4F8', 0),
(54, 4, NULL, '23A7C516', 0),
(55, 4, NULL, '23A7C532', 0),
(56, 4, NULL, '23A7C554', 0),
(57, 4, NULL, '23A7C580', 0),
(58, 4, NULL, '23A7C5A7', 0),
(59, 4, NULL, '23A7C5C4', 0),
(60, 4, NULL, '23A7C5E4', 0),
(61, 4, NULL, '23A7C611', 0),
(62, 4, NULL, '23A7C636', 0),
(63, 4, NULL, '23A7C659', 0),
(64, 4, NULL, '23A7C682', 0),
(65, 4, NULL, '23A7C6A0', 0),
(66, 4, NULL, '23A7C6D9', 0),
(67, 4, NULL, '23A7C701', 0),
(68, 4, NULL, '23A7C724', 0),
(69, 4, NULL, '23A7C749', 0),
(70, 4, NULL, '23A7C762', 0),
(71, 4, NULL, '23A7C795', 0),
(72, 4, NULL, '23A7C7B4', 0),
(73, 4, NULL, '23A7C7D5', 0),
(74, 4, NULL, '23A7C7F7', 0),
(75, 4, NULL, '23A7C811', 0),
(76, 4, NULL, '23A7C843', 0),
(77, 4, NULL, '23A7C868', 0),
(78, 4, NULL, '23A7C884', 0),
(79, 4, NULL, '23A7C8A7', 0),
(80, 4, NULL, '23A7C8D5', 0),
(81, 4, NULL, '23A7C8F6', 0),
(82, 4, NULL, '23A7C917', 0),
(83, 4, NULL, '23A7C935', 0),
(84, 4, NULL, '23A7C966', 0),
(85, 4, NULL, '23A7C983', 0),
(86, 4, NULL, '23A7C9A0', 0),
(87, 4, NULL, '23A7C9D7', 0),
(88, 4, NULL, '23A7C9F0', 0),
(89, 4, NULL, '23A7CA17', 0),
(90, 4, NULL, '23A7CA44', 0),
(91, 4, NULL, '23A7CA67', 0),
(92, 4, NULL, '23A7CA83', 0),
(93, 4, NULL, '23A7CAA6', 0),
(94, 4, NULL, '23A7CAD5', 0),
(95, 4, NULL, '23A7CAF0', 0),
(96, 4, NULL, '23A7CB19', 0),
(97, 4, NULL, '23A7CB36', 0),
(98, 4, NULL, '23A7CB60', 0),
(99, 4, NULL, '23A7CB83', 0),
(100, 4, NULL, '23A7CBA5', 0);

TRUNCATE TABLE `s_emotion`;
INSERT INTO `s_emotion` (`id`, `active`, `name`, `cols`, `cell_spacing`, `cell_height`, `article_height`, `rows`, `valid_from`, `valid_to`, `userID`, `show_listing`, `is_landingpage`, `seo_title`, `seo_keywords`, `seo_description`, `create_date`, `modified`, `template_id`, `device`, `fullscreen`, `mode`, `position`, `parent_id`) VALUES
(1, 1, 'Meine Startseite', 4, 10, 185, 2, 22, NULL, NULL, 1, 0, 0, '', '', '', '2012-08-29 08:41:30', '2016-05-31 08:23:09', 1, '0,1,2,3,4', 0, 'fluid', 1, NULL),
(2, 1, 'Genusswelten', 3, 10, 185, 2, 22, NULL, NULL, 1, 0, 0, '', '', '', '2012-08-29 10:17:44', '2016-05-31 08:24:57', 1, '0,1,2,3,4', 0, 'fluid', 1, NULL),
(3, 1, 'Freizeitwelten', 3, 10, 185, 2, 20, NULL, NULL, 1, 0, 0, '', '', '', '2012-08-30 10:01:28', '2016-05-31 08:27:20', 1, '0,1,2,3,4', 0, 'fluid', 1, NULL),
(4, 1, 'Wohnwelten', 3, 10, 185, 2, 25, NULL, NULL, 1, 0, 0, '', '', '', '2012-08-30 10:25:14', '2016-05-31 08:31:21', 1, '0,1,2,3,4', 0, 'fluid', 1, NULL),
(5, 1, 'Stop The Water While Using Me', 4, 10, 185, 2, 24, NULL, NULL, 1, 0, 1, '', '', '', '2012-08-30 14:19:51', '2016-05-31 08:47:47', 1, '0,1,2,3,4', 0, 'fluid', 1, NULL),
(6, 1, 'The Deli Garage', 4, 10, 185, 2, 27, NULL, NULL, 1, 0, 1, '', '', '', '2012-08-30 15:25:01', '2016-05-31 08:47:31', 1, '0,1,2,3,4', 0, 'fluid', 1, NULL),
(7, 1, 'Sommerwelten', 4, 10, 185, 2, 26, NULL, NULL, 1, 0, 0, '', '', '', '2012-08-30 17:20:14', '2016-05-31 08:36:54', 1, '0,1,2,3,4', 0, 'fluid', 1, NULL),
(8, 1, 'Beispiele', 4, 10, 185, 2, 23, NULL, NULL, 1, 0, 0, '', '', '', '2012-08-30 17:55:11', '2016-05-31 08:38:51', 1, '0,1,2,3,4', 0, 'fluid', 1, NULL),
(9, 1, 'Passend für Ihren Sommerurlaub', 4, 10, 185, 2, 20, NULL, NULL, 1, 0, 1, '', '', '', '2012-08-30 18:21:14', '2016-05-31 08:47:59', 1, '0,1,2,3,4', 0, 'resize', 1, NULL),
(10, 1, 'English', 4, 10, 185, 2, 20, NULL, NULL, 1, 0, 0, '', '', '', '2012-08-31 08:45:10', '2016-05-31 08:40:48', 1, '0,1,2,3,4', 0, 'fluid', 1, NULL),
(12, 1, 'in Kürze verfügbar', 4, 10, 185, 2, 21, NULL, NULL, 1, 0, 0, '', '', '', '2012-08-31 09:50:53', '2016-05-31 08:41:42', 1, '0,1,2,3,4', 0, 'fluid', 1, NULL);

TRUNCATE TABLE `s_emotion_attributes`;
TRUNCATE TABLE `s_emotion_categories`;
INSERT INTO `s_emotion_categories` (`id`, `emotion_id`, `category_id`) VALUES
(97, 5, 6),
(99, 3, 9),
(187, 9, 6),
(192, 1, 3),
(225, 2, 5),
(233, 8, 10),
(239, 12, 27),
(240, 4, 8),
(250, 10, 39),
(251, 7, 6);

TRUNCATE TABLE `s_emotion_shops`;
INSERT INTO `s_emotion_shops` (`id`, `emotion_id`, `shop_id`) VALUES
(10, 6, 1),
(11, 5, 1),
(12, 9, 1);

TRUNCATE TABLE `s_emotion_element`;
INSERT INTO `s_emotion_element` (`id`, `emotionID`, `componentID`, `start_row`, `start_col`, `end_row`, `end_col`) VALUES
(530, 5, 3, 1, 1, 1, 4),
(531, 5, 8, 2, 1, 4, 4),
(532, 5, 4, 5, 3, 6, 3),
(533, 5, 4, 5, 4, 6, 4),
(534, 5, 4, 5, 2, 6, 2),
(535, 5, 4, 5, 1, 6, 1),
(536, 5, 2, 7, 1, 7, 4),
(542, 3, 3, 1, 1, 4, 3),
(543, 3, 2, 5, 1, 5, 3),
(970, 9, 3, 1, 1, 6, 4),
(1017, 1, 7, 1, 1, 3, 3),
(1018, 1, 3, 1, 4, 3, 4),
(1019, 1, 3, 4, 3, 4, 3),
(1020, 1, 3, 4, 1, 4, 2),
(1021, 1, 3, 4, 4, 4, 4),
(1022, 1, 10, 5, 1, 5, 4),
(1023, 1, 6, 6, 1, 6, 4),
(1294, 2, 3, 1, 1, 2, 3),
(1295, 2, 5, 3, 2, 3, 2),
(1296, 2, 5, 3, 3, 3, 3),
(1297, 2, 5, 3, 1, 3, 1),
(1298, 2, 11, 4, 1, 5, 3),
(1354, 8, 5, 2, 2, 2, 2),
(1355, 8, 5, 2, 1, 2, 1),
(1356, 8, 5, 2, 3, 2, 3),
(1357, 8, 5, 2, 4, 2, 4),
(1358, 8, 5, 3, 1, 3, 1),
(1359, 8, 5, 3, 2, 3, 2),
(1360, 8, 5, 3, 3, 3, 3),
(1361, 8, 5, 3, 4, 3, 4),
(1362, 8, 5, 1, 3, 1, 3),
(1363, 8, 5, 1, 4, 1, 4),
(1364, 8, 2, 1, 1, 1, 2),
(1375, 12, 7, 1, 1, 3, 2),
(1376, 12, 2, 1, 3, 3, 4),
(1377, 4, 3, 1, 1, 3, 2),
(1378, 4, 5, 4, 1, 4, 1),
(1379, 4, 5, 4, 2, 4, 2),
(1380, 4, 5, 4, 3, 4, 3),
(1381, 4, 3, 1, 3, 1, 3),
(1382, 4, 3, 2, 3, 2, 3),
(1383, 4, 3, 3, 3, 3, 3),
(1384, 4, 4, 5, 1, 6, 1),
(1385, 4, 4, 5, 2, 6, 3),
(1386, 4, 4, 7, 3, 8, 3),
(1387, 4, 4, 7, 1, 8, 2),
(1388, 4, 4, 9, 1, 10, 1),
(1389, 4, 4, 9, 2, 10, 2),
(1390, 4, 4, 9, 3, 10, 3),
(1409, 6, 3, 1, 1, 1, 4),
(1410, 6, 3, 2, 1, 3, 2),
(1411, 6, 3, 2, 3, 3, 4),
(1412, 6, 3, 4, 1, 5, 2),
(1413, 6, 3, 4, 3, 5, 4),
(1414, 6, 3, 6, 1, 7, 2),
(1415, 6, 3, 6, 3, 7, 4),
(1416, 6, 3, 8, 1, 9, 2),
(1417, 6, 2, 8, 3, 9, 4),
(1493, 10, 7, 1, 1, 3, 3),
(1494, 10, 4, 5, 2, 6, 2),
(1495, 10, 4, 5, 1, 6, 1),
(1496, 10, 10, 4, 1, 4, 4),
(1497, 10, 4, 5, 3, 6, 3),
(1498, 10, 4, 5, 4, 6, 4),
(1499, 10, 3, 1, 4, 3, 4),
(1500, 7, 3, 3, 1, 6, 4),
(1501, 7, 3, 7, 1, 7, 2),
(1502, 7, 3, 7, 3, 7, 4),
(1503, 7, 4, 9, 1, 10, 2),
(1504, 7, 4, 11, 3, 12, 4),
(1505, 7, 4, 9, 3, 10, 3),
(1506, 7, 4, 9, 4, 10, 4),
(1507, 7, 4, 11, 1, 12, 1),
(1508, 7, 4, 11, 2, 12, 2),
(1509, 7, 3, 1, 1, 2, 4),
(1510, 7, 4, 13, 1, 14, 3),
(1511, 7, 4, 13, 4, 14, 4),
(1512, 7, 6, 8, 1, 8, 4);

TRUNCATE TABLE `s_emotion_element_viewports`;
INSERT INTO `s_emotion_element_viewports` (`id`, `elementID`, `emotionID`, `alias`, `start_row`, `start_col`, `end_row`, `end_col`, `visible`) VALUES
(1, 1017, 1, 'xs', 1, 1, 3, 4, 1),
(2, 1017, 1, 's', 1, 1, 3, 4, 1),
(3, 1017, 1, 'm', 1, 1, 3, 4, 1),
(4, 1017, 1, 'l', 1, 1, 3, 3, 1),
(5, 1017, 1, 'xl', 1, 1, 3, 3, 1),
(6, 1018, 1, 'xs', 5, 3, 6, 4, 1),
(7, 1018, 1, 's', 5, 3, 6, 4, 1),
(8, 1018, 1, 'm', 5, 3, 6, 4, 1),
(9, 1018, 1, 'l', 1, 4, 3, 4, 1),
(10, 1018, 1, 'xl', 1, 4, 3, 4, 1),
(11, 1020, 1, 'xs', 4, 1, 4, 4, 1),
(12, 1020, 1, 's', 4, 1, 4, 4, 1),
(13, 1020, 1, 'm', 4, 1, 4, 4, 1),
(14, 1020, 1, 'l', 4, 1, 4, 2, 1),
(15, 1020, 1, 'xl', 4, 1, 4, 2, 1),
(16, 1019, 1, 'xs', 5, 1, 5, 2, 1),
(17, 1019, 1, 's', 5, 1, 5, 2, 1),
(18, 1019, 1, 'm', 5, 1, 5, 2, 1),
(19, 1019, 1, 'l', 4, 3, 4, 3, 1),
(20, 1019, 1, 'xl', 4, 3, 4, 3, 1),
(21, 1021, 1, 'xs', 6, 1, 6, 2, 1),
(22, 1021, 1, 's', 6, 1, 6, 2, 1),
(23, 1021, 1, 'm', 6, 1, 6, 2, 1),
(24, 1021, 1, 'l', 4, 4, 4, 4, 1),
(25, 1021, 1, 'xl', 4, 4, 4, 4, 1),
(26, 1022, 1, 'xs', 7, 1, 7, 4, 1),
(27, 1022, 1, 's', 7, 1, 7, 4, 1),
(28, 1022, 1, 'm', 7, 1, 7, 4, 1),
(29, 1022, 1, 'l', 5, 1, 5, 4, 1),
(30, 1022, 1, 'xl', 5, 1, 5, 4, 1),
(31, 1023, 1, 'xs', 8, 1, 9, 4, 1),
(32, 1023, 1, 's', 8, 1, 9, 4, 1),
(33, 1023, 1, 'm', 8, 1, 9, 4, 1),
(34, 1023, 1, 'l', 6, 1, 7, 4, 1),
(35, 1023, 1, 'xl', 6, 1, 7, 4, 1),
(36, 1294, 2, 'xs', 1, 1, 2, 3, 1),
(37, 1294, 2, 's', 1, 1, 2, 3, 1),
(38, 1294, 2, 'm', 1, 1, 2, 3, 1),
(39, 1294, 2, 'l', 1, 1, 2, 3, 1),
(40, 1294, 2, 'xl', 1, 1, 2, 3, 1),
(41, 1297, 2, 'xs', 3, 1, 3, 3, 1),
(42, 1297, 2, 's', 3, 1, 3, 3, 1),
(43, 1297, 2, 'm', 3, 1, 3, 1, 1),
(44, 1297, 2, 'l', 3, 1, 3, 1, 1),
(45, 1297, 2, 'xl', 3, 1, 3, 1, 1),
(46, 1295, 2, 'xs', 4, 1, 4, 3, 1),
(47, 1295, 2, 's', 4, 1, 4, 3, 1),
(48, 1295, 2, 'm', 3, 2, 3, 2, 1),
(49, 1295, 2, 'l', 3, 2, 3, 2, 1),
(50, 1295, 2, 'xl', 3, 2, 3, 2, 1),
(51, 1296, 2, 'xs', 5, 1, 5, 3, 1),
(52, 1296, 2, 's', 5, 1, 5, 3, 1),
(53, 1296, 2, 'm', 3, 3, 3, 3, 1),
(54, 1296, 2, 'l', 3, 3, 3, 3, 1),
(55, 1296, 2, 'xl', 3, 3, 3, 3, 1),
(56, 1298, 2, 'xs', 6, 1, 7, 3, 1),
(57, 1298, 2, 's', 6, 1, 7, 3, 1),
(58, 1298, 2, 'm', 4, 1, 5, 3, 1),
(59, 1298, 2, 'l', 4, 1, 5, 3, 1),
(60, 1298, 2, 'xl', 4, 1, 5, 3, 1),
(61, 542, 3, 'xs', 1, 1, 3, 3, 1),
(62, 542, 3, 's', 1, 1, 3, 3, 1),
(63, 542, 3, 'm', 1, 1, 3, 3, 1),
(64, 542, 3, 'l', 1, 1, 4, 3, 1),
(65, 542, 3, 'xl', 1, 1, 4, 3, 1),
(66, 543, 3, 'xs', 4, 1, 6, 3, 1),
(67, 543, 3, 's', 4, 1, 6, 3, 1),
(68, 543, 3, 'm', 4, 1, 6, 3, 1),
(69, 543, 3, 'l', 5, 1, 6, 3, 1),
(70, 543, 3, 'xl', 5, 1, 6, 3, 1),
(71, 1377, 4, 'xs', 1, 1, 2, 3, 1),
(72, 1377, 4, 's', 1, 1, 2, 3, 1),
(73, 1377, 4, 'm', 1, 1, 2, 3, 1),
(74, 1377, 4, 'l', 1, 1, 2, 2, 1),
(75, 1377, 4, 'xl', 1, 1, 2, 2, 1),
(76, 1381, 4, 'xs', 3, 1, 3, 2, 1),
(77, 1381, 4, 's', 3, 1, 3, 2, 1),
(78, 1381, 4, 'm', 3, 1, 3, 2, 1),
(79, 1381, 4, 'l', 2, 3, 2, 3, 1),
(80, 1381, 4, 'xl', 2, 3, 2, 3, 1),
(81, 1382, 4, 'xs', 8, 2, 8, 3, 1),
(82, 1382, 4, 's', 8, 2, 8, 3, 1),
(83, 1382, 4, 'm', 8, 2, 8, 3, 1),
(84, 1382, 4, 'l', 5, 2, 5, 2, 1),
(85, 1382, 4, 'xl', 5, 2, 5, 2, 1),
(86, 1383, 4, 'xs', 4, 2, 4, 3, 1),
(87, 1383, 4, 's', 4, 2, 4, 3, 1),
(88, 1383, 4, 'm', 4, 2, 4, 3, 1),
(89, 1383, 4, 'l', 1, 3, 1, 3, 1),
(90, 1383, 4, 'xl', 1, 3, 1, 3, 1),
(91, 1378, 4, 'xs', 6, 2, 6, 3, 1),
(92, 1378, 4, 's', 6, 2, 6, 3, 1),
(93, 1378, 4, 'm', 6, 2, 6, 3, 1),
(94, 1378, 4, 'l', 3, 2, 3, 2, 1),
(95, 1378, 4, 'xl', 3, 2, 3, 2, 1),
(96, 1379, 4, 'xs', 7, 1, 7, 2, 1),
(97, 1379, 4, 's', 7, 1, 7, 2, 1),
(98, 1379, 4, 'm', 7, 1, 7, 2, 1),
(99, 1379, 4, 'l', 3, 3, 3, 3, 1),
(100, 1379, 4, 'xl', 3, 3, 3, 3, 1),
(101, 1380, 4, 'xs', 5, 1, 5, 2, 1),
(102, 1380, 4, 's', 5, 1, 5, 2, 1),
(103, 1380, 4, 'm', 5, 1, 5, 2, 1),
(104, 1380, 4, 'l', 3, 1, 3, 1, 1),
(105, 1380, 4, 'xl', 3, 1, 3, 1, 1),
(106, 1384, 4, 'xs', 5, 3, 5, 3, 1),
(107, 1384, 4, 's', 5, 3, 5, 3, 1),
(108, 1384, 4, 'm', 5, 3, 5, 3, 1),
(109, 1384, 4, 'l', 4, 1, 4, 1, 1),
(110, 1384, 4, 'xl', 4, 1, 4, 1, 1),
(111, 1385, 4, 'xs', 3, 3, 3, 3, 1),
(112, 1385, 4, 's', 3, 3, 3, 3, 1),
(113, 1385, 4, 'm', 3, 3, 3, 3, 1),
(114, 1385, 4, 'l', 4, 3, 4, 3, 1),
(115, 1385, 4, 'xl', 4, 3, 4, 3, 1),
(116, 1387, 4, 'xs', 4, 1, 4, 1, 1),
(117, 1387, 4, 's', 4, 1, 4, 1, 1),
(118, 1387, 4, 'm', 4, 1, 4, 1, 1),
(119, 1387, 4, 'l', 4, 2, 4, 2, 1),
(120, 1387, 4, 'xl', 4, 2, 4, 2, 1),
(121, 1386, 4, 'xs', 6, 1, 6, 1, 1),
(122, 1386, 4, 's', 6, 1, 6, 1, 1),
(123, 1386, 4, 'm', 6, 1, 6, 1, 1),
(124, 1386, 4, 'l', 5, 1, 5, 1, 1),
(125, 1386, 4, 'xl', 5, 1, 5, 1, 1),
(126, 1388, 4, 'xs', 1, 1, 1, 1, 0),
(127, 1388, 4, 's', 1, 1, 1, 1, 0),
(128, 1388, 4, 'm', 1, 1, 1, 1, 0),
(129, 1388, 4, 'l', 6, 1, 6, 1, 1),
(130, 1388, 4, 'xl', 6, 1, 6, 1, 1),
(131, 1389, 4, 'xs', 7, 3, 7, 3, 1),
(132, 1389, 4, 's', 7, 3, 7, 3, 1),
(133, 1389, 4, 'm', 7, 3, 7, 3, 1),
(134, 1389, 4, 'l', 5, 3, 5, 3, 1),
(135, 1389, 4, 'xl', 5, 3, 5, 3, 1),
(136, 1390, 4, 'xs', 8, 1, 8, 1, 1),
(137, 1390, 4, 's', 8, 1, 8, 1, 1),
(138, 1390, 4, 'm', 8, 1, 8, 1, 1),
(139, 1390, 4, 'l', 6, 2, 6, 2, 1),
(140, 1390, 4, 'xl', 6, 2, 6, 2, 1),
(141, 1509, 7, 'xs', 1, 1, 2, 4, 1),
(142, 1509, 7, 's', 1, 1, 2, 4, 1),
(143, 1509, 7, 'm', 1, 1, 2, 4, 1),
(144, 1509, 7, 'l', 1, 1, 2, 4, 1),
(145, 1509, 7, 'xl', 1, 1, 2, 4, 1),
(146, 1500, 7, 'xs', 3, 1, 7, 4, 1),
(147, 1500, 7, 's', 3, 1, 7, 4, 1),
(148, 1500, 7, 'm', 3, 1, 7, 4, 1),
(149, 1500, 7, 'l', 3, 1, 7, 4, 1),
(150, 1500, 7, 'xl', 3, 1, 7, 4, 1),
(151, 1501, 7, 'xs', 9, 1, 9, 2, 1),
(152, 1501, 7, 's', 9, 1, 9, 2, 1),
(153, 1501, 7, 'm', 9, 1, 9, 2, 1),
(154, 1501, 7, 'l', 9, 1, 9, 2, 1),
(155, 1501, 7, 'xl', 9, 1, 9, 2, 1),
(156, 1502, 7, 'xs', 9, 3, 9, 4, 1),
(157, 1502, 7, 's', 9, 3, 9, 4, 1),
(158, 1502, 7, 'm', 9, 3, 9, 4, 1),
(159, 1502, 7, 'l', 9, 3, 9, 4, 1),
(160, 1502, 7, 'xl', 9, 3, 9, 4, 1),
(161, 1512, 7, 'xs', 8, 1, 8, 4, 1),
(162, 1512, 7, 's', 8, 1, 8, 4, 1),
(163, 1512, 7, 'm', 8, 1, 8, 4, 1),
(164, 1512, 7, 'l', 8, 1, 8, 4, 1),
(165, 1512, 7, 'xl', 8, 1, 8, 4, 1),
(166, 1503, 7, 'xs', 10, 1, 11, 2, 1),
(167, 1503, 7, 's', 10, 1, 11, 2, 1),
(168, 1503, 7, 'm', 10, 1, 11, 2, 1),
(169, 1503, 7, 'l', 12, 1, 13, 1, 1),
(170, 1503, 7, 'xl', 12, 1, 13, 1, 1),
(171, 1505, 7, 'xs', 10, 3, 11, 4, 1),
(172, 1505, 7, 's', 10, 3, 11, 4, 1),
(173, 1505, 7, 'm', 10, 3, 11, 4, 1),
(174, 1505, 7, 'l', 12, 2, 13, 2, 1),
(175, 1505, 7, 'xl', 12, 2, 13, 2, 1),
(176, 1506, 7, 'xs', 12, 1, 13, 2, 1),
(177, 1506, 7, 's', 12, 1, 13, 2, 1),
(178, 1506, 7, 'm', 12, 1, 13, 2, 1),
(179, 1506, 7, 'l', 12, 4, 13, 4, 1),
(180, 1506, 7, 'xl', 12, 4, 13, 4, 1),
(181, 1507, 7, 'xs', 14, 1, 15, 2, 1),
(182, 1507, 7, 's', 14, 1, 15, 2, 1),
(183, 1507, 7, 'm', 14, 1, 15, 2, 1),
(184, 1507, 7, 'l', 10, 1, 11, 2, 1),
(185, 1507, 7, 'xl', 10, 1, 11, 2, 1),
(186, 1508, 7, 'xs', 16, 3, 17, 4, 1),
(187, 1508, 7, 's', 16, 3, 17, 4, 1),
(188, 1508, 7, 'm', 16, 3, 17, 4, 1),
(189, 1508, 7, 'l', 14, 3, 15, 4, 1),
(190, 1508, 7, 'xl', 14, 3, 15, 4, 1),
(191, 1504, 7, 'xs', 12, 3, 13, 4, 1),
(192, 1504, 7, 's', 12, 3, 13, 4, 1),
(193, 1504, 7, 'm', 12, 3, 13, 4, 1),
(194, 1504, 7, 'l', 12, 3, 13, 3, 1),
(195, 1504, 7, 'xl', 12, 3, 13, 3, 1),
(196, 1510, 7, 'xs', 16, 1, 17, 2, 1),
(197, 1510, 7, 's', 16, 1, 17, 2, 1),
(198, 1510, 7, 'm', 16, 1, 17, 2, 1),
(199, 1510, 7, 'l', 14, 1, 15, 2, 1),
(200, 1510, 7, 'xl', 14, 1, 15, 2, 1),
(201, 1511, 7, 'xs', 14, 3, 15, 4, 1),
(202, 1511, 7, 's', 14, 3, 15, 4, 1),
(203, 1511, 7, 'm', 14, 3, 15, 4, 1),
(204, 1511, 7, 'l', 10, 3, 11, 4, 1),
(205, 1511, 7, 'xl', 10, 3, 11, 4, 1),
(206, 1364, 8, 'xs', 1, 1, 2, 4, 1),
(207, 1364, 8, 's', 1, 1, 2, 4, 1),
(208, 1364, 8, 'm', 1, 1, 2, 4, 1),
(209, 1364, 8, 'l', 1, 3, 2, 4, 1),
(210, 1364, 8, 'xl', 1, 3, 2, 4, 1),
(211, 1362, 8, 'xs', 3, 1, 3, 2, 1),
(212, 1362, 8, 's', 3, 1, 3, 2, 1),
(213, 1362, 8, 'm', 3, 1, 3, 2, 1),
(214, 1362, 8, 'l', 1, 1, 1, 1, 1),
(215, 1362, 8, 'xl', 1, 1, 1, 1, 1),
(216, 1363, 8, 'xs', 4, 3, 4, 4, 1),
(217, 1363, 8, 's', 4, 3, 4, 4, 1),
(218, 1363, 8, 'm', 4, 3, 4, 4, 1),
(219, 1363, 8, 'l', 1, 2, 1, 2, 1),
(220, 1363, 8, 'xl', 1, 2, 1, 2, 1),
(221, 1355, 8, 'xs', 4, 1, 4, 2, 1),
(222, 1355, 8, 's', 4, 1, 4, 2, 1),
(223, 1355, 8, 'm', 4, 1, 4, 2, 1),
(224, 1355, 8, 'l', 2, 1, 2, 1, 1),
(225, 1355, 8, 'xl', 2, 1, 2, 1, 1),
(226, 1354, 8, 'xs', 3, 3, 3, 4, 1),
(227, 1354, 8, 's', 3, 3, 3, 4, 1),
(228, 1354, 8, 'm', 3, 3, 3, 4, 1),
(229, 1354, 8, 'l', 2, 2, 2, 2, 1),
(230, 1354, 8, 'xl', 2, 2, 2, 2, 1),
(231, 1356, 8, 'xs', 5, 1, 5, 2, 1),
(232, 1356, 8, 's', 5, 1, 5, 2, 1),
(233, 1356, 8, 'm', 5, 1, 5, 2, 1),
(234, 1356, 8, 'l', 3, 1, 3, 1, 1),
(235, 1356, 8, 'xl', 3, 1, 3, 1, 1),
(236, 1357, 8, 'xs', 6, 1, 6, 2, 1),
(237, 1357, 8, 's', 6, 1, 6, 2, 1),
(238, 1357, 8, 'm', 6, 1, 6, 2, 1),
(239, 1357, 8, 'l', 3, 2, 3, 2, 1),
(240, 1357, 8, 'xl', 3, 2, 3, 2, 1),
(241, 1358, 8, 'xs', 5, 3, 5, 4, 1),
(242, 1358, 8, 's', 5, 3, 5, 4, 1),
(243, 1358, 8, 'm', 5, 3, 5, 4, 1),
(244, 1358, 8, 'l', 3, 3, 3, 3, 1),
(245, 1358, 8, 'xl', 3, 3, 3, 3, 1),
(246, 1359, 8, 'xs', 7, 3, 7, 4, 1),
(247, 1359, 8, 's', 7, 3, 7, 4, 1),
(248, 1359, 8, 'm', 7, 3, 7, 4, 1),
(249, 1359, 8, 'l', 4, 2, 4, 2, 1),
(250, 1359, 8, 'xl', 4, 2, 4, 2, 1),
(251, 1360, 8, 'xs', 6, 3, 6, 4, 1),
(252, 1360, 8, 's', 6, 3, 6, 4, 1),
(253, 1360, 8, 'm', 6, 3, 6, 4, 1),
(254, 1360, 8, 'l', 3, 4, 3, 4, 1),
(255, 1360, 8, 'xl', 3, 4, 3, 4, 1),
(256, 1361, 8, 'xs', 7, 1, 7, 2, 1),
(257, 1361, 8, 's', 7, 1, 7, 2, 1),
(258, 1361, 8, 'm', 7, 1, 7, 2, 1),
(259, 1361, 8, 'l', 4, 1, 4, 1, 1),
(260, 1361, 8, 'xl', 4, 1, 4, 1, 1),
(261, 1493, 10, 'xs', 1, 1, 3, 4, 1),
(262, 1493, 10, 's', 1, 1, 3, 4, 1),
(263, 1493, 10, 'm', 1, 1, 3, 4, 1),
(264, 1493, 10, 'l', 1, 1, 3, 3, 1),
(265, 1493, 10, 'xl', 1, 1, 3, 3, 1),
(266, 1499, 10, 'xs', 5, 3, 8, 4, 1),
(267, 1499, 10, 's', 5, 3, 8, 4, 1),
(268, 1499, 10, 'm', 5, 3, 8, 4, 1),
(269, 1499, 10, 'l', 1, 4, 3, 4, 1),
(270, 1499, 10, 'xl', 1, 4, 3, 4, 1),
(271, 1496, 10, 'xs', 4, 1, 4, 4, 1),
(272, 1496, 10, 's', 4, 1, 4, 4, 1),
(273, 1496, 10, 'm', 4, 1, 4, 4, 1),
(274, 1496, 10, 'l', 4, 1, 4, 4, 1),
(275, 1496, 10, 'xl', 4, 1, 4, 4, 1),
(276, 1495, 10, 'xs', 5, 1, 6, 2, 1),
(277, 1495, 10, 's', 5, 1, 6, 2, 1),
(278, 1495, 10, 'm', 5, 1, 6, 2, 1),
(279, 1495, 10, 'l', 5, 1, 6, 1, 1),
(280, 1495, 10, 'xl', 5, 1, 6, 1, 1),
(281, 1494, 10, 'xs', 7, 1, 8, 2, 1),
(282, 1494, 10, 's', 7, 1, 8, 2, 1),
(283, 1494, 10, 'm', 7, 1, 8, 2, 1),
(284, 1494, 10, 'l', 5, 2, 6, 2, 1),
(285, 1494, 10, 'xl', 5, 2, 6, 2, 1),
(286, 1497, 10, 'xs', 9, 1, 10, 2, 1),
(287, 1497, 10, 's', 9, 1, 10, 2, 1),
(288, 1497, 10, 'm', 9, 1, 10, 2, 1),
(289, 1497, 10, 'l', 5, 3, 6, 3, 1),
(290, 1497, 10, 'xl', 5, 3, 6, 3, 1),
(291, 1498, 10, 'xs', 9, 3, 10, 4, 1),
(292, 1498, 10, 's', 9, 3, 10, 4, 1),
(293, 1498, 10, 'm', 9, 3, 10, 4, 1),
(294, 1498, 10, 'l', 5, 4, 6, 4, 1),
(295, 1498, 10, 'xl', 5, 4, 6, 4, 1),
(296, 1375, 12, 'xs', 1, 1, 3, 4, 1),
(297, 1375, 12, 's', 1, 1, 3, 4, 1),
(298, 1375, 12, 'm', 1, 1, 3, 4, 1),
(299, 1375, 12, 'l', 1, 1, 2, 2, 1),
(300, 1375, 12, 'xl', 1, 1, 2, 2, 1),
(301, 1376, 12, 'xs', 4, 1, 5, 4, 1),
(302, 1376, 12, 's', 4, 1, 5, 4, 1),
(303, 1376, 12, 'm', 4, 1, 5, 4, 1),
(304, 1376, 12, 'l', 1, 3, 2, 4, 1),
(305, 1376, 12, 'xl', 1, 3, 2, 4, 1),
(306, 970, 9, 'xs', 1, 1, 7, 4, 1),
(307, 970, 9, 's', 1, 1, 7, 4, 1),
(308, 970, 9, 'm', 1, 1, 7, 4, 1),
(309, 970, 9, 'l', 1, 1, 7, 4, 1),
(310, 970, 9, 'xl', 1, 1, 7, 4, 1),
(311, 530, 5, 'xs', 1, 1, 2, 4, 1),
(312, 530, 5, 's', 1, 1, 2, 4, 1),
(313, 530, 5, 'm', 1, 1, 2, 4, 1),
(314, 530, 5, 'l', 1, 1, 2, 2, 1),
(315, 530, 5, 'xl', 1, 1, 2, 2, 1),
(316, 531, 5, 'xs', 3, 1, 4, 4, 1),
(317, 531, 5, 's', 3, 1, 4, 4, 1),
(318, 531, 5, 'm', 3, 1, 4, 4, 1),
(319, 531, 5, 'l', 1, 3, 2, 4, 1),
(320, 531, 5, 'xl', 1, 3, 2, 4, 1),
(321, 535, 5, 'xs', 5, 1, 6, 2, 1),
(322, 535, 5, 's', 5, 1, 6, 2, 1),
(323, 535, 5, 'm', 5, 1, 6, 2, 1),
(324, 535, 5, 'l', 3, 1, 4, 1, 1),
(325, 535, 5, 'xl', 3, 1, 4, 1, 1),
(326, 534, 5, 'xs', 5, 3, 6, 4, 1),
(327, 534, 5, 's', 5, 3, 6, 4, 1),
(328, 534, 5, 'm', 5, 3, 6, 4, 1),
(329, 534, 5, 'l', 3, 2, 4, 2, 1),
(330, 534, 5, 'xl', 3, 2, 4, 2, 1),
(331, 532, 5, 'xs', 7, 1, 8, 2, 1),
(332, 532, 5, 's', 7, 1, 8, 2, 1),
(333, 532, 5, 'm', 7, 1, 8, 2, 1),
(334, 532, 5, 'l', 3, 3, 4, 3, 1),
(335, 532, 5, 'xl', 3, 3, 4, 3, 1),
(336, 533, 5, 'xs', 7, 3, 8, 4, 1),
(337, 533, 5, 's', 7, 3, 8, 4, 1),
(338, 533, 5, 'm', 7, 3, 8, 4, 1),
(339, 533, 5, 'l', 3, 4, 4, 4, 1),
(340, 533, 5, 'xl', 3, 4, 4, 4, 1),
(341, 536, 5, 'xs', 9, 1, 11, 4, 1),
(342, 536, 5, 's', 9, 1, 11, 4, 1),
(343, 536, 5, 'm', 9, 1, 11, 4, 1),
(344, 536, 5, 'l', 5, 1, 6, 4, 1),
(345, 536, 5, 'xl', 5, 1, 6, 4, 1),
(346, 1409, 6, 'xs', 1, 1, 1, 4, 1),
(347, 1409, 6, 's', 1, 1, 1, 4, 1),
(348, 1409, 6, 'm', 1, 1, 1, 4, 1),
(349, 1409, 6, 'l', 1, 1, 1, 4, 1),
(350, 1409, 6, 'xl', 1, 1, 1, 4, 1),
(351, 1410, 6, 'xs', 2, 1, 3, 4, 1),
(352, 1410, 6, 's', 2, 1, 3, 4, 1),
(353, 1410, 6, 'm', 2, 1, 3, 4, 1),
(354, 1410, 6, 'l', 2, 1, 3, 2, 1),
(355, 1410, 6, 'xl', 2, 1, 3, 2, 1),
(356, 1411, 6, 'xs', 4, 1, 5, 4, 1),
(357, 1411, 6, 's', 4, 1, 5, 4, 1),
(358, 1411, 6, 'm', 4, 1, 5, 4, 1),
(359, 1411, 6, 'l', 2, 3, 3, 4, 1),
(360, 1411, 6, 'xl', 2, 3, 3, 4, 1),
(361, 1412, 6, 'xs', 6, 1, 7, 4, 1),
(362, 1412, 6, 's', 6, 1, 7, 4, 1),
(363, 1412, 6, 'm', 6, 1, 7, 4, 1),
(364, 1412, 6, 'l', 4, 1, 5, 2, 1),
(365, 1412, 6, 'xl', 4, 1, 5, 2, 1),
(366, 1413, 6, 'xs', 8, 1, 9, 4, 1),
(367, 1413, 6, 's', 8, 1, 9, 4, 1),
(368, 1413, 6, 'm', 8, 1, 9, 4, 1),
(369, 1413, 6, 'l', 4, 3, 5, 4, 1),
(370, 1413, 6, 'xl', 4, 3, 5, 4, 1),
(371, 1414, 6, 'xs', 10, 1, 11, 4, 1),
(372, 1414, 6, 's', 10, 1, 11, 4, 1),
(373, 1414, 6, 'm', 10, 1, 11, 4, 1),
(374, 1414, 6, 'l', 6, 1, 7, 2, 1),
(375, 1414, 6, 'xl', 6, 1, 7, 2, 1),
(376, 1415, 6, 'xs', 12, 1, 13, 4, 1),
(377, 1415, 6, 's', 12, 1, 13, 4, 1),
(378, 1415, 6, 'm', 12, 1, 13, 4, 1),
(379, 1415, 6, 'l', 6, 3, 7, 4, 1),
(380, 1415, 6, 'xl', 6, 3, 7, 4, 1),
(381, 1416, 6, 'xs', 14, 1, 15, 4, 1),
(382, 1416, 6, 's', 14, 1, 15, 4, 1),
(383, 1416, 6, 'm', 14, 1, 15, 4, 1),
(384, 1416, 6, 'l', 8, 1, 9, 2, 1),
(385, 1416, 6, 'xl', 8, 1, 9, 2, 1),
(386, 1417, 6, 'xs', 16, 1, 18, 4, 1),
(387, 1417, 6, 's', 16, 1, 18, 4, 1),
(388, 1417, 6, 'm', 16, 1, 18, 4, 1),
(389, 1417, 6, 'l', 8, 3, 9, 4, 1),
(390, 1417, 6, 'xl', 8, 3, 9, 4, 1);

TRUNCATE TABLE `s_emotion_element_value`;
INSERT INTO `s_emotion_element_value` (`id`, `emotionID`, `elementID`, `componentID`, `fieldID`, `value`) VALUES
(1301, 5, 530, 3, 3, 'media/image/teaserbanner_stopthewater_landing.png'),
(1302, 5, 530, 3, 7, 'null'),
(1303, 5, 530, 3, 47, ''),
(1304, 5, 531, 8, 22, 'RVz71XsJIEA'),
(1305, 5, 531, 8, 23, ''),
(1306, 5, 532, 4, 5, 'SW10216.1'),
(1307, 5, 532, 4, 8, 'selected_article'),
(1308, 5, 533, 4, 5, 'SW10215.1'),
(1309, 5, 533, 4, 8, 'selected_article'),
(1310, 5, 534, 4, 5, 'SW10213.1'),
(1311, 5, 534, 4, 8, 'selected_article'),
(1312, 5, 535, 4, 5, 'SW10214.1'),
(1313, 5, 535, 4, 8, 'selected_article'),
(1314, 5, 536, 2, 4, '<p style="margin-bottom: 50px;">Aliquam erat volutpat. Nulla sollicitudin tincidunt lacus eget lobortis. Nam cursus mattis arcu, eget ornare sapien elementum ut. Vestibulum egestas urna sed quam adipiscing vel tempor erat cursus. Morbi imperdiet, nibh et hendrerit mollis, nisl leo vulputate sapien, non accumsan tortor magna in nisi. Pellentesque habitant morbi tristique senectus et netus et malesuada fames ac turpis egestas. Vivamus tempor suscipit sem, quis blandit velit faucibus quis. Sed sagittis nisi id elit commodo sed vulputate tortor consectetur. Aliquam tristique egestas justo.</p>'),
(1315, 5, 536, 2, 6, 'Stop The Water While Using Me'),
(1337, 3, 542, 3, 3, 'media/image/freizeit_top_banner.jpg'),
(1338, 3, 542, 3, 7, '[{"x":156,"y":424,"width":180,"height":116,"link":"SW10137","resizerIndex":0,"path":""},{"x":"431","y":"418","width":"125","height":"122","link":"SW10142","resizerIndex":1,"path":""},{"x":"513","y":"398","width":"265","height":"67","link":"SW10142","resizerIndex":2,"path":""},{"x":"72","y":"399","width":"129","height":"66","link":"SW10137","resizerIndex":3,"path":""},{"x":"16","y":"572","width":"189","height":"177","link":"SW10134","resizerIndex":4,"path":""},{"x":"142","y":"560","width":"182","height":"74","link":"SW10134","resizerIndex":5,"path":""},{"x":"409","y":"567","width":"179","height":"167","link":"SW10148","resizerIndex":6,"path":""},{"x":"508","y":"565","width":"220","height":"79","link":"SW10148","resizerIndex":7,"path":""}]'),
(1339, 3, 542, 3, 47, ''),
(1340, 3, 543, 2, 4, '<p>Lorem ipsum dolor sit amet, consectetur adipiscing elit. Pellentesque ligula diam, hendrerit et molestie quis, placerat eget arcu. Nam vitae eros lacus. Suspendisse sed metus mauris, ac aliquet dui. Duis ut adipiscing felis. Maecenas et ipsum ligula. Curabitur vulputate nisl vitae nisl porta varius. Ut tincidunt, nibh at volutpat dictum, magna mauris ultricies quam, non convallis quam neque sit amet nulla. Nulla dictum, odio sed dignissim cursus, lorem lacus iaculis turpis, eget dignissim orci arcu eget massa.</p><p>Nullam a sem vel orci varius hendrerit. Integer aliquam bibendum turpis in tincidunt. Etiam nec leo justo. Donec quis ante eu ligula pulvinar sodales consequat et augue. Phasellus tempor tortor vitae est fermentum tristique. Vivamus sed orci sit amet magna aliquet commodo eu sed nibh. Duis pellentesque elementum sem sed tincidunt. Praesent egestas dapibus augue, ac luctus odio pellentesque nec. Proin eu sapien sapien. Quisque sed neque leo, porta sodales ipsum. Aliquam erat volutpat. Integer blandit dolor et velit viverra dignissim. Aenean eleifend laoreet massa, non interdum mauris feugiat at.&nbsp;</p>'),
(1341, 3, 543, 2, 6, 'Freizeitwelten'),
(2662, 9, 970, 3, 3, 'media/image/einkaufswelt_home_summer.jpg'),
(2663, 9, 970, 3, 7, '[{"x":48,"y":132,"width":219,"height":179,"link":"SW10170","resizerIndex":37,"path":""},{"x":689,"y":98,"width":231,"height":203,"link":"SW10158","resizerIndex":38,"path":""},{"x":137,"y":367,"width":252,"height":200,"link":"SW10178","resizerIndex":39,"path":""},{"x":711,"y":297,"width":288,"height":233,"link":"SW10098","resizerIndex":40,"path":""},{"x":62,"y":666,"width":226,"height":163,"link":"SW10155.1","resizerIndex":41,"path":""},{"x":710,"y":599,"width":266,"height":338,"link":"SW10150","resizerIndex":42,"path":""},{"x":531,"y":928,"width":275,"height":183,"link":"SW10156.1","resizerIndex":43,"path":""},{"x":138,"y":915,"width":345,"height":190,"link":"SW10172","resizerIndex":44,"path":""}]'),
(2664, 9, 970, 3, 47, ''),
(2803, 1, 1017, 7, 13, ''),
(2804, 1, 1017, 7, 15, '1'),
(2805, 1, 1017, 7, 16, '1'),
(2806, 1, 1017, 7, 17, '500'),
(2807, 1, 1017, 7, 18, '1'),
(2808, 1, 1017, 7, 19, '5000'),
(2809, 1, 1017, 7, 20, '[{"position":0,"path":"media\\/image\\/beach1503f8532d4648.jpg","mediaId":734,"link":""},{"position":1,"path":"media\\/image\\/beach2503f8535275aa.jpg","mediaId":735,"link":""},{"position":2,"path":"media\\/image\\/beach3503f853820fa7.jpg","mediaId":736,"link":""}]'),
(2810, 1, 1018, 3, 3, 'media/image/beach_teaser5038874e87338.jpg'),
(2811, 1, 1018, 3, 7, '[{"x":"0","y":"356","width":"251","height":"198","link":"SW10211","resizerIndex":0,"path":""},{"x":"0","y":"184","width":"251","height":"176","link":"SW10170","resizerIndex":1,"path":""},{"x":"0","y":"0","width":"251","height":"188","link":"SW10178","resizerIndex":2,"path":""}]'),
(2812, 1, 1018, 3, 47, ''),
(2813, 1, 1019, 3, 3, 'media/image/flip_teaser503886e4dd480.jpg'),
(2814, 1, 1019, 3, 7, 'null'),
(2815, 1, 1019, 3, 47, ''),
(2816, 1, 1020, 3, 3, 'media/image/deli_teaser503886c2336e3.jpg'),
(2817, 1, 1020, 3, 7, 'null'),
(2818, 1, 1020, 3, 47, '/Campaign/index/emotionId/6'),
(2819, 1, 1021, 3, 3, 'media/image/bienen_teaser.jpg'),
(2820, 1, 1021, 3, 7, 'null'),
(2821, 1, 1021, 3, 47, ''),
(2822, 1, 1022, 10, 25, 'selected_manufacturers'),
(2823, 1, 1022, 10, 26, '3'),
(2824, 1, 1022, 10, 27, '[{"position":0,"name":"The Deli Garage","supplierId":4,"path":""},{"position":1,"name":"stop the water while using me","supplierId":15,"path":""},{"position":2,"name":"Das blaue Haus","supplierId":8,"path":""},{"position":3,"name":"Teapavilion","supplierId":3,"path":""},{"position":4,"name":"Feinbrennerei Sasse","supplierId":2,"path":""},{"position":5,"name":"Vintage Driver","supplierId":7,"path":""},{"position":6,"name":"Access Oires Sisters","supplierId":5,"path":""},{"position":7,"name":"Beachdreams Clothes","supplierId":12,"path":""},{"position":8,"name":"Sonnenschirm Versand","supplierId":11,"path":""},{"position":9,"name":"Sun Smile and Protect","supplierId":13,"path":""}]'),
(2825, 1, 1022, 10, 28, 'Unsere Top-Marken'),
(2826, 1, 1022, 10, 30, ''),
(2828, 1, 1022, 10, 32, '500'),
(2829, 1, 1022, 10, 33, ''),
(2830, 1, 1022, 10, 34, '5000'),
(2831, 1, 1023, 6, 12, '3'),
(3596, 2, 1294, 3, 3, 'media/image/genuss_top_banner.jpg'),
(3597, 2, 1294, 3, 7, 'null'),
(3598, 2, 1294, 3, 47, ''),
(3599, 2, 1295, 5, 9, 'selected_image'),
(3600, 2, 1295, 5, 10, 'media/image/genuss_wein_banner.jpg'),
(3601, 2, 1295, 5, 11, '14'),
(3602, 2, 1296, 5, 9, 'selected_image'),
(3603, 2, 1296, 5, 10, 'media/image/genuss_deli_banner.jpg'),
(3604, 2, 1296, 5, 11, '15'),
(3605, 2, 1297, 5, 9, 'selected_image'),
(3606, 2, 1297, 5, 10, 'media/image/genuss_tees_banner.jpg'),
(3607, 2, 1297, 5, 11, '11'),
(3608, 2, 1298, 11, 36, 'selected_article'),
(3609, 2, 1298, 11, 37, '|SW10009|SW10002.3|SW10006|SW10013|SW10014|SW10015|'),
(3610, 2, 1298, 11, 38, '25'),
(3611, 2, 1298, 11, 39, 'Unsere Top-Artikel'),
(3612, 2, 1298, 11, 41, ''),
(3614, 2, 1298, 11, 43, '500'),
(3615, 2, 1298, 11, 44, '1'),
(3616, 2, 1298, 11, 45, '5000'),
(3763, 8, 1354, 5, 9, 'random_article_image'),
(3764, 8, 1354, 5, 10, ''),
(3765, 8, 1354, 5, 11, '19'),
(3766, 8, 1355, 5, 9, 'random_article_image'),
(3767, 8, 1355, 5, 10, ''),
(3768, 8, 1355, 5, 11, '20'),
(3769, 8, 1356, 5, 9, 'random_article_image'),
(3770, 8, 1356, 5, 10, ''),
(3771, 8, 1356, 5, 11, '30'),
(3772, 8, 1357, 5, 9, 'random_article_image'),
(3773, 8, 1357, 5, 10, ''),
(3774, 8, 1357, 5, 11, '22'),
(3775, 8, 1358, 5, 9, 'random_article_image'),
(3776, 8, 1358, 5, 10, 'media/image/Oelwechsel-Use.jpg'),
(3777, 8, 1358, 5, 11, '74'),
(3778, 8, 1359, 5, 9, 'selected_image'),
(3779, 8, 1359, 5, 10, 'media/image/Store-Logo.jpg'),
(3780, 8, 1359, 5, 11, '27'),
(3781, 8, 1360, 5, 9, 'random_article_image'),
(3782, 8, 1360, 5, 10, ''),
(3783, 8, 1360, 5, 11, '24'),
(3784, 8, 1361, 5, 9, 'random_article_image'),
(3785, 8, 1361, 5, 10, ''),
(3786, 8, 1361, 5, 11, '21'),
(3787, 8, 1362, 5, 9, 'random_article_image'),
(3788, 8, 1362, 5, 10, ''),
(3789, 8, 1362, 5, 11, '23'),
(3790, 8, 1363, 5, 9, 'random_article_image'),
(3791, 8, 1363, 5, 10, ''),
(3792, 8, 1363, 5, 11, '25'),
(3793, 8, 1364, 2, 4, '<p>Shopware bietet Ihnen schon im Standard die verschiedensten Optionen, Voreinstellungen bzgl. Versandarten, Preisen, Zahlungsarten und vielem mehr zu definieren, wie sie an den folenden Beispielen sehen.</p>'),
(3794, 8, 1364, 2, 6, 'Beispiele'),
(3840, 12, 1375, 7, 13, ''),
(3841, 12, 1375, 7, 15, '1'),
(3842, 12, 1375, 7, 16, ''),
(3843, 12, 1375, 7, 17, '500'),
(3844, 12, 1375, 7, 18, '1'),
(3845, 12, 1375, 7, 19, '4000'),
(3846, 12, 1375, 7, 20, '[{"position":0,"path":"media\\/image\\/Abo-Commerce50406b845929a.jpg","mediaId":752,"link":"http:\\/\\/store.shopware.de\\/shopware-premium-plugins\\/abo-commerce"},{"position":1,"path":"media\\/image\\/rich-cms.jpg","mediaId":753,"link":"http:\\/\\/store.shopware.de\\/shopware-premium-plugins\\/rich-cms?c=2156"},{"position":2,"path":"media\\/image\\/Reservation.jpg","mediaId":754,"link":"http:\\/\\/store.shopware.de\\/shopware-premium-plugins\\/reservations?c=2156"},{"position":3,"path":"media\\/image\\/groupshopping.jpg","mediaId":755,"link":"http:\\/\\/store.shopware.de\\/shopware-premium-plugins\\/group-shopping?c=2156"}]'),
(3847, 12, 1376, 2, 4, '<p><br></p><p>Hier erhalten Sie weitere Informationen zu den Shopware Premium-Plugins, die wir in Kürze zur Verfügung stellen werden. Dazu gehören die Funktionen „Abo Commerce“, „Rich CMS“, „Reservations“ und "Groupshopping". Erfahren Sie mehr über diese tollen Zusatzfeatures, indem Sie einfach auf die jeweilige Abbildung klicken!</p>'),
(3848, 12, 1376, 2, 6, 'Brandneu und bald verfügbar!'),
(3849, 4, 1377, 3, 3, 'media/image/wohnwelten_top_banner.jpg'),
(3850, 4, 1377, 3, 7, 'null'),
(3851, 4, 1377, 3, 47, ''),
(3852, 4, 1378, 5, 9, 'selected_image'),
(3853, 4, 1378, 5, 10, 'media/image/wohnwelten_deko_banner.jpg'),
(3854, 4, 1378, 5, 11, '38'),
(3855, 4, 1379, 5, 9, 'selected_image'),
(3856, 4, 1379, 5, 10, 'media/image/wohnwelten_kueche_banner.jpg'),
(3857, 4, 1379, 5, 11, '33'),
(3858, 4, 1380, 5, 9, 'selected_image'),
(3859, 4, 1380, 5, 10, 'media/image/wohnwelten_moebel_banner.jpg'),
(3860, 4, 1380, 5, 11, '32'),
(3861, 4, 1381, 3, 3, 'media/image/wohnwelten_top_banner_small_01.jpg'),
(3862, 4, 1381, 3, 7, '[{"x":"0","y":"0","width":"267","height":"184","link":"SW10088","resizerIndex":0,"path":""}]'),
(3863, 4, 1381, 3, 47, ''),
(3864, 4, 1382, 3, 3, 'media/image/wohnwelten_top_banner_small_02.jpg'),
(3865, 4, 1382, 3, 7, '[{"x":"0","y":"0","width":"267","height":"184","link":"SW10084","resizerIndex":1,"path":""}]'),
(3866, 4, 1382, 3, 47, ''),
(3867, 4, 1383, 3, 3, 'media/image/wohnwelten_top_banner_small_03.jpg'),
(3868, 4, 1383, 3, 7, '[{"x":"0","y":"0","width":"267","height":"184","link":"SW10083","resizerIndex":2,"path":""}]'),
(3869, 4, 1383, 3, 47, ''),
(3870, 4, 1384, 4, 5, 'SW10067'),
(3871, 4, 1384, 4, 8, 'selected_article'),
(3872, 4, 1385, 4, 5, 'SW10066'),
(3873, 4, 1385, 4, 8, 'selected_article'),
(3874, 4, 1386, 4, 5, 'SW10075'),
(3875, 4, 1386, 4, 8, 'selected_article'),
(3876, 4, 1387, 4, 5, 'SW10064'),
(3877, 4, 1387, 4, 8, 'selected_article'),
(3878, 4, 1388, 4, 5, 'SW10079'),
(3879, 4, 1388, 4, 8, 'selected_article'),
(3880, 4, 1389, 4, 5, 'SW10072'),
(3881, 4, 1389, 4, 8, 'selected_article'),
(3882, 4, 1390, 4, 5, 'SW10063'),
(3883, 4, 1390, 4, 8, 'selected_article'),
(3936, 6, 1409, 3, 3, 'media/image/teaserbanner_deligarage_landing.png'),
(3937, 6, 1409, 3, 7, 'null'),
(3938, 6, 1409, 3, 47, ''),
(3939, 6, 1410, 3, 3, 'media/image/honig.jpg'),
(3940, 6, 1410, 3, 7, '[{"x":0,"y":0,"width":503,"height":370,"link":"SW10041","resizerIndex":5,"path":""}]'),
(3941, 6, 1410, 3, 47, ''),
(3942, 6, 1411, 3, 3, 'media/image/vodka.jpg'),
(3943, 6, 1411, 3, 7, '[{"x":"0","y":"0","width":"503","height":"369","link":"SW10037","resizerIndex":6,"path":""}]'),
(3944, 6, 1411, 3, 47, ''),
(3945, 6, 1412, 3, 3, 'media/image/schokoleim.jpg'),
(3946, 6, 1412, 3, 7, '[{"x":"0","y":"0","width":"503","height":"370","link":"SW10039","resizerIndex":7,"path":""}]'),
(3947, 6, 1412, 3, 47, ''),
(3948, 6, 1413, 3, 3, 'media/image/olivenoel.jpg'),
(3949, 6, 1413, 3, 7, '[{"x":"0","y":"0","width":"503","height":"369","link":"SW10042","resizerIndex":8,"path":""}]'),
(3950, 6, 1413, 3, 47, ''),
(3951, 6, 1414, 3, 3, 'media/image/farbe.jpg'),
(3952, 6, 1414, 3, 7, '[{"x":"0","y":"0","width":"503","height":"369","link":"SW10036","resizerIndex":9,"path":""}]'),
(3953, 6, 1414, 3, 47, ''),
(3954, 6, 1415, 3, 3, 'media/image/schokocreme.jpg'),
(3955, 6, 1415, 3, 7, '[{"x":"0","y":"0","width":"503","height":"369","link":"SW10239","resizerIndex":10,"path":""}]'),
(3956, 6, 1415, 3, 47, ''),
(3957, 6, 1416, 3, 3, 'media/image/nudeln.jpg'),
(3958, 6, 1416, 3, 7, '[{"x":"0","y":"0","width":"503","height":"369","link":"SW10038","resizerIndex":11,"path":""}]'),
(3959, 6, 1416, 3, 47, ''),
(3960, 6, 1417, 2, 4, '<p>Lorem ipsum dolor sit amet, consetetur sadipscing elitr, sed diam nonumy eirmod tempor invidunt ut labore et dolore magna aliquyam erat, sed diam voluptua. At vero eos et accusam et justo duo dolores et ea rebum. Stet clita kasd gubergren, no sea takimata sanctus est Lorem ipsum dolor sit amet. Lorem ipsum dolor sit amet, consetetur sadipscing elitr, sed diam nonumy eirmod tempor invidunt ut labore et dolore magna aliquyam erat, sed diam voluptua. At vero eos et accusam et justo duo dolores et ea rebum. Stet clita kasd gubergren, no sea takimata sanctus est Lorem ipsum dolor sit amet.</p>\n<p>Lorem ipsum dolor sit amet, consetetur sadipscing elitr, sed diam nonumy eirmod tempor invidunt ut labore et dolore magna aliquyam erat, sed diam voluptua. At vero eos et accusam et justo duo dolores et ea rebum. Stet clita kasd gubergren, no sea takimata sanctus est Lorem ipsum dolor sit amet.</p>'),
(3961, 6, 1417, 2, 6, 'The Deli Garage'),
(4205, 10, 1493, 7, 13, ''),
(4206, 10, 1493, 7, 15, '1'),
(4207, 10, 1493, 7, 16, ''),
(4208, 10, 1493, 7, 17, '500'),
(4209, 10, 1493, 7, 18, ''),
(4210, 10, 1493, 7, 19, '5000'),
(4211, 10, 1493, 7, 20, '[{"position":0,"path":"media\\/image\\/beach3_en.jpg","mediaId":739,"link":""},{"position":1,"path":"media\\/image\\/beach2_en.jpg","mediaId":738,"link":""},{"position":2,"path":"media\\/image\\/beach1_en.jpg","mediaId":737,"link":""}]'),
(4212, 10, 1494, 4, 5, ''),
(4213, 10, 1494, 4, 8, 'random_article'),
(4214, 10, 1495, 4, 5, ''),
(4215, 10, 1495, 4, 8, 'random_article'),
(4216, 10, 1496, 10, 25, 'selected_manufacturers'),
(4217, 10, 1496, 10, 26, NULL),
(4218, 10, 1496, 10, 27, '[{"position":0,"name":"Feinbrennerei Sasse","supplierId":2,"path":""},{"position":1,"name":"The Deli Garage","supplierId":4,"path":""},{"position":2,"name":"Vintage Driver","supplierId":7,"path":""},{"position":3,"name":"Das blaue Haus","supplierId":8,"path":""},{"position":4,"name":"Beachdreams Clothes","supplierId":12,"path":""},{"position":5,"name":"Sun Smile and Protect","supplierId":13,"path":""},{"position":7,"name":"stop the water while using me","supplierId":15,"path":""},{"position":8,"name":"Access Oires Sisters","supplierId":5,"path":""}]'),
(4219, 10, 1496, 10, 28, 'Our top brands'),
(4220, 10, 1496, 10, 30, '1'),
(4222, 10, 1496, 10, 32, '500'),
(4223, 10, 1496, 10, 33, ''),
(4224, 10, 1496, 10, 34, '5000'),
(4225, 10, 1497, 4, 5, ''),
(4226, 10, 1497, 4, 8, 'random_article'),
(4227, 10, 1498, 4, 5, ''),
(4228, 10, 1498, 4, 8, 'random_article'),
(4229, 10, 1499, 3, 3, 'media/image/Teaser-Banner504091a2365ee.jpg'),
(4230, 10, 1499, 3, 7, '[{"x":0,"y":0,"width":"240","height":"211","link":"SW10178","resizerIndex":0,"linkLocation":"internal","title":"","as_tooltip":0,"path":""},{"x":"0","y":"212","width":"240","height":"166","link":"SW10170","resizerIndex":1,"linkLocation":"internal","title":"","as_tooltip":0,"path":""},{"x":"0","y":"379","width":"240","height":"166","link":"SW10153.1","resizerIndex":2,"linkLocation":"internal","title":"","as_tooltip":0,"path":""}]'),
(4231, 10, 1499, 3, 47, ''),
(4232, 7, 1500, 3, 3, 'media/image/sommerwelten_top.jpg'),
(4233, 7, 1500, 3, 7, '[{"x":158,"y":27,"width":198,"height":150,"link":"SW10170","resizerIndex":17,"path":""},{"x":515,"y":26,"width":208,"height":183,"link":"SW10159","resizerIndex":18,"path":""},{"x":47,"y":207,"width":227,"height":173,"link":"SW10178","resizerIndex":19,"path":""},{"x":263,"y":354,"width":183,"height":175,"link":"SW10172","resizerIndex":20,"path":""},{"x":291,"y":511,"width":210,"height":81,"link":"SW10172","resizerIndex":21,"path":""},{"x":580,"y":481,"width":151,"height":241,"link":"SW10150","resizerIndex":22,"path":""},{"x":517,"y":686,"width":159,"height":56,"link":"SW10150","resizerIndex":23,"path":""},{"x":54,"y":560,"width":212,"height":147,"link":"SW10155.1","resizerIndex":24,"path":""},{"x":"456","y":"238","width":"111","height":"62","link":"SW10098","resizerIndex":25,"path":""},{"x":"505","y":"239","width":"173","height":"227","link":"SW10098","resizerIndex":26,"path":""}]'),
(4234, 7, 1500, 3, 47, ''),
(4235, 7, 1501, 3, 3, 'media/image/sommerwelten_stopthewater_banner.jpg'),
(4236, 7, 1501, 3, 7, 'null'),
(4237, 7, 1501, 3, 47, 'campaign/index/emotionId/5'),
(4238, 7, 1502, 3, 3, 'media/image/sommerwelten_flipflops_banner.jpg'),
(4239, 7, 1502, 3, 7, '[{"x":"0","y":"0","width":"403","height":"184","link":"SW10153.1","resizerIndex":8,"path":""}]'),
(4240, 7, 1502, 3, 47, ''),
(4241, 7, 1503, 4, 5, 'SW10176'),
(4242, 7, 1503, 4, 8, 'selected_article'),
(4243, 7, 1504, 4, 5, 'SW10098'),
(4244, 7, 1504, 4, 8, 'selected_article'),
(4245, 7, 1505, 4, 5, 'SW10158'),
(4246, 7, 1505, 4, 8, 'selected_article'),
(4247, 7, 1506, 4, 5, 'SW10173'),
(4248, 7, 1506, 4, 8, 'selected_article'),
(4249, 7, 1507, 4, 5, 'SW10177'),
(4250, 7, 1507, 4, 8, 'selected_article'),
(4251, 7, 1508, 4, 5, 'SW10152'),
(4252, 7, 1508, 4, 8, 'selected_article'),
(4253, 7, 1509, 3, 3, 'media/image/sommerwelten_top_banner.jpg'),
(4254, 7, 1509, 3, 7, 'null'),
(4255, 7, 1509, 3, 47, ''),
(4256, 7, 1510, 4, 5, 'SW10162.1'),
(4257, 7, 1510, 4, 8, 'selected_article'),
(4258, 7, 1511, 4, 5, 'SW10159'),
(4259, 7, 1511, 4, 8, 'selected_article'),
(4260, 7, 1512, 6, 12, '3'),
(4261, 2, 1294, 3, 65, 'center right'),
(4262, 2, 1294, 3, 89, ''),
(4263, 2, 1294, 3, 85, ''),
(4264, 3, 542, 3, 65, 'center left'),
(4265, 3, 542, 3, 89, ''),
(4266, 3, 542, 3, 85, ''),
(4267, 4, 1377, 3, 65, 'bottom left'),
(4268, 4, 1377, 3, 89, ''),
(4269, 4, 1377, 3, 85, ''),
(4270, 7, 1512, 6, 68, '17'),
(4271, 6, 1409, 3, 65, 'top left'),
(4272, 6, 1409, 3, 89, ''),
(4273, 6, 1409, 3, 85, ''),
(4274, 1, 1023, 6, 68, '17'),
(4275, 1, 1023, 6, 12, '3'),
(4276, 1, 1023, 6, 67, '3'),
(4277, 7, 1512, 6, 67, '3');

TRUNCATE TABLE `s_emotion_templates`;
INSERT INTO `s_emotion_templates` (`id`, `name`, `file`) VALUES
(1, 'Standard', 'index.tpl');

TRUNCATE TABLE `s_export_articles`;
TRUNCATE TABLE `s_export_attributes`;
TRUNCATE TABLE `s_export_categories`;
TRUNCATE TABLE `s_export_suppliers`;
TRUNCATE TABLE `s_filter`;
INSERT INTO `s_filter` (`id`, `name`, `position`, `comparable`, `sortmode`) VALUES
(1, 'Edelbrände', 0, 1, 2);

TRUNCATE TABLE `s_filter_articles`;
INSERT INTO `s_filter_articles` (`articleID`, `valueID`) VALUES
(2, 23),
(2, 26),
(2, 27),
(2, 31),
(2, 33),
(2, 36),
(2, 40),
(3, 24),
(3, 28),
(3, 34),
(3, 35),
(3, 39),
(4, 24),
(4, 33),
(4, 35),
(4, 39),
(4, 41),
(5, 22),
(5, 24),
(5, 25),
(5, 26),
(5, 28),
(5, 33),
(5, 35),
(5, 39),
(6, 23),
(6, 33),
(6, 36),
(6, 40),
(7, 22),
(7, 24),
(7, 25),
(7, 29),
(7, 32),
(7, 35),
(7, 40),
(8, 23),
(8, 31),
(8, 33),
(8, 36),
(8, 40),
(9, 23),
(9, 31),
(9, 33),
(9, 36),
(9, 40),
(12, 29),
(12, 32),
(12, 40),
(122, 22),
(122, 24),
(122, 25),
(122, 26),
(122, 29),
(122, 32),
(122, 35),
(122, 40);

TRUNCATE TABLE `s_filter_attributes`;
TRUNCATE TABLE `s_filter_options`;
INSERT INTO `s_filter_options` (`id`, `name`, `filterable`) VALUES
(1, 'Alkoholgehalt', 1),
(2, 'Flaschengröße', 1),
(4, 'Farbe', 1),
(6, 'Geschmack', 1),
(7, 'Trinktemperatur', 1);

TRUNCATE TABLE `s_filter_relations`;
INSERT INTO `s_filter_relations` (`id`, `groupID`, `optionID`, `position`) VALUES
(1, 1, 7, 0),
(2, 1, 6, 1),
(3, 1, 4, 2),
(4, 1, 2, 3),
(5, 1, 1, 4);

TRUNCATE TABLE `s_filter_values`;
INSERT INTO `s_filter_values` (`id`, `optionID`, `value`, `position`) VALUES
(1, 1, '32%', 3),
(2, 1, '37,5%', 4),
(3, 1, '16%', 0),
(4, 1, '41,5%', 6),
(5, 1, '18%', 2),
(6, 1, '17%', 1),
(22, 2, '0,2 Liter', 0),
(23, 2, '0,5 Liter', 1),
(24, 2, '0,7 Liter', 2),
(25, 2, '1,0 Liter', 3),
(26, 2, '1,5 Liter', 4),
(27, 2, '5,0 Liter', 5),
(28, 4, 'rot', 2),
(29, 4, 'klar', 1),
(31, 4, 'goldig', 0),
(32, 6, 'herb', 0),
(33, 6, 'mild', 1),
(34, 6, 'fruchtig', 2),
(35, 7, 'Gekühlt', 0),
(36, 7, 'Zimmertemperatur', 1),
(38, 1, '40%', 5),
(39, 1, '< 20%', 7),
(40, 1, '>30%', 8),
(41, 4, 'schokobraun', 3);

TRUNCATE TABLE `s_media`;
INSERT INTO `s_media` (`id`, `albumID`, `name`, `description`, `path`, `type`, `extension`, `file_size`, `userID`, `created`) VALUES
(2, -1, 'Muensterlaender_Lagerkorn_Ballons_Hochformat', '', 'media/image/Muensterlaender_Lagerkorn_Ballons_Hochformat.jpg', 'IMAGE', 'jpg', 1157037, 48, '2012-08-15'),
(3, -1, 'Muensterlaender_Lagerkorn_Imagefoto', '', 'media/image/Muensterlaender_Lagerkorn_Imagefoto.jpg', 'IMAGE', 'jpg', 1405284, 48, '2012-08-15'),
(4, -1, 'Muensterlaender_Lagerkorn_Produktion', '', 'media/image/Muensterlaender_Lagerkorn_Produktion.jpg', 'IMAGE', 'jpg', 1454235, 48, '2012-08-15'),
(5, 2, 'SAS', '', 'media/image/SAS.jpg', 'IMAGE', 'jpg', 195131, 48, '2012-08-15'),
(6, -1, 'Muensterlaender_Lagerkorn', '', 'media/image/Muensterlaender_Lagerkorn.jpg', 'IMAGE', 'jpg', 2014073, 48, '2012-08-15'),
(8, -1, 'Muensterlaender_Aperitif_Flasche', '', 'media/image/Muensterlaender_Aperitif_Flasche.jpg', 'IMAGE', 'jpg', 1018617, 48, '2012-08-15'),
(9, -1, 'Muensterlaender_Aperitif-Box', '', 'media/image/Muensterlaender_Aperitif-Box.jpg', 'IMAGE', 'jpg', 617792, 48, '2012-08-15'),
(10, -1, 'Lagerkorn-5,0klein', '', 'media/image/Lagerkorn-50klein.jpg', 'IMAGE', 'jpg', 18921, 48, '2012-08-15'),
(13, -1, 'LatteMacchiato', '', 'media/image/LatteMacchiato.jpg', 'IMAGE', 'jpg', 23944, 48, '2012-08-15'),
(14, -1, 'LatteMacchiato502bc1efd65b6', '', 'media/image/LatteMacchiato502bc1efd65b6.jpg', 'IMAGE', 'jpg', 23944, 48, '2012-08-15'),
(15, -1, 'Emmelkamper_Holunderlikoer_700ml', '', 'media/image/Emmelkamper_Holunderlikoer_700ml.jpg', 'IMAGE', 'jpg', 395538, 48, '2012-08-15'),
(16, -1, 'Cigar_Special', '', 'media/image/Cigar_Special.jpg', 'IMAGE', 'jpg', 467761, 48, '2012-08-15'),
(17, -1, 'WacholderFlasche_frei', '', 'media/image/WacholderFlasche_frei.jpg', 'IMAGE', 'jpg', 25235, 48, '2012-08-16'),
(19, -1, 'Glas_Muensterlaender_Aperitif_Imagefoto', '', 'media/image/Glas_Muensterlaender_Aperitif_Imagefoto.jpg', 'IMAGE', 'jpg', 1078599, 48, '2012-08-16'),
(20, -1, 'Lagerkorn_TS', '', 'media/image/Lagerkorn_TS.jpg', 'IMAGE', 'jpg', 17651, 48, '2012-08-16'),
(21, -1, 'Lagerkorn_XO', '', 'media/image/Lagerkorn_XO.jpg', 'IMAGE', 'jpg', 19713, 48, '2012-08-16'),
(22, -1, 'Emmelkamper_Holunderlikoer_200ml-1', '', 'media/image/Emmelkamper_Holunderlikoer_200ml-1.jpg', 'IMAGE', 'jpg', 291282, 48, '2012-08-16'),
(23, -1, 'KobraVodka', '', 'media/image/KobraVodka.jpg', 'IMAGE', 'jpg', 17827, 48, '2012-08-16'),
(24, 2, 'Logo-teapavilion', '', 'media/image/Logo-teapavilion.gif', 'IMAGE', 'gif', 1768, 48, '2012-08-16'),
(25, -1, 'Tee-weiss-Pai-Mu-Tan-Dose', '', 'media/image/Tee-weiss-Pai-Mu-Tan-Dose.jpg', 'IMAGE', 'jpg', 59731, 48, '2012-08-16'),
(26, -1, 'Tee-weiss-Pai-Mu-Tan-Schale', '', 'media/image/Tee-weiss-Pai-Mu-Tan-Schale.jpg', 'IMAGE', 'jpg', 30687, 48, '2012-08-16'),
(27, -1, 'Tee-weiss-Pai-Mu-Tan', '', 'media/image/Tee-weiss-Pai-Mu-Tan.jpg', 'IMAGE', 'jpg', 130497, 48, '2012-08-16'),
(34, -1, 'Tee-weiss-Silver-Yin-Zhen-Anbaugebiet', '', 'media/image/Tee-weiss-Silver-Yin-Zhen-Anbaugebiet.jpg', 'IMAGE', 'jpg', 48850, 48, '2012-08-16'),
(35, -1, 'Tee-weiss-Silver-Yin-Zhen-Dose', '', 'media/image/Tee-weiss-Silver-Yin-Zhen-Dose.jpg', 'IMAGE', 'jpg', 64886, 48, '2012-08-16'),
(36, -1, 'Tee-weiss-Silver-Yin-Zhen-Schale', '', 'media/image/Tee-weiss-Silver-Yin-Zhen-Schale.jpg', 'IMAGE', 'jpg', 27896, 48, '2012-08-16'),
(37, -1, 'Tee-weiss-Silver-Yin-Zhen', '', 'media/image/Tee-weiss-Silver-Yin-Zhen.jpg', 'IMAGE', 'jpg', 32587, 48, '2012-08-16'),
(38, -1, 'Tee-weiss-Pai-Mu-Anbaugebiet', '', 'media/image/Tee-weiss-Pai-Mu-Anbaugebiet.jpg', 'IMAGE', 'jpg', 48850, 48, '2012-08-16'),
(39, -1, 'Tee-gruen-Lung-Ching-Anbaugebiet', '', 'media/image/Tee-gruen-Lung-Ching-Anbaugebiet.jpg', 'IMAGE', 'jpg', 49664, 48, '2012-08-16'),
(40, -1, 'Tee-gruen-Lung-Ching-Dose', '', 'media/image/Tee-gruen-Lung-Ching-Dose.jpg', 'IMAGE', 'jpg', 71204, 48, '2012-08-16'),
(41, -1, 'Tee-gruen-Lung-Ching-Schale', '', 'media/image/Tee-gruen-Lung-Ching-Schale.jpg', 'IMAGE', 'jpg', 30128, 48, '2012-08-16'),
(42, -1, 'Tee-gruen-Lung-Ching', '', 'media/image/Tee-gruen-Lung-Ching.jpg', 'IMAGE', 'jpg', 140164, 48, '2012-08-16'),
(43, -1, 'Tee-Jasmine-Phoenix-Pearls-Anbaugebiet', '', 'media/image/Tee-Jasmine-Phoenix-Pearls-Anbaugebiet.jpg', 'IMAGE', 'jpg', 48850, 48, '2012-08-16'),
(44, -1, 'Tee-Jasmine-Phoenix-Pearls-Dose', '', 'media/image/Tee-Jasmine-Phoenix-Pearls-Dose.jpg', 'IMAGE', 'jpg', 69449, 48, '2012-08-16'),
(45, -1, 'Tee-Jasmine-Phoenix-Pearls-Schale', '', 'media/image/Tee-Jasmine-Phoenix-Pearls-Schale.jpg', 'IMAGE', 'jpg', 34447, 48, '2012-08-16'),
(46, -1, 'Tee-Jasmine-Phoenix-Pearls', '', 'media/image/Tee-Jasmine-Phoenix-Pearls.jpg', 'IMAGE', 'jpg', 102418, 48, '2012-08-16'),
(47, -1, 'Tee-gruen-Mao-Feng-Anbaugebiet', '', 'media/image/Tee-gruen-Mao-Feng-Anbaugebiet.jpg', 'IMAGE', 'jpg', 49240, 48, '2012-08-16'),
(48, -1, 'Tee-gruen-Mao-Feng-Dose', '', 'media/image/Tee-gruen-Mao-Feng-Dose.jpg', 'IMAGE', 'jpg', 63607, 48, '2012-08-16'),
(49, -1, 'Tee-gruen-Mao-Feng-Schale', '', 'media/image/Tee-gruen-Mao-Feng-Schale.jpg', 'IMAGE', 'jpg', 28607, 48, '2012-08-16'),
(50, -1, 'Tee-gruen-Mao-Feng', '', 'media/image/Tee-gruen-Mao-Feng.jpg', 'IMAGE', 'jpg', 132561, 48, '2012-08-16'),
(51, -1, 'Tee-Oriental-Jasmine-Anbaugebiet', '', 'media/image/Tee-Oriental-Jasmine-Anbaugebiet.jpg', 'IMAGE', 'jpg', 48850, 48, '2012-08-16'),
(52, -1, 'Tee-Oriental-Jasmine-Dose', '', 'media/image/Tee-Oriental-Jasmine-Dose.jpg', 'IMAGE', 'jpg', 65919, 48, '2012-08-16'),
(53, -1, 'Tee-Oriental-Jasmine-Schale', '', 'media/image/Tee-Oriental-Jasmine-Schale.jpg', 'IMAGE', 'jpg', 33231, 48, '2012-08-16'),
(54, -1, 'Tee-Oriental-Jasmine', '', 'media/image/Tee-Oriental-Jasmine.jpg', 'IMAGE', 'jpg', 55161, 48, '2012-08-16'),
(55, -1, 'Tee-gruen-Pi-Lo-Chun-Anbaugebiet', '', 'media/image/Tee-gruen-Pi-Lo-Chun-Anbaugebiet.jpg', 'IMAGE', 'jpg', 49066, 48, '2012-08-16'),
(56, -1, 'Tee-gruen-Pi-Lo-Chun-Dose', '', 'media/image/Tee-gruen-Pi-Lo-Chun-Dose.jpg', 'IMAGE', 'jpg', 69647, 48, '2012-08-16'),
(57, -1, 'Tee-gruen-Pi-Lo-Chun-Schale', '', 'media/image/Tee-gruen-Pi-Lo-Chun-Schale.jpg', 'IMAGE', 'jpg', 30338, 48, '2012-08-16'),
(58, -1, 'Tee-gruen-Pi-Lo-Chun', '', 'media/image/Tee-gruen-Pi-Lo-Chun.jpg', 'IMAGE', 'jpg', 145088, 48, '2012-08-16'),
(59, -1, 'Tee-Jasmine-Lotus-Anbaugebiet', '', 'media/image/Tee-Jasmine-Lotus-Anbaugebiet.jpg', 'IMAGE', 'jpg', 48850, 48, '2012-08-16'),
(60, -1, 'Tee-Jasmine-Lotus-Dose', '', 'media/image/Tee-Jasmine-Lotus-Dose.jpg', 'IMAGE', 'jpg', 68529, 48, '2012-08-16'),
(61, -1, 'Tee-Jasmine-Lotus-Schale', '', 'media/image/Tee-Jasmine-Lotus-Schale.jpg', 'IMAGE', 'jpg', 28616, 48, '2012-08-16'),
(62, -1, 'Tee-Jasmine-Lotus', '', 'media/image/Tee-Jasmine-Lotus.jpg', 'IMAGE', 'jpg', 148483, 48, '2012-08-16'),
(63, 2, 'Logo-the-deli-garage', '', 'media/image/Logo-the-deli-garage.jpg', 'IMAGE', 'jpg', 6168, 48, '2012-08-16'),
(64, -1, 'Tee-Tasse-Glas-Seite', '', 'media/image/Tee-Tasse-Glas-Seite.jpg', 'IMAGE', 'jpg', 50818, 50, '2012-08-16'),
(65, -1, 'Tee-Tasse-Glas', '', 'media/image/Tee-Tasse-Glas.jpg', 'IMAGE', 'jpg', 28794, 50, '2012-08-16'),
(66, -1, 'Tee-Tasse-Glas-Seite-Leer', '', 'media/image/Tee-Tasse-Glas-Seite-Leer.jpg', 'IMAGE', 'jpg', 23903, 50, '2012-08-16'),
(67, -1, 'Glasbecher-Leer', '', 'media/image/Glasbecher-Leer.jpg', 'IMAGE', 'jpg', 19413, 50, '2012-08-16'),
(68, -1, 'Glasbecher-Seite-Teekanne', '', 'media/image/Glasbecher-Seite-Teekanne.jpg', 'IMAGE', 'jpg', 45590, 50, '2012-08-16'),
(69, -1, 'Glasbecher-Seite', '', 'media/image/Glasbecher-Seite.jpg', 'IMAGE', 'jpg', 20546, 50, '2012-08-16'),
(70, -1, 'Teekaenchen-Glas-Seite', '', 'media/image/Teekaenchen-Glas-Seite.jpg', 'IMAGE', 'jpg', 32948, 50, '2012-08-16'),
(71, -1, 'Teekaenchen-Glas-Teile', '', 'media/image/Teekaenchen-Glas-Teile.jpg', 'IMAGE', 'jpg', 25583, 50, '2012-08-16'),
(72, -1, 'Teekaennchen-Glas-Seite-Leer', '', 'media/image/Teekaennchen-Glas-Seite-Leer.jpg', 'IMAGE', 'jpg', 25508, 50, '2012-08-16'),
(73, -1, 'Teekanne-Glas-Beispiel-Kraeuter', '', 'media/image/Teekanne-Glas-Beispiel-Kraeuter.jpg', 'IMAGE', 'jpg', 75604, 50, '2012-08-16'),
(74, -1, 'Teekanne-Glas-Leer', '', 'media/image/Teekanne-Glas-Leer.jpg', 'IMAGE', 'jpg', 35860, 50, '2012-08-16'),
(75, -1, 'Teekanne-Glas-Zubehoer', '', 'media/image/Teekanne-Glas-Zubehoer.jpg', 'IMAGE', 'jpg', 40480, 50, '2012-08-16'),
(76, -1, 'Glas-Teezubereiter-Einzelteile', '', 'media/image/Glas-Teezubereiter-Einzelteile.jpg', 'IMAGE', 'jpg', 25965, 50, '2012-08-16'),
(77, -1, 'Glas-Teezubereiter-Leer', '', 'media/image/Glas-Teezubereiter-Leer.jpg', 'IMAGE', 'jpg', 25255, 50, '2012-08-16'),
(78, -1, 'Glas-Teezubereiter-Seite', '', 'media/image/Glas-Teezubereiter-Seite.jpg', 'IMAGE', 'jpg', 32327, 50, '2012-08-16'),
(79, -1, 'Facil-Teezubereiter-Einzelteile-2', '', 'media/image/Facil-Teezubereiter-Einzelteile-2.jpg', 'IMAGE', 'jpg', 39383, 50, '2012-08-16'),
(80, -1, 'Facil-Teezubereiter-Einzelteile', '', 'media/image/Facil-Teezubereiter-Einzelteile.jpg', 'IMAGE', 'jpg', 38345, 50, '2012-08-16'),
(81, -1, 'Facil-Teezubereiter-Leer', '', 'media/image/Facil-Teezubereiter-Leer.jpg', 'IMAGE', 'jpg', 32854, 50, '2012-08-16'),
(82, -1, 'Facil-Teezubereiter-Seite', '', 'media/image/Facil-Teezubereiter-Seite.jpg', 'IMAGE', 'jpg', 36834, 50, '2012-08-16'),
(83, -1, 'Deluxe-Eisteezubereiter-Seite-2', '', 'media/image/Deluxe-Eisteezubereiter-Seite-2.jpg', 'IMAGE', 'jpg', 26705, 50, '2012-08-16'),
(84, -1, 'Deluxe-Eisteezubereiter-Seite', '', 'media/image/Deluxe-Eisteezubereiter-Seite.jpg', 'IMAGE', 'jpg', 27195, 50, '2012-08-16'),
(85, -1, 'Porzellan-Teeservice', '', 'media/image/Porzellan-Teeservice.jpg', 'IMAGE', 'jpg', 41495, 50, '2012-08-16'),
(86, -1, 'Prozellan-Teeservice-Leer', '', 'media/image/Prozellan-Teeservice-Leer.jpg', 'IMAGE', 'jpg', 37764, 50, '2012-08-16'),
(87, -1, 'Prozellan-Teeservice-Tasse-einzeln', '', 'media/image/Prozellan-Teeservice-Tasse-einzeln.jpg', 'IMAGE', 'jpg', 37962, 50, '2012-08-16'),
(88, -1, 'Prozellen-Tee-Set-Geschenkbox-Aufgereiht', '', 'media/image/Prozellen-Tee-Set-Geschenkbox-Aufgereiht.jpg', 'IMAGE', 'jpg', 75075, 50, '2012-08-16'),
(89, -1, 'Prozellen-Tee-Set-Geschenkbox-Leer', '', 'media/image/Prozellen-Tee-Set-Geschenkbox-Leer.jpg', 'IMAGE', 'jpg', 79983, 50, '2012-08-16'),
(90, -1, 'Prozellen-Tee-Set-Geschenkbox', '', 'media/image/Prozellen-Tee-Set-Geschenkbox.jpg', 'IMAGE', 'jpg', 86258, 50, '2012-08-16'),
(91, -1, 'Gruener-Tee-Geschenkset-Blueten', '', 'media/image/Gruener-Tee-Geschenkset-Blueten.jpg', 'IMAGE', 'jpg', 103051, 50, '2012-08-17'),
(92, -1, 'Gruener-Tee-Geschenkset-Dosen', '', 'media/image/Gruener-Tee-Geschenkset-Dosen.jpg', 'IMAGE', 'jpg', 109250, 50, '2012-08-17'),
(93, -1, 'Gruener-Tee-Geschenkset-Feld', '', 'media/image/Gruener-Tee-Geschenkset-Feld.jpg', 'IMAGE', 'jpg', 277044, 50, '2012-08-17'),
(94, -1, 'Gruener-Tee-Geschenkset-Pi-Lo-Chun-Cover', '', 'media/image/Gruener-Tee-Geschenkset-Pi-Lo-Chun-Cover.jpg', 'IMAGE', 'jpg', 149676, 50, '2012-08-17'),
(95, -1, 'Gruener-Tee-Geschenkset-Tasse', '', 'media/image/Gruener-Tee-Geschenkset-Tasse.jpg', 'IMAGE', 'jpg', 30180, 50, '2012-08-17'),
(96, -1, 'Jasmine-Tee-Geschenkset-Blueten', '', 'media/image/Jasmine-Tee-Geschenkset-Blueten.jpg', 'IMAGE', 'jpg', 97532, 50, '2012-08-17'),
(97, -1, 'Jasmine-Tee-Geschenkset-Dosen', '', 'media/image/Jasmine-Tee-Geschenkset-Dosen.jpg', 'IMAGE', 'jpg', 97431, 50, '2012-08-17'),
(98, -1, 'Jasmine-Tee-Geschenkset-Karte', '', 'media/image/Jasmine-Tee-Geschenkset-Karte.jpg', 'IMAGE', 'jpg', 46823, 50, '2012-08-17'),
(99, -1, 'Jasmine-Tee-Geschenkset-Tasse', '', 'media/image/Jasmine-Tee-Geschenkset-Tasse.jpg', 'IMAGE', 'jpg', 33261, 50, '2012-08-17'),
(100, -1, 'Jasmine-Lotus-Cover', '', 'media/image/Jasmine-Lotus-Cover.jpg', 'IMAGE', 'jpg', 155633, 50, '2012-08-17'),
(101, -1, 'Oolong-Tee-Geschenkset-Cover', '', 'media/image/Oolong-Tee-Geschenkset-Cover.jpg', 'IMAGE', 'jpg', 136847, 50, '2012-08-17'),
(102, -1, 'Oolong-Tee-Geschenkset-Dosen', '', 'media/image/Oolong-Tee-Geschenkset-Dosen.jpg', 'IMAGE', 'jpg', 126699, 50, '2012-08-17'),
(103, -1, 'Oolong-Tee-Geschenkset-Feld', '', 'media/image/Oolong-Tee-Geschenkset-Feld.jpg', 'IMAGE', 'jpg', 275160, 50, '2012-08-17'),
(104, -1, 'Oolong-Tee-Geschenkset-Karte', '', 'media/image/Oolong-Tee-Geschenkset-Karte.jpg', 'IMAGE', 'jpg', 46823, 50, '2012-08-17'),
(105, -1, 'Oolong-Tee-Geschenkset-Tasse', '', 'media/image/Oolong-Tee-Geschenkset-Tasse.jpg', 'IMAGE', 'jpg', 34509, 50, '2012-08-17'),
(106, -1, 'PU-ERH-Tee-Geschenkset-Cover', '', 'media/image/PU-ERH-Tee-Geschenkset-Cover.jpg', 'IMAGE', 'jpg', 198293, 50, '2012-08-17'),
(107, -1, 'PU-ERH-Tee-Geschenkset-Blaetter', '', 'media/image/PU-ERH-Tee-Geschenkset-Blaetter.jpg', 'IMAGE', 'jpg', 105140, 50, '2012-08-17'),
(108, -1, 'PU-ERH-Tee-Geschenkset-Dosen', '', 'media/image/PU-ERH-Tee-Geschenkset-Dosen.jpg', 'IMAGE', 'jpg', 133553, 50, '2012-08-17'),
(109, -1, 'PU-ERH-Tee-Geschenkset-Karte', '', 'media/image/PU-ERH-Tee-Geschenkset-Karte.jpg', 'IMAGE', 'jpg', 46902, 50, '2012-08-17'),
(110, -1, 'PU-ERH-Tee-Geschenkset-Tasse', '', 'media/image/PU-ERH-Tee-Geschenkset-Tasse.jpg', 'IMAGE', 'jpg', 34178, 50, '2012-08-17'),
(111, -1, 'PU-ERH-Tee-Geschenkset-Blaetter502de344b14cb', '', 'media/image/PU-ERH-Tee-Geschenkset-Blaetter502de344b14cb.jpg', 'IMAGE', 'jpg', 105140, 50, '2012-08-17'),
(112, -1, 'PU-ERH-Tee-Geschenkset-Cover502de34719689', '', 'media/image/PU-ERH-Tee-Geschenkset-Cover502de34719689.jpg', 'IMAGE', 'jpg', 198293, 50, '2012-08-17'),
(113, -1, 'PU-ERH-Tee-Geschenkset-Dosen502de34931c94', '', 'media/image/PU-ERH-Tee-Geschenkset-Dosen502de34931c94.jpg', 'IMAGE', 'jpg', 133553, 50, '2012-08-17'),
(114, -1, 'PU-ERH-Tee-Geschenkset-Karte502de34a32e14', '', 'media/image/PU-ERH-Tee-Geschenkset-Karte502de34a32e14.jpg', 'IMAGE', 'jpg', 46902, 50, '2012-08-17'),
(115, -1, 'PU-ERH-Tee-Geschenkset-Tasse502de34b52a2c', '', 'media/image/PU-ERH-Tee-Geschenkset-Tasse502de34b52a2c.jpg', 'IMAGE', 'jpg', 34178, 50, '2012-08-17'),
(116, -1, 'Schwarzer-Tee-Geschenkset-Dosen', '', 'media/image/Schwarzer-Tee-Geschenkset-Dosen.jpg', 'IMAGE', 'jpg', 137623, 50, '2012-08-17'),
(117, -1, 'Schwarzer-Tee-Geschenkset-Feld', '', 'media/image/Schwarzer-Tee-Geschenkset-Feld.jpg', 'IMAGE', 'jpg', 126813, 50, '2012-08-17'),
(118, -1, 'Schwarzer-Tee-Geschenkset-Fruechte', '', 'media/image/Schwarzer-Tee-Geschenkset-Fruechte.jpg', 'IMAGE', 'jpg', 71575, 50, '2012-08-17'),
(119, -1, 'Schwarzer-Tee-Geschenkset-Pychee-Black-Cover', '', 'media/image/Schwarzer-Tee-Geschenkset-Pychee-Black-Cover.jpg', 'IMAGE', 'jpg', 180967, 50, '2012-08-17'),
(120, -1, 'Schwarzer-Tee-Geschenkset-Tasse', '', 'media/image/Schwarzer-Tee-Geschenkset-Tasse.jpg', 'IMAGE', 'jpg', 34561, 50, '2012-08-17'),
(121, -1, 'Weisser-Tee-Geschenkset-Silver-Yin-Zhen-Cover', '', 'media/image/Weisser-Tee-Geschenkset-Silver-Yin-Zhen-Cover.jpg', 'IMAGE', 'jpg', 129319, 50, '2012-08-17'),
(122, -1, 'Weisser-Tee-Geschenkset-Blatt', '', 'media/image/Weisser-Tee-Geschenkset-Blatt.jpg', 'IMAGE', 'jpg', 52200, 50, '2012-08-17'),
(123, -1, 'Weisser-Tee-Geschenkset-Dosen', '', 'media/image/Weisser-Tee-Geschenkset-Dosen.jpg', 'IMAGE', 'jpg', 106599, 50, '2012-08-17'),
(124, -1, 'Weisser-Tee-Geschenkset-Karte', '', 'media/image/Weisser-Tee-Geschenkset-Karte.jpg', 'IMAGE', 'jpg', 46787, 50, '2012-08-17'),
(125, -1, 'Weisser-Tee-Geschenkset-Tasse', '', 'media/image/Weisser-Tee-Geschenkset-Tasse.jpg', 'IMAGE', 'jpg', 27953, 50, '2012-08-17'),
(126, -1, 'Esslack-Gold-Silber-Front', '', 'media/image/Esslack-Gold-Silber-Front.jpg', 'IMAGE', 'jpg', 52225, 50, '2012-08-17'),
(127, -1, 'Esslack-Gold-Tomate-Use', '', 'media/image/Esslack-Gold-Tomate-Use.jpg', 'IMAGE', 'jpg', 57780, 50, '2012-08-17'),
(128, -1, 'Esslack-Silber-Brezel-Use', '', 'media/image/Esslack-Silber-Brezel-Use.jpg', 'IMAGE', 'jpg', 68127, 50, '2012-08-17'),
(129, -1, 'Esslack-Silber-CloseUp-Top', '', 'media/image/Esslack-Silber-CloseUp-Top.jpg', 'IMAGE', 'jpg', 113980, 50, '2012-08-17'),
(130, -1, 'Esslack-Silber-CloseUp', '', 'media/image/Esslack-Silber-CloseUp.jpg', 'IMAGE', 'jpg', 89671, 50, '2012-08-17'),
(131, -1, 'Kraftstoff-Sorten', '', 'media/image/Kraftstoff-Sorten.jpg', 'IMAGE', 'jpg', 107894, 50, '2012-08-17'),
(132, -1, 'Kraftstoff-Beispiel', '', 'media/image/Kraftstoff-Beispiel.jpg', 'IMAGE', 'jpg', 84164, 50, '2012-08-17'),
(133, -1, 'Kraftstoff-Brombeer-Back-and-Front', '', 'media/image/Kraftstoff-Brombeer-Back-and-Front.jpg', 'IMAGE', 'jpg', 96122, 50, '2012-08-17'),
(134, -1, 'Kraftstoff-CloseUp-2', '', 'media/image/Kraftstoff-CloseUp-2.jpg', 'IMAGE', 'jpg', 126622, 50, '2012-08-17'),
(135, -1, 'Kraftstoff-CloseUp-3', '', 'media/image/Kraftstoff-CloseUp-3.jpg', 'IMAGE', 'jpg', 122185, 50, '2012-08-17'),
(136, -1, 'Kraftstoff-CloseUp-4', '', 'media/image/Kraftstoff-CloseUp-4.jpg', 'IMAGE', 'jpg', 158775, 50, '2012-08-17'),
(137, -1, 'Kraftstoff-CloseUp', '', 'media/image/Kraftstoff-CloseUp.jpg', 'IMAGE', 'jpg', 168029, 50, '2012-08-17'),
(138, -1, 'Mehrzwecknudel-CloseUp-2', '', 'media/image/Mehrzwecknudel-CloseUp-2.jpg', 'IMAGE', 'jpg', 117761, 50, '2012-08-17'),
(139, -1, 'Mehrzwecknudel-CloseUp', '', 'media/image/Mehrzwecknudel-CloseUp.jpg', 'IMAGE', 'jpg', 135300, 50, '2012-08-17'),
(140, -1, 'Mehrzwecknudel-Gabel', '', 'media/image/Mehrzwecknudel-Gabel.jpg', 'IMAGE', 'jpg', 26262, 50, '2012-08-17'),
(141, -1, 'Mehrzwecknudel-Serviert', '', 'media/image/Mehrzwecknudel-Serviert.jpg', 'IMAGE', 'jpg', 55280, 50, '2012-08-17'),
(142, -1, 'Mehrzwecknudeln-Front-plus-Back-Haengend', '', 'media/image/Mehrzwecknudeln-Front-plus-Back-Haengend.jpg', 'IMAGE', 'jpg', 99923, 50, '2012-08-17'),
(143, -1, 'Mehrzwecknudeln-Front-plus-Back', '', 'media/image/Mehrzwecknudeln-Front-plus-Back.jpg', 'IMAGE', 'jpg', 70150, 50, '2012-08-17'),
(144, -1, 'Oelwechsel-CloseUp', '', 'media/image/Oelwechsel-CloseUp.jpg', 'IMAGE', 'jpg', 81962, 50, '2012-08-17'),
(145, -1, 'Oelwechsel-Peperoni', '', 'media/image/Oelwechsel-Peperoni.jpg', 'IMAGE', 'jpg', 44023, 50, '2012-08-17'),
(146, -1, 'Oelwechsel-Rosmarin', '', 'media/image/Oelwechsel-Rosmarin.jpg', 'IMAGE', 'jpg', 46405, 50, '2012-08-17'),
(147, -1, 'Oelwechsel-Sorten-Front-plus-Packshot', '', 'media/image/Oelwechsel-Sorten-Front-plus-Packshot.jpg', 'IMAGE', 'jpg', 54665, 50, '2012-08-17'),
(148, -1, 'Oelwechsel-Sorten-Front', '', 'media/image/Oelwechsel-Sorten-Front.jpg', 'IMAGE', 'jpg', 61644, 50, '2012-08-17'),
(149, -1, 'Oelwechsel-Use', '', 'media/image/Oelwechsel-Use.jpg', 'IMAGE', 'jpg', 53386, 50, '2012-08-17'),
(150, -1, 'Oelwechsel-Zitrone', '', 'media/image/Oelwechsel-Zitrone.jpg', 'IMAGE', 'jpg', 41302, 50, '2012-08-17'),
(151, -1, 'Schokoleim-CloseUp-2', '', 'media/image/Schokoleim-CloseUp-2.jpg', 'IMAGE', 'jpg', 48599, 50, '2012-08-17'),
(152, -1, 'Schokoleim-CloseUp', '', 'media/image/Schokoleim-CloseUp.jpg', 'IMAGE', 'jpg', 65388, 50, '2012-08-17'),
(153, -1, 'Schokoleim-Front', '', 'media/image/Schokoleim-Front.jpg', 'IMAGE', 'jpg', 37529, 50, '2012-08-17'),
(154, -1, 'Schokoleim-mit-Keks', '', 'media/image/Schokoleim-mit-Keks.jpg', 'IMAGE', 'jpg', 41610, 50, '2012-08-17'),
(155, -1, 'Schokoleim-ohne-Keks', '', 'media/image/Schokoleim-ohne-Keks.jpg', 'IMAGE', 'jpg', 36994, 50, '2012-08-17'),
(156, -1, 'Schokoleim-Use', '', 'media/image/Schokoleim-Use.jpg', 'IMAGE', 'jpg', 65800, 50, '2012-08-17'),
(157, -1, 'Traubenbatterie-CloseUp-Top', '', 'media/image/Traubenbatterie-CloseUp-Top.jpg', 'IMAGE', 'jpg', 56052, 50, '2012-08-17'),
(158, -1, 'Traubenbatterie-Goldmarie-CloseUp', '', 'media/image/Traubenbatterie-Goldmarie-CloseUp.jpg', 'IMAGE', 'jpg', 79982, 50, '2012-08-17'),
(159, -1, 'Traubenbatterie-Rosamunde-CloseUp', '', 'media/image/Traubenbatterie-Rosamunde-CloseUp.jpg', 'IMAGE', 'jpg', 89480, 50, '2012-08-17'),
(160, -1, 'Traubenbatterie-Rotbart-CloseUp', '', 'media/image/Traubenbatterie-Rotbart-CloseUp.jpg', 'IMAGE', 'jpg', 96079, 50, '2012-08-17'),
(161, -1, 'Traubenbatterie-Sorten-Front', '', 'media/image/Traubenbatterie-Sorten-Front.jpg', 'IMAGE', 'jpg', 74806, 50, '2012-08-17'),
(162, -1, 'Traubenbatterie-Sorten-plus-Packshot', '', 'media/image/Traubenbatterie-Sorten-plus-Packshot.jpg', 'IMAGE', 'jpg', 51510, 50, '2012-08-17'),
(163, -1, 'Traubenbatterie-CloseUp-Top502df6771dd6c', '', 'media/image/Traubenbatterie-CloseUp-Top502df6771dd6c.jpg', 'IMAGE', 'jpg', 56052, 50, '2012-08-17'),
(164, -1, 'Traubenbatterie-Goldmarie-CloseUp502df67835979', '', 'media/image/Traubenbatterie-Goldmarie-CloseUp502df67835979.jpg', 'IMAGE', 'jpg', 79982, 50, '2012-08-17'),
(165, -1, 'Traubenbatterie-Rosamunde-CloseUp502df679b6d53', '', 'media/image/Traubenbatterie-Rosamunde-CloseUp502df679b6d53.jpg', 'IMAGE', 'jpg', 89480, 50, '2012-08-17'),
(166, -1, 'Traubenbatterie-Rotbart-CloseUp502df67b48be2', '', 'media/image/Traubenbatterie-Rotbart-CloseUp502df67b48be2.jpg', 'IMAGE', 'jpg', 96079, 50, '2012-08-17'),
(167, -1, 'Traubenbatterie-Sorten-Front502df67c914ac', '', 'media/image/Traubenbatterie-Sorten-Front502df67c914ac.jpg', 'IMAGE', 'jpg', 74806, 50, '2012-08-17'),
(168, -1, 'Traubenbatterie-Sorten-plus-Packshot502df67dd2497', '', 'media/image/Traubenbatterie-Sorten-plus-Packshot502df67dd2497.jpg', 'IMAGE', 'jpg', 51510, 50, '2012-08-17'),
(169, -1, 'Tubenhonig-Sorten-Front', '', 'media/image/Tubenhonig-Sorten-Front.jpg', 'IMAGE', 'jpg', 51857, 50, '2012-08-17'),
(170, -1, 'Tubenhonig-Use', '', 'media/image/Tubenhonig-Use.jpg', 'IMAGE', 'jpg', 28172, 50, '2012-08-17'),
(171, -1, 'Tubenhonig-CloseUp-2', '', 'media/image/Tubenhonig-CloseUp-2.jpg', 'IMAGE', 'jpg', 54837, 50, '2012-08-17'),
(172, -1, 'Tubenhonig-CloseUp-3', '', 'media/image/Tubenhonig-CloseUp-3.jpg', 'IMAGE', 'jpg', 55236, 50, '2012-08-17'),
(173, -1, 'Tubenhonig-CloseUp-Schoko', '', 'media/image/Tubenhonig-CloseUp-Schoko.jpg', 'IMAGE', 'jpg', 73031, 50, '2012-08-17'),
(174, -1, 'Tubenhonig-CloseUp-Zitrone', '', 'media/image/Tubenhonig-CloseUp-Zitrone.jpg', 'IMAGE', 'jpg', 49595, 50, '2012-08-17'),
(175, -1, 'Tubenhonig-CloseUp', '', 'media/image/Tubenhonig-CloseUp.jpg', 'IMAGE', 'jpg', 71210, 50, '2012-08-17'),
(176, -1, 'Oelwechsel-CloseUp502df8e811e39', '', 'media/image/Oelwechsel-CloseUp502df8e811e39.jpg', 'IMAGE', 'jpg', 81962, 48, '2012-08-17'),
(177, -1, 'Oelwechsel-Peperoni502df8e8e7b1a', '', 'media/image/Oelwechsel-Peperoni502df8e8e7b1a.jpg', 'IMAGE', 'jpg', 44023, 48, '2012-08-17'),
(178, -1, 'Oelwechsel-Rosmarin502df8e9b6764', '', 'media/image/Oelwechsel-Rosmarin502df8e9b6764.jpg', 'IMAGE', 'jpg', 46405, 48, '2012-08-17'),
(179, -1, 'Oelwechsel-Sorten-Front-plus-Packshot502df8ea8aa01', '', 'media/image/Oelwechsel-Sorten-Front-plus-Packshot502df8ea8aa01.jpg', 'IMAGE', 'jpg', 54665, 48, '2012-08-17'),
(180, -1, 'Oelwechsel-Sorten-Front502df8eb7b40f', '', 'media/image/Oelwechsel-Sorten-Front502df8eb7b40f.jpg', 'IMAGE', 'jpg', 61644, 48, '2012-08-17'),
(181, -1, 'Oelwechsel-Use502df8ec4beff', '', 'media/image/Oelwechsel-Use502df8ec4beff.jpg', 'IMAGE', 'jpg', 53386, 48, '2012-08-17'),
(182, -1, 'Oelwechsel-Zitrone502df8ed0cca5', '', 'media/image/Oelwechsel-Zitrone502df8ed0cca5.jpg', 'IMAGE', 'jpg', 41302, 48, '2012-08-17'),
(183, -1, 'Bienenkleber', '', 'media/image/Bienenkleber.jpg', 'IMAGE', 'jpg', 51495, 48, '2012-08-17'),
(185, -1, 'Bienenkleberuebersicht', '', 'media/image/Bienenkleberuebersicht.jpg', 'IMAGE', 'jpg', 71752, 48, '2012-08-17'),
(198, 2, 'Kwon-Logo', '', 'media/image/Kwon-Logo.jpg', 'IMAGE', 'jpg', 7654, 50, '2012-08-17'),
(218, -1, 'Lagerkorn-Ballon-5l', '', 'media/image/Lagerkorn-Ballon-5l.jpg', 'IMAGE', 'jpg', 1157037, 48, '2012-08-17'),
(219, -1, 'Lagerkorn-5l-Ballon', '', 'media/image/Lagerkorn-5l-Ballon.jpg', 'IMAGE', 'jpg', 18921, 48, '2012-08-17'),
(220, -1, 'Lagerkorn-5l-Ballon502e4d0dcef95', '', 'media/image/Lagerkorn-5l-Ballon502e4d0dcef95.jpg', 'IMAGE', 'jpg', 18921, 48, '2012-08-17'),
(221, -10, 'teaser_beach', '', 'media/image/teaser_beach.jpg', 'IMAGE', 'jpg', 67668, 48, '2012-08-17'),
(222, -10, 'beach1', '', 'media/image/beach1.jpg', 'IMAGE', 'jpg', 208871, 48, '2012-08-17'),
(223, -10, 'beach2', '', 'media/image/beach2.jpg', 'IMAGE', 'jpg', 187820, 48, '2012-08-17'),
(224, -10, 'beach3', '', 'media/image/beach3.jpg', 'IMAGE', 'jpg', 194654, 48, '2012-08-17'),
(225, -10, 'e_right', '', 'media/image/e_right.jpg', 'IMAGE', 'jpg', 67516, 48, '2012-08-18'),
(226, -10, 'e_4', '', 'media/image/e_4.jpg', 'IMAGE', 'jpg', 34992, 48, '2012-08-18'),
(227, -10, 'e_3', '', 'media/image/e_3.jpg', 'IMAGE', 'jpg', 23080, 48, '2012-08-18'),
(228, -10, 'e_12', '', 'media/image/e_12.jpg', 'IMAGE', 'jpg', 59039, 48, '2012-08-18'),
(229, -10, 'h_tea', '', 'media/image/h_tea.jpg', 'IMAGE', 'jpg', 3180, 48, '2012-08-18'),
(230, -10, 'h_deli', '', 'media/image/h_deli.jpg', 'IMAGE', 'jpg', 6800, 48, '2012-08-18'),
(231, -10, 'h_sasse', '', 'media/image/h_sasse.jpg', 'IMAGE', 'jpg', 4302, 48, '2012-08-18'),
(232, -10, 'h_vintage', '', 'media/image/h_vintage.jpg', 'IMAGE', 'jpg', 3808, 48, '2012-08-18'),
(233, -10, 'h_bhaus', '', 'media/image/h_bhaus.jpg', 'IMAGE', 'jpg', 4628, 48, '2012-08-18'),
(234, -10, 'iStock_000020441289Medium', '', 'media/image/iStock_000020441289Medium.jpg', 'IMAGE', 'jpg', 1628905, 48, '2012-08-18'),
(235, -10, 'iStock_000020441289Medium502fc1c5a8439', '', 'media/image/iStock_000020441289Medium502fc1c5a8439.jpg', 'IMAGE', 'jpg', 1628905, 48, '2012-08-18'),
(236, -11, 'iStock_000020441289Medium502fc29e98a48', '', 'media/image/iStock_000020441289Medium502fc29e98a48.jpg', 'IMAGE', 'jpg', 1628905, 48, '2012-08-18'),
(237, -1, 'Beistelltisch-weiss-schraeg', '', 'media/image/Beistelltisch-weiss-schraeg.jpg', 'IMAGE', 'jpg', 50841, 50, '2012-08-19'),
(238, -1, 'Beistelltisch-weiss-Schublade', '', 'media/image/Beistelltisch-weiss-Schublade.jpg', 'IMAGE', 'jpg', 65541, 50, '2012-08-19'),
(239, -1, 'Beistelltisch-weiss', '', 'media/image/Beistelltisch-weiss.jpg', 'IMAGE', 'jpg', 35831, 50, '2012-08-19'),
(240, -1, 'Briefkasten', '', 'media/image/Briefkasten.jpg', 'IMAGE', 'jpg', 53239, 50, '2012-08-19'),
(241, -1, 'Fensterspiegel-weiss-offen', '', 'media/image/Fensterspiegel-weiss-offen.jpg', 'IMAGE', 'jpg', 67236, 50, '2012-08-19'),
(242, -1, 'Fensterspiegel-weiss', '', 'media/image/Fensterspiegel-weiss.jpg', 'IMAGE', 'jpg', 81569, 50, '2012-08-19'),
(243, -1, 'Garderobe', '', 'media/image/Garderobe.jpg', 'IMAGE', 'jpg', 36865, 50, '2012-08-19'),
(244, -1, 'Kommode-antik-zwei-Schubladen', '', 'media/image/Kommode-antik-zwei-Schubladen.jpg', 'IMAGE', 'jpg', 53993, 50, '2012-08-19'),
(245, -1, 'Kommode-antik-detail', '', 'media/image/Kommode-antik-detail.jpg', 'IMAGE', 'jpg', 90806, 50, '2012-08-19'),
(246, -1, 'Kommode-Shabby-Chic-Front', '', 'media/image/Kommode-Shabby-Chic-Front.jpg', 'IMAGE', 'jpg', 119474, 50, '2012-08-19'),
(247, -1, 'Kommode-Shabby-Chic-Detail', '', 'media/image/Kommode-Shabby-Chic-Detail.jpg', 'IMAGE', 'jpg', 156953, 50, '2012-08-19'),
(248, -1, 'Regal-weiss-mit-einer-Schublade', '', 'media/image/Regal-weiss-mit-einer-Schublade.jpg', 'IMAGE', 'jpg', 57270, 50, '2012-08-19'),
(249, -1, 'Regal-weiss-detail', '', 'media/image/Regal-weiss-detail.jpg', 'IMAGE', 'jpg', 51776, 50, '2012-08-19'),
(250, -1, 'Regal-weiss-mit-einer-Schublade-detail', '', 'media/image/Regal-weiss-mit-einer-Schublade-detail.jpg', 'IMAGE', 'jpg', 65455, 50, '2012-08-19'),
(251, -1, 'Regal-weiss-detail5030b3b2df541', '', 'media/image/Regal-weiss-detail5030b3b2df541.jpg', 'IMAGE', 'jpg', 51776, 50, '2012-08-19'),
(252, -1, 'Regal-weiss', '', 'media/image/Regal-weiss.jpg', 'IMAGE', 'jpg', 31344, 50, '2012-08-19'),
(253, -1, 'Regal-weiss-detail5030b4ec97e79', '', 'media/image/Regal-weiss-detail5030b4ec97e79.jpg', 'IMAGE', 'jpg', 51776, 50, '2012-08-19'),
(254, -1, 'Schluesselkasten-weiss-offen', '', 'media/image/Schluesselkasten-weiss-offen.jpg', 'IMAGE', 'jpg', 64631, 50, '2012-08-19'),
(255, -1, 'Schluesselkasten-weiss-zu', '', 'media/image/Schluesselkasten-weiss-zu.jpg', 'IMAGE', 'jpg', 62514, 50, '2012-08-19'),
(256, -1, 'Schmuckkaestchen-weiss', '', 'media/image/Schmuckkaestchen-weiss.jpg', 'IMAGE', 'jpg', 68419, 50, '2012-08-19'),
(257, -1, 'Spiegelregal-weiss', '', 'media/image/Spiegelregal-weiss.jpg', 'IMAGE', 'jpg', 37034, 50, '2012-08-19'),
(258, -1, 'Stuhl-braun', '', 'media/image/Stuhl-braun.jpg', 'IMAGE', 'jpg', 48281, 50, '2012-08-19'),
(259, -1, 'Stuhl-braun-detail', '', 'media/image/Stuhl-braun-detail.jpg', 'IMAGE', 'jpg', 133623, 50, '2012-08-19'),
(260, -1, 'Tisch-braun-hoch', '', 'media/image/Tisch-braun-hoch.jpg', 'IMAGE', 'jpg', 80730, 50, '2012-08-19'),
(261, -1, 'Tisch-braun-hoch5030ba04d715f', '', 'media/image/Tisch-braun-hoch5030ba04d715f.jpg', 'IMAGE', 'jpg', 80730, 50, '2012-08-19'),
(262, -1, 'Tisch-braun-hoch5030ba374584f', '', 'media/image/Tisch-braun-hoch5030ba374584f.jpg', 'IMAGE', 'jpg', 80730, 50, '2012-08-19'),
(263, -1, 'Tisch-Couchtisch-braun', '', 'media/image/Tisch-Couchtisch-braun.jpg', 'IMAGE', 'jpg', 40470, 50, '2012-08-19'),
(264, -1, 'Tisch-weiss', '', 'media/image/Tisch-weiss.jpg', 'IMAGE', 'jpg', 40709, 50, '2012-08-19'),
(265, -1, 'Tisch-weiss-schraeg', '', 'media/image/Tisch-weiss-schraeg.jpg', 'IMAGE', 'jpg', 53117, 50, '2012-08-19'),
(266, -1, 'Uhr-antik', '', 'media/image/Uhr-antik.jpg', 'IMAGE', 'jpg', 118061, 50, '2012-08-19'),
(267, -1, 'Spiegel', '', 'media/image/Spiegel.jpg', 'IMAGE', 'jpg', 34837, 50, '2012-08-19'),
(268, -1, 'Backform-gelb', '', 'media/image/Backform-gelb.jpg', 'IMAGE', 'jpg', 47264, 50, '2012-08-19'),
(269, -1, 'Backform-pink', '', 'media/image/Backform-pink.jpg', 'IMAGE', 'jpg', 53833, 50, '2012-08-19'),
(270, -1, 'Backform-pink5030be8371159', '', 'media/image/Backform-pink5030be8371159.jpg', 'IMAGE', 'jpg', 53833, 50, '2012-08-19'),
(271, -1, 'Backform-Pralinen', '', 'media/image/Backform-Pralinen.jpg', 'IMAGE', 'jpg', 110317, 50, '2012-08-19'),
(272, -1, 'Back-Set', '', 'media/image/Back-Set.jpg', 'IMAGE', 'jpg', 45281, 50, '2012-08-19'),
(273, -1, 'Loeffelset', '', 'media/image/Loeffelset.jpg', 'IMAGE', 'jpg', 48169, 50, '2012-08-19'),
(274, -1, 'Schneebesen', '', 'media/image/Schneebesen.jpg', 'IMAGE', 'jpg', 35021, 50, '2012-08-19'),
(275, -1, 'Schuessel-Blumen', '', 'media/image/Schuessel-Blumen.jpg', 'IMAGE', 'jpg', 50372, 50, '2012-08-19'),
(276, -1, 'Schuessel-aussen-voegel-innen-pink', '', 'media/image/Schuessel-aussen-voegel-innen-pink.jpg', 'IMAGE', 'jpg', 79040, 50, '2012-08-19'),
(277, -1, 'Schuessel-Ringe-rot-weiss', '', 'media/image/Schuessel-Ringe-rot-weiss.jpg', 'IMAGE', 'jpg', 36818, 50, '2012-08-19'),
(278, -1, 'Teigschaber-gruen', '', 'media/image/Teigschaber-gruen.jpg', 'IMAGE', 'jpg', 35864, 50, '2012-08-19'),
(279, -1, 'Teigschaber-pink', '', 'media/image/Teigschaber-pink.jpg', 'IMAGE', 'jpg', 34912, 50, '2012-08-19'),
(280, -1, 'Teller-huehner-bunt', '', 'media/image/Teller-huehner-bunt.jpg', 'IMAGE', 'jpg', 214714, 50, '2012-08-19'),
(281, -1, 'Teller-huehner-bunt5030c4b96cf70', '', 'media/image/Teller-huehner-bunt5030c4b96cf70.jpg', 'IMAGE', 'jpg', 214714, 50, '2012-08-19'),
(282, -1, 'Teller-voegel-lila-gelb', '', 'media/image/Teller-voegel-lila-gelb.jpg', 'IMAGE', 'jpg', 132176, 50, '2012-08-19'),
(283, -1, 'Teller-vogel-rot-pink', '', 'media/image/Teller-vogel-rot-pink.jpg', 'IMAGE', 'jpg', 99884, 50, '2012-08-19'),
(284, -1, 'Teller-vogel-rot-pink5030c83236fa2', '', 'media/image/Teller-vogel-rot-pink5030c83236fa2.jpg', 'IMAGE', 'jpg', 99884, 50, '2012-08-19'),
(285, -1, 'Backhandschuh', '', 'media/image/Backhandschuh.jpg', 'IMAGE', 'jpg', 143698, 50, '2012-08-19'),
(286, -1, 'Blumenarrangement-mit-Keramiktopf', '', 'media/image/Blumenarrangement-mit-Keramiktopf.jpg', 'IMAGE', 'jpg', 145458, 50, '2012-08-19'),
(287, -1, 'Blumenarrangement-mit-Keramiktopf-detail', '', 'media/image/Blumenarrangement-mit-Keramiktopf-detail.jpg', 'IMAGE', 'jpg', 219240, 50, '2012-08-19'),
(288, -1, 'Bluetenarrangement-mit-Rattan', '', 'media/image/Bluetenarrangement-mit-Rattan.jpg', 'IMAGE', 'jpg', 103635, 50, '2012-08-19'),
(289, -1, 'Bluetenarrangement-mit-Rattan-detail', '', 'media/image/Bluetenarrangement-mit-Rattan-detail.jpg', 'IMAGE', 'jpg', 200815, 50, '2012-08-19'),
(290, -1, 'Bluetenarrangement-mit-Rattan5030cbd8a120c', '', 'media/image/Bluetenarrangement-mit-Rattan5030cbd8a120c.jpg', 'IMAGE', 'jpg', 103635, 50, '2012-08-19'),
(291, -1, 'Bluetenarrangement-mit-Rattan-detail5030cbdd30b1b', '', 'media/image/Bluetenarrangement-mit-Rattan-detail5030cbdd30b1b.jpg', 'IMAGE', 'jpg', 200815, 50, '2012-08-19'),
(292, -1, 'Bluetenarrangement-mit-Rattan-und-Gras', '', 'media/image/Bluetenarrangement-mit-Rattan-und-Gras.jpg', 'IMAGE', 'jpg', 102301, 50, '2012-08-19'),
(293, -1, 'Bluetenarrangement-mit-Rattan-und-Gras-detail', '', 'media/image/Bluetenarrangement-mit-Rattan-und-Gras-detail.jpg', 'IMAGE', 'jpg', 183445, 50, '2012-08-19'),
(294, -1, 'Einkaufstasche', '', 'media/image/Einkaufstasche.jpg', 'IMAGE', 'jpg', 179298, 50, '2012-08-19'),
(295, -1, 'Eisform-gruen', '', 'media/image/Eisform-gruen.jpg', 'IMAGE', 'jpg', 71994, 50, '2012-08-19'),
(296, -1, 'Eisfoermchen-gruen-detail', '', 'media/image/Eisfoermchen-gruen-detail.jpg', 'IMAGE', 'jpg', 62438, 50, '2012-08-19'),
(297, -1, 'Eisfoermchen-gruen-mit-Eis', '', 'media/image/Eisfoermchen-gruen-mit-Eis.jpg', 'IMAGE', 'jpg', 48441, 50, '2012-08-19'),
(298, -1, 'Fliegenklatsche-gruen', '', 'media/image/Fliegenklatsche-gruen.jpg', 'IMAGE', 'jpg', 32273, 50, '2012-08-19'),
(299, -1, 'Fliegenklatsche-gelb', '', 'media/image/Fliegenklatsche-gelb.jpg', 'IMAGE', 'jpg', 30387, 50, '2012-08-19'),
(300, -1, 'Fliegenklatsche-pink', '', 'media/image/Fliegenklatsche-pink.jpg', 'IMAGE', 'jpg', 30594, 50, '2012-08-19'),
(301, -1, 'Ipad-Tasche-mit-Stiftmappe-kpl', '', 'media/image/Ipad-Tasche-mit-Stiftmappe-kpl.jpg', 'IMAGE', 'jpg', 89403, 50, '2012-08-19'),
(302, -1, 'Ipad-Tasche-mit-Stiftmappe-front', '', 'media/image/Ipad-Tasche-mit-Stiftmappe-front.jpg', 'IMAGE', 'jpg', 97739, 50, '2012-08-19'),
(303, -1, 'Ipad-Tasche-mit-Stiftmappe-Mappe-Detail', '', 'media/image/Ipad-Tasche-mit-Stiftmappe-Mappe-Detail.jpg', 'IMAGE', 'jpg', 64761, 50, '2012-08-19'),
(306, -1, 'Koffer-gross-offen', '', 'media/image/Koffer-gross-offen.jpg', 'IMAGE', 'jpg', 99693, 50, '2012-08-19'),
(307, -1, 'Koffer-gross-zu', '', 'media/image/Koffer-gross-zu.jpg', 'IMAGE', 'jpg', 115472, 50, '2012-08-19'),
(308, -1, 'Koffer-klein-offen', '', 'media/image/Koffer-klein-offen.jpg', 'IMAGE', 'jpg', 105519, 50, '2012-08-19'),
(309, -1, 'Koffer-klein-zu', '', 'media/image/Koffer-klein-zu.jpg', 'IMAGE', 'jpg', 130545, 50, '2012-08-19'),
(310, -1, 'Kosmetiktasche-flieder', '', 'media/image/Kosmetiktasche-flieder.jpg', 'IMAGE', 'jpg', 111614, 50, '2012-08-19'),
(311, -1, 'Kosmetiktasche-lila', '', 'media/image/Kosmetiktasche-lila.jpg', 'IMAGE', 'jpg', 87256, 50, '2012-08-19'),
(312, -1, 'Kosmetiktasche-rot', '', 'media/image/Kosmetiktasche-rot.jpg', 'IMAGE', 'jpg', 84175, 50, '2012-08-19'),
(313, -1, 'Kosmetiktasche-flieder5030d3544b452', '', 'media/image/Kosmetiktasche-flieder5030d3544b452.jpg', 'IMAGE', 'jpg', 111614, 50, '2012-08-19'),
(314, -1, 'Tasche-Blumen', '', 'media/image/Tasche-Blumen.jpg', 'IMAGE', 'jpg', 114735, 50, '2012-08-19'),
(315, -1, 'Tasche-Fantasy', '', 'media/image/Tasche-Fantasy.jpg', 'IMAGE', 'jpg', 99715, 50, '2012-08-19'),
(316, -1, 'Taeschen-Feed-Me', '', 'media/image/Taeschen-Feed-Me.jpg', 'IMAGE', 'jpg', 196655, 50, '2012-08-19'),
(317, -1, 'Taeschen-Remember-Me', '', 'media/image/Taeschen-Remember-Me.jpg', 'IMAGE', 'jpg', 146869, 50, '2012-08-19'),
(318, -1, 'Taeschen-Remember-Me5030d7907764e', '', 'media/image/Taeschen-Remember-Me5030d7907764e.jpg', 'IMAGE', 'jpg', 146869, 50, '2012-08-19'),
(319, -1, 'Heiku-Kicker-Champ-Elite-Hauptbild', '', 'media/image/Heiku-Kicker-Champ-Elite-Hauptbild.jpg', 'IMAGE', 'jpg', 54037, 50, '2012-08-20'),
(320, -1, 'Heiku-Kicker-Champ-Elite-Pro-blau-Hauptbild', '', 'media/image/Heiku-Kicker-Champ-Elite-Pro-blau-Hauptbild.jpg', 'IMAGE', 'jpg', 44085, 50, '2012-08-20'),
(321, -1, 'Heiku-Kicker-Champ-Elite-Pro-gelb-Hauptbild', '', 'media/image/Heiku-Kicker-Champ-Elite-Pro-gelb-Hauptbild.jpg', 'IMAGE', 'jpg', 51949, 50, '2012-08-20'),
(322, -1, 'Heiku-Kicker-Champ-Elite-Pro-gruen-Hauptbild', '', 'media/image/Heiku-Kicker-Champ-Elite-Pro-gruen-Hauptbild.jpg', 'IMAGE', 'jpg', 42442, 50, '2012-08-20'),
(323, -1, 'Heiku-Kicker-Champ-Elite-Pro-schwarz-Hauptbild', '', 'media/image/Heiku-Kicker-Champ-Elite-Pro-schwarz-Hauptbild.jpg', 'IMAGE', 'jpg', 53057, 50, '2012-08-20'),
(324, -1, 'Heiku-Kicker-Champ-Elite-Pro-weiss-Hauptbild', '', 'media/image/Heiku-Kicker-Champ-Elite-Pro-weiss-Hauptbild.jpg', 'IMAGE', 'jpg', 49136, 50, '2012-08-20'),
(325, -1, 'Heiku-Kicker-Champ-Family-hauptbild-ohne-pfeile', '', 'media/image/Heiku-Kicker-Champ-Family-hauptbild-ohne-pfeile.jpg', 'IMAGE', 'jpg', 50615, 50, '2012-08-20'),
(326, -1, 'Heiku-Kicker-Champ-Family-hauptbild', '', 'media/image/Heiku-Kicker-Champ-Family-hauptbild.jpg', 'IMAGE', 'jpg', 59024, 50, '2012-08-20'),
(327, -1, 'Heiku-Kicker-Champ-Family-zusammengeklappt', '', 'media/image/Heiku-Kicker-Champ-Family-zusammengeklappt.jpg', 'IMAGE', 'jpg', 35002, 50, '2012-08-20'),
(328, -1, 'Heiku-Kicker-Champ-Individuell-Hauptbild', '', 'media/image/Heiku-Kicker-Champ-Individuell-Hauptbild.jpg', 'IMAGE', 'jpg', 58787, 50, '2012-08-20'),
(329, -1, 'Heiku-Kickerfigurenuebersicht', '', 'media/image/Heiku-Kickerfigurenuebersicht.jpg', 'IMAGE', 'jpg', 74573, 50, '2012-08-20'),
(330, -1, 'Kicker-Service-Box', '', 'media/image/Kicker-Service-Box.jpg', 'IMAGE', 'jpg', 46131, 50, '2012-08-20'),
(331, -1, 'Kicker-Torzaehler', '', 'media/image/Kicker-Torzaehler.jpg', 'IMAGE', 'jpg', 42983, 50, '2012-08-20'),
(332, -1, 'Kickerball-klassik-schwarz-weiss', '', 'media/image/Kickerball-klassik-schwarz-weiss.jpg', 'IMAGE', 'jpg', 40170, 50, '2012-08-20'),
(333, -1, 'Kickerball-kork', '', 'media/image/Kickerball-kork.jpg', 'IMAGE', 'jpg', 66485, 50, '2012-08-20'),
(334, -1, 'Kickerball-Probierpaket', '', 'media/image/Kickerball-Probierpaket.jpg', 'IMAGE', 'jpg', 44360, 50, '2012-08-20'),
(335, -1, 'Sasse-Korn-02-l', '', 'media/image/Sasse-Korn-02-l.jpg', 'IMAGE', 'jpg', 27851, 50, '2012-08-20'),
(336, -1, 'Heiku-Kicker-XL-Champ-Elite-Pro-grau-Hauptbild', '', 'media/image/Heiku-Kicker-XL-Champ-Elite-Pro-grau-Hauptbild.jpg', 'IMAGE', 'jpg', 51868, 50, '2012-08-20'),
(337, 2, 'Logo-Wibit-Sports', '', 'media/image/Logo-Wibit-Sports.jpg', 'IMAGE', 'jpg', 47449, 50, '2012-08-20'),
(352, -1, 'Alu-Style-Ø-270-cm-Outdoor-Pool-Garten', '', 'media/image/Alu-Style-Ø-270-cm-Outdoor-Pool-Garten.jpg', 'IMAGE', 'jpg', 118382, 50, '2012-08-20'),
(353, -1, 'Alu-Style-Ø-270-cm-Outdoor-Terasse-Meerblick', '', 'media/image/Alu-Style-Ø-270-cm-Outdoor-Terasse-Meerblick.jpg', 'IMAGE', 'jpg', 53867, 50, '2012-08-20'),
(354, -1, 'Alu-Style-Ø-270-cm', '', 'media/image/Alu-Style-Ø-270-cm.jpg', 'IMAGE', 'jpg', 17456, 50, '2012-08-20'),
(355, 2, 'Logo-Sonnenschirm-Versand', '', 'media/image/Logo-Sonnenschirm-Versand.jpg', 'IMAGE', 'jpg', 5018, 50, '2012-08-20'),
(356, -1, 'Alu-Style-Ø-270-cm50324901e845e', '', 'media/image/Alu-Style-Ø-270-cm50324901e845e.jpg', 'IMAGE', 'jpg', 17456, 50, '2012-08-20'),
(357, -1, 'Alu-Style-Ø-270-cm-Outdoor-Pool-Garten50324908372d5', '', 'media/image/Alu-Style-Ø-270-cm-Outdoor-Pool-Garten50324908372d5.jpg', 'IMAGE', 'jpg', 118382, 50, '2012-08-20'),
(358, -1, 'Alu-Style-Ø-270-cm-Outdoor-Terasse-Meerblick5032490940e17', '', 'media/image/Alu-Style-Ø-270-cm-Outdoor-Terasse-Meerblick5032490940e17.jpg', 'IMAGE', 'jpg', 53867, 50, '2012-08-20'),
(359, -1, 'Fortino-Ø-270-cm', '', 'media/image/Fortino-Ø-270-cm.jpg', 'IMAGE', 'jpg', 19449, 50, '2012-08-20'),
(360, -1, 'Fortino-Ø-270-cm-Beispiel-Pool-Abend', '', 'media/image/Fortino-Ø-270-cm-Beispiel-Pool-Abend.jpg', 'IMAGE', 'jpg', 75161, 50, '2012-08-20'),
(361, -1, 'Fortino-Ø-270-cm-Beispiel-Terasse-Tag', '', 'media/image/Fortino-Ø-270-cm-Beispiel-Terasse-Tag.jpg', 'IMAGE', 'jpg', 106016, 50, '2012-08-20'),
(362, -1, 'Pendalex-V+-280x240cm', '', 'media/image/Pendalex-V-280x240cm.jpg', 'IMAGE', 'jpg', 17880, 50, '2012-08-20'),
(363, -1, 'Pendalex-V+-280x240cm-Outdoor-Garten-pool', '', 'media/image/Pendalex-V-280x240cm-Outdoor-Garten-pool.jpg', 'IMAGE', 'jpg', 56825, 50, '2012-08-20'),
(364, -1, 'Pendalex-V+-280x240cm-Outdoor-Terrasse', '', 'media/image/Pendalex-V-280x240cm-Outdoor-Terrasse.jpg', 'IMAGE', 'jpg', 39626, 50, '2012-08-20'),
(365, -1, 'Pendalex-V-280', '', 'media/image/Pendalex-V-280.jpg', 'IMAGE', 'jpg', 17880, 50, '2012-08-20'),
(366, -1, 'Pendalex-V280Outdoor-Garten-pool', '', 'media/image/Pendalex-V280Outdoor-Garten-pool.jpg', 'IMAGE', 'jpg', 56825, 50, '2012-08-20'),
(367, -1, 'Pendalex-V-280-Outdoor-Terrasse', '', 'media/image/Pendalex-V-280-Outdoor-Terrasse.jpg', 'IMAGE', 'jpg', 39626, 50, '2012-08-20'),
(368, -1, 'Sombrano-Ø-350-cm', '', 'media/image/Sombrano-Ø-350-cm.jpg', 'IMAGE', 'jpg', 30645, 50, '2012-08-20'),
(369, -1, 'Sombrano-Ø-350-cm-Standfuss-Detail', '', 'media/image/Sombrano-Ø-350-cm-Standfuss-Detail.jpg', 'IMAGE', 'jpg', 45062, 50, '2012-08-20'),
(370, -1, 'Sombrano-Ø-350-cm-Terasse-Abend-Beispiel', '', 'media/image/Sombrano-Ø-350-cm-Terasse-Abend-Beispiel.jpg', 'IMAGE', 'jpg', 74902, 50, '2012-08-20'),
(371, -1, 'Sunwing-C+-260x260cm-404', '', 'media/image/Sunwing-C-260x260cm-404.jpg', 'IMAGE', 'jpg', 35840, 50, '2012-08-20'),
(372, -1, 'Sunwing-C+-260x260cm-404-Detail-Lampe-Innen', '', 'media/image/Sunwing-C-260x260cm-404-Detail-Lampe-Innen.jpg', 'IMAGE', 'jpg', 57234, 50, '2012-08-20'),
(373, -1, 'Sunwing-C+-260x260cm-404-Outdoor-Pool-Nacht', '', 'media/image/Sunwing-C-260x260cm-404-Outdoor-Pool-Nacht.jpg', 'IMAGE', 'jpg', 71484, 50, '2012-08-20'),
(374, -1, 'Sunwing-C-260x260cm-404-Outdoor-Pool-Nacht50324ccf34e92', '', 'media/image/Sunwing-C-260x260cm-404-Outdoor-Pool-Nacht50324ccf34e92.jpg', 'IMAGE', 'jpg', 71484, 50, '2012-08-20'),
(375, -1, 'Sunwing-C260x260cm-404', '', 'media/image/Sunwing-C260x260cm-404.jpg', 'IMAGE', 'jpg', 35840, 50, '2012-08-20'),
(376, -1, 'Sunwing-C260cm-Detail-Lampe-Innen', '', 'media/image/Sunwing-C260cm-Detail-Lampe-Innen.jpg', 'IMAGE', 'jpg', 57234, 50, '2012-08-20'),
(378, -1, 'Baker-Boy-Hat-schwarz', '', 'media/image/Baker-Boy-Hat-schwarz.jpg', 'IMAGE', 'jpg', 59142, 50, '2012-08-20'),
(379, -1, 'Baker-Boy-hat-Wildleder-Braun', '', 'media/image/Baker-Boy-hat-Wildleder-Braun.jpg', 'IMAGE', 'jpg', 51800, 50, '2012-08-20'),
(380, -1, 'Balmoral-Flatcap-Tweed', '', 'media/image/Balmoral-Flatcap-Tweed.jpg', 'IMAGE', 'jpg', 60308, 50, '2012-08-20'),
(381, -1, 'Balmoral-Flatcap-Tweed-Rueckansicht', '', 'media/image/Balmoral-Flatcap-Tweed-Rueckansicht.jpg', 'IMAGE', 'jpg', 110719, 50, '2012-08-20'),
(382, -1, 'Balmoral-Flatcap-Tweed-Stoff-Detail', '', 'media/image/Balmoral-Flatcap-Tweed-Stoff-Detail.jpg', 'IMAGE', 'jpg', 135912, 50, '2012-08-20'),
(383, -1, 'Damen-Halbfinger-aus-Peccary-Leder', '', 'media/image/Damen-Halbfinger-aus-Peccary-Leder.jpg', 'IMAGE', 'jpg', 36987, 50, '2012-08-20'),
(384, -1, 'Damenhandschuhe-aus-Peccary-zweifarbig', '', 'media/image/Damenhandschuhe-aus-Peccary-zweifarbig.jpg', 'IMAGE', 'jpg', 48290, 50, '2012-08-20'),
(385, -1, 'Fahrerbrille-Chronos-Ansicht-von-Vorne', '', 'media/image/Fahrerbrille-Chronos-Ansicht-von-Vorne.jpg', 'IMAGE', 'jpg', 40578, 50, '2012-08-20'),
(386, -1, 'Fahrerbrille-Chronos-Ansicht-von-Hinten', '', 'media/image/Fahrerbrille-Chronos-Ansicht-von-Hinten.jpg', 'IMAGE', 'jpg', 54531, 50, '2012-08-20'),
(387, -1, 'Fahrerbrille-Chronos-Seitenansicht', '', 'media/image/Fahrerbrille-Chronos-Seitenansicht.jpg', 'IMAGE', 'jpg', 51719, 50, '2012-08-20'),
(396, -1, 'Herrenhandschuhe-aus-Peccary-zweifarbig', '', 'media/image/Herrenhandschuhe-aus-Peccary-zweifarbig.jpg', 'IMAGE', 'jpg', 58382, 50, '2012-08-20'),
(397, -1, 'Herren-Halbfinger-aus-Peccary-Leder', '', 'media/image/Herren-Halbfinger-aus-Peccary-Leder.jpg', 'IMAGE', 'jpg', 53559, 50, '2012-08-20'),
(398, -1, 'Navigator-Lederhaube-braun', '', 'media/image/Navigator-Lederhaube-braun.jpg', 'IMAGE', 'jpg', 43628, 50, '2012-08-20'),
(399, -1, 'Navigator-Lederhaube-Braun-Ohr-Detail', '', 'media/image/Navigator-Lederhaube-Braun-Ohr-Detail.jpg', 'IMAGE', 'jpg', 120525, 50, '2012-08-20'),
(400, -1, 'Navigator-Lederhaube-schwarz', '', 'media/image/Navigator-Lederhaube-schwarz.jpg', 'IMAGE', 'jpg', 38079, 50, '2012-08-20'),
(402, -1, 'Navigator-Lederhaube-schwarz-Detailansicht-Ohr', '', 'media/image/Navigator-Lederhaube-schwarz-Detailansicht-Ohr.jpg', 'IMAGE', 'jpg', 93170, 50, '2012-08-20'),
(403, -1, 'VINTAGEDRIVER-Collection-Basecap-beige', '', 'media/image/VINTAGEDRIVER-Collection-Basecap-beige.jpg', 'IMAGE', 'jpg', 98796, 50, '2012-08-20'),
(404, -1, 'VINTAGEDRIVER-Collection-Basecap-beige-Rueckansicht', '', 'media/image/VINTAGEDRIVER-Collection-Basecap-beige-Rueckansicht.jpg', 'IMAGE', 'jpg', 126549, 50, '2012-08-20'),
(409, -1, 'Reisetasche-Gladstone-Canvas', '', 'media/image/Reisetasche-Gladstone-Canvas.jpg', 'IMAGE', 'jpg', 45709, 50, '2012-08-20'),
(413, -1, 'Bikini-blau-gelb', '', 'media/image/Bikini-blau-gelb.jpg', 'IMAGE', 'jpg', 278970, 50, '2012-08-21'),
(414, -1, 'Bikini-gelb', '', 'media/image/Bikini-gelb.jpg', 'IMAGE', 'jpg', 262896, 50, '2012-08-21'),
(415, -1, 'Bikini-Blau-tuerkis', '', 'media/image/Bikini-Blau-tuerkis.jpg', 'IMAGE', 'jpg', 312645, 50, '2012-08-21'),
(416, -1, 'Bikini-Rainbow', '', 'media/image/Bikini-Rainbow.jpg', 'IMAGE', 'jpg', 346069, 50, '2012-08-21'),
(417, -1, 'Flip-Flops-blau-gruen-orange', '', 'media/image/Flip-Flops-blau-gruen-orange.jpg', 'IMAGE', 'jpg', 427650, 50, '2012-08-21'),
(418, -1, 'Bikini-gelb503355c48ca08', '', 'media/image/Bikini-gelb503355c48ca08.jpg', 'IMAGE', 'jpg', 262896, 50, '2012-08-21'),
(419, -1, 'Bikini-Rainbow50335610beb2f', '', 'media/image/Bikini-Rainbow50335610beb2f.jpg', 'IMAGE', 'jpg', 346069, 50, '2012-08-21'),
(420, -1, 'Flip-Flops-gelb', '', 'media/image/Flip-Flops-gelb.jpg', 'IMAGE', 'jpg', 280793, 50, '2012-08-21'),
(421, -1, 'Flip-Flops-rot', '', 'media/image/Flip-Flops-rot.jpg', 'IMAGE', 'jpg', 256858, 50, '2012-08-21'),
(422, -1, 'Flip-Flops-rot503357b97a65d', '', 'media/image/Flip-Flops-rot503357b97a65d.jpg', 'IMAGE', 'jpg', 256858, 50, '2012-08-21'),
(423, -1, 'Hut-Panama-Hut', '', 'media/image/Hut-Panama-Hut.jpg', 'IMAGE', 'jpg', 333528, 50, '2012-08-21'),
(424, -1, 'Hut-Strohhut-Men', '', 'media/image/Hut-Strohhut-Men.jpg', 'IMAGE', 'jpg', 529595, 50, '2012-08-21'),
(425, -1, 'Hut-Strohhut-Women', '', 'media/image/Hut-Strohhut-Women.jpg', 'IMAGE', 'jpg', 521833, 50, '2012-08-21'),
(426, -1, 'Sandale-Beach-blau', '', 'media/image/Sandale-Beach-blau.jpg', 'IMAGE', 'jpg', 287052, 50, '2012-08-21'),
(427, -1, 'Sandale-Beach-braun', '', 'media/image/Sandale-Beach-braun.jpg', 'IMAGE', 'jpg', 282818, 50, '2012-08-21'),
(428, -1, 'Sandale-Beach-pink', '', 'media/image/Sandale-Beach-pink.jpg', 'IMAGE', 'jpg', 266964, 50, '2012-08-21'),
(429, -1, 'Schal-bunt-Blumen', '', 'media/image/Schal-bunt-Blumen.jpg', 'IMAGE', 'jpg', 329092, 50, '2012-08-21'),
(430, -1, 'Schal-gruen', '', 'media/image/Schal-gruen.jpg', 'IMAGE', 'jpg', 188540, 50, '2012-08-21'),
(431, -1, 'Schal-rot', '', 'media/image/Schal-rot.jpg', 'IMAGE', 'jpg', 473814, 50, '2012-08-21'),
(432, -1, 'Sonnenbrille-Damen-rot', '', 'media/image/Sonnenbrille-Damen-rot.jpg', 'IMAGE', 'jpg', 197739, 50, '2012-08-21'),
(433, -1, 'Sonnenbrille-gruen', '', 'media/image/Sonnenbrille-gruen.jpg', 'IMAGE', 'jpg', 239679, 50, '2012-08-21'),
(434, -1, 'Sonnenbrille-Pilot-rot', '', 'media/image/Sonnenbrille-Pilot-rot.jpg', 'IMAGE', 'jpg', 92381, 50, '2012-08-21'),
(435, -1, 'Sonnenbrille-Pilot-silber', '', 'media/image/Sonnenbrille-Pilot-silber.jpg', 'IMAGE', 'jpg', 117859, 50, '2012-08-21'),
(436, -1, 'Sonnenbrille-rot', '', 'media/image/Sonnenbrille-rot.jpg', 'IMAGE', 'jpg', 588818, 50, '2012-08-21'),
(437, -1, 'Sonnencreme-einzeln-ohne-LSF', '', 'media/image/Sonnencreme-einzeln-ohne-LSF.jpg', 'IMAGE', 'jpg', 131748, 50, '2012-08-21'),
(438, -1, 'Sonnencreme-LSF-50-mit-Muschel', '', 'media/image/Sonnencreme-LSF-50-mit-Muschel.jpg', 'IMAGE', 'jpg', 284801, 50, '2012-08-21'),
(439, -1, 'Strandkleid-bunt-blumen', '', 'media/image/Strandkleid-bunt-blumen.jpg', 'IMAGE', 'jpg', 292440, 50, '2012-08-21'),
(440, -1, 'Strandkleid-rot', '', 'media/image/Strandkleid-rot.jpg', 'IMAGE', 'jpg', 177644, 50, '2012-08-21'),
(441, -1, 'Strandtuch-gruen-mit-Muschel', '', 'media/image/Strandtuch-gruen-mit-Muschel.jpg', 'IMAGE', 'jpg', 526060, 50, '2012-08-21'),
(442, -1, 'Strandtuch-gruen-mit-Muschel5033810f80cf3', '', 'media/image/Strandtuch-gruen-mit-Muschel5033810f80cf3.jpg', 'IMAGE', 'jpg', 526060, 50, '2012-08-21'),
(443, -1, 'Strandtuch-gelb-gross', '', 'media/image/Strandtuch-gelb-gross.jpg', 'IMAGE', 'jpg', 631481, 50, '2012-08-21'),
(444, -1, 'Strandtuch-Kinder', '', 'media/image/Strandtuch-Kinder.jpg', 'IMAGE', 'jpg', 545356, 50, '2012-08-21'),
(445, -1, 'Strandtuch-mit-Flip-Flops-gelb', '', 'media/image/Strandtuch-mit-Flip-Flops-gelb.jpg', 'IMAGE', 'jpg', 1105530, 50, '2012-08-21'),
(446, -1, 'Strandtuch-mehrfarbig', '', 'media/image/Strandtuch-mehrfarbig.jpg', 'IMAGE', 'jpg', 626461, 50, '2012-08-21'),
(447, -1, 'Strandtuch-gelb-gross5033847e221d3', '', 'media/image/Strandtuch-gelb-gross5033847e221d3.jpg', 'IMAGE', 'jpg', 631481, 50, '2012-08-21'),
(448, -1, 'Strandtuch-gruen-mit-Muschel50338484782cb', '', 'media/image/Strandtuch-gruen-mit-Muschel50338484782cb.jpg', 'IMAGE', 'jpg', 526060, 50, '2012-08-21'),
(449, -1, 'Koffer-rot-gruen-gelb-blau', '', 'media/image/Koffer-rot-gruen-gelb-blau.jpg', 'IMAGE', 'jpg', 257592, 50, '2012-08-21'),
(450, -1, 'Koffer-Set', '', 'media/image/Koffer-Set.jpg', 'IMAGE', 'jpg', 242808, 50, '2012-08-21'),
(520, -1, 'Kicker-Service-Box5034905cc23c9', '', 'media/image/Kicker-Service-Box5034905cc23c9.jpg', 'IMAGE', 'jpg', 46131, 50, '2012-08-22'),
(521, -1, 'Heiku-Kicker-Champ-Elite-Hauptbild503492770db11', '', 'media/image/Heiku-Kicker-Champ-Elite-Hauptbild503492770db11.jpg', 'IMAGE', 'jpg', 54037, 50, '2012-08-22'),
(523, -1, 'Lagerkorn-5l-Ballon5034995823083', '', 'media/image/Lagerkorn-5l-Ballon5034995823083.jpg', 'IMAGE', 'jpg', 18921, 50, '2012-08-22'),
(524, -1, 'Beistelltisch-weiss-schraeg50349cb3f2a9f', '', 'media/image/Beistelltisch-weiss-schraeg50349cb3f2a9f.jpg', 'IMAGE', 'jpg', 50841, 50, '2012-08-22'),
(525, -1, 'Beistelltisch-weiss-Schublade50349cb82c4e5', '', 'media/image/Beistelltisch-weiss-Schublade50349cb82c4e5.jpg', 'IMAGE', 'jpg', 65541, 50, '2012-08-22'),
(526, -1, 'Beistelltisch-weiss50349cb948a83', '', 'media/image/Beistelltisch-weiss50349cb948a83.jpg', 'IMAGE', 'jpg', 35831, 50, '2012-08-22'),
(527, -1, 'Sandale-Beach-blau5034a27da447a', '', 'media/image/Sandale-Beach-blau5034a27da447a.jpg', 'IMAGE', 'jpg', 287052, 50, '2012-08-22'),
(528, -1, 'Sandale-Beach-braun5034a281417e3', '', 'media/image/Sandale-Beach-braun5034a281417e3.jpg', 'IMAGE', 'jpg', 282818, 50, '2012-08-22');
INSERT INTO `s_media` (`id`, `albumID`, `name`, `description`, `path`, `type`, `extension`, `file_size`, `userID`, `created`) VALUES
(529, -1, 'Sandale-Beach-pink5034a28440b0f', '', 'media/image/Sandale-Beach-pink5034a28440b0f.jpg', 'IMAGE', 'jpg', 266964, 50, '2012-08-22'),
(530, -1, 'Schluesselkasten-weiss-offen5034aa1d4dbe7', '', 'media/image/Schluesselkasten-weiss-offen5034aa1d4dbe7.jpg', 'IMAGE', 'jpg', 64631, 50, '2012-08-22'),
(531, -1, 'Fensterspiegel-weiss-offen5034aa26170f2', '', 'media/image/Fensterspiegel-weiss-offen5034aa26170f2.jpg', 'IMAGE', 'jpg', 67236, 50, '2012-08-22'),
(532, -1, 'Fensterspiegel-weiss5034aa29cb87f', '', 'media/image/Fensterspiegel-weiss5034aa29cb87f.jpg', 'IMAGE', 'jpg', 81569, 50, '2012-08-22'),
(533, -1, 'Flip-Flops-blau-gruen-orange5034b0e2a37cd', '', 'media/image/Flip-Flops-blau-gruen-orange5034b0e2a37cd.jpg', 'IMAGE', 'jpg', 427650, 50, '2012-08-22'),
(534, -1, 'Strandtuch-mehrfarbig5034b8277b295', '', 'media/image/Strandtuch-mehrfarbig5034b8277b295.jpg', 'IMAGE', 'jpg', 626461, 50, '2012-08-22'),
(535, -1, 'Strandtuch-mehrfarbig5034b8a967bea', '', 'media/image/Strandtuch-mehrfarbig5034b8a967bea.jpg', 'IMAGE', 'jpg', 626461, 50, '2012-08-22'),
(536, -1, 'Strandtuch-mehrfarbig5034bcae8fdd7', '', 'media/image/Strandtuch-mehrfarbig5034bcae8fdd7.jpg', 'IMAGE', 'jpg', 626461, 50, '2012-08-22'),
(537, -1, 'Heiku-Kicker-Champ-Elite-Pro-gelb-Hauptbild5034d197ec802', '', 'media/image/Heiku-Kicker-Champ-Elite-Pro-gelb-Hauptbild5034d197ec802.jpg', 'IMAGE', 'jpg', 51949, 50, '2012-08-22'),
(538, -1, 'Kicker-Service-Box5034d19f13a37', '', 'media/image/Kicker-Service-Box5034d19f13a37.jpg', 'IMAGE', 'jpg', 46131, 50, '2012-08-22'),
(539, -1, 'Kicker-Torzaehler5034d1a2098ef', '', 'media/image/Kicker-Torzaehler5034d1a2098ef.jpg', 'IMAGE', 'jpg', 42983, 50, '2012-08-22'),
(540, -1, 'Kickerball-Probierpaket5034d1a8875c9', '', 'media/image/Kickerball-Probierpaket5034d1a8875c9.jpg', 'IMAGE', 'jpg', 44360, 50, '2012-08-22'),
(541, -1, 'Weisswein', '', 'media/image/Weisswein.jpg', 'IMAGE', 'jpg', 171115, 50, '2012-08-22'),
(542, -1, 'Cigar_Special5034d90a9bbaa', '', 'media/image/Cigar_Special5034d90a9bbaa.jpg', 'IMAGE', 'jpg', 467761, 50, '2012-08-22'),
(543, -1, 'Cigar_Special5034d9ba6afd3', '', 'media/image/Cigar_Special5034d9ba6afd3.jpg', 'IMAGE', 'jpg', 467761, 50, '2012-08-22'),
(544, -1, 'Kickerball-klassik-schwarz-weiss5034dd9c015cf', '', 'media/image/Kickerball-klassik-schwarz-weiss5034dd9c015cf.jpg', 'IMAGE', 'jpg', 40170, 50, '2012-08-22'),
(545, -1, 'Musikbox', '', 'media/image/Musikbox.jpg', 'IMAGE', 'jpg', 81276, 50, '2012-08-22'),
(546, -1, 'Musikbox5034df671a527', '', 'media/image/Musikbox5034df671a527.jpg', 'IMAGE', 'jpg', 81276, 50, '2012-08-22'),
(547, -1, 'Glas_Muensterlaender_Aperitif_Imagefoto5034e02761d58', '', 'media/image/Glas_Muensterlaender_Aperitif_Imagefoto5034e02761d58.jpg', 'IMAGE', 'jpg', 1078599, 50, '2012-08-22'),
(548, -1, 'Bumerang', '', 'media/image/Bumerang.jpg', 'IMAGE', 'jpg', 32798, 50, '2012-08-22'),
(549, -1, 'Dart-Set', '', 'media/image/Dart-Set.jpg', 'IMAGE', 'jpg', 63489, 50, '2012-08-22'),
(550, -10, 'Blog-Sonnencreme-Beach', '', 'media/image/Blog-Sonnencreme-Beach.jpg', 'IMAGE', 'jpg', 515800, 50, '2012-08-24'),
(551, -10, 'Blog-Sonnencreme-Mutter-Tochter', '', 'media/image/Blog-Sonnencreme-Mutter-Tochter.jpg', 'IMAGE', 'jpg', 477685, 50, '2012-08-24'),
(552, -10, 'Blog-Sonnencreme-Sonne-Schulter', '', 'media/image/Blog-Sonnencreme-Sonne-Schulter.jpg', 'IMAGE', 'jpg', 591509, 50, '2012-08-24'),
(553, -11, 'Blog-Sonnencreme-Beach5037263ca2584', '', 'media/image/Blog-Sonnencreme-Beach5037263ca2584.jpg', 'IMAGE', 'jpg', 515800, 50, '2012-08-24'),
(554, -11, 'Blog-Sonnencreme-Mutter-Tochter503726434e4af', '', 'media/image/Blog-Sonnencreme-Mutter-Tochter503726434e4af.jpg', 'IMAGE', 'jpg', 477685, 50, '2012-08-24'),
(555, -11, 'Blog-Sonnencreme-Sonne-Schulter5037264a3173e', '', 'media/image/Blog-Sonnencreme-Sonne-Schulter5037264a3173e.jpg', 'IMAGE', 'jpg', 591509, 50, '2012-08-24'),
(556, -10, 'Blog-Koffer', '', 'media/image/Blog-Koffer.jpg', 'IMAGE', 'jpg', 717424, 50, '2012-08-24'),
(557, -11, 'Blog-Koffer503736edaded3', '', 'media/image/Blog-Koffer503736edaded3.jpg', 'IMAGE', 'jpg', 717424, 50, '2012-08-24'),
(558, -11, 'Blog-bunte-Kleidung', '', 'media/image/Blog-bunte-Kleidung.jpg', 'IMAGE', 'jpg', 696266, 50, '2012-08-24'),
(559, -11, 'Blog-Koffer-fuss', '', 'media/image/Blog-Koffer-fuss.jpg', 'IMAGE', 'jpg', 514419, 50, '2012-08-24'),
(560, -10, 'Blog-bunt-Woman', '', 'media/image/Blog-bunt-Woman.jpg', 'IMAGE', 'jpg', 382456, 50, '2012-08-24'),
(561, -11, 'Blog-bunt-Woman503737f821891', '', 'media/image/Blog-bunt-Woman503737f821891.jpg', 'IMAGE', 'jpg', 382456, 50, '2012-08-24'),
(562, -10, 'beach_teaser', '', 'media/image/beach_teaser.jpg', 'IMAGE', 'jpg', 67631, 48, '2012-08-25'),
(563, -10, 'deli_teaser', '', 'media/image/deli_teaser.jpg', 'IMAGE', 'jpg', 37031, 48, '2012-08-25'),
(564, -2, 'deli_teaser503886c2336e3', '', 'media/image/deli_teaser503886c2336e3.jpg', 'IMAGE', 'jpg', 37031, 48, '2012-08-25'),
(565, -10, 'flip_teaser', '', 'media/image/flip_teaser.jpg', 'IMAGE', 'jpg', 22015, 48, '2012-08-25'),
(566, -2, 'flip_teaser503886e4dd480', '', 'media/image/flip_teaser503886e4dd480.jpg', 'IMAGE', 'jpg', 22015, 48, '2012-08-25'),
(567, -2, 'bienen_teaser', '', 'media/image/bienen_teaser.jpg', 'IMAGE', 'jpg', 32656, 48, '2012-08-25'),
(569, -2, 'beach_teaser5038874e87338', '', 'media/image/beach_teaser5038874e87338.jpg', 'IMAGE', 'jpg', 67631, 48, '2012-08-25'),
(571, -10, 'beach_2', '', 'media/image/beach_2.jpg', 'IMAGE', 'jpg', 187660, 48, '2012-08-25'),
(574, -1, 'Surfbrett-mit-Tasche', '', 'media/image/Surfbrett-mit-Tasche.jpg', 'IMAGE', 'jpg', 280278, 50, '2012-08-27'),
(575, 2, 'Logo-stop-the-water', '', 'media/image/Logo-stop-the-water.jpg', 'IMAGE', 'jpg', 18017, 50, '2012-08-27'),
(576, -1, 'All-Natural-Rosemary-Grapefruit-Conditioner', '', 'media/image/All-Natural-Rosemary-Grapefruit-Conditioner.jpg', 'IMAGE', 'jpg', 22412, 50, '2012-08-27'),
(577, -1, 'All-Natural-Rosemary-Grapefruit-Shampoo', '', 'media/image/All-Natural-Rosemary-Grapefruit-Shampoo.jpg', 'IMAGE', 'jpg', 20709, 50, '2012-08-28'),
(578, -1, 'All-Natural-Rosemary-Grapefruit-Shampoo-Hintergrund', '', 'media/image/All-Natural-Rosemary-Grapefruit-Shampoo-Hintergrund.jpg', 'IMAGE', 'jpg', 32927, 50, '2012-08-28'),
(579, -1, 'All-Natural-Sesame-Sage-Body-Lotion', '', 'media/image/All-Natural-Sesame-Sage-Body-Lotion.jpg', 'IMAGE', 'jpg', 20482, 50, '2012-08-28'),
(580, -1, 'All-Natural-Sesame-Sage-Body-Lotion-Hintergrund', '', 'media/image/All-Natural-Sesame-Sage-Body-Lotion-Hintergrund.jpg', 'IMAGE', 'jpg', 31197, 50, '2012-08-28'),
(581, -1, 'All-Natural-Orange-Wild-Herbs-Shower-Gel', '', 'media/image/All-Natural-Orange-Wild-Herbs-Shower-Gel.jpg', 'IMAGE', 'jpg', 21264, 50, '2012-08-28'),
(582, -1, 'All-Natural-Orange-Wild-Herbs-Shower-Gel-Hintergrund', '', 'media/image/All-Natural-Orange-Wild-Herbs-Shower-Gel-Hintergrund.jpg', 'IMAGE', 'jpg', 31721, 50, '2012-08-28'),
(583, -1, 'All-Natural-Lemon-Honey-Soap', '', 'media/image/All-Natural-Lemon-Honey-Soap.jpg', 'IMAGE', 'jpg', 20627, 50, '2012-08-28'),
(584, -1, 'All-Natural-Lemon-Honey-Soap-Hintergrund', '', 'media/image/All-Natural-Lemon-Honey-Soap-Hintergrund.jpg', 'IMAGE', 'jpg', 30949, 50, '2012-08-28'),
(589, -1, 'Blog-Koffer-fuss503df89f1defb', '', 'media/image/Blog-Koffer-fuss503df89f1defb.jpg', 'IMAGE', 'jpg', 514419, 56, '2012-08-29'),
(590, -1, 'Blog-Koffer503df8a7784c3', '', 'media/image/Blog-Koffer503df8a7784c3.jpg', 'IMAGE', 'jpg', 717424, 56, '2012-08-29'),
(591, -1, 'Strandtuch-mit-Flip-Flops-gelb503e0952c24d2', '', 'media/image/Strandtuch-mit-Flip-Flops-gelb503e0952c24d2.jpg', 'IMAGE', 'jpg', 1105530, 53, '2012-08-29'),
(592, -1, 'Reisetasche-Gladstone-Canvas_720x600', '', 'media/image/Reisetasche-Gladstone-Canvas_720x600.png', 'IMAGE', 'png', 255141, 57, '2012-08-29'),
(593, -1, 'VINTAGEDRIVER-Collection-Basecap-beige_720x600', '', 'media/image/VINTAGEDRIVER-Collection-Basecap-beige_720x600.png', 'IMAGE', 'png', 402900, 57, '2012-08-29'),
(594, -1, 'VINTAGEDRIVER-Collection-Basecap-beige-Rueckansicht_720x600', '', 'media/image/VINTAGEDRIVER-Collection-Basecap-beige-Rueckansicht_720x600.png', 'IMAGE', 'png', 535825, 57, '2012-08-29'),
(595, -1, 'Navigator-Lederhaube-braun_720x600', '', 'media/image/Navigator-Lederhaube-braun_720x600.png', 'IMAGE', 'png', 247007, 57, '2012-08-29'),
(596, -1, 'Navigator-Lederhaube-Braun-Ohr-Detail_720x600', '', 'media/image/Navigator-Lederhaube-Braun-Ohr-Detail_720x600.png', 'IMAGE', 'png', 603717, 57, '2012-08-29'),
(597, -1, 'Fahrerbrille-Chronos-Ansicht-von-Hinten_720x600', '', 'media/image/Fahrerbrille-Chronos-Ansicht-von-Hinten_720x600.png', 'IMAGE', 'png', 289366, 57, '2012-08-29'),
(598, -1, 'Fahrerbrille-Chronos-Ansicht-von-Vorne_720x600', '', 'media/image/Fahrerbrille-Chronos-Ansicht-von-Vorne_720x600.png', 'IMAGE', 'png', 202959, 57, '2012-08-29'),
(599, -1, 'Fahrerbrille-Chronos-Seitenansicht_720x600', '', 'media/image/Fahrerbrille-Chronos-Seitenansicht_720x600.png', 'IMAGE', 'png', 275088, 57, '2012-08-29'),
(604, -1, 'Damenhandschuhe-aus-Peccary-zweifarbig_720x600', '', 'media/image/Damenhandschuhe-aus-Peccary-zweifarbig_720x600.png', 'IMAGE', 'png', 261981, 57, '2012-08-29'),
(605, -1, 'Balmoral-Flatcap-Tweed_720x600', '', 'media/image/Balmoral-Flatcap-Tweed_720x600.png', 'IMAGE', 'png', 284428, 57, '2012-08-29'),
(606, -1, 'Balmoral-Flatcap-Tweed-Rueckansicht_720x600', '', 'media/image/Balmoral-Flatcap-Tweed-Rueckansicht_720x600.png', 'IMAGE', 'png', 484959, 57, '2012-08-29'),
(607, -1, 'Dekokissen-Blume-Peace-von-oben', '', 'media/image/Dekokissen-Blume-Peace-von-oben.jpg', 'IMAGE', 'jpg', 122270, 56, '2012-08-29'),
(608, -1, 'Dekokissen-Blume-Peace', '', 'media/image/Dekokissen-Blume-Peace.jpg', 'IMAGE', 'jpg', 94719, 56, '2012-08-29'),
(609, -1, 'Dekokissen-Peace-Bus', '', 'media/image/Dekokissen-Peace-Bus.jpg', 'IMAGE', 'jpg', 99115, 53, '2012-08-29'),
(610, -1, 'Kwon-Chosun-Plus-Schuhe-weiss503e21265ab7b', '', 'media/image/Kwon-Chosun-Plus-Schuhe-weiss503e21265ab7b.jpg', 'IMAGE', 'jpg', 45412, 58, '2012-08-29'),
(611, -1, 'Kwon-Fussschuetzer-grip-leather-schwarz503e21d45c10c', '', 'media/image/Kwon-Fussschuetzer-grip-leather-schwarz503e21d45c10c.jpg', 'IMAGE', 'jpg', 33794, 58, '2012-08-29'),
(612, -1, 'Kwon-Club-Line-Judo--Anzug-ganz', '', 'media/image/Kwon-Club-Line-Judo--Anzug-ganz.jpg', 'IMAGE', 'jpg', 34161, 58, '2012-08-29'),
(613, -1, 'Kwon-mma-mixed-fight-Handschuhe', '', 'media/image/Kwon-mma-mixed-fight-Handschuhe.jpg', 'IMAGE', 'jpg', 36038, 58, '2012-08-29'),
(614, -1, 'Kwon-Taekwondo-Handschuetzer-weiss503e226c9b389', '', 'media/image/Kwon-Taekwondo-Handschuetzer-weiss503e226c9b389.jpg', 'IMAGE', 'jpg', 47784, 58, '2012-08-29'),
(615, -1, 'Magente-ABC', '', 'media/image/Magente-ABC.jpg', 'IMAGE', 'jpg', 84757, 53, '2012-08-29'),
(616, -1, 'Magente-ABC-detail', '', 'media/image/Magente-ABC-detail.jpg', 'IMAGE', 'jpg', 65328, 53, '2012-08-29'),
(617, -1, 'Magnete-London', '', 'media/image/Magnete-London.jpg', 'IMAGE', 'jpg', 93501, 53, '2012-08-29'),
(618, -1, 'Magnete-London-detail', '', 'media/image/Magnete-London-detail.jpg', 'IMAGE', 'jpg', 74057, 53, '2012-08-29'),
(619, -1, 'Kwon-Kampfsport-Guertel503e238936d35', '', 'media/image/Kwon-Kampfsport-Guertel503e238936d35.jpg', 'IMAGE', 'jpg', 35515, 58, '2012-08-29'),
(620, -1, 'Kwon-Tasche-Coach-schwarz503e242e4ab03', '', 'media/image/Kwon-Tasche-Coach-schwarz503e242e4ab03.jpg', 'IMAGE', 'jpg', 45616, 58, '2012-08-29'),
(621, -1, 'Kwon-Fitness--Boxhandschuh-blau503e24a15f824', '', 'media/image/Kwon-Fitness--Boxhandschuh-blau503e24a15f824.jpg', 'IMAGE', 'jpg', 24921, 58, '2012-08-29'),
(622, -1, 'Kwon-Fitness--Boxhandschuh-schwarz503e24a37d41b', '', 'media/image/Kwon-Fitness--Boxhandschuh-schwarz503e24a37d41b.jpg', 'IMAGE', 'jpg', 22379, 58, '2012-08-29'),
(623, -1, 'Notizbuch-New-York', '', 'media/image/Notizbuch-New-York.jpg', 'IMAGE', 'jpg', 115819, 53, '2012-08-29'),
(624, -1, 'Notizbuch-London', '', 'media/image/Notizbuch-London.jpg', 'IMAGE', 'jpg', 131772, 53, '2012-08-29'),
(625, -1, 'Notizbuch-Paris', '', 'media/image/Notizbuch-Paris.jpg', 'IMAGE', 'jpg', 114115, 53, '2012-08-29'),
(626, -1, 'Dekokissen-Vogel', '', 'media/image/Dekokissen-Vogel.jpg', 'IMAGE', 'jpg', 74229, 53, '2012-08-29'),
(627, -1, 'Ranunkel-Deko-Topf', '', 'media/image/Ranunkel-Deko-Topf.jpg', 'IMAGE', 'jpg', 65187, 53, '2012-08-29'),
(628, -1, 'Damen-Halbfinger-aus-Peccary-Leder_720x600', '', 'media/image/Damen-Halbfinger-aus-Peccary-Leder_720x600.png', 'IMAGE', 'png', 179560, 57, '2012-08-29'),
(629, -1, 'Servietten', '', 'media/image/Servietten.jpg', 'IMAGE', 'jpg', 150967, 53, '2012-08-29'),
(630, -1, 'Servietten-details', '', 'media/image/Servietten-details.jpg', 'IMAGE', 'jpg', 112591, 53, '2012-08-29'),
(631, -1, 'Herrenhandschuhe-aus-Peccary-zweifarbig_720x600', '', 'media/image/Herrenhandschuhe-aus-Peccary-zweifarbig_720x600.png', 'IMAGE', 'png', 351869, 57, '2012-08-29'),
(632, -1, 'Stoffherz-kariert', '', 'media/image/Stoffherz-kariert.jpg', 'IMAGE', 'jpg', 85918, 53, '2012-08-29'),
(633, -1, 'Tasche', '', 'media/image/Tasche.jpg', 'IMAGE', 'jpg', 118703, 53, '2012-08-29'),
(634, -1, 'Tasche-detail', '', 'media/image/Tasche-detail.jpg', 'IMAGE', 'jpg', 75873, 53, '2012-08-29'),
(635, -1, 'Wecker-Blaues-Haus', '', 'media/image/Wecker-Blaues-Haus.jpg', 'IMAGE', 'jpg', 82106, 53, '2012-08-29'),
(645, -1, 'Balmoral-Flatcap-Tweed_720x600503e314a8c7e0', '', 'media/image/Balmoral-Flatcap-Tweed_720x600503e314a8c7e0.png', 'IMAGE', 'png', 295236, 57, '2012-08-29'),
(646, -1, 'Balmoral-Flatcap-Tweed-Rueckansicht_720x600503e31501615a', '', 'media/image/Balmoral-Flatcap-Tweed-Rueckansicht_720x600503e31501615a.png', 'IMAGE', 'png', 495601, 57, '2012-08-29'),
(647, -1, 'Damen-Halbfinger-aus-Peccary-Leder_720x600503e318e0644c', '', 'media/image/Damen-Halbfinger-aus-Peccary-Leder_720x600503e318e0644c.png', 'IMAGE', 'png', 190413, 57, '2012-08-29'),
(648, -1, 'Damenhandschuhe-aus-Peccary-zweifarbig_720x600503e31a32a715', '', 'media/image/Damenhandschuhe-aus-Peccary-zweifarbig_720x600503e31a32a715.png', 'IMAGE', 'png', 272089, 57, '2012-08-29'),
(649, -1, 'Fahrerbrille-Chronos-Ansicht-von-Hinten_720x600503e31c4b7678', '', 'media/image/Fahrerbrille-Chronos-Ansicht-von-Hinten_720x600503e31c4b7678.png', 'IMAGE', 'png', 295759, 57, '2012-08-29'),
(650, -1, 'Fahrerbrille-Chronos-Ansicht-von-Vorne_720x600503e31c74bf50', '', 'media/image/Fahrerbrille-Chronos-Ansicht-von-Vorne_720x600503e31c74bf50.png', 'IMAGE', 'png', 210975, 57, '2012-08-29'),
(651, -1, 'Fahrerbrille-Chronos-Seitenansicht_720x600503e31ca5767c', '', 'media/image/Fahrerbrille-Chronos-Seitenansicht_720x600503e31ca5767c.png', 'IMAGE', 'png', 283905, 57, '2012-08-29'),
(652, -1, 'Reisetasche-Gladstone-Canvas_720x600503e31ee23285', '', 'media/image/Reisetasche-Gladstone-Canvas_720x600503e31ee23285.png', 'IMAGE', 'png', 265431, 57, '2012-08-29'),
(660, -1, 'Herrenhandschuhe-aus-Peccary-zweifarbig_720x600503e322fb4378', '', 'media/image/Herrenhandschuhe-aus-Peccary-zweifarbig_720x600503e322fb4378.png', 'IMAGE', 'png', 361517, 57, '2012-08-29'),
(661, -1, 'Turnier-Dart-Automat', '', 'media/image/Turnier-Dart-Automat.jpg', 'IMAGE', 'jpg', 30642, 53, '2012-08-29'),
(662, -1, 'Dartscheibe-Dartona', '', 'media/image/Dartscheibe-Dartona.jpg', 'IMAGE', 'jpg', 75884, 53, '2012-08-29'),
(663, -1, 'Steel-Dartpfeil-Atomic', '', 'media/image/Steel-Dartpfeil-Atomic.jpg', 'IMAGE', 'jpg', 29237, 53, '2012-08-29'),
(664, -1, 'Steel-Dartpfeil', '', 'media/image/Steel-Dartpfeil.jpg', 'IMAGE', 'jpg', 34912, 53, '2012-08-29'),
(665, -12, 'accessoires', '', 'media/image/accessoires.png', 'IMAGE', 'png', 6172, 51, '2012-08-29'),
(666, -12, 'beachdreams', '', 'media/image/beachdreams.png', 'IMAGE', 'png', 5747, 51, '2012-08-29'),
(667, -12, 'blaueshaus', '', 'media/image/blaueshaus.png', 'IMAGE', 'png', 6566, 51, '2012-08-29'),
(668, -12, 'deligarage', '', 'media/image/deligarage.png', 'IMAGE', 'png', 11086, 51, '2012-08-29'),
(669, -12, 'heiku', '', 'media/image/heiku.png', 'IMAGE', 'png', 5322, 51, '2012-08-29'),
(670, -12, 'sasse', '', 'media/image/sasse.png', 'IMAGE', 'png', 6420, 51, '2012-08-29'),
(672, -12, 'stopthewater', '', 'media/image/stopthewater.png', 'IMAGE', 'png', 5442, 51, '2012-08-29'),
(674, -12, 'tea', '', 'media/image/tea.png', 'IMAGE', 'png', 4576, 51, '2012-08-29'),
(675, -12, 'vintage', '', 'media/image/vintage.png', 'IMAGE', 'png', 6877, 51, '2012-08-29'),
(676, -12, 'sonnenschirm', '', 'media/image/sonnenschirm.png', 'IMAGE', 'png', 3952, 51, '2012-08-29'),
(677, -12, 'sunsmile', '', 'media/image/sunsmile.png', 'IMAGE', 'png', 4735, 51, '2012-08-29'),
(678, -1, 'Koffer-rot-gruen-gelb-blau503f1b16660bd', '', 'media/image/Koffer-rot-gruen-gelb-blau503f1b16660bd.jpg', 'IMAGE', 'jpg', 257592, 53, '2012-08-30'),
(680, -1, 'shopware_packshot_professional_edition_72dpi_rgb', '', 'media/image/shopware_packshot_professional_edition_72dpi_rgb.png', 'IMAGE', 'png', 157116, 53, '2012-08-30'),
(683, -1, 'Rennanzug-Jim-Clark-Style-FIA-Tasche', '', 'media/image/Rennanzug-Jim-Clark-Style-FIA-Tasche.jpg', 'IMAGE', 'jpg', 51491, 53, '2012-08-30'),
(684, -1, 'Oelwechsel-Use503f2b36942ca', '', 'media/image/Oelwechsel-Use503f2b36942ca.jpg', 'IMAGE', 'jpg', 53386, 53, '2012-08-30'),
(685, -1, 'Bumerang503f2d5c77b6b', '', 'media/image/Bumerang503f2d5c77b6b.jpg', 'IMAGE', 'jpg', 32798, 53, '2012-08-30'),
(686, -1, 'Schneebesen503f475f63a73', '', 'media/image/Schneebesen503f475f63a73.jpg', 'IMAGE', 'jpg', 35021, 53, '2012-08-30'),
(687, -1, 'Bumerang503f48282aa63', '', 'media/image/Bumerang503f48282aa63.jpg', 'IMAGE', 'jpg', 32798, 53, '2012-08-30'),
(688, -1, 'Bücher-ESD', '', 'media/image/Buecher-ESD.jpg', 'IMAGE', 'jpg', 156505, 53, '2012-08-30'),
(689, -1, 'Bücher-ESD503f59dbb325c', '', 'media/image/Buecher-ESD503f59dbb325c.jpg', 'IMAGE', 'jpg', 156505, 53, '2012-08-30'),
(690, -1, 'Buecher-ESD503f5a25e6a12', '', 'media/image/Buecher-ESD503f5a25e6a12.jpg', 'IMAGE', 'jpg', 156505, 53, '2012-08-30'),
(691, -3, 'wohnwelten_top_banner', '', 'media/image/wohnwelten_top_banner.jpg', 'IMAGE', 'jpg', 199171, 51, '2012-08-30'),
(692, -3, 'wohnwelten_deko_banner', '', 'media/image/wohnwelten_deko_banner.jpg', 'IMAGE', 'jpg', 41921, 51, '2012-08-30'),
(693, -3, 'wohnwelten_kueche_banner', '', 'media/image/wohnwelten_kueche_banner.jpg', 'IMAGE', 'jpg', 32750, 51, '2012-08-30'),
(694, -3, 'wohnwelten_moebel_banner', '', 'media/image/wohnwelten_moebel_banner.jpg', 'IMAGE', 'jpg', 49901, 51, '2012-08-30'),
(695, -3, 'wohnwelten_top_banner_small_01', '', 'media/image/wohnwelten_top_banner_small_01.jpg', 'IMAGE', 'jpg', 47236, 51, '2012-08-30'),
(696, -3, 'wohnwelten_top_banner_small_02', '', 'media/image/wohnwelten_top_banner_small_02.jpg', 'IMAGE', 'jpg', 41168, 51, '2012-08-30'),
(697, -3, 'wohnwelten_top_banner_small_03', '', 'media/image/wohnwelten_top_banner_small_03.jpg', 'IMAGE', 'jpg', 42921, 51, '2012-08-30'),
(698, -10, 'teaserbanner_stopthewater_landing', '', 'media/image/teaserbanner_stopthewater_landing.png', 'IMAGE', 'png', 69580, 60, '2012-08-30'),
(700, -1, 'Eisform-gruen_720x600', '', 'media/image/Eisform-gruen_720x600.jpg', 'IMAGE', 'jpg', 44073, 57, '2012-08-30'),
(701, -10, 'teaserbanner_deligarage_landing', '', 'media/image/teaserbanner_deligarage_landing.png', 'IMAGE', 'png', 27239, 60, '2012-08-30'),
(702, -1, 'VINTAGEDRIVER-Collection-Basecap-beige_720x600', '', 'media/image/VINTAGEDRIVER-Collection-Basecap-beige_720x600.jpg', 'IMAGE', 'jpg', 69793, 57, '2012-08-30'),
(703, -1, 'VINTAGEDRIVER-Collection-Basecap-beige-Rueckansicht_720x600', '', 'media/image/VINTAGEDRIVER-Collection-Basecap-beige-Rueckansicht_720x600.jpg', 'IMAGE', 'jpg', 96624, 57, '2012-08-30'),
(704, -1, 'VINTAGEDRIVER-Collection-Basecap-beige_720x600503f743e2f461', '', 'media/image/VINTAGEDRIVER-Collection-Basecap-beige_720x600503f743e2f461.jpg', 'IMAGE', 'jpg', 69793, 57, '2012-08-30'),
(705, -1, 'VINTAGEDRIVER-Collection-Basecap-beige-Rueckansicht_720x600503f74473b349', '', 'media/image/VINTAGEDRIVER-Collection-Basecap-beige-Rueckansicht_720x600503f74473b349.jpg', 'IMAGE', 'jpg', 96624, 57, '2012-08-30'),
(706, -1, 'Navigator-Lederhaube-braun_720x600', '', 'media/image/Navigator-Lederhaube-braun_720x600.jpg', 'IMAGE', 'jpg', 37898, 57, '2012-08-30'),
(707, -1, 'Navigator-Lederhaube-Braun-Ohr-Detail_720x600', '', 'media/image/Navigator-Lederhaube-Braun-Ohr-Detail_720x600.jpg', 'IMAGE', 'jpg', 108911, 57, '2012-08-30'),
(708, -1, 'Navigator-Lederhaube-braun_720x600503f74aed56fe', '', 'media/image/Navigator-Lederhaube-braun_720x600503f74aed56fe.jpg', 'IMAGE', 'jpg', 37898, 57, '2012-08-30'),
(709, -1, 'Navigator-Lederhaube-Braun-Ohr-Detail_720x600503f74b0893de', '', 'media/image/Navigator-Lederhaube-Braun-Ohr-Detail_720x600503f74b0893de.jpg', 'IMAGE', 'jpg', 108911, 57, '2012-08-30'),
(710, -1, 'Balmoral-Flatcap-Tweed_720x600', '', 'media/image/Balmoral-Flatcap-Tweed_720x600.jpg', 'IMAGE', 'jpg', 52926, 57, '2012-08-30'),
(711, -1, 'Balmoral-Flatcap-Tweed-Rueckansicht_720x600', '', 'media/image/Balmoral-Flatcap-Tweed-Rueckansicht_720x600.jpg', 'IMAGE', 'jpg', 97708, 57, '2012-08-30'),
(712, -1, 'Balmoral-Flatcap-Tweed_720x600503f74f066346', '', 'media/image/Balmoral-Flatcap-Tweed_720x600503f74f066346.jpg', 'IMAGE', 'jpg', 52926, 57, '2012-08-30'),
(713, -1, 'Balmoral-Flatcap-Tweed-Rueckansicht_720x600503f74f1ec9db', '', 'media/image/Balmoral-Flatcap-Tweed-Rueckansicht_720x600503f74f1ec9db.jpg', 'IMAGE', 'jpg', 97708, 57, '2012-08-30'),
(715, -1, 'Damen-Halbfinger-aus-Peccary-Leder_720x600', '', 'media/image/Damen-Halbfinger-aus-Peccary-Leder_720x600.jpg', 'IMAGE', 'jpg', 30661, 57, '2012-08-30'),
(716, -1, 'Damen-Halbfinger-aus-Peccary-Leder_720x600503f75388fe3b', '', 'media/image/Damen-Halbfinger-aus-Peccary-Leder_720x600503f75388fe3b.jpg', 'IMAGE', 'jpg', 30639, 57, '2012-08-30'),
(717, -1, 'Damenhandschuhe-aus-Peccary-zweifarbig_720x600', '', 'media/image/Damenhandschuhe-aus-Peccary-zweifarbig_720x600.jpg', 'IMAGE', 'jpg', 43863, 57, '2012-08-30'),
(718, -1, 'Damenhandschuhe-aus-Peccary-zweifarbig_720x600503f76b5189be', '', 'media/image/Damenhandschuhe-aus-Peccary-zweifarbig_720x600503f76b5189be.jpg', 'IMAGE', 'jpg', 43863, 57, '2012-08-30'),
(719, -1, 'Fahrerbrille-Chronos-Ansicht-von-Hinten_720x600', '', 'media/image/Fahrerbrille-Chronos-Ansicht-von-Hinten_720x600.jpg', 'IMAGE', 'jpg', 47399, 57, '2012-08-30'),
(720, -1, 'Fahrerbrille-Chronos-Ansicht-von-Vorne_720x600', '', 'media/image/Fahrerbrille-Chronos-Ansicht-von-Vorne_720x600.jpg', 'IMAGE', 'jpg', 36038, 57, '2012-08-30'),
(721, -1, 'Fahrerbrille-Chronos-Seitenansicht_720x600', '', 'media/image/Fahrerbrille-Chronos-Seitenansicht_720x600.jpg', 'IMAGE', 'jpg', 44830, 57, '2012-08-30'),
(722, -1, 'Fahrerbrille-Chronos-Ansicht-von-Hinten_720x600503f76dfe840f', '', 'media/image/Fahrerbrille-Chronos-Ansicht-von-Hinten_720x600503f76dfe840f.jpg', 'IMAGE', 'jpg', 47399, 57, '2012-08-30'),
(723, -1, 'Fahrerbrille-Chronos-Ansicht-von-Vorne_720x600503f76e09ac73', '', 'media/image/Fahrerbrille-Chronos-Ansicht-von-Vorne_720x600503f76e09ac73.jpg', 'IMAGE', 'jpg', 36038, 57, '2012-08-30'),
(724, -1, 'Fahrerbrille-Chronos-Seitenansicht_720x600503f76e15cde4', '', 'media/image/Fahrerbrille-Chronos-Seitenansicht_720x600503f76e15cde4.jpg', 'IMAGE', 'jpg', 44830, 57, '2012-08-30'),
(725, -1, 'Reisetasche-Gladstone-Canvas_720x600', '', 'media/image/Reisetasche-Gladstone-Canvas_720x600.jpg', 'IMAGE', 'jpg', 41880, 57, '2012-08-30'),
(726, -1, 'Reisetasche-Gladstone-Canvas_720x600503f778670dd3', '', 'media/image/Reisetasche-Gladstone-Canvas_720x600503f778670dd3.jpg', 'IMAGE', 'jpg', 41880, 57, '2012-08-30'),
(727, -1, 'Herrenhandschuhe-aus-Peccary-zweifarbig_720x600', '', 'media/image/Herrenhandschuhe-aus-Peccary-zweifarbig_720x600.jpg', 'IMAGE', 'jpg', 54580, 57, '2012-08-30'),
(728, -1, 'Herrenhandschuhe-aus-Peccary-zweifarbig_720x600503f77b696fa2', '', 'media/image/Herrenhandschuhe-aus-Peccary-zweifarbig_720x600503f77b696fa2.jpg', 'IMAGE', 'jpg', 54580, 57, '2012-08-30'),
(729, -3, 'genuss_wein_banner', '', 'media/image/genuss_wein_banner.jpg', 'IMAGE', 'jpg', 58543, 51, '2012-08-30'),
(731, -3, 'genuss_tees_banner', '', 'media/image/genuss_tees_banner.jpg', 'IMAGE', 'jpg', 61026, 51, '2012-08-30'),
(732, -3, 'genuss_deli_banner', '', 'media/image/genuss_deli_banner.jpg', 'IMAGE', 'jpg', 40340, 51, '2012-08-30'),
(734, -2, 'beach1503f8532d4648', '', 'media/image/beach1503f8532d4648.jpg', 'IMAGE', 'jpg', 233435, 55, '2012-08-30'),
(735, -2, 'beach2503f8535275aa', '', 'media/image/beach2503f8535275aa.jpg', 'IMAGE', 'jpg', 192921, 55, '2012-08-30'),
(736, -2, 'beach3503f853820fa7', '', 'media/image/beach3503f853820fa7.jpg', 'IMAGE', 'jpg', 246271, 55, '2012-08-30'),
(737, -2, 'beach1_en', '', 'media/image/beach1_en.jpg', 'IMAGE', 'jpg', 231591, 55, '2012-08-30'),
(738, -2, 'beach2_en', '', 'media/image/beach2_en.jpg', 'IMAGE', 'jpg', 194074, 55, '2012-08-30'),
(739, -2, 'beach3_en', '', 'media/image/beach3_en.jpg', 'IMAGE', 'jpg', 243758, 55, '2012-08-30'),
(740, -3, 'genuss_top_banner', '', 'media/image/genuss_top_banner.jpg', 'IMAGE', 'jpg', 230593, 51, '2012-08-30'),
(741, -3, 'sommerwelten_flipflops_banner', '', 'media/image/sommerwelten_flipflops_banner.jpg', 'IMAGE', 'jpg', 37405, 51, '2012-08-30'),
(742, -3, 'sommerwelten_stopthewater_banner', '', 'media/image/sommerwelten_stopthewater_banner.jpg', 'IMAGE', 'jpg', 29852, 51, '2012-08-30'),
(744, -3, 'einkaufswelt_home_summer', '', 'media/image/einkaufswelt_home_summer.jpg', 'IMAGE', 'jpg', 135856, 51, '2012-08-30'),
(745, -10, 'teaser', '', 'media/image/teaser.jpg', 'IMAGE', 'jpg', 21458, 58, '2012-08-31'),
(746, -2, 'teaser504062c9d9060', '', 'media/image/teaser504062c9d9060.jpg', 'IMAGE', 'jpg', 21173, 58, '2012-08-31'),
(747, -2, 'teaser504063fd12513', '', 'media/image/teaser504063fd12513.jpg', 'IMAGE', 'jpg', 93889, 58, '2012-08-31'),
(748, -9, '2', '', 'media/image/teaser5040640f2861b.jpg', 'IMAGE', 'jpg', 93889, 58, '2012-08-31'),
(749, -9, 'Banner', '', 'media/image/Banner.jpg', 'IMAGE', 'jpg', 93889, 58, '2012-08-31'),
(750, -10, 'Abo-Commerce', '', 'media/image/Abo-Commerce.jpg', 'IMAGE', 'jpg', 42784, 58, '2012-08-31'),
(751, -10, 'Abo-Commerce50406b7248ef9', '', 'media/image/Abo-Commerce50406b7248ef9.jpg', 'IMAGE', 'jpg', 42784, 58, '2012-08-31'),
(752, -2, 'Abo-Commerce50406b845929a', '', 'media/image/Abo-Commerce50406b845929a.jpg', 'IMAGE', 'jpg', 42784, 58, '2012-08-31'),
(753, -2, 'rich-cms', '', 'media/image/rich-cms.jpg', 'IMAGE', 'jpg', 35895, 58, '2012-08-31'),
(754, -2, 'Reservation', '', 'media/image/Reservation.jpg', 'IMAGE', 'jpg', 37677, 58, '2012-08-31'),
(755, -2, 'groupshopping', '', 'media/image/groupshopping.jpg', 'IMAGE', 'jpg', 35886, 58, '2012-08-31'),
(756, -2, 'Store', '', 'media/image/Store.jpg', 'IMAGE', 'jpg', 38982, 58, '2012-08-31'),
(758, -3, 'freizeit_top_banner', '', 'media/image/freizeit_top_banner.jpg', 'IMAGE', 'jpg', 564837, 51, '2012-08-31'),
(759, -10, 'honig', '', 'media/image/honig.jpg', 'IMAGE', 'jpg', 33303, 57, '2012-08-31'),
(760, -10, 'vodka', '', 'media/image/vodka.jpg', 'IMAGE', 'jpg', 35917, 57, '2012-08-31'),
(761, -10, 'schokoleim', '', 'media/image/schokoleim.jpg', 'IMAGE', 'jpg', 23204, 57, '2012-08-31'),
(762, -10, 'olivenoel', '', 'media/image/olivenoel.jpg', 'IMAGE', 'jpg', 33204, 57, '2012-08-31'),
(763, -10, 'farbe', '', 'media/image/farbe.jpg', 'IMAGE', 'jpg', 36946, 57, '2012-08-31'),
(764, -1, 'Spachtelmasse--Detail', '', 'media/image/Spachtelmasse--Detail.jpg', 'IMAGE', 'jpg', 83111, 56, '2012-08-31'),
(765, -1, 'Spachtelmasse-Brot', '', 'media/image/Spachtelmasse-Brot.jpg', 'IMAGE', 'jpg', 98256, 56, '2012-08-31'),
(766, -10, 'schokocreme', '', 'media/image/schokocreme.jpg', 'IMAGE', 'jpg', 35981, 57, '2012-08-31'),
(767, -10, 'nudeln', '', 'media/image/nudeln.jpg', 'IMAGE', 'jpg', 32433, 57, '2012-08-31'),
(768, -10, 'deli_logo', '', 'media/image/deli_logo.jpg', 'IMAGE', 'jpg', 19418, 57, '2012-08-31'),
(769, -1, 'spachtelmasse', '', 'media/image/spachtelmasse.jpg', 'IMAGE', 'jpg', 20392, 57, '2012-08-31'),
(771, -2, 'Teaser-Banner', '', 'media/image/Teaser-Banner.jpg', 'IMAGE', 'jpg', 34863, 58, '2012-08-31'),
(772, -1, 'bienenkleber', '', 'media/image/bienenkleber.jpg', 'IMAGE', 'jpg', 21918, 57, '2012-08-31'),
(774, -2, 'Store-Logo', '', 'media/image/Store-Logo.jpg', 'IMAGE', 'jpg', 4702, 58, '2012-08-31'),
(775, -2, 'Store-Logo504080e8b9203', '', 'media/image/Store-Logo504080e8b9203.jpg', 'IMAGE', 'jpg', 3669, 58, '2012-08-31'),
(778, -3, 'sommerwelten_top', '', 'media/image/sommerwelten_top.jpg', 'IMAGE', 'jpg', 283406, 51, '2012-08-31'),
(779, -3, 'sommerwelten_top_banner', '', 'media/image/sommerwelten_top_banner.jpg', 'IMAGE', 'jpg', 195793, 51, '2012-08-31'),
(780, -10, 'Teaser-Banner504091a2365ee', '', 'media/image/Teaser-Banner504091a2365ee.jpg', 'IMAGE', 'jpg', 27881, 57, '2012-08-31');

TRUNCATE TABLE `s_media_album`;
INSERT INTO `s_media_album` (`id`, `name`, `parentID`, `position`) VALUES
(-13, 'Papierkorb', NULL, 12),
(-12, 'Hersteller', NULL, 8),
(-11, 'Blog', NULL, 3),
(-10, 'Unsortiert', NULL, 7),
(-9, 'Sonstiges', -6, 3),
(-8, 'Musik', -6, 2),
(-7, 'Video', -6, 1),
(-6, 'Dateien', NULL, 6),
(-5, 'Newsletter', NULL, 4),
(-4, 'Aktionen', NULL, 5),
(-3, 'Einkaufswelten', NULL, 3),
(-2, 'Banner', NULL, 1),
(-1, 'Artikel', NULL, 2);

TRUNCATE TABLE `s_media_album_settings`;
INSERT INTO `s_media_album_settings` (`id`, `albumID`, `create_thumbnails`, `thumbnail_size`, `icon`, `thumbnail_high_dpi`, `thumbnail_quality`, `thumbnail_high_dpi_quality`) VALUES
(1, -10, 0, '', 'sprite-blue-folder', 0, 90, 60),
(2, -9, 0, '', 'sprite-blue-folder', 0, 90, 60),
(3, -8, 0, '', 'sprite-blue-folder', 0, 90, 60),
(4, -7, 0, '', 'sprite-blue-folder', 0, 90, 60),
(5, -6, 0, '', 'sprite-blue-folder', 0, 90, 60),
(6, -5, 0, '', 'sprite-inbox-document-text', 0, 90, 60),
(7, -4, 0, '', 'sprite-target', 0, 90, 60),
(8, -3, 1, '800x800;1280x1280;1920x1920', 'sprite-target', 1, 90, 60),
(9, -2, 1, '800x800;1280x1280;1920x1920', 'sprite-pictures', 1, 90, 60),
(10, -1, 1, '200x200;600x600;1280x1280', 'sprite-inbox', 1, 90, 60),
(11, -11, 1, '200x200;600x600;1280x1280', 'sprite-leaf', 1, 90, 60),
(12, -12, 1, '200x200;600x600;1280x1280', 'sprite-hard-hat', 1, 90, 60),
(13, -13, 0, '', 'sprite-bin-metal-full', 0, 90, 60);

TRUNCATE TABLE `s_media_association`;
TRUNCATE TABLE `s_media_attributes`;
TRUNCATE TABLE `s_order`;
INSERT INTO `s_order` (`id`, `ordernumber`, `userID`, `invoice_amount`, `invoice_amount_net`, `invoice_shipping`, `invoice_shipping_net`, `ordertime`, `status`, `cleared`, `paymentID`, `transactionID`, `comment`, `customercomment`, `internalcomment`, `net`, `taxfree`, `partnerID`, `temporaryID`, `referer`, `cleareddate`, `trackingcode`, `language`, `dispatchID`, `currency`, `currencyFactor`, `subshopID`, `remote_addr`) VALUES
(15, '20001', 2, 998.56, 839.13, 0, 0, '2012-08-30 10:15:54', 0, 17, 4, '', '', '', '', 1, 0, '', '', '', NULL, '', '1', 9, 'EUR', 1, 1, '217.86.205.141'),
(52, '0', 1, 1700.93, 1429.36, 75, 63.03, '2012-08-30 15:16:55', -1, 0, 2, '', '', '', '', 0, 0, '', '9a0271fe91e7fc853a4a7a1e7ca789c812257d74', '', NULL, '', '1', 10, 'EUR', 1, 1, ''),
(54, '0', 1, 42.6, 35.8, 3.9, 3.28, '2012-08-30 17:30:02', -1, 0, 2, '', '', '', '', 0, 0, '', '06hue2s27mjbapgsdnd4alffe4', '', NULL, '', '1', 9, 'EUR', 1, 1, ''),
(57, '20002', 1, 201.86, 169.63, 0, 0, '2012-08-31 08:51:46', 0, 17, 4, '', '', '', '', 0, 0, '', '', '', NULL, '', '1', 9, 'EUR', 1, 1, '217.86.205.141');

TRUNCATE TABLE `s_order_attributes`;
INSERT INTO `s_order_attributes` (`id`, `orderID`, `attribute1`, `attribute2`, `attribute3`, `attribute4`, `attribute5`, `attribute6`) VALUES
(1, 15, '', '', '', '', '', ''),
(2, 57, '', '', '', '', '', '');

TRUNCATE TABLE `s_order_basket`;
INSERT INTO `s_order_basket` (`id`, `sessionID`, `userID`, `articlename`, `articleID`, `ordernumber`, `shippingfree`, `quantity`, `price`, `netprice`, `tax_rate`, `datum`, `modus`, `esdarticle`, `partnerID`, `lastviewport`, `useragent`, `config`, `currencyFactor`) VALUES
(2, 'e66a4601ecf5f3f8397fbbe5150ea7def27cd2fb', 0, 'Strandtuch Gras-Green', 176, 'SW10176', 0, 1, 49.99, 42.008403361345, 19, '2012-08-28 18:18:58', 0, 0, '', 'listing', 'Mozilla/5.0 (Windows NT 6.1; WOW64) AppleWebKit/537.1 (KHTML, like Gecko) Chrome/21.0.1180.83 Safari/537.1', '', 1),
(3, 'b2e40c5e67a143e57c91bd57ba0851d6303b51c3', 0, 'All Natural - Rosemary Grapefruit Conditioner 200ml', 214, 'SW10212.1', 0, 1, 17.9, 15.042016806723, 19, '2012-08-28 18:19:38', 0, 0, '', 'blog', 'Mozilla/5.0 (Windows NT 6.1; WOW64) AppleWebKit/537.1 (KHTML, like Gecko) Chrome/21.0.1180.83 Safari/537.1', '', 1),
(4, 'b2e40c5e67a143e57c91bd57ba0851d6303b51c3', 0, 'Strandtuch Sunny', 175, 'SW10175', 0, 1, 59.99, 50.411764705882, 19, '2012-08-28 18:20:47', 0, 0, '', 'blog', 'Mozilla/5.0 (Windows NT 6.1; WOW64) AppleWebKit/537.1 (KHTML, like Gecko) Chrome/21.0.1180.83 Safari/537.1', '', 1),
(5, '58423533233e51e90619b81c74e959f0ec2e12e4', 0, 'Strandtuch Gras-Green', 176, 'SW10176', 0, 1, 49.99, 42.008403361345, 19, '2012-08-28 18:49:09', 0, 0, '', 'listing', 'Mozilla/5.0 (iPad; CPU OS 5_1_1 like Mac OS X) AppleWebKit/534.46 (KHTML, like Gecko) Version/5.1 Mobile/9B206 Safari/7534.48.3', '', 1),
(8, '439c19dd0e991aa9508c93079e8ca97575dfa538', 0, 'All Natural - Rosemary Grapefruit Conditioner 200ml', 214, 'SW10212.1', 0, 1, 17.9, 15.042016806723, 19, '2012-08-29 09:05:58', 0, 0, '', 'listing', 'Mozilla/5.0 (Windows NT 6.1; WOW64; rv:14.0) Gecko/20100101 Firefox/14.0.1 FirePHP/0.7.1', '', 1),
(9, 'd65cfdba481288968cf5f3f91b9ebad496478ccd', 0, 'Mütze Vintage Driver', 145, 'SW10145', 0, 1, 17.99, 15.117647058824, 19, '2012-08-29 14:11:47', 0, 0, '', 'listing', 'Mozilla/5.0 (Windows NT 6.1; WOW64) AppleWebKit/537.1 (KHTML, like Gecko) Chrome/21.0.1180.83 Safari/537.1', '', 1),
(10, 'fe5ab84e1b21101ed6ea32846e0bede2c454f45e', 0, 'Münsterländer Lagerkorn 32% 0,5 Liter', 2, 'SW10002.3', 0, 1, 19.99, 16.798319327731, 19, '2012-08-29 16:07:03', 0, 0, '', 'index', 'Mozilla/5.0 (Macintosh; Intel Mac OS X 10.7; rv:14.0) Gecko/20100101 Firefox/14.0.1', '', 1),
(13, '9a0271fe91e7fc853a4a7a1e7ca789c812257d74', 0, 'Aufschlag bei Zahlungsarten', 227, 'SW10002841', 0, 31, 35.99, 30.243697478992, 19, '2012-08-29 16:44:00', 0, 0, '', 'listing', 'Mozilla/5.0 (Windows NT 6.1; WOW64; rv:14.0) Gecko/20100101 Firefox/14.0.1 FirePHP/0.7.1', '', 1),
(104, '7e119a798b7de717bf3dba7838f5c1dffe4a0324', 0, 'Express Versand', 219, 'SW10185', 0, 1, 54.9, 46.134453781513, 19, '2012-08-29 21:42:59', 0, 0, '', 'account', 'Mozilla/5.0 (iPad; CPU OS 5_1_1 like Mac OS X) AppleWebKit/534.46 (KHTML, like Gecko) Version/5.1 Mobile/9B206 Safari/7534.48.3', '', 1),
(107, '7e119a798b7de717bf3dba7838f5c1dffe4a0324', 0, 'Warenkorbrabatt', 0, 'SHIPPINGDISCOUNT', 0, 1, -2, -1.68, 19, '2012-08-29 21:43:18', 4, 0, '', 'account', 'Mozilla/5.0 (iPad; CPU OS 5_1_1 like Mac OS X) AppleWebKit/534.46 (KHTML, like Gecko) Version/5.1 Mobile/9B206 Safari/7534.48.3', '', 1),
(108, '5b87c216ea8fd4a48d58fa02f74a810eae953243', 0, 'Bikini Stripes', 151, 'SW10151', 0, 1, 12.99, 10.915966386555, 19, '2012-08-30 08:21:24', 0, 0, '', 'listing', 'Mozilla/5.0 (Windows NT 6.1; WOW64; rv:15.0) Gecko/20100101 Firefox/15.0 FirePHP/0.7.1', '', 1),
(109, '5b87c216ea8fd4a48d58fa02f74a810eae953243', 0, 'Warenkorbrabatt', 0, 'SHIPPINGDISCOUNT', 0, 1, -2, -1.68, 19, '2012-08-30 08:21:24', 4, 0, '', 'listing', 'Mozilla/5.0 (Windows NT 6.1; WOW64; rv:15.0) Gecko/20100101 Firefox/15.0 FirePHP/0.7.1', '', 1),
(125, 'fe5ab84e1b21101ed6ea32846e0bede2c454f45e', 0, 'Express Versand', 219, 'SW10185', 0, 1, 54.9, 46.134453781513, 19, '2012-08-30 11:58:02', 0, 0, '', 'index', 'Mozilla/5.0 (Macintosh; Intel Mac OS X 10.7; rv:14.0) Gecko/20100101 Firefox/14.0.1', '', 1),
(130, 'fe5ab84e1b21101ed6ea32846e0bede2c454f45e', 0, 'Warenkorbrabatt', 0, 'SHIPPINGDISCOUNT', 0, 1, -2, -1.68, 19, '2012-08-30 12:05:21', 4, 0, '', 'index', 'Mozilla/5.0 (Macintosh; Intel Mac OS X 10.7; rv:14.0) Gecko/20100101 Firefox/14.0.1', '', 1),
(134, '9a0271fe91e7fc853a4a7a1e7ca789c812257d74', 0, 'Mütze Vintage Driver', 145, 'SW10145', 0, 1, 17.99, 15.117647058824, 19, '2012-08-30 13:50:56', 0, 0, '', 'listing', 'Mozilla/5.0 (Windows NT 6.1; WOW64; rv:14.0) Gecko/20100101 Firefox/14.0.1 FirePHP/0.7.1', '', 1),
(185, '9a0271fe91e7fc853a4a7a1e7ca789c812257d74', 0, 'Versandkosten nach Gewicht', 248, 'SW100755036993', 0, 9, 74.99, 63.016806722689, 19, '2012-08-30 14:56:07', 0, 0, '', 'listing', 'Mozilla/5.0 (Windows NT 6.1; WOW64; rv:14.0) Gecko/20100101 Firefox/14.0.1 FirePHP/0.7.1', '', 1),
(357, '9a0271fe91e7fc853a4a7a1e7ca789c812257d74', 0, 'Warenkorbrabatt', 0, 'SHIPPINGDISCOUNT', 0, 1, -2, -1.68, 19, '2012-08-30 15:16:55', 4, 0, '', 'listing', 'Mozilla/5.0 (Windows NT 6.1; WOW64; rv:14.0) Gecko/20100101 Firefox/14.0.1 FirePHP/0.7.1', '', 1),
(364, '9a0271fe91e7fc853a4a7a1e7ca789c812257d74', 0, 'Abschlag für Zahlungsart', 0, 'sw-payment', 0, 1, -180.659, -151.814, 19, '2012-08-30 15:16:55', 4, 0, '', 'listing', 'Mozilla/5.0 (Windows NT 6.1; WOW64; rv:14.0) Gecko/20100101 Firefox/14.0.1 FirePHP/0.7.1', '', 1),
(645, '59f83c9170b4071ba7bd1e3738a2808734c8d42e', 0, 'Mao Feng green tea', 17, 'SW10016', 0, 1, 1.9, 1.5966386554622, 19, '2012-08-30 18:33:45', 0, 0, '', '', '', '', 1),
(648, '59f83c9170b4071ba7bd1e3738a2808734c8d42e', 0, 'Warenkorbrabatt', 0, 'SHIPPINGDISCOUNT', 0, 1, -2, -1.68, 19, '2012-08-30 18:33:45', 4, 0, '', '', '', '', 1),
(649, '59f83c9170b4071ba7bd1e3738a2808734c8d42e', 0, 'Mindermengenzuschlag', 0, 'sw-surcharge', 0, 1, 5, 4.202, 19, '2012-08-30 18:33:45', 4, 0, '', '', '', '', 1),
(652, '89b066571f64f295a4fdf0009e2342f2b742446f', 0, 'ESD Download Artikel', 197, 'SW10196', 0, 1, 34.99, 29.403361344538, 19, '2012-08-30 23:15:19', 0, 1, '', '', '', '', 1),
(655, '75296c8be9e3a0967bf7b5dbccb6aed1555521e2', 0, 'Artikel mit Standardkonfigurator blau / 37', 202, 'SW10201.2', 0, 1, 20.99, 17.638655462185, 19, '2012-08-31 08:41:00', 0, 0, '', 'blog', 'Mozilla/5.0 (Windows NT 6.1; WOW64; rv:14.0) Gecko/20100101 Firefox/14.0.1', '', 1),
(658, '75296c8be9e3a0967bf7b5dbccb6aed1555521e2', 0, 'Warenkorbrabatt', 0, 'SHIPPINGDISCOUNT', 0, 1, -2, -1.68, 19, '2012-08-31 08:41:14', 4, 0, '', 'blog', 'Mozilla/5.0 (Windows NT 6.1; WOW64; rv:14.0) Gecko/20100101 Firefox/14.0.1', '', 1),
(665, 'fb03fe21b5f7caba0699c570cc8c2c3c62884e52', 0, 'Alternate shipping costs weiss', 223, 'SW100718.1', 0, 1, 49.99, 42.008403361345, 19, '2012-08-31 11:04:40', 0, 0, '', 'listing', 'Mozilla/5.0 (Windows NT 6.1; rv:15.0) Gecko/20100101 Firefox/15.0', '', 1),
(666, 'fb03fe21b5f7caba0699c570cc8c2c3c62884e52', 0, 'Warenkorbrabatt', 0, 'SHIPPINGDISCOUNT', 0, 1, -2, -1.68, 19, '2012-08-31 11:04:40', 4, 0, '', 'listing', 'Mozilla/5.0 (Windows NT 6.1; rv:15.0) Gecko/20100101 Firefox/15.0', '', 1),
(667, '06hue2s27mjbapgsdnd4alffe4', 0, 'Strandtuch "Ibiza"', 178, 'SW10178', 0, 1, 19.95, 16.764705882353, 19, '2012-08-31 11:16:04', 0, 0, '', 'index', 'Mozilla/5.0 (Windows NT 6.1; WOW64; rv:14.0) Gecko/20100101 Firefox/14.0.1', '', 1),
(669, '06hue2s27mjbapgsdnd4alffe4', 0, 'Warenkorbrabatt', 0, 'SHIPPINGDISCOUNT', 0, 1, -2, -1.68, 19, '2012-08-31 11:16:06', 4, 0, '', 'index', 'Mozilla/5.0 (Windows NT 6.1; WOW64; rv:14.0) Gecko/20100101 Firefox/14.0.1', '', 1);

TRUNCATE TABLE `s_order_basket_attributes`;
INSERT INTO `s_order_basket_attributes` (`id`, `basketID`, `attribute1`, `attribute2`, `attribute3`, `attribute4`, `attribute5`, `attribute6`) VALUES
(2, 2, '', NULL, NULL, NULL, NULL, NULL),
(3, 3, '', NULL, NULL, NULL, NULL, NULL),
(4, 4, '', NULL, NULL, NULL, NULL, NULL),
(5, 5, '', NULL, NULL, NULL, NULL, NULL),
(8, 8, '', NULL, NULL, NULL, NULL, NULL),
(9, 9, '', NULL, NULL, NULL, NULL, NULL),
(10, 10, '', NULL, NULL, NULL, NULL, NULL),
(11, 13, '', NULL, NULL, NULL, NULL, NULL),
(13, 104, '', NULL, NULL, NULL, NULL, NULL),
(14, 108, '', NULL, NULL, NULL, NULL, NULL),
(18, 125, '', NULL, NULL, NULL, NULL, NULL),
(20, 134, '', NULL, NULL, NULL, NULL, NULL),
(23, 185, '', NULL, NULL, NULL, NULL, NULL),
(27, 645, '', NULL, NULL, NULL, NULL, NULL),
(28, 652, '', NULL, NULL, NULL, NULL, NULL),
(30, 655, '', NULL, NULL, NULL, NULL, NULL),
(31, 665, '', NULL, NULL, NULL, NULL, NULL),
(32, 667, '', NULL, NULL, NULL, NULL, NULL);

TRUNCATE TABLE `s_order_billingaddress`;
INSERT INTO `s_order_billingaddress` (`id`, `userID`, `orderID`, `company`, `department`, `salutation`, `firstname`, `lastname`, `street`, `zipcode`, `city`, `phone`, `countryID`, `stateID`, `ustid`) VALUES
(1, 2, 15, 'B2B', 'Einkauf', 'mr', 'Händler', 'Kundengruppe-Netto', 'Musterweg 1', '00000', 'Musterstadt', '012345 / 6789', 2, 3, ''),
(2, 1, 57, 'shopware AG', '', 'mr', 'Max', 'Mustermann', 'Mustermannstraße 92', '48624', 'Schöppingen', '', 2, 3, '');

TRUNCATE TABLE `s_order_billingaddress_attributes`;
INSERT INTO `s_order_billingaddress_attributes` (`id`, `billingID`, `text1`, `text2`, `text3`, `text4`, `text5`, `text6`) VALUES
(1, 1, NULL, NULL, NULL, NULL, NULL, NULL),
(2, 2, NULL, NULL, NULL, NULL, NULL, NULL);

TRUNCATE TABLE `s_order_comparisons`;
INSERT INTO `s_order_comparisons` (`id`, `sessionID`, `userID`, `articlename`, `articleID`, `datum`) VALUES
(4, '2c016bbe3a6b36e63bd9520aa898e8fec7e88d86', 0, 'All Natural - Rosemary Grapefruit Shampoo', 215, '2012-08-29 17:45:44'),
(5, '2c016bbe3a6b36e63bd9520aa898e8fec7e88d86', 0, 'Schlüsselkasten', 71, '2012-08-29 17:46:10'),
(6, '2c016bbe3a6b36e63bd9520aa898e8fec7e88d86', 0, 'Mütze Vintage Driver', 145, '2012-08-29 17:47:34'),
(7, '66e9b10064a19b1fcf6eb9310c0753866c764836', 2, 'Special Finish Lagerkorn X.O. 32%', 9, '2012-08-30 10:25:18'),
(8, '66e9b10064a19b1fcf6eb9310c0753866c764836', 2, 'Münsterländer Lagerkorn 32%', 2, '2012-08-30 10:25:19'),
(12, '9a0271fe91e7fc853a4a7a1e7ca789c812257d74', 0, 'Münsterländer Lagerkorn 32%', 2, '2012-08-30 15:51:35'),
(13, '9a0271fe91e7fc853a4a7a1e7ca789c812257d74', 0, 'Wacholder Premium extra mild 32%', 7, '2012-08-30 15:51:47'),
(14, '66e9b10064a19b1fcf6eb9310c0753866c764836', 0, 'Wacholder Premium extra mild 32%', 7, '2012-08-30 15:51:52'),
(15, '9a0271fe91e7fc853a4a7a1e7ca789c812257d74', 0, 'Emmelkamp Holunder Likör 18%', 5, '2012-08-30 15:54:21'),
(19, '75296c8be9e3a0967bf7b5dbccb6aed1555521e2', 0, 'Artikel mit Standardkonfigurator', 202, '2012-08-31 08:35:38');

TRUNCATE TABLE `s_order_details`;
INSERT INTO `s_order_details` (`id`, `orderID`, `ordernumber`, `articleID`, `articleordernumber`, `price`, `quantity`, `name`, `status`, `shipped`, `shippedgroup`, `releasedate`, `modus`, `esdarticle`, `taxID`, `tax_rate`, `config`) VALUES
(42, 15, '20001', 197, 'SW10196', 836.134, 1, 'ESD Download Artikel', 0, 0, 0, '0000-00-00', 0, 1, 1, 19, ''),
(43, 15, '20001', 0, 'SHIPPINGDISCOUNT', -2, 1, 'Warenkorbrabatt', 0, 0, 0, '0000-00-00', 4, 0, 1, 19, ''),
(44, 15, '20001', 0, 'sw-payment-absolute', 5, 1, 'Zuschlag für Zahlungsart', 0, 0, 0, '0000-00-00', 4, 0, 1, 19, ''),
(178, 52, '0', 227, 'SW10002841', 35.99, 31, 'Aufschlag bei Zahlungsarten', 0, 0, 0, '0000-00-00', 0, 0, 1, 19, ''),
(179, 52, '0', 145, 'SW10145', 17.99, 1, 'Mütze Vintage Driver', 0, 0, 0, '0000-00-00', 0, 0, 1, 19, ''),
(180, 52, '0', 248, 'SW100755036993', 74.99, 9, 'Versandkosten nach Gewicht', 0, 0, 0, '0000-00-00', 0, 0, 1, 19, ''),
(181, 52, '0', 0, 'SHIPPINGDISCOUNT', -2, 1, 'Warenkorbrabatt', 0, 0, 0, '0000-00-00', 4, 0, 4, 19, ''),
(182, 52, '0', 0, 'sw-payment', -180.659, 1, 'Abschlag für Zahlungsart', 0, 0, 0, '0000-00-00', 4, 0, 4, 19, ''),
(187, 54, '0', 211, 'SW10221', 50, 1, 'Prämienartikel ab 250 Euro Warenkorb Wert', 0, 0, 0, '0000-00-00', 0, 0, 1, 19, ''),
(188, 54, '0', 0, 'SHIPPINGDISCOUNT', -2, 1, 'Warenkorbrabatt', 0, 0, 0, '0000-00-00', 4, 0, 4, 19, ''),
(189, 54, '0', 1, 'GUTABS', -5, 1, 'Gutschein', 0, 0, 0, '0000-00-00', 2, 0, 1, 19, ''),
(190, 54, '0', 0, 'sw-payment', -4.3, 1, 'Abschlag für Zahlungsart', 0, 0, 0, '0000-00-00', 4, 0, 1, 19, ''),
(201, 57, '20002', 220, 'SW10001', 35.99, 1, 'Versandkostenfreier Artikel', 0, 0, 0, '0000-00-00', 0, 0, 1, 19, ''),
(202, 57, '20002', 227, 'SW10002841', 35.99, 1, 'Aufschlag bei Zahlungsarten', 0, 0, 0, '0000-00-00', 0, 0, 1, 19, ''),
(203, 57, '20002', 219, 'SW10185', 54.9, 1, 'Express Versand', 0, 0, 0, '0000-00-00', 0, 0, 1, 19, ''),
(204, 57, '20002', 197, 'SW10196', 34.99, 2, 'ESD Download Artikel', 0, 0, 0, '0000-00-00', 0, 1, 1, 19, ''),
(205, 57, '20002', 0, 'sw-payment-absolute', 5, 1, 'Zuschlag für Zahlungsart', 0, 0, 0, '0000-00-00', 4, 0, 4, 19, '');

TRUNCATE TABLE `s_order_details_attributes`;
INSERT INTO `s_order_details_attributes` (`id`, `detailID`, `attribute1`, `attribute2`, `attribute3`, `attribute4`, `attribute5`, `attribute6`) VALUES
(1, 42, '', '', '', '', '', ''),
(2, 43, '', '', '', '', '', ''),
(3, 44, '', '', '', '', '', ''),
(4, 201, '', '', '', '', '', ''),
(5, 202, '', '', '', '', '', ''),
(6, 203, '', '', '', '', '', ''),
(7, 204, '', '', '', '', '', ''),
(8, 205, '', '', '', '', '', '');

TRUNCATE TABLE `s_order_documents`;
TRUNCATE TABLE `s_order_documents_attributes`;
TRUNCATE TABLE `s_order_esd`;
INSERT INTO `s_order_esd` (`id`, `serialID`, `esdID`, `userID`, `orderID`, `orderdetailsID`, `datum`) VALUES
(1, 2, 1, 2, 15, 42, '2012-08-30 10:15:54'),
(2, 6, 2, 1, 57, 204, '2012-08-31 08:51:47'),
(3, 7, 2, 1, 57, 204, '2012-08-31 08:51:47');

TRUNCATE TABLE `s_order_history`;
TRUNCATE TABLE `s_order_notes`;
TRUNCATE TABLE `s_order_number`;
INSERT INTO `s_order_number` (`id`, `number`, `name`, `desc`) VALUES
(1, 20004, 'user', 'Kunden'),
(920, 20002, 'invoice', 'Bestellungen'),
(921, 20000, 'doc_1', 'Lieferscheine'),
(922, 20000, 'doc_2', 'Gutschriften'),
(924, 20000, 'doc_0', 'Rechnungen'),
(925, 10001, 'articleordernumber', 'Artikelbestellnummer  '),
(926, 10000, 'sSERVICE1', 'Service - 1'),
(927, 10000, 'sSERVICE2', 'Service - 2'),
(928, 110, 'blogordernumber', 'Blog - ID');

TRUNCATE TABLE `s_order_shippingaddress`;
INSERT INTO `s_order_shippingaddress` (`id`, `userID`, `orderID`, `company`, `department`, `salutation`, `firstname`, `lastname`, `street`, `zipcode`, `city`, `countryID`, `stateID`) VALUES
(1, 2, 15, 'B2B', 'Einkauf', 'mr', 'Händler', 'Kundengruppe-Netto', 'Musterweg 1', '00000', 'Musterstadt', 2, 3),
(2, 1, 57, 'shopware AG', '', 'mr', 'Max', 'Mustermann', 'Mustermannstraße 92', '48624', 'Schöppingen', 2, 3);

TRUNCATE TABLE `s_order_shippingaddress_attributes`;
INSERT INTO `s_order_shippingaddress_attributes` (`id`, `shippingID`, `text1`, `text2`, `text3`, `text4`, `text5`, `text6`) VALUES
(1, 1, NULL, NULL, NULL, NULL, NULL, NULL),
(2, 2, NULL, NULL, NULL, NULL, NULL, NULL);

TRUNCATE TABLE `s_plugin_recommendations`;
TRUNCATE TABLE `s_plugin_widgets_notes`;
TRUNCATE TABLE `s_premium_dispatch`;
INSERT INTO `s_premium_dispatch` (`id`, `name`, `type`, `description`, `comment`, `active`, `position`, `calculation`, `surcharge_calculation`, `tax_calculation`, `shippingfree`, `multishopID`, `customergroupID`, `bind_shippingfree`, `bind_time_from`, `bind_time_to`, `bind_instock`, `bind_laststock`, `bind_weekday_from`, `bind_weekday_to`, `bind_weight_from`, `bind_weight_to`, `bind_price_from`, `bind_price_to`, `bind_sql`, `status_link`, `calculation_sql`) VALUES
(9, 'Standard Versand', 0, '', '', 1, 1, 1, 3, 0, NULL, NULL, NULL, 0, NULL, NULL, NULL, 0, NULL, NULL, NULL, '1.000', NULL, NULL, NULL, '', NULL),
(10, 'Versandkosten nach Gewicht', 1, 'wenn bspw. ein Artikel das Gewicht von einem Kilo überschreitet wird automatisch auf die Ausweichversandart "Versandkosten nach Gewicht" zurückgegriffen.', 'immer 7,90 €', 1, 0, 1, 3, 0, '10000.00', NULL, NULL, 0, NULL, NULL, NULL, 0, NULL, NULL, NULL, NULL, NULL, NULL, NULL, '<a href="http://nolp.dhl.de/nextt-online-public/set_identcodes.do?lang=de&zip=&idc={$offerPosition.trackingcode}" onclick="return !window.open(this.href, ''popup'', ''width=500,height=600,left=20,top=20'');" target="_blank">hier</a>', NULL),
(12, 'Abschlag (wird als Rabatt ausgewiesen)', 3, '', '', 1, 0, 1, 0, 0, NULL, NULL, NULL, 0, NULL, NULL, NULL, 0, NULL, NULL, NULL, NULL, NULL, NULL, NULL, '', NULL),
(14, 'Express Versand', 0, 'Zustellung innerhalb von 2 Werktagen', 'Zustellung innerhalb von 2 Werktagen', 1, 2, 1, 3, 0, NULL, NULL, NULL, 0, NULL, NULL, NULL, 0, NULL, NULL, NULL, NULL, NULL, NULL, NULL, '', NULL),
(16, 'Standard Versand ins Ausland', 0, 'Die Versandart tritt in Kraft wenn das Lieferland nicht Deutschland ist. ', 'Die Versandart tritt in Kraft wenn das Lieferland nicht Deutschland ist. ', 1, 1, 1, 3, 0, NULL, NULL, NULL, 0, NULL, NULL, NULL, 0, NULL, NULL, NULL, NULL, NULL, NULL, NULL, '', NULL);

TRUNCATE TABLE `s_premium_dispatch_attributes`;
TRUNCATE TABLE `s_premium_dispatch_categories`;
TRUNCATE TABLE `s_premium_dispatch_countries`;
INSERT INTO `s_premium_dispatch_countries` (`dispatchID`, `countryID`) VALUES
(9, 2),
(12, 2),
(12, 3),
(12, 4),
(12, 5),
(12, 7),
(12, 8),
(12, 9),
(12, 10),
(12, 11),
(12, 12),
(12, 13),
(12, 14),
(12, 15),
(12, 16),
(12, 18),
(12, 20),
(12, 21),
(12, 22),
(12, 23),
(12, 24),
(12, 25),
(12, 26),
(12, 27),
(12, 28),
(12, 29),
(12, 30),
(12, 31),
(12, 32),
(12, 33),
(12, 34),
(14, 2),
(14, 3),
(14, 4),
(14, 5),
(14, 7),
(14, 8),
(14, 9),
(14, 10),
(14, 11),
(14, 12),
(14, 13),
(14, 14),
(14, 15),
(14, 16),
(14, 18),
(14, 20),
(14, 21),
(14, 22),
(14, 23),
(14, 24),
(14, 25),
(14, 26),
(14, 27),
(14, 28),
(14, 29),
(14, 30),
(14, 31),
(14, 32),
(14, 33),
(14, 34),
(14, 35),
(14, 36),
(14, 37),
(16, 3),
(16, 4),
(16, 5),
(16, 7),
(16, 8),
(16, 9),
(16, 10),
(16, 11),
(16, 12),
(16, 13),
(16, 14),
(16, 15),
(16, 16),
(16, 18),
(16, 20),
(16, 21),
(16, 22),
(16, 23),
(16, 24),
(16, 25),
(16, 26),
(16, 27),
(16, 28),
(16, 29),
(16, 30),
(16, 31),
(16, 32),
(16, 33),
(16, 34),
(16, 35),
(16, 36),
(16, 37);

TRUNCATE TABLE `s_premium_dispatch_holidays`;
TRUNCATE TABLE `s_premium_dispatch_paymentmeans`;
INSERT INTO `s_premium_dispatch_paymentmeans` (`dispatchID`, `paymentID`) VALUES
(9, 2),
(9, 3),
(9, 4),
(9, 5),
(12, 2),
(12, 3),
(12, 4),
(12, 5),
(14, 2),
(14, 3),
(14, 4),
(14, 5),
(16, 2),
(16, 3),
(16, 4),
(16, 5);

TRUNCATE TABLE `s_premium_holidays`;
INSERT INTO `s_premium_holidays` (`id`, `name`, `calculation`, `date`) VALUES
(1, 'Neujahr', 'DATE(''01-01'')', '2013-01-01'),
(2, 'Berchtoldstag', 'DATE(''01/02'')', '2013-01-02'),
(3, 'Heilige drei Könige', 'DATE(''01-06'')', '2013-01-06'),
(4, 'Rosenmontag', 'DATE_SUB(EASTERDATE(), INTERVAL 48 DAY)', '2013-02-11'),
(5, 'Josefstag', 'DATE(''03/19'')', '2013-03-19'),
(6, 'Karfreitag', 'DATE_SUB(EASTERDATE(), INTERVAL 2 DAY)', '2013-03-29'),
(7, 'Ostermontag', 'DATE_ADD(EASTERDATE(), INTERVAL 1 DAY)', '2013-04-01'),
(8, 'Tag der Arbeit', 'DATE(''05/01'')', '2013-05-01'),
(9, 'Christi Himmelfahrt', 'DATE_ADD(EASTERDATE(), INTERVAL 39 DAY)', '2013-05-09'),
(10, 'Pfingstmontag', 'DATE_ADD(EASTERDATE(), INTERVAL 50 DAY)', '2013-05-20'),
(11, 'Fronleichnam', 'DATE_ADD(EASTERDATE(), INTERVAL 60 DAY)', '2013-05-30'),
(12, 'Bundesfeier (Schweiz)', 'DATE(''08-01'')', '2013-08-01'),
(13, 'Mariä Himmelfahrt', 'DATE(''08/15'')', '2013-08-15'),
(14, 'Tag der Deutschen Einheit', 'DATE(''10/03'')', '2012-10-03'),
(15, 'Nationalfeiertag (Österreich)', 'DATE(''10/26'')', '2012-10-26'),
(16, 'Reformationstag', 'DATE(''10/31'')', '2012-10-31'),
(17, 'Allerheiligen', 'DATE(''11/01'')', '2012-11-01'),
(18, 'Buß- und Bettag', 'SUBDATE(DATE(''11-23''), DAYOFWEEK(DATE(''11-23''))+IF(DAYOFWEEK(DATE(''11-23''))>4,-4,3))', '2012-11-21'),
(19, 'Mariä Empfängnis', 'DATE(''12/8'')', '2012-12-08'),
(20, 'Heiligabend', 'DATE(''12/24'')', '2012-12-24'),
(21, '1. Weihnachtstag', 'DATE(''12/25'')', '2012-12-25'),
(22, '2. Weihnachtstag (Stephanstag)', 'DATE(''12/26'')', '2012-12-26'),
(23, 'Sylvester', 'DATE(''12/31'')', '2012-12-31');

TRUNCATE TABLE `s_premium_shippingcosts`;
INSERT INTO `s_premium_shippingcosts` (`id`, `from`, `value`, `factor`, `dispatchID`) VALUES
(241, '0.000', '2.00', '0.00', 12),
(260, '0.000', '24.99', '0.00', 16),
(319, '0.000', '3.90', '0.00', 9),
(327, '0.000', '3.90', '0.00', 10),
(328, '2.010', '7.80', '0.00', 10),
(329, '5.010', '19.90', '0.00', 10),
(330, '10.010', '25.99', '0.00', 10),
(331, '20.010', '35.99', '0.00', 10),
(332, '50.010', '55.00', '0.00', 10),
(333, '100.010', '75.00', '0.00', 10),
(335, '0.000', '9.90', '0.00', 14);

TRUNCATE TABLE `s_search_fields`;
INSERT INTO `s_search_fields` (`id`, `name`, `relevance`, `field`, `tableID`) VALUES
(1, 'Kategorie-Keywords', 10, 'metakeywords', 2),
(2, 'Kategorie-Überschrift', 70, 'description', 2),
(3, 'Artikel-Name', 400, 'name', 1),
(4, 'Artikel-Keywords', 10, 'keywords', 1),
(5, 'Artikel-Bestellnummer', 50, 'ordernumber', 4),
(6, 'Hersteller-Name', 45, 'name', 3),
(7, 'Artikel-Name Übersetzung', 50, 'name', 5),
(8, 'Artikel-Keywords Übersetzung', 10, 'keywords', 5);

TRUNCATE TABLE `s_search_index`;
INSERT INTO `s_search_index` (`keywordID`, `fieldID`, `elementID`) VALUES
(1, 3, 2),
(1, 3, 7),
(1, 3, 9),
(1, 3, 122),
(1, 4, 7),
(1, 7, 2),
(1, 7, 7),
(2, 3, 2),
(2, 3, 9),
(2, 7, 2),
(3, 3, 2),
(3, 3, 3),
(3, 3, 11),
(4, 3, 3),
(4, 5, 235),
(4, 5, 337),
(4, 5, 458),
(4, 5, 564),
(4, 5, 704),
(4, 7, 3),
(5, 3, 3),
(5, 3, 11),
(5, 7, 3),
(5, 7, 10),
(5, 7, 11),
(6, 3, 4),
(6, 5, 338),
(6, 5, 459),
(6, 5, 565),
(6, 5, 705),
(7, 3, 4),
(8, 3, 4),
(9, 3, 5),
(9, 5, 339),
(9, 5, 460),
(9, 5, 566),
(9, 5, 706),
(12, 3, 6),
(13, 3, 6),
(14, 3, 6),
(14, 3, 9),
(15, 3, 7),
(15, 4, 7),
(15, 7, 7),
(16, 3, 7),
(16, 4, 7),
(16, 7, 7),
(17, 3, 7),
(17, 4, 7),
(17, 7, 7),
(18, 3, 7),
(18, 4, 7),
(19, 3, 8),
(19, 3, 12),
(19, 5, 184),
(19, 5, 224),
(19, 5, 276),
(19, 5, 326),
(19, 5, 350),
(19, 5, 357),
(19, 5, 368),
(19, 5, 376),
(19, 5, 384),
(19, 5, 413),
(19, 5, 447),
(19, 5, 553),
(19, 5, 693),
(19, 5, 730),
(20, 3, 8),
(21, 3, 8),
(22, 3, 8),
(23, 3, 8),
(24, 3, 9),
(25, 3, 9),
(26, 3, 9),
(27, 3, 10),
(28, 3, 10),
(28, 7, 10),
(29, 3, 10),
(29, 7, 10),
(30, 3, 11),
(30, 3, 195),
(30, 7, 11),
(30, 7, 64),
(31, 3, 11),
(32, 3, 12),
(33, 3, 12),
(34, 3, 12),
(35, 3, 13),
(35, 7, 13),
(36, 3, 13),
(36, 7, 13),
(37, 3, 13),
(37, 7, 13),
(38, 3, 13),
(38, 3, 14),
(38, 3, 15),
(38, 3, 17),
(38, 3, 18),
(38, 3, 19),
(38, 3, 20),
(38, 3, 21),
(38, 3, 31),
(38, 3, 32),
(38, 3, 33),
(38, 3, 34),
(38, 3, 35),
(38, 3, 36),
(39, 3, 13),
(39, 3, 14),
(39, 3, 77),
(39, 3, 88),
(40, 3, 14),
(40, 3, 169),
(40, 7, 14),
(41, 3, 14),
(41, 7, 14),
(42, 3, 14),
(42, 7, 14),
(43, 3, 15),
(43, 7, 15),
(44, 3, 15),
(44, 3, 17),
(44, 3, 18),
(44, 3, 31),
(45, 3, 15),
(45, 7, 15),
(46, 3, 17),
(46, 7, 17),
(47, 3, 17),
(47, 7, 17),
(48, 3, 18),
(48, 7, 18),
(49, 3, 18),
(49, 7, 18),
(50, 3, 18),
(50, 7, 18),
(51, 3, 19),
(51, 3, 20),
(51, 3, 21),
(51, 3, 32),
(51, 7, 19),
(51, 7, 20),
(51, 7, 21),
(51, 7, 32),
(52, 3, 19),
(52, 7, 19),
(53, 3, 20),
(54, 3, 21),
(54, 7, 21),
(55, 3, 22),
(56, 3, 22),
(56, 3, 26),
(56, 7, 23),
(56, 7, 24),
(56, 7, 25),
(56, 7, 26),
(57, 3, 22),
(58, 3, 23),
(59, 3, 24),
(60, 3, 25),
(61, 3, 26),
(61, 3, 27),
(62, 3, 27),
(63, 3, 28),
(64, 3, 28),
(65, 3, 29),
(65, 3, 30),
(66, 3, 29),
(67, 3, 30),
(68, 3, 30),
(69, 3, 31),
(69, 3, 33),
(69, 3, 34),
(69, 3, 35),
(69, 3, 36),
(70, 3, 32),
(71, 3, 32),
(71, 3, 117),
(71, 3, 181),
(71, 7, 31),
(71, 7, 32),
(71, 7, 33),
(71, 7, 34),
(71, 7, 35),
(71, 7, 36),
(71, 7, 83),
(71, 7, 181),
(72, 3, 33),
(72, 7, 33),
(73, 3, 34),
(73, 7, 34),
(74, 3, 34),
(74, 7, 34),
(75, 3, 35),
(76, 3, 36),
(77, 3, 37),
(78, 3, 38),
(79, 3, 39),
(80, 3, 40),
(81, 3, 41),
(82, 3, 42),
(83, 3, 43),
(84, 3, 44),
(85, 4, 249),
(85, 4, 250),
(85, 4, 251),
(85, 4, 252),
(85, 4, 253),
(85, 4, 254),
(85, 4, 255),
(85, 4, 256),
(85, 4, 257),
(85, 4, 258),
(85, 4, 259),
(85, 4, 260),
(85, 4, 261),
(85, 4, 262),
(85, 4, 263),
(85, 4, 264),
(85, 4, 265),
(85, 4, 266),
(85, 4, 267),
(85, 4, 268),
(85, 4, 269),
(85, 4, 270),
(85, 4, 271),
(85, 5, 123),
(85, 5, 153),
(85, 5, 180),
(85, 5, 220),
(85, 5, 249),
(85, 5, 252),
(85, 5, 256),
(85, 5, 322),
(85, 5, 346),
(85, 5, 353),
(85, 5, 364),
(85, 5, 372),
(85, 5, 380),
(85, 5, 396),
(85, 5, 409),
(85, 5, 417),
(85, 5, 443),
(85, 5, 549),
(85, 5, 689),
(85, 5, 726),
(85, 5, 742),
(85, 5, 753),
(85, 5, 757),
(85, 5, 761),
(85, 5, 766),
(85, 5, 769),
(85, 5, 780),
(86, 5, 124),
(86, 5, 154),
(86, 5, 181),
(86, 5, 221),
(86, 5, 250),
(86, 5, 253),
(86, 5, 257),
(86, 5, 284),
(86, 5, 323),
(86, 5, 347),
(86, 5, 354),
(86, 5, 365),
(86, 5, 373),
(86, 5, 381),
(86, 5, 397),
(86, 5, 410),
(86, 5, 418),
(86, 5, 444),
(86, 5, 550),
(86, 5, 690),
(86, 5, 727),
(86, 5, 743),
(86, 5, 754),
(86, 5, 758),
(86, 5, 762),
(86, 5, 767),
(86, 5, 770),
(86, 5, 781),
(101, 6, 6),
(118, 3, 110),
(118, 3, 112),
(121, 3, 63),
(123, 3, 65),
(124, 3, 66),
(125, 3, 67),
(126, 3, 67),
(126, 3, 68),
(127, 3, 68),
(128, 3, 68),
(129, 3, 69),
(130, 3, 70),
(130, 3, 103),
(131, 3, 70),
(132, 3, 71),
(133, 3, 72),
(134, 3, 73),
(135, 3, 74),
(136, 3, 75),
(137, 3, 76),
(137, 3, 143),
(138, 3, 76),
(138, 3, 77),
(139, 3, 76),
(139, 3, 79),
(140, 3, 77),
(141, 3, 78),
(142, 3, 78),
(143, 3, 79),
(144, 3, 80),
(144, 3, 81),
(145, 3, 80),
(145, 3, 101),
(147, 3, 82),
(148, 3, 83),
(148, 5, 125),
(148, 5, 182),
(148, 5, 222),
(148, 5, 251),
(148, 5, 254),
(148, 5, 258),
(148, 5, 285),
(148, 5, 324),
(148, 5, 348),
(148, 5, 355),
(148, 5, 366),
(148, 5, 374),
(148, 5, 382),
(148, 5, 398),
(148, 5, 411),
(148, 5, 419),
(148, 5, 445),
(148, 5, 551),
(148, 5, 691),
(148, 5, 728),
(148, 5, 744),
(148, 5, 755),
(148, 5, 759),
(148, 5, 763),
(148, 5, 768),
(148, 5, 771),
(148, 7, 83),
(149, 3, 83),
(150, 3, 83),
(151, 3, 84),
(152, 3, 85),
(153, 3, 86),
(153, 3, 87),
(153, 3, 88),
(154, 3, 86),
(154, 3, 91),
(154, 3, 225),
(155, 3, 87),
(155, 3, 91),
(156, 3, 88),
(157, 3, 88),
(157, 3, 92),
(158, 3, 89),
(159, 3, 90),
(160, 3, 90),
(160, 3, 91),
(160, 3, 92),
(161, 3, 81),
(161, 3, 92),
(161, 3, 162),
(161, 7, 81),
(162, 3, 93),
(163, 3, 93),
(164, 3, 94),
(164, 3, 95),
(165, 3, 94),
(165, 3, 95),
(166, 3, 96),
(166, 3, 108),
(166, 3, 109),
(166, 3, 238),
(167, 3, 97),
(168, 3, 98),
(168, 3, 100),
(168, 3, 101),
(169, 3, 98),
(170, 3, 100),
(171, 3, 102),
(172, 3, 102),
(173, 3, 103),
(173, 3, 104),
(173, 3, 180),
(173, 3, 181),
(174, 3, 104),
(175, 3, 105),
(175, 3, 106),
(175, 3, 107),
(176, 3, 109),
(177, 3, 110),
(177, 7, 110),
(178, 3, 110),
(178, 3, 112),
(178, 6, 15),
(178, 7, 110),
(179, 3, 112),
(180, 3, 113),
(180, 3, 114),
(180, 3, 115),
(180, 3, 116),
(180, 3, 123),
(180, 7, 116),
(181, 3, 113),
(181, 3, 114),
(181, 3, 123),
(182, 3, 113),
(182, 3, 114),
(182, 3, 115),
(182, 3, 116),
(182, 3, 117),
(182, 3, 118),
(182, 3, 123),
(182, 3, 195),
(182, 7, 116),
(182, 7, 118),
(183, 3, 114),
(183, 3, 153),
(183, 3, 179),
(183, 3, 180),
(184, 3, 114),
(184, 3, 123),
(185, 3, 114),
(186, 3, 115),
(187, 3, 115),
(188, 3, 116),
(189, 3, 116),
(190, 3, 117),
(191, 3, 117),
(192, 3, 117),
(193, 3, 118),
(194, 3, 119),
(194, 3, 120),
(194, 3, 121),
(195, 3, 119),
(195, 7, 202),
(195, 7, 239),
(196, 3, 120),
(197, 3, 121),
(198, 3, 122),
(199, 3, 122),
(199, 6, 2),
(200, 3, 123),
(201, 3, 128),
(201, 3, 129),
(202, 3, 128),
(203, 3, 128),
(203, 3, 129),
(203, 3, 130),
(203, 3, 131),
(203, 3, 132),
(203, 6, 11),
(204, 3, 129),
(204, 7, 129),
(205, 3, 130),
(206, 3, 130),
(207, 3, 130),
(208, 3, 131),
(209, 3, 131),
(209, 7, 131),
(210, 3, 132),
(211, 3, 132),
(212, 3, 132),
(213, 3, 134),
(214, 3, 134),
(215, 3, 134),
(216, 3, 135),
(216, 3, 136),
(217, 3, 135),
(217, 3, 142),
(218, 3, 135),
(218, 3, 136),
(218, 3, 141),
(218, 3, 142),
(218, 3, 161),
(219, 3, 135),
(219, 3, 136),
(219, 3, 141),
(219, 3, 142),
(220, 3, 136),
(221, 3, 137),
(222, 3, 137),
(223, 3, 141),
(224, 3, 142),
(225, 3, 143),
(225, 3, 144),
(226, 3, 143),
(226, 3, 144),
(226, 7, 143),
(226, 7, 144),
(227, 3, 144),
(228, 3, 145),
(228, 6, 7),
(228, 7, 145),
(229, 3, 145),
(230, 2, 31),
(230, 2, 52),
(230, 3, 145),
(230, 6, 7),
(230, 7, 145),
(231, 3, 148),
(231, 7, 148),
(232, 3, 148),
(233, 3, 148),
(234, 3, 150),
(234, 3, 151),
(234, 3, 152),
(234, 3, 154),
(235, 3, 150),
(235, 3, 160),
(235, 7, 160),
(236, 3, 150),
(236, 3, 160),
(236, 7, 160),
(237, 3, 151),
(237, 3, 177),
(237, 7, 177),
(238, 3, 152),
(238, 3, 155),
(239, 3, 152),
(239, 3, 155),
(239, 7, 101),
(240, 3, 153),
(240, 3, 155),
(240, 3, 156),
(240, 7, 153),
(241, 3, 153),
(241, 3, 156),
(241, 7, 153),
(242, 3, 153),
(242, 3, 179),
(242, 3, 180),
(243, 2, 27),
(243, 3, 153),
(244, 3, 154),
(245, 3, 155),
(246, 3, 156),
(247, 3, 156),
(247, 3, 165),
(247, 3, 168),
(247, 3, 170),
(247, 3, 174),
(247, 7, 170),
(248, 3, 157),
(249, 3, 157),
(249, 7, 157),
(250, 3, 157),
(250, 3, 158),
(250, 3, 159),
(251, 3, 157),
(251, 3, 158),
(251, 3, 159),
(251, 7, 157),
(251, 7, 159),
(252, 3, 158),
(252, 3, 159),
(253, 3, 159),
(253, 7, 159),
(254, 3, 160),
(255, 3, 160),
(256, 3, 161),
(257, 3, 161),
(257, 3, 162),
(258, 3, 163),
(258, 3, 173),
(258, 7, 222),
(259, 3, 163),
(259, 3, 173),
(260, 3, 163),
(260, 3, 164),
(260, 3, 165),
(261, 3, 164),
(262, 3, 164),
(262, 7, 15),
(262, 7, 17),
(262, 7, 18),
(262, 7, 31),
(263, 3, 165),
(264, 3, 165),
(265, 3, 166),
(265, 7, 166),
(266, 3, 166),
(266, 3, 167),
(266, 7, 166),
(267, 3, 166),
(267, 3, 167),
(267, 3, 170),
(268, 3, 167),
(269, 3, 168),
(269, 3, 169),
(270, 3, 168),
(271, 3, 169),
(273, 3, 171),
(273, 5, 229),
(273, 5, 331),
(273, 5, 452),
(273, 5, 558),
(273, 5, 698),
(273, 5, 735),
(274, 3, 171),
(274, 3, 172),
(275, 3, 171),
(275, 3, 172),
(276, 3, 172),
(276, 3, 210),
(276, 7, 172),
(276, 7, 210),
(277, 3, 172),
(277, 7, 172),
(278, 3, 173),
(278, 3, 174),
(279, 3, 174),
(280, 3, 175),
(280, 3, 176),
(280, 3, 177),
(280, 3, 178),
(280, 3, 179),
(281, 3, 175),
(282, 3, 176),
(283, 3, 177),
(284, 3, 177),
(285, 3, 194),
(285, 3, 196),
(285, 3, 197),
(285, 3, 198),
(285, 3, 199),
(285, 3, 202),
(285, 3, 203),
(285, 3, 204),
(285, 3, 205),
(285, 3, 206),
(285, 3, 220),
(285, 3, 243),
(285, 4, 220),
(286, 2, 11),
(286, 3, 194),
(287, 3, 195),
(288, 3, 196),
(289, 3, 196),
(290, 3, 197),
(290, 7, 197),
(291, 3, 197),
(291, 7, 197),
(292, 3, 198),
(293, 3, 199),
(294, 3, 200),
(295, 3, 200),
(296, 2, 20),
(296, 3, 201),
(297, 3, 201),
(298, 3, 202),
(299, 3, 203),
(300, 3, 204),
(301, 3, 205),
(302, 3, 206),
(303, 3, 207),
(304, 3, 207),
(305, 3, 207),
(306, 3, 208),
(307, 3, 209),
(308, 3, 247),
(308, 7, 247),
(309, 3, 210),
(309, 3, 211),
(309, 3, 247),
(309, 7, 210),
(309, 7, 211),
(309, 7, 247),
(310, 3, 210),
(310, 3, 211),
(310, 3, 247),
(311, 3, 210),
(311, 3, 211),
(312, 3, 210),
(312, 3, 211),
(313, 3, 211),
(313, 7, 211),
(314, 3, 213),
(315, 3, 214),
(315, 3, 215),
(315, 3, 216),
(315, 3, 217),
(315, 3, 218),
(316, 3, 214),
(317, 3, 214),
(317, 3, 215),
(318, 3, 214),
(318, 3, 215),
(318, 3, 216),
(318, 3, 217),
(318, 3, 218),
(319, 3, 214),
(319, 3, 215),
(320, 3, 215),
(321, 3, 216),
(322, 3, 216),
(323, 3, 216),
(324, 3, 217),
(325, 3, 217),
(326, 3, 217),
(327, 3, 217),
(328, 3, 217),
(329, 3, 218),
(330, 3, 218),
(331, 3, 218),
(332, 2, 1),
(333, 2, 3),
(334, 2, 5),
(335, 2, 6),
(337, 2, 8),
(340, 2, 10),
(341, 2, 11),
(341, 2, 12),
(342, 2, 13),
(343, 2, 14),
(344, 2, 15),
(345, 2, 17),
(345, 2, 42),
(346, 2, 17),
(346, 2, 42),
(347, 2, 66),
(348, 2, 19),
(348, 2, 69),
(349, 2, 21),
(350, 2, 21),
(351, 2, 22),
(352, 2, 23),
(353, 2, 24),
(353, 3, 221),
(353, 3, 248),
(354, 2, 25),
(354, 3, 227),
(354, 3, 228),
(354, 3, 230),
(355, 2, 26),
(355, 2, 75),
(356, 2, 27),
(361, 2, 30),
(365, 6, 1),
(366, 6, 1),
(367, 6, 2),
(368, 6, 3),
(369, 6, 4),
(370, 6, 4),
(371, 6, 5),
(372, 6, 5),
(373, 6, 5),
(374, 6, 8),
(375, 6, 8),
(376, 6, 9),
(377, 3, 219),
(377, 6, 11),
(378, 6, 12),
(379, 6, 12),
(380, 2, 47),
(380, 2, 49),
(380, 6, 13),
(381, 6, 13),
(382, 6, 13),
(383, 6, 13),
(383, 7, 170),
(383, 7, 172),
(384, 6, 14),
(385, 6, 15),
(386, 6, 15),
(387, 6, 15),
(388, 6, 15),
(395, 5, 2),
(395, 5, 123),
(395, 5, 124),
(395, 5, 125),
(396, 5, 3),
(397, 5, 4),
(398, 5, 5),
(398, 5, 252),
(398, 5, 253),
(398, 5, 254),
(398, 5, 255),
(399, 5, 183),
(399, 5, 223),
(399, 5, 255),
(399, 5, 259),
(399, 5, 275),
(399, 5, 325),
(399, 5, 349),
(399, 5, 356),
(399, 5, 367),
(399, 5, 375),
(399, 5, 383),
(399, 5, 399),
(399, 5, 412),
(399, 5, 420),
(399, 5, 446),
(399, 5, 552),
(399, 5, 692),
(399, 5, 729),
(400, 5, 6),
(401, 5, 13),
(401, 5, 249),
(401, 5, 250),
(401, 5, 251),
(402, 5, 14),
(403, 5, 15),
(404, 5, 16),
(405, 5, 17),
(406, 5, 18),
(407, 5, 19),
(408, 5, 20),
(409, 5, 21),
(410, 5, 23),
(411, 5, 24),
(412, 5, 25),
(413, 5, 26),
(414, 5, 27),
(415, 5, 28),
(416, 5, 29),
(417, 5, 30),
(418, 5, 31),
(419, 5, 32),
(420, 5, 33),
(421, 5, 34),
(422, 5, 35),
(423, 5, 36),
(424, 5, 37),
(425, 5, 38),
(426, 5, 39),
(427, 5, 40),
(428, 5, 41),
(429, 5, 42),
(430, 5, 43),
(431, 5, 44),
(432, 5, 45),
(433, 5, 46),
(434, 5, 47),
(435, 5, 48),
(436, 5, 49),
(437, 5, 50),
(448, 5, 225),
(448, 5, 327),
(448, 5, 351),
(448, 5, 358),
(448, 5, 369),
(448, 5, 377),
(448, 5, 385),
(448, 5, 414),
(448, 5, 448),
(448, 5, 554),
(448, 5, 694),
(448, 5, 731),
(449, 5, 226),
(449, 5, 328),
(449, 5, 352),
(449, 5, 359),
(449, 5, 370),
(449, 5, 378),
(449, 5, 386),
(449, 5, 415),
(449, 5, 449),
(449, 5, 555),
(449, 5, 695),
(449, 5, 732),
(450, 5, 227),
(450, 5, 329),
(450, 5, 450),
(450, 5, 556),
(450, 5, 696),
(450, 5, 733),
(457, 5, 126),
(458, 5, 127),
(459, 5, 128),
(460, 5, 129),
(461, 5, 130),
(462, 5, 131),
(465, 5, 132),
(466, 5, 133),
(467, 5, 134),
(468, 5, 135),
(469, 5, 136),
(470, 5, 137),
(471, 5, 138),
(472, 5, 139),
(473, 5, 140),
(474, 5, 141),
(475, 5, 142),
(476, 5, 143),
(477, 5, 144),
(478, 5, 145),
(479, 5, 146),
(480, 5, 147),
(481, 5, 148),
(482, 5, 149),
(483, 5, 150),
(484, 5, 151),
(485, 5, 152),
(485, 5, 153),
(485, 5, 154),
(486, 5, 155),
(487, 5, 156),
(488, 5, 157),
(489, 5, 158),
(490, 5, 159),
(491, 5, 160),
(492, 5, 161),
(493, 5, 162),
(494, 5, 166),
(495, 5, 163),
(496, 5, 165),
(497, 5, 167),
(498, 5, 168),
(499, 5, 169),
(500, 5, 172),
(501, 5, 170),
(502, 5, 171),
(503, 5, 173),
(504, 5, 174),
(505, 5, 241),
(506, 5, 177),
(507, 5, 175),
(508, 5, 178),
(509, 5, 179),
(509, 5, 180),
(509, 5, 181),
(509, 5, 182),
(509, 5, 183),
(509, 5, 184),
(510, 5, 185),
(511, 5, 186),
(512, 5, 187),
(512, 5, 220),
(512, 5, 221),
(512, 5, 222),
(512, 5, 223),
(512, 5, 224),
(512, 5, 225),
(512, 5, 226),
(512, 5, 227),
(512, 5, 228),
(512, 5, 229),
(512, 5, 230),
(512, 5, 231),
(512, 5, 232),
(512, 5, 233),
(512, 5, 234),
(512, 5, 235),
(513, 5, 230),
(513, 5, 332),
(513, 5, 453),
(513, 5, 559),
(513, 5, 699),
(513, 5, 736),
(514, 5, 231),
(514, 5, 333),
(514, 5, 454),
(514, 5, 560),
(514, 5, 700),
(514, 5, 737),
(515, 5, 232),
(515, 5, 334),
(515, 5, 455),
(515, 5, 561),
(515, 5, 701),
(516, 5, 233),
(516, 5, 335),
(516, 5, 456),
(516, 5, 562),
(516, 5, 702),
(517, 5, 234),
(517, 5, 336),
(517, 5, 457),
(517, 5, 563),
(517, 5, 703),
(518, 5, 228),
(518, 5, 330),
(518, 5, 451),
(518, 5, 557),
(518, 5, 697),
(518, 5, 734),
(519, 5, 236),
(520, 5, 237),
(521, 5, 238),
(522, 5, 239),
(523, 5, 240),
(523, 5, 256),
(523, 5, 257),
(523, 5, 258),
(523, 5, 259),
(524, 5, 260),
(525, 5, 261),
(526, 5, 262),
(527, 5, 263),
(528, 5, 264),
(529, 5, 265),
(529, 5, 275),
(529, 5, 276),
(530, 5, 278),
(531, 5, 279),
(532, 5, 280),
(533, 5, 281),
(534, 5, 282),
(534, 5, 284),
(534, 5, 285),
(535, 5, 288),
(536, 5, 289),
(537, 5, 290),
(538, 5, 291),
(539, 5, 292),
(540, 5, 295),
(541, 5, 297),
(542, 5, 298),
(543, 5, 299),
(544, 5, 300),
(544, 5, 322),
(544, 5, 323),
(544, 5, 324),
(544, 5, 325),
(544, 5, 326),
(544, 5, 327),
(544, 5, 328),
(544, 5, 329),
(544, 5, 330),
(544, 5, 331),
(544, 5, 332),
(544, 5, 333),
(544, 5, 334),
(544, 5, 335),
(544, 5, 336),
(544, 5, 337),
(544, 5, 338),
(544, 5, 339),
(544, 5, 340),
(544, 5, 341),
(544, 5, 342),
(545, 5, 340),
(545, 5, 461),
(545, 5, 567),
(545, 5, 707),
(546, 5, 341),
(546, 5, 462),
(546, 5, 568),
(546, 5, 708),
(547, 5, 342),
(547, 5, 463),
(547, 5, 569),
(548, 5, 343),
(549, 5, 344),
(549, 5, 353),
(549, 5, 354),
(549, 5, 355),
(549, 5, 356),
(549, 5, 357),
(549, 5, 358),
(549, 5, 359),
(550, 5, 345),
(550, 5, 346),
(550, 5, 347),
(550, 5, 348),
(550, 5, 349),
(550, 5, 350),
(550, 5, 351),
(550, 5, 352),
(551, 5, 360),
(552, 5, 361),
(553, 5, 362),
(554, 5, 363),
(554, 5, 364),
(554, 5, 365),
(554, 5, 366),
(554, 5, 367),
(554, 5, 368),
(554, 5, 369),
(554, 5, 370),
(555, 5, 371),
(555, 5, 372),
(555, 5, 373),
(555, 5, 374),
(555, 5, 375),
(555, 5, 376),
(555, 5, 377),
(555, 5, 378),
(556, 5, 379),
(556, 5, 380),
(556, 5, 381),
(556, 5, 382),
(556, 5, 383),
(556, 5, 384),
(556, 5, 385),
(556, 5, 386),
(557, 5, 387),
(558, 5, 388),
(559, 5, 389),
(560, 5, 390),
(561, 5, 391),
(562, 5, 392),
(563, 5, 393),
(564, 5, 394),
(565, 5, 395),
(565, 5, 396),
(565, 5, 397),
(565, 5, 398),
(565, 5, 399),
(566, 5, 401),
(567, 5, 402),
(568, 5, 403),
(569, 5, 404),
(570, 5, 405),
(571, 5, 406),
(572, 5, 407),
(573, 5, 408),
(573, 5, 409),
(573, 5, 410),
(573, 5, 411),
(573, 5, 412),
(573, 5, 413),
(573, 5, 414),
(573, 5, 415),
(574, 5, 416),
(574, 5, 417),
(574, 5, 418),
(574, 5, 419),
(574, 5, 420),
(575, 5, 421),
(576, 5, 434),
(577, 5, 435),
(578, 5, 436),
(579, 5, 437),
(580, 5, 438),
(581, 5, 439),
(582, 5, 440),
(583, 5, 441),
(584, 5, 442),
(584, 5, 443),
(584, 5, 444),
(584, 5, 445),
(584, 5, 446),
(584, 5, 447),
(584, 5, 448),
(584, 5, 449),
(584, 5, 450),
(584, 5, 451),
(584, 5, 452),
(584, 5, 453),
(584, 5, 454),
(584, 5, 455),
(584, 5, 456),
(584, 5, 457),
(584, 5, 458),
(584, 5, 459),
(584, 5, 460),
(584, 5, 461),
(584, 5, 462),
(584, 5, 463),
(585, 5, 464),
(585, 5, 549),
(585, 5, 550),
(585, 5, 551),
(585, 5, 552),
(585, 5, 553),
(585, 5, 554),
(585, 5, 555),
(585, 5, 556),
(585, 5, 557),
(585, 5, 558),
(585, 5, 559),
(585, 5, 560),
(585, 5, 561),
(585, 5, 562),
(585, 5, 563),
(585, 5, 564),
(585, 5, 565),
(585, 5, 566),
(585, 5, 567),
(585, 5, 568),
(585, 5, 569),
(586, 5, 570),
(586, 5, 689),
(586, 5, 690),
(586, 5, 691),
(586, 5, 692),
(586, 5, 693),
(586, 5, 694),
(586, 5, 695),
(586, 5, 696),
(586, 5, 697),
(586, 5, 698),
(586, 5, 699),
(586, 5, 700),
(586, 5, 701),
(586, 5, 702),
(586, 5, 703),
(586, 5, 704),
(586, 5, 705),
(586, 5, 706),
(586, 5, 707),
(586, 5, 708),
(587, 5, 709),
(587, 5, 726),
(587, 5, 727),
(587, 5, 728),
(587, 5, 729),
(587, 5, 730),
(587, 5, 731),
(587, 5, 732),
(587, 5, 733),
(587, 5, 734),
(587, 5, 735),
(587, 5, 736),
(587, 5, 737),
(588, 5, 738),
(588, 5, 742),
(588, 5, 743),
(588, 5, 744),
(589, 5, 745),
(590, 5, 746),
(591, 5, 747),
(592, 5, 748),
(593, 5, 751),
(594, 5, 752),
(594, 5, 753),
(594, 5, 754),
(594, 5, 755),
(595, 5, 756),
(595, 5, 757),
(595, 5, 758),
(595, 5, 759),
(596, 5, 760),
(596, 5, 761),
(596, 5, 762),
(596, 5, 763),
(597, 5, 764),
(597, 5, 766),
(597, 5, 767),
(597, 5, 768),
(598, 5, 765),
(598, 5, 769),
(598, 5, 770),
(598, 5, 771),
(608, 3, 64),
(917, 2, 9),
(918, 2, 16),
(918, 2, 53),
(922, 2, 32),
(924, 2, 34),
(924, 2, 57),
(925, 2, 35),
(925, 2, 58),
(926, 2, 35),
(926, 2, 58),
(927, 2, 59),
(928, 2, 59),
(930, 2, 36),
(930, 2, 59),
(931, 2, 37),
(5016, 2, 33),
(6975, 3, 178),
(8103, 3, 5),
(8103, 7, 5),
(8104, 3, 5),
(8105, 3, 5),
(8106, 3, 219),
(8106, 7, 219),
(8107, 3, 220),
(8107, 4, 220),
(8108, 4, 220),
(8108, 7, 220),
(8109, 2, 72),
(8109, 4, 220),
(8109, 7, 219),
(8109, 7, 220),
(8109, 7, 221),
(8109, 7, 223),
(8109, 7, 248),
(8110, 3, 221),
(8111, 3, 222),
(8112, 3, 222),
(8112, 3, 224),
(8112, 3, 225),
(8113, 3, 223),
(8114, 3, 224),
(8115, 3, 226),
(8116, 3, 226),
(8116, 3, 229),
(8117, 3, 227),
(8118, 3, 228),
(8119, 3, 229),
(8119, 3, 233),
(8119, 7, 229),
(8120, 3, 230),
(8121, 3, 231),
(8121, 7, 200),
(8122, 3, 231),
(8122, 3, 233),
(8122, 3, 234),
(8123, 3, 231),
(8124, 3, 234),
(8125, 3, 235),
(8126, 3, 235),
(8127, 3, 236),
(8128, 3, 237),
(8129, 3, 237),
(8130, 3, 238),
(8130, 7, 238),
(8131, 3, 239),
(8132, 3, 239),
(8132, 7, 239),
(8132, 7, 240),
(8132, 7, 241),
(8132, 7, 242),
(8133, 3, 239),
(8134, 3, 240),
(8134, 7, 240),
(8135, 3, 240),
(8136, 3, 241),
(8136, 7, 241),
(8137, 3, 241),
(8137, 3, 242),
(8138, 3, 241),
(8138, 3, 242),
(8138, 7, 241),
(8138, 7, 242),
(8139, 3, 242),
(8140, 3, 242),
(8140, 7, 242),
(8141, 3, 243),
(8142, 3, 244),
(8143, 2, 74),
(8143, 3, 244),
(8144, 3, 244),
(8145, 3, 245),
(8146, 3, 246),
(8147, 3, 247),
(8148, 3, 248),
(8445, 2, 36),
(8446, 2, 36),
(8447, 2, 38),
(8448, 2, 39),
(8449, 2, 43),
(8450, 2, 43),
(8450, 2, 44),
(8451, 2, 44),
(8452, 2, 45),
(8453, 2, 45),
(8454, 2, 46),
(8455, 2, 47),
(8455, 2, 49),
(8455, 2, 55),
(8455, 2, 60),
(8455, 7, 194),
(8456, 2, 47),
(8456, 2, 48),
(8456, 2, 49),
(8457, 2, 50),
(8458, 2, 51),
(8459, 2, 54),
(8460, 2, 55),
(8461, 2, 56),
(8462, 2, 61),
(8463, 2, 62),
(8463, 7, 153),
(8464, 2, 62),
(8467, 2, 64),
(8468, 2, 64),
(8469, 2, 65),
(8469, 7, 194),
(8469, 7, 196),
(8469, 7, 198),
(8469, 7, 243),
(8470, 2, 65),
(8470, 7, 202),
(8470, 7, 203),
(8470, 7, 204),
(8470, 7, 205),
(8471, 2, 67),
(8472, 2, 67),
(8473, 2, 68),
(8473, 7, 201),
(8474, 2, 70),
(8475, 2, 71),
(8475, 7, 227),
(8475, 7, 228),
(8475, 7, 230),
(8476, 2, 71),
(8476, 7, 227),
(8476, 7, 228),
(8476, 7, 230),
(8477, 2, 72),
(8477, 7, 220),
(8477, 7, 221),
(8477, 7, 223),
(8477, 7, 248),
(8478, 2, 73),
(8478, 7, 206),
(8478, 7, 208),
(8479, 2, 73),
(8480, 2, 74),
(8525, 6, 16),
(8556, 5, 773),
(8557, 5, 783),
(8558, 5, 785),
(8559, 5, 782),
(8560, 5, 774),
(8561, 5, 776),
(8561, 5, 780),
(8561, 5, 781),
(8562, 5, 803),
(8563, 5, 772),
(8564, 5, 775),
(8565, 5, 777),
(8566, 5, 778),
(8567, 5, 779),
(8568, 5, 749),
(8569, 5, 784),
(8570, 5, 786),
(8571, 5, 788),
(8572, 5, 789),
(8573, 5, 790),
(8574, 5, 791),
(8575, 5, 792),
(8576, 5, 793),
(8577, 5, 794),
(8578, 5, 795),
(8579, 5, 796),
(8580, 5, 797),
(8581, 5, 798),
(8582, 5, 799),
(8583, 5, 800),
(8584, 5, 801),
(8585, 5, 802),
(8780, 7, 222),
(8780, 7, 225),
(8781, 7, 43),
(8782, 7, 43),
(8783, 7, 243),
(8784, 7, 243),
(8785, 7, 102),
(8785, 7, 157),
(8785, 7, 159),
(8785, 7, 194),
(8785, 7, 196),
(8785, 7, 198),
(8785, 7, 202),
(8785, 7, 203),
(8785, 7, 204),
(8785, 7, 205),
(8785, 7, 206),
(8785, 7, 210),
(8785, 7, 211),
(8785, 7, 227),
(8785, 7, 230),
(8785, 7, 243),
(8785, 7, 247),
(8786, 7, 197),
(8786, 7, 199),
(8786, 7, 200),
(8786, 7, 202),
(8786, 7, 203),
(8786, 7, 204),
(8786, 7, 205),
(8786, 7, 206),
(8786, 7, 210),
(8786, 7, 211),
(8786, 7, 220),
(8786, 7, 247),
(8787, 7, 210),
(8787, 7, 211),
(8787, 7, 247),
(8788, 7, 210),
(8788, 7, 211),
(8788, 7, 247),
(8789, 7, 210),
(8789, 7, 211),
(8789, 7, 247),
(8790, 7, 210),
(8790, 7, 211),
(8790, 7, 247),
(8791, 7, 69),
(8791, 7, 213),
(8791, 7, 240),
(8792, 7, 239),
(8793, 7, 239),
(8794, 7, 102),
(8794, 7, 110),
(8794, 7, 148),
(8794, 7, 238),
(8795, 7, 177),
(8795, 7, 238),
(8796, 7, 237),
(8797, 7, 237),
(8798, 7, 237),
(8799, 7, 236),
(8800, 7, 225),
(8800, 7, 235),
(8801, 7, 235),
(8802, 7, 230),
(8803, 7, 229),
(8804, 7, 228),
(8805, 7, 228),
(8806, 7, 205),
(8806, 7, 227),
(8807, 7, 223),
(9502, 7, 225),
(12394, 7, 221),
(24705, 7, 213),
(24706, 7, 210),
(24706, 7, 211),
(24706, 7, 247),
(24707, 7, 207),
(24707, 7, 209),
(24708, 7, 207),
(24708, 7, 209),
(24709, 7, 208),
(24710, 7, 207),
(24711, 7, 207),
(24712, 7, 207),
(24713, 7, 207),
(25443, 7, 206),
(25444, 7, 206),
(26986, 3, 249),
(26986, 3, 250),
(26986, 3, 251),
(26986, 3, 252),
(26986, 3, 253),
(26986, 3, 254),
(26986, 3, 255),
(26986, 3, 256),
(26986, 3, 257),
(26986, 3, 258),
(26986, 3, 259),
(26986, 3, 260),
(26986, 3, 261),
(26986, 3, 262),
(26986, 3, 263),
(26986, 3, 264),
(26986, 3, 265),
(26986, 3, 266),
(26986, 3, 267),
(26986, 3, 268),
(26986, 3, 269),
(26986, 3, 270),
(26986, 3, 271),
(27405, 6, 17),
(27406, 6, 17),
(27438, 5, 804),
(27438, 5, 805),
(27438, 5, 806),
(27438, 5, 807),
(27438, 5, 808),
(27438, 5, 809),
(27438, 5, 810),
(27438, 5, 811),
(27438, 5, 812),
(27438, 5, 813),
(27438, 5, 814),
(27438, 5, 815),
(27438, 5, 816),
(27438, 5, 817),
(27438, 5, 818),
(27438, 5, 819),
(27438, 5, 820),
(27438, 5, 821),
(27438, 5, 822),
(27438, 5, 823),
(27438, 5, 824),
(27438, 5, 825),
(27438, 5, 826),
(27439, 5, 817),
(27439, 5, 820),
(27439, 5, 821),
(27439, 5, 822),
(27440, 5, 806),
(27440, 5, 810),
(27440, 5, 812),
(27440, 5, 816),
(27440, 5, 822),
(27440, 5, 826),
(27441, 5, 805),
(27441, 5, 806),
(27441, 5, 810),
(27441, 5, 812),
(27441, 5, 816),
(27441, 5, 822),
(27441, 5, 826),
(27442, 5, 807),
(27442, 5, 808),
(27442, 5, 809),
(27442, 5, 810),
(27443, 5, 823),
(27443, 5, 824),
(27443, 5, 825),
(27443, 5, 826),
(27444, 5, 811),
(27444, 5, 812),
(27444, 5, 813),
(27444, 5, 814),
(27445, 5, 804),
(27445, 5, 805),
(27445, 5, 806),
(27446, 5, 805),
(27446, 5, 809),
(27446, 5, 813),
(27446, 5, 817),
(27446, 5, 818),
(27446, 5, 824),
(27447, 5, 815),
(27447, 5, 816),
(27447, 5, 818),
(27447, 5, 819),
(27448, 5, 804),
(27448, 5, 808),
(27448, 5, 814),
(27448, 5, 819),
(27448, 5, 821),
(27448, 5, 825),
(27449, 5, 804),
(27449, 5, 808),
(27449, 5, 809),
(27449, 5, 813),
(27449, 5, 814),
(27449, 5, 817),
(27449, 5, 818),
(27449, 5, 819),
(27449, 5, 821),
(27449, 5, 824),
(27449, 5, 825),
(27450, 5, 807),
(27450, 5, 811),
(27450, 5, 815),
(27450, 5, 820),
(27450, 5, 823),
(27451, 5, 807),
(27451, 5, 811),
(27451, 5, 815),
(27451, 5, 820),
(27452, 5, 823),
(27677, 7, 5),
(27678, 7, 5),
(27679, 7, 77),
(27679, 7, 204),
(27680, 7, 203),
(27681, 7, 201),
(27682, 7, 200),
(27683, 7, 199),
(27684, 7, 199),
(27685, 7, 198),
(27686, 7, 196),
(27687, 7, 196),
(27688, 7, 104),
(27688, 7, 181),
(27689, 7, 177),
(27690, 7, 177),
(27691, 7, 177),
(27692, 7, 172),
(27693, 7, 10),
(27693, 7, 22),
(27693, 7, 170),
(27694, 7, 166),
(27695, 7, 160),
(27696, 7, 160),
(27697, 7, 157),
(27697, 7, 159),
(27698, 7, 153),
(27699, 7, 153),
(27700, 7, 143),
(27700, 7, 148),
(27701, 7, 143),
(27701, 7, 144),
(27701, 7, 145),
(27702, 7, 35),
(27702, 7, 144),
(27703, 7, 143),
(27704, 7, 142),
(27705, 7, 142),
(27706, 7, 131),
(27707, 7, 129),
(27707, 7, 131),
(27708, 7, 129),
(27708, 7, 131),
(27709, 7, 129),
(27710, 7, 7),
(27711, 7, 118),
(27712, 7, 118),
(27713, 7, 116),
(27714, 7, 116),
(27715, 7, 104),
(27716, 7, 102),
(27717, 7, 102),
(27718, 7, 101),
(27719, 7, 90),
(27720, 7, 90),
(27721, 7, 81),
(27721, 7, 83),
(27722, 7, 83),
(27723, 7, 81),
(27724, 7, 67),
(27724, 7, 78),
(27725, 7, 78),
(27726, 7, 77),
(27727, 7, 13),
(27727, 7, 14),
(27727, 7, 36),
(27727, 7, 77),
(27728, 7, 74),
(27729, 7, 67),
(27730, 7, 64),
(27731, 7, 2),
(27731, 7, 3),
(27731, 7, 11),
(27732, 7, 44),
(27733, 7, 40),
(27733, 7, 44),
(27734, 7, 41),
(27735, 7, 41),
(27736, 7, 40),
(27737, 7, 39),
(27738, 7, 39),
(27739, 7, 11),
(27739, 7, 31),
(27739, 7, 32),
(27739, 7, 33),
(27739, 7, 34),
(27739, 7, 35),
(27739, 7, 36),
(27740, 7, 13),
(27740, 7, 14),
(27740, 7, 15),
(27740, 7, 17),
(27740, 7, 18),
(27740, 7, 19),
(27740, 7, 20),
(27740, 7, 21),
(27740, 7, 22),
(27740, 7, 26),
(27740, 7, 31),
(27740, 7, 32),
(27740, 7, 33),
(27740, 7, 34),
(27740, 7, 35),
(27740, 7, 36),
(27741, 7, 26),
(27742, 7, 24),
(27742, 7, 25),
(27743, 7, 23),
(27744, 7, 22),
(27745, 7, 22),
(27746, 7, 20),
(27747, 7, 248),
(27748, 7, 248);

TRUNCATE TABLE `s_search_keywords`;
INSERT INTO `s_search_keywords` (`id`, `keyword`, `soundex`) VALUES
(1, '32', NULL),
(2, 'lagerkorn', NULL),
(3, 'munsterlander', NULL),
(4, '16', NULL),
(5, 'aperitif', NULL),
(6, '17', NULL),
(7, 'latte', NULL),
(8, 'macchiato', NULL),
(9, '18', NULL),
(12, '40', NULL),
(13, 'cigar', NULL),
(14, 'special', NULL),
(15, 'extra', NULL),
(16, 'mild', NULL),
(17, 'premium', NULL),
(18, 'wacholder', NULL),
(19, '5', NULL),
(20, '41', NULL),
(21, 'privat', NULL),
(22, 's', NULL),
(23, 't', NULL),
(24, 'finish', NULL),
(25, 'o', NULL),
(26, 'x', NULL),
(27, 'aperitifglas', NULL),
(28, 'demi', NULL),
(29, 'sec', NULL),
(30, 'box', NULL),
(31, 'prasent', NULL),
(32, '37', NULL),
(33, 'kobra', NULL),
(34, 'vodka', NULL),
(35, 'mu', NULL),
(36, 'pai', NULL),
(37, 'tan', NULL),
(38, 'tee', NULL),
(39, 'weiss', NULL),
(40, 'silver', NULL),
(41, 'yin', NULL),
(42, 'zhen', NULL),
(43, 'ching', NULL),
(44, 'gruner', NULL),
(45, 'lung', NULL),
(46, 'feng', NULL),
(47, 'mao', NULL),
(48, 'chun', NULL),
(49, 'lo', NULL),
(50, 'pi', NULL),
(51, 'jasmine', NULL),
(52, 'oriental', NULL),
(53, 'phoenix', NULL),
(54, 'lotus', NULL),
(55, '25l', NULL),
(56, 'glas', NULL),
(57, 'teetasse', NULL),
(58, 'glasbecher', NULL),
(59, 'glasteekannchen', NULL),
(60, 'glasteekanne', NULL),
(61, 'teezubereiter', NULL),
(62, 'facil', NULL),
(63, 'deluxe', NULL),
(64, 'eisteezubereiter', NULL),
(65, 'porzellan', NULL),
(66, 'teeservice', NULL),
(67, 'geschenkbox', NULL),
(68, 'teeset', NULL),
(69, 'geschenkset', NULL),
(70, 'geschenk', NULL),
(71, 'set', NULL),
(72, 'oolong', NULL),
(73, 'erh', NULL),
(74, 'pu', NULL),
(75, 'schwarzer', NULL),
(76, 'weisser', NULL),
(77, 'esslack', NULL),
(78, 'kraftstoff', NULL),
(79, 'mehrzwecknudeln', NULL),
(80, 'schokoleim', NULL),
(81, 'traubenbatterie', NULL),
(82, 'tubenhonig', NULL),
(83, 'olwechsel', NULL),
(84, 'bienenkleber', NULL),
(85, '1', NULL),
(86, '2', NULL),
(101, 'kwon', NULL),
(118, 'tasche', NULL),
(121, 'beistelltisch', NULL),
(123, 'fensterspiegel', NULL),
(124, 'garderobe', NULL),
(125, 'antike', NULL),
(126, 'kommode', NULL),
(127, 'chic', NULL),
(128, 'shabby', NULL),
(129, 'wandregal', NULL),
(130, 'gross', NULL),
(131, 'regal', NULL),
(132, 'schlusselkasten', NULL),
(133, 'schmuckkastchen', NULL),
(134, 'spiegelregal', NULL),
(135, 'stuhl', NULL),
(136, 'esstisch', NULL),
(137, 'braun', NULL),
(138, 'couchtisch', NULL),
(139, 'rund', NULL),
(140, 'eckig', NULL),
(141, 'antik', NULL),
(142, 'uhr', NULL),
(143, 'spiegel', NULL),
(144, 'backform', NULL),
(145, 'gelb', NULL),
(147, 'pralinenbackform', NULL),
(148, '3', NULL),
(149, 'backset', NULL),
(150, 'teilig', NULL),
(151, 'loffelset', NULL),
(152, 'schneebesen', NULL),
(153, 'schussel', NULL),
(154, 'vogel', NULL),
(155, 'blumen', NULL),
(156, 'ringe', NULL),
(157, 'rot', NULL),
(158, 'teigschaber', NULL),
(159, 'huhner', NULL),
(160, 'teller', NULL),
(161, 'pink', NULL),
(162, 'blumenarrangement', NULL),
(163, 'keramiktopf', NULL),
(164, 'blutenarrangement', NULL),
(165, 'rattan', NULL),
(166, 'strandbag', NULL),
(167, 'eisformchen', NULL),
(168, 'fliegenklatsche', NULL),
(169, 'grun', NULL),
(170, 'lila', NULL),
(171, 'ipadtasche', NULL),
(172, 'stiftmappe', NULL),
(173, 'reisekoffer', NULL),
(174, 'klein', NULL),
(175, 'kosmetiktasche', NULL),
(176, 'fantasy', NULL),
(177, 'feed', NULL),
(178, 'me', NULL),
(179, 'remember', NULL),
(180, 'champ', NULL),
(181, 'elite', NULL),
(182, 'kicker', NULL),
(183, 'farben', NULL),
(184, 'pro', NULL),
(185, 'vielen', NULL),
(186, 'family', NULL),
(187, 'platzsparend', NULL),
(188, 'gestaltbar', NULL),
(189, 'individuell', NULL),
(190, 'auswahl', NULL),
(191, 'figuren', NULL),
(192, 'grosse', NULL),
(193, 'torzahler', NULL),
(194, 'kickerball', NULL),
(195, 'standard', NULL),
(196, 'kork', NULL),
(197, 'probierset', NULL),
(198, 'korn', NULL),
(199, 'sasse', NULL),
(200, 'xxl', NULL),
(201, '270cm', NULL),
(202, 'alustyle', NULL),
(203, 'sonnenschirm', NULL),
(204, 'fortino', NULL),
(205, '280cm', NULL),
(206, 'pendalex', NULL),
(207, 'v', NULL),
(208, '350cm', NULL),
(209, 'sombrano', NULL),
(210, '260cm', NULL),
(211, 'c', NULL),
(212, 'sunwing', NULL),
(213, 'balmoral', NULL),
(214, 'flatcap', NULL),
(215, 'tweed', NULL),
(216, 'damenhandschuh', NULL),
(217, 'halbfinger', NULL),
(218, 'leder', NULL),
(219, 'peccary', NULL),
(220, 'zweifarbig', NULL),
(221, 'chronos', NULL),
(222, 'fahrerbrille', NULL),
(223, 'fahrerhandschuh', NULL),
(224, 'herrenhandschuh', NULL),
(225, 'lederhaube', NULL),
(226, 'navigator', NULL),
(227, 'schwarz', NULL),
(228, 'driver', NULL),
(229, 'mutze', NULL),
(230, 'vintage', NULL),
(231, 'gladstone', NULL),
(232, 'reisetasche', NULL),
(233, 'wildleder', NULL),
(234, 'bikini', NULL),
(235, 'blue', NULL),
(236, 'ocean', NULL),
(237, 'stripes', NULL),
(238, 'sunshine', NULL),
(239, 'yellow', NULL),
(240, 'flip', NULL),
(241, 'flops', NULL),
(242, 'mehreren', NULL),
(243, 'verfugbar', NULL),
(244, 'rainbow', NULL),
(245, 'flop', NULL),
(246, 'deep', NULL),
(247, 'red', NULL),
(248, 'hut', NULL),
(249, 'panama', NULL),
(250, 'schutz', NULL),
(251, 'uv', NULL),
(252, 'strohhut', NULL),
(253, 'women', NULL),
(254, 'sandale', NULL),
(255, 'sommer', NULL),
(256, 'rotbraun', NULL),
(257, 'sommersandale', NULL),
(258, 'flower', NULL),
(259, 'power', NULL),
(260, 'sommerschal', NULL),
(261, 'fresh', NULL),
(262, 'green', NULL),
(263, 'light', NULL),
(264, 'seide', NULL),
(265, 'big', NULL),
(266, 'eyes', NULL),
(267, 'sonnenbrille', NULL),
(268, 'speed', NULL),
(269, 'pilotenbrille', NULL),
(270, 'sunset', NULL),
(271, 'sky', NULL),
(273, '10', NULL),
(274, 'lsf', NULL),
(275, 'sonnencreme', NULL),
(276, '50', NULL),
(277, 'sunblocker', NULL),
(278, 'strandkleid', NULL),
(279, 'short', NULL),
(280, 'strandtuch', NULL),
(281, 'sunny', NULL),
(282, 'grasgreen', NULL),
(283, 'fur', NULL),
(284, 'kinder', NULL),
(285, 'artikel', NULL),
(286, 'zubehor', NULL),
(287, 'service', NULL),
(288, 'ahnlichen', NULL),
(289, 'produkten', NULL),
(290, 'download', NULL),
(291, 'esd', NULL),
(292, 'bewertung', NULL),
(293, 'abverkauf', NULL),
(294, 'artikelkennzeichnung', NULL),
(295, 'neu', NULL),
(296, 'darstellung', NULL),
(297, 'hervorgehobene', NULL),
(298, 'standardkonfigurator', NULL),
(299, 'auswahlkonfigurator', NULL),
(300, 'tabellenkonfigurator', NULL),
(301, 'aufpreiskonfigurator', NULL),
(302, 'grundpreisberechnung', NULL),
(303, 'maximalabnahme', NULL),
(304, 'mindest', NULL),
(305, 'staffelung', NULL),
(306, 'pseudopreis', NULL),
(307, 'staffelpreise', NULL),
(308, '100', NULL),
(309, 'euro', NULL),
(310, 'pramienartikel', NULL),
(311, 'warenkorb', NULL),
(312, 'wert', NULL),
(313, '250', NULL),
(314, 'surfbrett', NULL),
(315, 'all', NULL),
(316, 'conditioner', NULL),
(317, 'grapefruit', NULL),
(318, 'natural', NULL),
(319, 'rosemary', NULL),
(320, 'shampoo', NULL),
(321, 'bodylotion', NULL),
(322, 'sage', NULL),
(323, 'sesame', NULL),
(324, 'gel', NULL),
(325, 'herbs', NULL),
(326, 'orange', NULL),
(327, 'shower', NULL),
(328, 'wild', NULL),
(329, 'honey', NULL),
(330, 'lemon', NULL),
(331, 'soap', NULL),
(332, 'root', NULL),
(333, 'deutsch', NULL),
(334, 'genusswelten', NULL),
(335, 'sommerwelten', NULL),
(337, 'wohnwelten', NULL),
(340, 'beispiele', NULL),
(341, 'tees', NULL),
(342, 'teezubehor', NULL),
(343, 'edelbrande', NULL),
(344, 'kostlichkeiten', NULL),
(345, 'news', NULL),
(346, 'trends', NULL),
(347, 'highlights', NULL),
(348, 'crossselling', NULL),
(349, 'filter', NULL),
(350, 'produktvergleiche', NULL),
(351, 'konfiguratorartikel', NULL),
(352, 'preisgestaltung', NULL),
(353, 'versandkosten', NULL),
(354, 'zahlungsarten', NULL),
(355, 'gutscheine', NULL),
(356, 'kurze', NULL),
(361, 'kundenbindung', NULL),
(365, 'ag', NULL),
(366, 'shopware', NULL),
(367, 'feinbrennerei', NULL),
(368, 'teapavilion', NULL),
(369, 'deli', NULL),
(370, 'garage', NULL),
(371, 'access', NULL),
(372, 'oires', NULL),
(373, 'sisters', NULL),
(374, 'blaue', NULL),
(375, 'haus', NULL),
(376, 'heiku', NULL),
(377, 'versand', NULL),
(378, 'beachdreams', NULL),
(379, 'clothes', NULL),
(380, 'and', NULL),
(381, 'protect', NULL),
(382, 'smile', NULL),
(383, 'sun', NULL),
(384, 'example', NULL),
(385, 'stop', NULL),
(386, 'using', NULL),
(387, 'water', NULL),
(388, 'while', NULL),
(395, 'sw10002', NULL),
(396, 'sw10003', NULL),
(397, 'sw10004', NULL),
(398, 'sw10005', NULL),
(399, '4', NULL),
(400, 'sw10006', NULL),
(401, 'sw10007', NULL),
(402, 'sw10008', NULL),
(403, 'sw10009', NULL),
(404, 'sw10010', NULL),
(405, 'sw10011', NULL),
(406, 'sw10012', NULL),
(407, 'sw10013', NULL),
(408, 'sw10014', NULL),
(409, 'sw10015', NULL),
(410, 'sw10016', NULL),
(411, 'sw10017', NULL),
(412, 'sw10018', NULL),
(413, 'sw10019', NULL),
(414, 'sw10020', NULL),
(415, 'sw10021', NULL),
(416, 'sw10022', NULL),
(417, 'sw10023', NULL),
(418, 'sw10024', NULL),
(419, 'sw10025', NULL),
(420, 'sw10026', NULL),
(421, 'sw10027', NULL),
(422, 'sw10028', NULL),
(423, 'sw10029', NULL),
(424, 'sw10030', NULL),
(425, 'sw10031', NULL),
(426, 'sw10032', NULL),
(427, 'sw10033', NULL),
(428, 'sw10034', NULL),
(429, 'sw10035', NULL),
(430, 'sw10036', NULL),
(431, 'sw10037', NULL),
(432, 'sw10038', NULL),
(433, 'sw10039', NULL),
(434, 'sw10040', NULL),
(435, 'sw10041', NULL),
(436, 'sw10042', NULL),
(437, 'sw10043', NULL),
(448, '6', NULL),
(449, '7', NULL),
(450, '8', NULL),
(457, 'sw10062', NULL),
(458, 'sw10063', NULL),
(459, 'sw10064', NULL),
(460, 'sw10065', NULL),
(461, 'sw10066', NULL),
(462, 'sw10067', NULL),
(465, 'sw10070', NULL),
(466, 'sw10071', NULL),
(467, 'sw10072', NULL),
(468, 'sw10073', NULL),
(469, 'sw10074', NULL),
(470, 'sw10075', NULL),
(471, 'sw10076', NULL),
(472, 'sw10077', NULL),
(473, 'sw10078', NULL),
(474, 'sw10079', NULL),
(475, 'sw10080', NULL),
(476, 'sw10081', NULL),
(477, 'sw10082', NULL),
(478, 'sw10083', NULL),
(479, 'sw10084', NULL),
(480, 'sw10085', NULL),
(481, 'sw10086', NULL),
(482, 'sw10087', NULL),
(483, 'sw10088', NULL),
(484, 'sw10089', NULL),
(485, 'sw10090', NULL),
(486, 'sw10091', NULL),
(487, 'sw10092', NULL),
(488, 'sw10093', NULL),
(489, 'sw10095', NULL),
(490, 'sw10096', NULL),
(491, 'sw10097', NULL),
(492, 'sw10098', NULL),
(493, 'sw10099', NULL),
(494, 'sw10100', NULL),
(495, 'sw10101', NULL),
(496, 'sw10102', NULL),
(497, 'sw10103', NULL),
(498, 'sw10104', NULL),
(499, 'sw10105', NULL),
(500, 'sw10106', NULL),
(501, 'sw10107', NULL),
(502, 'sw10108', NULL),
(503, 'sw10109', NULL),
(504, 'sw10110', NULL),
(505, 'sw10111', NULL),
(506, 'sw10112', NULL),
(507, 'sw10113', NULL),
(508, 'sw10114', NULL),
(509, 'sw10115', NULL),
(510, 'sw10116', NULL),
(511, 'sw10117', NULL),
(512, 'sw10118', NULL),
(513, '11', NULL),
(514, '12', NULL),
(515, '13', NULL),
(516, '14', NULL),
(517, '15', NULL),
(518, '9', NULL),
(519, 'sw10119', NULL),
(520, 'sw10120', NULL),
(521, 'sw10121', NULL),
(522, 'sw10122', NULL),
(523, 'sw10123', NULL),
(524, 'sw10128', NULL),
(525, 'sw10129', NULL),
(526, 'sw10130', NULL),
(527, 'sw10131', NULL),
(528, 'sw10132', NULL),
(529, 'sw10133', NULL),
(530, 'sw10134', NULL),
(531, 'sw10135', NULL),
(532, 'sw10136', NULL),
(533, 'sw10137', NULL),
(534, 'sw10138', NULL),
(535, 'sw10141', NULL),
(536, 'sw10142', NULL),
(537, 'sw10143', NULL),
(538, 'sw10144', NULL),
(539, 'sw10145', NULL),
(540, 'sw10148', NULL),
(541, 'sw10150', NULL),
(542, 'sw10151', NULL),
(543, 'sw10152', NULL),
(544, 'sw10153', NULL),
(545, '19', NULL),
(546, '20', NULL),
(547, '21', NULL),
(548, 'sw10154', NULL),
(549, 'sw10155', NULL),
(550, 'sw10156', NULL),
(551, 'sw10157', NULL),
(552, 'sw10158', NULL),
(553, 'sw10159', NULL),
(554, 'sw10160', NULL),
(555, 'sw10161', NULL),
(556, 'sw10162', NULL),
(557, 'sw10163', NULL),
(558, 'sw10164', NULL),
(559, 'sw10165', NULL),
(560, 'sw10166', NULL),
(561, 'sw10167', NULL),
(562, 'sw10168', NULL),
(563, 'sw10169', NULL),
(564, 'sw10170', NULL),
(565, 'sw10171', NULL),
(566, 'sw10172', NULL),
(567, 'sw10173', NULL),
(568, 'sw10174', NULL),
(569, 'sw10175', NULL),
(570, 'sw10176', NULL),
(571, 'sw10177', NULL),
(572, 'sw10178', NULL),
(573, 'sw10179', NULL),
(574, 'sw10180', NULL),
(575, 'sw10181', NULL),
(576, 'sw10193', NULL),
(577, 'sw10194', NULL),
(578, 'sw10195', NULL),
(579, 'sw10196', NULL),
(580, 'sw10197', NULL),
(581, 'sw10198', NULL),
(582, 'sw10199', NULL),
(583, 'sw10200', NULL),
(584, 'sw10201', NULL),
(585, 'sw10202', NULL),
(586, 'sw10203', NULL),
(587, 'sw10204', NULL),
(588, 'sw10205', NULL),
(589, 'sw10206', NULL),
(590, 'sw10207', NULL),
(591, 'sw10208', NULL),
(592, 'sw10209', NULL),
(593, 'sw10211', NULL),
(594, 'sw10212', NULL),
(595, 'sw10213', NULL),
(596, 'sw10214', NULL),
(597, 'sw10215', NULL),
(598, 'sw10216', NULL),
(608, 'briefkasten', NULL),
(917, 'freizeitwelten', NULL),
(918, 'entertainment', NULL),
(922, 'mobel', NULL),
(924, 'beachwear', NULL),
(925, 'beauty', NULL),
(926, 'care', NULL),
(927, 'around', NULL),
(928, 'travel', NULL),
(930, 'world', NULL),
(931, 'accessoires', NULL),
(5016, 'kuchenzubehor', NULL),
(6975, 'ibiza', NULL),
(8103, 'emmelkamp', NULL),
(8104, 'holunder', NULL),
(8105, 'likor', NULL),
(8106, 'express', NULL),
(8107, 'versandkostenfreier', NULL),
(8108, 'free', NULL),
(8109, 'shipping', NULL),
(8110, 'optionen', NULL),
(8111, 'blume', NULL),
(8112, 'dekokissen', NULL),
(8113, 'ausweichversandkosten', NULL),
(8114, 'bus', NULL),
(8115, 'abc', NULL),
(8116, 'magnete', NULL),
(8117, 'aufschlag', NULL),
(8118, 'riskmanagement', NULL),
(8119, 'london', NULL),
(8120, 'abschlag', NULL),
(8121, 'new', NULL),
(8122, 'notizbuch', NULL),
(8123, 'york', NULL),
(8124, 'paris', NULL),
(8125, 'deko', NULL),
(8126, 'topf', NULL),
(8127, 'servietten', NULL),
(8128, 'kariert', NULL),
(8129, 'stoffherz', NULL),
(8130, 'sailor', NULL),
(8131, 'automat', NULL),
(8132, 'dart', NULL),
(8133, 'standgerat', NULL),
(8134, 'circle', NULL),
(8135, 'dartscheibe', NULL),
(8136, 'atomic', NULL),
(8137, 'dartpfeil', NULL),
(8138, 'steel', NULL),
(8139, '745', NULL),
(8140, 'smiley', NULL),
(8141, 'emailbenachrichtigung', NULL),
(8142, 'brutto', NULL),
(8143, 'kundengruppen', NULL),
(8144, 'nettopreise', NULL),
(8145, 'bumerang', NULL),
(8146, 'dartset', NULL),
(8147, 'warenkorbwert', NULL),
(8148, 'gewicht', NULL),
(8445, 'on', NULL),
(8446, 'tour', NULL),
(8447, 'dekoration', NULL),
(8448, 'english', NULL),
(8449, 'indulgence', NULL),
(8450, 'worlds', NULL),
(8451, 'leisure', NULL),
(8452, 'home', NULL),
(8453, 'sweet', NULL),
(8454, 'summertime', NULL),
(8455, 'accessories', NULL),
(8456, 'teas', NULL),
(8457, 'brandies', NULL),
(8458, 'delights', NULL),
(8459, 'furniture', NULL),
(8460, 'kitchen', NULL),
(8461, 'decoration', NULL),
(8462, 'examples', NULL),
(8463, 'available', NULL),
(8464, 'soon', NULL),
(8467, 'customer', NULL),
(8468, 'loyalty', NULL),
(8469, 'articles', NULL),
(8470, 'configurator', NULL),
(8471, 'comparison', NULL),
(8472, 'product', NULL),
(8473, 'presentation', NULL),
(8474, 'vouchers', NULL),
(8475, 'methods', NULL),
(8476, 'payment', NULL),
(8477, 'costs', NULL),
(8478, 'price', NULL),
(8479, 'strategies', NULL),
(8480, 'b2b', NULL),
(8525, 'lorem', NULL),
(8556, 'sw10001', NULL),
(8557, 'sw100025211', NULL),
(8558, 'sw10002694', NULL),
(8559, 'sw10002841', NULL),
(8560, 'sw1000299', NULL),
(8561, 'sw100718', NULL),
(8562, 'sw100755036993', NULL),
(8563, 'sw10185', NULL),
(8564, 'sw10217', NULL),
(8565, 'sw10218', NULL),
(8566, 'sw10219', NULL),
(8567, 'sw10220', NULL),
(8568, 'sw10221', NULL),
(8569, 'sw10222', NULL),
(8570, 'sw10223', NULL),
(8571, 'sw10224', NULL),
(8572, 'sw10225', NULL),
(8573, 'sw10226', NULL),
(8574, 'sw10227', NULL),
(8575, 'sw10228', NULL),
(8576, 'sw10229', NULL),
(8577, 'sw10230', NULL),
(8578, 'sw10231', NULL),
(8579, 'sw10232', NULL),
(8580, 'sw10233', NULL),
(8581, 'sw10234', NULL),
(8582, 'sw10235', NULL),
(8583, 'sw10236', NULL),
(8584, 'sw10237', NULL),
(8585, 'sw10238', NULL),
(8780, 'pillow', NULL),
(8781, 'change', NULL),
(8782, 'oil', NULL),
(8783, 'email', NULL),
(8784, 'notification', NULL),
(8785, 'with', NULL),
(8786, 'article', NULL),
(8787, 'bonus', NULL),
(8788, 'cart', NULL),
(8789, 'shopping', NULL),
(8790, 'value', NULL),
(8791, 'board', NULL),
(8792, 'device', NULL),
(8793, 'machine', NULL),
(8794, 'bag', NULL),
(8795, 'beach', NULL),
(8796, 'checkered', NULL),
(8797, 'heart', NULL),
(8798, 'textile', NULL),
(8799, 'napkins', NULL),
(8800, 'deco', NULL),
(8801, 'pot', NULL),
(8802, 'deduction', NULL),
(8803, 'magnets', NULL),
(8804, 'management', NULL),
(8805, 'risk', NULL),
(8806, 'surcharge', NULL),
(8807, 'alternate', NULL),
(9502, 'bird', NULL),
(12394, 'options', NULL),
(24705, 'surf', NULL),
(24706, 'over', NULL),
(24707, 'graduated', NULL),
(24708, 'prices', NULL),
(24709, 'pseudo', NULL),
(24710, 'max', NULL),
(24711, 'min', NULL),
(24712, 'purchase', NULL),
(24713, 'quantity', NULL),
(25443, 'basic', NULL),
(25444, 'calculation', NULL),
(26986, 'kauferschutz', NULL),
(27405, 'shops', NULL),
(27406, 'trusted', NULL),
(27438, '30', NULL),
(27439, '10000', NULL),
(27440, 'eur', NULL),
(27441, 'ts080501', NULL),
(27442, '1500', NULL),
(27443, '20000', NULL),
(27444, '2500', NULL),
(27445, '500', NULL),
(27446, 'usd', NULL),
(27447, '5000', NULL),
(27448, 'gbp', NULL),
(27449, 'ts100629', NULL),
(27450, 'pln', NULL),
(27451, 'ts100809', NULL),
(27452, 'ts100816', NULL),
(27677, 'elder', NULL),
(27678, 'liqueur', NULL),
(27679, 'table', NULL),
(27680, 'choice', NULL),
(27681, 'highlighted', NULL),
(27682, 'marking', NULL),
(27683, 'clearance', NULL),
(27684, 'sale', NULL),
(27685, 'evaluation', NULL),
(27686, 'products', NULL),
(27687, 'similar', NULL),
(27688, 'suitcase', NULL),
(27689, 'for', NULL),
(27690, 'kids', NULL),
(27691, 'towel', NULL),
(27692, 'cream', NULL),
(27693, 'glass', NULL),
(27694, 'sunglass', NULL),
(27695, 'sandals', NULL),
(27696, 'summer', NULL),
(27697, 'protection', NULL),
(27698, 'colors', NULL),
(27699, 'several', NULL),
(27700, 'leather', NULL),
(27701, 'cap', NULL),
(27702, 'black', NULL),
(27703, 'brown', NULL),
(27704, 'drivers', NULL),
(27705, 'gloves', NULL),
(27706, '350', NULL),
(27707, 'cm', NULL),
(27708, 'umbrella', NULL),
(27709, '270', NULL),
(27710, 'juniper', NULL),
(27711, 'counter', NULL),
(27712, 'goal', NULL),
(27713, 'changeable', NULL),
(27714, 'individually', NULL),
(27715, 'small', NULL),
(27716, 'ipad', NULL),
(27717, 'pencil', NULL),
(27718, 'swatter', NULL),
(27719, 'chicken', NULL),
(27720, 'plate', NULL),
(27721, 'baking', NULL),
(27722, 'parts', NULL),
(27723, 'tin', NULL),
(27724, 'antique', NULL),
(27725, 'clock', NULL),
(27726, 'couch', NULL),
(27727, 'white', NULL),
(27728, 'chair', NULL),
(27729, 'dresser', NULL),
(27730, 'mail', NULL),
(27731, 'munsterland', NULL),
(27732, 'bee', NULL),
(27733, 'glue', NULL),
(27734, 'battery', NULL),
(27735, 'grapes', NULL),
(27736, 'chocolate', NULL),
(27737, 'noodles', NULL),
(27738, 'super', NULL),
(27739, 'gift', NULL),
(27740, 'tea', NULL),
(27741, 'preparer', NULL),
(27742, 'teapot', NULL),
(27743, 'cup', NULL),
(27744, '25', NULL),
(27745, 'l', NULL),
(27746, 'phonix', NULL),
(27747, 'by', NULL),
(27748, 'weight', NULL);

TRUNCATE TABLE `s_search_tables`;
INSERT INTO `s_search_tables` (`id`, `table`, `referenz_table`, `foreign_key`, `where`) VALUES
(1, 's_articles', NULL, NULL, NULL),
(2, 's_categories', 's_articles_categories', 'categoryID', NULL),
(3, 's_articles_supplier', NULL, 'supplierID', NULL),
(4, 's_articles_details', 's_articles_details', 'id', NULL),
(5, 's_articles_translations', NULL, NULL, NULL),
(6, 's_articles_attributes', NULL, NULL, NULL);

TRUNCATE TABLE `s_statistics_currentusers`;
TRUNCATE TABLE `s_statistics_pool`;
TRUNCATE TABLE `s_statistics_referer`;
TRUNCATE TABLE `s_statistics_search`;
INSERT INTO `s_statistics_search` (`id`, `datum`, `searchterm`, `results`, `shop_id`) VALUES
  (1, '2012-08-28 17:12:07', 'artikel', 13, 1),
  (2, '2012-08-29 12:42:46', 'lagerkorn', 2, 1),
  (3, '2012-08-29 14:12:20', 'sasse', 12, 1),
  (4, '2012-08-29 14:12:26', 'latte', 1, 1),
  (5, '2012-08-29 14:12:31', 'shopware', 0, 1),
  (6, '2012-08-29 14:12:33', 'sasse', 12, 1),
  (7, '2012-08-29 14:12:37', 'lagerkorn', 2, 1),
  (8, '2012-08-29 14:20:10', 'sonnenbrillen', 3, 1),
  (9, '2012-08-29 15:12:32', 'bvall', 0, 1),
  (10, '2012-08-29 15:12:34', 'ball', 3, 1),
  (11, '2012-08-29 16:39:57', 'handschuje', 0, 1),
  (12, '2012-08-29 16:40:05', 'handschuhe', 0, 1),
  (13, '2012-08-29 16:40:23', 'vintage', 10, 1),
  (14, '2012-08-29 21:49:11', 'konfigurator', 4, 1),
  (15, '2012-08-30 14:17:56', 'elder', 0, 1),
  (16, '2012-08-30 14:18:04', 'elder', 0, 1),
  (17, '2012-08-30 14:19:14', 'express-versa', 0, 1),
  (18, '2012-08-30 14:29:34', 'Bonus', 0, 1),
  (19, '2012-08-30 14:34:34', 'Bonus article', 0, 1),
  (20, '2012-08-30 14:34:37', 'Bonus article', 0, 1),
  (21, '2012-08-30 14:34:57', 'Bonus article', 0, 1),
  (22, '2012-08-30 14:35:03', 'shopping cart', 0, 1),
  (23, '2012-08-30 14:36:12', 'Bonus', 0, 1),
  (24, '2012-08-30 14:36:39', 'Bonus article', 0, 1),
  (25, '2012-08-30 14:50:31', 'gewicht', 0, 1),
  (26, '2012-08-30 14:54:04', 'notification', 0, 1),
  (27, '2012-08-30 14:54:11', 'notification', 0, 1),
  (28, '2012-08-30 14:54:16', 'notification', 0, 1),
  (29, '2012-08-30 15:00:41', 'sasse', 12, 1),
  (30, '2012-08-30 15:01:52', 'vintage', 10, 1),
  (31, '2012-08-30 15:09:23', 'Magnete', 0, 1),
  (32, '2012-08-30 15:09:30', 'Magnets', 0, 1),
  (33, '2012-08-30 15:09:38', 'Magnets', 0, 1),
  (34, '2012-08-30 15:28:36', 'sasse', 12, 1),
  (35, '2012-08-30 15:30:48', 'sasse', 12, 1),
  (36, '2012-08-30 15:31:04', 'sasse', 12, 1),
  (37, '2012-08-30 15:31:36', 'sasse', 12, 1),
  (38, '2012-08-30 15:31:37', 'sasse', 12, 1),
  (39, '2012-08-30 15:31:57', 'sasse', 12, 1),
  (40, '2012-08-30 15:32:16', 'sasse', 12, 1),
  (41, '2012-08-30 15:33:05', 'sasse', 12, 1),
  (42, '2012-08-30 15:33:52', 'sasse', 12, 1),
  (43, '2012-08-30 15:35:16', 'sasse', 12, 1),
  (44, '2012-08-30 15:38:36', 'Magnets', 1, 1),
  (45, '2012-08-30 15:48:38', 'sasse', 12, 1),
  (46, '2012-08-30 15:55:45', 'sasse', 12, 1),
  (47, '2012-08-30 15:59:36', 'sasse', 12, 1),
  (48, '2012-08-30 16:16:34', 'sasse', 12, 1),
  (49, '2012-08-30 16:18:40', 'sasse', 12, 1),
  (50, '2012-08-30 16:20:30', 'sasse', 12, 1),
  (51, '2012-08-30 16:24:12', 'clearance', 0, 1),
  (52, '2012-08-30 16:31:39', 'suitcase', 0, 1),
  (53, '2012-08-30 16:31:49', 'suitcase set', 9, 1),
  (54, '2012-08-30 16:31:56', 'suitcase', 0, 1),
  (55, '2012-08-30 16:32:03', 'suitcase', 0, 1),
  (56, '2012-08-30 16:33:38', 'suitcase', 0, 1),
  (57, '2012-08-30 16:44:30', 'sasse', 12, 1),
  (58, '2012-08-30 16:50:44', 'sasse', 12, 1),
  (59, '2012-08-30 16:58:12', 'sasse', 12, 1),
  (60, '2012-08-30 17:01:29', 'sasse', 12, 1),
  (61, '2012-08-30 17:04:27', 'sasse', 12, 1),
  (62, '2012-08-30 17:04:54', 'Lagerkorn', 2, 1),
  (63, '2012-08-30 17:08:11', 'Lagerkorn', 2, 1),
  (64, '2012-08-31 08:20:29', 'sasse', 12, 1),
  (65, '2012-08-31 10:02:12', 'lagerkorn', 2, 1),
  (66, '2012-08-31 10:03:02', 'lagerkorn', 2, 1);

TRUNCATE TABLE `s_statistics_visitors`;
INSERT INTO `s_statistics_visitors` (`id`, `shopID`, `datum`, `pageimpressions`, `uniquevisits`) VALUES
(1, 1, '2012-08-28', 473, 6),
(2, 1, '2012-08-29', 1279, 6),
(3, 1, '2012-08-30', 1508, 8),
(4, 2, '2012-08-30', 240, 1),
(5, 2, '2012-08-31', 246, 2),
(6, 1, '2012-08-31', 1109, 5);

TRUNCATE TABLE `s_user`;
INSERT INTO `s_user` (`id`, `customernumber`, `password`, `email`, `active`, `accountmode`, `confirmationkey`, `paymentID`, `firstlogin`, `lastlogin`, `sessionID`, `newsletter`, `validation`, `affiliate`, `customergroup`, `paymentpreset`, `language`, `subshopID`, `referer`, `pricegroupID`, `internalcomment`, `failedlogins`, `lockeduntil`, `default_billing_address_id`, `default_shipping_address_id`, `salutation`, `firstname`, `lastname`, `password_change_date`) VALUES
(1, '20001', 'a256a310bc1e5db755fd392c524028a8', 'test@example.com', 1, 0, '', 5, '2011-11-23', '2012-01-04 14:12:05', 'uiorqd755gaar8dn89ukp178c7', 0, '', 0, 'EK', 0, '1', 1, '', NULL, '', 0, NULL, 1, 3, 'mr', 'Max', 'Mustermann', NOW()),
(2, '20003', '352db51c3ff06159d380d3d9935ec814', 'mustermann@b2b.de', 1, 0, '', 4, '2012-08-30', '2012-08-30 11:43:17', '66e9b10064a19b1fcf6eb9310c0753866c764836', 0, '0', 0, 'H', 4, '1', 1, '', NULL, '', 0, NULL, 2, 4, 'mr', 'Händler', 'Kundengruppe-Netto', NOW());

TRUNCATE TABLE `s_user_attributes`;

UPDATE `s_articles_details` SET minpurchase = 1 WHERE minpurchase < 1;

TRUNCATE TABLE `s_user_addresses`;
INSERT INTO `s_user_addresses` (`id`, `user_id`, `company`, `department`, `salutation`, `firstname`, `lastname`, `street`, `zipcode`, `city`, `phone`, `country_id`, `state_id`, `ustid`) VALUES
(1, 1, 'Muster GmbH', NULL, 'mr', 'Max', 'Mustermann', 'Musterstr. 55', '55555', 'Musterhausen', '05555 / 555555', 2, 3, NULL),
(2, 2, 'B2B', 'Einkauf', 'mr', 'Händler', 'Kundengruppe-Netto', 'Musterweg 1', '55555', 'Musterstadt', '012345 / 6789', 2, 3, NULL),
(3, 1, 'shopware AG', NULL, 'mr', 'Max', 'Mustermann', 'Mustermannstraße 92', '48624', 'Schöppingen', NULL, 2, NULL, NULL),
(4, 2, 'B2B', 'Einkauf', 'mr', 'Händler', 'Kundengruppe-Netto', 'Musterweg 1', '00000', 'Musterstadt', NULL, 2, 3, NULL);

TRUNCATE s_emotion_shops;
INSERT INTO `s_emotion_shops` (`id`, `emotion_id`, `shop_id`) VALUES
(1, 5, 1),
(2, 9, 1);

UPDATE s_articles SET taxID = 4 WHERE id IN(SELECT articleID FROM s_articles_categories_ro WHERE categoryID IN(15));
